05-11 11:32:33.991 1508 1644 I DisplayDeviceRepository: Display device changed: DisplayDeviceInfo{"内置屏幕": uniqueId="local:4630946816427681409", 2560 x 1080, modeId 1, defaultModeId 1, supportedModes [{id=1, width=2560, height=1080, fps=60.000004, alternativeRefreshRates=[30.000002, 45.0]}, {id=2, width=2560, height=1080, fps=45.0, alternativeRefreshRates=[30.000002, 60.000004]}, {id=3, width=2560, height=1080, fps=30.000002, alternativeRefreshRates=[45.0, 60.000004]}], colorMode 0, supportedColorModes [0], hdrCapabilities HdrCapabilities{mSupportedHdrTypes=[2, 3, 4], mMaxLuminance=500.0, mMaxAverageLuminance=500.0, mMinLuminance=0.0}, allmSupported false, gameContentTypeSupported false, density 240, 320.315 x 318.976 dpi, appVsyncOff 1000000, presDeadline 16666666, touch INTERNAL, rotation 0, type INTERNAL, address {port=129, model=0x40446d97fee5e6}, deviceProductInfo DeviceProductInfo{name=, manufacturerPnpId=QCM, productId=1, modelYear=null, manufactureDate=ManufactureDate{week=27, year=2006}, connectionToSinkType=0}, state ON, frameRateOverride , brightnessMinimum 0.0, brightnessMaximum 1.0, brightnessDefault 1.0, FLAG_DEFAULT_DISPLAY, FLAG_ROTATES_WITH_CONTENT, FLAG_SECURE, FLAG_SUPPORTS_PROTECTED_BUFFERS}
01-01 08:05:42.121 0 0 E link_delay_work_func: DTC_ETH: SQI=0, link=0
01-01 08:05:42.214 0 0 I atmel_mxt_ts 0-004a: FB event:1,blank:0
01-01 08:05:42.214 0 0 I atmel_mxt_ts 0-004a: drm_notifier_callback: UNBLANK! Resume by drm notifier.
05-11 11:32:34.176 1508 1642 W Looper : Slow dispatch took 134ms android.ui h=android.view.Choreographer$FrameHandler c=android.view.Choreographer$FrameDisplayEventReceiver@385a3df m=0
05-11 11:32:34.581 1508 10797 W NotificationService: Toast already killed. pkg=com.android.systemui token=android.os.BinderProxy@39a2fd7
05-11 11:32:35.062 1508 1641 D AutofillManagerService: Close system dialogs
05-11 11:32:35.070 1508 8281 W ActivityTaskManager: getTaskSnapshot: taskId=34 not found
05-11 11:32:35.074 1508 10955 W ActivityTaskManager: getTaskSnapshot: taskId=34 not found
05-11 11:32:35.074 1508 10955 W ActivityTaskManager: getTaskSnapshot: taskId=34 not found
05-11 11:32:35.890 1508 1508 I GameModeConfig: isGameModeOn = true
05-11 11:32:35.890 1508 1508 I GameModeConfig: isGaming = false
05-11 11:32:36.698 1508 1644 I ActivityManager: Killing 6740:com.qqgame.happymj/u0a107 (adj 900): remove task
05-11 11:32:36.699 1508 10956 W ActivityTaskManager: Request to remove task ignored for non-existent task 15
05-11 11:32:36.704 1508 1644 I ActivityManager: Killing 4137:com.android.dynsystem:dynsystem/1000 (adj 995): empty #31
05-11 11:32:36.705 1508 1644 I ActivityManager: Killing 8341:com.qqgame.mic/u0a109 (adj 905): remove task
05-11 11:32:36.706 1508 1644 I ActivityManager: Killing 8466:com.android.webview:sandboxed_process0:org.chromium.content.app.SandboxedProcessService0:0/u0a109i1 (adj 905): remove task
05-11 11:32:36.706 1508 1644 I ActivityManager: Killing 9019:com.qqgame.mic:estPlugin/u0a109 (adj 905): remove task
05-11 11:32:36.707 1508 10954 I ActivityManager: Killing 8374:com.qqgame.mic:xg_vip_service/u0a109 (adj 500): remove task
01-01 08:05:44.757 0 0 I init : Untracked pid 7165 received signal 9
05-11 11:32:36.733 1508 10954 W ActivityManager: Scheduling restart of crashed service com.qqgame.mic/com.tencent.android.tpush.service.XGVipPushService in 1000ms for connection
05-11 11:32:36.735 1508 10954 W ActivityManager: Scheduling restart of crashed service com.qqgame.mic/org.chromium.content.app.SandboxedProcessService0:0 in 10999ms for connection
05-11 11:32:36.739 1508 1672 E KernelCpuSpeedReader: Failed to read cpu-freq: /sys/devices/system/cpu/cpu4/cpufreq/stats/time_in_state: open failed: ENOENT (No such file or directory)
05-11 11:32:36.739 1508 1672 E KernelCpuSpeedReader: Failed to read cpu-freq: /sys/devices/system/cpu/cpu0/cpufreq/stats/time_in_state: open failed: ENOENT (No such file or directory)
05-11 11:32:36.740 1508 1672 D KernelCpuUidUserSysTimeReader: Removing uids 1037-1037
05-11 11:32:36.740 1508 1672 D KernelCpuUidUserSysTimeReader: Removing uids 1037-1037
05-11 11:32:36.774 1508 10954 W ActivityManager: Scheduling restart of crashed service com.qqgame.mic/com.tencent.estv.livesdk.service.PluginProcessService in 20960ms for connection
05-11 11:32:36.874 1508 2066 I WindowManager: WIN DEATH: Window{71b2ce7 u0 com.qqgame.mic/com.qqgame.mic.YXSMainActivity}
01-01 08:05:44.920 0 0 I init : Untracked pid 8952 received signal 9
01-01 08:05:44.924 0 0 I init : Untracked pid 8955 exited with status 0
05-11 11:32:36.883 1508 1644 W ActivityManager: setHasOverlayUi called on unknown pid: 8341
05-11 11:32:36.883 1508 1645 W ActivityTaskManager: Can't find TaskDisplayArea to determine support for multi window. Task id=12 attached=false
05-11 11:32:36.883 1508 1645 W ActivityTaskManager: Can't find TaskDisplayArea to determine support for multi window. Task id=12 attached=false
05-11 11:32:36.893 1508 3394 I WindowManager: WIN DEATH: Window{76fffb0 u0 com.qqgame.happymj/com.onevcat.uniwebview.AndroidPlugin}
01-01 08:05:44.940 0 0 I init : Untracked pid 7164 received signal 9
05-11 11:32:36.894 1508 2084 D CompatibilityChangeReporter: Compat change id reported: 157929241; UID 1000; state: LOGGED
05-11 11:32:36.898 1508 1664 I ActivityManager: Process PhantomProcessRecord {5725b19 7164:6740:debuggerd/u0a107} died
05-11 11:32:36.898 1508 1664 I ActivityManager: Process PhantomProcessRecord {7c897de 7165:6740:debuggerd/u0a107} died
05-11 11:32:36.898 1508 1664 I ActivityManager: Process PhantomProcessRecord {2627dbf 8952:8341:debuggerd/u0a109} died
05-11 11:32:36.898 1508 1664 I ActivityManager: Process PhantomProcessRecord {6f9ec8c 8955:8341:debuggerd/u0a109} died
05-11 11:32:36.899 1508 1644 W ActivityManager: setHasOverlayUi called on unknown pid: 6740
05-11 11:32:36.899 1508 1657 W UsageStatsService: Unexpected activity event reported! (com.qqgame.happymj/com.onevcat.uniwebview.AndroidPlugin event : 23 instanceId : 174706904)
05-11 11:32:36.909 1508 1645 W ActivityTaskManager: Can't find TaskDisplayArea to determine support for multi window. Task id=10 attached=false
05-11 11:32:36.909 1508 1645 W ActivityTaskManager: Can't find TaskDisplayArea to determine support for multi window. Task id=10 attached=false
05-11 11:32:38.292 1508 1641 D AutofillManagerService: Close system dialogs
01-01 08:05:47.241 0 0 E link_delay_work_func: DTC_ETH: SQI=0, link=0
05-11 11:32:41.423 1508 10954 I thunderperf: PlatormCompat.setOverrides: Uid1=10078 Pid1=1912 Uid2=10078 Pid2=1912
05-11 11:32:41.423 1508 10954 I thunderperf: PlatormCompat.setOverrides: needCheck:false
05-11 11:32:41.423 1508 10954 I thunderperf: CompatConfig.addOverrideUnsafe: bef-state=0
05-11 11:32:41.423 1508 10954 I thunderperf: CompatConfig.addOverrideUnsafe: aft-state=0
05-11 11:32:41.424 1508 10954 I thunderperf: CompatConfig.addOverrideUnsafe: bef-state=0
05-11 11:32:41.424 1508 10954 I thunderperf: CompatConfig.addOverrideUnsafe: aft-state=0
05-11 11:32:41.425 1508 10954 I thunderperf: CompatConfig.addOverrideUnsafe: bef-state=0
05-11 11:32:41.425 1508 10954 I thunderperf: CompatConfig.addOverrideUnsafe: aft-state=0
05-11 11:32:41.425 1508 10954 I thunderperf: CompatConfig.addOverrideUnsafe: bef-state=0
05-11 11:32:41.425 1508 10954 I thunderperf: CompatConfig.addOverrideUnsafe: aft-state=0
05-11 11:32:41.425 1508 10954 I thunderperf: CompatConfig.addOverrideUnsafe: bef-state=0
05-11 11:32:41.425 1508 10954 I thunderperf: CompatConfig.addOverrideUnsafe: aft-state=0
05-11 11:32:41.426 1508 10954 I thunderperf: CompatConfig.addOverrideUnsafe: bef-state=0
05-11 11:32:41.426 1508 10954 I thunderperf: CompatConfig.addOverrideUnsafe: aft-state=0
05-11 11:32:41.426 1508 10954 I thunderperf: CompatConfig.addOverrideUnsafe: bef-state=0
05-11 11:32:41.426 1508 10954 I thunderperf: CompatConfig.addOverrideUnsafe: aft-state=0
05-11 11:32:41.426 1508 10954 I thunderperf: CompatConfig.addOverrideUnsafe: bef-state=0
05-11 11:32:41.426 1508 10954 I thunderperf: CompatConfig.addOverrideUnsafe: aft-state=0
05-11 11:32:41.427 1508 10954 I thunderperf: CompatConfig.addOverrideUnsafe: bef-state=0
05-11 11:32:41.427 1508 10954 I thunderperf: CompatConfig.addOverrideUnsafe: aft-state=0
05-11 11:32:41.427 1508 10954 I thunderperf: CompatConfig.addOverrideUnsafe: bef-state=0
05-11 11:32:41.427 1508 10954 I thunderperf: CompatConfig.addOverrideUnsafe: aft-state=0
05-11 11:32:41.428 1508 10954 I thunderperf: CompatConfig.addOverrideUnsafe: bef-state=0
05-11 11:32:41.428 1508 10954 I thunderperf: CompatConfig.addOverrideUnsafe: aft-state=0
05-11 11:32:41.428 1508 10954 I thunderperf: CompatConfig.addOverrideUnsafe: bef-state=0
05-11 11:32:41.428 1508 10954 I thunderperf: CompatConfig.addOverrideUnsafe: aft-state=0
05-11 11:32:41.428 1508 10954 I thunderperf: CompatConfig.addOverrideUnsafe: bef-state=0
05-11 11:32:41.428 1508 10954 I thunderperf: CompatConfig.addOverrideUnsafe: aft-state=0
05-11 11:32:41.428 1508 10954 I thunderperf: CompatConfig.addOverrideUnsafe: bef-state=0
05-11 11:32:41.428 1508 10954 I thunderperf: CompatConfig.addOverrideUnsafe: aft-state=0
05-11 11:32:41.430 1508 10954 I ActivityTaskManager: START u0 {flg=0x10000000 cmp=com.android.systemui/.screenrecord.ScreenRecordDialog} from uid 10078
05-11 11:32:41.433 1508 10954 W ActivityTaskManager: Can't find TaskDisplayArea to determine support for multi window. Task id=16 attached=false
05-11 11:32:41.440 1508 10967 I ActivityTaskManager: FOREGROUND_APPLICATION_CHANGED to com.android.systemui.screenrecord.ScreenRecordDialog
05-11 11:32:41.440 1508 10967 I ActivityTaskManager: The Process com.android.systemui Already Exists in BG. So sending its PID: 1912
05-11 11:32:41.441 1508 10967 W ActivityTaskManager: Tried to set launchTime (0) < mLastActivityLaunchTime (198935)
05-11 11:32:42.431 1508 1833 I GameModeConfig: isGameModeOn = true
05-11 11:32:42.431 1508 1833 I GameModeConfig: isGaming = false
05-11 11:32:42.951 1508 1659 I DropBoxManagerService: add tag=system_server_wtf isTagEnabled=true flags=0x2
05-11 11:32:42.951 1508 1659 I DropBoxManagerService: add tag=system_server_wtf isTagEnabled=true flags=0x2
05-11 11:32:42.959 1508 10955 I ActivityTaskManager: FOREGROUND_APPLICATION_CHANGED to com.android.launcher3.uioverrides.QuickstepLauncher
05-11 11:32:43.242 1508 1645 W ActivityTaskManager: Can't find TaskDisplayArea to determine support for multi window. Task id=16 attached=false
05-11 11:32:43.242 1508 1645 W ActivityTaskManager: Can't find TaskDisplayArea to determine support for multi window. Task id=16 attached=false
01-01 08:05:52.362 0 0 E link_delay_work_func: DTC_ETH: SQI=0, link=0
05-11 11:32:45.314 1508 1508 W WindowManager: removeWindowToken: Attempted to remove non-existing token: android.os.Binder@6b001e6
01-01 08:05:54.020 0 0 I msm_vidc: high: 00000001: ....d: Opening video instance: 0000000000000000, 1
01-01 08:05:54.020 0 0 I msm_vidc: err : 00000001: ....d: Failed to create debugfs for msm_vidc
01-01 08:05:54.027 0 0 I msm_vidc: high: 00000001: h264d: Closed video instance: 0000000000000000
01-01 08:05:54.031 0 0 I msm_vidc: high: 00000001: ....e: Opening video instance: 0000000000000000, 0
01-01 08:05:54.031 0 0 I msm_vidc: err : 00000001: ....e: Failed to create debugfs for msm_vidc
05-11 11:32:46.008 1508 10954 I DisplayDeviceRepository: Display device added: DisplayDeviceInfo{"Recording Display": uniqueId="virtual:com.android.systemui,10078,Recording Display,0", 2560 x 1080, modeId 6, defaultModeId 6, supportedModes [{id=6, width=2560, height=1080, fps=60.0, alternativeRefreshRates=[]}], colorMode 0, supportedColorModes [0], hdrCapabilities null, allmSupported false, gameContentTypeSupported false, density 240, 240.0 x 240.0 dpi, appVsyncOff 0, presDeadline 16666666, touch NONE, rotation 0, type VIRTUAL, deviceProductInfo null, state ON, owner com.android.systemui (uid 10078), frameRateOverride , brightnessMinimum 0.0, brightnessMaximum 0.0, brightnessDefault 0.0, FLAG_PRIVATE, FLAG_PRESENTATION}
05-11 11:32:46.008 1508 10954 I LogicalDisplayMapper: Applying layout: [{addr: {port=129, model=0x40446d97fee5e6}, dispId: 0(ON)}], Previous layout: [{addr: {port=129, model=0x40446d97fee5e6}, dispId: 0(ON)}]
05-11 11:32:46.008 1508 10954 I LogicalDisplayMapper: Adding new display: 4: DisplayInfo{"Recording Display", displayId 4", displayGroupId -1, FLAG_PRIVATE, FLAG_PRESENTATION, real 2560 x 1080, largest app 2560 x 1080, smallest app 2560 x 1080, appVsyncOff 0, presDeadline 16666666, mode 6, defaultMode 6, modes [{id=6, width=2560, height=1080, fps=60.0, alternativeRefreshRates=[]}], hdrCapabilities null, userDisabledHdrTypes [], minimalPostProcessingSupported false, rotation 0, state ON, type VIRTUAL, uniqueId "virtual:com.android.systemui,10078,Recording Display,0", app 2560 x 1080, density 240 (240.0 x 240.0) dpi, layerStack 4, colorMode 0, supportedColorModes [0], deviceProductInfo null, owner com.android.systemui (uid 10078), removeMode 1, refreshRateOverride 0.0, brightnessMinimum 0.0, brightnessMaximum 0.0, brightnessDefault 0.0}
05-11 11:32:46.008 1508 10954 I LogicalDisplayMapper: Setting new display group 0 for display 4, from previous group: null
05-11 11:32:46.009 1508 10954 W DisplayPowerController[4]: Screen brightness nits configuration is unavailable; falling back
05-11 11:32:46.015 1508 1659 I DropBoxManagerService: add tag=system_server_wtf isTagEnabled=true flags=0x2
05-11 11:32:46.015 1508 1642 W DisplayManagerService: Display DisplayDeviceInfo{"Recording Display": uniqueId="virtual:com.android.systemui,10078,Recording Display,0", 2560 x 1080, modeId 6, defaultModeId 6, supportedModes [{id=6, width=2560, height=1080, fps=60.0, alternativeRefreshRates=[]}], colorMode 0, supportedColorModes [0], hdrCapabilities null, allmSupported false, gameContentTypeSupported false, density 240, 240.0 x 240.0 dpi, appVsyncOff 0, presDeadline 16666666, touch NONE, rotation 0, type VIRTUAL, deviceProductInfo null, state ON, owner com.android.systemui (uid 10078), frameRateOverride , brightnessMinimum 0.0, brightnessMaximum 0.0, brightnessDefault 0.0, FLAG_PRIVATE, FLAG_PRESENTATION} does not support input device matching.
05-11 11:32:46.016 1508 1833 I GameModeConfig: isGameModeOn = true
05-11 11:32:46.016 1508 1833 I GameModeConfig: isGaming = false
05-11 11:32:46.016 1508 1833 I GameModeConfig: isGameModeOn = true
05-11 11:32:46.016 1508 1833 I GameModeConfig: isGaming = false
05-11 11:32:46.016 1508 1833 I GameModeConfig: isGameModeOn = true
05-11 11:32:46.016 1508 1833 I GameModeConfig: isGaming = false
05-11 11:32:46.016 1508 1833 I GameModeConfig: isGameModeOn = true
05-11 11:32:46.016 1508 1833 I GameModeConfig: isGaming = false
05-11 11:32:46.016 1508 1833 I GameModeConfig: isGameModeOn = true
05-11 11:32:46.016 1508 1833 I GameModeConfig: isGaming = false
05-11 11:32:46.016 1508 1833 I GameModeConfig: isGameModeOn = true
05-11 11:32:46.016 1508 1833 I GameModeConfig: isGaming = false
05-11 11:32:46.016 1508 1642 W DisplayManagerService: Display DisplayDeviceInfo{"Recording Display": uniqueId="virtual:com.android.systemui,10078,Recording Display,0", 2560 x 1080, modeId 6, defaultModeId 6, supportedModes [{id=6, width=2560, height=1080, fps=60.0, alternativeRefreshRates=[]}], colorMode 0, supportedColorModes [0], hdrCapabilities null, allmSupported false, gameContentTypeSupported false, density 240, 240.0 x 240.0 dpi, appVsyncOff 0, presDeadline 16666666, touch NONE, rotation 0, type VIRTUAL, deviceProductInfo null, state ON, owner com.android.systemui (uid 10078), frameRateOverride , brightnessMinimum 0.0, brightnessMaximum 0.0, brightnessDefault 0.0, FLAG_PRIVATE, FLAG_PRESENTATION} does not support input device matching.
05-11 11:32:46.016 1508 1833 I GameModeConfig: isGameModeOn = true
05-11 11:32:46.016 1508 1833 I GameModeConfig: isGaming = false
05-11 11:32:46.018 1508 1659 I DropBoxManagerService: add tag=system_server_wtf isTagEnabled=true flags=0x2
05-11 11:32:46.034 1508 1642 I WindowManager: Override config changes=20005df8 {0.0 ?mcc?mnc ?localeList ?layoutDir sw720dp w1706dp h720dp 240dpi xlrg long land ?uimode ?night -touch -keyb/v/h -nav/h winConfig={ mBounds=Rect(0, 0 - 2560, 1080) mAppBounds=Rect(0, 0 - 2560, 1080) mMaxBounds=Rect(0, 0 - 2560, 1080) mWindowingMode=fullscreen mDisplayWindowingMode=fullscreen mActivityType=undefined mAlwaysOnTop=undefined mRotation=ROTATION_0} ?fontWeightAdjustment} for displayId=4
05-11 11:32:46.035 1508 1642 W DisplayManagerService: Display DisplayDeviceInfo{"Recording Display": uniqueId="virtual:com.android.systemui,10078,Recording Display,0", 2560 x 1080, modeId 6, defaultModeId 6, supportedModes [{id=6, width=2560, height=1080, fps=60.0, alternativeRefreshRates=[]}], colorMode 0, supportedColorModes [0], hdrCapabilities null, allmSupported false, gameContentTypeSupported false, density 240, 240.0 x 240.0 dpi, appVsyncOff 0, presDeadline 16666666, touch NONE, rotation 0, type VIRTUAL, deviceProductInfo null, state ON, owner com.android.systemui (uid 10078), frameRateOverride , brightnessMinimum 0.0, brightnessMaximum 0.0, brightnessDefault 0.0, FLAG_PRIVATE, FLAG_PRESENTATION} does not support input device matching.
05-11 11:32:46.037 1508 1642 I WindowManager: Screen frozen for +19ms due to new-config
05-11 11:32:46.041 1508 1694 V DisplayPowerController[4]: Brightness [0.0] reason changing to: 'manual', previous reason: '0'.
05-11 11:32:46.042 1508 1645 W DisplayManagerService: Display DisplayDeviceInfo{"Recording Display": uniqueId="virtual:com.android.systemui,10078,Recording Display,0", 2560 x 1080, modeId 6, defaultModeId 6, supportedModes [{id=6, width=2560, height=1080, fps=60.0, alternativeRefreshRates=[]}], colorMode 0, supportedColorModes [0], hdrCapabilities null, allmSupported false, gameContentTypeSupported false, density 240, 240.0 x 240.0 dpi, appVsyncOff 0, presDeadline 16666666, touch NONE, rotation 0, type VIRTUAL, deviceProductInfo null, state ON, owner com.android.systemui (uid 10078), frameRateOverride , brightnessMinimum 0.0, brightnessMaximum 0.0, brightnessDefault 0.0, FLAG_PRIVATE, FLAG_PRESENTATION} does not support input device matching.
05-11 11:32:46.060 1912 1912 W DisplayController: Skipping Display Configuration change on non-added display.
05-11 11:32:46.064 1508 9678 W AppOps : Noting op not finished: uid 10078 pkg com.android.systemui code 24 startTime of in progress event=1683760618189
05-11 11:32:46.219 1508 1508 I GameModeConfig: isGameModeOn = true
05-11 11:32:46.219 1508 1508 I GameModeConfig: isGaming = false
05-11 11:32:46.220 1508 1508 W NotificationHistory: Attempted to add notif for locked/gone/disabled user 0
05-11 11:32:47.631 1508 10954 I thunderperf: PlatormCompat.setOverrides: Uid1=10072 Pid1=2644 Uid2=10072 Pid2=2644
05-11 11:32:47.631 1508 10954 I thunderperf: PlatormCompat.setOverrides: needCheck:false
05-11 11:32:47.631 1508 10954 I thunderperf: CompatConfig.addOverrideUnsafe: bef-state=0
05-11 11:32:47.631 1508 10954 I thunderperf: CompatConfig.addOverrideUnsafe: aft-state=0
05-11 11:32:47.632 1508 10954 I thunderperf: CompatConfig.addOverrideUnsafe: bef-state=0
05-11 11:32:47.632 1508 10954 I thunderperf: CompatConfig.addOverrideUnsafe: aft-state=0
05-11 11:32:47.632 1508 10954 I thunderperf: CompatConfig.addOverrideUnsafe: bef-state=0
05-11 11:32:47.632 1508 10954 I thunderperf: CompatConfig.addOverrideUnsafe: aft-state=0
05-11 11:32:47.632 1508 10954 I thunderperf: CompatConfig.addOverrideUnsafe: bef-state=0
05-11 11:32:47.633 1508 10954 I thunderperf: CompatConfig.addOverrideUnsafe: aft-state=0
05-11 11:32:47.633 1508 10954 I thunderperf: CompatConfig.addOverrideUnsafe: bef-state=0
05-11 11:32:47.633 1508 10954 I thunderperf: CompatConfig.addOverrideUnsafe: aft-state=0
05-11 11:32:47.633 1508 10954 I thunderperf: CompatConfig.addOverrideUnsafe: bef-state=0
05-11 11:32:47.633 1508 10954 I thunderperf: CompatConfig.addOverrideUnsafe: aft-state=0
05-11 11:32:47.633 1508 10954 I thunderperf: CompatConfig.addOverrideUnsafe: bef-state=0
05-11 11:32:47.633 1508 10954 I thunderperf: CompatConfig.addOverrideUnsafe: aft-state=0
05-11 11:32:47.634 1508 10954 I thunderperf: CompatConfig.addOverrideUnsafe: bef-state=0
05-11 11:32:47.634 1508 10954 I thunderperf: CompatConfig.addOverrideUnsafe: aft-state=0
05-11 11:32:47.634 1508 10954 I thunderperf: CompatConfig.addOverrideUnsafe: bef-state=0
05-11 11:32:47.634 1508 10954 I thunderperf: CompatConfig.addOverrideUnsafe: aft-state=0
05-11 11:32:47.634 1508 10954 I thunderperf: CompatConfig.addOverrideUnsafe: bef-state=0
05-11 11:32:47.634 1508 10954 I thunderperf: CompatConfig.addOverrideUnsafe: aft-state=0
05-11 11:32:47.634 1508 10954 I thunderperf: CompatConfig.addOverrideUnsafe: bef-state=0
05-11 11:32:47.634 1508 10954 I thunderperf: CompatConfig.addOverrideUnsafe: aft-state=0
05-11 11:32:47.634 1508 10954 I thunderperf: CompatConfig.addOverrideUnsafe: bef-state=0
05-11 11:32:47.634 1508 10954 I thunderperf: CompatConfig.addOverrideUnsafe: aft-state=0
05-11 11:32:47.635 1508 10954 I thunderperf: CompatConfig.addOverrideUnsafe: bef-state=0
05-11 11:32:47.635 1508 10954 I thunderperf: CompatConfig.addOverrideUnsafe: aft-state=0
05-11 11:32:47.635 1508 10954 I thunderperf: CompatConfig.addOverrideUnsafe: bef-state=0
05-11 11:32:47.635 1508 10954 I thunderperf: CompatConfig.addOverrideUnsafe: aft-state=0
05-11 11:32:47.637 1508 10954 I ActivityTaskManager: START u0 {act=android.intent.action.MAIN cat=[android.intent.category.LAUNCHER] flg=0x10200000 cmp=com.qqgame.happymj/com.tencent.gcloud.msdk.core.policy.MSDKPolicyActivity bnds=[1326,692][1626,990]} from uid 10072
05-11 11:32:47.640 1508 10954 W ActivityTaskManager: Can't find TaskDisplayArea to determine support for multi window. Task id=17 attached=false
05-11 11:32:47.643 1508 10954 V SplashScreenExceptionList: SplashScreen checking exception for package com.qqgame.happymj (target sdk:28) -> false
05-11 11:32:47.644 1912 2164 D PhoneStartingWindowTypeAlgorithm: preferredStartingWindowType newTask:true taskSwitch:true processRunning:false allowTaskSnapshot:true activityCreated:false useEmptySplashScreen:false legacySplashScreen:false topIsHome:false
05-11 11:32:47.644 1912 2164 D StartingSurfaceDrawer: addSplashScreen com.qqgame.happymj theme=7f0e0021 task=17 suggestType=1
05-11 11:32:47.645 1912 2166 D StartingSurfaceDrawer: window attributes color: 0 icon null duration 0 brandImage null
05-11 11:32:47.646 1508 1644 D CompatibilityChangeReporter: Compat change id reported: 135634846; UID 10107; state: DISABLED
05-11 11:32:47.646 1508 1644 D CompatibilityChangeReporter: Compat change id reported: 177438394; UID 10107; state: DISABLED
05-11 11:32:47.646 1508 1644 D CompatibilityChangeReporter: Compat change id reported: 135772972; UID 10107; state: DISABLED
05-11 11:32:47.646 1508 1644 D CompatibilityChangeReporter: Compat change id reported: 135754954; UID 10107; state: DISABLED
05-11 11:32:47.647 1508 1660 D CompatibilityChangeReporter: Compat change id reported: 143937733; UID 10107; state: DISABLED
05-11 11:32:47.647 1912 2166 D StartingSurfaceDrawer: The icon is not an AdaptiveIconDrawable
05-11 11:32:47.647 1508 9679 I ActivityTaskManager: FOREGROUND_APPLICATION_CHANGED to com.tencent.gcloud.msdk.core.policy.MSDKPolicyActivity
05-11 11:32:47.650 1912 2166 D StartingSurfaceDrawer: fillViewWithIcon surfaceWindowView android.window.SplashScreenView{8b1ce4 V.E...... ......ID 0,0-0,0}
05-11 11:32:47.652 1508 1660 I ActivityManager: Start proc 11018:com.qqgame.happymj/u0a107 for pre-top-activity {com.qqgame.happymj/com.tencent.gcloud.msdk.core.policy.MSDKPolicyActivity}
05-11 11:32:47.654 1508 11019 W ContextImpl: Calling a method in the system process without a qualified user: android.app.ContextImpl.sendBroadcast:1173 com.qualcomm.qti.Performance$SendGameLaunchBroadcast.run:217 java.lang.Thread.run:920
01-01 08:05:55.708 0 0 I binder : 11018:11018 ioctl 40046210 7ffe05b4f4 returned -22
05-11 11:32:47.675 1508 1645 W DisplayManagerService: Display DisplayDeviceInfo{"Recording Display": uniqueId="virtual:com.android.systemui,10078,Recording Display,0", 2560 x 1080, modeId 6, defaultModeId 6, supportedModes [{id=6, width=2560, height=1080, fps=60.0, alternativeRefreshRates=[]}], colorMode 0, supportedColorModes [0], hdrCapabilities null, allmSupported false, gameContentTypeSupported false, density 240, 240.0 x 240.0 dpi, appVsyncOff 0, presDeadline 16666666, touch NONE, rotation 0, type VIRTUAL, deviceProductInfo null, state ON, owner com.android.systemui (uid 10078), frameRateOverride , brightnessMinimum 0.0, brightnessMaximum 0.0, brightnessDefault 0.0, FLAG_PRIVATE, FLAG_PRESENTATION} does not support input device matching.
05-11 11:32:47.678 2031 4595 W ContextImpl: Calling a method in the system process without a qualified user: android.app.ContextImpl.startService:1816 android.content.ContextWrapper.startService:774 com.thundercomm.gamemode.ingame.services.GameModeActionUtils.startGameModeService:118 com.thundercomm.gamemode.ingame.services.GameModeActionUtils.startGameModeEntry:29 com.thundercomm.gamemode.ingame.services.ActivityMonitoringService$1.onActivityLaunch:140
05-11 11:32:47.681 1508 1508 I GameModeConfig: Current uri is uri = content://com.thundercomm.gamemode.api/gamemode_settings/gamemode_isgaming
05-11 11:32:47.682 1508 1508 I GameModeConfig: isGameModeOn = true
05-11 11:32:47.682 1508 1508 I GameModeConfig: isGaming = true
05-11 11:32:47.682 1508 1508 I GameModeConfig: isDisableNotification = true
05-11 11:32:47.682 1508 1508 I GameModeConfig: isGameModeOn = true
05-11 11:32:47.682 1508 1508 I GameModeConfig: isGaming = true
05-11 11:32:47.682 1508 1508 I GameModeConfig: isDisableNotification = true
01-01 08:05:55.737 0 0 W ALERT : changing window size from 16000000 to 20000000 at 353040024081
05-11 11:32:47.696 11018 11045 D ActivityThread: Loading provider com.qqgame.happymj.XG_SETTINGS_PROVIDER: com.tencent.tpns.baseapi.base.SettingsContentProvider
01-01 08:05:55.743 0 0 I atmel_mxt_ts 0-004a: FB event:2,blank:0
01-01 08:05:55.743 0 0 I atmel_mxt_ts 0-004a: suspend: event = 2, blank = 0, not care
01-01 08:05:55.743 0 0 I [drm:dsi_display_set_mode] [msm-dsi-info]: mdp_transfer_time_us=0 us
01-01 08:05:55.743 0 0 I [drm:dsi_display_set_mode] [msm-dsi-info]: hactive= 2560,vactive= 1080,fps=30
01-01 08:05:55.744 0 0 I : [MAX975X:max96755x_drm_notifier_callback] *INFO* receives BLANK: UNBLANK
05-11 11:32:47.709 1508 1644 I DisplayDeviceRepository: Display device changed: DisplayDeviceInfo{"内置屏幕": uniqueId="local:4630946816427681409", 2560 x 1080, modeId 3, defaultModeId 1, supportedModes [{id=1, width=2560, height=1080, fps=60.000004, alternativeRefreshRates=[30.000002, 45.0]}, {id=2, width=2560, height=1080, fps=45.0, alternativeRefreshRates=[30.000002, 60.000004]}, {id=3, width=2560, height=1080, fps=30.000002, alternativeRefreshRates=[45.0, 60.000004]}], colorMode 0, supportedColorModes [0], hdrCapabilities HdrCapabilities{mSupportedHdrTypes=[2, 3, 4], mMaxLuminance=500.0, mMaxAverageLuminance=500.0, mMinLuminance=0.0}, allmSupported false, gameContentTypeSupported false, density 240, 320.315 x 318.976 dpi, appVsyncOff 1000000, presDeadline 33333333, touch INTERNAL, rotation 0, type INTERNAL, address {port=129, model=0x40446d97fee5e6}, deviceProductInfo DeviceProductInfo{name=, manufacturerPnpId=QCM, productId=1, modelYear=null, manufactureDate=ManufactureDate{week=27, year=2006}, connectionToSinkType=0}, state ON, frameRateOverride , brightnessMinimum 0.0, brightnessMaximum 1.0, brightnessDefault 1.0, FLAG_DEFAULT_DISPLAY, FLAG_ROTATES_WITH_CONTENT, FLAG_SECURE, FLAG_SUPPORTS_PROTECTED_BUFFERS}
05-11 11:32:47.711 1508 1645 W DisplayManagerService: Display DisplayDeviceInfo{"Recording Display": uniqueId="virtual:com.android.systemui,10078,Recording Display,0", 2560 x 1080, modeId 6, defaultModeId 6, supportedModes [{id=6, width=2560, height=1080, fps=60.0, alternativeRefreshRates=[]}], colorMode 0, supportedColorModes [0], hdrCapabilities null, allmSupported false, gameContentTypeSupported false, density 240, 240.0 x 240.0 dpi, appVsyncOff 0, presDeadline 16666666, touch NONE, rotation 0, type VIRTUAL, deviceProductInfo null, state ON, owner com.android.systemui (uid 10078), frameRateOverride , brightnessMinimum 0.0, brightnessMaximum 0.0, brightnessDefault 0.0, FLAG_PRIVATE, FLAG_PRESENTATION} does not support input device matching.
05-11 11:32:47.788 1508 10401 I thunderperf: PlatormCompat.setOverrides: Uid1=10107 Pid1=11018 Uid2=10107 Pid2=11018
05-11 11:32:47.788 1508 10401 I thunderperf: PlatormCompat.setOverrides: needCheck:false
05-11 11:32:47.788 1508 10401 I thunderperf: CompatConfig.addOverrideUnsafe: bef-state=0
05-11 11:32:47.788 1508 10401 I thunderperf: CompatConfig.addOverrideUnsafe: aft-state=0
05-11 11:32:47.788 1508 10401 W PackageManager: MATCH_ANY_USER flag requires INTERACT_ACROSS_USERS permission: UID 10107 requires android.permission.INTERACT_ACROSS_USERS_FULL or android.permission.INTERACT_ACROSS_USERS to access user 0.
05-11 11:32:47.788 1508 10401 I ActivityTaskManager: START u0 {cmp=com.qqgame.happymj/com.onevcat.uniwebview.AndroidPlugin} from uid 10107
05-11 11:32:47.795 1508 10956 I ActivityTaskManager: FOREGROUND_APPLICATION_CHANGED to com.onevcat.uniwebview.AndroidPlugin
05-11 11:32:47.795 1508 10956 I ActivityTaskManager: The Process com.qqgame.happymj Already Exists in BG. So sending its PID: 11018
05-11 11:32:47.795 1508 10956 W ActivityTaskManager: Tried to set launchTime (0) < mLastActivityLaunchTime (353016)
05-11 11:32:47.797 1508 10956 W DisplayManagerService: Display DisplayDeviceInfo{"Recording Display": uniqueId="virtual:com.android.systemui,10078,Recording Display,0", 2560 x 1080, modeId 6, defaultModeId 6, supportedModes [{id=6, width=2560, height=1080, fps=60.0, alternativeRefreshRates=[]}], colorMode 0, supportedColorModes [0], hdrCapabilities null, allmSupported false, gameContentTypeSupported false, density 240, 240.0 x 240.0 dpi, appVsyncOff 0, presDeadline 16666666, touch NONE, rotation 0, type VIRTUAL, deviceProductInfo null, state ON, owner com.android.systemui (uid 10078), frameRateOverride , brightnessMinimum 0.0, brightnessMaximum 0.0, brightnessDefault 0.0, FLAG_PRIVATE, FLAG_PRESENTATION} does not support input device matching.
05-11 11:32:47.802 1508 10956 I thunderperf: PlatormCompat.setOverrides: Uid1=10107 Pid1=11018 Uid2=10107 Pid2=11018
05-11 11:32:47.802 1508 10956 I thunderperf: PlatormCompat.setOverrides: needCheck:false
05-11 11:32:47.802 1508 10956 I thunderperf: CompatConfig.addOverrideUnsafe: bef-state=0
05-11 11:32:47.802 1508 10956 I thunderperf: CompatConfig.addOverrideUnsafe: aft-state=0
05-11 11:32:47.802 1508 10956 W PackageManager: MATCH_ANY_USER flag requires INTERACT_ACROSS_USERS permission: UID 10107 requires android.permission.INTERACT_ACROSS_USERS_FULL or android.permission.INTERACT_ACROSS_USERS to access user 0.
05-11 11:32:47.802 1508 10956 I ActivityTaskManager: START u0 {act=happymj.Splash cat=[android.intent.category.DEFAULT] flg=0x10008000 cmp=com.qqgame.happymj/.SplashActivity} from uid 10107
01-01 08:05:55.946 0 0 I atmel_mxt_ts 0-004a: FB event:1,blank:0
01-01 08:05:55.946 0 0 I atmel_mxt_ts 0-004a: drm_notifier_callback: UNBLANK! Resume by drm notifier.
05-11 11:32:47.913 1508 10956 V SplashScreenExceptionList: SplashScreen checking exception for package com.qqgame.happymj (target sdk:28) -> false
05-11 11:32:47.915 1508 8280 W ActivityTaskManager: Duplicate finish request for r=ActivityRecord{e7defef u0 com.qqgame.happymj/com.onevcat.uniwebview.AndroidPlugin taskAffinity=10107:com.qqgame.happymj t17 f}}
05-11 11:32:47.917 1508 9679 I ActivityTaskManager: FOREGROUND_APPLICATION_CHANGED to com.qqgame.happymj.SplashActivity
05-11 11:32:47.917 1508 9679 I ActivityTaskManager: The Process com.qqgame.happymj Already Exists in BG. So sending its PID: 11018
05-11 11:32:47.917 1508 9679 W ActivityTaskManager: Tried to set launchTime (0) < mLastActivityLaunchTime (353143)
05-11 11:32:47.923 1508 2078 I thunderperf: PlatormCompat.setOverrides: Uid1=10107 Pid1=11018 Uid2=10107 Pid2=11018
05-11 11:32:47.923 1508 2078 I thunderperf: PlatormCompat.setOverrides: needCheck:false
05-11 11:32:47.923 1508 2078 I thunderperf: CompatConfig.addOverrideUnsafe: bef-state=0
05-11 11:32:47.923 1508 2078 I thunderperf: CompatConfig.addOverrideUnsafe: aft-state=0
05-11 11:32:47.923 1508 2078 W PackageManager: MATCH_ANY_USER flag requires INTERACT_ACROSS_USERS permission: UID 10107 requires android.permission.INTERACT_ACROSS_USERS_FULL or android.permission.INTERACT_ACROSS_USERS to access user 0.
05-11 11:32:47.923 1508 2078 I ActivityTaskManager: START u0 {cmp=com.qqgame.happymj/.VideoActivity (has extras)} from uid 10107
05-11 11:32:47.930 1508 9679 W WindowManager: Failed looking up window session=Session{2b64b2c 11018:u0a10107} callers=com.android.server.wm.WindowManagerService.windowForClientLocked:5628 com.android.server.wm.Session.insetsModified:629 android.view.IWindowSession$Stub.onTransact:1151
05-11 11:32:47.932 1508 9679 I ActivityTaskManager: FOREGROUND_APPLICATION_CHANGED to com.qqgame.happymj.VideoActivity
05-11 11:32:47.932 1508 9679 I ActivityTaskManager: The Process com.qqgame.happymj Already Exists in BG. So sending its PID: 11018
05-11 11:32:47.932 1508 9679 W ActivityTaskManager: Tried to set launchTime (0) < mLastActivityLaunchTime (353265)
01-01 08:05:56.020 0 0 I binder : 11018:11049 ioctl 40046210 7b2f5661f4 returned -22
05-11 11:32:47.983 1508 9679 W WindowManager: Failed looking up window session=Session{2b64b2c 11018:u0a10107} callers=com.android.server.wm.WindowManagerService.windowForClientLocked:5628 com.android.server.wm.Session.insetsModified:629 android.view.IWindowSession$Stub.onTransact:1151
01-01 08:05:56.067 0 0 I msm_vidc: high: 00000002: ....d: Opening video instance: 0000000000000000, 1
01-01 08:05:56.067 0 0 I msm_vidc: err : 00000002: ....d: Failed to create debugfs for msm_vidc
05-11 11:32:48.029 1912 2164 D StartingSurfaceDrawer: Task start finish, remove starting surface for task 17
05-11 11:32:48.029 1912 2164 V StartingSurfaceDrawer: Removing splash screen window for task: 17
05-11 11:32:48.060 1508 10956 W ActivityTaskManager: Request to remove task ignored for non-existent task 16
05-11 11:32:48.080 1508 9679 W ActivityManager: Receiver with filter android.content.IntentFilter@d216eea already registered for pid 11018, callerPackage is com.qqgame.happymj
01-01 08:05:57.481 0 0 E link_delay_work_func: DTC_ETH: SQI=0, link=0
05-11 11:32:52.649 1508 1659 D CompatibilityChangeReporter: Compat change id reported: 168419799; UID 10096; state: DISABLED
05-11 11:32:53.184 1508 2566 W ActivityManager: Foreground service started from background can not have location/camera/microphone access: service com.tencent.mm/.plugin.voip.widget.VoipForegroundService
05-11 11:32:53.184 1508 2566 W ActivityManager: Background started FGS: Disallowed [callingPackage: com.tencent.mm; callingUid: 10096; uidState: SVC ; intent: Intent { cmp=com.tencent.mm/.plugin.voip.widget.VoipForegroundService (has extras) }; code:DENIED; tempAllowListReason:; targetSdkVersion:29; callerTargetSdkVersion:29; startForegroundCount:0; bindFromPackage:null]
05-11 11:32:53.184 1508 2566 D CompatibilityChangeReporter: Compat change id reported: 170668199; UID 10096; state: DISABLED
05-11 11:32:53.185 1508 1659 I DropBoxManagerService: add tag=system_server_wtf isTagEnabled=true flags=0x2
05-11 11:32:53.186 1508 1659 I ActivityManager: Deferring FGS notification in legacy app com.tencent.mm/u0a96 : Notification(channel=reminder_channel_id shortcut=null contentView=null vibrate=null sound=null defaults=0x0 flags=0x42 color=0x00000000 vis=PRIVATE)
05-11 11:32:53.392 1508 1508 I GameModeConfig: isGameModeOn = true
05-11 11:32:53.392 1508 1508 I GameModeConfig: isGaming = true
05-11 11:32:53.392 1508 1508 I GameModeConfig: isDisableNotification = true
05-11 11:32:53.392 1508 1508 I GameModeConfig: isDisableVoice = true
05-11 11:32:53.392 1508 1508 I GameModeConfig: isGameModeOn = true
05-11 11:32:53.392 1508 1508 I GameModeConfig: isGaming = true
05-11 11:32:53.392 1508 1508 I GameModeConfig: isDisableNotification = true
05-11 11:32:53.392 1508 1508 I GameModeConfig: isDisableVoice = true
05-11 11:32:53.393 1508 1508 W NotificationHistory: Attempted to add notif for locked/gone/disabled user 0
05-11 11:32:53.705 1508 9679 E AppOps : Operation not started: uid=10096 pkg=com.tencent.mm(null) op=WAKE_LOCK
05-11 11:32:54.216 1508 2566 E AppOps : Operation not started: uid=10096 pkg=com.tencent.mm(null) op=WAKE_LOCK
01-01 08:06:02.346 0 0 I [dp_rx_][0x19eac1eb3][11:32:54.300801] wlan: [3399:I:QDF] DHCP-IN RX: SA:08:00:27:35:1f:3a DA:ff:ff:ff:ff:ff:ff
01-01 08:06:02.601 0 0 E link_delay_work_func: DTC_ETH: SQI=0, link=0
05-11 11:32:54.664 1508 2566 E AppOps : Operation not started: uid=10096 pkg=com.tencent.mm(null) op=WAKE_LOCK
01-01 08:06:03.061 0 0 I msm_vidc: high: 00000002: h264d: Closed video instance: 0000000000000000
05-11 11:32:55.030 1508 9679 I thunderperf: PlatormCompat.setOverrides: Uid1=10107 Pid1=11018 Uid2=10107 Pid2=11018
05-11 11:32:55.030 1508 9679 I thunderperf: PlatormCompat.setOverrides: needCheck:false
05-11 11:32:55.030 1508 9679 I thunderperf: CompatConfig.addOverrideUnsafe: bef-state=0
05-11 11:32:55.030 1508 9679 I thunderperf: CompatConfig.addOverrideUnsafe: aft-state=0
05-11 11:32:55.030 1508 9679 W PackageManager: MATCH_ANY_USER flag requires INTERACT_ACROSS_USERS permission: UID 10107 requires android.permission.INTERACT_ACROSS_USERS_FULL or android.permission.INTERACT_ACROSS_USERS to access user 0.
05-11 11:32:55.030 1508 9679 I ActivityTaskManager: START u0 {act=android.intent.action.MAIN cat=[android.intent.category.LAUNCHER] flg=0x10008000 cmp=com.qqgame.happymj/com.onevcat.uniwebview.AndroidPlugin (has extras)} from uid 10107
05-11 11:32:55.035 1508 9679 V SplashScreenExceptionList: SplashScreen checking exception for package com.qqgame.happymj (target sdk:28) -> false
05-11 11:32:55.036 1912 2164 D PhoneStartingWindowTypeAlgorithm: preferredStartingWindowType newTask:true taskSwitch:false processRunning:true allowTaskSnapshot:true activityCreated:false useEmptySplashScreen:true legacySplashScreen:false topIsHome:false
05-11 11:32:55.036 1912 2164 D StartingSurfaceDrawer: addSplashScreen com.qqgame.happymj theme=7f0e0005 task=17 suggestType=3
05-11 11:32:55.037 1912 2166 D StartingSurfaceDrawer: window attributes color: 0 icon null duration 0 brandImage null
05-11 11:32:55.037 1912 2166 D StartingSurfaceDrawer: fillViewWithIcon surfaceWindowView android.window.SplashScreenView{9742e96 V.E...... ......ID 0,0-0,0}
05-11 11:32:55.039 1508 2566 I ActivityTaskManager: FOREGROUND_APPLICATION_CHANGED to com.onevcat.uniwebview.AndroidPlugin
05-11 11:32:55.039 1508 2566 I ActivityTaskManager: The Process com.qqgame.happymj Already Exists in BG. So sending its PID: 11018
05-11 11:32:55.039 1508 2566 W ActivityTaskManager: Tried to set launchTime (0) < mLastActivityLaunchTime (353280)
05-11 11:32:55.046 1508 1657 W UsageStatsService: Unexpected activity event reported! (com.qqgame.happymj/com.qqgame.happymj.SplashActivity event : 23 instanceId : 125237992)
05-11 11:32:55.249 1508 2084 W WindowManager: Failed looking up window session=Session{2b64b2c 11018:u0a10107} callers=com.android.server.wm.WindowManagerService.windowForClientLocked:5628 com.android.server.wm.Session.insetsModified:629 android.view.IWindowSession$Stub.onTransact:1151
01-01 08:06:03.321 0 0 W audit : audit_lost=7900 audit_rate_limit=5 audit_backlog_limit=64
01-01 08:06:03.321 0 0 E audit : rate limit exceeded
05-11 11:32:55.294 1912 2164 D StartingSurfaceDrawer: Task start finish, remove starting surface for task 17
05-11 11:32:55.294 1912 2164 V StartingSurfaceDrawer: Removing splash screen window for task: 17
05-11 11:32:56.269 1508 1833 I GameModeConfig: isGameModeOn = true
05-11 11:32:56.269 1508 1833 I GameModeConfig: isGaming = true
05-11 11:32:56.269 1508 1833 I GameModeConfig: isDisableNotification = true
05-11 11:32:56.269 1508 1833 I GameModeConfig: isGameModeOn = true
05-11 11:32:56.269 1508 1833 I GameModeConfig: isGaming = true
05-11 11:32:56.269 1508 1833 I GameModeConfig: isDisableNotification = true
05-11 11:32:56.630 1508 2084 W ActivityManager: Background start not allowed: service Intent { cmp=com.tencent.android.qqdownloader/com.tencent.assistant.sdk.SDKSupportService (has extras) } to com.tencent.android.qqdownloader/com.tencent.assistant.sdk.SDKSupportService from pid=3267 uid=10094 pkg=com.tencent.android.qqdownloader startFg?=false
05-11 11:32:56.634 1508 2084 W ActivityManager: Background start not allowed: service Intent { cmp=com.tencent.android.qqdownloader/com.tencent.assistant.sdk.SDKSupportService (has extras) } to com.tencent.android.qqdownloader/com.tencent.assistant.sdk.SDKSupportService from pid=3267 uid=10094 pkg=com.tencent.android.qqdownloader startFg?=false
05-11 11:32:56.654 1508 2084 W ActivityManager: Background start not allowed: service Intent { cmp=com.tencent.android.qqdownloader/com.tencent.assistant.sdk.SDKSupportService (has extras) } to com.tencent.android.qqdownloader/com.tencent.assistant.sdk.SDKSupportService from pid=3267 uid=10094 pkg=com.tencent.android.qqdownloader startFg?=false
05-11 11:32:56.658 1508 2067 W ActivityManager: Background start not allowed: service Intent { cmp=com.tencent.android.qqdownloader/com.tencent.assistant.sdk.SDKSupportService (has extras) } to com.tencent.android.qqdownloader/com.tencent.assistant.sdk.SDKSupportService from pid=3267 uid=10094 pkg=com.tencent.android.qqdownloader startFg?=false
01-01 08:06:04.882 0 0 W audit : audit_lost=8566 audit_rate_limit=5 audit_backlog_limit=64
01-01 08:06:04.882 0 0 E audit : rate limit exceeded
05-11 11:32:57.672 1508 2067 E AppOps : Operation not started: uid=10096 pkg=com.tencent.mm(null) op=WAKE_LOCK
01-01 08:06:06.407 0 0 W audit : audit_lost=8570 audit_rate_limit=5 audit_backlog_limit=64
01-01 08:06:06.407 0 0 E audit : rate limit exceeded
01-01 08:06:07.721 0 0 E link_delay_work_func: DTC_ETH: SQI=0, link=0
05-11 11:33:03.387 1508 1508 I GameModeConfig: isGameModeOn = true
05-11 11:33:03.387 1508 1508 I GameModeConfig: isGaming = true
05-11 11:33:03.387 1508 1508 I GameModeConfig: isDisableNotification = true
05-11 11:33:03.387 1508 1508 I GameModeConfig: isGameModeOn = true
05-11 11:33:03.387 1508 1508 I GameModeConfig: isGaming = true
05-11 11:33:03.387 1508 1508 I GameModeConfig: isDisableNotification = true
05-11 11:33:03.388 1508 1508 W NotificationHistory: Attempted to add notif for locked/gone/disabled user 0
05-11 11:33:03.424 1508 1833 I GameModeConfig: isGameModeOn = true
05-11 11:33:03.424 1508 1833 I GameModeConfig: isGaming = true
05-11 11:33:03.424 1508 1833 I GameModeConfig: isDisableNotification = true
05-11 11:33:03.424 1508 1833 I GameModeConfig: isDisableVoice = true
05-11 11:33:03.424 1508 1833 I GameModeConfig: isGameModeOn = true
05-11 11:33:03.424 1508 1833 I GameModeConfig: isGaming = true
05-11 11:33:03.424 1508 1833 I GameModeConfig: isDisableNotification = true
05-11 11:33:03.424 1508 1833 I GameModeConfig: isDisableVoice = true
05-11 11:33:04.662 1508 2070 W ActivityManager: Background start not allowed: service Intent { cmp=com.tencent.android.qqdownloader/com.tencent.assistant.main.MainService } to com.tencent.android.qqdownloader/com.tencent.assistant.main.MainService from pid=3484 uid=10094 pkg=com.tencent.android.qqdownloader startFg?=false
05-11 11:33:04.663 1508 2070 W ActivityManager: Background start not allowed: service Intent { cmp=com.tencent.android.qqdownloader/com.tencent.assistant.main.MainService } to com.tencent.android.qqdownloader/com.tencent.assistant.main.MainService from pid=3484 uid=10094 pkg=com.tencent.android.qqdownloader startFg?=false
01-01 08:06:12.841 0 0 E link_delay_work_func: DTC_ETH: SQI=0, link=0
01-01 08:06:17.961 0 0 E link_delay_work_func: DTC_ETH: SQI=0, link=0
05-11 11:33:13.690 1508 1508 I GameModeConfig: isGameModeOn = true
05-11 11:33:13.690 1508 1508 I GameModeConfig: isGaming = true
05-11 11:33:13.690 1508 1508 I GameModeConfig: isDisableNotification = true
05-11 11:33:13.690 1508 1508 I GameModeConfig: isGameModeOn = true
05-11 11:33:13.690 1508 1508 I GameModeConfig: isGaming = true
05-11 11:33:13.690 1508 1508 I GameModeConfig: isDisableNotification = true
05-11 11:33:14.711 1508 2070 I ActivityTaskManager: START u0 {flg=0x10000000 cmp=com.tencent.mm/.plugin.voip.ui.VideoActivity (has extras)} from uid 10096
05-11 11:33:14.713 1508 2070 W ActivityTaskManager: Can't find TaskDisplayArea to determine support for multi window. Task id=18 attached=false
05-11 11:33:14.715 1508 2070 D CompatibilityChangeReporter: Compat change id reported: 174042980; UID 10096; state: DISABLED
05-11 11:33:14.716 1508 2070 D CompatibilityChangeReporter: Compat change id reported: 184838306; UID 10096; state: DISABLED
05-11 11:33:14.717 1508 2070 D CompatibilityChangeReporter: Compat change id reported: 185004937; UID 10096; state: DISABLED
05-11 11:33:14.717 1508 2070 D CompatibilityChangeReporter: Compat change id reported: 181136395; UID 10096; state: DISABLED
05-11 11:33:14.717 1508 2070 D CompatibilityChangeReporter: Compat change id reported: 174042936; UID 10096; state: DISABLED
05-11 11:33:14.718 1508 2070 V SplashScreenExceptionList: SplashScreen checking exception for package com.tencent.mm (target sdk:29) -> false
05-11 11:33:14.718 1508 2070 I ActivityTaskManager: FOREGROUND_APPLICATION_CHANGED to com.tencent.mm.plugin.voip.ui.VideoActivity
05-11 11:33:14.719 1508 2070 I ActivityTaskManager: The Process com.tencent.mm Already Exists in BG. So sending its PID: 10407
05-11 11:33:14.744 10407 10407 E ActivityThread: Failed to find provider info for com.google.android.gms.phenotype
01-01 08:06:23.081 0 0 E link_delay_work_func: DTC_ETH: SQI=0, link=0
05-11 11:33:16.189 1508 1644 I ActivityTaskManager: FOREGROUND_APPLICATION_CHANGED to com.onevcat.uniwebview.AndroidPlugin
01-01 08:06:24.361 0 0 I [dp_rx_][0x1b7ddeacc][11:33:16.316109] wlan: [3399:I:QDF] DHCP-R RX: SA:72:86:f9:05:21:e3 DA:ff:ff:ff:ff:ff:ff
05-11 11:33:16.688 1508 1644 W ActivityTaskManager: Activity top resumed state loss timeout for ActivityRecord{78cd475 u0 com.tencent.mm/.plugin.voip.ui.VideoActivity taskAffinity=10096:com.tencent.mm t18}
01-01 08:06:24.760 0 0 W audit : audit_lost=8575 audit_rate_limit=5 audit_backlog_limit=64
01-01 08:06:24.760 0 0 E audit : rate limit exceeded
05-11 11:33:17.334 1508 2566 D CompatibilityChangeReporter: Compat change id reported: 135634846; UID 10096; state: DISABLED
05-11 11:33:17.334 1508 2566 D CompatibilityChangeReporter: Compat change id reported: 177438394; UID 10096; state: DISABLED
05-11 11:33:17.334 1508 2566 D CompatibilityChangeReporter: Compat change id reported: 135772972; UID 10096; state: DISABLED
05-11 11:33:17.334 1508 1660 D CompatibilityChangeReporter: Compat change id reported: 143937733; UID 10096; state: DISABLED
05-11 11:33:17.345 1508 1660 I ActivityManager: Start proc 11497:com.tencent.mm:appbrand0/u0a96 for service {com.tencent.mm/com.tencent.mm.ipcinvoker.wx_extension.service.Appbrand0IPCService}
05-11 11:33:17.357 1508 1660 I ActivityManager: Start proc 11498:com.tencent.mm:appbrand1/u0a96 for service {com.tencent.mm/com.tencent.mm.ipcinvoker.wx_extension.service.Appbrand1IPCService}
01-01 08:06:25.421 0 0 I binder : 11497:11497 ioctl 40046210 7ffe05b4f4 returned -22
01-01 08:06:25.431 0 0 I binder : 11498:11498 ioctl 40046210 7ffe05b4f4 returned -22
01-01 08:06:25.776 0 0 W audit : audit_lost=8591 audit_rate_limit=5 audit_backlog_limit=64
01-01 08:06:25.776 0 0 E audit : rate limit exceeded
01-01 08:06:28.201 0 0 E link_delay_work_func: DTC_ETH: SQI=0, link=0
05-11 11:33:21.797 1508 2066 I ActivityTaskManager: START u0 {flg=0x10000000 cmp=com.tencent.mm/.plugin.voip.ui.VideoActivity (has extras)} from uid 10096
05-11 11:33:21.799 1508 2066 I ActivityTaskManager: FOREGROUND_APPLICATION_CHANGED to com.tencent.mm.plugin.voip.ui.VideoActivity
05-11 11:33:23.725 1508 1833 I GameModeConfig: isGameModeOn = true
05-11 11:33:23.726 1508 1833 I GameModeConfig: isGaming = true
05-11 11:33:23.726 1508 1833 I GameModeConfig: isDisableNotification = true
05-11 11:33:23.726 1508 1833 I GameModeConfig: isGameModeOn = true
05-11 11:33:23.726 1508 1833 I GameModeConfig: isGaming = true
05-11 11:33:23.726 1508 1833 I GameModeConfig: isDisableNotification = true
01-01 08:06:33.321 0 0 E link_delay_work_func: DTC_ETH: SQI=0, link=0
01-01 08:06:37.376 0 0 I btfm_slim_enable_ch: chipset soc version:400a0200
01-01 08:06:37.376 0 0 I btfm_slim_enable_ch: channel define - prot:1, dataf:0, auxf:0
01-01 08:06:37.376 0 0 I btfm_slim_enable_ch: channel define - rates:16000, baser:1, ratem:4
01-01 08:06:37.377 0 0 I btfm_slim_slave_enable_port: programming SCO Tx with reg_val 3 to reg 0x50
01-01 08:06:37.377 0 0 I btfm_slim_enable_ch: slim_connect_src(port: 0, ch: 159)
01-01 08:06:37.378 0 0 I btfm_slim_enable_ch: port: 0, ch: 159, grp: 0, ch->grph: 0x0, ch_hdl: 0x1f
01-01 08:06:37.382 0 0 I __afe_port_start: port id: 0x400f
01-01 08:06:37.382 0 0 I afe_find_cal_topo_id_by_port: port id: 0x400f, dev_acdb_id: 38
01-01 08:06:37.382 0 0 I afe_find_cal_topo_id_by_port: port id: 0x400f, dev_acdb_id: 38
01-01 08:06:37.382 0 0 I afe_find_cal_topo_id_by_port: port id: 0x400f, dev_acdb_id: 38
01-01 08:06:37.382 0 0 I afe_find_cal_topo_id_by_port: top_id:112fb acdb_id:38 afe_port_id:0x400f
01-01 08:06:37.382 0 0 I afe_get_cal_topology_id: port_id = 0x400f acdb_id = 38 topology_id = 0x112fb cal_type_index=8 ret=0
01-01 08:06:37.382 0 0 I afe_send_port_topology_id: AFE set topology id 0x112fb enable for port 0x400f ret 0
01-01 08:06:37.382 0 0 I send_afe_cal_type: cal_index is 1
01-01 08:06:37.382 0 0 I send_afe_cal_type: dev_acdb_id[120] is 38
01-01 08:06:37.382 0 0 I afe_find_cal: cal_index 1 port_id 0x400f port_index 120
