05-11 11:48:20.068 18688 18688 I auditd : type=1400 audit(0.0:11819): avc: granted { nlmsg_readpriv } for comm="pool-18-thread-" scontext=u:r:untrusted_app_27:s0:c95,c256,c512,c768 tcontext=u:r:untrusted_app_27:s0:c95,c256,c512,c768 tclass=netlink_route_socket app=com.kugou.android
05-11 11:48:20.112 1508 1818 I netstats_mobile_sample: [0,0,0,0,0,0,0,0,0,0,0,0,1683874585312]
05-11 11:48:20.112 1508 1818 I netstats_wifi_sample: [40,1,128,2,40,1,128,2,40,1,64,1,1683874585312]
05-11 11:48:20.263 18688 18688 I wm_on_create_called: [209504486,com.kugou.common.useraccount.app.KgUserLoginAndRegActivity,performCreate]
05-11 11:48:20.332 18688 18688 I wm_on_start_called: [209504486,com.kugou.common.useraccount.app.KgUserLoginAndRegActivity,handleStartActivity]
05-11 11:48:20.336 18688 18688 I wm_on_resume_called: [209504486,com.kugou.common.useraccount.app.KgUserLoginAndRegActivity,RESUME_ACTIVITY]
05-11 11:48:20.341 18688 18688 I wm_on_top_resumed_gained_called: [209504486,com.kugou.common.useraccount.app.KgUserLoginAndRegActivity,topStateChangedWhenResumed]
05-11 11:48:20.395 1508 1645 I input_focus: [Focus request d6164f7 com.kugou.android/com.kugou.common.useraccount.app.KgUserLoginAndRegActivity,reason=UpdateInputWindows]
05-11 11:48:20.414 1508 1641 I wm_activity_launch_time: [0,209504486,com.kugou.android/com.kugou.common.useraccount.app.KgUserLoginAndRegActivity,713]
05-11 11:48:20.428 1508 1799 I input_focus: [Focus entering d6164f7 com.kugou.android/com.kugou.common.useraccount.app.KgUserLoginAndRegActivity (server),reason=setFocusedWindow]
05-11 11:48:20.501 1508 12402 W ActivityManager: Receiver with filter android.content.IntentFilter@6a7bedf already registered for pid 18870, callerPackage is com.kugou.android
05-11 11:48:20.568 18688 18688 I auditd : type=1400 audit(0.0:11820): avc: denied { read } for comm="m.kugou.android" name="u:object_r:qemu_hw_prop:s0" dev="tmpfs" ino=14456 scontext=u:r:untrusted_app_27:s0:c95,c256,c512,c768 tcontext=u:object_r:qemu_hw_prop:s0 tclass=file permissive=1 app=com.kugou.android
05-11 11:48:20.568 18688 18688 I auditd : type=1400 audit(0.0:11821): avc: denied { open } for comm="m.kugou.android" path="/dev/__properties__/u:object_r:qemu_hw_prop:s0" dev="tmpfs" ino=14456 scontext=u:r:untrusted_app_27:s0:c95,c256,c512,c768 tcontext=u:object_r:qemu_hw_prop:s0 tclass=file permissive=1 app=com.kugou.android
05-11 11:48:20.568 18688 18688 I auditd : type=1400 audit(0.0:11822): avc: denied { getattr } for comm="m.kugou.android" path="/dev/__properties__/u:object_r:qemu_hw_prop:s0" dev="tmpfs" ino=14456 scontext=u:r:untrusted_app_27:s0:c95,c256,c512,c768 tcontext=u:object_r:qemu_hw_prop:s0 tclass=file permissive=1 app=com.kugou.android
01-01 08:21:28.620 0 0 W audit : audit_lost=10814 audit_rate_limit=5 audit_backlog_limit=64
01-01 08:21:28.620 0 0 E audit : rate limit exceeded
05-11 11:48:20.731 1508 1644 I wm_destroy_activity: [0,78127558,51,com.kugou.android/.app.splash.SplashActivity,finish-imm:transit]
05-11 11:48:20.751 1508 1508 I notification_enqueue: [10095,18870,com.kugou.android,99,NULL,0,Notification(channel=kg_play shortcut=null contentView=null vibrate=null sound=null defaults=0x0 flags=0x42 color=0x00000000 category=transport actions=5 vis=PUBLIC),1]
05-11 11:48:20.796 18688 18688 I wm_on_stop_called: [78127558,com.kugou.android.app.splash.SplashActivity,LIFECYCLER_STOP_ACTIVITY]
05-11 11:48:20.804 18688 18688 I wm_on_destroy_called: [78127558,com.kugou.android.app.splash.SplashActivity,performDestroy]
05-11 11:48:20.866 18688 19549 D SubscriptionManager: [getSubId]- fail
05-11 11:48:20.867 18688 19549 D SubscriptionManager: [getSubId]- fail
05-11 11:48:20.952 1508 1508 I GameModeConfig: isGameModeOn = true
05-11 11:48:20.952 1508 1508 I GameModeConfig: isGaming = false
05-11 11:48:20.976 18688 19605 I snet_event_log: [190188264,-1,]
05-11 11:48:20.977 18688 19605 I snet_event_log: [190188264,-1,]
05-11 11:48:20.979 18688 18928 I snet_event_log: [190188264,-1,]
05-11 11:48:20.979 18688 18928 I snet_event_log: [190188264,-1,]
01-01 08:21:29.055 0 0 W perfetto: disabled ftrace
05-11 11:48:21.041 18688 19591 I snet_event_log: [190188264,-1,]
05-11 11:48:21.041 18688 19591 I snet_event_log: [190188264,-1,]
05-11 11:48:21.061 18688 19590 I snet_event_log: [190188264,-1,]
05-11 11:48:21.061 18688 19590 I snet_event_log: [190188264,-1,]
05-11 11:48:21.097 18688 19588 I snet_event_log: [190188264,-1,]
05-11 11:48:21.097 18688 19588 I snet_event_log: [190188264,-1,]
05-11 11:48:21.100 1175 18684 I iorapd : Perfetto TraceBuffer saved to file: /data/misc/iorapd/com.kugou.android/11629/com.kugou.android.app.splash.SplashActivity/raw_traces/1683776901095014148.perfetto_trace.pb
01-01 08:21:29.321 0 0 E link_delay_work_func: DTC_ETH: SQI=0, link=0
05-11 11:48:21.460 0 0 I auditd : type=1400 audit(0.0:11824): avc: denied { kill } for comm="swapper/5" capability=5 scontext=u:r:kernel:s0 tcontext=u:r:kernel:s0 tclass=capability permissive=1
05-11 11:48:21.653 1508 1508 I notification_enqueue: [10095,18870,com.kugou.android,99,NULL,0,Notification(channel=kg_play shortcut=null contentView=null vibrate=null sound=null defaults=0x0 flags=0x42 color=0x00000000 category=transport actions=5 vis=PUBLIC),1]
05-11 11:48:21.781 1508 1799 I input_interaction: Interaction with: d6164f7 com.kugou.android/com.kugou.common.useraccount.app.KgUserLoginAndRegActivity (server), edge-swipe (server), swipe-up (server), PointerEventDispatcher0 (server),
05-11 11:48:21.849 1508 10967 I wm_finish_activity: [0,209504486,51,com.kugou.android/com.kugou.common.useraccount.app.KgUserLoginAndRegActivity,app-request]
05-11 11:48:21.854 1508 1508 I GameModeConfig: isGameModeOn = true
05-11 11:48:21.854 1508 1508 I GameModeConfig: isGaming = false
05-11 11:48:21.858 1508 10967 I wm_pause_activity: [0,209504486,com.kugou.android/com.kugou.common.useraccount.app.KgUserLoginAndRegActivity,userLeaving=false,finish]
05-11 11:48:21.863 18688 18688 I wm_on_top_resumed_lost_called: [209504486,com.kugou.common.useraccount.app.KgUserLoginAndRegActivity,topStateChangedWhenResumed]
05-11 11:48:21.886 18688 18688 I wm_on_paused_called: [209504486,com.kugou.common.useraccount.app.KgUserLoginAndRegActivity,performPause]
05-11 11:48:21.887 1508 10967 I ActivityTaskManager: FOREGROUND_APPLICATION_CHANGED to com.kugou.android.app.MediaActivity
05-11 11:48:21.888 1508 10967 I wm_set_resumed_activity: [0,com.kugou.android/.app.MediaActivity,resumeTopActivityInnerLocked]
05-11 11:48:21.888 1508 10967 I wm_resume_activity: [0,194633066,51,com.kugou.android/.app.MediaActivity]
05-11 11:48:21.892 1508 1645 I input_focus: [Focus request 38b8a3b com.kugou.android/com.kugou.android.app.MediaActivity,reason=UpdateInputWindows]
05-11 11:48:21.894 1508 1644 I sysui_multi_action: [757,803,799,window_time_2,802,2]
05-11 11:48:21.895 1508 1799 I input_focus: [Focus leaving d6164f7 com.kugou.android/com.kugou.common.useraccount.app.KgUserLoginAndRegActivity (server),reason=NO_WINDOW]
05-11 11:48:21.911 1508 1799 I input_focus: [Focus entering 38b8a3b com.kugou.android/com.kugou.android.app.MediaActivity (server),reason=setFocusedWindow]
05-11 11:48:21.919 18688 18688 I wm_on_resume_called: [194633066,com.kugou.android.app.MediaActivity,RESUME_ACTIVITY]
05-11 11:48:21.950 18688 18688 I wm_on_top_resumed_gained_called: [194633066,com.kugou.android.app.MediaActivity,topWhenResuming]
05-11 11:48:21.964 1508 12402 I wm_destroy_activity: [0,209504486,51,com.kugou.android/com.kugou.common.useraccount.app.KgUserLoginAndRegActivity,finish-idle]
05-11 11:48:21.977 18688 18688 I wm_on_stop_called: [209504486,com.kugou.common.useraccount.app.KgUserLoginAndRegActivity,LIFECYCLER_STOP_ACTIVITY]
05-11 11:48:21.982 18688 18688 I wm_on_destroy_called: [209504486,com.kugou.common.useraccount.app.KgUserLoginAndRegActivity,performDestroy]
05-11 11:48:21.995 1508 12402 W ActivityManager: Unable to start service Intent { act=com.tencent.soter.soterserver.ISoterService pkg=com.tencent.soter.soterserver } U=0: not found
05-11 11:48:24.656 18688 18688 I auditd : type=1400 audit(0.0:11825): avc: granted { nlmsg_readpriv } for comm="pool-10-thread-" scontext=u:r:untrusted_app_27:s0:c95,c256,c512,c768 tcontext=u:r:untrusted_app_27:s0:c95,c256,c512,c768 tclass=netlink_route_socket app=com.kugou.android
01-01 08:21:32.921 0 0 I msm_vidc: high: 00000001: ....d: Opening video instance: 0000000000000000, 1
01-01 08:21:32.921 0 0 I msm_vidc: err : 00000001: ....d: Failed to create debugfs for msm_vidc
01-01 08:21:32.928 0 0 I msm_vidc: high: 00000001: h265d: Closed video instance: 0000000000000000
05-11 11:48:24.960 5077 5077 I auditd : type=1400 audit(0.0:11826): avc: denied { open } for comm="doujia.phoenix2" path="/proc/vmstat" dev="proc" ino=4026531858 scontext=u:r:untrusted_app_27:s0:c512,c768 tcontext=u:object_r:proc_vmstat:s0 tclass=file permissive=1 app=com.wandoujia.phoenix2
05-11 11:48:24.960 5077 5077 I auditd : type=1400 audit(0.0:11827): avc: denied { getattr } for comm="doujia.phoenix2" path="/proc/vmstat" dev="proc" ino=4026531858 scontext=u:r:untrusted_app_27:s0:c512,c768 tcontext=u:object_r:proc_vmstat:s0 tclass=file permissive=1 app=com.wandoujia.phoenix2
05-11 11:48:25.532 18688 18688 I auditd : type=1400 audit(0.0:11828): avc: granted { nlmsg_readpriv } for comm="halley_0_TempTa" scontext=u:r:untrusted_app_27:s0:c95,c256,c512,c768 tcontext=u:r:untrusted_app_27:s0:c95,c256,c512,c768 tclass=netlink_route_socket app=com.kugou.android
05-11 11:48:25.536 4996 4996 I auditd : type=1400 audit(0.0:11829): avc: granted { nlmsg_readpriv } for comm="DaemonThread-6" scontext=u:r:untrusted_app_27:s0:c512,c768 tcontext=u:r:untrusted_app_27:s0:c512,c768 tclass=netlink_route_socket app=com.wandoujia.phoenix2
05-11 11:48:25.556 18688 18688 I auditd : type=1400 audit(0.0:11830): avc: granted { nlmsg_readpriv } for comm="halley_0_TempTa" scontext=u:r:untrusted_app_27:s0:c95,c256,c512,c768 tcontext=u:r:untrusted_app_27:s0:c95,c256,c512,c768 tclass=netlink_route_socket app=com.kugou.android
05-11 11:48:25.770 1508 1799 I input_interaction: Interaction with: 38b8a3b com.kugou.android/com.kugou.android.app.MediaActivity (server), edge-swipe (server), swipe-up (server), PointerEventDispatcher0 (server),
05-11 11:48:25.793 1508 1818 I netstats_mobile_sample: [0,0,0,0,0,0,0,0,0,0,0,0,1683874590993]
05-11 11:48:25.793 1508 1818 I netstats_wifi_sample: [40,1,128,2,40,1,128,2,40,1,64,1,1683874590993]
05-11 11:48:25.835 1508 10966 I ActivityTaskManager: clear resize flag in freeform mode
05-11 11:48:25.904 4996 4996 I auditd : type=1400 audit(0.0:11831): avc: granted { nlmsg_readpriv } for comm="DaemonThread-6" scontext=u:r:untrusted_app_27:s0:c512,c768 tcontext=u:r:untrusted_app_27:s0:c512,c768 tclass=netlink_route_socket app=com.wandoujia.phoenix2
01-01 08:21:34.441 0 0 E link_delay_work_func: DTC_ETH: SQI=0, link=0
05-11 11:48:27.034 1508 1657 I am_pss : [18688,10095,com.kugou.android,365150208,315572224,28672,544288768,0,2,26]
05-11 11:48:27.510 1508 1508 I service_manager_stats: [100,35,46630]
05-11 11:48:27.568 18688 18688 I auditd : type=1400 audit(0.0:11832): avc: granted { nlmsg_readpriv } for comm="halley_0_TempTa" scontext=u:r:untrusted_app_27:s0:c95,c256,c512,c768 tcontext=u:r:untrusted_app_27:s0:c95,c256,c512,c768 tclass=netlink_route_socket app=com.kugou.android
05-11 11:48:28.894 1508 1645 I input_focus: [Focus request 31a91aa com.kugou.android/com.kugou.android.app.MediaActivity,reason=UpdateInputWindows]
05-11 11:48:28.914 1508 1799 I input_focus: [Focus leaving 38b8a3b com.kugou.android/com.kugou.android.app.MediaActivity (server),reason=setFocusedWindow]
05-11 11:48:28.915 1508 1799 I input_focus: [Focus entering 31a91aa com.kugou.android/com.kugou.android.app.MediaActivity (server),reason=setFocusedWindow]
05-11 11:48:30.002 1508 1799 I input_interaction: Interaction with: 31a91aa com.kugou.android/com.kugou.android.app.MediaActivity (server), edge-swipe (server), swipe-up (server), PointerEventDispatcher0 (server),
05-11 11:48:30.016 5077 5077 I auditd : type=1400 audit(0.0:11833): avc: granted { nlmsg_readpriv } for comm="DaemonThread-6" scontext=u:r:untrusted_app_27:s0:c512,c768 tcontext=u:r:untrusted_app_27:s0:c512,c768 tclass=netlink_route_socket app=com.wandoujia.phoenix2
05-11 11:48:30.080 1508 1645 I input_focus: [Focus request 38b8a3b com.kugou.android/com.kugou.android.app.MediaActivity,reason=UpdateInputWindows]
05-11 11:48:30.097 1508 1799 I input_focus: [Focus entering 38b8a3b com.kugou.android/com.kugou.android.app.MediaActivity (server),reason=setFocusedWindow]
05-11 11:48:30.158 1508 1799 I input_interaction: Interaction with: 38b8a3b com.kugou.android/com.kugou.android.app.MediaActivity (server), edge-swipe (server), swipe-up (server), PointerEventDispatcher0 (server),
05-11 11:48:30.424 5077 5077 I auditd : type=1400 audit(0.0:11834): avc: granted { nlmsg_readpriv } for comm="DaemonThread-6" scontext=u:r:untrusted_app_27:s0:c512,c768 tcontext=u:r:untrusted_app_27:s0:c512,c768 tclass=netlink_route_socket app=com.wandoujia.phoenix2
05-11 11:48:31.048 18688 18688 I view_enqueue_input_event: [Motion - Cancel,com.kugou.android/com.kugou.android.app.MediaActivity]
05-11 11:48:31.073 1508 1645 D WindowManager: updateWindowDragBounds: mIsSwipeYfalse
05-11 11:48:31.073 1508 1645 D WindowManager: updateWindowDragBounds: mIsTopfalse
05-11 11:48:31.181 1508 1645 I input_focus: [Focus request 75a0ab9 com.kugou.android/com.kugou.android.app.MediaActivity,reason=UpdateInputWindows]
05-11 11:48:31.198 1508 1799 I input_focus: [Focus leaving 38b8a3b com.kugou.android/com.kugou.android.app.MediaActivity (server),reason=setFocusedWindow]
05-11 11:48:31.198 1508 1799 I input_focus: [Focus entering 75a0ab9 com.kugou.android/com.kugou.android.app.MediaActivity (server),reason=setFocusedWindow]
05-11 11:48:31.318 1508 1659 I am_uid_idle: 10102
01-01 08:21:39.561 0 0 E link_delay_work_func: DTC_ETH: SQI=0, link=0
05-11 11:48:35.460 0 0 I auditd : type=1400 audit(0.0:11835): avc: denied { kill } for comm="swapper/6" capability=5 scontext=u:r:kernel:s0 tcontext=u:r:kernel:s0 tclass=capability permissive=1
05-11 11:48:35.516 1508 1799 I input_interaction: Interaction with: 75a0ab9 com.kugou.android/com.kugou.android.app.MediaActivity (server), edge-swipe (server), swipe-up (server), PointerEventDispatcher0 (server),
05-11 11:48:36.512 4923 4923 I auditd : type=1400 audit(0.0:11836): avc: granted { nlmsg_readpriv } for comm="DaemonThread-6" scontext=u:r:untrusted_app_27:s0:c512,c768 tcontext=u:r:untrusted_app_27:s0:c512,c768 tclass=netlink_route_socket app=com.wandoujia.phoenix2
01-01 08:21:44.681 0 0 E link_delay_work_func: DTC_ETH: SQI=0, link=0
05-11 11:48:36.813 1508 1645 I input_focus: [Focus request 38b8a3b com.kugou.android/com.kugou.android.app.MediaActivity,reason=UpdateInputWindows]
05-11 11:48:36.831 1508 1799 I input_focus: [Focus entering 38b8a3b com.kugou.android/com.kugou.android.app.MediaActivity (server),reason=setFocusedWindow]
05-11 11:48:36.852 4923 4923 I auditd : type=1400 audit(0.0:11837): avc: granted { nlmsg_readpriv } for comm="DaemonThread-6" scontext=u:r:untrusted_app_27:s0:c512,c768 tcontext=u:r:untrusted_app_27:s0:c512,c768 tclass=netlink_route_socket app=com.wandoujia.phoenix2
05-11 11:48:38.452 1508 1799 I input_interaction: Interaction with: ec4974b com.android.launcher3/com.android.launcher3.uioverrides.QuickstepLauncher (server), eb2e27d com.android.systemui.ImageWallpaper (server), edge-swipe (server), swipe-up (server), PointerEventDispatcher0 (server),
05-11 11:48:38.547 1508 3394 I thunderperf: PlatormCompat.setOverrides: Uid1=10072 Pid1=2644 Uid2=10072 Pid2=2644
05-11 11:48:38.547 1508 3394 I thunderperf: PlatormCompat.setOverrides: needCheck:false
05-11 11:48:38.547 1508 3394 I thunderperf: CompatConfig.addOverrideUnsafe: bef-state=0
05-11 11:48:38.547 1508 3394 I thunderperf: CompatConfig.addOverrideUnsafe: aft-state=0
05-11 11:48:38.548 1508 3394 I thunderperf: CompatConfig.addOverrideUnsafe: bef-state=0
05-11 11:48:38.548 1508 3394 I thunderperf: CompatConfig.addOverrideUnsafe: aft-state=0
05-11 11:48:38.549 1508 3394 I thunderperf: CompatConfig.addOverrideUnsafe: bef-state=0
05-11 11:48:38.549 1508 3394 I thunderperf: CompatConfig.addOverrideUnsafe: aft-state=0
05-11 11:48:38.550 1508 3394 I thunderperf: CompatConfig.addOverrideUnsafe: bef-state=0
05-11 11:48:38.550 1508 3394 I thunderperf: CompatConfig.addOverrideUnsafe: aft-state=0
05-11 11:48:38.550 1508 3394 I thunderperf: CompatConfig.addOverrideUnsafe: bef-state=0
05-11 11:48:38.550 1508 3394 I thunderperf: CompatConfig.addOverrideUnsafe: aft-state=0
05-11 11:48:38.550 1508 3394 I thunderperf: CompatConfig.addOverrideUnsafe: bef-state=0
05-11 11:48:38.550 1508 3394 I thunderperf: CompatConfig.addOverrideUnsafe: aft-state=0
05-11 11:48:38.550 1508 3394 I thunderperf: CompatConfig.addOverrideUnsafe: bef-state=0
05-11 11:48:38.550 1508 3394 I thunderperf: CompatConfig.addOverrideUnsafe: aft-state=0
05-11 11:48:38.551 1508 3394 I thunderperf: CompatConfig.addOverrideUnsafe: bef-state=0
05-11 11:48:38.551 1508 3394 I thunderperf: CompatConfig.addOverrideUnsafe: aft-state=0
05-11 11:48:38.551 1508 3394 I thunderperf: CompatConfig.addOverrideUnsafe: bef-state=0
05-11 11:48:38.551 1508 3394 I thunderperf: CompatConfig.addOverrideUnsafe: aft-state=0
05-11 11:48:38.552 1508 3394 I thunderperf: CompatConfig.addOverrideUnsafe: bef-state=0
05-11 11:48:38.552 1508 3394 I thunderperf: CompatConfig.addOverrideUnsafe: aft-state=0
05-11 11:48:38.552 1508 3394 I thunderperf: CompatConfig.addOverrideUnsafe: bef-state=0
05-11 11:48:38.552 1508 3394 I thunderperf: CompatConfig.addOverrideUnsafe: aft-state=0
05-11 11:48:38.553 1508 3394 I thunderperf: CompatConfig.addOverrideUnsafe: bef-state=0
05-11 11:48:38.553 1508 3394 I thunderperf: CompatConfig.addOverrideUnsafe: aft-state=0
05-11 11:48:38.553 1508 3394 I thunderperf: CompatConfig.addOverrideUnsafe: bef-state=0
05-11 11:48:38.553 1508 3394 I thunderperf: CompatConfig.addOverrideUnsafe: aft-state=0
05-11 11:48:38.553 1508 3394 I thunderperf: CompatConfig.addOverrideUnsafe: bef-state=0
05-11 11:48:38.553 1508 3394 I thunderperf: CompatConfig.addOverrideUnsafe: aft-state=0
05-11 11:48:38.556 1508 3394 I ActivityTaskManager: START u0 {act=android.intent.action.MAIN cat=[android.intent.category.LAUNCHER] flg=0x10200000 cmp=com.netease.cloudmusic/.activity.IconChangeDefaultAlias} from uid 10072
05-11 11:48:38.580 1508 3394 I wm_task_created: [52,-1]
05-11 11:48:38.581 1508 3394 W ActivityTaskManager: Can't find TaskDisplayArea to determine support for multi window. Task id=52 attached=false
05-11 11:48:38.582 1508 3394 D CompatibilityChangeReporter: Compat change id reported: 174042980; UID 10100; state: DISABLED
05-11 11:48:38.582 1508 3394 D CompatibilityChangeReporter: Compat change id reported: 184838306; UID 10100; state: DISABLED
05-11 11:48:38.583 1508 3394 D CompatibilityChangeReporter: Compat change id reported: 185004937; UID 10100; state: DISABLED
05-11 11:48:38.583 1508 3394 D CompatibilityChangeReporter: Compat change id reported: 181136395; UID 10100; state: DISABLED
05-11 11:48:38.583 1508 3394 D CompatibilityChangeReporter: Compat change id reported: 174042936; UID 10100; state: DISABLED
05-11 11:48:38.583 1508 3394 I wm_task_moved: [52,1,8]
05-11 11:48:38.583 1508 3394 I wm_task_to_front: [0,52]
05-11 11:48:38.584 1508 3394 I wm_create_task: [0,52]
05-11 11:48:38.584 1508 3394 I wm_create_activity: [0,19224850,52,com.netease.cloudmusic/.activity.IconChangeDefaultAlias,android.intent.action.MAIN,NULL,NULL,270532608]
05-11 11:48:38.584 1508 3394 I wm_task_moved: [52,1,8]
05-11 11:48:38.584 18688 18688 I wm_on_top_resumed_lost_called: [194633066,com.kugou.android.app.MediaActivity,topStateChangedWhenResumed]
05-11 11:48:38.584 1508 3394 D CompatibilityChangeReporter: Compat change id reported: 168419799; UID 10100; state: DISABLED
05-11 11:48:38.584 1508 3394 V SplashScreenExceptionList: SplashScreen checking exception for package com.netease.cloudmusic (target sdk:29) -> false
05-11 11:48:38.584 1508 3394 I ActivityTaskManager: FOREGROUND_APPLICATION_CHANGED to com.netease.cloudmusic.activity.MainActivity
05-11 11:48:38.588 1508 1644 I am_uid_running: 10100
05-11 11:48:38.588 1508 1644 D CompatibilityChangeReporter: Compat change id reported: 135634846; UID 10100; state: DISABLED
05-11 11:48:38.588 1508 1644 D CompatibilityChangeReporter: Compat change id reported: 177438394; UID 10100; state: DISABLED
05-11 11:48:38.588 1508 1644 D CompatibilityChangeReporter: Compat change id reported: 135772972; UID 10100; state: DISABLED
05-11 11:48:38.588 1508 1644 D CompatibilityChangeReporter: Compat change id reported: 135754954; UID 10100; state: DISABLED
05-11 11:48:38.588 1508 1660 D CompatibilityChangeReporter: Compat change id reported: 143937733; UID 10100; state: DISABLED
05-11 11:48:38.595 1508 1660 I am_proc_start: [0,19859,10100,com.netease.cloudmusic,top-activity,{com.netease.cloudmusic/com.netease.cloudmusic.activity.IconChangeDefaultAlias}]
05-11 11:48:38.595 1508 1660 I ActivityManager: Start proc 19859:com.netease.cloudmusic/u0a100 for top-activity {com.netease.cloudmusic/com.netease.cloudmusic.activity.IconChangeDefaultAlias}
01-01 08:21:46.648 0 0 I binder : 19859:19859 ioctl 40046210 7ffe05b4f4 returned -22
05-11 11:48:38.605 1508 10966 I am_proc_bound: [0,19859,com.netease.cloudmusic]
05-11 11:48:38.608 1508 10966 I ActivityTaskManager: clear resize flag in freeform mode
05-11 11:48:38.608 1508 10966 I ActivityTaskManager: The Process com.netease.cloudmusic Already Exists in BG. So sending its PID: 19859
05-11 11:48:38.609 1508 10966 I wm_restart_activity: [0,19224850,52,com.netease.cloudmusic/.activity.IconChangeDefaultAlias]
05-11 11:48:38.611 1508 10966 I wm_set_resumed_activity: [0,com.netease.cloudmusic/.activity.IconChangeDefaultAlias,minimalResumeActivityLocked]
05-11 11:48:38.611 1508 10966 I wm_add_to_stopping: [0,194633066,com.kugou.android/.app.MediaActivity,makeInvisible]
05-11 11:48:38.612 1508 10966 I am_uid_active: 10100
05-11 11:48:38.615 1508 1799 I input_focus: [Focus leaving 38b8a3b com.kugou.android/com.kugou.android.app.MediaActivity (server),reason=NO_WINDOW]
05-11 11:48:38.639 1508 1657 I am_pss : [18688,10095,com.kugou.android,288311296,236814336,27648,467697664,0,4,23]
05-11 11:48:38.647 1508 1657 I am_pss : [18411,10067,com.android.gallery3d,24436736,19820544,28672,136429568,0,15,7]
05-11 11:48:38.653 1508 1657 I am_pss : [14682,10109,com.qqgame.mic:xg_vip_service,13378560,8536064,29696,107753472,0,19,5]
05-11 11:48:39.083 1508 3394 D CompatibilityChangeReporter: Compat change id reported: 149924527; UID 10100; state: ENABLED
05-11 11:48:39.083 1508 3394 D CompatibilityChangeReporter: Compat change id reported: 132649864; UID 10100; state: DISABLED
05-11 11:48:39.188 1508 8280 W ActivityManager: Background start not allowed: service Intent { cmp=com.qqgame.mic/com.tencent.tpns.mqttchannel.services.MqttService } to com.qqgame.mic/com.tencent.tpns.mqttchannel.services.MqttService from pid=14682 uid=10109 pkg=com.qqgame.mic startFg?=false
05-11 11:48:39.193 1508 10966 W ActivityManager: Unable to start service Intent { act=com.tencent.tpns.mqttchannel.FEEDBACK pkg=com.qqgame.mic } U=0: not found
05-11 11:48:39.195 1508 8280 I am_uid_active: 10109
05-11 11:48:39.352 19859 19859 I auditd : type=1400 audit(0.0:11838): avc: granted { bind } for comm="DnsConfigServic" scontext=u:r:untrusted_app_29:s0:c100,c256,c512,c768 tcontext=u:r:untrusted_app_29:s0:c100,c256,c512,c768 tclass=netlink_route_socket app=com.netease.cloudmusic
05-11 11:48:39.352 19859 19859 I auditd : type=1400 audit(0.0:11839): avc: granted { nlmsg_readpriv } for comm="DnsConfigServic" scontext=u:r:untrusted_app_29:s0:c100,c256,c512,c768 tcontext=u:r:untrusted_app_29:s0:c100,c256,c512,c768 tclass=netlink_route_socket app=com.netease.cloudmusic
05-11 11:48:39.374 1508 10965 W ActivityManager: Unable to start service Intent { cmp=com.netease.cloudmusic/org.chromium.url.WowIPCService } U=0: not found
05-11 11:48:39.393 1508 1833 I GameModeConfig: isGameModeOn = true
05-11 11:48:39.393 1508 1833 I GameModeConfig: isGaming = false
05-11 11:48:39.394 1508 1833 I GameModeConfig: isGameModeOn = true
05-11 11:48:39.394 1508 1833 I GameModeConfig: isGaming = false
05-11 11:48:39.394 1508 1833 I GameModeConfig: isGameModeOn = true
05-11 11:48:39.394 1508 1833 I GameModeConfig: isGaming = false
05-11 11:48:39.394 1508 1833 I GameModeConfig: isGameModeOn = true
05-11 11:48:39.394 1508 1833 I GameModeConfig: isGaming = false
05-11 11:48:39.394 1508 1833 I GameModeConfig: isGameModeOn = true
05-11 11:48:39.394 1508 1833 I GameModeConfig: isGaming = false
05-11 11:48:39.394 1508 1833 I GameModeConfig: isGameModeOn = true
05-11 11:48:39.394 1508 1833 I GameModeConfig: isGaming = false
05-11 11:48:39.394 1508 1833 I GameModeConfig: isGameModeOn = true
05-11 11:48:39.394 1508 1833 I GameModeConfig: isGaming = false
05-11 11:48:39.394 1508 1833 I GameModeConfig: isGameModeOn = true
05-11 11:48:39.394 1508 1833 I GameModeConfig: isGaming = false
05-11 11:48:39.394 1508 1833 I GameModeConfig: isGameModeOn = true
05-11 11:48:39.394 1508 1833 I GameModeConfig: isGaming = false
05-11 11:48:39.394 1508 1833 I GameModeConfig: isGameModeOn = true
05-11 11:48:39.394 1508 1833 I GameModeConfig: isGaming = false
05-11 11:48:39.394 1508 1833 I GameModeConfig: isGameModeOn = true
05-11 11:48:39.394 1508 1833 I GameModeConfig: isGaming = false
05-11 11:48:39.394 1508 1833 I GameModeConfig: isGameModeOn = true
05-11 11:48:39.394 1508 1833 I GameModeConfig: isGaming = false
05-11 11:48:39.394 1508 1833 I GameModeConfig: isGameModeOn = true
05-11 11:48:39.394 1508 1833 I GameModeConfig: isGaming = false
05-11 11:48:39.394 1508 1833 I GameModeConfig: isGameModeOn = true
05-11 11:48:39.394 1508 1833 I GameModeConfig: isGaming = false
05-11 11:48:39.394 1508 1833 I GameModeConfig: isGameModeOn = true
05-11 11:48:39.394 1508 1833 I GameModeConfig: isGaming = false
05-11 11:48:39.395 1508 1833 I GameModeConfig: isGameModeOn = true
05-11 11:48:39.395 1508 1833 I GameModeConfig: isGaming = false
05-11 11:48:39.395 1508 1833 I GameModeConfig: isGameModeOn = true
05-11 11:48:39.395 1508 1833 I GameModeConfig: isGaming = false
05-11 11:48:39.395 1508 1833 I GameModeConfig: isGameModeOn = true
05-11 11:48:39.395 1508 1833 I GameModeConfig: isGaming = false
05-11 11:48:39.484 19859 19859 I auditd : type=1400 audit(0.0:11840): avc: denied { open } for comm="pool-2-thread-1" path="/dev/__properties__/u:object_r:vendor_default_prop:s0" dev="tmpfs" ino=14539 scontext=u:r:untrusted_app_29:s0:c100,c256,c512,c768 tcontext=u:object_r:vendor_default_prop:s0 tclass=file permissive=1 app=com.netease.cloudmusic
05-11 11:48:39.484 19859 19859 I auditd : type=1400 audit(0.0:11841): avc: denied { getattr } for comm="pool-2-thread-1" path="/dev/__properties__/u:object_r:vendor_default_prop:s0" dev="tmpfs" ino=14539 scontext=u:r:untrusted_app_29:s0:c100,c256,c512,c768 tcontext=u:object_r:vendor_default_prop:s0 tclass=file permissive=1 app=com.netease.cloudmusic
05-11 11:48:39.484 19859 19859 I auditd : type=1400 audit(0.0:11842): avc: denied { map } for comm="pool-2-thread-1" path="/dev/__properties__/u:object_r:vendor_default_prop:s0" dev="tmpfs" ino=14539 scontext=u:r:untrusted_app_29:s0:c100,c256,c512,c768 tcontext=u:object_r:vendor_default_prop:s0 tclass=file permissive=1 app=com.netease.cloudmusic
05-11 11:48:39.491 1508 12402 D CompatibilityChangeReporter: Compat change id reported: 135634846; UID 10100; state: DISABLED
05-11 11:48:39.491 1508 12402 D CompatibilityChangeReporter: Compat change id reported: 177438394; UID 10100; state: DISABLED
05-11 11:48:39.491 1508 12402 D CompatibilityChangeReporter: Compat change id reported: 135772972; UID 10100; state: DISABLED
05-11 11:48:39.491 1508 12402 D CompatibilityChangeReporter: Compat change id reported: 135754954; UID 10100; state: DISABLED
05-11 11:48:39.491 1508 1660 D CompatibilityChangeReporter: Compat change id reported: 143937733; UID 10100; state: DISABLED
05-11 11:48:39.494 19859 19859 I wm_on_create_called: [19224850,com.netease.cloudmusic.activity.IconChangeDefaultAlias,performCreate]
05-11 11:48:39.498 1508 1660 I am_proc_start: [0,20005,10100,com.netease.cloudmusic:play,service,{com.netease.cloudmusic/com.netease.cloudmusic.service.PlayService}]
05-11 11:48:39.498 1508 1660 I ActivityManager: Start proc 20005:com.netease.cloudmusic:play/u0a100 for service {com.netease.cloudmusic/com.netease.cloudmusic.service.PlayService}
05-11 11:48:39.516 1508 12402 I am_proc_bound: [0,20005,com.netease.cloudmusic:play]
01-01 08:21:47.558 0 0 I binder : 20005:20005 ioctl 40046210 7ffe05b4f4 returned -22
05-11 11:48:39.553 19859 19859 I wm_on_start_called: [19224850,com.netease.cloudmusic.activity.IconChangeDefaultAlias,handleStartActivity]
05-11 11:48:39.660 19859 19859 I auditd : type=1400 audit(0.0:11843): avc: granted { nlmsg_readpriv } for comm="APM_COMPONENT" scontext=u:r:untrusted_app_29:s0:c100,c256,c512,c768 tcontext=u:r:untrusted_app_29:s0:c100,c256,c512,c768 tclass=netlink_route_socket app=com.netease.cloudmusic
01-01 08:21:47.716 0 0 W audit : audit_lost=10815 audit_rate_limit=5 audit_backlog_limit=64
01-01 08:21:47.716 0 0 E audit : rate limit exceeded
05-11 11:48:39.673 1508 1659 W BroadcastQueue: Permission Denial: broadcasting Intent { act=com.netease.cloudmusic.action.UPDATE_DATA_PACKAGE_STATUS flg=0x10 (has extras) } from com.netease.cloudmusic (pid=19859, uid=10100) requires com.netease.cloudmusic.permission.DATA_PACKAGE due to registered receiver BroadcastFilter{4402006 10100/u0 ReceiverList{f7fcae1 19859 com.netease.cloudmusic/10100/u0 remote:3b83c48}}
05-11 11:48:40.046 19859 19859 I wm_on_resume_called: [19224850,com.netease.cloudmusic.activity.IconChangeDefaultAlias,RESUME_ACTIVITY]
05-11 11:48:40.055 1508 12402 W WindowManager: Failed looking up window session=Session{7cc2b1a 19859:u0a10100} callers=com.android.server.wm.WindowManagerService.windowForClientLocked:5628 com.android.server.wm.Session.insetsModified:629 android.view.IWindowSession$Stub.onTransact:1151
05-11 11:48:40.062 19859 19859 I wm_on_top_resumed_gained_called: [19224850,com.netease.cloudmusic.activity.IconChangeDefaultAlias,topStateChangedWhenResumed]
05-11 11:48:40.136 1508 8280 W ActivityManager: Unable to start service Intent { cmp=com.netease.cloudmusic/org.chromium.url.WowIPCService } U=0: not found
05-11 11:48:40.145 1508 1833 I GameModeConfig: isGameModeOn = true
05-11 11:48:40.145 1508 1833 I GameModeConfig: isGaming = false
05-11 11:48:40.145 1508 1833 I GameModeConfig: isGameModeOn = true
05-11 11:48:40.145 1508 1833 I GameModeConfig: isGaming = false
05-11 11:48:40.145 1508 1833 I GameModeConfig: isGameModeOn = true
05-11 11:48:40.145 1508 1833 I GameModeConfig: isGaming = false
05-11 11:48:40.145 1508 1833 I GameModeConfig: isGameModeOn = true
05-11 11:48:40.145 1508 1833 I GameModeConfig: isGaming = false
05-11 11:48:40.146 1508 1833 I GameModeConfig: isGameModeOn = true
05-11 11:48:40.146 1508 1833 I GameModeConfig: isGaming = false
05-11 11:48:40.146 1508 1833 I GameModeConfig: isGameModeOn = true
05-11 11:48:40.146 1508 1833 I GameModeConfig: isGaming = false
05-11 11:48:40.146 1508 1833 I GameModeConfig: isGameModeOn = true
05-11 11:48:40.146 1508 1833 I GameModeConfig: isGaming = false
05-11 11:48:40.146 1508 1833 I GameModeConfig: isGameModeOn = true
05-11 11:48:40.146 1508 1833 I GameModeConfig: isGaming = false
05-11 11:48:40.146 1508 1833 I GameModeConfig: isGameModeOn = true
05-11 11:48:40.146 1508 1833 I GameModeConfig: isGaming = false
05-11 11:48:40.166 1508 12402 D CompatibilityChangeReporter: Compat change id reported: 157233955; UID 10100; state: DISABLED
05-11 11:48:40.312 1508 1645 I input_focus: [Focus request 2f1dee6 com.netease.cloudmusic/com.netease.cloudmusic.activity.IconChangeDefaultAlias,reason=UpdateInputWindows]
01-01 08:21:48.400 0 0 I binder : 19859:19984 ioctl 40046210 7a75e331f4 returned -22
05-11 11:48:40.372 20195 20195 I auditd : type=1400 audit(0.0:12516): avc: denied { open } for comm="getprop" path="/dev/__properties__/u:object_r:vendor_default_prop:s0" dev="tmpfs" ino=14539 scontext=u:r:untrusted_app_29:s0:c100,c256,c512,c768 tcontext=u:object_r:vendor_default_prop:s0 tclass=file permissive=1 app=com.netease.cloudmusic
05-11 11:48:40.372 20195 20195 I auditd : type=1400 audit(0.0:12517): avc: denied { getattr } for comm="getprop" path="/dev/__properties__/u:object_r:vendor_default_prop:s0" dev="tmpfs" ino=14539 scontext=u:r:untrusted_app_29:s0:c100,c256,c512,c768 tcontext=u:object_r:vendor_default_prop:s0 tclass=file permissive=1 app=com.netease.cloudmusic
05-11 11:48:40.372 20195 20195 I auditd : type=1400 audit(0.0:12518): avc: denied { map } for comm="getprop" path="/dev/__properties__/u:object_r:vendor_default_prop:s0" dev="tmpfs" ino=14539 scontext=u:r:untrusted_app_29:s0:c100,c256,c512,c768 tcontext=u:object_r:vendor_default_prop:s0 tclass=file permissive=1 app=com.netease.cloudmusic
05-11 11:48:40.408 19859 19859 I auditd : type=1400 audit(0.0:12519): avc: granted { nlmsg_readpriv } for comm="APM_COMPONENT" scontext=u:r:untrusted_app_29:s0:c100,c256,c512,c768 tcontext=u:r:untrusted_app_29:s0:c100,c256,c512,c768 tclass=netlink_route_socket app=com.netease.cloudmusic
05-11 11:48:40.421 1508 1641 I sysui_multi_action: [319,1852,322,1844,325,1303,757,761,758,7,759,2,806,com.netease.cloudmusic,871,com.netease.cloudmusic.activity.IconChangeDefaultAlias,904,com.android.launcher3,905,0,945,51,1320,4,1321,4]
05-11 11:48:40.412 19859 19859 I auditd : type=1400 audit(0.0:12520): avc: granted { nlmsg_readpriv } for comm="APM_COMPONENT" scontext=u:r:untrusted_app_29:s0:c100,c256,c512,c768 tcontext=u:r:untrusted_app_29:s0:c100,c256,c512,c768 tclass=netlink_route_socket app=com.netease.cloudmusic
05-11 11:48:40.423 1508 1641 I wm_activity_launch_time: [0,19224850,com.netease.cloudmusic/.activity.IconChangeDefaultAlias,1844]
05-11 11:48:40.429 1508 1799 I input_focus: [Focus entering 2f1dee6 com.netease.cloudmusic/com.netease.cloudmusic.activity.IconChangeDefaultAlias (server),reason=Window became focusable. Previous reason: NOT_VISIBLE]
05-11 11:48:40.690 1508 1644 I wm_stop_activity: [0,194633066,com.kugou.android/.app.MediaActivity]
05-11 11:48:40.763 18688 18688 I wm_on_paused_called: [194633066,com.kugou.android.app.MediaActivity,performPause]
01-01 08:21:48.815 0 0 W audit : audit_lost=11497 audit_rate_limit=5 audit_backlog_limit=64
01-01 08:21:48.815 0 0 E audit : rate limit exceeded
05-11 11:48:40.780 18688 18688 I wm_on_stop_called: [194633066,com.kugou.android.app.MediaActivity,STOP_ACTIVITY_ITEM]
05-11 11:48:40.818 1508 3044 W ProcessStats: Tracking association SourceState{3814eee com.kugou.android.support/10095 BTopFgs #3729} whose proc state 2 is better than process ProcessState{e2f4f8f com.kugou.android/10095 pkg=com.kugou.android} proc state 3 (0 skipped)
05-11 11:48:41.122 1508 3044 D CompatibilityChangeReporter: Compat change id reported: 135634846; UID 10100; state: DISABLED
05-11 11:48:41.122 1508 3044 D CompatibilityChangeReporter: Compat change id reported: 177438394; UID 10100; state: DISABLED
05-11 11:48:41.123 1508 3044 D CompatibilityChangeReporter: Compat change id reported: 135772972; UID 10100; state: DISABLED
05-11 11:48:41.123 1508 3044 D CompatibilityChangeReporter: Compat change id reported: 135754954; UID 10100; state: DISABLED
05-11 11:48:41.123 1508 1660 D CompatibilityChangeReporter: Compat change id reported: 143937733; UID 10100; state: DISABLED
05-11 11:48:41.153 1508 1660 I am_proc_start: [0,20291,10100,com.netease.cloudmusic:viewer,service,{com.netease.cloudmusic/com.netease.cloudmusic.singroom.room.SingRoomService}]
05-11 11:48:41.154 1508 1660 I ActivityManager: Start proc 20291:com.netease.cloudmusic:viewer/u0a100 for service {com.netease.cloudmusic/com.netease.cloudmusic.singroom.room.SingRoomService}
01-01 08:21:49.220 0 0 I binder : 20291:20291 ioctl 40046210 7ffe05b4f4 returned -22
05-11 11:48:41.179 1508 12402 I am_proc_bound: [0,20291,com.netease.cloudmusic:viewer]
05-11 11:48:41.384 19859 19859 I auditd : type=1400 audit(0.0:13077): avc: granted { nlmsg_readpriv } for comm="APM_COMPONENT" scontext=u:r:untrusted_app_29:s0:c100,c256,c512,c768 tcontext=u:r:untrusted_app_29:s0:c100,c256,c512,c768 tclass=netlink_route_socket app=com.netease.cloudmusic
05-11 11:48:41.448 685 685 I auditd : type=1400 audit(0.0:13078): avc: denied { add_name } for comm="Binder:685_4" name="globalAlert" scontext=u:r:netd:s0 tcontext=u:object_r:proc_net:s0 tclass=dir permissive=1
05-11 11:48:41.448 685 685 I auditd : type=1400 audit(0.0:13079): avc: denied { create } for comm="Binder:685_4" name="globalAlert" scontext=u:r:netd:s0 tcontext=u:object_r:proc_net:s0 tclass=file permissive=1
05-11 11:48:41.453 1508 1818 I netstats_mobile_sample: [0,0,0,0,0,0,0,0,0,0,0,0,1683874606654]
05-11 11:48:41.453 1508 1818 I netstats_wifi_sample: [40,1,128,2,40,1,128,2,40,1,64,1,1683874606654]
05-11 11:48:41.460 20005 20005 I auditd : type=1400 audit(0.0:13080): avc: granted { nlmsg_readpriv } for comm="APM_COMPONENT" scontext=u:r:untrusted_app_29:s0:c100,c256,c512,c768 tcontext=u:r:untrusted_app_29:s0:c100,c256,c512,c768 tclass=netlink_route_socket app=com.netease.cloudmusic
05-11 11:48:41.664 1508 1893 I sync : [com.tencent.android.qqdownloader.YYBLiveAccountProvider,0,3,24220937]
05-11 11:48:41.660 19859 19859 I auditd : type=1400 audit(0.0:13081): avc: granted { nlmsg_readpriv } for comm="APM_COMPONENT" scontext=u:r:untrusted_app_29:s0:c100,c256,c512,c768 tcontext=u:r:untrusted_app_29:s0:c100,c256,c512,c768 tclass=netlink_route_socket app=com.netease.cloudmusic
05-11 11:48:41.673 1508 12402 W ActivityManager: Background start not allowed: service Intent { cmp=com.tencent.android.qqdownloader/com.tencent.assistant.sdk.SDKSupportService (has extras) } to com.tencent.android.qqdownloader/com.tencent.assistant.sdk.SDKSupportService from pid=3267 uid=10094 pkg=com.tencent.android.qqdownloader startFg?=false
05-11 11:48:41.682 1508 3044 W ActivityManager: Background start not allowed: service Intent { cmp=com.tencent.android.qqdownloader/com.tencent.assistant.sdk.SDKSupportService (has extras) } to com.tencent.android.qqdownloader/com.tencent.assistant.sdk.SDKSupportService from pid=3267 uid=10094 pkg=com.tencent.android.qqdownloader startFg?=false
05-11 11:48:41.700 1508 1893 I sync : [com.tencent.android.qqdownloader.YYBLiveAccountProvider,1,3,24220937]
05-11 11:48:41.704 1508 1893 I commit_sys_config_file: [sync-status,1291478]
05-11 11:48:41.711 1508 1893 I sync : [com.tencent.android.qqdownloader.YYBLiveAccountProvider,0,3,24220937]
05-11 11:48:41.717 1508 12402 W ActivityManager: Background start not allowed: service Intent { cmp=com.tencent.android.qqdownloader/com.tencent.assistant.sdk.SDKSupportService (has extras) } to com.tencent.android.qqdownloader/com.tencent.assistant.sdk.SDKSupportService from pid=3267 uid=10094 pkg=com.tencent.android.qqdownloader startFg?=false
05-11 11:48:41.734 1508 3044 W ActivityManager: Background start not allowed: service Intent { cmp=com.tencent.android.qqdownloader/com.tencent.assistant.sdk.SDKSupportService (has extras) } to com.tencent.android.qqdownloader/com.tencent.assistant.sdk.SDKSupportService from pid=3267 uid=10094 pkg=com.tencent.android.qqdownloader startFg?=false
01-01 08:21:49.801 0 0 E link_delay_work_func: DTC_ETH: SQI=0, link=0
05-11 11:48:41.764 1508 1893 I sync : [com.tencent.android.qqdownloader.YYBLiveAccountProvider,1,3,24220937]
05-11 11:48:41.784 1508 3044 D CompatibilityChangeReporter: Compat change id reported: 135634846; UID 10095; state: DISABLED
05-11 11:48:41.784 1508 3044 D CompatibilityChangeReporter: Compat change id reported: 177438394; UID 10095; state: DISABLED
05-11 11:48:41.784 1508 3044 D CompatibilityChangeReporter: Compat change id reported: 135772972; UID 10095; state: DISABLED
05-11 11:48:41.784 1508 3044 D CompatibilityChangeReporter: Compat change id reported: 135754954; UID 10095; state: DISABLED
05-11 11:48:41.784 1508 1660 D CompatibilityChangeReporter: Compat change id reported: 143937733; UID 10095; state: DISABLED
05-11 11:48:41.785 1508 1893 I commit_sys_config_file: [sync-status,1291559]
05-11 11:48:41.791 1508 1660 I am_proc_start: [0,20365,10095,com.kugou.android:patch,service,{com.kugou.android/com.tencent.tinker.lib.service.TinkerPatchService}]
05-11 11:48:41.791 1508 1660 I ActivityManager: Start proc 20365:com.kugou.android:patch/u0a95 for service {com.kugou.android/com.tencent.tinker.lib.service.TinkerPatchService}
01-01 08:21:49.864 0 0 I binder : 20365:20365 ioctl 40046210 7ffe05b4f4 returned -22
05-11 11:48:41.822 1508 3044 I am_proc_bound: [0,20365,com.kugou.android:patch]
05-11 11:48:41.823 1508 3044 D CompatibilityChangeReporter: Compat change id reported: 168419799; UID 10095; state: DISABLED
01-01 08:21:49.890 0 0 W audit : audit_lost=12043 audit_rate_limit=5 audit_backlog_limit=64
01-01 08:21:49.890 0 0 E audit : rate limit exceeded
05-11 11:48:42.266 1508 8280 W ActivityManager: Unable to start service Intent { cmp=com.netease.cloudmusic/org.chromium.url.WowIPCService } U=0: not found
05-11 11:48:42.275 1508 1833 I GameModeConfig: isGameModeOn = true
05-11 11:48:42.275 1508 1833 I GameModeConfig: isGaming = false
05-11 11:48:42.276 1508 1833 I GameModeConfig: isGameModeOn = true
05-11 11:48:42.276 1508 1833 I GameModeConfig: isGaming = false
05-11 11:48:42.276 1508 1833 I GameModeConfig: isGameModeOn = true
05-11 11:48:42.276 1508 1833 I GameModeConfig: isGaming = false
05-11 11:48:42.276 1508 1833 I GameModeConfig: isGameModeOn = true
05-11 11:48:42.276 1508 1833 I GameModeConfig: isGaming = false
05-11 11:48:42.276 1508 1833 I GameModeConfig: isGameModeOn = true
05-11 11:48:42.276 1508 1833 I GameModeConfig: isGaming = false
05-11 11:48:42.276 1508 1833 I GameModeConfig: isGameModeOn = true
05-11 11:48:42.276 1508 1833 I GameModeConfig: isGaming = false
05-11 11:48:42.276 1508 1833 I GameModeConfig: isGameModeOn = true
05-11 11:48:42.276 1508 1833 I GameModeConfig: isGaming = false
05-11 11:48:42.276 1508 1833 I GameModeConfig: isGameModeOn = true
05-11 11:48:42.276 1508 1833 I GameModeConfig: isGaming = false
05-11 11:48:42.276 1508 1833 I GameModeConfig: isGameModeOn = true
05-11 11:48:42.276 1508 1833 I GameModeConfig: isGaming = false
05-11 11:48:42.276 1508 1833 I GameModeConfig: isGameModeOn = true
05-11 11:48:42.276 1508 1833 I GameModeConfig: isGaming = false
05-11 11:48:42.276 1508 1833 I GameModeConfig: isGameModeOn = true
05-11 11:48:42.276 1508 1833 I GameModeConfig: isGaming = false
05-11 11:48:42.276 1508 1833 I GameModeConfig: isGameModeOn = true
05-11 11:48:42.276 1508 1833 I GameModeConfig: isGaming = false
05-11 11:48:42.276 1508 1833 I GameModeConfig: isGameModeOn = true
05-11 11:48:42.276 1508 1833 I GameModeConfig: isGaming = false
05-11 11:48:42.276 1508 1833 I GameModeConfig: isGameModeOn = true
05-11 11:48:42.276 1508 1833 I GameModeConfig: isGaming = false
05-11 11:48:42.276 1508 1833 I GameModeConfig: isGameModeOn = true
05-11 11:48:42.276 1508 1833 I GameModeConfig: isGaming = false
05-11 11:48:42.276 1508 1833 I GameModeConfig: isGameModeOn = true
05-11 11:48:42.277 1508 1833 I GameModeConfig: isGaming = false
05-11 11:48:42.277 1508 1833 I GameModeConfig: isGameModeOn = true
05-11 11:48:42.277 1508 1833 I GameModeConfig: isGaming = false
05-11 11:48:42.277 1508 1833 I GameModeConfig: isGameModeOn = true
05-11 11:48:42.277 1508 1833 I GameModeConfig: isGaming = false
05-11 11:48:42.420 19859 19859 I auditd : type=1400 audit(0.0:13107): avc: granted { nlmsg_readpriv } for comm="APM_COMPONENT" scontext=u:r:untrusted_app_29:s0:c100,c256,c512,c768 tcontext=u:r:untrusted_app_29:s0:c100,c256,c512,c768 tclass=netlink_route_socket app=com.netease.cloudmusic
05-11 11:48:42.476 19859 19859 I auditd : type=1400 audit(0.0:13108): avc: granted { nlmsg_readpriv } for comm="APM_COMPONENT" scontext=u:r:untrusted_app_29:s0:c100,c256,c512,c768 tcontext=u:r:untrusted_app_29:s0:c100,c256,c512,c768 tclass=netlink_route_socket app=com.netease.cloudmusic
05-11 11:48:42.480 19859 19859 I auditd : type=1400 audit(0.0:13109): avc: granted { nlmsg_readpriv } for comm="APM_COMPONENT" scontext=u:r:untrusted_app_29:s0:c100,c256,c512,c768 tcontext=u:r:untrusted_app_29:s0:c100,c256,c512,c768 tclass=netlink_route_socket app=com.netease.cloudmusic
05-11 11:48:42.504 19859 19859 I auditd : type=1400 audit(0.0:13110): avc: granted { nlmsg_readpriv } for comm="APM_COMPONENT" scontext=u:r:untrusted_app_29:s0:c100,c256,c512,c768 tcontext=u:r:untrusted_app_29:s0:c100,c256,c512,c768 tclass=netlink_route_socket app=com.netease.cloudmusic
05-11 11:48:42.536 19859 19859 I auditd : type=1400 audit(0.0:13111): avc: granted { nlmsg_readpriv } for comm="APM_COMPONENT" scontext=u:r:untrusted_app_29:s0:c100,c256,c512,c768 tcontext=u:r:untrusted_app_29:s0:c100,c256,c512,c768 tclass=netlink_route_socket app=com.netease.cloudmusic
01-01 08:21:50.915 0 0 W audit : audit_lost=12085 audit_rate_limit=5 audit_backlog_limit=64
01-01 08:21:50.915 0 0 E audit : rate limit exceeded
05-11 11:48:43.151 1508 1657 I am_pss : [18870,10095,com.kugou.android.support,109943808,74747904,27648,271028224,0,4,15]
05-11 11:48:43.440 19859 19859 I auditd : type=1400 audit(0.0:13142): avc: granted { nlmsg_readpriv } for comm="APM_COMPONENT" scontext=u:r:untrusted_app_29:s0:c100,c256,c512,c768 tcontext=u:r:untrusted_app_29:s0:c100,c256,c512,c768 tclass=netlink_route_socket app=com.netease.cloudmusic
05-11 11:48:43.460 0 0 I auditd : type=1400 audit(0.0:13143): avc: denied { kill } for comm="swapper/2" capability=5 scontext=u:r:kernel:s0 tcontext=u:r:kernel:s0 tclass=capability permissive=1
05-11 11:48:43.695 1508 1643 I commit_sys_config_file: [jobs,5]
05-11 11:48:43.724 19859 19859 I auditd : type=1400 audit(0.0:13144): avc: granted { nlmsg_readpriv } for comm="APM_COMPONENT" scontext=u:r:untrusted_app_29:s0:c100,c256,c512,c768 tcontext=u:r:untrusted_app_29:s0:c100,c256,c512,c768 tclass=netlink_route_socket app=com.netease.cloudmusic
05-11 11:48:43.740 19859 19859 I auditd : type=1400 audit(0.0:13145): avc: granted { nlmsg_readpriv } for comm="APM_COMPONENT" scontext=u:r:untrusted_app_29:s0:c100,c256,c512,c768 tcontext=u:r:untrusted_app_29:s0:c100,c256,c512,c768 tclass=netlink_route_socket app=com.netease.cloudmusic
05-11 11:48:44.015 1508 10956 E NotificationVibratorHelper: Error creating vibration waveform with pattern: [0]
05-11 11:48:44.016 1508 1508 I notification_enqueue: [10100,19859,com.netease.cloudmusic,20,NULL,0,Notification(channel=netease_music shortcut=null contentView=null vibrate=null sound=null defaults=0x0 flags=0x10 color=0x00000000 groupKey=com.netease.cloudmusic.push vis=PUBLIC),0]
05-11 11:48:44.217 1508 1508 I sysui_multi_action: [757,1501,758,1,793,202,794,0,795,202,796,20,806,com.netease.cloudmusic,857,netease_music,858,2,946,com.netease.cloudmusic.push,947,0,1500,0,1688,1]
05-11 11:48:44.217 1508 1508 I sysui_multi_action: [757,804,799,note_interruptive,801,0,802,1]
05-11 11:48:44.217 1508 1508 I GameModeConfig: isGameModeOn = true
05-11 11:48:44.217 1508 1508 I GameModeConfig: isGaming = false
05-11 11:48:44.218 1508 1508 W NotificationHistory: Attempted to add notif for locked/gone/disabled user 0
05-11 11:48:44.546 1508 1799 I input_interaction: Interaction with: 2f1dee6 com.netease.cloudmusic/com.netease.cloudmusic.activity.IconChangeDefaultAlias (server), edge-swipe (server), swipe-up (server), PointerEventDispatcher0 (server),
05-11 11:48:44.641 1508 10956 I wm_finish_activity: [0,19224850,52,com.netease.cloudmusic/.activity.IconChangeDefaultAlias,finish-activity]
05-11 11:48:44.642 1508 10956 I wm_task_moved: [51,1,8]
05-11 11:48:44.642 1508 10956 I wm_task_to_front: [0,51]
05-11 11:48:44.642 1508 10956 I wm_focused_root_task: [0,0,51,52,finish-top adjustFocusToNextFocusableTask]
05-11 11:48:44.649 1508 10956 I wm_pause_activity: [0,19224850,com.netease.cloudmusic/.activity.IconChangeDefaultAlias,userLeaving=false,finish]
05-11 11:48:44.654 19859 19859 I wm_on_top_resumed_lost_called: [19224850,com.netease.cloudmusic.activity.IconChangeDefaultAlias,topStateChangedWhenResumed]
05-11 11:48:44.658 1508 1644 I sysui_multi_action: [757,803,799,window_time_2,802,23]
05-11 11:48:44.675 19859 19859 I wm_on_paused_called: [19224850,com.netease.cloudmusic.activity.IconChangeDefaultAlias,performPause]
05-11 11:48:44.675 1508 10956 I wm_add_to_stopping: [0,19224850,com.netease.cloudmusic/.activity.IconChangeDefaultAlias,completeFinishing]
05-11 11:48:44.675 1508 10956 I ActivityTaskManager: FOREGROUND_APPLICATION_CHANGED to com.kugou.android.app.MediaActivity
05-11 11:48:44.668 877 877 I auditd : type=1400 audit(0.0:13146): avc: denied { add_name } for comm="perf@2.2-servic" name="cpu_max_freq" scontext=u:r:vendor_hal_perf_default:s0 tcontext=u:object_r:vendor_sysfs_msm_perf:s0 tclass=dir permissive=1
05-11 11:48:44.668 877 877 I auditd : type=1400 audit(0.0:13147): avc: denied { create } for comm="perf@2.2-servic" name="cpu_max_freq" scontext=u:r:vendor_hal_perf_default:s0 tcontext=u:object_r:vendor_sysfs_msm_perf:s0 tclass=file permissive=1
05-11 11:48:44.678 1508 1799 I input_focus: [Focus leaving 2f1dee6 com.netease.cloudmusic/com.netease.cloudmusic.activity.IconChangeDefaultAlias (server),reason=NO_WINDOW]
05-11 11:48:44.678 1508 10956 I wm_set_resumed_activity: [0,com.kugou.android/.app.MediaActivity,resumeTopActivityInnerLocked]
05-11 11:48:44.678 1508 10956 I wm_add_to_stopping: [0,194633066,com.kugou.android/.app.MediaActivity,makeInvisible]
05-11 11:48:44.679 1508 10956 D CompatibilityChangeReporter: Compat change id reported: 184838306; UID 10095; state: DISABLED
05-11 11:48:44.679 1508 10956 D CompatibilityChangeReporter: Compat change id reported: 185004937; UID 10095; state: DISABLED
05-11 11:48:44.679 1508 10956 D CompatibilityChangeReporter: Compat change id reported: 181136395; UID 10095; state: DISABLED
