01-01 08:06:37.382 0 0 I afe_find_cal: acdb_id 38 dev_acdb_id 38 sample_rate 48000 afe_sample_rates 16000
01-01 08:06:37.382 0 0 I afe_find_cal: no matching cal_block found
01-01 08:06:37.382 0 0 E : send_afe_cal_type cal_block not found!!
01-01 08:06:37.382 0 0 I afe_send_hw_delay: port_id 0x400f rate 16000 delay_usec 0 status 0
01-01 08:06:37.407 0 0 E adm_callback: cmd = 0x1035d returned error = 0x3
01-01 08:06:37.407 0 0 E adm_apr_send_pkt: DSP returned error[ADSP_EUNSUPPORTED]
01-01 08:06:37.617 0 0 E msm_pcm_playback_close: CMD_EOS failed, cmd_pending 0x8
01-01 08:06:38.441 0 0 E link_delay_work_func: DTC_ETH: SQI=0, link=0
05-11 11:33:31.645 1508 1840 W ActivityManager: Background start not allowed: service Intent { cmp=com.tencent.android.qqdownloader/com.tencent.assistant.sdk.SDKSupportService (has extras) } to com.tencent.android.qqdownloader/com.tencent.assistant.sdk.SDKSupportService from pid=3267 uid=10094 pkg=com.tencent.android.qqdownloader startFg?=false
05-11 11:33:31.653 1508 1840 W ActivityManager: Background start not allowed: service Intent { cmp=com.tencent.android.qqdownloader/com.tencent.assistant.sdk.SDKSupportService (has extras) } to com.tencent.android.qqdownloader/com.tencent.assistant.sdk.SDKSupportService from pid=3267 uid=10094 pkg=com.tencent.android.qqdownloader startFg?=false
05-11 11:33:31.673 1508 10797 W ActivityManager: Background start not allowed: service Intent { cmp=com.tencent.android.qqdownloader/com.tencent.assistant.sdk.SDKSupportService (has extras) } to com.tencent.android.qqdownloader/com.tencent.assistant.sdk.SDKSupportService from pid=3267 uid=10094 pkg=com.tencent.android.qqdownloader startFg?=false
05-11 11:33:31.681 1508 10797 W ActivityManager: Background start not allowed: service Intent { cmp=com.tencent.android.qqdownloader/com.tencent.assistant.sdk.SDKSupportService (has extras) } to com.tencent.android.qqdownloader/com.tencent.assistant.sdk.SDKSupportService from pid=3267 uid=10094 pkg=com.tencent.android.qqdownloader startFg?=false
01-01 08:06:43.561 0 0 E link_delay_work_func: DTC_ETH: SQI=0, link=0
05-11 11:33:37.353 1508 1508 I GameModeConfig: isGameModeOn = true
05-11 11:33:37.353 1508 1508 I GameModeConfig: isGaming = true
05-11 11:33:37.353 1508 1508 I GameModeConfig: isDisableNotification = true
05-11 11:33:37.353 1508 1508 I GameModeConfig: isGameModeOn = true
05-11 11:33:37.353 1508 1508 I GameModeConfig: isGaming = true
05-11 11:33:37.353 1508 1508 I GameModeConfig: isDisableNotification = true
01-01 08:06:48.113 0 0 E msm_pcm_playback_close: CMD_EOS failed, cmd_pending 0x8
01-01 08:06:48.681 0 0 E link_delay_work_func: DTC_ETH: SQI=0, link=0
01-01 08:06:53.801 0 0 E link_delay_work_func: DTC_ETH: SQI=0, link=0
01-01 08:06:58.609 0 0 E msm_pcm_playback_close: CMD_EOS failed, cmd_pending 0x8
01-01 08:06:58.922 0 0 E link_delay_work_func: DTC_ETH: SQI=0, link=0
01-01 08:07:04.041 0 0 E link_delay_work_func: DTC_ETH: SQI=0, link=0
01-01 08:07:05.990 0 0 I event_handler: reclaimed all bufs
01-01 08:07:05.995 0 0 I afe_close: port_id = 0x400f
01-01 08:07:06.000 0 0 I btfm_slim_disable_ch: port:0, grp: 0, ch->grph:0x0, ch->ch_hdl:0x1f
01-01 08:07:09.105 0 0 E msm_pcm_playback_close: CMD_EOS failed, cmd_pending 0x8
01-01 08:07:09.161 0 0 E link_delay_work_func: DTC_ETH: SQI=0, link=0
01-01 08:07:11.045 0 0 W audit : audit_lost=8596 audit_rate_limit=5 audit_backlog_limit=64
01-01 08:07:11.045 0 0 E audit : rate limit exceeded
01-01 08:07:11.047 0 0 I logd : logdr: UID=1041 GID=1005 PID=12146 n tail=0 logMask=8 pid=10146 start=0ns deadline=0ns
05-11 11:34:03.022 12146 12146 F DEBUG : *** *** *** *** *** *** *** *** *** *** *** *** *** *** *** ***
05-11 11:34:03.022 12146 12146 F DEBUG : Build fingerprint: 'HiPhi/PassengerDisplay_CN/PassengerDisplay:12/SKQ1.220201.001/3289:user/test-keys'
05-11 11:34:03.022 12146 12146 F DEBUG : Revision: '0'
05-11 11:34:03.022 12146 12146 F DEBUG : ABI: 'arm'
05-11 11:34:03.022 12146 12146 F DEBUG : Timestamp: 2023-05-11 11:34:02.965248382+0800
05-11 11:34:03.022 12146 12146 F DEBUG : Process uptime: 0s
05-11 11:34:03.022 12146 12146 F DEBUG : Cmdline: /vendor/bin/hw/android.hardware.audio.service
05-11 11:34:03.022 12146 12146 F DEBUG : pid: 10146, tid: 10146, name: audio.service >>> /vendor/bin/hw/android.hardware.audio.service <<<
05-11 11:34:03.022 12146 12146 F DEBUG : uid: 1041
05-11 11:34:03.022 12146 12146 F DEBUG : signal 35 (), code -1 (SI_QUEUE from pid 10281, uid 1041), fault addr --------
05-11 11:34:03.022 12146 12146 F DEBUG : r0 00000004 r1 c0306201 r2 ffeff2f8 r3 ffeff24c
05-11 11:34:03.022 12146 12146 F DEBUG : r4 0705729e r5 e7855138 r6 ffeff2f8 r7 00000036
05-11 11:34:03.022 12146 12146 F DEBUG : r8 00000000 r9 e7001144 r10 ffeff308 r11 ffeff2f8
05-11 11:34:03.022 12146 12146 F DEBUG : ip 00000100 sp ffeff230 lr e78032cb pc e78355a8
05-11 11:34:03.022 12146 12146 F DEBUG : backtrace:
05-11 11:34:03.022 12146 12146 F DEBUG : #00 pc 000715a8 /apex/com.android.runtime/lib/bionic/libc.so (__ioctl+8) (BuildId: cc194ef76ee932851b23cc2e4f46d55f)
05-11 11:34:03.022 12146 12146 F DEBUG : #01 pc 0003f2c7 /apex/com.android.runtime/lib/bionic/libc.so (ioctl+26) (BuildId: cc194ef76ee932851b23cc2e4f46d55f)
05-11 11:34:03.022 12146 12146 F DEBUG : #02 pc 0005ff09 /apex/com.android.vndk.v30/lib/libhidlbase.so (android::hardware::IPCThreadState::getAndExecuteCommand()+160) (BuildId: ae84f31d0a55afdbe06ed13729dae8a2)
05-11 11:34:03.022 12146 12146 F DEBUG : #03 pc 0006100d /apex/com.android.vndk.v30/lib/libhidlbase.so (android::hardware::IPCThreadState::joinThreadPool(bool)+56) (BuildId: ae84f31d0a55afdbe06ed13729dae8a2)
05-11 11:34:03.022 12146 12146 F DEBUG : #04 pc 000026b5 /vendor/bin/hw/android.hardware.audio.service (main+2564) (BuildId: b5ba2845ffd2ad1c80c85239344b8c71)
05-11 11:34:03.022 12146 12146 F DEBUG : #05 pc 0003248b /apex/com.android.runtime/lib/bionic/libc.so (__libc_init+54) (BuildId: cc194ef76ee932851b23cc2e4f46d55f)
01-01 08:07:11.078 0 0 I init : Untracked pid 12146 exited with status 0
05-11 11:34:03.034 1508 1779 I BootReceiver: Copying /data/tombstones/tombstone_18 to DropBox (SYSTEM_TOMBSTONE)
05-11 11:34:03.034 1508 1779 I DropBoxManagerService: add tag=SYSTEM_TOMBSTONE isTagEnabled=true flags=0x6
01-01 08:07:11.080 0 0 I init : Untracked pid 12148 exited with status 0
05-11 11:34:03.039 1508 1779 E NativeTombstoneManager: Tombstone's UID (1041) not an app, ignoring
05-11 11:34:03.040 1508 1779 I DropBoxManagerService: add tag=SYSTEM_TOMBSTONE_PROTO isTagEnabled=true flags=0x4
05-11 11:34:03.943 10281 10290 F libc : Fatal signal 6 (SIGABRT), code -1 (SI_QUEUE) in tid 10290 (TimeCheckThread), pid 10281 (audioserver)
01-01 08:07:12.065 0 0 W audit : audit_lost=8601 audit_rate_limit=5 audit_backlog_limit=64
01-01 08:07:12.065 0 0 E audit : rate limit exceeded
05-11 11:34:04.035 12153 12153 F DEBUG : *** *** *** *** *** *** *** *** *** *** *** *** *** *** *** ***
05-11 11:34:04.035 12153 12153 F DEBUG : Build fingerprint: 'HiPhi/PassengerDisplay_CN/PassengerDisplay:12/SKQ1.220201.001/3289:user/test-keys'
05-11 11:34:04.035 12153 12153 F DEBUG : Revision: '0'
05-11 11:34:04.036 12153 12153 F DEBUG : ABI: 'arm64'
05-11 11:34:04.036 12153 12153 F DEBUG : Timestamp: 2023-05-11 11:34:03.967631871+0800
05-11 11:34:04.036 12153 12153 F DEBUG : Process uptime: 0s
05-11 11:34:04.036 12153 12153 F DEBUG : Cmdline: /system/bin/audioserver
05-11 11:34:04.036 12153 12153 F DEBUG : pid: 10281, tid: 10290, name: TimeCheckThread >>> /system/bin/audioserver <<<
05-11 11:34:04.036 12153 12153 F DEBUG : uid: 1041
05-11 11:34:04.036 12153 12153 F DEBUG : signal 6 (SIGABRT), code -1 (SI_QUEUE), fault addr --------
05-11 11:34:04.036 12153 12153 F DEBUG : Abort message: 'TimeCheck timeout for IAudioPolicyService command 5'
05-11 11:34:04.036 12153 12153 F DEBUG : x0 0000000000000000 x1 0000000000002832 x2 0000000000000006 x3 00000075f8b6c530
05-11 11:34:04.036 12153 12153 F DEBUG : x4 686b6e4f6e686374 x5 686b6e4f6e686374 x6 686b6e4f6e686374 x7 7f7f7f7f7f7f7f7f
05-11 11:34:04.036 12153 12153 F DEBUG : x8 00000000000000f0 x9 bbad418a54ec6b21 x10 0000000000000000 x11 ffffff80ffffffdf
05-11 11:34:04.036 12153 12153 F DEBUG : x12 0000000000000001 x13 0000000000000034 x14 00000075f8b6c6c0 x15 0000000034155555
05-11 11:34:04.036 12153 12153 F DEBUG : x16 0000007921fc2060 x17 0000007921f9e560 x18 00000075f7d8e000 x19 0000000000002829
05-11 11:34:04.036 12153 12153 F DEBUG : x20 0000000000002832 x21 00000000ffffffff x22 b40000763de4da50 x23 b40000761de3fa54
05-11 11:34:04.036 12153 12153 F DEBUG : x24 b40000761de3fa54 x25 00000075f8b6ccb0 x26 00000075f8b6cff8 x27 00000000000fc000
05-11 11:34:04.036 12153 12153 F DEBUG : x28 00000075f8a74000 x29 00000075f8b6c5b0
05-11 11:34:04.036 12153 12153 F DEBUG : lr 0000007921f4e95c sp 00000075f8b6c510 pc 0000007921f4e988 pst 0000000000001000
05-11 11:34:04.036 12153 12153 F DEBUG : backtrace:
05-11 11:34:04.036 12153 12153 F DEBUG : #00 pc 0000000000051988 /apex/com.android.runtime/lib64/bionic/libc.so (abort+168) (BuildId: 369edc656806aeaf384cbeb8f7a347af)
05-11 11:34:04.036 12153 12153 F DEBUG : #01 pc 00000000000063b8 /system/lib64/liblog.so (__android_log_default_aborter+16) (BuildId: 467c2038cdfa767245f9280e657fdb85)
05-11 11:34:04.036 12153 12153 F DEBUG : #02 pc 0000000000006f14 /system/lib64/liblog.so (__android_log_assert+312) (BuildId: 467c2038cdfa767245f9280e657fdb85)
05-11 11:34:04.036 12153 12153 F DEBUG : #03 pc 0000000000035294 /system/lib64/libmediautils.so (android::TimeCheck::TimeCheckThread::threadLoop()+908) (BuildId: d1ac2ddd5dabaddcca37691821970832)
05-11 11:34:04.036 12153 12153 F DEBUG : #04 pc 0000000000013654 /system/lib64/libutils.so (android::Thread::_threadLoop(void*)+464) (BuildId: b940f836006eead456c936e97e64d2d4)
05-11 11:34:04.036 12153 12153 F DEBUG : #05 pc 0000000000012de8 /system/lib64/libutils.so (thread_data_t::trampoline(thread_data_t const*)+408) (BuildId: b940f836006eead456c936e97e64d2d4)
05-11 11:34:04.036 12153 12153 F DEBUG : #06 pc 00000000000b6a24 /apex/com.android.runtime/lib64/bionic/libc.so (__pthread_start(void*)+264) (BuildId: 369edc656806aeaf384cbeb8f7a347af)
05-11 11:34:04.036 12153 12153 F DEBUG : #07 pc 00000000000532bc /apex/com.android.runtime/lib64/bionic/libc.so (__start_thread+68) (BuildId: 369edc656806aeaf384cbeb8f7a347af)
05-11 11:34:04.045 1508 1935 W NativeCrashListener: Couldn't find ProcessRecord for pid 10281
05-11 11:34:04.048 1508 1779 I BootReceiver: Copying /data/tombstones/tombstone_19 to DropBox (SYSTEM_TOMBSTONE)
05-11 11:34:04.048 1508 1779 I DropBoxManagerService: add tag=SYSTEM_TOMBSTONE isTagEnabled=true flags=0x6
01-01 08:07:12.095 0 0 I init : Untracked pid 12153 exited with status 0
01-01 08:07:12.097 0 0 I binder : release 10281:10291 transaction 578403 in, still active
01-01 08:07:12.097 0 0 I binder : send failed reply for transaction 578403 to 1508:1839
01-01 08:07:12.097 0 0 I binder : release 10281:10336 transaction 578332 in, still active
01-01 08:07:12.097 0 0 I binder : send failed reply for transaction 578332 to 10407:10439
01-01 08:07:12.097 0 0 I binder : release 10281:10338 transaction 578416 in, still active
01-01 08:07:12.097 0 0 I binder : send failed reply for transaction 578416 to 1508:1840
01-01 08:07:12.099 0 0 I init : Untracked pid 12155 exited with status 0
01-01 08:07:12.099 0 0 I binder : release 10281:10299 transaction 581460 out, still active
05-11 11:34:04.054 1508 8281 E AppOps : Operation not started: uid=10096 pkg=com.tencent.mm(null) op=RECORD_AUDIO
01-01 08:07:12.099 0 0 I init : Service 'audioserver' (pid 10281) received signal 6
01-01 08:07:12.099 0 0 I init : Sending signal 9 to service 'audioserver' (pid 10281) process group...
01-01 08:07:12.100 0 0 I libprocessgroup: Successfully killed process cgroup uid 1041 pid 10281 in 0ms
01-01 08:07:12.100 0 0 I init : Sending signal 9 to service 'vendor.audio-hal' (pid 10146) process group...
05-11 11:34:04.057 1508 1779 E NativeTombstoneManager: Tombstone's UID (1041) not an app, ignoring
05-11 11:34:04.057 1508 1779 I DropBoxManagerService: add tag=SYSTEM_TOMBSTONE_PROTO isTagEnabled=true flags=0x4
01-01 08:07:12.105 0 0 I libprocessgroup: Successfully killed process cgroup uid 1041 pid 10146 in 5ms
01-01 08:07:12.301 0 0 E msm_pcm_playback_close: CMD_EOS failed, cmd_pending 0x8
01-01 08:07:12.309 0 0 I init : Command 'restart vendor.audio-hal' action=onrestart (:1) took 209ms and succeeded
01-01 08:07:12.314 0 0 E q6asm_callback: cmd = 0x10bce returned error = 0xa
01-01 08:07:12.314 0 0 E __q6asm_cmd: DSP returned error[ADSP_ENOTREADY] opcode 68558
01-01 08:07:12.314 0 0 I afe_close: port_id = 0x9000
01-01 08:07:12.351 0 0 I binder : 12162:12162 ioctl 40046210 7fecd585d4 returned -22
01-01 08:07:12.351 0 0 I binder : 12162:12162 ioctl 40046210 7fecd585f4 returned -22
01-01 08:07:12.356 0 0 I afe_close: port_id = 0x400e
01-01 08:07:12.356 0 0 I binder_alloc: 10146: binder_alloc_buf, no vma
01-01 08:07:12.356 0 0 I binder : 12162:12162 transaction failed 29189/-3, size 32-0 line 3240
01-01 08:07:12.356 0 0 I binder_alloc: 10146: binder_alloc_buf, no vma
01-01 08:07:12.356 0 0 I binder : 12162:12162 transaction failed 29189/-3, size 32-0 line 3240
01-01 08:07:12.360 0 0 I btfm_slim_disable_ch: port:16, grp: 0, ch->grph:0x0, ch->ch_hdl:0x1d
01-01 08:07:12.366 0 0 I binder : release 10146:10344 transaction 581460 in, still active
01-01 08:07:12.366 0 0 I binder : send failed reply for transaction 581460, target dead
01-01 08:07:12.866 0 0 E : msm_qti_pp_get_rms_value_control, back not active to query rms be_idx:3
01-01 08:07:12.874 0 0 I core_get_license_status: cmdrsp_license_result.result = 0x15 for module 0x131ff
01-01 08:07:12.874 0 0 E msm_ext_disp_update_audio_ops: Display not found (EXT_DISPLAY_TYPE_DP) ctld (0) stream (0)
01-01 08:07:12.874 0 0 E msm_ext_disp_update_audio_ops: Display not found (EXT_DISPLAY_TYPE_HDMI) ctld (0) stream (0)
01-01 08:07:12.874 0 0 E msm_ext_disp_update_audio_ops: Display not found (EXT_DISPLAY_TYPE_DP) ctld (0) stream (0)
01-01 08:07:12.874 0 0 E msm_ext_disp_update_audio_ops: Display not found (EXT_DISPLAY_TYPE_DP) ctld (0) stream (0)
01-01 08:07:12.874 0 0 E msm_ext_disp_update_audio_ops: Display not found (EXT_DISPLAY_TYPE_DP) ctld (0) stream (0)
01-01 08:07:12.874 0 0 E msm-ext-disp-audio-codec-rx soc: qcom,msm-ext-disp:qcom,msm-ext-disp-audio-codec-rx: msm_ext_disp_audio_type_get: get_audio_edid_blk() or get_intf_id is NULL
01-01 08:07:12.875 0 0 E msm_ext_disp_update_audio_ops: Display not found (EXT_DISPLAY_TYPE_DP) ctld (0) stream (0)
01-01 08:07:12.875 0 0 E msm-ext-disp-audio-codec-rx soc: qcom,msm-ext-disp:qcom,msm-ext-disp-audio-codec-rx: msm_ext_disp_audio_type_get: get_audio_edid_blk() or get_intf_id is NULL
01-01 08:07:12.875 0 0 E msm_ext_disp_update_audio_ops: Display not found (EXT_DISPLAY_TYPE_DP) ctld (0) stream (0)
01-01 08:07:12.875 0 0 E msm-ext-disp-audio-codec-rx soc: qcom,msm-ext-disp:qcom,msm-ext-disp-audio-codec-rx: msm_ext_disp_audio_type_get: get_audio_edid_blk() or get_intf_id is NULL
01-01 08:07:12.875 0 0 E msm-ext-disp-audio-codec-rx soc: qcom,msm-ext-disp:qcom,msm-ext-disp-audio-codec-rx: msm_ext_disp_audio_device_get: invalid dai id: 4
01-01 08:07:12.887 0 0 E msm_pcm_chmap_ctl_get: substream ref_count:0 invalid
01-01 08:07:12.904 0 0 E : msm_pcm_volume_ctl_get substream not found
01-01 08:07:12.908 0 0 E msm_pcm_chmap_ctl_get: substream ref_count:0 invalid
01-01 08:07:12.920 0 0 E msm_pcm_chmap_ctl_get: substream ref_count:0 invalid
05-11 11:34:05.637 1508 1799 I WindowManager: ANR in com.tencent.mm/com.tencent.mm.plugin.voip.ui.VideoActivity. Reason:13e976a com.tencent.mm/com.tencent.mm.plugin.voip.ui.VideoActivity (server) is not responding. Waited 5003ms for FocusEvent(hasFocus=false)
05-11 11:34:05.656 1508 1799 D CompatibilityChangeReporter: Compat change id reported: 174042980; UID 10096; state: DISABLED
05-11 11:34:05.656 1508 1799 D CompatibilityChangeReporter: Compat change id reported: 184838306; UID 10096; state: DISABLED
05-11 11:34:05.656 1508 1799 D CompatibilityChangeReporter: Compat change id reported: 185004937; UID 10096; state: DISABLED
05-11 11:34:05.657 1508 1799 D CompatibilityChangeReporter: Compat change id reported: 174042980; UID 10107; state: DISABLED
05-11 11:34:05.657 1508 1799 D CompatibilityChangeReporter: Compat change id reported: 181136395; UID 10107; state: DISABLED
05-11 11:34:05.658 1508 1799 D CompatibilityChangeReporter: Compat change id reported: 174042936; UID 10107; state: DISABLED
05-11 11:34:05.658 1508 1799 D CompatibilityChangeReporter: Compat change id reported: 184838306; UID 10107; state: DISABLED
05-11 11:34:05.658 1508 1799 D CompatibilityChangeReporter: Compat change id reported: 185004937; UID 10107; state: DISABLED
05-11 11:34:05.671 1508 1799 I WindowManager: ANR in StatusBar. Reason:2a33c0a StatusBar (server) is not responding. Waited 5000ms for MotionEvent(deviceId=4, eventTime=426017604000, source=0x00005002, displayId=0, action=MOVE, actionButton=0x00000000, flags=0x00000000, metaState=0x00000000, buttonState=0x00000000, classification=NONE, edgeFlags=0x00000000, xPrecision=1.0, yPrecision=1.0, xCursorPosition=nan, yCursorPosition=nan, pointers=[0: (2232.0, 113.0)]), policyFlags=0x62000000
05-11 11:34:05.712 1508 12180 I ActivityManager: dumpStackTraces pids={1894=true, 2450=true, 2472=true, 2491=true, 2579=true, 2590=true, 2644=true, 2831=true, 3171=true, 3174=true, 3191=true, 3267=true, 3294=true, 3357=true, 3407=true, 3484=true, 3555=true, 3598=true, 3649=true, 4085=true, 4194=true, 4244=true, 4286=true, 4308=true, 4331=true, 4362=true, 4567=true, 4602=true, 4689=true, 4923=true, 4996=true, 5077=true, 5285=true, 5380=true, 5684=true, 6161=true, 6386=true, 6425=true, 6551=true, 11018=true, 11497=true, 11498=true} nativepids=[832, 1377, 834, 1315, 1187, 836, 1894, 12168, 584, 841, 585, 939, 684, 685, 1199, 560, 1200, 1201, 851, 1236, 822, 1174, 889, 830]
05-11 11:34:05.713 1508 1799 I WindowManager: ANR in gesture monitor owned by pid:1912. Reason: edge-swipe (server) is not responding. Waited 5001ms for MotionEvent(deviceId=4, eventTime=426058208000, source=0x00005002, displayId=0, action=MOVE, actionButton=0x00000000, flags=0x00000000, metaState=0x00000000, buttonState=0x00000000, classification=NONE, edgeFlags=0x00000000, xPrecision=1.0, yPrecision=1.0, xCursorPosition=nan, yCursorPosition=nan, pointers=[0: (2138.0, 181.0)]), policyFlags=0x62000000
05-11 11:34:06.071 1508 12180 I ActivityManager: Skipping next CPU consuming process, not a java proc: 1508
05-11 11:34:06.071 1508 12180 I ActivityManager: Skipping next CPU consuming process, not a java proc: 851
05-11 11:34:06.071 1508 12180 I ActivityManager: Skipping next CPU consuming process, not a java proc: 939
05-11 11:34:06.072 1508 12180 I ActivityManager: Skipping next CPU consuming process, not a java proc: 277
05-11 11:34:06.072 1508 12180 I ActivityManager: Skipping next CPU consuming process, not a java proc: 287
05-11 11:34:06.072 1508 12180 I ActivityManager: Skipping next CPU consuming process, not a java proc: 395
05-11 11:34:06.072 1508 12180 I ActivityManager: Skipping next CPU consuming process, not a java proc: 516
05-11 11:34:06.072 1508 12180 I ActivityManager: Skipping next CPU consuming process, not a java proc: 1201
05-11 11:34:06.072 1508 12180 I ActivityManager: Skipping next CPU consuming process, not a java proc: 1912
05-11 11:34:06.072 1508 12180 I ActivityManager: Skipping next CPU consuming process, not a java proc: 3003
05-11 11:34:06.072 1508 12180 I ActivityManager: Dumping to /data/anr/anr_2023-05-11-11-34-06-072
05-11 11:34:06.072 1508 12180 I ActivityManager: Collecting stacks for pid 10407
05-11 11:34:06.095 1508 8281 W ActivityManager: Missing app error report, app = com.tencent.mm crashing = false notResponding = true
01-01 08:07:14.281 0 0 E link_delay_work_func: DTC_ETH: SQI=0, link=0
05-11 11:34:06.437 1508 12180 I ActivityManager: Collecting stacks for pid 1508
05-11 11:34:06.549 1508 12180 I ActivityManager: Collecting stacks for pid 3138
05-11 11:34:06.571 1508 12180 I ActivityManager: Collecting stacks for pid 3109
05-11 11:34:06.591 1508 12180 I ActivityManager: Collecting stacks for pid 3074
05-11 11:34:06.614 1508 12180 I ActivityManager: Collecting stacks for pid 3072
05-11 11:34:06.630 1508 12180 I ActivityManager: Collecting stacks for pid 3045
05-11 11:34:06.631 1508 12158 W ActivityManager: Background start not allowed: service Intent { cmp=com.tencent.android.qqdownloader/com.tencent.assistant.sdk.SDKSupportService (has extras) } to com.tencent.android.qqdownloader/com.tencent.assistant.sdk.SDKSupportService from pid=3267 uid=10094 pkg=com.tencent.android.qqdownloader startFg?=false
05-11 11:34:06.643 1508 12158 W ActivityManager: Background start not allowed: service Intent { cmp=com.tencent.android.qqdownloader/com.tencent.assistant.sdk.SDKSupportService (has extras) } to com.tencent.android.qqdownloader/com.tencent.assistant.sdk.SDKSupportService from pid=3267 uid=10094 pkg=com.tencent.android.qqdownloader startFg?=false
05-11 11:34:06.653 1508 12180 I ActivityManager: Collecting stacks for pid 3008
05-11 11:34:06.662 1508 12158 W ActivityManager: Background start not allowed: service Intent { cmp=com.tencent.android.qqdownloader/com.tencent.assistant.sdk.SDKSupportService (has extras) } to com.tencent.android.qqdownloader/com.tencent.assistant.sdk.SDKSupportService from pid=3267 uid=10094 pkg=com.tencent.android.qqdownloader startFg?=false
05-11 11:34:06.668 1508 12158 W ActivityManager: Background start not allowed: service Intent { cmp=com.tencent.android.qqdownloader/com.tencent.assistant.sdk.SDKSupportService (has extras) } to com.tencent.android.qqdownloader/com.tencent.assistant.sdk.SDKSupportService from pid=3267 uid=10094 pkg=com.tencent.android.qqdownloader startFg?=false
05-11 11:34:06.673 1508 12180 I ActivityManager: Collecting stacks for pid 3003
05-11 11:34:06.869 1508 12180 I ActivityManager: Collecting stacks for pid 2777
05-11 11:34:06.889 1508 12180 I ActivityManager: Collecting stacks for pid 2430
05-11 11:34:06.913 1508 12180 I ActivityManager: Collecting stacks for pid 4062
05-11 11:34:06.928 1508 12180 I ActivityManager: Collecting stacks for pid 2374
05-11 11:34:06.947 1508 12180 I ActivityManager: Collecting stacks for pid 2385
05-11 11:34:06.967 1508 12180 I ActivityManager: Collecting stacks for pid 2339
05-11 11:34:06.990 1508 12180 I ActivityManager: Collecting stacks for pid 2305
05-11 11:34:07.011 1508 12180 I ActivityManager: Collecting stacks for pid 2285
05-11 11:34:07.029 1508 12180 I ActivityManager: Collecting stacks for pid 2255
05-11 11:34:07.047 1508 12180 I ActivityManager: Collecting stacks for pid 2239
05-11 11:34:07.067 1508 12180 I ActivityManager: Collecting stacks for pid 2246
05-11 11:34:07.087 1508 12180 I ActivityManager: Collecting stacks for pid 2180
05-11 11:34:07.096 1508 10965 W ActivityManager: Missing app error report, app = com.tencent.mm crashing = false notResponding = true
05-11 11:34:07.104 1508 12180 I ActivityManager: Collecting stacks for pid 2141
05-11 11:34:07.126 1508 12180 I ActivityManager: Collecting stacks for pid 2144
05-11 11:34:07.152 1508 12180 I ActivityManager: Collecting stacks for pid 2151
05-11 11:34:07.178 1508 12180 I ActivityManager: Collecting stacks for pid 2135
05-11 11:34:07.196 1508 12180 I ActivityManager: Collecting stacks for pid 2031
05-11 11:34:07.239 1508 12180 I ActivityManager: Collecting stacks for pid 1912
05-11 11:34:07.353 1508 12180 I ActivityManager: Collecting stacks for native pid 832
05-11 11:34:07.364 1508 12180 I ActivityManager: Collecting stacks for native pid 1377
05-11 11:34:07.380 1508 12180 I ActivityManager: Collecting stacks for native pid 834
05-11 11:34:07.391 1508 12180 I ActivityManager: Collecting stacks for native pid 1315
05-11 11:34:07.443 1508 12180 I ActivityManager: Collecting stacks for native pid 1187
05-11 11:34:07.465 1508 12180 I ActivityManager: Collecting stacks for native pid 836
05-11 11:34:07.487 1508 12180 I ActivityManager: Collecting stacks for native pid 1894
05-11 11:34:07.669 1508 12180 I ActivityManager: Collecting stacks for native pid 12168
05-11 11:34:07.693 1508 12180 I ActivityManager: Collecting stacks for native pid 584
05-11 11:34:07.707 1508 12180 I ActivityManager: Collecting stacks for native pid 841
05-11 11:34:07.746 1508 12180 I ActivityManager: Collecting stacks for native pid 585
05-11 11:34:07.764 1508 12180 I ActivityManager: Collecting stacks for native pid 939
05-11 11:34:07.852 1508 12180 I ActivityManager: Collecting stacks for native pid 684
05-11 11:34:07.886 1508 12180 I ActivityManager: Collecting stacks for native pid 685
05-11 11:34:07.914 1508 12180 I ActivityManager: Collecting stacks for native pid 1199
05-11 11:34:07.943 1508 12180 I ActivityManager: Collecting stacks for native pid 560
05-11 11:34:07.961 1508 12180 I ActivityManager: Collecting stacks for native pid 1200
05-11 11:34:07.982 1508 12180 I ActivityManager: Collecting stacks for native pid 1201
05-11 11:34:08.029 1508 12180 I ActivityManager: Collecting stacks for native pid 851
05-11 11:34:08.096 1508 12180 I ActivityManager: Collecting stacks for native pid 1236
05-11 11:34:08.096 1508 10965 W ActivityManager: Missing app error report, app = com.tencent.mm crashing = false notResponding = true
01-01 08:07:16.144 0 0 I init : Untracked pid 12276 exited with status 0
01-01 08:07:16.148 0 0 I init : Untracked pid 12278 exited with status 0
05-11 11:34:08.247 1508 12180 I ActivityManager: Collecting stacks for native pid 822
01-01 08:07:16.311 0 0 I init : Untracked pid 12281 exited with status 0
05-11 11:34:08.267 1508 12180 I ActivityManager: Collecting stacks for native pid 1174
01-01 08:07:16.312 0 0 I init : Untracked pid 12283 exited with status 0
01-01 08:07:16.334 0 0 I init : Untracked pid 12286 exited with status 0
01-01 08:07:16.335 0 0 I init : Untracked pid 12288 exited with status 0
05-11 11:34:08.290 1508 12180 I ActivityManager: Collecting stacks for native pid 889
05-11 11:34:08.367 1508 12180 I ActivityManager: Collecting stacks for native pid 830
05-11 11:34:08.395 1508 12180 I ActivityManager: Collecting stacks for extra pid 11018
01-01 08:07:16.440 0 0 I init : Untracked pid 12291 exited with status 0
01-01 08:07:16.441 0 0 I init : Untracked pid 12293 exited with status 0
01-01 08:07:16.782 0 0 W audit : audit_lost=8607 audit_rate_limit=5 audit_backlog_limit=64
01-01 08:07:16.782 0 0 E audit : rate limit exceeded
01-01 08:07:16.871 0 0 E init : Control message: Could not find 'vendor.qti.hardware.bluetooth_audio@2.0::IBluetoothAudioProvidersFactory/default' for ctl.interface_start from pid: 519 (/system/bin/hwservicemanager)
05-11 11:34:08.857 1508 12180 I ActivityManager: Collecting stacks for extra pid 3267
05-11 11:34:08.938 1508 12180 I ActivityManager: Collecting stacks for extra pid 4996
05-11 11:34:09.097 1508 10965 W ActivityManager: Missing app error report, app = com.tencent.mm crashing = false notResponding = true
05-11 11:34:09.112 1508 12180 I ActivityManager: Collecting stacks for extra pid 5077
01-01 08:07:17.313 0 0 I init : starting service 'audioserver'...
01-01 08:07:17.356 0 0 I binder : 12297:12297 ioctl 40046210 7fc2f0e7f4 returned -22
01-01 08:07:17.356 0 0 I binder : 12297:12297 ioctl 40046210 7fc2f0e814 returned -22
05-11 11:34:09.553 1508 12180 I ActivityManager: Collecting stacks for extra pid 6551
01-01 08:07:17.852 0 0 E : msm_qti_pp_get_rms_value_control, back not active to query rms be_idx:3
01-01 08:07:17.860 0 0 I core_get_license_status: cmdrsp_license_result.result = 0x15 for module 0x131ff
01-01 08:07:17.861 0 0 E msm_ext_disp_update_audio_ops: Display not found (EXT_DISPLAY_TYPE_DP) ctld (0) stream (0)
01-01 08:07:17.861 0 0 E msm_ext_disp_update_audio_ops: Display not found (EXT_DISPLAY_TYPE_HDMI) ctld (0) stream (0)
01-01 08:07:17.861 0 0 E msm_ext_disp_update_audio_ops: Display not found (EXT_DISPLAY_TYPE_DP) ctld (0) stream (0)
01-01 08:07:17.861 0 0 E msm_ext_disp_update_audio_ops: Display not found (EXT_DISPLAY_TYPE_DP) ctld (0) stream (0)
01-01 08:07:17.861 0 0 E msm_ext_disp_update_audio_ops: Display not found (EXT_DISPLAY_TYPE_DP) ctld (0) stream (0)
01-01 08:07:17.861 0 0 E msm-ext-disp-audio-codec-rx soc: qcom,msm-ext-disp:qcom,msm-ext-disp-audio-codec-rx: msm_ext_disp_audio_type_get: get_audio_edid_blk() or get_intf_id is NULL
01-01 08:07:17.861 0 0 E msm_ext_disp_update_audio_ops: Display not found (EXT_DISPLAY_TYPE_DP) ctld (0) stream (0)
01-01 08:07:17.861 0 0 E msm-ext-disp-audio-codec-rx soc: qcom,msm-ext-disp:qcom,msm-ext-disp-audio-codec-rx: msm_ext_disp_audio_type_get: get_audio_edid_blk() or get_intf_id is NULL
01-01 08:07:17.861 0 0 E msm_ext_disp_update_audio_ops: Display not found (EXT_DISPLAY_TYPE_DP) ctld (0) stream (0)
01-01 08:07:17.861 0 0 E msm-ext-disp-audio-codec-rx soc: qcom,msm-ext-disp:qcom,msm-ext-disp-audio-codec-rx: msm_ext_disp_audio_type_get: get_audio_edid_blk() or get_intf_id is NULL
01-01 08:07:17.862 0 0 E msm-ext-disp-audio-codec-rx soc: qcom,msm-ext-disp:qcom,msm-ext-disp-audio-codec-rx: msm_ext_disp_audio_device_get: invalid dai id: 4
01-01 08:07:17.873 0 0 E msm_pcm_chmap_ctl_get: substream ref_count:0 invalid
01-01 08:07:17.890 0 0 E : msm_pcm_volume_ctl_get substream not found
01-01 08:07:17.894 0 0 E msm_pcm_chmap_ctl_get: substream ref_count:0 invalid
01-01 08:07:17.906 0 0 E msm_pcm_chmap_ctl_get: substream ref_count:0 invalid
05-11 11:34:10.098 1508 10965 W ActivityManager: Missing app error report, app = com.tencent.mm crashing = false notResponding = true
01-01 08:07:18.170 0 0 E HL6111R : is_dc_online: DC psy unavailable
01-01 08:07:18.506 0 0 I afe_find_cal_topo_id_by_port: port id: 0x9000, dev_acdb_id: 15
01-01 08:07:18.506 0 0 I afe_find_cal_topo_id_by_port: top_id:112fc acdb_id:15 afe_port_id:0x9000
01-01 08:07:18.506 0 0 I afe_get_cal_topology_id: port_id = 0x9000 acdb_id = 15 topology_id = 0x112fc cal_type_index=8 ret=0
01-01 08:07:18.506 0 0 I afe_send_port_topology_id: AFE set topology id 0x112fc enable for port 0x9000 ret 0
01-01 08:07:18.506 0 0 I send_afe_cal_type: cal_index is 0
01-01 08:07:18.506 0 0 I send_afe_cal_type: dev_acdb_id[55] is 15
01-01 08:07:18.506 0 0 I afe_find_cal: cal_index 0 port_id 0x9000 port_index 55
01-01 08:07:18.506 0 0 I afe_find_cal: acdb_id 15 dev_acdb_id 15 sample_rate 48000 afe_sample_rates 48000
01-01 08:07:18.506 0 0 I afe_find_cal: cal block is a match, size is 0
01-01 08:07:18.506 0 0 I send_afe_cal_type: Sending cal_index cal 0
01-01 08:07:18.506 0 0 E send_afe_cal_type: No cal sent for cal_index 0, port_id = 0x9000! ret -22
01-01 08:07:18.506 0 0 I afe_send_hw_delay: port_id 0x9000 rate 48000 delay_usec 474 status 0
05-11 11:34:11.007 1508 1508 I Telecom : WiredHeadsetManager: ACTION_HEADSET_PLUG event, plugged in: false, : WHC.oADR@AD0
05-11 11:34:11.082 1508 10967 I ActivityTaskManager: FOREGROUND_APPLICATION_CHANGED to com.onevcat.uniwebview.AndroidPlugin
05-11 11:34:11.099 1508 10967 W ActivityManager: Missing app error report, app = com.tencent.mm crashing = false notResponding = true
05-11 11:34:11.158 1508 10967 D CompatibilityChangeReporter: Compat change id reported: 171306433; UID 10096; state: DISABLED
01-01 08:07:19.401 0 0 E link_delay_work_func: DTC_ETH: SQI=0, link=0
05-11 11:34:12.127 1508 10965 W ActivityManager: Missing app error report, app = com.tencent.mm crashing = false notResponding = true
01-01 08:07:21.003 0 0 I msm_vidc: err : ffffffff: .....: DBLP Set: status 0
05-11 11:34:13.160 1508 10965 W ActivityManager: Missing app error report, app = com.tencent.mm crashing = false notResponding = true
05-11 11:34:14.182 1508 10965 W ActivityManager: Missing app error report, app = com.tencent.mm crashing = false notResponding = true
05-11 11:34:15.223 1508 10965 W ActivityManager: Missing app error report, app = com.tencent.mm crashing = false notResponding = true
05-11 11:34:16.261 1508 10965 W ActivityManager: Missing app error report, app = com.tencent.mm crashing = false notResponding = true
01-01 08:07:24.521 0 0 E link_delay_work_func: DTC_ETH: SQI=0, link=0
05-11 11:34:17.293 1508 10965 W ActivityManager: Missing app error report, app = com.tencent.mm crashing = false notResponding = true
05-11 11:34:18.295 1508 10797 W ActivityManager: Missing app error report, app = com.tencent.mm crashing = false notResponding = true
05-11 11:34:19.327 1508 10797 W ActivityManager: Missing app error report, app = com.tencent.mm crashing = false notResponding = true
05-11 11:34:19.453 1508 1508 I Telecom : WiredHeadsetManager: ACTION_HEADSET_PLUG event, plugged in: false, : WHC.oADA@AD4
05-11 11:34:19.453 1508 1508 W Looper : Slow dispatch took 2054ms main h=android.media.AudioManager$NativeEventHandlerDelegate$1 c=null m=1
05-11 11:34:19.564 1508 12180 W ActivityManager: Dumping Java threads failed, initiating native stack dump.
05-11 11:34:20.161 1508 12180 I ActivityManager: Done dumping
05-11 11:34:20.184 1508 12180 E ActivityManager: ANR in com.tencent.mm (com.tencent.mm/.plugin.voip.ui.VideoActivity)
05-11 11:34:20.184 1508 12180 E ActivityManager: PID: 10407
05-11 11:34:20.184 1508 12180 E ActivityManager: Reason: Input dispatching timed out (13e976a com.tencent.mm/com.tencent.mm.plugin.voip.ui.VideoActivity (server) is not responding. Waited 5003ms for FocusEvent(hasFocus=false))
05-11 11:34:20.184 1508 12180 E ActivityManager: Parent: com.tencent.mm/.plugin.voip.ui.VideoActivity
05-11 11:34:20.184 1508 12180 E ActivityManager: ErrorId: 6158f721-a7e1-4306-8ccf-accc3fbc599c
05-11 11:34:20.184 1508 12180 E ActivityManager: Frozen: false
05-11 11:34:20.184 1508 12180 E ActivityManager: Load: 2.24 / 2.47 / 1.42
05-11 11:34:20.184 1508 12180 E ActivityManager: ----- Output from /proc/pressure/memory -----
05-11 11:34:20.184 1508 12180 E ActivityManager: some avg10=0.00 avg60=0.00 avg300=0.00 total=442908
05-11 11:34:20.184 1508 12180 E ActivityManager: full avg10=0.00 avg60=0.00 avg300=0.00 total=116923
05-11 11:34:20.184 1508 12180 E ActivityManager: ----- End output from /proc/pressure/memory -----
05-11 11:34:20.184 1508 12180 E ActivityManager:
05-11 11:34:20.184 1508 12180 E ActivityManager: CPU usage from 0ms to 14500ms later (2023-05-11 11:34:05.661 to 2023-05-11 11:34:20.161):
05-11 11:34:20.184 1508 12180 E ActivityManager: 23% 10407/com.tencent.mm: 19% user + 4% kernel / faults: 51559 minor
05-11 11:34:20.184 1508 12180 E ActivityManager: 13% 11018/com.qqgame.happymj: 9.6% user + 3.4% kernel / faults: 4189 minor
05-11 11:34:20.184 1508 12180 E ActivityManager: 10% 939/surfaceflinger: 8.2% user + 2% kernel / faults: 1418 minor
05-11 11:34:20.184 1508 12180 E ActivityManager: 7.5% 851/vendor.qti.hardware.display.composer-service: 5.5% user + 2% kernel / faults: 494 minor
05-11 11:34:20.184 1508 12180 E ActivityManager: 6% 11498/com.tencent.mm:appbrand1: 4.8% user + 1.1% kernel / faults: 15288 minor
05-11 11:34:20.184 1508 12180 E ActivityManager: 5.5% 1508/system_server: 2.8% user + 2.7% kernel / faults: 6390 minor 1 major
05-11 11:34:20.184 1508 12180 E ActivityManager: 5.5% 11497/com.tencent.mm:appbrand0: 4.2% user + 1.3% kernel / faults: 9790 minor
05-11 11:34:20.184 1508 12180 E ActivityManager: 4.2% 5077/com.wandoujia.phoenix2: 2.6% user + 1.6% kernel / faults: 1061 minor
05-11 11:34:20.184 1508 12180 E ActivityManager: 4% 4996/com.wandoujia.phoenix2:aid: 3% user + 0.9% kernel / faults: 1216 minor
05-11 11:34:20.184 1508 12180 E ActivityManager: 3.6% 12168/android.hardware.audio.service: 0.4% user + 3.1% kernel / faults: 2416 minor
05-11 11:34:20.184 1508 12180 E ActivityManager: 2.9% 516/logd: 0.4% user + 2.5% kernel / faults: 70 minor
05-11 11:34:20.184 1508 12180 E ActivityManager: 2.7% 3003/com.hht.lebocast: 1.7% user + 0.9% kernel / faults: 1813 minor
05-11 11:34:20.184 1508 12180 E ActivityManager: 2.5% 1236/media.codec: 1.3% user + 1.1% kernel / faults: 6246 minor
05-11 11:34:20.184 1508 12180 E ActivityManager: 2.1% 4689/com.tencent.mm:push: 1.7% user + 0.3% kernel / faults: 4094 minor
05-11 11:34:20.184 1508 12180 E ActivityManager: 1.8% 1912/com.android.systemui: 1.5% user + 0.3% kernel / faults: 1620 minor
05-11 11:34:20.184 1508 12180 E ActivityManager: 1.5% 290/kworker/u16:8-kverityd: 0% user + 1.5% kernel
05-11 11:34:20.184 1508 12180 E ActivityManager: 1.4% 277/kworker/u16:5+WCNSS_CNTL: 0% user + 1.4% kernel
05-11 11:34:20.184 1508 12180 E ActivityManager: 1.3% 3484/com.tencent.android.qqdownloader:daemon: 0.6% user + 0.6% kernel / faults: 176 minor
05-11 11:34:20.184 1508 12180 E ActivityManager: 1% 101/irq/41-tsens-up: 0% user + 1% kernel
05-11 11:34:20.184 1508 12180 E ActivityManager: 0.8% 342/kworker/u16:12-kverityd: 0% user + 0.8% kernel
05-11 11:34:20.184 1508 12180 E ActivityManager: 0.8% 2801/adbd: 0.2% user + 0.6% kernel / faults: 1 minor
05-11 11:34:20.184 1508 12180 E ActivityManager: 0.8% 3267/com.tencent.android.qqdownloader:live: 0.5% user + 0.2% kernel / faults: 1180 minor
05-11 11:34:20.184 1508 12180 E ActivityManager: 0.7% 1184/cnss_diag: 0.5% user + 0.2% kernel
05-11 11:34:20.184 1508 12180 E ActivityManager: 0.6% 395/crtc_commit:125: 0% user + 0.6% kernel
05-11 11:34:20.184 1508 12180 E ActivityManager: 0.6% 1201/mediaserver: 0.2% user + 0.4% kernel / faults: 632 minor
05-11 11:34:20.184 1508 12180 E ActivityManager: 0.6% 343/kworker/u16:13-kverityd: 0% user + 0.6% kernel
05-11 11:34:20.184 1508 12180 E ActivityManager: 0.6% 358/kworker/u16:15+NPU_CNTL: 0% user + 0.6% kernel
05-11 11:34:20.184 1508 12180 E ActivityManager: 0.6% 6551/com.tencent.android.qqdownloader:wxa_container0: 0.2% user + 0.4% kernel / faults: 416 minor
05-11 11:34:20.184 1508 12180 E ActivityManager: 0.5% 711/kworker/u17:23-pil_workqueue: 0% user + 0.5% kernel
05-11 11:34:20.184 1508 12180 E ActivityManager: 0.4% 287/kgsl_worker_thr: 0% user + 0.4% kernel
05-11 11:34:20.184 1508 12180 E ActivityManager: 0.4% 889/media.hwcodec: 0.4% user + 0% kernel / faults: 3184 minor
05-11 11:34:20.184 1508 12180 E ActivityManager: 0.4% 3555/com.tencent.android.qqdownloader: 0.3% user + 0.1% kernel / faults: 68 minor
05-11 11:34:20.184 1508 12180 E ActivityManager: 0.4% 5055/logcat: 0.1% user + 0.3% kernel
05-11 11:34:20.184 1508 12180 E ActivityManager: 0.4% 709/kworker/u17:22-mhi_w: 0% user + 0.4% kernel
05-11 11:34:20.184 1508 12180 E ActivityManager: 0.4% 1211/tlog: 0.2% user + 0.2% kernel / faults: 4 minor
05-11 11:34:20.184 1508 12180 E ActivityManager: 0.3% 1315/media.swcodec: 0.1% user + 0.2% kernel / faults: 3387 minor
05-11 11:34:20.184 1508 12180 E ActivityManager: 0.3% 4470/logcat: 0.2% user + 0.1% kernel
05-11 11:34:20.184 1508 12180 E ActivityManager: 0% 643/tombstoned: 0% user + 0% kernel / faults: 1 minor
05-11 11:34:20.184 1508 12180 E ActivityManager: 0.2% 2031/com.thundercomm.gamemode: 0.2% user + 0% kernel / faults: 285 minor
05-11 11:34:20.184 1508 12180 E ActivityManager: 0.2% 584/android.system.suspend@1.0-service: 0% user + 0.1% kernel / faults: 45 minor
05-11 11:34:20.184 1508 12180 E ActivityManager: 0.2% 844/android.hardware.wifi@1.0-service: 0.1% user + 0% kernel / faults: 239 minor
05-11 11:34:20.184 1508 12180 E ActivityManager: 0.2% 1894/com.android.bluetooth: 0% user + 0.1% kernel / faults: 583 minor
05-11 11:34:20.184 1508 12180 E ActivityManager: 0.2% 2141/com.thundercomm.microsettings: 0.1% user + 0% kernel / faults: 109 minor
05-11 11:34:20.184 1508 12180 E ActivityManager: 0% 2430/com.qualcomm.qti.qdma: 0% user + 0% kernel / faults: 115 minor
05-11 11:34:20.184 1508 12180 E ActivityManager: 0.2% 2854/irq/16-90b6400.: 0% user + 0.2% kernel
05-11 11:34:20.184 1508 12180 E ActivityManager: 0.2% 2856/irq/17-9091000.: 0% user + 0.2% kernel
05-11 11:34:20.184 1508 12180 E ActivityManager: 0.2% 3598/com.tencent.android.qqdownloader:cloud: 0.1% user + 0% kernel / faults: 48 minor
05-11 11:34:20.184 1508 12180 E ActivityManager: 0.2% 6161/com.tencent.ilink.ServiceProcess: 0% user + 0.1% kernel / faults: 35 minor
05-11 11:34:20.184 1508 12180 E ActivityManager: 0.1% 1/init: 0% user + 0.1% kernel / faults: 85 minor
05-11 11:34:20.184 1508 12180 E ActivityManager: 0.1% 10/rcu_preempt: 0% user + 0.1% kernel
05-11 11:34:20.184 1508 12180 E ActivityManager: 0.1% 88/qmp_aop: 0% user + 0.1% kernel
05-11 11:34:20.184 1508 12180 E ActivityManager: 0.1% 348/kworker/7:2-sock_diag_events: 0% user + 0.1% kernel
05-11 11:34:20.184 1508 12180 E ActivityManager: 0.1% 519/hwservicemanager: 0.1% user + 0% kernel / faults: 16 minor
05-11 11:34:20.184 1508 12180 E ActivityManager: 0.1% 685/netd: 0.1% user + 0% kernel / faults: 188 minor
05-11 11:34:20.184 1508 12180 E ActivityManager: 0.1% 695/kworker/u17:8-pil_workqueue: 0% user + 0.1% kernel
05-11 11:34:20.184 1508 12180 E ActivityManager: 0.1% 1199/media.extractor: 0% user + 0% kernel / faults: 2031 minor
05-11 11:34:20.184 1508 12180 E ActivityManager: 0.1% 1475/msm_irqbalance: 0% user + 0% kernel
05-11 11:34:20.184 1508 12180 E ActivityManager: 0.1% 2144/.dataservices: 0.1% user + 0% kernel / faults: 112 minor
05-11 11:34:20.184 1508 12180 E ActivityManager: 0% 2151/.qtidataservices: 0% user + 0% kernel / faults: 132 minor
05-11 11:34:20.184 1508 12180 E ActivityManager: 0% 2239/com.tc.logclient: 0% user + 0% kernel / faults: 108 minor
05-11 11:34:20.184 1508 12180 E ActivityManager: 0.1% 2246/com.android.networkstack.process: 0.1% user + 0% kernel / faults: 147 minor
05-11 11:34:20.184 1508 12180 E ActivityManager: 0% 2285/vendor.qti.qesdk.sysservice: 0% user + 0% kernel / faults: 94 minor
05-11 11:34:20.184 1508 12180 E ActivityManager: 0% 2305/com.qti.qualcomm.mstatssystemservice: 0% user + 0% kernel / faults: 96 minor
05-11 11:34:20.184 1508 12180 E ActivityManager: 0% 2339/com.android.se: 0% user + 0% kernel / faults: 107 minor
05-11 11:34:20.184 1508 12180 E ActivityManager: 0% 2374/com.thundercomm.remotecontrolservice: 0% user + 0% kernel / faults: 105 minor
05-11 11:34:20.184 1508 12180 E ActivityManager: 0% 2385/com.thundercomm.tcservice: 0% user + 0% kernel / faults: 110 minor
05-11 11:34:20.184 1508 12180 E ActivityManager: 0% 2777/com.qualcomm.location: 0% user + 0% kernel / faults: 114 minor
05-11 11:34:20.184 1508 12180 E ActivityManager: 0% 3008/ts.car.uart: 0% user + 0% kernel / faults: 104 minor
05-11 11:34:20.184 1508 12180 E ActivityManager: 0% 3045/com.hryt.hiphishowfsecontrol: 0% user + 0% kernel / faults: 107 minor
05-11 11:34:20.184 1508 12180 E ActivityManager: 0% 3109/com.qualcomm.qti.qccnetstat: 0% user + 0% kernel / faults: 104 minor
05-11 11:34:20.184 1508 12180 E ActivityManager: 0% 3138/com.qualcomm.qti.workloadclassifier: 0% user + 0% kernel / faults: 115 minor
05-11 11:34:20.184 1508 12180 E ActivityManager: 0.1% 3399/dp_rx_thread_0: 0% user + 0.1% kernel
05-11 11:34:20.184 1508 12180 E ActivityManager: 0% 4062/com.qualcomm.qti.devicestatisticsservice: 0% user + 0% kernel / faults: 94 minor
05-11 11:34:20.184 1508 12180 E ActivityManager: 0.1% 4602/com.baidu.appsearch: 0% user + 0% kernel / faults: 59 minor
05-11 11:34:20.184 1508 12180 E ActivityManager: 0% 9/ksoftirqd/0: 0% user + 0% kernel
05-11 11:34:20.184 1508 12180 E ActivityManager: 0% 11/rcu_sched: 0% user + 0% kernel
05-11 11:34:20.184 1508 12180 E ActivityManager: 0% 13/rcuop/0: 0% user + 0% kernel
05-11 11:34:20.184 1508 12180 E ActivityManager: 0% 14/rcuos/0: 0% user + 0% kernel
05-11 11:34:20.184 1508 12180 E ActivityManager: 0% 21/ksoftirqd/1: 0% user + 0% kernel
05-11 11:34:20.184 1508 12180 E ActivityManager: 0% 25/rcuos/1: 0% user + 0% kernel
05-11 11:34:20.184 1508 12180 E ActivityManager: 0% 32/rcuop/2: 0% user + 0% kernel
05-11 11:34:20.184 1508 12180 E ActivityManager: 0% 48/rcuop/4: 0% user + 0% kernel
05-11 11:34:20.184 1508 12180 E ActivityManager: 0% 60/migration/6: 0% user + 0% kernel
05-11 11:34:20.184 1508 12180 E ActivityManager: 0% 64/rcuop/6: 0% user + 0% kernel
05-11 11:34:20.184 1508 12180 E ActivityManager: 0% 65/rcuos/6: 0% user + 0% kernel
05-11 11:34:20.184 1508 12180 E ActivityManager: 0% 73/rcuos/7: 0% user + 0% kernel
05-11 11:34:20.184 1508 12180 E ActivityManager: 0% 81/kworker/1:1-pm: 0% user + 0% kernel
05-11 11:34:20.184 1508 12180 E ActivityManager: 0% 110/ion-pool-cached: 0% user + 0% kernel
05-11 11:34:20.184 1508 12180 E ActivityManager: 0% 369/kworker/0:1H-kblockd: 0% user + 0% kernel
05-11 11:34:20.184 1508 12180 E ActivityManager: 0% 517/lmkd: 0% user + 0% kernel
05-11 11:34:20.184 1508 12180 E ActivityManager: 0% 518/servicemanager: 0% user + 0% kernel
05-11 11:34:20.184 1508 12180 E ActivityManager: 0% 662/vendor.ts.uart@1.0-service: 0% user + 0% kernel
05-11 11:34:20.184 1508 12180 E ActivityManager: 0% 684/statsd: 0% user + 0% kernel / faults: 85 minor
05-11 11:34:20.184 1508 12180 E ActivityManager: 0% 1187/cameraserver: 0% user + 0% kernel / faults: 97 minor
05-11 11:34:20.184 1508 12180 E ActivityManager: 0% 2135/com.thundercomm.microservice: 0% user + 0% kernel / faults: 105 minor
05-11 11:34:20.184 1508 12180 E ActivityManager: 0% 2180/com.thundercomm.tchttpserver: 0% user + 0% kernel / faults: 106 minor
05-11 11:34:20.184 1508 12180 E ActivityManager: 0% 2255/com.thundercomm.tcsetupwizard: 0% user + 0% kernel / faults: 92 minor
05-11 11:34:20.184 1508 12180 E ActivityManager: 0% 2644/com.android.launcher3: 0% user + 0% kernel / faults: 5 minor
05-11 11:34:20.184 1508 12180 E ActivityManager: 0% 3072/.pasr: 0% user + 0% kernel / faults: 92 minor
05-11 11:34:20.184 1508 12180 E ActivityManager: 0% 3074/com.qualcomm.qti.services.systemhelper:systemhelper_service: 0% user + 0% kernel / faults: 117 minor
05-11 11:34:20.184 1508 12180 E ActivityManager: 0% 3174/com.android.providers.media.module: 0% user + 0% kernel
05-11 11:34:20.184 1508 12180 E ActivityManager: 0% 3294/com.tencent.mobileqq:MSF: 0% user + 0% kernel / faults: 10 minor
05-11 11:34:20.184 1508 12180 E ActivityManager: 0% 4923/com.wandoujia.phoenix2:channel: 0% user + 0% kernel / faults: 12 minor
05-11 11:34:20.184 1508 12180 E ActivityManager: 0% 6386/com.android.webview:sandboxed_process0:org.chromium.content.app.SandboxedProcessService0:0: 0% user + 0% kernel
05-11 11:34:20.184 1508 12180 E ActivityManager: 0% 10825/kworker/5:1-events_power_efficient: 0% user + 0% kernel
05-11 11:34:20.184 1508 12180 E ActivityManager: 0% 10900/kworker/0:0-mm_percpu_wq: 0% user + 0% kernel
05-11 11:34:20.184 1508 12180 E ActivityManager: +0% 12297/audioserver: 0% user + 0% kernel
05-11 11:34:20.184 1508 12180 E ActivityManager: +0% 12398/crash_dump64: 0% user + 0% kernel
05-11 11:34:20.184 1508 12180 E ActivityManager: +0% 12400/com.tencent.android.qqdownloader:wxa_container0: 0% user + 0% kernel
05-11 11:34:20.184 1508 12180 E ActivityManager: 16% TOTAL: 10% user + 5.3% kernel + 0.1% iowait + 0.6% irq + 0.1% softirq
05-11 11:34:20.184 1508 12180 E ActivityManager: CPU usage from 52ms to 392ms later (2023-05-11 11:34:05.713 to 2023-05-11 11:34:06.053):
05-11 11:34:20.184 1508 12180 E ActivityManager: 38% 1508/system_server: 17% user + 20% kernel / faults: 675 minor
05-11 11:34:20.184 1508 12180 E ActivityManager: 27% 12180/AnrConsumer: 10% user + 17% kernel
05-11 11:34:20.184 1508 12180 E ActivityManager: 3.4% 1818/NetworkStats: 3.4% user + 0% kernel
05-11 11:34:20.184 1508 12180 E ActivityManager: 19% 851/vendor.qti.hardware.display.composer-service: 13% user + 6.6% kernel
05-11 11:34:20.184 1508 12180 E ActivityManager: 19% 851/composer-servic: 13% user + 6.6% kernel
05-11 11:34:20.184 1508 12180 E ActivityManager: 26% 11018/com.qqgame.happymj: 17% user + 8.8% kernel / faults: 3 minor
05-11 11:34:20.184 1508 12180 E ActivityManager: 8.8% 11140/UnityMain: 8.8% user + 0% kernel
05-11 11:34:20.184 1508 12180 E ActivityManager: 8.8% 11265/UnityGfxDeviceW: 8.8% user + 0% kernel
05-11 11:34:20.184 1508 12180 E ActivityManager: 4.4% 11338/FMOD file threa: 0% user + 4.4% kernel
05-11 11:34:20.184 1508 12180 E ActivityManager: 16% 939/surfaceflinger: 16% user + 0% kernel
05-11 11:34:20.184 1508 12180 E ActivityManager: 10% 939/surfaceflinger: 10% user + 0% kernel
05-11 11:34:20.184 1508 12180 E ActivityManager: 10% 1090/RenderEngine: 10% user + 0% kernel
05-11 11:34:20.184 1508 12180 E ActivityManager: 3.3% 1097/TimerDispatch: 3.3% user + 0% kernel
05-11 11:34:20.184 1508 12180 E ActivityManager: 3% 277/kworker/u16:5-devfreq_wq: 0% user + 3% kernel
05-11 11:34:20.184 1508 12180 E ActivityManager: 3.1% 287/kgsl_worker_thr: 0% user + 3.1% kernel
05-11 11:34:20.184 1508 12180 E ActivityManager: 3.1% 395/crtc_commit:125: 0% user + 3.1% kernel
05-11 11:34:20.184 1508 12180 E ActivityManager: 3.2% 516/logd: 0% user + 3.2% kernel
05-11 11:34:20.184 1508 12180 E ActivityManager: 3.4% 1201/mediaserver: 3.4% user + 0% kernel / faults: 2 minor
05-11 11:34:20.184 1508 12180 E ActivityManager: 3.5% 1912/com.android.systemui: 3.5% user + 0% kernel
05-11 11:34:20.184 1508 12180 E ActivityManager: 3.7% 3003/com.hht.lebocast: 0% user + 3.7% kernel / faults: 2 minor
05-11 11:34:20.184 1508 12180 E ActivityManager: 3.7% 5664/om.hht.lebocast: 0% user + 3.7% kernel
05-11 11:34:20.184 1508 12180 E ActivityManager: 3.8% 3267/com.tencent.android.qqdownloader:live: 3.8% user + 0% kernel / faults: 6 minor
05-11 11:34:20.184 1508 12180 E ActivityManager: 3.8% 3505/ReplyEventDispa: 3.8% user + 0% kernel
05-11 11:34:20.184 1508 12180 E ActivityManager: 4.1% 4996/com.wandoujia.phoenix2:aid: 4.1% user + 0% kernel / faults: 7 minor
05-11 11:34:20.184 1508 12180 E ActivityManager: 4.1% 5077/com.wandoujia.phoenix2: 4.1% user + 0% kernel / faults: 8 minor
05-11 11:34:20.184 1508 12180 E ActivityManager: 4.2% 6551/com.tencent.android.qqdownloader:wxa_container0: 0% user + 4.2% kernel / faults: 26 minor
05-11 11:34:20.184 1508 12180 E ActivityManager: 4.2% 6566/Binder:6551_3: 4.2% user + 0% kernel
05-11 11:34:20.184 1508 12180 E ActivityManager: 17% TOTAL: 10% user + 5.5% kernel + 0.7% irq + 0.3% softirq
05-11 11:34:20.185 1508 12180 I ActivityManager: Killing 10407:com.tencent.mm/u0a96 (adj 500): bg anr
