05-11 11:48:57.056 1508 1660 I ActivityManager: Start proc 21435:com.kugou.android.support/u0a95 for service {com.kugou.android/com.kugou.framework.service.ipc.peripheral.connect.SupportService}
05-11 11:48:57.067 1508 3065 I am_proc_bound: [0,21435,com.kugou.android.support]
01-01 08:22:05.110 0 0 I binder : 21435:21435 ioctl 40046210 7ffe05b4f4 returned -22
01-01 08:22:05.162 0 0 E link_delay_work_func: DTC_ETH: SQI=0, link=0
05-11 11:48:57.339 1508 12402 I ActivityManager: Process com.kugou.android.support (pid 21435) has died: prcp FGS
05-11 11:48:57.339 1508 12402 I am_proc_died: [0,21435,com.kugou.android.support,200,4]
05-11 11:48:57.340 1508 12402 W ActivityManager: Canceling start item Intent { act=action_request_connect pkg=com.kugou.android cmp=com.kugou.android/com.kugou.framework.service.ipc.peripheral.connect.SupportService (has extras) } in service com.kugou.android/com.kugou.framework.service.ipc.peripheral.connect.SupportService
05-11 11:48:57.340 1508 12402 W ActivityManager: Bringing down service while still waiting for start foreground: ServiceRecord{ac0b8cd u0 com.kugou.android/com.kugou.framework.service.ipc.peripheral.connect.SupportService}
05-11 11:48:57.440 877 877 I auditd : type=1400 audit(0.0:13295): avc: denied { create } for comm="perf@2.2-servic" name="min_freq" scontext=u:r:vendor_hal_perf_default:s0 tcontext=u:object_r:vendor_sysfs_devfreq:s0 tclass=file permissive=1
05-11 11:48:57.460 0 0 I auditd : type=1400 audit(0.0:13296): avc: denied { kill } for comm="swapper/6" capability=5 scontext=u:r:kernel:s0 tcontext=u:r:kernel:s0 tclass=capability permissive=1
05-11 11:48:57.524 877 877 I auditd : type=1400 audit(0.0:13297): avc: denied { add_name } for comm="perf@2.2-servic" name="cpu_min_freq" scontext=u:r:vendor_hal_perf_default:s0 tcontext=u:object_r:vendor_sysfs_msm_perf:s0 tclass=dir permissive=1
05-11 11:48:57.524 877 877 I auditd : type=1400 audit(0.0:13298): avc: denied { create } for comm="perf@2.2-servic" name="cpu_min_freq" scontext=u:r:vendor_hal_perf_default:s0 tcontext=u:object_r:vendor_sysfs_msm_perf:s0 tclass=file permissive=1
05-11 11:48:57.732 19859 19859 I auditd : type=1400 audit(0.0:13299): avc: granted { nlmsg_readpriv } for comm="APM_COMPONENT" scontext=u:r:untrusted_app_29:s0:c100,c256,c512,c768 tcontext=u:r:untrusted_app_29:s0:c100,c256,c512,c768 tclass=netlink_route_socket app=com.netease.cloudmusic
01-01 08:22:06.355 0 0 W audit : audit_lost=12201 audit_rate_limit=5 audit_backlog_limit=64
01-01 08:22:06.355 0 0 E audit : rate limit exceeded
01-01 08:22:06.460 0 0 I [soft_i][0x5ee037c40][11:48:58.415114] wlan: [0:I:DP] dp_addba_requestprocess_wifi3 restore BA win 64 based on addba req
05-11 11:48:58.480 877 877 I auditd : type=1400 audit(0.0:13301): avc: denied { add_name } for comm="perf@2.2-servic" name="min_cpus" scontext=u:r:vendor_hal_perf_default:s0 tcontext=u:object_r:sysfs_devices_system_cpu:s0 tclass=dir permissive=1
05-11 11:48:58.480 877 877 I auditd : type=1400 audit(0.0:13302): avc: denied { create } for comm="perf@2.2-servic" name="min_cpus" scontext=u:r:vendor_hal_perf_default:s0 tcontext=u:object_r:sysfs_devices_system_cpu:s0 tclass=file permissive=1
05-11 11:48:58.544 19859 19859 I auditd : type=1400 audit(0.0:13303): avc: granted { nlmsg_readpriv } for comm="APM_COMPONENT" scontext=u:r:untrusted_app_29:s0:c100,c256,c512,c768 tcontext=u:r:untrusted_app_29:s0:c100,c256,c512,c768 tclass=netlink_route_socket app=com.netease.cloudmusic
05-11 11:48:58.746 1508 1508 I service_manager_stats: [100,57,31235]
05-11 11:48:58.766 19859 19859 I view_enqueue_input_event: [Motion - Cancel,com.netease.cloudmusic/com.netease.cloudmusic.activity.IconChangeDefaultAlias]
05-11 11:48:58.774 1508 1799 I input_interaction: Interaction with: WindowManager (server), edge-swipe (server), swipe-up (server), PointerEventDispatcher0 (server),
05-11 11:48:58.781 1508 1645 I ActivityTaskManager: clear resize flag in freeform mode
05-11 11:48:58.797 1508 1645 I ActivityTaskManager: clear resize flag in freeform mode
05-11 11:48:58.814 1508 1645 I ActivityTaskManager: clear resize flag in freeform mode
05-11 11:48:58.830 1508 1645 I ActivityTaskManager: clear resize flag in freeform mode
05-11 11:48:58.847 1508 1645 I ActivityTaskManager: clear resize flag in freeform mode
05-11 11:48:58.864 1508 1645 I ActivityTaskManager: clear resize flag in freeform mode
05-11 11:48:58.880 1508 1645 I ActivityTaskManager: clear resize flag in freeform mode
05-11 11:48:58.897 1508 1645 I ActivityTaskManager: clear resize flag in freeform mode
05-11 11:48:58.914 1508 1645 I ActivityTaskManager: clear resize flag in freeform mode
05-11 11:48:58.930 1508 1645 I ActivityTaskManager: clear resize flag in freeform mode
05-11 11:48:58.947 1508 1645 I ActivityTaskManager: clear resize flag in freeform mode
05-11 11:48:58.964 1508 1645 I ActivityTaskManager: clear resize flag in freeform mode
05-11 11:48:58.980 1508 1645 I ActivityTaskManager: clear resize flag in freeform mode
05-11 11:48:58.997 1508 1645 I ActivityTaskManager: clear resize flag in freeform mode
05-11 11:48:59.014 1508 1645 I ActivityTaskManager: clear resize flag in freeform mode
05-11 11:48:59.030 1508 1645 I ActivityTaskManager: clear resize flag in freeform mode
05-11 11:48:59.047 1508 1645 I ActivityTaskManager: clear resize flag in freeform mode
05-11 11:48:59.064 1508 1645 I ActivityTaskManager: clear resize flag in freeform mode
05-11 11:48:59.080 1508 1645 I ActivityTaskManager: clear resize flag in freeform mode
05-11 11:48:59.097 1508 1645 I ActivityTaskManager: clear resize flag in freeform mode
05-11 11:48:59.114 1508 1645 I ActivityTaskManager: clear resize flag in freeform mode
05-11 11:48:59.130 1508 1645 I ActivityTaskManager: clear resize flag in freeform mode
05-11 11:48:59.147 1508 1645 I ActivityTaskManager: clear resize flag in freeform mode
05-11 11:48:59.164 1508 1645 I ActivityTaskManager: clear resize flag in freeform mode
05-11 11:48:59.180 1508 1645 I ActivityTaskManager: clear resize flag in freeform mode
05-11 11:48:59.197 1508 1645 I ActivityTaskManager: clear resize flag in freeform mode
05-11 11:48:59.214 1508 1645 I ActivityTaskManager: clear resize flag in freeform mode
05-11 11:48:59.230 1508 1645 I ActivityTaskManager: clear resize flag in freeform mode
05-11 11:48:59.247 1508 1645 I ActivityTaskManager: clear resize flag in freeform mode
05-11 11:48:59.264 1508 1645 I ActivityTaskManager: clear resize flag in freeform mode
05-11 11:48:59.272 19859 19859 I auditd : type=1400 audit(0.0:13304): avc: granted { nlmsg_readpriv } for comm="pool-7-thread-1" scontext=u:r:untrusted_app_29:s0:c100,c256,c512,c768 tcontext=u:r:untrusted_app_29:s0:c100,c256,c512,c768 tclass=netlink_route_socket app=com.netease.cloudmusic
05-11 11:48:59.272 19859 19859 I auditd : type=1400 audit(0.0:13305): avc: granted { nlmsg_readpriv } for comm="pool-7-thread-1" scontext=u:r:untrusted_app_29:s0:c100,c256,c512,c768 tcontext=u:r:untrusted_app_29:s0:c100,c256,c512,c768 tclass=netlink_route_socket app=com.netease.cloudmusic
05-11 11:48:59.280 1508 1645 I ActivityTaskManager: clear resize flag in freeform mode
05-11 11:48:59.297 1508 1645 I ActivityTaskManager: clear resize flag in freeform mode
05-11 11:48:59.314 1508 1645 I ActivityTaskManager: clear resize flag in freeform mode
05-11 11:48:59.330 1508 1645 I ActivityTaskManager: clear resize flag in freeform mode
05-11 11:48:59.347 1508 1645 I ActivityTaskManager: clear resize flag in freeform mode
05-11 11:48:59.364 1508 1645 I ActivityTaskManager: clear resize flag in freeform mode
05-11 11:48:59.380 1508 1645 I ActivityTaskManager: clear resize flag in freeform mode
05-11 11:48:59.397 1508 1645 I ActivityTaskManager: clear resize flag in freeform mode
05-11 11:48:59.414 1508 1645 I ActivityTaskManager: clear resize flag in freeform mode
05-11 11:48:59.430 1508 1645 I ActivityTaskManager: clear resize flag in freeform mode
05-11 11:48:59.447 1508 1645 I ActivityTaskManager: clear resize flag in freeform mode
05-11 11:48:59.464 1508 1645 I ActivityTaskManager: clear resize flag in freeform mode
05-11 11:48:59.480 1508 1645 I ActivityTaskManager: clear resize flag in freeform mode
05-11 11:48:59.497 1508 1645 I ActivityTaskManager: clear resize flag in freeform mode
05-11 11:48:59.514 1508 1645 I ActivityTaskManager: clear resize flag in freeform mode
05-11 11:48:59.530 1508 1645 I ActivityTaskManager: clear resize flag in freeform mode
05-11 11:48:59.547 1508 1645 I ActivityTaskManager: clear resize flag in freeform mode
05-11 11:48:59.564 1508 1645 I ActivityTaskManager: clear resize flag in freeform mode
05-11 11:48:59.580 1508 1645 I ActivityTaskManager: clear resize flag in freeform mode
05-11 11:48:59.597 1508 1645 I ActivityTaskManager: clear resize flag in freeform mode
05-11 11:48:59.614 1508 1645 I ActivityTaskManager: clear resize flag in freeform mode
05-11 11:48:59.630 1508 1645 I ActivityTaskManager: clear resize flag in freeform mode
05-11 11:48:59.647 1508 1645 I ActivityTaskManager: clear resize flag in freeform mode
05-11 11:48:59.664 1508 1645 I ActivityTaskManager: clear resize flag in freeform mode
05-11 11:48:59.680 1508 1645 I ActivityTaskManager: clear resize flag in freeform mode
05-11 11:48:59.697 1508 1645 I ActivityTaskManager: clear resize flag in freeform mode
05-11 11:48:59.714 1508 1645 I ActivityTaskManager: clear resize flag in freeform mode
05-11 11:48:59.730 1508 1645 I ActivityTaskManager: clear resize flag in freeform mode
05-11 11:48:59.747 1508 1645 I ActivityTaskManager: clear resize flag in freeform mode
05-11 11:48:59.764 1508 1645 I ActivityTaskManager: clear resize flag in freeform mode
05-11 11:48:59.780 1508 1645 I ActivityTaskManager: clear resize flag in freeform mode
05-11 11:48:59.797 1508 1645 I ActivityTaskManager: clear resize flag in freeform mode
05-11 11:48:59.814 1508 1645 I ActivityTaskManager: clear resize flag in freeform mode
05-11 11:48:59.830 1508 1645 I ActivityTaskManager: clear resize flag in freeform mode
05-11 11:48:59.847 1508 1645 I ActivityTaskManager: clear resize flag in freeform mode
05-11 11:48:59.864 1508 1645 I ActivityTaskManager: clear resize flag in freeform mode
05-11 11:48:59.880 1508 1645 I ActivityTaskManager: clear resize flag in freeform mode
05-11 11:48:59.897 1508 1645 I ActivityTaskManager: clear resize flag in freeform mode
05-11 11:48:59.914 1508 1645 I ActivityTaskManager: clear resize flag in freeform mode
05-11 11:48:59.930 1508 1645 I ActivityTaskManager: clear resize flag in freeform mode
05-11 11:48:59.947 1508 1645 I ActivityTaskManager: clear resize flag in freeform mode
05-11 11:48:59.964 1508 1645 I ActivityTaskManager: clear resize flag in freeform mode
05-11 11:48:59.980 1508 1645 I ActivityTaskManager: clear resize flag in freeform mode
05-11 11:48:59.997 1508 1645 I ActivityTaskManager: clear resize flag in freeform mode
05-11 11:49:00.008 1508 12402 D CompatibilityChangeReporter: Compat change id reported: 149924527; UID 10100; state: ENABLED
05-11 11:49:00.008 1508 12402 D CompatibilityChangeReporter: Compat change id reported: 132649864; UID 10100; state: DISABLED
05-11 11:49:00.008 1508 12402 D CompatibilityChangeReporter: Compat change id reported: 182734110; UID 10100; state: DISABLED
05-11 11:49:00.004 20005 20005 I auditd : type=1400 audit(0.0:13309): avc: granted { nlmsg_readpriv } for comm="pool-5-thread-1" scontext=u:r:untrusted_app_29:s0:c100,c256,c512,c768 tcontext=u:r:untrusted_app_29:s0:c100,c256,c512,c768 tclass=netlink_route_socket app=com.netease.cloudmusic
05-11 11:49:00.014 1508 1645 I ActivityTaskManager: clear resize flag in freeform mode
05-11 11:49:00.020 21506 21506 I auditd : type=1400 audit(0.0:13310): avc: denied { search } for comm="mount" name="vendor" dev="tmpfs" ino=12300 scontext=u:r:untrusted_app_29:s0:c100,c256,c512,c768 tcontext=u:object_r:mnt_vendor_file:s0 tclass=dir permissive=1 app=com.netease.cloudmusic
05-11 11:49:00.020 21506 21506 I auditd : type=1400 audit(0.0:13311): avc: denied { getattr } for comm="mount" path="/mnt/vendor/persist" dev="sda2" ino=2 scontext=u:r:untrusted_app_29:s0:c100,c256,c512,c768 tcontext=u:object_r:mnt_vendor_file:s0 tclass=dir permissive=1 app=com.netease.cloudmusic
05-11 11:49:00.020 21506 21506 I auditd : type=1400 audit(0.0:13312): avc: denied { getattr } for comm="mount" path="/metadata" dev="sda11" ino=2 scontext=u:r:untrusted_app_29:s0:c100,c256,c512,c768 tcontext=u:object_r:metadata_file:s0 tclass=dir permissive=1 app=com.netease.cloudmusic
05-11 11:49:00.020 21506 21506 I auditd : type=1400 audit(0.0:13313): avc: denied { getattr } for comm="mount" path="/vendor/firmware_mnt" dev="sde4" ino=1 scontext=u:r:untrusted_app_29:s0:c100,c256,c512,c768 tcontext=u:object_r:firmware_file:s0 tclass=dir permissive=1 app=com.netease.cloudmusic
01-01 08:22:08.070 0 0 W audit : audit_lost=12205 audit_rate_limit=5 audit_backlog_limit=64
01-01 08:22:08.070 0 0 E audit : rate limit exceeded
05-11 11:49:00.031 1508 1645 I ActivityTaskManager: clear resize flag in freeform mode
05-11 11:49:00.047 1508 1645 I ActivityTaskManager: clear resize flag in freeform mode
05-11 11:49:00.064 1508 1645 I ActivityTaskManager: clear resize flag in freeform mode
05-11 11:49:00.080 1508 1645 I ActivityTaskManager: clear resize flag in freeform mode
05-11 11:49:00.097 1508 1645 I ActivityTaskManager: clear resize flag in freeform mode
05-11 11:49:00.114 1508 1645 I ActivityTaskManager: clear resize flag in freeform mode
05-11 11:49:00.130 1508 1645 I ActivityTaskManager: clear resize flag in freeform mode
05-11 11:49:00.147 1508 1645 I ActivityTaskManager: clear resize flag in freeform mode
05-11 11:49:00.164 1508 1645 I ActivityTaskManager: clear resize flag in freeform mode
05-11 11:49:00.180 1508 1645 I ActivityTaskManager: clear resize flag in freeform mode
05-11 11:49:00.197 1508 1645 I ActivityTaskManager: clear resize flag in freeform mode
05-11 11:49:00.214 1508 1645 I ActivityTaskManager: clear resize flag in freeform mode
05-11 11:49:00.231 1508 1645 I ActivityTaskManager: clear resize flag in freeform mode
05-11 11:49:00.247 1508 1645 I ActivityTaskManager: clear resize flag in freeform mode
05-11 11:49:00.264 1508 1645 I ActivityTaskManager: clear resize flag in freeform mode
05-11 11:49:00.280 1508 1645 I ActivityTaskManager: clear resize flag in freeform mode
05-11 11:49:00.293 1508 1833 I GameModeConfig: isGameModeOn = true
05-11 11:49:00.293 1508 1833 I GameModeConfig: isGaming = false
05-11 11:49:00.297 1508 1645 I ActivityTaskManager: clear resize flag in freeform mode
05-11 11:49:00.314 1508 1645 I ActivityTaskManager: clear resize flag in freeform mode
05-11 11:49:00.330 1508 1645 I ActivityTaskManager: clear resize flag in freeform mode
05-11 11:49:00.347 1508 1645 I ActivityTaskManager: clear resize flag in freeform mode
05-11 11:49:00.364 1508 1645 I ActivityTaskManager: clear resize flag in freeform mode
05-11 11:49:00.380 1508 1645 I ActivityTaskManager: clear resize flag in freeform mode
05-11 11:49:00.397 1508 1645 I ActivityTaskManager: clear resize flag in freeform mode
05-11 11:49:00.414 1508 1645 I ActivityTaskManager: clear resize flag in freeform mode
05-11 11:49:00.430 1508 1645 I ActivityTaskManager: clear resize flag in freeform mode
05-11 11:49:00.447 1508 1645 I ActivityTaskManager: clear resize flag in freeform mode
05-11 11:49:00.464 1508 1645 I ActivityTaskManager: clear resize flag in freeform mode
05-11 11:49:00.480 1508 1645 I ActivityTaskManager: clear resize flag in freeform mode
05-11 11:49:00.497 1508 1645 I ActivityTaskManager: clear resize flag in freeform mode
05-11 11:49:00.514 1508 1645 I ActivityTaskManager: clear resize flag in freeform mode
05-11 11:49:00.530 1508 1645 I ActivityTaskManager: clear resize flag in freeform mode
05-11 11:49:00.547 1508 1645 I ActivityTaskManager: clear resize flag in freeform mode
05-11 11:49:00.564 1508 1645 I ActivityTaskManager: clear resize flag in freeform mode
05-11 11:49:00.580 1508 1645 I ActivityTaskManager: clear resize flag in freeform mode
05-11 11:49:00.597 1508 1645 I ActivityTaskManager: clear resize flag in freeform mode
05-11 11:49:00.614 1508 1645 I ActivityTaskManager: clear resize flag in freeform mode
05-11 11:49:00.630 1508 1645 I ActivityTaskManager: clear resize flag in freeform mode
05-11 11:49:00.642 1508 1645 I ActivityTaskManager: clear resize flag in freeform mode
05-11 11:49:00.643 1508 1645 D WindowManager: updateWindowDragBounds: mIsSwipeYtrue
05-11 11:49:00.643 1508 1645 D WindowManager: updateWindowDragBounds: mIsTopfalse
05-11 11:49:00.644 1508 1645 I ActivityTaskManager: clear resize flag in freeform mode
05-11 11:49:00.720 1508 1833 I GameModeConfig: isGameModeOn = true
05-11 11:49:00.720 1508 1833 I GameModeConfig: isGaming = false
05-11 11:49:00.720 1508 1833 I GameModeConfig: isGameModeOn = true
05-11 11:49:00.720 1508 1833 I GameModeConfig: isGaming = false
05-11 11:49:00.755 1508 1799 I input_interaction: Interaction with: 1f6b683 StatusBar (server), edge-swipe (server), swipe-up (server), PointerEventDispatcher0 (server),
05-11 11:49:00.759 18015 18015 I sysui_multi_action: [757,803,799,panel_open,802,1]
05-11 11:49:00.761 18015 18015 I sysui_multi_action: [757,1328,758,4,1326,48,1327,0,1329,0]
05-11 11:49:00.795 1508 10967 I sysui_multi_action: [757,127,758,1]
05-11 11:49:00.796 1508 10967 I sysui_multi_action: [757,804,799,note_load,801,3,802,1]
05-11 11:49:00.796 1508 10967 I notification_panel_revealed: 3
05-11 11:49:00.804 1508 1645 I input_focus: [Focus request 540e8a6 NotificationShade,reason=UpdateInputWindows]
05-11 11:49:00.817 1508 10967 I sysui_multi_action: [757,128,758,1,793,1314465,794,0,795,1314465,796,26,798,0,806,android,857,DEVELOPER_IMPORTANT,858,4,947,0,1395,3,1500,1313977,1688,1]
05-11 11:49:00.817 1508 10967 I sysui_multi_action: [757,804,799,note_freshness,801,1314465,802,1]
05-11 11:49:00.817 1508 10967 I notification_visibility: [-1|android|26|null|1000,1,1314465,1314465,0,0]
05-11 11:49:00.817 1508 10967 I sysui_multi_action: [757,128,758,1,793,203060,794,0,795,203060,796,-3365,798,1,806,com.ss.android.lark,857,normal_v2,858,4,947,0,1395,3,1500,202858,1688,1,1745,945454168]
05-11 11:49:00.817 1508 10967 I sysui_multi_action: [757,804,799,note_freshness,801,203060,802,1]
05-11 11:49:00.817 1508 10967 I notification_visibility: [0|com.ss.android.lark|-3365|null|10113,1,203060,203060,0,1]
05-11 11:49:00.817 1508 10967 I sysui_multi_action: [757,128,758,1,793,1314468,794,0,795,1314468,796,27,798,2,806,android,857,USB,858,1,947,0,1395,3,1500,1313978,1688,1]
05-11 11:49:00.817 1508 10967 I sysui_multi_action: [757,804,799,note_freshness,801,1314468,802,1]
05-11 11:49:00.817 1508 10967 I notification_visibility: [-1|android|27|null|1000,1,1314468,1314468,0,2]
05-11 11:49:00.833 1508 1799 I input_focus: [Focus leaving bcf5f68 com.netease.cloudmusic/com.netease.cloudmusic.activity.IconChangeDefaultAlias (server),reason=setFocusedWindow]
05-11 11:49:00.833 1508 1799 I input_focus: [Focus entering 540e8a6 NotificationShade (server),reason=setFocusedWindow]
05-11 11:49:00.843 18015 18015 I sysui_multi_action: [757,111,758,1]
05-11 11:49:00.843 18015 18015 I sysui_multi_action: [757,126,758,1,759,126,927,0,928,1,1593,0]
05-11 11:49:00.843 18015 18015 I sysui_multi_action: [757,113,758,1,759,113,927,1,928,1,1593,0]
05-11 11:49:00.843 18015 18015 I sysui_multi_action: [757,0,758,1,759,0,927,2,928,0,1593,0]
05-11 11:49:00.843 18015 18015 I sysui_multi_action: [757,0,758,1,759,0,927,3,928,0,1593,0]
05-11 11:49:00.843 18015 18015 I sysui_multi_action: [757,491,758,1,759,491,927,4,928,0,1311,-1,1593,0]
05-11 11:49:00.844 18015 18015 I sysui_multi_action: [757,0,758,1,759,0,927,5,928,0,1593,0]
05-11 11:49:00.844 18015 18015 I sysui_multi_action: [757,0,758,1,759,0,927,6,1593,0]
05-11 11:49:00.844 18015 18015 I sysui_multi_action: [757,111,758,1]
05-11 11:49:00.844 18015 18015 I sysui_multi_action: [757,126,758,1,759,126,927,0,928,1,1593,0]
05-11 11:49:00.844 18015 18015 I sysui_multi_action: [757,113,758,1,759,113,927,1,928,1,1593,0]
05-11 11:49:00.844 18015 18015 I sysui_multi_action: [757,0,758,1,759,0,927,2,928,0,1593,0]
05-11 11:49:00.844 18015 18015 I sysui_multi_action: [757,0,758,1,759,0,927,3,928,0,1593,0]
05-11 11:49:01.732 877 877 I auditd : type=1400 audit(0.0:13323): avc: denied { create } for comm="perf@2.2-servic" name="min_cpus" scontext=u:r:vendor_hal_perf_default:s0 tcontext=u:object_r:sysfs_devices_system_cpu:s0 tclass=file permissive=1
05-11 11:49:01.749 1508 1659 I ActivityManager: Waited long enough for: ServiceRecord{405ab3a u0 com.netease.cloudmusic/.module.webview.BrowserPreService}
05-11 11:49:01.916 1508 1799 I input_interaction: Interaction with: 540e8a6 NotificationShade (server), edge-swipe (server), swipe-up (server), PointerEventDispatcher0 (server),
05-11 11:49:02.100 20291 20291 I auditd : type=1400 audit(0.0:13324): avc: granted { nlmsg_readpriv } for comm="pool-6-thread-1" scontext=u:r:untrusted_app_29:s0:c100,c256,c512,c768 tcontext=u:r:untrusted_app_29:s0:c100,c256,c512,c768 tclass=netlink_route_socket app=com.netease.cloudmusic
05-11 11:49:02.108 20291 20291 I auditd : type=1400 audit(0.0:13325): avc: granted { nlmsg_readpriv } for comm="pool-6-thread-1" scontext=u:r:untrusted_app_29:s0:c100,c256,c512,c768 tcontext=u:r:untrusted_app_29:s0:c100,c256,c512,c768 tclass=netlink_route_socket app=com.netease.cloudmusic
05-11 11:49:02.144 18015 18015 I sysui_multi_action: [757,111,758,2]
05-11 11:49:02.144 18015 18015 I sysui_multi_action: [757,111,758,2]
05-11 11:49:02.167 1508 1833 I GameModeConfig: isGameModeOn = true
05-11 11:49:02.167 1508 1833 I GameModeConfig: isGaming = false
05-11 11:49:02.167 1508 1833 I GameModeConfig: isGameModeOn = true
05-11 11:49:02.167 1508 1833 I GameModeConfig: isGaming = false
05-11 11:49:02.205 1508 1645 I input_focus: [Focus request bcf5f68 com.netease.cloudmusic/com.netease.cloudmusic.activity.IconChangeDefaultAlias,reason=UpdateInputWindows]
05-11 11:49:02.211 1508 12402 I sysui_multi_action: [757,128,758,2,793,1315859,794,1394,795,1315859,796,26,798,0,806,android,857,DEVELOPER_IMPORTANT,858,4,947,0,1395,3,1500,1315371,1688,1]
05-11 11:49:02.211 1508 12402 I notification_visibility: [-1|android|26|null|1000,0,1315859,1315859,0,0]
05-11 11:49:02.212 1508 12402 I sysui_multi_action: [757,128,758,2,793,204455,794,1395,795,204455,796,-3365,798,1,806,com.ss.android.lark,857,normal_v2,858,4,947,0,1395,3,1500,204253,1688,1,1745,945454168]
05-11 11:49:02.212 1508 12402 I notification_visibility: [0|com.ss.android.lark|-3365|null|10113,0,204455,204455,0,1]
05-11 11:49:02.214 1508 12402 I sysui_multi_action: [757,128,758,2,793,1315863,794,1395,795,1315863,796,27,798,2,806,android,857,USB,858,1,947,0,1395,3,1500,1315373,1688,1]
05-11 11:49:02.214 1508 12402 I notification_visibility: [-1|android|27|null|1000,0,1315863,1315863,0,2]
05-11 11:49:02.215 1508 3394 I sysui_multi_action: [757,127,758,2]
05-11 11:49:02.215 1508 3394 I notification_panel_hidden:
05-11 11:49:02.215 1508 1799 I input_focus: [Focus leaving 540e8a6 NotificationShade (server),reason=NOT_FOCUSABLE]
05-11 11:49:02.215 1508 1799 I input_focus: [Focus entering bcf5f68 com.netease.cloudmusic/com.netease.cloudmusic.activity.IconChangeDefaultAlias (server),reason=setFocusedWindow]
01-01 08:22:10.281 0 0 E link_delay_work_func: DTC_ETH: SQI=0, link=0
05-11 11:49:02.794 1508 1659 I ActivityManager: Waited long enough for: ServiceRecord{cab5df4 u0 com.netease.cloudmusic/com.netease.play.preload.LookPreloadService}
05-11 11:49:03.353 1508 1799 I input_interaction: Interaction with: bcf5f68 com.netease.cloudmusic/com.netease.cloudmusic.activity.IconChangeDefaultAlias (server), edge-swipe (server), swipe-up (server), PointerEventDispatcher0 (server),
05-11 11:49:03.583 19859 19859 I view_enqueue_input_event: [Motion - Cancel,com.netease.cloudmusic/com.netease.cloudmusic.activity.IconChangeDefaultAlias]
05-11 11:49:03.592 1508 1799 I input_interaction: Interaction with: WindowManager (server), edge-swipe (server), swipe-up (server), PointerEventDispatcher0 (server),
05-11 11:49:03.597 1508 1645 I ActivityTaskManager: clear resize flag in freeform mode
05-11 11:49:03.614 1508 1645 I ActivityTaskManager: clear resize flag in freeform mode
05-11 11:49:03.630 1508 1645 I ActivityTaskManager: clear resize flag in freeform mode
05-11 11:49:03.647 1508 1645 I ActivityTaskManager: clear resize flag in freeform mode
05-11 11:49:03.664 1508 1645 I ActivityTaskManager: clear resize flag in freeform mode
05-11 11:49:03.680 1508 1645 I ActivityTaskManager: clear resize flag in freeform mode
05-11 11:49:03.697 1508 1645 I ActivityTaskManager: clear resize flag in freeform mode
05-11 11:49:03.714 1508 1645 I ActivityTaskManager: clear resize flag in freeform mode
05-11 11:49:03.730 1508 1645 I ActivityTaskManager: clear resize flag in freeform mode
05-11 11:49:03.747 1508 1645 I ActivityTaskManager: clear resize flag in freeform mode
05-11 11:49:03.764 1508 1645 I ActivityTaskManager: clear resize flag in freeform mode
05-11 11:49:03.780 1508 1645 I ActivityTaskManager: clear resize flag in freeform mode
05-11 11:49:03.797 1508 1645 I ActivityTaskManager: clear resize flag in freeform mode
05-11 11:49:03.814 1508 1645 I ActivityTaskManager: clear resize flag in freeform mode
05-11 11:49:03.830 1508 1645 I ActivityTaskManager: clear resize flag in freeform mode
05-11 11:49:03.847 1508 1645 I ActivityTaskManager: clear resize flag in freeform mode
05-11 11:49:03.864 1508 1645 I ActivityTaskManager: clear resize flag in freeform mode
05-11 11:49:03.880 1508 1645 I ActivityTaskManager: clear resize flag in freeform mode
05-11 11:49:03.897 1508 1645 I ActivityTaskManager: clear resize flag in freeform mode
05-11 11:49:03.914 1508 1645 I ActivityTaskManager: clear resize flag in freeform mode
05-11 11:49:03.930 1508 1645 I ActivityTaskManager: clear resize flag in freeform mode
05-11 11:49:03.947 1508 1645 I ActivityTaskManager: clear resize flag in freeform mode
05-11 11:49:03.964 1508 1645 I ActivityTaskManager: clear resize flag in freeform mode
05-11 11:49:03.980 1508 1645 I ActivityTaskManager: clear resize flag in freeform mode
05-11 11:49:03.997 1508 1645 I ActivityTaskManager: clear resize flag in freeform mode
05-11 11:49:04.014 1508 1645 I ActivityTaskManager: clear resize flag in freeform mode
05-11 11:49:04.030 1508 1645 I ActivityTaskManager: clear resize flag in freeform mode
05-11 11:49:04.047 1508 1645 I ActivityTaskManager: clear resize flag in freeform mode
05-11 11:49:04.064 1508 1645 I ActivityTaskManager: clear resize flag in freeform mode
05-11 11:49:04.080 1508 1645 I ActivityTaskManager: clear resize flag in freeform mode
05-11 11:49:04.097 1508 1645 I ActivityTaskManager: clear resize flag in freeform mode
05-11 11:49:04.114 1508 1645 I ActivityTaskManager: clear resize flag in freeform mode
05-11 11:49:04.124 13014 13014 I auditd : type=1400 audit(0.0:13326): avc: denied { open } for comm="ss.android.lark" path="/proc/vmstat" dev="proc" ino=4026531858 scontext=u:r:untrusted_app:s0:c113,c256,c512,c768 tcontext=u:object_r:proc_vmstat:s0 tclass=file permissive=1 app=com.ss.android.lark
05-11 11:49:04.124 13014 13014 I auditd : type=1400 audit(0.0:13327): avc: denied { getattr } for comm="ss.android.lark" path="/proc/vmstat" dev="proc" ino=4026531858 scontext=u:r:untrusted_app:s0:c113,c256,c512,c768 tcontext=u:object_r:proc_vmstat:s0 tclass=file permissive=1 app=com.ss.android.lark
05-11 11:49:04.130 1508 1645 I ActivityTaskManager: clear resize flag in freeform mode
05-11 11:49:04.147 1508 1645 I ActivityTaskManager: clear resize flag in freeform mode
05-11 11:49:04.164 1508 1645 I ActivityTaskManager: clear resize flag in freeform mode
05-11 11:49:04.180 1508 1645 I ActivityTaskManager: clear resize flag in freeform mode
05-11 11:49:04.197 1508 1645 I ActivityTaskManager: clear resize flag in freeform mode
05-11 11:49:04.214 1508 1645 I ActivityTaskManager: clear resize flag in freeform mode
05-11 11:49:04.230 1508 1645 I ActivityTaskManager: clear resize flag in freeform mode
05-11 11:49:04.247 1508 1645 I ActivityTaskManager: clear resize flag in freeform mode
05-11 11:49:04.264 1508 1645 I ActivityTaskManager: clear resize flag in freeform mode
05-11 11:49:04.280 1508 1645 I ActivityTaskManager: clear resize flag in freeform mode
05-11 11:49:04.297 1508 1645 I ActivityTaskManager: clear resize flag in freeform mode
05-11 11:49:04.314 1508 1645 I ActivityTaskManager: clear resize flag in freeform mode
05-11 11:49:04.330 1508 1645 I ActivityTaskManager: clear resize flag in freeform mode
05-11 11:49:04.347 1508 1645 I ActivityTaskManager: clear resize flag in freeform mode
05-11 11:49:04.364 1508 1645 I ActivityTaskManager: clear resize flag in freeform mode
05-11 11:49:04.380 1508 1645 I ActivityTaskManager: clear resize flag in freeform mode
05-11 11:49:04.397 1508 1645 I ActivityTaskManager: clear resize flag in freeform mode
05-11 11:49:04.414 1508 1645 I ActivityTaskManager: clear resize flag in freeform mode
05-11 11:49:04.430 1508 1645 I ActivityTaskManager: clear resize flag in freeform mode
05-11 11:49:04.447 1508 1645 I ActivityTaskManager: clear resize flag in freeform mode
05-11 11:49:04.464 1508 1645 I ActivityTaskManager: clear resize flag in freeform mode
05-11 11:49:04.480 1508 1645 I ActivityTaskManager: clear resize flag in freeform mode
05-11 11:49:04.497 1508 1645 I ActivityTaskManager: clear resize flag in freeform mode
05-11 11:49:04.514 1508 1645 I ActivityTaskManager: clear resize flag in freeform mode
05-11 11:49:04.530 1508 1645 I ActivityTaskManager: clear resize flag in freeform mode
05-11 11:49:04.547 1508 1645 I ActivityTaskManager: clear resize flag in freeform mode
05-11 11:49:04.564 1508 1645 I ActivityTaskManager: clear resize flag in freeform mode
05-11 11:49:04.580 1508 1645 I ActivityTaskManager: clear resize flag in freeform mode
05-11 11:49:04.597 1508 1645 I ActivityTaskManager: clear resize flag in freeform mode
05-11 11:49:04.614 1508 1645 I ActivityTaskManager: clear resize flag in freeform mode
05-11 11:49:04.630 1508 1645 I ActivityTaskManager: clear resize flag in freeform mode
05-11 11:49:04.647 1508 1645 I ActivityTaskManager: clear resize flag in freeform mode
05-11 11:49:04.664 1508 1645 I ActivityTaskManager: clear resize flag in freeform mode
05-11 11:49:04.680 1508 1645 I ActivityTaskManager: clear resize flag in freeform mode
05-11 11:49:04.697 1508 1645 I ActivityTaskManager: clear resize flag in freeform mode
05-11 11:49:04.714 1508 1645 I ActivityTaskManager: clear resize flag in freeform mode
05-11 11:49:04.730 1508 1645 I ActivityTaskManager: clear resize flag in freeform mode
05-11 11:49:04.747 1508 1645 I ActivityTaskManager: clear resize flag in freeform mode
05-11 11:49:04.764 1508 1645 I ActivityTaskManager: clear resize flag in freeform mode
05-11 11:49:04.780 1508 1645 I ActivityTaskManager: clear resize flag in freeform mode
05-11 11:49:04.797 1508 1645 I ActivityTaskManager: clear resize flag in freeform mode
05-11 11:49:04.814 1508 1645 I ActivityTaskManager: clear resize flag in freeform mode
05-11 11:49:04.830 1508 1645 I ActivityTaskManager: clear resize flag in freeform mode
05-11 11:49:04.847 1508 1645 I ActivityTaskManager: clear resize flag in freeform mode
05-11 11:49:04.864 1508 1645 I ActivityTaskManager: clear resize flag in freeform mode
05-11 11:49:04.880 1508 1645 I ActivityTaskManager: clear resize flag in freeform mode
05-11 11:49:04.897 1508 1645 I ActivityTaskManager: clear resize flag in freeform mode
05-11 11:49:04.914 1508 1645 I ActivityTaskManager: clear resize flag in freeform mode
05-11 11:49:04.930 1508 1645 I ActivityTaskManager: clear resize flag in freeform mode
05-11 11:49:04.947 1508 1645 I ActivityTaskManager: clear resize flag in freeform mode
05-11 11:49:04.964 1508 1645 I ActivityTaskManager: clear resize flag in freeform mode
05-11 11:49:04.980 1508 1645 I ActivityTaskManager: clear resize flag in freeform mode
05-11 11:49:04.983 1508 1659 I ActivityManager: Waited long enough for: ServiceRecord{b253a17 u0 com.netease.cloudmusic/.music.biz.localmusic.service.LocalMusicMatchService}
05-11 11:49:04.997 1508 1645 I ActivityTaskManager: clear resize flag in freeform mode
05-11 11:49:05.014 1508 1645 I ActivityTaskManager: clear resize flag in freeform mode
05-11 11:49:05.030 1508 1645 I ActivityTaskManager: clear resize flag in freeform mode
05-11 11:49:05.047 1508 1645 I ActivityTaskManager: clear resize flag in freeform mode
05-11 11:49:05.064 1508 1645 I ActivityTaskManager: clear resize flag in freeform mode
05-11 11:49:05.080 1508 1645 I ActivityTaskManager: clear resize flag in freeform mode
05-11 11:49:05.097 1508 1645 I ActivityTaskManager: clear resize flag in freeform mode
05-11 11:49:05.114 1508 1645 I ActivityTaskManager: clear resize flag in freeform mode
05-11 11:49:05.130 1508 1645 I ActivityTaskManager: clear resize flag in freeform mode
05-11 11:49:05.147 1508 1645 I ActivityTaskManager: clear resize flag in freeform mode
05-11 11:49:05.164 1508 1645 I ActivityTaskManager: clear resize flag in freeform mode
05-11 11:49:05.180 1508 1645 I ActivityTaskManager: clear resize flag in freeform mode
05-11 11:49:05.197 1508 1645 I ActivityTaskManager: clear resize flag in freeform mode
05-11 11:49:05.214 1508 1645 I ActivityTaskManager: clear resize flag in freeform mode
05-11 11:49:05.219 1508 1835 I storage_state: [41217664-9172-527a-b3d5-edabb50a7d69,0,0,88529039360,118610538496]
05-11 11:49:05.230 1508 1645 I ActivityTaskManager: clear resize flag in freeform mode
05-11 11:49:05.247 1508 1645 I ActivityTaskManager: clear resize flag in freeform mode
05-11 11:49:05.264 1508 1645 I ActivityTaskManager: clear resize flag in freeform mode
05-11 11:49:05.280 1508 1645 I ActivityTaskManager: clear resize flag in freeform mode
05-11 11:49:05.297 1508 1645 I ActivityTaskManager: clear resize flag in freeform mode
05-11 11:49:05.314 1508 1645 I ActivityTaskManager: clear resize flag in freeform mode
05-11 11:49:05.330 1508 1645 I ActivityTaskManager: clear resize flag in freeform mode
05-11 11:49:05.347 1508 1645 I ActivityTaskManager: clear resize flag in freeform mode
05-11 11:49:05.364 1508 1645 I ActivityTaskManager: clear resize flag in freeform mode
05-11 11:49:05.380 1508 1645 I ActivityTaskManager: clear resize flag in freeform mode
05-11 11:49:05.397 1508 1645 I ActivityTaskManager: clear resize flag in freeform mode
05-11 11:49:05.414 1508 1645 I ActivityTaskManager: clear resize flag in freeform mode
05-11 11:49:05.430 1508 1645 I ActivityTaskManager: clear resize flag in freeform mode
05-11 11:49:05.447 1508 1645 I ActivityTaskManager: clear resize flag in freeform mode
05-11 11:49:05.464 1508 1645 I ActivityTaskManager: clear resize flag in freeform mode
05-11 11:49:05.480 1508 1645 I ActivityTaskManager: clear resize flag in freeform mode
05-11 11:49:05.497 1508 1645 I ActivityTaskManager: clear resize flag in freeform mode
05-11 11:49:05.514 1508 1645 I ActivityTaskManager: clear resize flag in freeform mode
05-11 11:49:05.530 1508 1645 I ActivityTaskManager: clear resize flag in freeform mode
05-11 11:49:05.547 1508 1645 I ActivityTaskManager: clear resize flag in freeform mode
05-11 11:49:05.564 1508 1645 I ActivityTaskManager: clear resize flag in freeform mode
05-11 11:49:05.580 1508 1645 I ActivityTaskManager: clear resize flag in freeform mode
05-11 11:49:05.597 1508 1645 I ActivityTaskManager: clear resize flag in freeform mode
05-11 11:49:05.614 1508 1645 I ActivityTaskManager: clear resize flag in freeform mode
05-11 11:49:05.630 1508 1645 I ActivityTaskManager: clear resize flag in freeform mode
05-11 11:49:05.647 1508 1645 I ActivityTaskManager: clear resize flag in freeform mode
05-11 11:49:05.664 1508 1645 I ActivityTaskManager: clear resize flag in freeform mode
05-11 11:49:05.680 1508 1645 I ActivityTaskManager: clear resize flag in freeform mode
05-11 11:49:05.697 1508 1645 I ActivityTaskManager: clear resize flag in freeform mode
05-11 11:49:05.714 1508 1645 I ActivityTaskManager: clear resize flag in freeform mode
05-11 11:49:05.730 1508 1645 I ActivityTaskManager: clear resize flag in freeform mode
05-11 11:49:05.747 1508 1645 I ActivityTaskManager: clear resize flag in freeform mode
05-11 11:49:05.764 1508 1645 I ActivityTaskManager: clear resize flag in freeform mode
05-11 11:49:05.781 1508 1645 I ActivityTaskManager: clear resize flag in freeform mode
05-11 11:49:05.797 1508 1645 I ActivityTaskManager: clear resize flag in freeform mode
05-11 11:49:05.814 1508 1645 I ActivityTaskManager: clear resize flag in freeform mode
05-11 11:49:05.830 1508 1645 I ActivityTaskManager: clear resize flag in freeform mode
05-11 11:49:05.847 1508 1645 I ActivityTaskManager: clear resize flag in freeform mode
05-11 11:49:05.864 1508 1645 I ActivityTaskManager: clear resize flag in freeform mode
05-11 11:49:05.880 1508 1645 I ActivityTaskManager: clear resize flag in freeform mode
05-11 11:49:05.897 1508 1645 I ActivityTaskManager: clear resize flag in freeform mode
05-11 11:49:05.914 1508 1645 I ActivityTaskManager: clear resize flag in freeform mode
05-11 11:49:05.930 1508 1645 I ActivityTaskManager: clear resize flag in freeform mode
05-11 11:49:05.947 1508 1645 I ActivityTaskManager: clear resize flag in freeform mode
05-11 11:49:05.964 1508 1645 I ActivityTaskManager: clear resize flag in freeform mode
05-11 11:49:05.980 1508 1645 I ActivityTaskManager: clear resize flag in freeform mode
05-11 11:49:05.997 1508 1645 I ActivityTaskManager: clear resize flag in freeform mode
05-11 11:49:06.014 1508 1645 I ActivityTaskManager: clear resize flag in freeform mode
05-11 11:49:06.030 1508 1645 I ActivityTaskManager: clear resize flag in freeform mode
05-11 11:49:06.047 1508 1645 I ActivityTaskManager: clear resize flag in freeform mode
05-11 11:49:06.064 1508 1645 I ActivityTaskManager: clear resize flag in freeform mode
05-11 11:49:06.080 1508 1645 I ActivityTaskManager: clear resize flag in freeform mode
05-11 11:49:06.097 1508 1645 I ActivityTaskManager: clear resize flag in freeform mode
05-11 11:49:06.114 1508 1645 I ActivityTaskManager: clear resize flag in freeform mode
05-11 11:49:06.130 1508 1645 I ActivityTaskManager: clear resize flag in freeform mode
05-11 11:49:06.147 1508 1645 I ActivityTaskManager: clear resize flag in freeform mode
05-11 11:49:06.164 1508 1645 I ActivityTaskManager: clear resize flag in freeform mode
05-11 11:49:06.180 1508 1645 I ActivityTaskManager: clear resize flag in freeform mode
05-11 11:49:06.197 1508 1645 I ActivityTaskManager: clear resize flag in freeform mode
05-11 11:49:06.214 1508 1645 I ActivityTaskManager: clear resize flag in freeform mode
05-11 11:49:06.230 1508 1645 I ActivityTaskManager: clear resize flag in freeform mode
05-11 11:49:06.247 1508 1645 I ActivityTaskManager: clear resize flag in freeform mode
05-11 11:49:06.264 1508 1645 I ActivityTaskManager: clear resize flag in freeform mode
05-11 11:49:06.280 1508 1645 I ActivityTaskManager: clear resize flag in freeform mode
05-11 11:49:06.297 1508 1645 I ActivityTaskManager: clear resize flag in freeform mode
05-11 11:49:06.314 1508 1645 I ActivityTaskManager: clear resize flag in freeform mode
05-11 11:49:06.330 1508 1645 I ActivityTaskManager: clear resize flag in freeform mode
05-11 11:49:06.347 1508 1645 I ActivityTaskManager: clear resize flag in freeform mode
05-11 11:49:06.364 1508 1645 I ActivityTaskManager: clear resize flag in freeform mode
05-11 11:49:06.380 1508 1645 I ActivityTaskManager: clear resize flag in freeform mode
05-11 11:49:06.397 1508 1645 I ActivityTaskManager: clear resize flag in freeform mode
05-11 11:49:06.414 1508 1645 I ActivityTaskManager: clear resize flag in freeform mode
05-11 11:49:06.430 1508 1645 I ActivityTaskManager: clear resize flag in freeform mode
05-11 11:49:06.447 1508 1645 I ActivityTaskManager: clear resize flag in freeform mode
05-11 11:49:06.464 1508 1645 I ActivityTaskManager: clear resize flag in freeform mode
05-11 11:49:06.480 1508 1645 I ActivityTaskManager: clear resize flag in freeform mode
05-11 11:49:06.497 1508 1645 I ActivityTaskManager: clear resize flag in freeform mode
05-11 11:49:06.514 1508 1645 I ActivityTaskManager: clear resize flag in freeform mode
05-11 11:49:06.522 1508 1659 I am_uid_idle: 10067
05-11 11:49:06.530 1508 1645 I ActivityTaskManager: clear resize flag in freeform mode
05-11 11:49:06.547 1508 1645 I ActivityTaskManager: clear resize flag in freeform mode
05-11 11:49:06.564 1508 1645 I ActivityTaskManager: clear resize flag in freeform mode
05-11 11:49:06.580 1508 1645 I ActivityTaskManager: clear resize flag in freeform mode
05-11 11:49:06.597 1508 1645 I ActivityTaskManager: clear resize flag in freeform mode
05-11 11:49:06.614 1508 1645 I ActivityTaskManager: clear resize flag in freeform mode
05-11 11:49:06.621 1508 1508 I sysui_multi_action: [757,128,758,5,759,8,793,126825,794,0,795,60047,796,1,806,com.android.music,857,Channel-music,858,2,947,0,1500,60047,1641,transport,1688,1,1745,1043716538]
05-11 11:49:06.621 1508 1508 I notification_canceled: [0|com.android.music|1|null|10080,8,126825,60047,0,-1,-1,NULL]
05-11 11:49:06.624 1508 1659 D CompatibilityChangeReporter: Compat change id reported: 168419799; UID 10027; state: DISABLED
05-11 11:49:06.630 1508 1645 I ActivityTaskManager: clear resize flag in freeform mode
05-11 11:49:06.636 1508 1659 W BroadcastQueue: Background execution not allowed: receiving Intent { act=com.android.music.updatewidget flg=0x10 } to com.android.music/.MediaAppWidgetProvider
05-11 11:49:06.636 1508 1659 W BroadcastQueue: Background execution not allowed: receiving Intent { act=com.android.music.updatewidget flg=0x10 } to com.android.music/.MediaAppWidgetProviderLarge
05-11 11:49:06.636 1508 10967 I sysui_multi_action: [757,856,758,2,806,com.android.music,857,Channel-music,858,2]
05-11 11:49:06.636 1508 1508 I notification_cancel_all: [1000,1508,com.android.music,0,0,0,20,NULL]
05-11 11:49:06.636 1508 10967 W NotificationHistory: Attempted to remove channel for locked/gone/disabled user 0
05-11 11:49:06.646 1508 1833 I GameModeConfig: isGameModeOn = true
05-11 11:49:06.646 1508 1833 I GameModeConfig: isGaming = false
05-11 11:49:06.646 1508 1833 I GameModeConfig: isGameModeOn = true
05-11 11:49:06.646 1508 1833 I GameModeConfig: isGaming = false
05-11 11:49:06.646 1508 1833 I GameModeConfig: isGameModeOn = true
05-11 11:49:06.646 1508 1833 I GameModeConfig: isGaming = false
05-11 11:49:06.647 1508 1833 I GameModeConfig: isGameModeOn = true
05-11 11:49:06.647 1508 1833 I GameModeConfig: isGaming = false
05-11 11:49:06.647 1508 1833 I GameModeConfig: isGameModeOn = true
05-11 11:49:06.647 1508 1833 I GameModeConfig: isGaming = false
05-11 11:49:06.647 1508 1833 I GameModeConfig: isGameModeOn = true
05-11 11:49:06.647 1508 1833 I GameModeConfig: isGaming = false
05-11 11:49:06.647 1508 1833 I GameModeConfig: isGameModeOn = true
05-11 11:49:06.647 1508 1833 I GameModeConfig: isGaming = false
05-11 11:49:06.647 1508 1833 I GameModeConfig: isGameModeOn = true
05-11 11:49:06.647 1508 1833 I GameModeConfig: isGaming = false
05-11 11:49:06.647 1508 1833 I GameModeConfig: isGameModeOn = true
05-11 11:49:06.647 1508 1833 I GameModeConfig: isGaming = false
05-11 11:49:06.647 1508 1645 I ActivityTaskManager: clear resize flag in freeform mode
05-11 11:49:06.647 1508 1508 I notification_enqueue: [10078,18015,com.android.systemui,1,empty_media,0,Notification(channel=empty_media_style_id shortcut=null contentView=null vibrate=null sound=null defaults=0x0 flags=0x20 color=0x00000000 category=transport groupKey=empty_media actions=5 vis=PRIVATE),1]
05-11 11:49:06.664 1508 1645 I ActivityTaskManager: clear resize flag in freeform mode
05-11 11:49:06.680 1508 1645 I ActivityTaskManager: clear resize flag in freeform mode
05-11 11:49:06.697 1508 1645 I ActivityTaskManager: clear resize flag in freeform mode
05-11 11:49:06.714 1508 1645 I ActivityTaskManager: clear resize flag in freeform mode
05-11 11:49:06.730 1508 1645 I ActivityTaskManager: clear resize flag in freeform mode
05-11 11:49:06.747 1508 1645 I ActivityTaskManager: clear resize flag in freeform mode
05-11 11:49:06.764 1508 1645 I ActivityTaskManager: clear resize flag in freeform mode
05-11 11:49:06.780 1508 1645 I ActivityTaskManager: clear resize flag in freeform mode
05-11 11:49:06.797 1508 1645 I ActivityTaskManager: clear resize flag in freeform mode
05-11 11:49:06.814 1508 1645 I ActivityTaskManager: clear resize flag in freeform mode
05-11 11:49:06.830 1508 1645 I ActivityTaskManager: clear resize flag in freeform mode
05-11 11:49:06.833 1508 1645 D WindowManager: updateWindowDragBounds: mIsSwipeYtrue
05-11 11:49:06.833 1508 1645 D WindowManager: updateWindowDragBounds: mIsTopfalse
05-11 11:49:06.833 1508 1645 I ActivityTaskManager: clear resize flag in freeform mode
05-11 11:49:06.848 1508 1508 I GameModeConfig: isGameModeOn = true
05-11 11:49:06.848 1508 1508 I GameModeConfig: isGaming = false
05-11 11:49:06.889 1508 1643 I commit_sys_config_file: [notification-policy,1322699]
05-11 11:49:06.913 1508 1799 I input_interaction: Interaction with: 1f6b683 StatusBar (server), edge-swipe (server), swipe-up (server), PointerEventDispatcher0 (server),
05-11 11:49:06.920 18015 18015 I sysui_multi_action: [757,803,799,panel_open,802,1]
05-11 11:49:06.921 18015 18015 I sysui_multi_action: [757,1328,758,4,1326,58,1327,0,1329,0]
05-11 11:49:06.945 1508 3394 I sysui_multi_action: [757,127,758,1]
05-11 11:49:06.945 1508 3394 I sysui_multi_action: [757,804,799,note_load,801,3,802,1]
05-11 11:49:06.945 1508 3394 I notification_panel_revealed: 3
05-11 11:49:06.951 1508 1645 I input_focus: [Focus request 540e8a6 NotificationShade,reason=UpdateInputWindows]
05-11 11:49:06.959 1508 3394 I sysui_multi_action: [757,128,758,1,793,1320607,794,0,795,1320607,796,26,798,0,806,android,857,DEVELOPER_IMPORTANT,858,4,947,0,1395,3,1500,1320119,1688,1]
05-11 11:49:06.959 1508 3394 I sysui_multi_action: [757,804,799,note_freshness,801,1320607,802,1]
05-11 11:49:06.959 1508 3394 I notification_visibility: [-1|android|26|null|1000,1,1320607,1320607,0,0]
05-11 11:49:06.959 1508 3394 I sysui_multi_action: [757,128,758,1,793,209202,794,0,795,209202,796,-3365,798,1,806,com.ss.android.lark,857,normal_v2,858,4,947,0,1395,3,1500,209000,1688,1,1745,945454168]
05-11 11:49:06.959 1508 3394 I sysui_multi_action: [757,804,799,note_freshness,801,209202,802,1]
05-11 11:49:06.959 1508 3394 I notification_visibility: [0|com.ss.android.lark|-3365|null|10113,1,209202,209202,0,1]
05-11 11:49:06.959 1508 3394 I sysui_multi_action: [757,128,758,1,793,1320610,794,0,795,1320610,796,27,798,2,806,android,857,USB,858,1,947,0,1395,3,1500,1320120,1688,1]
05-11 11:49:06.959 1508 3394 I sysui_multi_action: [757,804,799,note_freshness,801,1320610,802,1]
05-11 11:49:06.959 1508 3394 I notification_visibility: [-1|android|27|null|1000,1,1320610,1320610,0,2]
05-11 11:49:06.965 1508 1799 I input_focus: [Focus leaving bcf5f68 com.netease.cloudmusic/com.netease.cloudmusic.activity.IconChangeDefaultAlias (server),reason=setFocusedWindow]
05-11 11:49:06.965 1508 1799 I input_focus: [Focus entering 540e8a6 NotificationShade (server),reason=setFocusedWindow]
05-11 11:49:06.996 877 877 I auditd : type=1400 audit(0.0:13328): avc: denied { create } for comm="perf@2.2-servic" name="min_freq" scontext=u:r:vendor_hal_perf_default:s0 tcontext=u:object_r:vendor_sysfs_devfreq:s0 tclass=file permissive=1
05-11 11:49:07.010 18015 18015 I sysui_multi_action: [757,111,758,1]
05-11 11:49:07.010 18015 18015 I sysui_multi_action: [757,126,758,1,759,126,927,0,928,1,1593,0]
05-11 11:49:07.010 18015 18015 I sysui_multi_action: [757,113,758,1,759,113,927,1,928,1,1593,0]
05-11 11:49:07.010 18015 18015 I sysui_multi_action: [757,0,758,1,759,0,927,2,928,0,1593,0]
05-11 11:49:07.010 18015 18015 I sysui_multi_action: [757,0,758,1,759,0,927,3,928,0,1593,0]
05-11 11:49:07.010 18015 18015 I sysui_multi_action: [757,491,758,1,759,491,927,4,928,0,1311,-1,1593,0]
05-11 11:49:07.010 18015 18015 I sysui_multi_action: [757,0,758,1,759,0,927,5,928,0,1593,0]
05-11 11:49:07.010 18015 18015 I sysui_multi_action: [757,0,758,1,759,0,927,6,1593,0]
05-11 11:49:07.011 18015 18015 I sysui_multi_action: [757,111,758,1]
05-11 11:49:07.011 18015 18015 I sysui_multi_action: [757,126,758,1,759,126,927,0,928,1,1593,0]
05-11 11:49:07.011 18015 18015 I sysui_multi_action: [757,113,758,1,759,113,927,1,928,1,1593,0]
05-11 11:49:07.011 18015 18015 I sysui_multi_action: [757,0,758,1,759,0,927,2,928,0,1593,0]
05-11 11:49:07.011 18015 18015 I sysui_multi_action: [757,0,758,1,759,0,927,3,928,0,1593,0]
05-11 11:49:07.106 1508 1657 I am_pss : [19859,10100,com.netease.cloudmusic,596363264,547786752,26624,867856384,0,2,40]
05-11 11:49:07.115 1508 1657 I am_pss : [18411,10067,com.android.gallery3d,24038400,18890752,1429504,128237568,0,16,8]
05-11 11:49:07.134 1508 1657 I am_pss : [20291,10100,com.netease.cloudmusic:viewer,136450048,94633984,150528,391102464,0,10,17]
05-11 11:49:07.156 1508 1657 I am_pss : [20691,10100,com.netease.cloudmusic:browser,174783488,132554752,1058816,433549312,0,10,19]
05-11 11:49:07.169 1508 1657 I am_pss : [20365,10095,com.kugou.android:patch,81284096,50614272,27648,209739776,0,10,12]
01-01 08:22:15.401 0 0 E link_delay_work_func: DTC_ETH: SQI=0, link=0
05-11 11:49:07.596 877 877 I auditd : type=1400 audit(0.0:13329): avc: denied { add_name } for comm="perf@2.2-servic" name="min_freq" scontext=u:r:vendor_hal_perf_default:s0 tcontext=u:object_r:vendor_sysfs_devfreq:s0 tclass=dir permissive=1
05-11 11:49:07.876 877 877 I auditd : type=1400 audit(0.0:13330): avc: denied { create } for comm="perf@2.2-servic" name="cpu_min_freq" scontext=u:r:vendor_hal_perf_default:s0 tcontext=u:object_r:vendor_sysfs_msm_perf:s0 tclass=file permissive=1
