01-01 08:24:00.313 0 0 E : send_afe_cal_type cal_block not found!!
01-01 08:24:00.314 0 0 I afe_send_hw_delay: port_id 0x400e rate 16000 delay_usec 0 status 0
05-11 11:50:52.275 1508 1643 D BluetoothManagerService: MESSAGE_BLUETOOTH_STATE_CHANGE: BLE_ON > BLE_TURNING_OFF
05-11 11:50:52.275 1508 1643 D BluetoothManagerService: Sending BLE State Change: BLE_ON > BLE_TURNING_OFF
05-11 11:50:52.275 1508 1508 D CompanionDeviceManagerService: Received BT state transition broadcast: BLE_ON -> BLE_TURNING_OFF
05-11 11:50:52.283 1508 1657 I am_pss : [20005,10100,com.netease.cloudmusic:play,79386624,58306560,48128,251289600,0,15,12]
05-11 11:50:52.291 1508 1657 I am_pss : [14513,10080,com.android.music,54090752,42266624,7566336,134533120,0,16,7]
05-11 11:50:52.303 1508 1657 I am_pss : [2644,10072,com.android.launcher3,149099520,143032320,1013760,264531968,0,2,11]
05-11 11:50:52.320 1508 1657 I am_pss : [20691,10100,com.netease.cloudmusic:browser,147610624,102924288,14264320,359215104,0,19,17]
05-11 11:50:52.337 1508 1657 I am_pss : [20291,10100,com.netease.cloudmusic:viewer,115966976,85442560,228352,337883136,0,19,16]
05-11 11:50:52.342 1508 1657 I am_pss : [21336,99004,com.android.webview:sandboxed_process0:org.chromium.content.app.SandboxedProcessService0:1,31996928,18161664,9346048,58978304,0,19,5]
05-11 11:50:52.349 1508 1508 D CompanionDeviceManagerService: 60:F4:3A:B2:E8:8D disconnected w/ reason: (1100) Local request
05-11 11:50:52.349 1508 1508 D CompanionDeviceManagerService: onDeviceDisconnected(address = 60:F4:3A:B2:E8:8D)
05-11 11:50:52.349 1508 1508 I CompanionDeviceManagerService: onDeviceDisappeared(address = 60:F4:3A:B2:E8:8D)
05-11 11:50:52.349 1508 1508 D CompanionDeviceManagerService: unscheduling TriggerDeviceDisappearedRunnable(address = 60:F4:3A:B2:E8:8D)
05-11 11:50:52.354 1508 1657 I am_pss : [20838,10095,com.kugou.android,96446464,87224320,6431744,172507136,0,19,11]
05-11 11:50:52.358 1508 1657 I am_pss : [20732,99003,com.android.webview:sandboxed_process0:org.chromium.content.app.SandboxedProcessService0:0,14227456,1454080,9740288,35356672,0,19,4]
05-11 11:50:52.371 1508 1657 I am_pss : [20785,10100,com.netease.cloudmusic:mp1,76290048,47403008,4459520,276942848,0,15,12]
05-11 11:50:52.458 1508 1643 D BluetoothManagerService: MESSAGE_HANDLE_DISABLE_DELAYED: disabling:true
05-11 11:50:52.458 1508 1643 D BluetoothManagerService: Handle disable is finished
05-11 11:50:52.460 0 0 I auditd : type=1400 audit(0.0:14155): avc: denied { kill } for comm="swapper/7" capability=5 scontext=u:r:kernel:s0 tcontext=u:r:kernel:s0 tclass=capability permissive=1
05-11 11:50:52.508 1508 1643 I commit_sys_config_file: [notification-policy,1428318]
05-11 11:50:53.167 1508 1641 D CompanionDeviceManagerService: onPackageModified(packageName = com.android.bluetooth)
05-11 11:50:53.184 1508 1508 I Telecom : DefaultDialerCache: Refreshing default dialer for user 0: now null: DDC.oR@AGQ
05-11 11:50:53.185 1508 1641 I am_uid_running: 10091
05-11 11:50:53.185 1508 1641 D CompatibilityChangeReporter: Compat change id reported: 135634846; UID 10091; state: DISABLED
05-11 11:50:53.185 1508 1641 D CompatibilityChangeReporter: Compat change id reported: 177438394; UID 10091; state: DISABLED
05-11 11:50:53.185 1508 1641 D CompatibilityChangeReporter: Compat change id reported: 135772972; UID 10091; state: DISABLED
05-11 11:50:53.185 1508 1641 D CompatibilityChangeReporter: Compat change id reported: 135754954; UID 10091; state: DISABLED
05-11 11:50:53.186 1508 1660 D CompatibilityChangeReporter: Compat change id reported: 143937733; UID 10091; state: DISABLED
05-11 11:50:53.189 1508 1508 I am_uid_active: 99000
05-11 11:50:53.189 1508 1508 I am_uid_active: 10066
05-11 11:50:53.192 1508 1660 I am_proc_start: [0,23115,10091,com.android.permissioncontroller,service,{com.android.permissioncontroller/com.android.permissioncontroller.permission.service.PermissionControllerServiceImpl}]
05-11 11:50:53.192 1508 1660 I ActivityManager: Start proc 23115:com.android.permissioncontroller/u0a91 for service {com.android.permissioncontroller/com.android.permissioncontroller.permission.service.PermissionControllerServiceImpl}
01-01 08:24:01.252 0 0 I binder : 23115:23115 ioctl 40046210 7ffe05b4f4 returned -22
05-11 11:50:53.209 1508 10140 I am_proc_bound: [0,23115,com.android.permissioncontroller]
05-11 11:50:53.211 1508 10140 I am_uid_active: 10091
05-11 11:50:53.212 3267 3267 I auditd : type=1400 audit(0.0:14156): avc: granted { execute } for comm="temporary-6" path="/data/user/0/com.tencent.android.qqdownloader/files/shell/7_8424130_6981/lib/arm64-v8a/libqmp.so" dev="dm-10" ino=6018 scontext=u:r:untrusted_app_27:s0:c512,c768 tcontext=u:object_r:app_data_file:s0:c512,c768 tclass=file app=com.tencent.android.qqdownloader
05-11 11:50:53.240 3267 3267 I auditd : type=1400 audit(0.0:14157): avc: granted { execute } for comm="temporary-6" path="/data/user/0/com.tencent.android.qqdownloader/files/shell/7_8424130_6981/lib/arm64-v8a/libbeaconid.so" dev="dm-10" ino=6007 scontext=u:r:untrusted_app_27:s0:c512,c768 tcontext=u:object_r:app_data_file:s0:c512,c768 tclass=file app=com.tencent.android.qqdownloader
05-11 11:50:53.312 3267 3267 I auditd : type=1400 audit(0.0:14158): avc: denied { read } for comm="qimei-thread-1" name="/" dev="dm-5" ino=2 scontext=u:r:untrusted_app_27:s0:c512,c768 tcontext=u:object_r:rootfs:s0 tclass=dir permissive=1 app=com.tencent.android.qqdownloader
05-11 11:50:53.312 3267 3267 I auditd : type=1400 audit(0.0:14159): avc: denied { open } for comm="qimei-thread-1" path="/" dev="dm-5" ino=2 scontext=u:r:untrusted_app_27:s0:c512,c768 tcontext=u:object_r:rootfs:s0 tclass=dir permissive=1 app=com.tencent.android.qqdownloader
05-11 11:50:53.316 3267 3267 I auditd : type=1400 audit(0.0:14160): avc: granted { nlmsg_readpriv } for comm="qimei-thread-1" scontext=u:r:untrusted_app_27:s0:c512,c768 tcontext=u:r:untrusted_app_27:s0:c512,c768 tclass=netlink_route_socket app=com.tencent.android.qqdownloader
05-11 11:50:53.335 1508 1657 W VoiceInteractionManager: no available voice recognition services found for user 0
01-01 08:24:01.406 0 0 W audit : audit_lost=12922 audit_rate_limit=5 audit_backlog_limit=64
01-01 08:24:01.406 0 0 E audit : rate limit exceeded
01-01 08:24:01.496 0 0 E bt_ioctl: BT_CMD_PWR_CTRL pwr_cntrl:0
01-01 08:24:01.597 0 0 I bt_configure_gpios: BT-OFF:bt-reset-gpio(1121) value(0)
01-01 08:24:01.597 0 0 I bt_configure_gpios: BT-OFF:bt-sw-ctrl-gpio(1224) value(1)
01-01 08:24:01.597 0 0 I bt_configure_gpios: bt_gpio= 1121 on: 0 is successful
01-01 08:24:01.597 0 0 E bt_vreg_disable: vreg_disable successful for : qca,bt-vdd-asd
01-01 08:24:01.597 0 0 E bt_vreg_disable: vreg_disable successful for : qca,bt-vdd-rfa2
01-01 08:24:01.597 0 0 E bt_vreg_disable: vreg_disable successful for : qca,bt-vdd-rfa1
01-01 08:24:01.597 0 0 E bt_vreg_disable: vreg_disable successful for : qca,bt-vdd-dig
01-01 08:24:01.597 0 0 E bt_vreg_disable: vreg_disable successful for : qca,bt-vdd-aon
05-11 11:50:53.765 1508 1643 D BluetoothManagerService: MESSAGE_BLUETOOTH_STATE_CHANGE: BLE_TURNING_OFF > OFF
05-11 11:50:53.765 1508 1643 D BluetoothManagerService: Bluetooth is complete off, send Service Down
05-11 11:50:53.765 1508 1643 D BluetoothManagerService: Broadcasting onBluetoothServiceDown() to 14 receivers.
05-11 11:50:53.767 1508 1643 D BluetoothManagerService: Broadcasting onBluetoothStateChange(false) to 19 receivers.
05-11 11:50:53.768 1508 1643 D BluetoothManagerService: unbindAndFinish(): android.bluetooth.IBluetooth$Stub$Proxy@7abe9b3 mBinding = false mUnbinding = false
05-11 11:50:53.775 1508 1643 D BluetoothManagerService: Sending BLE State Change: BLE_TURNING_OFF > OFF
05-11 11:50:53.776 1508 1508 D CompanionDeviceManagerService: Received BT state transition broadcast: BLE_TURNING_OFF -> OFF
01-01 08:24:01.901 0 0 I binder : release 1894:2204 transaction 1357821 out, still active
01-01 08:24:01.901 0 0 I binder : undelivered TRANSACTION_COMPLETE
05-11 11:50:53.856 1508 3394 I ActivityManager: Process com.android.bluetooth (pid 1894) has died: fg SVC
05-11 11:50:53.858 1508 3394 I am_proc_died: [0,1894,com.android.bluetooth,0,10]
05-11 11:50:53.858 1508 3394 I am_uid_stopped: 1002
05-11 11:50:53.859 1508 3394 I am_mem_factor: [1,0]
01-01 08:24:02.123 0 0 I binder : 17764:17843 transaction failed 29189/0, size 24-0 line 3003
01-01 08:24:02.123 0 0 I binder : send failed reply for transaction 1357821, target dead
05-11 11:50:54.086 1508 1508 I Telecom : WiredHeadsetManager: ACTION_HEADSET_PLUG event, plugged in: false, : WHC.oADR@AGU
01-01 08:24:02.194 0 0 I afe_close: port_id = 0x400e
01-01 08:24:02.199 0 0 I btfm_slim_disable_ch: port:16, grp: 0, ch->grph:0x0, ch->ch_hdl:0x1d
01-01 08:24:02.209 0 0 W : NGD interrupt error:0x83000000, err:-5
01-01 08:24:02.209 0 0 W err desc[0]: 0x8ce6806
01-01 08:24:02.209 0 0 W err desc[1]: 0x84
01-01 08:24:02.209 0 0 W err desc[2]: 0x0
01-01 08:24:02.209 0 0 W err desc[3]: 0x0
01-01 08:24:02.209 0 0 W err desc[4]: 0x0
01-01 08:24:02.209 0 0 W err desc[5]: 0x0
01-01 08:24:02.209 0 0 W err desc[6]: 0x0
01-01 08:24:02.209 0 0 W err desc[7]: 0x0
01-01 08:24:02.209 0 0 W err desc[8]: 0x0
01-01 08:24:02.209 0 0 W err desc[9]: 0x0
01-01 08:24:02.209 0 0 W TX failed: MC:0x68,mt:0x0, ret:-5, ver:514
01-01 08:24:02.209 0 0 W conf : 0x7,stat:0x684840e,rxmsgq:0x10000
01-01 08:24:02.209 0 0 E int_stat: 0x0,int_en:0xbe000000,int_cll:0x0
01-01 08:24:02.227 0 0 E btfm_slim_write: failed (-5)
01-01 08:24:02.227 0 0 E btfm_slim_slave_enable_port: failed to write (-5) reg 0x40
01-01 08:24:02.227 0 0 E btfm_slim_disable_ch: vendor_port_en failed ret[-5]
05-11 11:50:54.179 1508 3044 I am_uid_active: 10109
05-11 11:50:54.397 18015 18015 I sysui_multi_action: [757,925,758,4,759,113,927,1,928,0,1592,0,1593,1]
05-11 11:50:54.399 1508 12402 D BluetoothManagerService: enable(com.android.systemui): mBluetooth =null mBinding = false mState = OFF
05-11 11:50:54.399 1508 1643 D BluetoothManagerService: MESSAGE_ENABLE(0): mBluetooth = null
05-11 11:50:54.399 1508 1643 D BluetoothManagerService: MESSAGE_ENABLE: handleEnable
05-11 11:50:54.399 1508 1643 D BluetoothManagerService: binding Bluetooth service
05-11 11:50:54.399 1508 12402 D BluetoothManagerService: enable returning
05-11 11:50:54.400 1508 1643 I am_uid_running: 1002
05-11 11:50:54.400 1508 1643 D CompatibilityChangeReporter: Compat change id reported: 135634846; UID 1002; state: DISABLED
05-11 11:50:54.400 1508 1643 D CompatibilityChangeReporter: Compat change id reported: 177438394; UID 1002; state: DISABLED
05-11 11:50:54.400 1508 1643 D CompatibilityChangeReporter: Compat change id reported: 135772972; UID 1002; state: DISABLED
05-11 11:50:54.401 1508 1643 D CompatibilityChangeReporter: Compat change id reported: 135754954; UID 1002; state: ENABLED
05-11 11:50:54.401 1508 1643 D BluetoothManagerService: Binding BT service. Current user: 0
05-11 11:50:54.407 1508 1660 I am_proc_start: [0,23189,1002,com.android.bluetooth,service,{com.android.bluetooth/com.android.bluetooth.btservice.AdapterService}]
05-11 11:50:54.407 1508 1660 I ActivityManager: Start proc 23189:com.android.bluetooth/1002 for service {com.android.bluetooth/com.android.bluetooth.btservice.AdapterService}
01-01 08:24:02.467 0 0 I binder : 23189:23189 ioctl 40046210 7ffe05b4f4 returned -22
05-11 11:50:54.424 1508 12402 I am_proc_bound: [0,23189,com.android.bluetooth]
05-11 11:50:54.436 1508 12402 I am_uid_active: 1002
05-11 11:50:54.460 0 0 I auditd : type=1400 audit(0.0:14168): avc: denied { kill } for comm="swapper/7" capability=5 scontext=u:r:kernel:s0 tcontext=u:r:kernel:s0 tclass=capability permissive=1
05-11 11:50:54.501 1508 1657 I am_meminfo: [1346043904,761020416,118644736,555708416,439459840]
05-11 11:50:54.508 23189 23211 I bt_config_source: 1
05-11 11:50:54.508 23189 23211 I bt_config_source: 1
05-11 11:50:54.509 1508 1657 I am_pss : [4602,10101,com.baidu.appsearch,33527808,27222016,1447936,149999616,1,4,6]
05-11 11:50:54.516 1508 1657 I am_pss : [3174,10092,com.android.providers.media.module,22188032,18927616,873472,120172544,1,0,6]
05-11 11:50:54.525 1508 1508 D BluetoothManagerService: Bluetooth Adapter name changed to 高合娱乐副屏 by android
05-11 11:50:54.525 1508 1508 D BluetoothManagerService: Stored Bluetooth name: 高合娱乐副屏
05-11 11:50:54.525 1508 1657 I am_pss : [4996,10102,com.wandoujia.phoenix2:aid,60321792,47251456,5354496,178696192,1,19,9]
01-01 08:24:02.577 0 0 I binder : 23189:23189 ioctl 40046210 7ffe05ab64 returned -22
05-11 11:50:54.535 1508 1657 I am_pss : [5077,10102,com.wandoujia.phoenix2,71172096,47038464,15716352,190697472,1,19,9]
05-11 11:50:54.537 1508 1508 D BluetoothManagerService: BluetoothServiceConnection: com.android.bluetooth.btservice.AdapterService
05-11 11:50:54.537 1508 1643 D BluetoothManagerService: MESSAGE_BLUETOOTH_SERVICE_CONNECTED: 1
05-11 11:50:54.540 1508 1643 D BluetoothManagerService: MESSAGE_INFORM_ADAPTER_SERVICE_UP
05-11 11:50:54.540 1508 1643 D BluetoothManagerService: Broadcasting onBluetoothServiceUp() to 14 receivers.
05-11 11:50:54.541 1508 1657 I am_pss : [4923,10102,com.wandoujia.phoenix2:channel,34585600,25485312,4022272,109670400,1,19,7]
05-11 11:50:54.547 1508 1643 D BluetoothManagerService: MESSAGE_BLUETOOTH_STATE_CHANGE: OFF > BLE_TURNING_ON
05-11 11:50:54.548 1508 1643 D BluetoothManagerService: Sending BLE State Change: OFF > BLE_TURNING_ON
05-11 11:50:54.548 1508 1508 D CompanionDeviceManagerService: Received BT state transition broadcast: OFF -> BLE_TURNING_ON
05-11 11:50:54.550 1508 1657 I am_pss : [3407,10035,com.baidu.input,58566656,50810880,2958336,184987648,1,7,8]
05-11 11:50:54.557 1508 1657 I am_pss : [2472,10093,android.ext.services,38604800,30941184,4357120,127954944,1,5,7]
01-01 08:24:02.606 0 0 E bt_ioctl: BT_CMD_PWR_CTRL pwr_cntrl:0
01-01 08:24:02.606 0 0 E bt_ioctl: BT state already:0 no change done
01-01 08:24:02.606 0 0 E bt_ioctl: BT_CMD_PWR_CTRL pwr_cntrl:1
01-01 08:24:02.606 0 0 E bt_vreg_enable: vreg_en successful for : qca,bt-vdd-aon
01-01 08:24:02.606 0 0 E bt_vreg_enable: vreg_en successful for : qca,bt-vdd-dig
01-01 08:24:02.606 0 0 E bt_vreg_enable: vreg_en successful for : qca,bt-vdd-rfa1
01-01 08:24:02.606 0 0 E bt_vreg_enable: vreg_en successful for : qca,bt-vdd-rfa2
01-01 08:24:02.606 0 0 E bt_vreg_enable: vreg_en successful for : qca,bt-vdd-asd
05-11 11:50:54.567 1508 1657 I am_pss : [6551,10094,com.tencent.android.qqdownloader:wxa_container0,115307520,108769280,4547584,198606848,1,19,9]
05-11 11:50:54.572 1508 1657 I am_pss : [3191,10017,android.process.media,9302016,897024,7577600,52563968,1,10,5]
05-11 11:50:54.578 1508 1657 I am_pss : [3171,10073,com.qualcomm.location.XT,5539840,1212416,2894848,85327872,1,6,5]
05-11 11:50:54.585 1508 1657 I am_pss : [4362,2000,com.android.shell,7561216,385024,6559744,46055424,1,19,4]
05-11 11:50:54.589 1508 1657 I am_pss : [4308,10025,com.android.packageinstaller,7443456,364544,6519808,43798528,1,19,4]
05-11 11:50:54.595 1508 1657 I am_pss : [4085,1000,com.qti.diagservices,7838720,335872,6807552,47681536,1,10,5]
05-11 11:50:54.601 1508 1657 I am_pss : [3138,10083,com.qualcomm.qti.workloadclassifier,8292352,5320704,1521664,90836992,1,0,6]
05-11 11:50:54.608 1508 1657 I am_pss : [3109,10086,com.qualcomm.qti.qccnetstat,7620608,4591616,1656832,88154112,1,0,5]
05-11 11:50:54.614 1508 1657 I am_pss : [3074,10071,com.qualcomm.qti.services.systemhelper:systemhelper_service,7916544,5083136,1439744,89317376,1,0,5]
01-01 08:24:02.661 0 0 I bt_configure_gpios: BTON:Turn Bt Off bt-reset-gpio(1121) value(0)
01-01 08:24:02.661 0 0 I bt_configure_gpios: BTON:Turn Bt Off
01-01 08:24:02.661 0 0 I bt_configure_gpios: bt-sw-ctrl-gpio(1224) value(0)
01-01 08:24:02.661 0 0 I bt_enable_bt_reset_gpios_safely: bt_enable_bt_reset_gpios_safely: BTON:Turn Bt On
01-01 08:24:02.661 0 0 I bt_enable_bt_reset_gpios_safely: bt_enable_bt_reset_gpios_safely: wl-reset-gpio(1120) value(1)
01-01 08:24:02.661 0 0 I bt_enable_bt_reset_gpios_safely: bt_enable_bt_reset_gpios_safely: BTON: Asserting BT_EN
05-11 11:50:54.620 1508 1657 I am_pss : [3072,10057,.pasr,7299072,4550656,1406976,86691840,1,0,5]
05-11 11:50:54.626 1508 1657 I am_pss : [3045,1000,com.hryt.hiphishowfsecontrol,8577024,5230592,1820672,94093312,1,0,5]
05-11 11:50:54.632 1508 1657 I am_pss : [3008,10055,ts.car.uart,7455744,4632576,1476608,87068672,1,0,5]
05-11 11:50:54.637 1508 1657 I am_pss : [3003,10081,com.hht.lebocast,30031872,18006016,1336320,83017728,1,0,5]
05-11 11:50:54.643 1508 1657 I am_pss : [2777,10077,com.qualcomm.location,9602048,6041600,1705984,97263616,1,0,5]
05-11 11:50:54.651 1508 1657 I am_pss : [2430,1000,com.qualcomm.qti.qdma,8863744,5263360,1909760,97202176,1,0,6]
05-11 11:50:54.656 1508 1657 I am_pss : [4062,10065,com.qualcomm.qti.devicestatisticsservice,7341056,4558848,1423360,86794240,1,0,5]
05-11 11:50:54.661 1508 1657 I am_pss : [2374,1000,com.thundercomm.remotecontrolservice,8272896,5091328,1615872,92569600,1,0,4]
05-11 11:50:54.667 1508 1657 I am_pss : [2385,1000,com.thundercomm.tcservice,9243648,6037504,1774592,92037120,1,0,6]
05-11 11:50:54.672 1508 1657 I am_pss : [2339,1068,com.android.se,7866368,4866048,1595392,89001984,1,0,5]
01-01 08:24:02.717 0 0 I bt_configure_gpios: BTON:Turn Bt On bt-reset-gpio(1121) value(1)
01-01 08:24:02.717 0 0 I bt_configure_gpios: BTON:Turn Bt On
01-01 08:24:02.717 0 0 I bt_configure_gpios: bt-sw-ctrl-gpio(1224) value(1)
01-01 08:24:02.717 0 0 I bt_configure_gpios: bt_gpio= 1121 on: 1 is successful
05-11 11:50:54.677 1508 1657 I am_pss : [2305,10085,com.qti.qualcomm.mstatssystemservice,7513088,4825088,1325056,87486464,1,0,4]
05-11 11:50:54.682 1508 1657 I am_pss : [2285,1000,vendor.qti.qesdk.sysservice,7618560,4636672,1603584,88035328,1,0,5]
05-11 11:50:54.680 822 822 I auditd : type=1400 audit(0.0:14169): avc: denied { search } for comm="bluetooth@1.0-s" name="bluetooth" dev="sda2" ino=69 scontext=u:r:hal_bluetooth_default:s0 tcontext=u:object_r:mnt_product_file:s0 tclass=dir permissive=1
05-11 11:50:54.687 1508 1657 I am_pss : [2255,1000,com.thundercomm.tcsetupwizard,7479296,4935680,1198080,87248896,1,0,5]
01-01 08:24:02.735 0 0 E bt_ioctl: unified Current SOC Version : 400a0200
05-11 11:50:54.692 1508 1657 I am_pss : [2239,1000,com.tc.logclient,8463360,5529600,1405952,93868032,1,0,4]
05-11 11:50:54.698 1508 1657 I am_pss : [2246,1073,com.android.networkstack.process,19548160,16113664,1725440,108347392,1,0,5]
05-11 11:50:54.703 1508 1657 I am_pss : [2180,1000,com.thundercomm.tchttpserver,8040448,4857856,1792000,89296896,1,0,5]
05-11 11:50:54.709 1508 1657 I am_pss : [2141,1000,com.thundercomm.microsettings,9963520,6156288,1386496,104861696,1,0,5]
05-11 11:50:54.715 1508 1657 I am_pss : [2144,1001,.dataservices,9522176,6152192,1914880,91095040,1,0,6]
05-11 11:50:54.720 1508 1657 I am_pss : [2151,10054,.qtidataservices,7797760,4800512,1640448,88002560,1,0,5]
05-11 11:50:54.725 1508 1657 I am_pss : [2135,1000,com.thundercomm.microservice,8171520,4984832,1800192,89239552,1,0,4]
05-11 11:50:54.733 1508 1657 I am_pss : [2031,1000,com.thundercomm.gamemode,36338688,29970432,2330624,143314944,1,0,8]
05-11 11:50:54.755 1508 1657 I am_pss : [1508,1000,system,266168320,188706816,2219008,553582592,1,0,20]
01-01 08:24:02.921 0 0 E link_delay_work_func: DTC_ETH: SQI=0, link=0
05-11 11:50:55.110 1508 1508 I Telecom : WiredHeadsetManager: ACTION_HEADSET_PLUG event, plugged in: false, : WHC.oADR@AGY
05-11 11:50:55.124 1508 1839 I stream_devices_changed: [3,128,2]
05-11 11:50:55.131 1508 1839 I stream_devices_changed: [6,16,1]
01-01 08:24:03.791 0 0 E bt_ioctl: BT_CMD_PWR_CTRL pwr_cntrl:2
01-01 08:24:03.792 0 0 E bt_vreg_unvote: vreg_unvote successful for : qca,bt-vdd-rfa2
01-01 08:24:03.792 0 0 E bt_vreg_unvote: vreg_unvote successful for : qca,bt-vdd-rfa1
05-11 11:50:55.740 822 822 I auditd : type=1400 audit(0.0:14170): avc: denied { read write } for comm="bluetooth@1.0-s" name="diag" dev="tmpfs" ino=1133 scontext=u:r:hal_bluetooth_default:s0 tcontext=u:object_r:vendor_diag_device:s0 tclass=chr_file permissive=1
05-11 11:50:55.740 822 822 I auditd : type=1400 audit(0.0:14171): avc: denied { open } for comm="bluetooth@1.0-s" path="/dev/diag" dev="tmpfs" ino=1133 scontext=u:r:hal_bluetooth_default:s0 tcontext=u:object_r:vendor_diag_device:s0 tclass=chr_file permissive=1
01-01 08:24:03.792 0 0 E bt_vreg_unvote: vreg_unvote successful for : qca,bt-vdd-dig
05-11 11:50:55.740 822 822 I auditd : type=1400 audit(0.0:14172): avc: denied { ioctl } for comm="bluetooth@1.0-s" path="/dev/diag" dev="tmpfs" ino=1133 ioctlcmd=0x0 scontext=u:r:hal_bluetooth_default:s0 tcontext=u:object_r:vendor_diag_device:s0 tclass=chr_file permissive=1
01-01 08:24:03.792 0 0 E bt_vreg_unvote: vreg_unvote successful for : qca,bt-vdd-aon
05-11 11:50:55.789 1508 1508 D BluetoothManagerService: Bluetooth Adapter address changed to F0:74:E4:41:13:64
05-11 11:50:55.790 1508 1508 D BluetoothManagerService: Stored Bluetoothaddress: F0:74:E4:41:13:64
05-11 11:50:55.790 1508 1508 D BluetoothManagerService: Bluetooth Adapter name changed to 高合娱乐副屏 by android
05-11 11:50:55.790 1508 1508 D BluetoothManagerService: Stored Bluetooth name: 高合娱乐副屏
05-11 11:50:55.801 1508 1508 D BluetoothManagerService: Bluetooth Adapter address changed to F0:74:E4:41:13:64
05-11 11:50:55.801 1508 1508 D BluetoothManagerService: Stored Bluetoothaddress: F0:74:E4:41:13:64
05-11 11:50:55.805 1508 1643 D BluetoothManagerService: MESSAGE_BLUETOOTH_STATE_CHANGE: BLE_TURNING_ON > BLE_ON
05-11 11:50:55.805 1508 1643 D BluetoothManagerService: Bluetooth is in LE only mode
05-11 11:50:55.805 1508 1643 D BluetoothManagerService: Binding Bluetooth GATT service
05-11 11:50:55.806 1508 1643 I am_mem_factor: [0,1]
05-11 11:50:55.806 1508 1643 D BluetoothManagerService: Sending BLE State Change: BLE_TURNING_ON > BLE_ON
05-11 11:50:55.807 1508 1508 D CompanionDeviceManagerService: Received BT state transition broadcast: BLE_TURNING_ON -> BLE_ON
05-11 11:50:55.807 1508 1508 I CompanionDeviceManagerService: startBleScan()
05-11 11:50:55.807 1508 1508 D BluetoothManagerService: BluetoothServiceConnection: com.android.bluetooth.gatt.GattService
05-11 11:50:55.807 1508 1643 D BluetoothManagerService: MESSAGE_BLUETOOTH_SERVICE_CONNECTED: 2
05-11 11:50:55.807 1508 1643 D BluetoothManagerService: continueFromBleOnState()
05-11 11:50:55.808 1508 1643 D BluetoothManagerService: Persisting Bluetooth Setting: 1
05-11 11:50:55.809 1508 1643 D BluetoothManagerService: MESSAGE_BLUETOOTH_STATE_CHANGE: BLE_ON > TURNING_ON
05-11 11:50:55.809 1508 1643 D BluetoothManagerService: Sending BLE State Change: BLE_ON > TURNING_ON
05-11 11:50:55.809 1508 1643 D BluetoothManagerService: Sending State Change: OFF > TURNING_ON
05-11 11:50:55.809 1508 1508 D CompanionDeviceManagerService: Received BT state transition broadcast: BLE_ON -> TURNING_ON
05-11 11:50:55.814 1508 1787 I commit_sys_config_file: [settings-1-0,2]
05-11 11:50:55.819 1508 3044 D TelephonyRegistry: listen oscl: mHasNotifySubscriptionInfoChangedOccurred==false no callback
05-11 11:50:55.830 1508 3044 I sysui_multi_action: [757,856,758,1,806,com.android.bluetooth,857,avrcp_notification,858,3]
05-11 11:50:55.831 1508 1833 I GameModeConfig: isGameModeOn = true
05-11 11:50:55.831 1508 1833 I GameModeConfig: isGaming = false
05-11 11:50:55.831 1508 1833 I GameModeConfig: isGameModeOn = true
05-11 11:50:55.831 1508 1833 I GameModeConfig: isGaming = false
05-11 11:50:55.831 1508 1833 I GameModeConfig: isGameModeOn = true
05-11 11:50:55.831 1508 1833 I GameModeConfig: isGaming = false
05-11 11:50:55.831 1508 1833 I GameModeConfig: isGameModeOn = true
05-11 11:50:55.831 1508 1833 I GameModeConfig: isGaming = false
05-11 11:50:55.831 1508 1833 I GameModeConfig: isGameModeOn = true
05-11 11:50:55.831 1508 1833 I GameModeConfig: isGaming = false
05-11 11:50:55.831 1508 1833 I GameModeConfig: isGameModeOn = true
05-11 11:50:55.831 1508 1833 I GameModeConfig: isGaming = false
05-11 11:50:55.831 1508 1833 I GameModeConfig: isGameModeOn = true
05-11 11:50:55.831 1508 1833 I GameModeConfig: isGaming = false
05-11 11:50:55.831 1508 1833 I GameModeConfig: isGameModeOn = true
05-11 11:50:55.831 1508 1833 I GameModeConfig: isGaming = false
05-11 11:50:55.831 1508 1833 I GameModeConfig: isGameModeOn = true
05-11 11:50:55.831 1508 1833 I GameModeConfig: isGaming = false
05-11 11:50:55.831 1508 1833 I GameModeConfig: isGameModeOn = true
05-11 11:50:55.831 1508 1833 I GameModeConfig: isGaming = false
05-11 11:50:55.911 23189 23189 I liblog : 8
05-11 11:50:55.911 23189 23261 I liblog : 9
05-11 11:50:55.911 23189 23189 I liblog : 9
05-11 11:50:55.911 23189 23189 I liblog : 5
05-11 11:50:55.911 23189 23189 I liblog : 3
05-11 11:50:55.911 23189 23189 I liblog : 5
05-11 11:50:55.911 23189 23189 I liblog : 1
05-11 11:50:55.911 23189 23189 I liblog : 6
05-11 11:50:55.911 23189 23189 I liblog : 5
05-11 11:50:55.911 23189 23189 I liblog : 8
05-11 11:50:55.911 23189 23189 I liblog : 2
05-11 11:50:55.911 23189 23189 I liblog : 1
05-11 11:50:55.911 23189 23189 I liblog : 3
05-11 11:50:55.911 23189 23189 I liblog : 1
05-11 11:50:55.911 23189 23189 I liblog : 1
05-11 11:50:55.911 23189 23189 I liblog : 4
05-11 11:50:55.911 23189 23189 I liblog : 3
05-11 11:50:55.911 23189 23261 I liblog : 1
05-11 11:50:55.911 23189 23261 I liblog : 3
05-11 11:50:55.911 23189 23261 I liblog : 1
05-11 11:50:55.911 23189 23189 I liblog : 1
05-11 11:50:55.911 23189 23189 I liblog : 2
05-11 11:50:55.911 23189 23189 I liblog : 4
05-11 11:50:55.912 23189 23189 I liblog : 8
05-11 11:50:55.912 23189 23189 I liblog : 6
05-11 11:50:55.912 23189 23189 I liblog : 2
05-11 11:50:55.912 23189 23189 I liblog : 3
05-11 11:50:55.912 23189 23189 I liblog : 6
05-11 11:50:55.912 23189 23189 I liblog : 4
05-11 11:50:55.912 23189 23189 I liblog : 1
05-11 11:50:55.912 23189 23261 I liblog : 2
05-11 11:50:55.912 23189 23189 I liblog : 20
05-11 11:50:55.912 23189 23189 I liblog : 5
05-11 11:50:55.912 23189 23189 I liblog : 5
05-11 11:50:55.912 23189 23261 I liblog : 3
05-11 11:50:55.912 23189 23189 I liblog : 2
05-11 11:50:55.912 23189 23189 I liblog : 15
05-11 11:50:55.912 23189 23189 I liblog : 13
05-11 11:50:55.912 23189 23189 I liblog : 4
05-11 11:50:55.912 23189 23189 I liblog : 6
05-11 11:50:55.912 23189 23189 I liblog : 3
05-11 11:50:55.912 23189 23189 I liblog : 2
05-11 11:50:55.912 23189 23261 I liblog : 1
05-11 11:50:55.912 23189 23189 I liblog : 1
05-11 11:50:55.912 23189 23189 I liblog : 1
05-11 11:50:55.912 23189 23189 I liblog : 4
05-11 11:50:55.912 23189 23189 I liblog : 3
05-11 11:50:55.912 23189 23189 I liblog : 11
05-11 11:50:55.912 23189 23189 I liblog : 11
05-11 11:50:55.912 23189 23189 I liblog : 3
05-11 11:50:55.912 23189 23189 I liblog : 6
05-11 11:50:55.913 23189 23216 I liblog : 16
05-11 11:50:55.913 23189 23243 I liblog : 1
05-11 11:50:55.913 23189 23243 I liblog : 2
05-11 11:50:55.916 23189 23189 I liblog : 109
05-11 11:50:55.930 1508 12158 I am_uid_active: 10019
05-11 11:50:55.934 1508 1833 I GameModeConfig: isGameModeOn = true
05-11 11:50:55.934 1508 1833 I GameModeConfig: isGaming = false
05-11 11:50:55.934 1508 1833 I GameModeConfig: isGameModeOn = true
05-11 11:50:55.934 1508 1833 I GameModeConfig: isGaming = false
05-11 11:50:55.934 1508 1833 I GameModeConfig: isGameModeOn = true
05-11 11:50:55.934 1508 1833 I GameModeConfig: isGaming = false
05-11 11:50:55.934 1508 1833 I GameModeConfig: isGameModeOn = true
05-11 11:50:55.934 1508 1833 I GameModeConfig: isGaming = false
05-11 11:50:55.934 1508 1508 I notification_cancel_all: [1002,23189,com.android.bluetooth,0,0,64,9,NULL]
05-11 11:50:55.935 1508 1833 I GameModeConfig: isGameModeOn = true
05-11 11:50:55.935 1508 1833 I GameModeConfig: isGaming = false
05-11 11:50:55.935 1508 1833 I GameModeConfig: isGameModeOn = true
05-11 11:50:55.935 1508 1833 I GameModeConfig: isGaming = false
05-11 11:50:55.935 1508 1833 I GameModeConfig: isGameModeOn = true
05-11 11:50:55.935 1508 1833 I GameModeConfig: isGaming = false
05-11 11:50:55.935 1508 1833 I GameModeConfig: isGameModeOn = true
05-11 11:50:55.935 1508 1833 I GameModeConfig: isGaming = false
05-11 11:50:55.935 1508 1833 I GameModeConfig: isGameModeOn = true
05-11 11:50:55.935 1508 1833 I GameModeConfig: isGaming = false
05-11 11:50:55.935 1508 1833 I GameModeConfig: isGameModeOn = true
05-11 11:50:55.935 1508 1833 I GameModeConfig: isGaming = false
05-11 11:50:55.936 1508 1643 D BluetoothManagerService: MESSAGE_BLUETOOTH_STATE_CHANGE: TURNING_ON > ON
05-11 11:50:55.936 1508 1643 D BluetoothManagerService: Broadcasting onBluetoothStateChange(true) to 19 receivers.
05-11 11:50:55.938 1508 10955 D PackageManager: Instant App installer not found with android.intent.action.INSTALL_INSTANT_APP_PACKAGE
05-11 11:50:55.938 1508 10955 D PackageManager: Clear ephemeral installer activity
05-11 11:50:55.942 1508 1643 D BluetoothManagerService: Creating new ProfileServiceConnections object for profile: 1
05-11 11:50:55.946 1508 1643 W BluetoothManagerService: psc is not null in bindBluetoothProfileService
05-11 11:50:55.946 1508 1643 D BluetoothManagerService: Sending BLE State Change: TURNING_ON > ON
05-11 11:50:55.947 1508 1643 D BluetoothManagerService: Sending State Change: TURNING_ON > ON
05-11 11:50:55.947 1508 10954 W BluetoothManagerService: psc is not null in bindBluetoothProfileService
05-11 11:50:55.948 1508 1508 D CompanionDeviceManagerService: Received BT state transition broadcast: TURNING_ON -> ON
05-11 11:50:55.948 1508 1508 I CompanionDeviceManagerService: startBleScan()
05-11 11:50:55.950 1508 10797 W ActivityManager: Receiver with filter android.content.IntentFilter@f637ed8 already registered for pid 18015, callerPackage is com.android.systemui
05-11 11:50:55.954 1508 12831 W BluetoothManagerService: psc is not null in bindBluetoothProfileService
05-11 11:50:55.954 1508 1508 I Telecom : BluetoothDeviceManager: Got BluetoothHearingAid: android.bluetooth.BluetoothHearingAid@f95519: BMSL.oSC@AGc
05-11 11:50:56.011 1508 1787 I commit_sys_config_file: [settings-0-0,2]
05-11 11:50:56.047 1508 1508 I Telecom : BluetoothDeviceManager: Got BluetoothHeadset: com.android.server.telecom.BluetoothHeadsetProxy@9de65fa: BMSL.oSC@AGg
05-11 11:50:56.085 1508 1643 I commit_sys_config_file: [notification-policy,1431894]
05-11 11:50:56.473 1508 1508 I Telecom : BluetoothStateReceiver: Device 60:F4:3A:B2:E8:8D changed state to 1: BSR.oR@AGk
05-11 11:50:56.473 1508 1659 W BroadcastQueue: Permission Denial: receiving Intent { act=android.bluetooth.headset.profile.action.CONNECTION_STATE_CHANGED flg=0x1000010 (has extras) } to ProcessRecord{cb4617a 13014:com.ss.android.lark/u0a113} (pid=13014, uid=10113) requires android.permission.BLUETOOTH_CONNECT due to sender com.android.bluetooth (uid 1002)
05-11 11:50:56.476 1508 1659 W BroadcastQueue: Permission Denial: receiving Intent { act=android.bluetooth.a2dp.profile.action.CONNECTION_STATE_CHANGED flg=0x5000010 (has extras) } to ProcessRecord{1f382ec 20005:com.netease.cloudmusic:play/u0a100} (pid=20005, uid=10100) requires android.permission.BLUETOOTH_CONNECT due to sender com.android.bluetooth (uid 1002)
05-11 11:50:56.481 1508 1659 W BroadcastQueue: Permission Denial: receiving Intent { act=android.bluetooth.adapter.action.CONNECTION_STATE_CHANGED flg=0x4000010 (has extras) } to ProcessRecord{1f382ec 20005:com.netease.cloudmusic:play/u0a100} (pid=20005, uid=10100) requires android.permission.BLUETOOTH_CONNECT due to sender com.android.bluetooth (uid 1002)
05-11 11:50:56.942 1508 1641 D CompanionDeviceManagerService: onPackageModified(packageName = com.android.bluetooth)
05-11 11:50:56.947 1508 1508 I Telecom : DefaultDialerCache: Refreshing default dialer for user 0: now null: DDC.oR@AGo
05-11 11:50:56.961 1508 1657 W VoiceInteractionManager: no available voice recognition services found for user 0
05-11 11:50:57.417 1508 1659 W BroadcastQueue: Permission Denial: receiving Intent { act=android.bluetooth.device.action.ACL_CONNECTED flg=0x5000010 (has extras) } to ProcessRecord{1f382ec 20005:com.netease.cloudmusic:play/u0a100} (pid=20005, uid=10100) requires android.permission.BLUETOOTH_CONNECT due to sender com.android.bluetooth (uid 1002)
05-11 11:50:57.418 1508 1508 D CompanionDeviceManagerService: onDeviceConnected(address = 60:F4:3A:B2:E8:8D)
05-11 11:50:57.418 1508 1508 I CompanionDeviceManagerService: onDeviceNearby(justAppeared, address = 60:F4:3A:B2:E8:8D)
05-11 11:50:57.717 1508 1659 W BroadcastQueue: Permission Denial: receiving Intent { act=android.bluetooth.headset.profile.action.ACTIVE_DEVICE_CHANGED flg=0x5000010 (has extras) } to ProcessRecord{cb4617a 13014:com.ss.android.lark/u0a113} (pid=13014, uid=10113) requires android.permission.BLUETOOTH_CONNECT due to sender com.android.bluetooth (uid 1002)
05-11 11:50:57.719 1508 1659 W BroadcastQueue: Permission Denial: receiving Intent { act=android.bluetooth.headset.profile.action.CONNECTION_STATE_CHANGED flg=0x1000010 (has extras) } to ProcessRecord{cb4617a 13014:com.ss.android.lark/u0a113} (pid=13014, uid=10113) requires android.permission.BLUETOOTH_CONNECT due to sender com.android.bluetooth (uid 1002)
05-11 11:50:57.723 1508 1659 W BroadcastQueue: Permission Denial: receiving Intent { act=android.bluetooth.adapter.action.CONNECTION_STATE_CHANGED flg=0x4000010 (has extras) } to ProcessRecord{1f382ec 20005:com.netease.cloudmusic:play/u0a100} (pid=20005, uid=10100) requires android.permission.BLUETOOTH_CONNECT due to sender com.android.bluetooth (uid 1002)
05-11 11:50:57.997 1508 1659 W BroadcastQueue: Permission Denial: receiving Intent { act=android.bluetooth.a2dp.profile.action.CONNECTION_STATE_CHANGED flg=0x5000010 (has extras) } to ProcessRecord{1f382ec 20005:com.netease.cloudmusic:play/u0a100} (pid=20005, uid=10100) requires android.permission.BLUETOOTH_CONNECT due to sender com.android.bluetooth (uid 1002)
05-11 11:50:58.134 1508 1508 W Looper : Slow dispatch took 417ms main h=android.app.ActivityThread$H c=android.app.LoadedApk$ReceiverDispatcher$Args$$ExternalSyntheticLambda0@d7b7068 m=0
05-11 11:50:58.134 1508 1508 I Telecom : BluetoothStateReceiver: Device 60:F4:3A:B2:E8:8D is now the preferred BT device for HFP: BSR.oR@AGs
05-11 11:50:58.135 1508 2594 I Telecom : CallAudioRouteStateMachine: Message received: BT_ACTIVE_DEVICE_PRESENT=8, arg1=0: BSR.oR->CARSM.pM_BT_ACTIVE_DEVICE_PRESENT@AGs
05-11 11:50:58.135 1508 2594 I Telecom : QuiescentEarpieceRoute: Processing message BT_ACTIVE_DEVICE_PRESENT: BSR.oR->CARSM.pM_BT_ACTIVE_DEVICE_PRESENT@AGs
05-11 11:50:58.135 1508 2594 I Telecom : Logging.Events: Non-call EVENT: AUDIO_ROUTE, Bluetooth active device present: BSR.oR->CARSM.pM_BT_ACTIVE_DEVICE_PRESENT@AGs
05-11 11:50:58.135 1508 2594 I Telecom : CallAudioRouteStateMachine: Message received: SWITCH_BLUETOOTH=1002, arg1=0: BSR.oR->CARSM.pM_BT_ACTIVE_DEVICE_PRESENT->CARSM.pM_SWITCH_BLUETOOTH@AGs
05-11 11:50:58.135 1508 2594 I Telecom : QuiescentEarpieceRoute: Processing message SWITCH_BLUETOOTH: BSR.oR->CARSM.pM_BT_ACTIVE_DEVICE_PRESENT->CARSM.pM_SWITCH_BLUETOOTH@AGs
05-11 11:50:58.135 1508 2594 W Telecom : QuiescentEarpieceRoute: Ignoring switch to bluetooth command. Not available.: BSR.oR->CARSM.pM_BT_ACTIVE_DEVICE_PRESENT->CARSM.pM_SWITCH_BLUETOOTH@AGs
05-11 11:50:58.139 1508 1508 W Looper : Slow delivery took 416ms main h=android.app.ActivityThread$H c=android.app.LoadedApk$ReceiverDispatcher$Args$$ExternalSyntheticLambda0@eebc126 m=0
05-11 11:50:58.139 1508 1508 I Telecom : BluetoothStateReceiver: Device 60:F4:3A:B2:E8:8D changed state to 2: BSR.oR@AGw
05-11 11:50:58.139 1508 2594 I Telecom : CallAudioRouteStateMachine: Message received: BLUETOOTH_DEVICE_LIST_CHANGED=7, arg1=0: BSR.oR->CARSM.pM_BLUETOOTH_DEVICE_LIST_CHANGED@AGw
05-11 11:50:58.139 1508 2594 I Telecom : QuiescentEarpieceRoute: Processing message BLUETOOTH_DEVICE_LIST_CHANGED: BSR.oR->CARSM.pM_BLUETOOTH_DEVICE_LIST_CHANGED@AGw
05-11 11:50:58.139 1508 2594 I Telecom : Logging.Events: Non-call EVENT: AUDIO_ROUTE, Bluetooth device list changed: BSR.oR->CARSM.pM_BLUETOOTH_DEVICE_LIST_CHANGED@AGw
05-11 11:50:58.139 1508 2583 I Telecom : BluetoothRouteManager: Message received: NEW_DEVICE_CONNECTED.: BSR.oR->BRM.pM_1@AGw
05-11 11:50:58.146 1508 1508 I Telecom : WiredHeadsetManager: ACTION_HEADSET_PLUG event, plugged in: false, : WHC.oADA@AG0
05-11 11:50:58.146 1508 1508 W Looper : Drained
05-11 11:50:58.464 0 0 I auditd : type=1400 audit(0.0:14173): avc: denied { kill } for comm="swapper/4" capability=5 scontext=u:r:kernel:s0 tcontext=u:r:kernel:s0 tclass=capability permissive=1
01-01 08:24:07.188 0 0 I btfm_slim_hw_init: PGD Enum Addr: 00:01:20:02:17: 02
01-01 08:24:07.188 0 0 I btfm_slim_hw_init: IFD Enum Addr: 00:00:20:02:17: 02
01-01 08:24:07.188 0 0 I btfm_slim_hw_init: chipset soc version:400a0200
01-01 08:24:07.188 0 0 I btfm_slim_hw_init: chipset is hastings 2.0, overwriting EA
01-01 08:24:07.188 0 0 I btfm_slim_hw_init: PGD Enum Addr: 00:01:20:02:17: 02
01-01 08:24:07.188 0 0 I btfm_slim_hw_init: IFD Enum Addr: 00:00:20:02:17: 02
01-01 08:24:07.188 0 0 I btfm_slim_alloc_port: chipset soc version:400a0200
01-01 08:24:07.201 0 0 I btfm_slim_enable_ch: chipset soc version:400a0200
01-01 08:24:07.201 0 0 I btfm_slim_enable_ch: channel define - prot:2, dataf:0, auxf:0
01-01 08:24:07.201 0 0 I btfm_slim_enable_ch: channel define - rates:44100, baser:2, ratem:4
01-01 08:24:07.201 0 0 I btfm_slim_enable_ch: slim_connect_sink(port: 16, ch: 157)
01-01 08:24:07.201 0 0 I btfm_slim_enable_ch: port: 16, ch: 157, grp: 0, ch->grph: 0x0, ch_hdl: 0x1d
01-01 08:24:07.202 0 0 I __afe_port_start: port id: 0x400e
01-01 08:24:07.202 0 0 I afe_find_cal_topo_id_by_port: port id: 0x400e, dev_acdb_id: 20
01-01 08:24:07.202 0 0 I afe_find_cal_topo_id_by_port: top_id:112fc acdb_id:20 afe_port_id:0x400e
01-01 08:24:07.202 0 0 I afe_get_cal_topology_id: port_id = 0x400e acdb_id = 20 topology_id = 0x112fc cal_type_index=8 ret=0
01-01 08:24:07.202 0 0 I afe_send_port_topology_id: AFE set topology id 0x112fc enable for port 0x400e ret 0
01-01 08:24:07.202 0 0 I send_afe_cal_type: cal_index is 0
01-01 08:24:07.202 0 0 I send_afe_cal_type: dev_acdb_id[119] is 20
01-01 08:24:07.202 0 0 I afe_find_cal: cal_index 0 port_id 0x400e port_index 119
01-01 08:24:07.202 0 0 I afe_find_cal: acdb_id 20 dev_acdb_id 20 sample_rate 48000 afe_sample_rates 44100
01-01 08:24:07.202 0 0 I afe_find_cal: no matching cal_block found
01-01 08:24:07.202 0 0 E : send_afe_cal_type cal_block not found!!
01-01 08:24:07.203 0 0 I afe_send_hw_delay: port_id 0x400e rate 44100 delay_usec 0 status 0
05-11 11:50:59.211 1508 1508 I Telecom : WiredHeadsetManager: ACTION_HEADSET_PLUG event, plugged in: false, : WHC.oADA@AG4
05-11 11:50:59.213 1508 8281 I stream_devices_changed: [3,2,128]
05-11 11:50:59.243 1508 1839 I stream_devices_changed: [6,1,128]
01-01 08:24:08.041 0 0 E link_delay_work_func: DTC_ETH: SQI=0, link=0
05-11 11:51:01.662 1508 1893 I sync : [com.tencent.android.qqdownloader.YYBLiveAccountProvider,0,3,24220937]
05-11 11:51:01.677 1508 1893 I sync : [com.tencent.android.qqdownloader.YYBLiveAccountProvider,1,3,24220937]
05-11 11:51:01.679 1508 1893 I commit_sys_config_file: [sync-status,1431453]
05-11 11:51:01.682 1508 1893 I sync : [com.tencent.android.qqdownloader.YYBLiveAccountProvider,0,3,24220937]
05-11 11:51:01.692 1508 1893 I sync : [com.tencent.android.qqdownloader.YYBLiveAccountProvider,1,3,24220937]
05-11 11:51:01.693 1508 1893 I commit_sys_config_file: [sync-status,1431468]
05-11 11:51:02.191 1508 1710 I commit_sys_config_file: [package-user-0,4]
05-11 11:51:02.640 877 877 I auditd : type=1400 audit(0.0:14174): avc: denied { add_name } for comm="perf@2.2-servic" name="cpu_min_freq" scontext=u:r:vendor_hal_perf_default:s0 tcontext=u:object_r:vendor_sysfs_msm_perf:s0 tclass=dir permissive=1
05-11 11:51:02.640 877 877 I auditd : type=1400 audit(0.0:14175): avc: denied { create } for comm="perf@2.2-servic" name="cpu_min_freq" scontext=u:r:vendor_hal_perf_default:s0 tcontext=u:object_r:vendor_sysfs_msm_perf:s0 tclass=file permissive=1
05-11 11:51:03.679 1508 1643 I commit_sys_config_file: [jobs,3]
05-11 11:51:03.916 18015 18015 I sysui_multi_action: [757,111,758,2]
05-11 11:51:03.917 18015 18015 I sysui_multi_action: [757,111,758,2]
05-11 11:51:04.114 1508 1645 I input_focus: [Focus request 1cb1014 com.ss.android.ugc.aweme/com.ss.android.ugc.aweme.splash.SplashActivity,reason=UpdateInputWindows]
05-11 11:51:04.118 1508 1799 I input_focus: [Focus leaving 540e8a6 NotificationShade (server),reason=NOT_FOCUSABLE]
05-11 11:51:04.118 1508 1799 I input_focus: [Focus entering 1cb1014 com.ss.android.ugc.aweme/com.ss.android.ugc.aweme.splash.SplashActivity (server),reason=setFocusedWindow]
05-11 11:51:04.124 1508 9678 I sysui_multi_action: [757,128,758,2,793,1437771,794,15739,795,1437771,796,26,798,0,806,android,857,DEVELOPER_IMPORTANT,858,4,947,0,1395,3,1500,1437283,1688,1]
05-11 11:51:04.124 1508 9678 I notification_visibility: [-1|android|26|null|1000,0,1437771,1437771,0,0]
05-11 11:51:04.124 1508 9678 I sysui_multi_action: [757,128,758,2,793,326367,794,15739,795,326367,796,-3365,798,1,806,com.ss.android.lark,857,normal_v2,858,4,947,0,1395,3,1500,326165,1688,1,1745,945454168]
05-11 11:51:04.124 1508 9678 I notification_visibility: [0|com.ss.android.lark|-3365|null|10113,0,326367,326367,0,1]
05-11 11:51:04.124 1508 9678 I sysui_multi_action: [757,128,758,2,793,1437775,794,15739,795,1437775,796,27,798,2,806,android,857,USB,858,1,947,0,1395,3,1500,1437285,1688,1]
05-11 11:51:04.124 1508 9678 I notification_visibility: [-1|android|27|null|1000,0,1437775,1437775,0,2]
05-11 11:51:04.126 1508 9678 I sysui_multi_action: [757,127,758,2]
05-11 11:51:04.126 1508 9678 I notification_panel_hidden:
05-11 11:51:04.124 13014 13014 I auditd : type=1400 audit(0.0:14176): avc: denied { open } for comm="ss.android.lark" path="/proc/vmstat" dev="proc" ino=4026531858 scontext=u:r:untrusted_app:s0:c113,c256,c512,c768 tcontext=u:object_r:proc_vmstat:s0 tclass=file permissive=1 app=com.ss.android.lark
05-11 11:51:04.124 13014 13014 I auditd : type=1400 audit(0.0:14177): avc: denied { getattr } for comm="ss.android.lark" path="/proc/vmstat" dev="proc" ino=4026531858 scontext=u:r:untrusted_app:s0:c113,c256,c512,c768 tcontext=u:object_r:proc_vmstat:s0 tclass=file permissive=1 app=com.ss.android.lark
05-11 11:51:05.081 1508 1799 I input_interaction: Interaction with: 1cb1014 com.ss.android.ugc.aweme/com.ss.android.ugc.aweme.splash.SplashActivity (server), edge-swipe (server), swipe-up (server), PointerEventDispatcher0 (server),
01-01 08:24:13.169 0 0 E link_delay_work_func: DTC_ETH: SQI=0, link=0
01-01 08:24:13.930 0 0 E msm_pcm_playback_close: CMD_EOS failed, cmd_pending 0x8
05-11 11:51:07.419 1508 1508 D CompanionDeviceManagerService: TriggerDeviceDisappearedRunnable.run(address = 60:F4:3A:B2:E8:8D)
01-01 08:24:18.281 0 0 E link_delay_work_func: DTC_ETH: SQI=0, link=0
05-11 11:51:13.493 1508 1508 I notification_enqueue: [10101,4602,com.baidu.appsearch,2131755452,NULL,0,Notification(channel=手机管理、安全检测相关通知 shortcut=null contentView=null vibrate=null sound=null defaults=0x0 flags=0x62 color=0x00000000 vis=PRIVATE),1]
05-11 11:51:13.694 1508 1508 I GameModeConfig: isGameModeOn = true
05-11 11:51:13.694 1508 1508 I GameModeConfig: isGaming = false
05-11 11:51:13.722 18015 18015 I sysui_multi_action: [757,803,799,note_peek,802,1]
05-11 11:51:13.723 1508 8281 I sysui_multi_action: [757,127,758,1]
05-11 11:51:13.724 1508 8281 I sysui_multi_action: [757,804,799,note_load,801,1,802,1]
05-11 11:51:13.724 1508 8281 I notification_panel_revealed: 1
05-11 11:51:13.725 18015 18015 I sysui_heads_up_status: [0|com.baidu.appsearch|2131755452|null|10101,1]
05-11 11:51:13.729 1508 8281 I sysui_multi_action: [757,128,758,1,793,1447377,794,0,795,1447377,796,26,798,0,806,android,857,DEVELOPER_IMPORTANT,858,4,947,0,1395,3,1500,1446889,1688,1]
05-11 11:51:13.729 1508 8281 I sysui_multi_action: [757,804,799,note_freshness,801,1447377,802,1]
05-11 11:51:13.729 1508 8281 I notification_visibility: [-1|android|26|null|1000,1,1447377,1447377,0,0]
05-11 11:51:13.730 1508 8281 I sysui_multi_action: [757,128,758,1,793,335973,794,0,795,335973,796,-3365,798,1,806,com.ss.android.lark,857,normal_v2,858,4,947,0,1395,3,1500,335771,1688,1,1745,945454168]
05-11 11:51:13.730 1508 8281 I sysui_multi_action: [757,804,799,note_freshness,801,335973,802,1]
05-11 11:51:13.730 1508 8281 I notification_visibility: [0|com.ss.android.lark|-3365|null|10113,1,335973,335973,0,1]
05-11 11:51:13.730 1508 8281 I sysui_multi_action: [757,128,758,1,793,1447381,794,0,795,1447381,796,27,798,2,806,android,857,USB,858,1,947,0,1395,3,1500,1446891,1688,1]
05-11 11:51:13.730 1508 8281 I sysui_multi_action: [757,804,799,note_freshness,801,1447381,802,1]
05-11 11:51:13.730 1508 8281 I notification_visibility: [-1|android|27|null|1000,1,1447381,1447381,0,2]
05-11 11:51:14.229 1508 8281 I sysui_multi_action: [757,128,758,2,793,1447877,794,500,795,1447877,796,26,798,0,806,android,857,DEVELOPER_IMPORTANT,858,4,947,0,1395,3,1500,1447389,1688,1]
05-11 11:51:14.229 1508 8281 I notification_visibility: [-1|android|26|null|1000,0,1447877,1447877,0,0]
05-11 11:51:14.229 1508 8281 I sysui_multi_action: [757,128,758,2,793,336472,794,499,795,336472,796,-3365,798,1,806,com.ss.android.lark,857,normal_v2,858,4,947,0,1395,3,1500,336270,1688,1,1745,945454168]
05-11 11:51:14.229 1508 8281 I notification_visibility: [0|com.ss.android.lark|-3365|null|10113,0,336472,336472,0,1]
05-11 11:51:14.229 1508 8281 I sysui_multi_action: [757,128,758,2,793,1447880,794,499,795,1447880,796,27,798,2,806,android,857,USB,858,1,947,0,1395,3,1500,1447390,1688,1]
05-11 11:51:14.229 1508 8281 I notification_visibility: [-1|android|27|null|1000,0,1447880,1447880,0,2]
05-11 11:51:14.699 1508 12402 I netstats_mobile_sample: [0,0,0,0,0,0,0,0,0,0,0,0,1683874759900]
05-11 11:51:14.699 1508 12402 I netstats_wifi_sample: [40,1,128,2,40,1,128,2,40,1,64,1,1683874759900]
01-01 08:24:23.401 0 0 E link_delay_work_func: DTC_ETH: SQI=0, link=0
05-11 11:51:17.757 1508 1657 I am_pss : [22753,10103,com.ss.android.ugc.aweme:sandboxed_process1,81364992,31899648,27648,220946432,0,3,15]
05-11 11:51:17.792 1508 1657 I am_pss : [19859,10100,com.netease.cloudmusic,317087744,276750336,5952512,544137216,0,15,33]
05-11 11:51:17.807 1508 1657 I am_pss : [20005,10100,com.netease.cloudmusic:play,78835712,57794560,38912,250953728,0,15,14]
05-11 11:51:17.815 1508 1657 I am_pss : [3267,10094,com.tencent.android.qqdownloader:live,47623168,43147264,2880512,122126336,0,5,8]
05-11 11:51:17.831 1508 1657 I am_pss : [3484,10094,com.tencent.android.qqdownloader:daemon,128582656,119975936,2252800,262291456,0,5,14]
05-11 11:51:17.841 1508 1657 I am_pss : [3555,10094,com.tencent.android.qqdownloader,99076096,87527424,9103360,188633088,0,10,10]
05-11 11:51:17.851 1508 1657 I am_pss : [6161,10094,com.tencent.ilink.ServiceProcess,74618880,67620864,5397504,145457152,0,10,9]
05-11 11:51:17.872 1508 1657 I am_pss : [20691,10100,com.netease.cloudmusic:browser,148342784,102711296,15270912,357273600,0,19,19]
05-11 11:51:17.891 1508 1657 I am_pss : [20291,10100,com.netease.cloudmusic:viewer,116503552,86073344,227328,336785408,0,19,18]
05-11 11:51:17.898 1508 1657 I am_pss : [21336,99004,com.android.webview:sandboxed_process0:org.chromium.content.app.SandboxedProcessService0:1,33702912,21360640,7416832,62291968,0,19,6]
05-11 11:51:17.911 1508 1657 I am_pss : [20838,10095,com.kugou.android,96458752,87158784,6533120,173051904,0,19,12]
05-11 11:51:17.917 1508 1657 I am_pss : [20732,99003,com.android.webview:sandboxed_process0:org.chromium.content.app.SandboxedProcessService0:0,14664704,1880064,9427968,35721216,0,19,4]
05-11 11:51:17.932 1508 1657 I am_pss : [20785,10100,com.netease.cloudmusic:mp1,76147712,46989312,4892672,274599936,0,15,14]
05-11 11:51:17.938 1508 1657 I am_pss : [6386,99000,com.android.webview:sandboxed_process0:org.chromium.content.app.SandboxedProcessService0:0,15275008,1294336,12112896,29499392,0,5,4]
05-11 11:51:17.945 1508 1657 I am_pss : [3598,10094,com.tencent.android.qqdownloader:cloud,46750720,39604224,5874688,109572096,0,5,7]
05-11 11:51:18.460 877 877 I auditd : type=1400 audit(0.0:14178): avc: denied { add_name } for comm="perf@2.2-servic" name="cpu_min_freq" scontext=u:r:vendor_hal_perf_default:s0 tcontext=u:object_r:vendor_sysfs_msm_perf:s0 tclass=dir permissive=1
05-11 11:51:18.460 877 877 I auditd : type=1400 audit(0.0:14179): avc: denied { create } for comm="perf@2.2-servic" name="cpu_min_freq" scontext=u:r:vendor_hal_perf_default:s0 tcontext=u:object_r:vendor_sysfs_msm_perf:s0 tclass=file permissive=1
01-01 08:24:26.569 0 0 I msm_vidc: high: 00000001: ....d: Opening video instance: 0000000000000000, 1
01-01 08:24:26.569 0 0 I msm_vidc: err : 00000001: ....d: Failed to create debugfs for msm_vidc
05-11 11:51:18.540 877 877 I auditd : type=1400 audit(0.0:14180): avc: denied { add_name } for comm="perf@2.2-servic" name="min_freq" scontext=u:r:vendor_hal_perf_default:s0 tcontext=u:object_r:vendor_sysfs_devfreq:s0 tclass=dir permissive=1
05-11 11:51:18.540 877 877 I auditd : type=1400 audit(0.0:14181): avc: denied { create } for comm="perf@2.2-servic" name="min_freq" scontext=u:r:vendor_hal_perf_default:s0 tcontext=u:object_r:vendor_sysfs_devfreq:s0 tclass=file permissive=1
05-11 11:51:19.424 18015 18015 I sysui_heads_up_status: [0|com.baidu.appsearch|2131755452|null|10101,0]
05-11 11:51:19.460 0 0 I auditd : type=1400 audit(0.0:14182): avc: denied { kill } for comm="swapper/5" capability=5 scontext=u:r:kernel:s0 tcontext=u:r:kernel:s0 tclass=capability permissive=1
05-11 11:51:19.857 1508 8281 I sysui_multi_action: [757,128,758,1,793,1453505,794,0,795,1453505,796,26,798,0,806,android,857,DEVELOPER_IMPORTANT,858,4,947,0,1395,3,1500,1453017,1688,1]
05-11 11:51:19.860 1508 8281 I sysui_multi_action: [757,804,799,note_freshness,801,1453505,802,1]
05-11 11:51:19.860 1508 8281 I notification_visibility: [-1|android|26|null|1000,1,1453505,1453505,0,0]
