05-11 11:39:56.648 1508 12831 W ActivityManager: Background start not allowed: service Intent { cmp=com.tencent.android.qqdownloader/com.tencent.assistant.sdk.SDKSupportService (has extras) } to com.tencent.android.qqdownloader/com.tencent.assistant.sdk.SDKSupportService from pid=3267 uid=10094 pkg=com.tencent.android.qqdownloader startFg?=false
05-11 11:39:56.652 1508 12831 W ActivityManager: Background start not allowed: service Intent { cmp=com.tencent.android.qqdownloader/com.tencent.assistant.sdk.SDKSupportService (has extras) } to com.tencent.android.qqdownloader/com.tencent.assistant.sdk.SDKSupportService from pid=3267 uid=10094 pkg=com.tencent.android.qqdownloader startFg?=false
05-11 11:39:56.670 1508 12831 W ActivityManager: Background start not allowed: service Intent { cmp=com.tencent.android.qqdownloader/com.tencent.assistant.sdk.SDKSupportService (has extras) } to com.tencent.android.qqdownloader/com.tencent.assistant.sdk.SDKSupportService from pid=3267 uid=10094 pkg=com.tencent.android.qqdownloader startFg?=false
05-11 11:39:56.675 1508 8091 W ActivityManager: Background start not allowed: service Intent { cmp=com.tencent.android.qqdownloader/com.tencent.assistant.sdk.SDKSupportService (has extras) } to com.tencent.android.qqdownloader/com.tencent.assistant.sdk.SDKSupportService from pid=3267 uid=10094 pkg=com.tencent.android.qqdownloader startFg?=false
01-01 08:13:07.561 0 0 E link_delay_work_func: DTC_ETH: SQI=0, link=0
01-01 08:13:12.681 0 0 E link_delay_work_func: DTC_ETH: SQI=0, link=0
01-01 08:13:17.802 0 0 E link_delay_work_func: DTC_ETH: SQI=0, link=0
01-01 08:13:22.922 0 0 E link_delay_work_func: DTC_ETH: SQI=0, link=0
01-01 08:13:28.042 0 0 E link_delay_work_func: DTC_ETH: SQI=0, link=0
01-01 08:13:33.162 0 0 E link_delay_work_func: DTC_ETH: SQI=0, link=0
01-01 08:13:38.281 0 0 E link_delay_work_func: DTC_ETH: SQI=0, link=0
05-11 11:40:31.649 1508 8091 W ActivityManager: Background start not allowed: service Intent { cmp=com.tencent.android.qqdownloader/com.tencent.assistant.sdk.SDKSupportService (has extras) } to com.tencent.android.qqdownloader/com.tencent.assistant.sdk.SDKSupportService from pid=3267 uid=10094 pkg=com.tencent.android.qqdownloader startFg?=false
05-11 11:40:31.655 1508 8091 W ActivityManager: Background start not allowed: service Intent { cmp=com.tencent.android.qqdownloader/com.tencent.assistant.sdk.SDKSupportService (has extras) } to com.tencent.android.qqdownloader/com.tencent.assistant.sdk.SDKSupportService from pid=3267 uid=10094 pkg=com.tencent.android.qqdownloader startFg?=false
05-11 11:40:31.671 1508 8091 W ActivityManager: Background start not allowed: service Intent { cmp=com.tencent.android.qqdownloader/com.tencent.assistant.sdk.SDKSupportService (has extras) } to com.tencent.android.qqdownloader/com.tencent.assistant.sdk.SDKSupportService from pid=3267 uid=10094 pkg=com.tencent.android.qqdownloader startFg?=false
05-11 11:40:31.675 1508 10955 W ActivityManager: Background start not allowed: service Intent { cmp=com.tencent.android.qqdownloader/com.tencent.assistant.sdk.SDKSupportService (has extras) } to com.tencent.android.qqdownloader/com.tencent.assistant.sdk.SDKSupportService from pid=3267 uid=10094 pkg=com.tencent.android.qqdownloader startFg?=false
01-01 08:13:43.401 0 0 E link_delay_work_func: DTC_ETH: SQI=0, link=0
01-01 08:13:48.522 0 0 E link_delay_work_func: DTC_ETH: SQI=0, link=0
01-01 08:13:53.642 0 0 E link_delay_work_func: DTC_ETH: SQI=0, link=0
05-11 11:40:46.384 1508 1508 I GameModeConfig: isGameModeOn = true
05-11 11:40:46.384 1508 1508 I GameModeConfig: isGaming = false
01-01 08:13:58.762 0 0 E link_delay_work_func: DTC_ETH: SQI=0, link=0
01-01 08:14:03.882 0 0 E link_delay_work_func: DTC_ETH: SQI=0, link=0
01-01 08:14:09.001 0 0 E link_delay_work_func: DTC_ETH: SQI=0, link=0
01-01 08:14:13.185 0 0 I perf : interrupt took too long (4010 > 4003), lowering kernel.perf_event_max_sample_rate to 49750
01-01 08:14:14.121 0 0 E link_delay_work_func: DTC_ETH: SQI=0, link=0
05-11 11:41:06.652 1508 12831 W ActivityManager: Background start not allowed: service Intent { cmp=com.tencent.android.qqdownloader/com.tencent.assistant.sdk.SDKSupportService (has extras) } to com.tencent.android.qqdownloader/com.tencent.assistant.sdk.SDKSupportService from pid=3267 uid=10094 pkg=com.tencent.android.qqdownloader startFg?=false
05-11 11:41:06.657 1508 12831 W ActivityManager: Background start not allowed: service Intent { cmp=com.tencent.android.qqdownloader/com.tencent.assistant.sdk.SDKSupportService (has extras) } to com.tencent.android.qqdownloader/com.tencent.assistant.sdk.SDKSupportService from pid=3267 uid=10094 pkg=com.tencent.android.qqdownloader startFg?=false
05-11 11:41:06.671 1508 12831 W ActivityManager: Background start not allowed: service Intent { cmp=com.tencent.android.qqdownloader/com.tencent.assistant.sdk.SDKSupportService (has extras) } to com.tencent.android.qqdownloader/com.tencent.assistant.sdk.SDKSupportService from pid=3267 uid=10094 pkg=com.tencent.android.qqdownloader startFg?=false
05-11 11:41:06.674 1508 12831 W ActivityManager: Background start not allowed: service Intent { cmp=com.tencent.android.qqdownloader/com.tencent.assistant.sdk.SDKSupportService (has extras) } to com.tencent.android.qqdownloader/com.tencent.assistant.sdk.SDKSupportService from pid=3267 uid=10094 pkg=com.tencent.android.qqdownloader startFg?=false
01-01 08:14:19.242 0 0 E link_delay_work_func: DTC_ETH: SQI=0, link=0
05-11 11:41:13.695 1508 1508 I GameModeConfig: isGameModeOn = true
05-11 11:41:13.695 1508 1508 I GameModeConfig: isGaming = false
01-01 08:14:24.362 0 0 E link_delay_work_func: DTC_ETH: SQI=0, link=0
01-01 08:14:29.481 0 0 E link_delay_work_func: DTC_ETH: SQI=0, link=0
05-11 11:41:23.737 1508 1833 I GameModeConfig: isGameModeOn = true
05-11 11:41:23.737 1508 1833 I GameModeConfig: isGaming = false
01-01 08:14:34.601 0 0 E link_delay_work_func: DTC_ETH: SQI=0, link=0
01-01 08:14:39.722 0 0 E link_delay_work_func: DTC_ETH: SQI=0, link=0
05-11 11:41:36.741 1508 10955 W ActivityManager: Background start not allowed: service Intent { cmp=com.tencent.android.qqdownloader/com.tencent.assistant.sdk.SDKSupportService (has extras) } to com.tencent.android.qqdownloader/com.tencent.assistant.sdk.SDKSupportService from pid=3267 uid=10094 pkg=com.tencent.android.qqdownloader startFg?=false
05-11 11:41:36.747 1508 10955 W ActivityManager: Background start not allowed: service Intent { cmp=com.tencent.android.qqdownloader/com.tencent.assistant.sdk.SDKSupportService (has extras) } to com.tencent.android.qqdownloader/com.tencent.assistant.sdk.SDKSupportService from pid=3267 uid=10094 pkg=com.tencent.android.qqdownloader startFg?=false
05-11 11:41:36.763 1508 10955 W ActivityManager: Background start not allowed: service Intent { cmp=com.tencent.android.qqdownloader/com.tencent.assistant.sdk.SDKSupportService (has extras) } to com.tencent.android.qqdownloader/com.tencent.assistant.sdk.SDKSupportService from pid=3267 uid=10094 pkg=com.tencent.android.qqdownloader startFg?=false
05-11 11:41:36.767 1508 10955 W ActivityManager: Background start not allowed: service Intent { cmp=com.tencent.android.qqdownloader/com.tencent.assistant.sdk.SDKSupportService (has extras) } to com.tencent.android.qqdownloader/com.tencent.assistant.sdk.SDKSupportService from pid=3267 uid=10094 pkg=com.tencent.android.qqdownloader startFg?=false
05-11 11:41:36.779 1508 10955 W ActivityManager: Background start not allowed: service Intent { cmp=com.tencent.android.qqdownloader/com.tencent.assistant.sdk.SDKSupportService (has extras) } to com.tencent.android.qqdownloader/com.tencent.assistant.sdk.SDKSupportService from pid=3267 uid=10094 pkg=com.tencent.android.qqdownloader startFg?=false
05-11 11:41:36.782 1508 10955 W ActivityManager: Background start not allowed: service Intent { cmp=com.tencent.android.qqdownloader/com.tencent.assistant.sdk.SDKSupportService (has extras) } to com.tencent.android.qqdownloader/com.tencent.assistant.sdk.SDKSupportService from pid=3267 uid=10094 pkg=com.tencent.android.qqdownloader startFg?=false
01-01 08:14:44.841 0 0 E link_delay_work_func: DTC_ETH: SQI=0, link=0
01-01 08:14:49.961 0 0 E link_delay_work_func: DTC_ETH: SQI=0, link=0
01-01 08:14:55.081 0 0 E link_delay_work_func: DTC_ETH: SQI=0, link=0
05-11 11:41:47.886 1508 1508 I GameModeConfig: isGameModeOn = true
05-11 11:41:47.886 1508 1508 I GameModeConfig: isGaming = false
01-01 08:15:00.201 0 0 E link_delay_work_func: DTC_ETH: SQI=0, link=0
01-01 08:15:05.321 0 0 E link_delay_work_func: DTC_ETH: SQI=0, link=0
01-01 08:15:10.442 0 0 E link_delay_work_func: DTC_ETH: SQI=0, link=0
01-01 08:15:11.026 0 0 I [dp_rx_][0x41296493d][11:42:02.981048] wlan: [3399:I:QDF] DHCP-IN RX: SA:08:00:27:35:1f:3a DA:ff:ff:ff:ff:ff:ff
01-01 08:15:15.562 0 0 E link_delay_work_func: DTC_ETH: SQI=0, link=0
01-01 08:15:20.681 0 0 E link_delay_work_func: DTC_ETH: SQI=0, link=0
05-11 11:42:14.022 1508 10955 D CompatibilityChangeReporter: Compat change id reported: 149924527; UID 10101; state: ENABLED
05-11 11:42:14.022 1508 10955 D CompatibilityChangeReporter: Compat change id reported: 132649864; UID 10101; state: DISABLED
05-11 11:42:16.655 1508 8091 W ActivityManager: Background start not allowed: service Intent { cmp=com.tencent.android.qqdownloader/com.tencent.assistant.sdk.SDKSupportService (has extras) } to com.tencent.android.qqdownloader/com.tencent.assistant.sdk.SDKSupportService from pid=3267 uid=10094 pkg=com.tencent.android.qqdownloader startFg?=false
05-11 11:42:16.659 1508 8091 W ActivityManager: Background start not allowed: service Intent { cmp=com.tencent.android.qqdownloader/com.tencent.assistant.sdk.SDKSupportService (has extras) } to com.tencent.android.qqdownloader/com.tencent.assistant.sdk.SDKSupportService from pid=3267 uid=10094 pkg=com.tencent.android.qqdownloader startFg?=false
05-11 11:42:16.673 1508 8091 W ActivityManager: Background start not allowed: service Intent { cmp=com.tencent.android.qqdownloader/com.tencent.assistant.sdk.SDKSupportService (has extras) } to com.tencent.android.qqdownloader/com.tencent.assistant.sdk.SDKSupportService from pid=3267 uid=10094 pkg=com.tencent.android.qqdownloader startFg?=false
05-11 11:42:16.676 1508 8091 W ActivityManager: Background start not allowed: service Intent { cmp=com.tencent.android.qqdownloader/com.tencent.assistant.sdk.SDKSupportService (has extras) } to com.tencent.android.qqdownloader/com.tencent.assistant.sdk.SDKSupportService from pid=3267 uid=10094 pkg=com.tencent.android.qqdownloader startFg?=false
01-01 08:15:25.294 0 0 D cnss : Host time = 925294950 us, device time = 911916770 us, offset = 13378180 us
01-01 08:15:25.294 0 0 D cnss : Updated time sync regs [0x984] = 0xcc2284, [0x988] = 0x0
01-01 08:15:25.801 0 0 E link_delay_work_func: DTC_ETH: SQI=0, link=0
01-01 08:15:30.922 0 0 E link_delay_work_func: DTC_ETH: SQI=0, link=0
01-01 08:15:36.042 0 0 E link_delay_work_func: DTC_ETH: SQI=0, link=0
01-01 08:15:41.162 0 0 E link_delay_work_func: DTC_ETH: SQI=0, link=0
05-11 11:42:37.954 1508 1642 D AutofillManagerService: onBackKeyPressed()
05-11 11:42:38.008 1508 10955 I ActivityTaskManager: FOREGROUND_APPLICATION_CHANGED to com.ss.android.lark.main.app.MainActivity
01-01 08:15:46.065 0 0 W audit : audit_lost=8637 audit_rate_limit=5 audit_backlog_limit=64
01-01 08:15:46.065 0 0 E audit : rate limit exceeded
01-01 08:15:46.281 0 0 E link_delay_work_func: DTC_ETH: SQI=0, link=0
05-11 11:42:40.589 1508 10955 I thunderperf: PlatormCompat.setOverrides: Uid1=10113 Pid1=13014 Uid2=10113 Pid2=13014
05-11 11:42:40.589 1508 10955 I thunderperf: PlatormCompat.setOverrides: needCheck:false
05-11 11:42:40.589 1508 10955 I thunderperf: CompatConfig.addOverrideUnsafe: bef-state=0
05-11 11:42:40.589 1508 10955 I thunderperf: CompatConfig.addOverrideUnsafe: aft-state=0
05-11 11:42:40.589 1508 10955 W PackageManager: MATCH_ANY_USER flag requires INTERACT_ACROSS_USERS permission: UID 10113 requires android.permission.INTERACT_ACROSS_USERS_FULL or android.permission.INTERACT_ACROSS_USERS to access user 0.
05-11 11:42:40.590 1508 10955 I ActivityTaskManager: START u0 {cmp=com.ss.android.lark/.chatwindow.ChatWindowActivity (has extras)} from uid 10113
05-11 11:42:40.600 1508 10955 I ActivityTaskManager: FOREGROUND_APPLICATION_CHANGED to com.ss.android.lark.chatwindow.ChatWindowActivity
05-11 11:42:40.600 1508 10955 I ActivityTaskManager: The Process com.ss.android.lark Already Exists in BG. So sending its PID: 13014
05-11 11:42:40.600 1508 10955 W ActivityTaskManager: Tried to set launchTime (0) < mLastActivityLaunchTime (600211)
05-11 11:42:42.507 1508 1642 D AutofillManagerService: onBackKeyPressed()
05-11 11:42:42.517 1508 8091 I ActivityTaskManager: FOREGROUND_APPLICATION_CHANGED to com.ss.android.lark.main.app.MainActivity
01-01 08:15:51.401 0 0 E link_delay_work_func: DTC_ETH: SQI=0, link=0
05-11 11:42:44.018 1508 8091 I thunderperf: PlatormCompat.setOverrides: Uid1=10113 Pid1=13014 Uid2=10113 Pid2=13014
05-11 11:42:44.018 1508 8091 I thunderperf: PlatormCompat.setOverrides: needCheck:false
05-11 11:42:44.018 1508 8091 I thunderperf: CompatConfig.addOverrideUnsafe: bef-state=0
05-11 11:42:44.018 1508 8091 I thunderperf: CompatConfig.addOverrideUnsafe: aft-state=0
05-11 11:42:44.018 1508 8091 W PackageManager: MATCH_ANY_USER flag requires INTERACT_ACROSS_USERS permission: UID 10113 requires android.permission.INTERACT_ACROSS_USERS_FULL or android.permission.INTERACT_ACROSS_USERS to access user 0.
05-11 11:42:44.019 1508 8091 I ActivityTaskManager: START u0 {cmp=com.ss.android.lark/.chatwindow.ChatWindowActivity (has extras)} from uid 10113
05-11 11:42:44.039 1508 8091 I ActivityTaskManager: FOREGROUND_APPLICATION_CHANGED to com.ss.android.lark.chatwindow.ChatWindowActivity
05-11 11:42:44.039 1508 8091 I ActivityTaskManager: The Process com.ss.android.lark Already Exists in BG. So sending its PID: 13014
05-11 11:42:44.040 1508 8091 W ActivityTaskManager: Tried to set launchTime (0) < mLastActivityLaunchTime (945948)
01-01 08:15:56.521 0 0 E link_delay_work_func: DTC_ETH: SQI=0, link=0
05-11 11:42:49.343 1508 1508 I GameModeConfig: isGameModeOn = true
05-11 11:42:49.343 1508 1508 I GameModeConfig: isGaming = false
05-11 11:42:51.662 1508 8280 W ActivityManager: Background start not allowed: service Intent { cmp=com.tencent.android.qqdownloader/com.tencent.assistant.sdk.SDKSupportService (has extras) } to com.tencent.android.qqdownloader/com.tencent.assistant.sdk.SDKSupportService from pid=3267 uid=10094 pkg=com.tencent.android.qqdownloader startFg?=false
05-11 11:42:51.668 1508 8280 W ActivityManager: Background start not allowed: service Intent { cmp=com.tencent.android.qqdownloader/com.tencent.assistant.sdk.SDKSupportService (has extras) } to com.tencent.android.qqdownloader/com.tencent.assistant.sdk.SDKSupportService from pid=3267 uid=10094 pkg=com.tencent.android.qqdownloader startFg?=false
05-11 11:42:51.684 1508 10401 W ActivityManager: Background start not allowed: service Intent { cmp=com.tencent.android.qqdownloader/com.tencent.assistant.sdk.SDKSupportService (has extras) } to com.tencent.android.qqdownloader/com.tencent.assistant.sdk.SDKSupportService from pid=3267 uid=10094 pkg=com.tencent.android.qqdownloader startFg?=false
05-11 11:42:51.687 1508 10401 W ActivityManager: Background start not allowed: service Intent { cmp=com.tencent.android.qqdownloader/com.tencent.assistant.sdk.SDKSupportService (has extras) } to com.tencent.android.qqdownloader/com.tencent.assistant.sdk.SDKSupportService from pid=3267 uid=10094 pkg=com.tencent.android.qqdownloader startFg?=false
01-01 08:16:01.642 0 0 E link_delay_work_func: DTC_ETH: SQI=0, link=0
01-01 08:16:06.761 0 0 E link_delay_work_func: DTC_ETH: SQI=0, link=0
05-11 11:42:58.736 1508 1642 D AutofillManagerService: onBackKeyPressed()
05-11 11:42:58.756 1508 10401 I ActivityTaskManager: FOREGROUND_APPLICATION_CHANGED to com.ss.android.lark.main.app.MainActivity
05-11 11:42:59.988 1508 1642 D AutofillManagerService: onBackKeyPressed()
05-11 11:43:00.004 1508 8280 I ActivityTaskManager: FOREGROUND_APPLICATION_CHANGED to com.android.launcher3.uioverrides.QuickstepLauncher
05-11 11:43:00.013 1508 8280 W ActivityTaskManager: Finishing task with all activities already finished
05-11 11:43:00.013 1508 8280 W ActivityTaskManager: Duplicate finish request for r=ActivityRecord{54c3b9c u0 com.ss.android.lark/.main.app.MainActivity taskAffinity=10113:com.ss.android.lark t24 f}}
05-11 11:43:00.016 1508 1644 D CompatibilityChangeReporter: Compat change id reported: 135634846; UID 1000; state: DISABLED
05-11 11:43:00.016 1508 1644 D CompatibilityChangeReporter: Compat change id reported: 177438394; UID 1000; state: DISABLED
05-11 11:43:00.016 1508 1644 D CompatibilityChangeReporter: Compat change id reported: 135772972; UID 1000; state: DISABLED
05-11 11:43:00.016 1508 1644 D CompatibilityChangeReporter: Compat change id reported: 135754954; UID 1000; state: ENABLED
05-11 11:43:00.016 1508 1644 D CompatibilityChangeReporter: Compat change id reported: 135634846; UID 10080; state: DISABLED
05-11 11:43:00.016 1508 1644 D CompatibilityChangeReporter: Compat change id reported: 177438394; UID 10080; state: DISABLED
05-11 11:43:00.016 1508 1644 D CompatibilityChangeReporter: Compat change id reported: 135772972; UID 10080; state: DISABLED
05-11 11:43:00.016 1508 1644 D CompatibilityChangeReporter: Compat change id reported: 135754954; UID 10080; state: ENABLED
05-11 11:43:00.019 1508 10401 I ActivityTaskManager: START u0 {act=android.intent.action.MAIN cat=[android.intent.category.HOME] flg=0x10000000 cmp=com.android.launcher3/.uioverrides.QuickstepLauncher} from uid 10113
01-01 08:16:08.088 0 0 I binder : 14512:14512 ioctl 40046210 7ffe05b4f4 returned -22
05-11 11:43:00.025 1508 1660 I ActivityManager: Start proc 14512:com.android.settings/1000 for null
05-11 11:43:00.028 1508 1660 D CompatibilityChangeReporter: Compat change id reported: 143937733; UID 10080; state: ENABLED
05-11 11:43:00.031 1508 1641 D AutofillManagerService: Close system dialogs
05-11 11:43:00.034 1508 1660 I ActivityManager: Start proc 14513:com.android.music/u0a80 for null
01-01 08:16:08.092 0 0 I binder : 14513:14513 ioctl 40046210 7ffe05b4f4 returned -22
05-11 11:43:00.053 1508 10401 D CompatibilityChangeReporter: Compat change id reported: 168419799; UID 10080; state: DISABLED
05-11 11:43:00.102 1508 10401 W ActivityManager: Background start not allowed: service Intent { cmp=com.tencent.android.qqdownloader/com.tencent.assistant.main.MainService } to com.tencent.android.qqdownloader/com.tencent.assistant.main.MainService from pid=3484 uid=10094 pkg=com.tencent.android.qqdownloader startFg?=false
05-11 11:43:00.103 1508 10401 W ActivityManager: Background start not allowed: service Intent { cmp=com.tencent.android.qqdownloader/com.tencent.assistant.main.MainService } to com.tencent.android.qqdownloader/com.tencent.assistant.main.MainService from pid=3484 uid=10094 pkg=com.tencent.android.qqdownloader startFg?=false
05-11 11:43:00.104 1508 10401 W ActivityManager: Background start not allowed: service Intent { cmp=com.tencent.android.qqdownloader/com.tencent.assistant.main.MainService } to com.tencent.android.qqdownloader/com.tencent.assistant.main.MainService from pid=3484 uid=10094 pkg=com.tencent.android.qqdownloader startFg?=false
05-11 11:43:00.105 1508 10401 W ActivityManager: Background start not allowed: service Intent { cmp=com.tencent.android.qqdownloader/com.tencent.assistant.main.MainService } to com.tencent.android.qqdownloader/com.tencent.assistant.main.MainService from pid=3484 uid=10094 pkg=com.tencent.android.qqdownloader startFg?=false
05-11 11:43:00.108 1508 12831 W ActivityManager: Background start not allowed: service Intent { cmp=com.tencent.android.qqdownloader/com.tencent.assistant.main.MainService } to com.tencent.android.qqdownloader/com.tencent.assistant.main.MainService from pid=3484 uid=10094 pkg=com.tencent.android.qqdownloader startFg?=false
05-11 11:43:00.109 1508 8280 W ActivityManager: Background start not allowed: service Intent { cmp=com.tencent.android.qqdownloader/com.tencent.assistant.main.MainService } to com.tencent.android.qqdownloader/com.tencent.assistant.main.MainService from pid=3484 uid=10094 pkg=com.tencent.android.qqdownloader startFg?=false
05-11 11:43:00.509 1508 1645 W ActivityTaskManager: Can't find TaskDisplayArea to determine support for multi window. Task id=24 attached=false
05-11 11:43:00.509 1508 1645 W ActivityTaskManager: Can't find TaskDisplayArea to determine support for multi window. Task id=24 attached=false
05-11 11:43:00.523 1508 8091 D CompatibilityChangeReporter: Compat change id reported: 157929241; UID 1000; state: LOGGED
05-11 11:43:01.556 1508 8091 W ActivityManager: Background start not allowed: service Intent { cmp=com.tencent.android.qqdownloader/com.tencent.assistant.main.MainService } to com.tencent.android.qqdownloader/com.tencent.assistant.main.MainService from pid=3484 uid=10094 pkg=com.tencent.android.qqdownloader startFg?=false
05-11 11:43:01.559 1508 8091 W ActivityManager: Background start not allowed: service Intent { cmp=com.tencent.android.qqdownloader/com.tencent.assistant.main.MainService } to com.tencent.android.qqdownloader/com.tencent.assistant.main.MainService from pid=3484 uid=10094 pkg=com.tencent.android.qqdownloader startFg?=false
05-11 11:43:02.687 1508 1508 I GameModeConfig: isGameModeOn = true
05-11 11:43:02.687 1508 1508 I GameModeConfig: isGaming = false
05-11 11:43:02.690 1508 1508 W NotificationHistory: Attempted to add notif for locked/gone/disabled user 0
01-01 08:16:11.882 0 0 E link_delay_work_func: DTC_ETH: SQI=0, link=0
05-11 11:43:05.203 1508 1508 D CompatibilityChangeReporter: Compat change id reported: 175319604; UID 1000; state: ENABLED
05-11 11:43:05.204 1508 1508 D CompatibilityChangeReporter: Compat change id reported: 175319604; UID 1000; state: DISABLED
01-01 08:16:17.001 0 0 E link_delay_work_func: DTC_ETH: SQI=0, link=0
05-11 11:43:13.694 1508 1508 I GameModeConfig: isGameModeOn = true
05-11 11:43:13.694 1508 1508 I GameModeConfig: isGaming = false
01-01 08:16:22.121 0 0 E link_delay_work_func: DTC_ETH: SQI=0, link=0
01-01 08:16:27.241 0 0 E link_delay_work_func: DTC_ETH: SQI=0, link=0
05-11 11:43:23.745 1508 1833 I GameModeConfig: isGameModeOn = true
05-11 11:43:23.745 1508 1833 I GameModeConfig: isGaming = false
01-01 08:16:32.362 0 0 E link_delay_work_func: DTC_ETH: SQI=0, link=0
05-11 11:43:26.659 1508 8280 W ActivityManager: Background start not allowed: service Intent { cmp=com.tencent.android.qqdownloader/com.tencent.assistant.sdk.SDKSupportService (has extras) } to com.tencent.android.qqdownloader/com.tencent.assistant.sdk.SDKSupportService from pid=3267 uid=10094 pkg=com.tencent.android.qqdownloader startFg?=false
05-11 11:43:26.677 1508 10401 W ActivityManager: Background start not allowed: service Intent { cmp=com.tencent.android.qqdownloader/com.tencent.assistant.sdk.SDKSupportService (has extras) } to com.tencent.android.qqdownloader/com.tencent.assistant.sdk.SDKSupportService from pid=3267 uid=10094 pkg=com.tencent.android.qqdownloader startFg?=false
05-11 11:43:26.693 1508 10401 W ActivityManager: Background start not allowed: service Intent { cmp=com.tencent.android.qqdownloader/com.tencent.assistant.sdk.SDKSupportService (has extras) } to com.tencent.android.qqdownloader/com.tencent.assistant.sdk.SDKSupportService from pid=3267 uid=10094 pkg=com.tencent.android.qqdownloader startFg?=false
05-11 11:43:26.696 1508 10401 W ActivityManager: Background start not allowed: service Intent { cmp=com.tencent.android.qqdownloader/com.tencent.assistant.sdk.SDKSupportService (has extras) } to com.tencent.android.qqdownloader/com.tencent.assistant.sdk.SDKSupportService from pid=3267 uid=10094 pkg=com.tencent.android.qqdownloader startFg?=false
01-01 08:16:37.481 0 0 E link_delay_work_func: DTC_ETH: SQI=0, link=0
01-01 08:16:42.602 0 0 E link_delay_work_func: DTC_ETH: SQI=0, link=0
01-01 08:16:47.722 0 0 E link_delay_work_func: DTC_ETH: SQI=0, link=0
01-01 08:16:48.921 0 0 I [dp_rx_][0x4829eab5e][11:43:40.876757] wlan: [3399:I:QDF] DHCP-D RX: SA:86:c3:83:93:ef:ff DA:ff:ff:ff:ff:ff:ff
01-01 08:16:49.539 0 0 I [dp_rx_][0x4835396fa][11:43:41.494298] wlan: [3399:I:QDF] DHCP-R RX: SA:86:c3:83:93:ef:ff DA:ff:ff:ff:ff:ff:ff
01-01 08:16:52.842 0 0 E link_delay_work_func: DTC_ETH: SQI=0, link=0
05-11 11:43:49.229 1508 8280 I thunderperf: PlatormCompat.setOverrides: Uid1=10072 Pid1=2644 Uid2=10072 Pid2=2644
05-11 11:43:49.229 1508 8280 I thunderperf: PlatormCompat.setOverrides: needCheck:false
05-11 11:43:49.229 1508 8280 I thunderperf: CompatConfig.addOverrideUnsafe: bef-state=0
05-11 11:43:49.229 1508 8280 I thunderperf: CompatConfig.addOverrideUnsafe: aft-state=0
05-11 11:43:49.230 1508 8280 I thunderperf: CompatConfig.addOverrideUnsafe: bef-state=0
05-11 11:43:49.230 1508 8280 I thunderperf: CompatConfig.addOverrideUnsafe: aft-state=0
05-11 11:43:49.230 1508 8280 I thunderperf: CompatConfig.addOverrideUnsafe: bef-state=0
05-11 11:43:49.230 1508 8280 I thunderperf: CompatConfig.addOverrideUnsafe: aft-state=0
05-11 11:43:49.230 1508 8280 I thunderperf: CompatConfig.addOverrideUnsafe: bef-state=0
05-11 11:43:49.230 1508 8280 I thunderperf: CompatConfig.addOverrideUnsafe: aft-state=0
05-11 11:43:49.230 1508 8280 I thunderperf: CompatConfig.addOverrideUnsafe: bef-state=0
05-11 11:43:49.231 1508 8280 I thunderperf: CompatConfig.addOverrideUnsafe: aft-state=0
05-11 11:43:49.231 1508 8280 I thunderperf: CompatConfig.addOverrideUnsafe: bef-state=0
05-11 11:43:49.231 1508 8280 I thunderperf: CompatConfig.addOverrideUnsafe: aft-state=0
05-11 11:43:49.231 1508 8280 I thunderperf: CompatConfig.addOverrideUnsafe: bef-state=0
05-11 11:43:49.231 1508 8280 I thunderperf: CompatConfig.addOverrideUnsafe: aft-state=0
05-11 11:43:49.231 1508 8280 I thunderperf: CompatConfig.addOverrideUnsafe: bef-state=0
05-11 11:43:49.231 1508 8280 I thunderperf: CompatConfig.addOverrideUnsafe: aft-state=0
05-11 11:43:49.231 1508 8280 I thunderperf: CompatConfig.addOverrideUnsafe: bef-state=0
05-11 11:43:49.231 1508 8280 I thunderperf: CompatConfig.addOverrideUnsafe: aft-state=0
05-11 11:43:49.232 1508 8280 I thunderperf: CompatConfig.addOverrideUnsafe: bef-state=0
05-11 11:43:49.232 1508 8280 I thunderperf: CompatConfig.addOverrideUnsafe: aft-state=0
05-11 11:43:49.232 1508 8280 I thunderperf: CompatConfig.addOverrideUnsafe: bef-state=0
05-11 11:43:49.232 1508 8280 I thunderperf: CompatConfig.addOverrideUnsafe: aft-state=0
05-11 11:43:49.232 1508 8280 I thunderperf: CompatConfig.addOverrideUnsafe: bef-state=0
05-11 11:43:49.232 1508 8280 I thunderperf: CompatConfig.addOverrideUnsafe: aft-state=0
05-11 11:43:49.232 1508 8280 I thunderperf: CompatConfig.addOverrideUnsafe: bef-state=0
05-11 11:43:49.232 1508 8280 I thunderperf: CompatConfig.addOverrideUnsafe: aft-state=0
05-11 11:43:49.232 1508 8280 I thunderperf: CompatConfig.addOverrideUnsafe: bef-state=0
05-11 11:43:49.232 1508 8280 I thunderperf: CompatConfig.addOverrideUnsafe: aft-state=0
05-11 11:43:49.235 1508 8280 I ActivityTaskManager: START u0 {act=android.intent.action.MAIN cat=[android.intent.category.LAUNCHER] flg=0x10200000 cmp=com.qqgame.happymj/com.tencent.gcloud.msdk.core.policy.MSDKPolicyActivity bnds=[1326,692][1626,990]} from uid 10072
05-11 11:43:49.237 1508 8280 D CompatibilityChangeReporter: Compat change id reported: 168419799; UID 10107; state: DISABLED
05-11 11:43:49.238 12833 12857 D PhoneStartingWindowTypeAlgorithm: preferredStartingWindowType newTask:false taskSwitch:true processRunning:true allowTaskSnapshot:true activityCreated:true useEmptySplashScreen:false legacySplashScreen:false topIsHome:false
05-11 11:43:49.238 12833 12857 D PhoneStartingWindowTypeAlgorithm: isSnapshotCompatible rotation 0 snapshot 0
05-11 11:43:49.244 1508 9678 I ActivityTaskManager: FOREGROUND_APPLICATION_CHANGED to com.onevcat.uniwebview.AndroidPlugin
05-11 11:43:49.256 2031 4595 W ContextImpl: Calling a method in the system process without a qualified user: android.app.ContextImpl.startService:1816 android.content.ContextWrapper.startService:774 com.thundercomm.gamemode.ingame.services.GameModeActionUtils.startGameModeService:118 com.thundercomm.gamemode.ingame.services.GameModeActionUtils.startGameModeEntry:29 com.thundercomm.gamemode.ingame.services.ActivityMonitoringService$1.onActivityLaunch:140
05-11 11:43:49.260 1508 7225 D CompatibilityChangeReporter: Compat change id reported: 168419799; UID 1000; state: DISABLED
05-11 11:43:49.262 1508 1508 I GameModeConfig: Current uri is uri = content://com.thundercomm.gamemode.api/gamemode_settings/gamemode_isgaming
05-11 11:43:49.263 1508 1508 I GameModeConfig: isGameModeOn = true
05-11 11:43:49.263 1508 1508 I GameModeConfig: isGaming = true
05-11 11:43:49.263 1508 1508 I GameModeConfig: isDisableNotification = true
05-11 11:43:49.264 1508 1508 I GameModeConfig: isGameModeOn = true
05-11 11:43:49.264 1508 1508 I GameModeConfig: isGaming = true
05-11 11:43:49.264 1508 1508 I GameModeConfig: isDisableNotification = true
01-01 08:16:57.317 0 0 W ALERT : changing window size from 16000000 to 20000000 at 1014620035756
01-01 08:16:57.325 0 0 I atmel_mxt_ts 0-004a: FB event:2,blank:0
01-01 08:16:57.325 0 0 I atmel_mxt_ts 0-004a: suspend: event = 2, blank = 0, not care
01-01 08:16:57.325 0 0 I [drm:dsi_display_set_mode] [msm-dsi-info]: mdp_transfer_time_us=0 us
01-01 08:16:57.325 0 0 I [drm:dsi_display_set_mode] [msm-dsi-info]: hactive= 2560,vactive= 1080,fps=30
01-01 08:16:57.325 0 0 I : [MAX975X:max96755x_drm_notifier_callback] *INFO* receives BLANK: UNBLANK
05-11 11:43:49.289 1508 1644 I DisplayDeviceRepository: Display device changed: DisplayDeviceInfo{"内置屏幕": uniqueId="local:4630946816427681409", 2560 x 1080, modeId 3, defaultModeId 1, supportedModes [{id=1, width=2560, height=1080, fps=60.000004, alternativeRefreshRates=[30.000002, 45.0]}, {id=2, width=2560, height=1080, fps=45.0, alternativeRefreshRates=[30.000002, 60.000004]}, {id=3, width=2560, height=1080, fps=30.000002, alternativeRefreshRates=[45.0, 60.000004]}], colorMode 0, supportedColorModes [0], hdrCapabilities HdrCapabilities{mSupportedHdrTypes=[2, 3, 4], mMaxLuminance=500.0, mMaxAverageLuminance=500.0, mMinLuminance=0.0}, allmSupported false, gameContentTypeSupported false, density 240, 320.315 x 318.976 dpi, appVsyncOff 1000000, presDeadline 33333333, touch INTERNAL, rotation 0, type INTERNAL, address {port=129, model=0x40446d97fee5e6}, deviceProductInfo DeviceProductInfo{name=, manufacturerPnpId=QCM, productId=1, modelYear=null, manufactureDate=ManufactureDate{week=27, year=2006}, connectionToSinkType=0}, state ON, frameRateOverride , brightnessMinimum 0.0, brightnessMaximum 1.0, brightnessDefault 1.0, FLAG_DEFAULT_DISPLAY, FLAG_ROTATES_WITH_CONTENT, FLAG_SECURE, FLAG_SUPPORTS_PROTECTED_BUFFERS}
05-11 11:43:49.298 12833 12857 D StartingSurfaceDrawer: Task start finish, remove starting surface for task 17
05-11 11:43:49.387 1508 1508 I GameModeConfig: isGameModeOn = true
05-11 11:43:49.387 1508 1508 I GameModeConfig: isGaming = true
05-11 11:43:49.387 1508 1508 I GameModeConfig: isDisableNotification = true
05-11 11:43:49.387 1508 1508 I GameModeConfig: isGameModeOn = true
05-11 11:43:49.387 1508 1508 I GameModeConfig: isGaming = true
05-11 11:43:49.387 1508 1508 I GameModeConfig: isDisableNotification = true
01-01 08:16:57.530 0 0 I atmel_mxt_ts 0-004a: FB event:1,blank:0
01-01 08:16:57.530 0 0 I atmel_mxt_ts 0-004a: drm_notifier_callback: UNBLANK! Resume by drm notifier.
01-01 08:16:57.961 0 0 E link_delay_work_func: DTC_ETH: SQI=0, link=0
05-11 11:43:53.104 1508 1641 D AutofillManagerService: Close system dialogs
05-11 11:43:53.136 1508 10956 W ActivityTaskManager: getTaskSnapshot: taskId=55 not found
05-11 11:43:53.145 1508 12402 W ActivityTaskManager: getTaskSnapshot: taskId=106 not found
05-11 11:43:53.148 1508 10956 W ActivityTaskManager: getTaskSnapshot: taskId=106 not found
05-11 11:43:53.149 1508 10956 W ActivityTaskManager: getTaskSnapshot: taskId=106 not found
05-11 11:43:53.779 1508 10797 I ActivityTaskManager: FOREGROUND_APPLICATION_CHANGED to com.android.launcher3.uioverrides.QuickstepLauncher
05-11 11:43:53.843 1508 10955 I thunderperf: PlatormCompat.setOverrides: Uid1=10072 Pid1=2644 Uid2=10072 Pid2=2644
05-11 11:43:53.843 1508 10955 I thunderperf: PlatormCompat.setOverrides: needCheck:false
05-11 11:43:53.843 1508 10955 I thunderperf: CompatConfig.addOverrideUnsafe: bef-state=0
05-11 11:43:53.843 1508 10955 I thunderperf: CompatConfig.addOverrideUnsafe: aft-state=0
05-11 11:43:53.843 1508 10955 I thunderperf: CompatConfig.addOverrideUnsafe: bef-state=0
05-11 11:43:53.843 1508 10955 I thunderperf: CompatConfig.addOverrideUnsafe: aft-state=0
05-11 11:43:53.843 1508 10955 I thunderperf: CompatConfig.addOverrideUnsafe: bef-state=0
05-11 11:43:53.843 1508 10955 I thunderperf: CompatConfig.addOverrideUnsafe: aft-state=0
05-11 11:43:53.843 1508 10955 I thunderperf: CompatConfig.addOverrideUnsafe: bef-state=0
05-11 11:43:53.843 1508 10955 I thunderperf: CompatConfig.addOverrideUnsafe: aft-state=0
05-11 11:43:53.844 1508 10955 I thunderperf: CompatConfig.addOverrideUnsafe: bef-state=0
05-11 11:43:53.844 1508 10955 I thunderperf: CompatConfig.addOverrideUnsafe: aft-state=0
05-11 11:43:53.844 1508 10955 I thunderperf: CompatConfig.addOverrideUnsafe: bef-state=0
05-11 11:43:53.844 1508 10955 I thunderperf: CompatConfig.addOverrideUnsafe: aft-state=0
05-11 11:43:53.844 1508 10955 I thunderperf: CompatConfig.addOverrideUnsafe: bef-state=0
05-11 11:43:53.844 1508 10955 I thunderperf: CompatConfig.addOverrideUnsafe: aft-state=0
05-11 11:43:53.844 1508 10955 I thunderperf: CompatConfig.addOverrideUnsafe: bef-state=0
05-11 11:43:53.844 1508 10955 I thunderperf: CompatConfig.addOverrideUnsafe: aft-state=0
05-11 11:43:53.844 1508 10955 I thunderperf: CompatConfig.addOverrideUnsafe: bef-state=0
05-11 11:43:53.844 1508 10955 I thunderperf: CompatConfig.addOverrideUnsafe: aft-state=0
05-11 11:43:53.845 1508 10955 I thunderperf: CompatConfig.addOverrideUnsafe: bef-state=0
05-11 11:43:53.845 1508 10955 I thunderperf: CompatConfig.addOverrideUnsafe: aft-state=0
05-11 11:43:53.845 1508 10955 I thunderperf: CompatConfig.addOverrideUnsafe: bef-state=0
05-11 11:43:53.845 1508 10955 I thunderperf: CompatConfig.addOverrideUnsafe: aft-state=0
05-11 11:43:53.845 1508 10955 I thunderperf: CompatConfig.addOverrideUnsafe: bef-state=0
05-11 11:43:53.845 1508 10955 I thunderperf: CompatConfig.addOverrideUnsafe: aft-state=0
05-11 11:43:53.848 1508 10955 I thunderperf: CompatConfig.addOverrideUnsafe: bef-state=0
05-11 11:43:53.849 1508 10955 I thunderperf: CompatConfig.addOverrideUnsafe: aft-state=0
05-11 11:43:53.850 1508 10955 I thunderperf: CompatConfig.addOverrideUnsafe: bef-state=0
05-11 11:43:53.850 1508 10955 I thunderperf: CompatConfig.addOverrideUnsafe: aft-state=0
05-11 11:43:53.851 1508 10955 I ActivityTaskManager: START u0 {act=android.intent.action.MAIN cat=[android.intent.category.LAUNCHER] flg=0x10200000 cmp=com.qqgame.mic/com.tencent.gcloud.msdk.core.policy.MSDKPolicyActivity bnds=[1926,692][2226,990]} from uid 10072
05-11 11:43:53.854 1508 10955 W ActivityTaskManager: Can't find TaskDisplayArea to determine support for multi window. Task id=25 attached=false
05-11 11:43:53.855 1508 10955 D CompatibilityChangeReporter: Compat change id reported: 181136395; UID 10109; state: DISABLED
05-11 11:43:53.855 1508 10955 D CompatibilityChangeReporter: Compat change id reported: 174042936; UID 10109; state: DISABLED
05-11 11:43:53.856 1508 10955 D CompatibilityChangeReporter: Compat change id reported: 168419799; UID 10109; state: DISABLED
05-11 11:43:53.856 1508 10955 V SplashScreenExceptionList: SplashScreen checking exception for package com.qqgame.mic (target sdk:28) -> false
05-11 11:43:53.857 12833 12857 D PhoneStartingWindowTypeAlgorithm: preferredStartingWindowType newTask:true taskSwitch:true processRunning:false allowTaskSnapshot:true activityCreated:false useEmptySplashScreen:false legacySplashScreen:false topIsHome:false
05-11 11:43:53.858 12833 12857 D StartingSurfaceDrawer: addSplashScreen com.qqgame.mic theme=7f0e00b4 task=25 suggestType=1
05-11 11:43:53.860 12833 12858 D StartingSurfaceDrawer: window attributes color: 0 icon null duration 0 brandImage null
05-11 11:43:53.860 1508 10797 I ActivityTaskManager: FOREGROUND_APPLICATION_CHANGED to com.tencent.gcloud.msdk.core.policy.MSDKPolicyActivity
05-11 11:43:53.862 1508 1644 D CompatibilityChangeReporter: Compat change id reported: 135634846; UID 10109; state: DISABLED
05-11 11:43:53.862 1508 1644 D CompatibilityChangeReporter: Compat change id reported: 177438394; UID 10109; state: DISABLED
05-11 11:43:53.863 1508 1644 D CompatibilityChangeReporter: Compat change id reported: 135772972; UID 10109; state: DISABLED
05-11 11:43:53.863 1508 1644 D CompatibilityChangeReporter: Compat change id reported: 135754954; UID 10109; state: DISABLED
05-11 11:43:53.863 1508 1660 D CompatibilityChangeReporter: Compat change id reported: 143937733; UID 10109; state: DISABLED
05-11 11:43:53.869 1508 1660 I ActivityManager: Start proc 14647:com.qqgame.mic/u0a109 for pre-top-activity {com.qqgame.mic/com.tencent.gcloud.msdk.core.policy.MSDKPolicyActivity}
05-11 11:43:53.869 1508 14648 W ContextImpl: Calling a method in the system process without a qualified user: android.app.ContextImpl.sendBroadcast:1173 com.qualcomm.qti.Performance$SendGameLaunchBroadcast.run:217 java.lang.Thread.run:920
05-11 11:43:53.877 12833 12858 D StartingSurfaceDrawer: FgMainColor=ff374684 BgMainColor=ff383890 IsBgComplex=true FromCache=false ThemeColor=ffffffff
05-11 11:43:53.877 12833 12858 D StartingSurfaceDrawer: makeSplashScreenContentView: draw whole icon
05-11 11:43:53.877 12833 12858 D StartingSurfaceDrawer: fillViewWithIcon surfaceWindowView android.window.SplashScreenView{cf9777f V.E...... ......ID 0,0-0,0}
01-01 08:17:01.925 0 0 I binder : 14647:14647 ioctl 40046210 7ffe05b4f4 returned -22
01-01 08:17:01.957 0 0 W ALERT : changing window size from 20000000 to 8000000 at 1019260016066
05-11 11:43:53.935 14647 14669 D ActivityThread: Loading provider com.qqgame.mic.XG_SETTINGS_PROVIDER: com.tencent.tpns.baseapi.base.SettingsContentProvider
05-11 11:43:53.943 1508 10797 D CompatibilityChangeReporter: Compat change id reported: 135634846; UID 10109; state: DISABLED
05-11 11:43:53.943 1508 10797 D CompatibilityChangeReporter: Compat change id reported: 177438394; UID 10109; state: DISABLED
05-11 11:43:53.943 1508 10797 D CompatibilityChangeReporter: Compat change id reported: 135772972; UID 10109; state: DISABLED
05-11 11:43:53.943 1508 10797 D CompatibilityChangeReporter: Compat change id reported: 135754954; UID 10109; state: DISABLED
05-11 11:43:53.943 1508 1660 D CompatibilityChangeReporter: Compat change id reported: 143937733; UID 10109; state: DISABLED
05-11 11:43:53.949 1508 1660 I ActivityManager: Start proc 14682:com.qqgame.mic:xg_vip_service/u0a109 for service {com.qqgame.mic/com.tencent.android.tpush.service.XGVipPushService}
01-01 08:17:02.003 0 0 I binder : 14682:14682 ioctl 40046210 7ffe05b4f4 returned -22
01-01 08:17:02.029 0 0 W audit : audit_lost=8639 audit_rate_limit=5 audit_backlog_limit=64
01-01 08:17:02.029 0 0 E audit : rate limit exceeded
05-11 11:43:54.026 1508 10401 I thunderperf: PlatormCompat.setOverrides: Uid1=10109 Pid1=14647 Uid2=10109 Pid2=14647
05-11 11:43:54.026 1508 10401 I thunderperf: PlatormCompat.setOverrides: needCheck:false
05-11 11:43:54.027 1508 10401 I thunderperf: CompatConfig.addOverrideUnsafe: bef-state=0
05-11 11:43:54.027 1508 10401 I thunderperf: CompatConfig.addOverrideUnsafe: aft-state=0
05-11 11:43:54.027 1508 10401 W PackageManager: MATCH_ANY_USER flag requires INTERACT_ACROSS_USERS permission: UID 10109 requires android.permission.INTERACT_ACROSS_USERS_FULL or android.permission.INTERACT_ACROSS_USERS to access user 0.
05-11 11:43:54.027 1508 10401 I ActivityTaskManager: START u0 {cmp=com.qqgame.mic/.YXSMainActivity} from uid 10109
05-11 11:43:54.036 1508 9679 I ActivityTaskManager: FOREGROUND_APPLICATION_CHANGED to com.qqgame.mic.YXSMainActivity
05-11 11:43:54.036 1508 9679 I ActivityTaskManager: The Process com.qqgame.mic Already Exists in BG. So sending its PID: 14647
05-11 11:43:54.036 1508 9679 W ActivityTaskManager: Tried to set launchTime (0) < mLastActivityLaunchTime (1019235)
05-11 11:43:54.119 1508 10955 D CompatibilityChangeReporter: Compat change id reported: 135634846; UID 10109; state: DISABLED
05-11 11:43:54.119 1508 1660 D CompatibilityChangeReporter: Compat change id reported: 143937733; UID 10109; state: ENABLED
05-11 11:43:54.124 1508 1660 I ActivityManager: Start proc 14767:com.android.webview:sandboxed_process0:org.chromium.content.app.SandboxedProcessService0:0/u0i2 for {com.qqgame.mic/org.chromium.content.app.SandboxedProcessService0:0}
01-01 08:17:02.198 0 0 I binder : 14767:14767 ioctl 40046210 ff8614b8 returned -22
05-11 11:43:54.270 1508 1659 W BroadcastQueue: Permission Denial: broadcasting Intent { act=android.net.conn.CONNECTIVITY_CHANGE flg=0x4200010 (has extras) } from null (pid=-1, uid=-1) requires com.tencent.bugly.BuglyBroadcastReceiver.permission due to registered receiver BroadcastFilter{629e713 10109/u0 ReceiverList{8d94202 14647 com.qqgame.mic/10109/u0 remote:938874d}}
05-11 11:43:54.338 1508 10955 W WindowManager: Failed looking up window session=Session{e94045f 14647:u0a10109} callers=com.android.server.wm.WindowManagerService.windowForClientLocked:5628 com.android.server.wm.Session.insetsModified:629 android.view.IWindowSession$Stub.onTransact:1151
01-01 08:17:02.416 0 0 I binder : 14647:14699 ioctl 40046210 7ace9301f4 returned -22
05-11 11:43:54.410 12833 12857 D StartingSurfaceDrawer: Task start finish, remove starting surface for task 25
05-11 11:43:54.410 12833 12857 V StartingSurfaceDrawer: Removing splash screen window for task: 25
05-11 11:43:54.420 1508 3394 W ActivityManager: Unable to start service Intent { act=com.tencent.tpns.mqttchannel.FEEDBACK pkg=com.qqgame.mic } U=0: not found
01-01 08:17:02.878 0 0 I afe_find_cal_topo_id_by_port: port id: 0x9000, dev_acdb_id: 15
01-01 08:17:02.878 0 0 I afe_find_cal_topo_id_by_port: top_id:112fc acdb_id:15 afe_port_id:0x9000
01-01 08:17:02.878 0 0 I afe_get_cal_topology_id: port_id = 0x9000 acdb_id = 15 topology_id = 0x112fc cal_type_index=8 ret=0
01-01 08:17:02.879 0 0 I afe_send_port_topology_id: AFE set topology id 0x112fc enable for port 0x9000 ret 0
01-01 08:17:02.879 0 0 I send_afe_cal_type: cal_index is 0
01-01 08:17:02.879 0 0 I send_afe_cal_type: dev_acdb_id[55] is 15
01-01 08:17:02.879 0 0 I afe_find_cal: cal_index 0 port_id 0x9000 port_index 55
01-01 08:17:02.879 0 0 I afe_find_cal: acdb_id 15 dev_acdb_id 15 sample_rate 48000 afe_sample_rates 48000
01-01 08:17:02.879 0 0 I afe_find_cal: cal block is a match, size is 0
01-01 08:17:02.879 0 0 I send_afe_cal_type: Sending cal_index cal 0
01-01 08:17:02.879 0 0 E send_afe_cal_type: No cal sent for cal_index 0, port_id = 0x9000! ret -22
01-01 08:17:02.879 0 0 I afe_send_hw_delay: port_id 0x9000 rate 48000 delay_usec 474 status 0
05-11 11:43:54.964 1508 3394 D CompatibilityChangeReporter: Compat change id reported: 157233955; UID 10109; state: DISABLED
01-01 08:17:03.081 0 0 E link_delay_work_func: DTC_ETH: SQI=0, link=0
05-11 11:43:55.086 1508 3394 W ActivityManager: Background start not allowed: service Intent { cmp=com.tencent.android.qqdownloader/com.tencent.assistant.main.MainService } to com.tencent.android.qqdownloader/com.tencent.assistant.main.MainService from pid=3484 uid=10094 pkg=com.tencent.android.qqdownloader startFg?=false
05-11 11:43:55.087 1508 3394 W ActivityManager: Background start not allowed: service Intent { cmp=com.tencent.android.qqdownloader/com.tencent.assistant.main.MainService } to com.tencent.android.qqdownloader/com.tencent.assistant.main.MainService from pid=3484 uid=10094 pkg=com.tencent.android.qqdownloader startFg?=false
01-01 08:17:04.031 0 0 I msm_vidc: high: 00000001: ....d: Opening video instance: 0000000000000000, 1
01-01 08:17:04.031 0 0 I msm_vidc: err : 00000001: ....d: Failed to create debugfs for msm_vidc
01-01 08:17:07.326 0 0 W audit : audit_lost=8642 audit_rate_limit=5 audit_backlog_limit=64
01-01 08:17:07.326 0 0 E audit : rate limit exceeded
05-11 11:43:59.660 1508 7225 W ActivityManager: Background start not allowed: service Intent { cmp=com.tencent.mm/.plugin.voip.widget.VoipForegroundService (has extras) } to com.tencent.mm/.plugin.voip.widget.VoipForegroundService from pid=12407 uid=10096 pkg=com.tencent.mm startFg?=false
05-11 11:43:59.663 1508 7225 W ActivityManager: Background started FGS: Disallowed [callingPackage: com.tencent.mm; callingUid: 10096; uidState: RCVR; intent: Intent { cmp=com.tencent.mm/.plugin.voip.widget.VoipForegroundService (has extras) }; code:DENIED; tempAllowListReason:; targetSdkVersion:29; callerTargetSdkVersion:29; startForegroundCount:0; bindFromPackage:null]
05-11 11:43:59.663 1508 7225 D CompatibilityChangeReporter: Compat change id reported: 170668199; UID 10096; state: DISABLED
05-11 11:43:59.663 1508 1659 I DropBoxManagerService: add tag=system_server_wtf isTagEnabled=true flags=0x2
05-11 11:43:59.707 1508 7225 W ActivityManager: Foreground service started from background can not have location/camera/microphone access: service com.tencent.mm/.plugin.voip.widget.VoipForegroundService
05-11 11:43:59.708 1508 1659 I ActivityManager: Deferring FGS notification in legacy app com.tencent.mm/u0a96 : Notification(channel=reminder_channel_id shortcut=null contentView=null vibrate=null sound=null defaults=0x0 flags=0x42 color=0x00000000 vis=PRIVATE)
05-11 11:43:59.919 1508 1508 I GameModeConfig: isGameModeOn = true
05-11 11:43:59.919 1508 1508 I GameModeConfig: isGaming = true
05-11 11:43:59.919 1508 1508 I GameModeConfig: isDisableNotification = true
05-11 11:43:59.919 1508 1508 I GameModeConfig: isDisableVoice = true
05-11 11:43:59.919 1508 1508 I GameModeConfig: isGameModeOn = true
05-11 11:43:59.919 1508 1508 I GameModeConfig: isGaming = true
05-11 11:43:59.919 1508 1508 I GameModeConfig: isDisableNotification = true
05-11 11:43:59.919 1508 1508 I GameModeConfig: isDisableVoice = true
05-11 11:43:59.921 1508 1508 W NotificationHistory: Attempted to add notif for locked/gone/disabled user 0
05-11 11:44:00.011 1508 1659 W ActivityManager: Stopping service due to app idle: u0a113 -8m49s310ms com.ss.android.lark/com.taobao.accs.data.MsgDistributeService
05-11 11:44:00.011 1508 1659 W ActivityManager: Stopping service due to app idle: u0a113 -8m37s400ms com.ss.android.lark/.wschannel.WschannelLaunchService
01-01 08:17:08.201 0 0 E link_delay_work_func: DTC_ETH: SQI=0, link=0
05-11 11:44:00.701 1508 7225 E AppOps : Operation not started: uid=10096 pkg=com.tencent.mm(null) op=WAKE_LOCK
05-11 11:44:01.203 1508 7225 E AppOps : Operation not started: uid=10096 pkg=com.tencent.mm(null) op=WAKE_LOCK
05-11 11:44:01.652 1508 7225 W ActivityManager: Background start not allowed: service Intent { cmp=com.tencent.android.qqdownloader/com.tencent.assistant.sdk.SDKSupportService (has extras) } to com.tencent.android.qqdownloader/com.tencent.assistant.sdk.SDKSupportService from pid=3267 uid=10094 pkg=com.tencent.android.qqdownloader startFg?=false
05-11 11:44:01.655 1508 7225 W ActivityManager: Background start not allowed: service Intent { cmp=com.tencent.android.qqdownloader/com.tencent.assistant.sdk.SDKSupportService (has extras) } to com.tencent.android.qqdownloader/com.tencent.assistant.sdk.SDKSupportService from pid=3267 uid=10094 pkg=com.tencent.android.qqdownloader startFg?=false
05-11 11:44:01.665 1508 10797 W ActivityManager: Background start not allowed: service Intent { cmp=com.tencent.android.qqdownloader/com.tencent.assistant.sdk.SDKSupportService (has extras) } to com.tencent.android.qqdownloader/com.tencent.assistant.sdk.SDKSupportService from pid=3267 uid=10094 pkg=com.tencent.android.qqdownloader startFg?=false
05-11 11:44:01.668 1508 10797 W ActivityManager: Background start not allowed: service Intent { cmp=com.tencent.android.qqdownloader/com.tencent.assistant.sdk.SDKSupportService (has extras) } to com.tencent.android.qqdownloader/com.tencent.assistant.sdk.SDKSupportService from pid=3267 uid=10094 pkg=com.tencent.android.qqdownloader startFg?=false
05-11 11:44:04.152 1508 10797 E AppOps : Operation not started: uid=10096 pkg=com.tencent.mm(null) op=WAKE_LOCK
01-01 08:17:13.322 0 0 E link_delay_work_func: DTC_ETH: SQI=0, link=0
01-01 08:17:16.286 0 0 I msm_vidc: high: 00000001: h264d: Closed video instance: 0000000000000000
05-11 11:44:09.915 1508 1508 I GameModeConfig: isGameModeOn = true
05-11 11:44:09.915 1508 1508 I GameModeConfig: isGaming = true
05-11 11:44:09.915 1508 1508 I GameModeConfig: isDisableNotification = true
05-11 11:44:09.915 1508 1508 I GameModeConfig: isGameModeOn = true
05-11 11:44:09.915 1508 1508 I GameModeConfig: isGaming = true
05-11 11:44:09.915 1508 1508 I GameModeConfig: isDisableNotification = true
05-11 11:44:09.915 1508 1508 W NotificationHistory: Attempted to add notif for locked/gone/disabled user 0
05-11 11:44:09.966 1508 1833 I GameModeConfig: isGameModeOn = true
05-11 11:44:09.966 1508 1833 I GameModeConfig: isGaming = true
05-11 11:44:09.966 1508 1833 I GameModeConfig: isDisableNotification = true
05-11 11:44:09.966 1508 1833 I GameModeConfig: isDisableVoice = true
05-11 11:44:09.966 1508 1833 I GameModeConfig: isGameModeOn = true
05-11 11:44:09.966 1508 1833 I GameModeConfig: isGaming = true
05-11 11:44:09.966 1508 1833 I GameModeConfig: isDisableNotification = true
05-11 11:44:09.966 1508 1833 I GameModeConfig: isDisableVoice = true
01-01 08:17:18.441 0 0 E link_delay_work_func: DTC_ETH: SQI=0, link=0
01-01 08:17:22.073 0 0 W audit : audit_lost=9317 audit_rate_limit=5 audit_backlog_limit=64
01-01 08:17:22.073 0 0 E audit : rate limit exceeded
