01-01 08:17:23.561 0 0 E link_delay_work_func: DTC_ETH: SQI=0, link=0
05-11 11:44:18.622 1508 3394 W ActivityManager: Receiver with filter android.content.IntentFilter@c6ceb56 already registered for pid 14647, callerPackage is com.qqgame.mic
01-01 08:17:26.701 0 0 W audit : audit_lost=9319 audit_rate_limit=5 audit_backlog_limit=64
01-01 08:17:26.701 0 0 E audit : rate limit exceeded
01-01 08:17:26.789 0 0 I msm_vidc: high: 00000001: ....d: Opening video instance: 0000000000000000, 1
01-01 08:17:26.789 0 0 I msm_vidc: err : 00000001: ....d: Failed to create debugfs for msm_vidc
01-01 08:17:26.910 0 0 I msm_vidc: high: 00000001: h264d: Closed video instance: 0000000000000000
01-01 08:17:26.924 0 0 I msm_vidc: high: 00000001: ....d: Opening video instance: 0000000000000000, 1
01-01 08:17:26.924 0 0 I msm_vidc: err : 00000001: ....d: Failed to create debugfs for msm_vidc
05-11 11:44:19.913 1508 3394 W ActivityManager: Unable to start service Intent { cmp=com.oplus.cosa/.gamemanagersdk.CosaSdkService } U=0: not found
05-11 11:44:19.916 1508 3394 W ActivityManager: Unable to start service Intent { act=com.samsung.android.game.tencentsdk.SceneSdkService pkg=com.enhance.gameservice } U=0: not found
05-11 11:44:19.957 14647 14745 E ActivityThread: Failed to find provider info for com.tencent.estvdemo.fileprovider
05-11 11:44:19.963 1508 3394 D CompatibilityChangeReporter: Compat change id reported: 135634846; UID 10109; state: DISABLED
05-11 11:44:19.963 1508 3394 D CompatibilityChangeReporter: Compat change id reported: 177438394; UID 10109; state: DISABLED
05-11 11:44:19.963 1508 3394 D CompatibilityChangeReporter: Compat change id reported: 135772972; UID 10109; state: DISABLED
05-11 11:44:19.963 1508 3394 D CompatibilityChangeReporter: Compat change id reported: 135754954; UID 10109; state: DISABLED
05-11 11:44:19.963 1508 1660 D CompatibilityChangeReporter: Compat change id reported: 143937733; UID 10109; state: DISABLED
05-11 11:44:19.968 1508 1660 I ActivityManager: Start proc 15205:com.qqgame.mic:estPlugin/u0a109 for service {com.qqgame.mic/com.tencent.estv.livesdk.service.PluginProcessService}
01-01 08:17:28.024 0 0 I binder : 15205:15205 ioctl 40046210 7ffe05b4f4 returned -22
01-01 08:17:28.648 0 0 I msm_vidc: high: 00000001: h264d: Closed video instance: 0000000000000000
01-01 08:17:28.682 0 0 E link_delay_work_func: DTC_ETH: SQI=0, link=0
05-11 11:44:20.668 1508 3394 I ActivityTaskManager: START u0 {flg=0x10000000 cmp=com.tencent.mm/.plugin.voip.ui.VideoActivity (has extras)} from uid 10096
01-01 08:17:28.716 0 0 W audit : audit_lost=9322 audit_rate_limit=5 audit_backlog_limit=64
01-01 08:17:28.716 0 0 E audit : rate limit exceeded
05-11 11:44:20.672 1508 3394 W ActivityTaskManager: Can't find TaskDisplayArea to determine support for multi window. Task id=26 attached=false
05-11 11:44:20.674 1508 3394 D CompatibilityChangeReporter: Compat change id reported: 174042980; UID 10096; state: DISABLED
05-11 11:44:20.674 1508 3394 D CompatibilityChangeReporter: Compat change id reported: 184838306; UID 10096; state: DISABLED
05-11 11:44:20.674 1508 3394 D CompatibilityChangeReporter: Compat change id reported: 185004937; UID 10096; state: DISABLED
05-11 11:44:20.674 1508 3394 D CompatibilityChangeReporter: Compat change id reported: 181136395; UID 10096; state: DISABLED
05-11 11:44:20.674 1508 3394 D CompatibilityChangeReporter: Compat change id reported: 174042936; UID 10096; state: DISABLED
05-11 11:44:20.675 1508 3394 V SplashScreenExceptionList: SplashScreen checking exception for package com.tencent.mm (target sdk:29) -> false
05-11 11:44:20.675 1508 3394 I ActivityTaskManager: FOREGROUND_APPLICATION_CHANGED to com.tencent.mm.plugin.voip.ui.VideoActivity
05-11 11:44:20.675 1508 3394 I ActivityTaskManager: The Process com.tencent.mm Already Exists in BG. So sending its PID: 12407
05-11 11:44:20.734 12407 12407 E ActivityThread: Failed to find provider info for com.google.android.gms.phenotype
05-11 11:44:20.845 1508 1672 W BatteryExternalStatsWorker: error reading modem stats:ERROR_PHONE_NOT_AVAILABLE
05-11 11:44:20.861 1508 1672 E KernelCpuSpeedReader: Failed to read cpu-freq: /sys/devices/system/cpu/cpu4/cpufreq/stats/time_in_state: open failed: ENOENT (No such file or directory)
05-11 11:44:20.861 1508 1672 E KernelCpuSpeedReader: Failed to read cpu-freq: /sys/devices/system/cpu/cpu0/cpufreq/stats/time_in_state: open failed: ENOENT (No such file or directory)
05-11 11:44:20.891 1508 1672 D KernelCpuUidUserSysTimeReader: Removing uids 99001-99001
05-11 11:44:21.003 1508 10140 D CompatibilityChangeReporter: Compat change id reported: 135634846; UID 10096; state: DISABLED
05-11 11:44:21.003 1508 10140 D CompatibilityChangeReporter: Compat change id reported: 177438394; UID 10096; state: DISABLED
05-11 11:44:21.003 1508 10140 D CompatibilityChangeReporter: Compat change id reported: 135772972; UID 10096; state: DISABLED
05-11 11:44:21.003 1508 1660 D CompatibilityChangeReporter: Compat change id reported: 143937733; UID 10096; state: DISABLED
05-11 11:44:21.018 1508 1660 I ActivityManager: Start proc 15336:com.tencent.mm:appbrand0/u0a96 for service {com.tencent.mm/com.tencent.mm.ipcinvoker.wx_extension.service.Appbrand0IPCService}
05-11 11:44:21.037 1508 1660 I ActivityManager: Start proc 15347:com.tencent.mm:appbrand1/u0a96 for service {com.tencent.mm/com.tencent.mm.ipcinvoker.wx_extension.service.Appbrand1IPCService}
01-01 08:17:29.102 0 0 I binder : 15336:15336 ioctl 40046210 7ffe05b4f4 returned -22
05-11 11:44:21.065 1508 1659 W BroadcastQueue: Permission Denial: broadcasting Intent { act=android.net.conn.CONNECTIVITY_CHANGE flg=0x4200010 (has extras) } from null (pid=-1, uid=-1) requires com.tencent.bugly.BuglyBroadcastReceiver.permission due to registered receiver BroadcastFilter{db2d55e 10109/u0 ReceiverList{2d11e99 15205 com.qqgame.mic:estPlugin/10109/u0 remote:aa02be0}}
01-01 08:17:29.116 0 0 I binder : 15347:15347 ioctl 40046210 7ffe05b4f4 returned -22
05-11 11:44:21.087 1508 1508 I GameModeConfig: isGameModeOn = true
05-11 11:44:21.087 1508 1508 I GameModeConfig: isGaming = true
05-11 11:44:21.087 1508 1508 I GameModeConfig: isDisableNotification = true
05-11 11:44:21.087 1508 1508 I GameModeConfig: isGameModeOn = true
05-11 11:44:21.087 1508 1508 I GameModeConfig: isGaming = true
05-11 11:44:21.087 1508 1508 I GameModeConfig: isDisableNotification = true
01-01 08:17:29.213 0 0 I btfm_slim_hw_init: PGD Enum Addr: 00:01:20:02:17: 02
01-01 08:17:29.213 0 0 I btfm_slim_hw_init: IFD Enum Addr: 00:00:20:02:17: 02
01-01 08:17:29.213 0 0 I btfm_slim_hw_init: chipset soc version:400a0200
01-01 08:17:29.213 0 0 I btfm_slim_hw_init: chipset is hastings 2.0, overwriting EA
01-01 08:17:29.213 0 0 I btfm_slim_hw_init: PGD Enum Addr: 00:01:20:02:17: 02
01-01 08:17:29.213 0 0 I btfm_slim_hw_init: IFD Enum Addr: 00:00:20:02:17: 02
01-01 08:17:29.213 0 0 I btfm_slim_alloc_port: chipset soc version:400a0200
01-01 08:17:29.229 0 0 I btfm_slim_enable_ch: chipset soc version:400a0200
01-01 08:17:29.229 0 0 I btfm_slim_enable_ch: channel define - prot:1, dataf:0, auxf:0
01-01 08:17:29.229 0 0 I btfm_slim_enable_ch: channel define - rates:16000, baser:1, ratem:4
01-01 08:17:29.229 0 0 I btfm_slim_enable_ch: slim_connect_sink(port: 16, ch: 157)
01-01 08:17:29.229 0 0 I btfm_slim_enable_ch: port: 16, ch: 157, grp: 0, ch->grph: 0x0, ch_hdl: 0x1d
01-01 08:17:29.230 0 0 I __afe_port_start: port id: 0x400e
01-01 08:17:29.230 0 0 I afe_find_cal_topo_id_by_port: port id: 0x400e, dev_acdb_id: 39
01-01 08:17:29.230 0 0 I afe_find_cal_topo_id_by_port: port id: 0x400e, dev_acdb_id: 39
01-01 08:17:29.230 0 0 I afe_find_cal_topo_id_by_port: top_id:112fc acdb_id:39 afe_port_id:0x400e
01-01 08:17:29.230 0 0 I afe_get_cal_topology_id: port_id = 0x400e acdb_id = 39 topology_id = 0x112fc cal_type_index=8 ret=0
01-01 08:17:29.230 0 0 I afe_send_port_topology_id: AFE set topology id 0x112fc enable for port 0x400e ret 0
01-01 08:17:29.230 0 0 I send_afe_cal_type: cal_index is 0
01-01 08:17:29.230 0 0 I send_afe_cal_type: dev_acdb_id[119] is 39
01-01 08:17:29.230 0 0 I afe_find_cal: cal_index 0 port_id 0x400e port_index 119
01-01 08:17:29.230 0 0 I afe_find_cal: acdb_id 15 dev_acdb_id 39 sample_rate 48000 afe_sample_rates 16000
01-01 08:17:29.230 0 0 I afe_find_cal: acdb_id 39 dev_acdb_id 39 sample_rate 48000 afe_sample_rates 16000
01-01 08:17:29.230 0 0 I afe_find_cal: no matching cal_block found
01-01 08:17:29.230 0 0 E : send_afe_cal_type cal_block not found!!
01-01 08:17:29.231 0 0 I afe_send_hw_delay: port_id 0x400e rate 16000 delay_usec 1420 status 0
05-11 11:44:21.464 1508 10956 E PackageDexUsage: Unsupported context?
05-11 11:44:21.514 1508 10955 E PackageDexUsage: Unsupported context?
05-11 11:44:21.534 1508 10955 E PackageDexUsage: Unsupported context?
05-11 11:44:21.699 1508 10956 E PackageDexUsage: Unsupported context?
01-01 08:17:29.827 0 0 W audit : audit_lost=10017 audit_rate_limit=5 audit_backlog_limit=64
01-01 08:17:29.827 0 0 E audit : rate limit exceeded
05-11 11:44:22.110 1508 10955 E PackageDexUsage: Unsupported context?
05-11 11:44:23.401 1508 2067 W ActivityManager: Background start not allowed: service Intent { cmp=com.tencent.android.qqdownloader/com.tencent.assistant.main.MainService } to com.tencent.android.qqdownloader/com.tencent.assistant.main.MainService from pid=3484 uid=10094 pkg=com.tencent.android.qqdownloader startFg?=false
05-11 11:44:23.403 1508 9679 W ActivityManager: Background start not allowed: service Intent { cmp=com.tencent.android.qqdownloader/com.tencent.assistant.main.MainService } to com.tencent.android.qqdownloader/com.tencent.assistant.main.MainService from pid=3484 uid=10094 pkg=com.tencent.android.qqdownloader startFg?=false
01-01 08:17:32.030 0 0 E q6asm_callback: cmd = 0x10bce returned error = 0xa
01-01 08:17:32.030 0 0 E __q6asm_cmd: DSP returned error[ADSP_ENOTREADY] opcode 68558
01-01 08:17:33.801 0 0 E link_delay_work_func: DTC_ETH: SQI=0, link=0
05-11 11:44:26.358 1508 15877 I DropBoxManagerService: add tag=system_app_wtf isTagEnabled=true flags=0x2
01-01 08:17:38.552 0 0 I btfm_slim_enable_ch: chipset soc version:400a0200
01-01 08:17:38.552 0 0 I btfm_slim_enable_ch: channel define - prot:1, dataf:0, auxf:0
01-01 08:17:38.552 0 0 I btfm_slim_enable_ch: channel define - rates:16000, baser:1, ratem:4
01-01 08:17:38.553 0 0 I btfm_slim_slave_enable_port: programming SCO Tx with reg_val 3 to reg 0x50
01-01 08:17:38.554 0 0 I btfm_slim_enable_ch: slim_connect_src(port: 0, ch: 159)
01-01 08:17:38.554 0 0 I btfm_slim_enable_ch: port: 0, ch: 159, grp: 0, ch->grph: 0x0, ch_hdl: 0x1f
01-01 08:17:38.558 0 0 I __afe_port_start: port id: 0x400f
01-01 08:17:38.558 0 0 I afe_find_cal_topo_id_by_port: port id: 0x400f, dev_acdb_id: 38
01-01 08:17:38.558 0 0 I afe_find_cal_topo_id_by_port: port id: 0x400f, dev_acdb_id: 38
01-01 08:17:38.558 0 0 I afe_find_cal_topo_id_by_port: port id: 0x400f, dev_acdb_id: 38
01-01 08:17:38.558 0 0 I afe_find_cal_topo_id_by_port: top_id:112fb acdb_id:38 afe_port_id:0x400f
01-01 08:17:38.558 0 0 I afe_get_cal_topology_id: port_id = 0x400f acdb_id = 38 topology_id = 0x112fb cal_type_index=8 ret=0
01-01 08:17:38.558 0 0 I afe_send_port_topology_id: AFE set topology id 0x112fb enable for port 0x400f ret 0
01-01 08:17:38.558 0 0 I send_afe_cal_type: cal_index is 1
01-01 08:17:38.558 0 0 I send_afe_cal_type: dev_acdb_id[120] is 38
01-01 08:17:38.558 0 0 I afe_find_cal: cal_index 1 port_id 0x400f port_index 120
01-01 08:17:38.558 0 0 I afe_find_cal: acdb_id 38 dev_acdb_id 38 sample_rate 48000 afe_sample_rates 16000
01-01 08:17:38.558 0 0 I afe_find_cal: no matching cal_block found
01-01 08:17:38.558 0 0 E : send_afe_cal_type cal_block not found!!
01-01 08:17:38.559 0 0 I afe_send_hw_delay: port_id 0x400f rate 16000 delay_usec 0 status 0
01-01 08:17:38.583 0 0 E adm_callback: cmd = 0x1035d returned error = 0x3
01-01 08:17:38.583 0 0 E adm_apr_send_pkt: DSP returned error[ADSP_EUNSUPPORTED]
01-01 08:17:38.921 0 0 E link_delay_work_func: DTC_ETH: SQI=0, link=0
01-01 08:17:39.633 0 0 E msm_pcm_playback_close: CMD_EOS failed, cmd_pending 0x8
01-01 08:17:44.041 0 0 E link_delay_work_func: DTC_ETH: SQI=0, link=0
05-11 11:44:36.656 1508 9679 W ActivityManager: Background start not allowed: service Intent { cmp=com.tencent.android.qqdownloader/com.tencent.assistant.sdk.SDKSupportService (has extras) } to com.tencent.android.qqdownloader/com.tencent.assistant.sdk.SDKSupportService from pid=3267 uid=10094 pkg=com.tencent.android.qqdownloader startFg?=false
05-11 11:44:36.666 1508 9679 W ActivityManager: Background start not allowed: service Intent { cmp=com.tencent.android.qqdownloader/com.tencent.assistant.sdk.SDKSupportService (has extras) } to com.tencent.android.qqdownloader/com.tencent.assistant.sdk.SDKSupportService from pid=3267 uid=10094 pkg=com.tencent.android.qqdownloader startFg?=false
05-11 11:44:36.678 1508 9678 W ActivityManager: Background start not allowed: service Intent { cmp=com.tencent.android.qqdownloader/com.tencent.assistant.sdk.SDKSupportService (has extras) } to com.tencent.android.qqdownloader/com.tencent.assistant.sdk.SDKSupportService from pid=3267 uid=10094 pkg=com.tencent.android.qqdownloader startFg?=false
05-11 11:44:36.681 1508 9678 W ActivityManager: Background start not allowed: service Intent { cmp=com.tencent.android.qqdownloader/com.tencent.assistant.sdk.SDKSupportService (has extras) } to com.tencent.android.qqdownloader/com.tencent.assistant.sdk.SDKSupportService from pid=3267 uid=10094 pkg=com.tencent.android.qqdownloader startFg?=false
05-11 11:44:40.272 1508 10967 I ActivityTaskManager: START u0 {flg=0x10000000 cmp=com.tencent.mm/.plugin.voip.ui.VideoActivity (has extras)} from uid 10096
01-01 08:17:49.161 0 0 E link_delay_work_func: DTC_ETH: SQI=0, link=0
01-01 08:17:50.129 0 0 E msm_pcm_playback_close: CMD_EOS failed, cmd_pending 0x8
01-01 08:17:54.281 0 0 E link_delay_work_func: DTC_ETH: SQI=0, link=0
01-01 08:17:56.368 0 0 I event_handler: reclaimed all bufs
01-01 08:17:56.373 0 0 I afe_close: port_id = 0x400f
01-01 08:17:56.378 0 0 I btfm_slim_disable_ch: port:0, grp: 0, ch->grph:0x0, ch->ch_hdl:0x1f
05-11 11:44:50.892 1508 1508 I GameModeConfig: isGameModeOn = true
05-11 11:44:50.892 1508 1508 I GameModeConfig: isGaming = true
05-11 11:44:50.892 1508 1508 I GameModeConfig: isDisableNotification = true
05-11 11:44:50.892 1508 1508 I GameModeConfig: isGameModeOn = true
05-11 11:44:50.892 1508 1508 I GameModeConfig: isGaming = true
05-11 11:44:50.892 1508 1508 I GameModeConfig: isDisableNotification = true
01-01 08:17:59.401 0 0 E link_delay_work_func: DTC_ETH: SQI=0, link=0
01-01 08:18:00.625 0 0 E msm_pcm_playback_close: CMD_EOS failed, cmd_pending 0x8
01-01 08:18:01.414 0 0 W audit : audit_lost=10037 audit_rate_limit=5 audit_backlog_limit=64
01-01 08:18:01.414 0 0 E audit : rate limit exceeded
01-01 08:18:01.416 0 0 I logd : logdr: UID=1041 GID=1005 PID=16075 n tail=0 logMask=8 pid=12168 start=0ns deadline=0ns
01-01 08:18:01.423 0 0 I logd : logdr: UID=1041 GID=1005 PID=16075 n tail=0 logMask=1 pid=12168 start=0ns deadline=0ns
05-11 11:44:53.392 16075 16075 F DEBUG : *** *** *** *** *** *** *** *** *** *** *** *** *** *** *** ***
05-11 11:44:53.392 16075 16075 F DEBUG : Build fingerprint: 'HiPhi/PassengerDisplay_CN/PassengerDisplay:12/SKQ1.220201.001/3289:user/test-keys'
05-11 11:44:53.392 16075 16075 F DEBUG : Revision: '0'
05-11 11:44:53.392 16075 16075 F DEBUG : ABI: 'arm'
05-11 11:44:53.392 16075 16075 F DEBUG : Timestamp: 2023-05-11 11:44:53.338932092+0800
05-11 11:44:53.392 16075 16075 F DEBUG : Process uptime: 0s
05-11 11:44:53.392 16075 16075 F DEBUG : Cmdline: /vendor/bin/hw/android.hardware.audio.service
05-11 11:44:53.392 16075 16075 F DEBUG : pid: 12168, tid: 12168, name: audio.service >>> /vendor/bin/hw/android.hardware.audio.service <<<
05-11 11:44:53.392 16075 16075 F DEBUG : uid: 1041
05-11 11:44:53.392 16075 16075 F DEBUG : signal 35 (), code -1 (SI_QUEUE from pid 12297, uid 1041), fault addr --------
05-11 11:44:53.392 16075 16075 F DEBUG : r0 00000004 r1 c0306201 r2 ffa732d8 r3 ffa7322c
05-11 11:44:53.392 16075 16075 F DEBUG : r4 4f820207 r5 ead13138 r6 ffa732d8 r7 00000036
05-11 11:44:53.392 16075 16075 F DEBUG : r8 00000000 r9 ea143784 r10 ffa732e8 r11 ffa732d8
05-11 11:44:53.392 16075 16075 F DEBUG : ip 00000100 sp ffa73210 lr eacc12cb pc eacf35a8
05-11 11:44:53.392 16075 16075 F DEBUG : backtrace:
05-11 11:44:53.392 16075 16075 F DEBUG : #00 pc 000715a8 /apex/com.android.runtime/lib/bionic/libc.so (__ioctl+8) (BuildId: cc194ef76ee932851b23cc2e4f46d55f)
05-11 11:44:53.392 16075 16075 F DEBUG : #01 pc 0003f2c7 /apex/com.android.runtime/lib/bionic/libc.so (ioctl+26) (BuildId: cc194ef76ee932851b23cc2e4f46d55f)
05-11 11:44:53.392 16075 16075 F DEBUG : #02 pc 0005ff09 /apex/com.android.vndk.v30/lib/libhidlbase.so (android::hardware::IPCThreadState::getAndExecuteCommand()+160) (BuildId: ae84f31d0a55afdbe06ed13729dae8a2)
05-11 11:44:53.392 16075 16075 F DEBUG : #03 pc 0006100d /apex/com.android.vndk.v30/lib/libhidlbase.so (android::hardware::IPCThreadState::joinThreadPool(bool)+56) (BuildId: ae84f31d0a55afdbe06ed13729dae8a2)
05-11 11:44:53.392 16075 16075 F DEBUG : #04 pc 000026b5 /vendor/bin/hw/android.hardware.audio.service (main+2564) (BuildId: b5ba2845ffd2ad1c80c85239344b8c71)
05-11 11:44:53.392 16075 16075 F DEBUG : #05 pc 0003248b /apex/com.android.runtime/lib/bionic/libc.so (__libc_init+54) (BuildId: cc194ef76ee932851b23cc2e4f46d55f)
01-01 08:18:01.452 0 0 I init : Untracked pid 16075 exited with status 0
01-01 08:18:01.453 0 0 I init : Untracked pid 16077 exited with status 0
05-11 11:44:53.410 1508 1779 I BootReceiver: Copying /data/tombstones/tombstone_20 to DropBox (SYSTEM_TOMBSTONE)
05-11 11:44:53.410 1508 1779 I DropBoxManagerService: add tag=SYSTEM_TOMBSTONE isTagEnabled=true flags=0x6
05-11 11:44:53.416 1508 1779 E NativeTombstoneManager: Tombstone's UID (1041) not an app, ignoring
05-11 11:44:53.416 1508 1779 I DropBoxManagerService: add tag=SYSTEM_TOMBSTONE_PROTO isTagEnabled=true flags=0x4
05-11 11:44:54.309 12297 12308 F libc : Fatal signal 6 (SIGABRT), code -1 (SI_QUEUE) in tid 12308 (TimeCheckThread), pid 12297 (audioserver)
01-01 08:18:02.444 0 0 W audit : audit_lost=10044 audit_rate_limit=5 audit_backlog_limit=64
01-01 08:18:02.444 0 0 E audit : rate limit exceeded
05-11 11:44:54.414 16083 16083 F DEBUG : *** *** *** *** *** *** *** *** *** *** *** *** *** *** *** ***
05-11 11:44:54.414 16083 16083 F DEBUG : Build fingerprint: 'HiPhi/PassengerDisplay_CN/PassengerDisplay:12/SKQ1.220201.001/3289:user/test-keys'
05-11 11:44:54.414 16083 16083 F DEBUG : Revision: '0'
05-11 11:44:54.414 16083 16083 F DEBUG : ABI: 'arm64'
05-11 11:44:54.414 16083 16083 F DEBUG : Timestamp: 2023-05-11 11:44:54.336757248+0800
05-11 11:44:54.414 16083 16083 F DEBUG : Process uptime: 0s
05-11 11:44:54.415 16083 16083 F DEBUG : Cmdline: /system/bin/audioserver
05-11 11:44:54.415 16083 16083 F DEBUG : pid: 12297, tid: 12308, name: TimeCheckThread >>> /system/bin/audioserver <<<
05-11 11:44:54.415 16083 16083 F DEBUG : uid: 1041
05-11 11:44:54.415 16083 16083 F DEBUG : signal 6 (SIGABRT), code -1 (SI_QUEUE), fault addr --------
05-11 11:44:54.415 16083 16083 F DEBUG : Abort message: 'TimeCheck timeout for IAudioPolicyService command 5'
05-11 11:44:54.415 16083 16083 F DEBUG : x0 0000000000000000 x1 0000000000003014 x2 0000000000000006 x3 0000007764a46530
05-11 11:44:54.415 16083 16083 F DEBUG : x4 686b6e4f6e686374 x5 686b6e4f6e686374 x6 686b6e4f6e686374 x7 7f7f7f7f7f7f7f7f
05-11 11:44:54.415 16083 16083 F DEBUG : x8 00000000000000f0 x9 47724ec6406f2367 x10 0000000000000000 x11 ffffff80ffffffdf
05-11 11:44:54.415 16083 16083 F DEBUG : x12 0000000000000001 x13 0000000000000034 x14 0000007764a466c0 x15 0000000034155555
05-11 11:44:54.415 16083 16083 F DEBUG : x16 0000007a9a62a060 x17 0000007a9a606560 x18 00000077648ae000 x19 0000000000003009
05-11 11:44:54.415 16083 16083 F DEBUG : x20 0000000000003014 x21 00000000ffffffff x22 b4000077af3ec890 x23 b40000778f3d7a94
05-11 11:44:54.415 16083 16083 F DEBUG : x24 b40000778f3d7a94 x25 0000007764a46cb0 x26 0000007764a46ff8 x27 00000000000fc000
05-11 11:44:54.415 16083 16083 F DEBUG : x28 000000776494e000 x29 0000007764a465b0
05-11 11:44:54.415 16083 16083 F DEBUG : lr 0000007a9a5b695c sp 0000007764a46510 pc 0000007a9a5b6988 pst 0000000000001000
05-11 11:44:54.415 16083 16083 F DEBUG : backtrace:
05-11 11:44:54.415 16083 16083 F DEBUG : #00 pc 0000000000051988 /apex/com.android.runtime/lib64/bionic/libc.so (abort+168) (BuildId: 369edc656806aeaf384cbeb8f7a347af)
05-11 11:44:54.415 16083 16083 F DEBUG : #01 pc 00000000000063b8 /system/lib64/liblog.so (__android_log_default_aborter+16) (BuildId: 467c2038cdfa767245f9280e657fdb85)
05-11 11:44:54.415 16083 16083 F DEBUG : #02 pc 0000000000006f14 /system/lib64/liblog.so (__android_log_assert+312) (BuildId: 467c2038cdfa767245f9280e657fdb85)
05-11 11:44:54.415 16083 16083 F DEBUG : #03 pc 0000000000035294 /system/lib64/libmediautils.so (android::TimeCheck::TimeCheckThread::threadLoop()+908) (BuildId: d1ac2ddd5dabaddcca37691821970832)
05-11 11:44:54.415 16083 16083 F DEBUG : #04 pc 0000000000013654 /system/lib64/libutils.so (android::Thread::_threadLoop(void*)+464) (BuildId: b940f836006eead456c936e97e64d2d4)
05-11 11:44:54.415 16083 16083 F DEBUG : #05 pc 0000000000012de8 /system/lib64/libutils.so (thread_data_t::trampoline(thread_data_t const*)+408) (BuildId: b940f836006eead456c936e97e64d2d4)
05-11 11:44:54.415 16083 16083 F DEBUG : #06 pc 00000000000b6a24 /apex/com.android.runtime/lib64/bionic/libc.so (__pthread_start(void*)+264) (BuildId: 369edc656806aeaf384cbeb8f7a347af)
05-11 11:44:54.415 16083 16083 F DEBUG : #07 pc 00000000000532bc /apex/com.android.runtime/lib64/bionic/libc.so (__start_thread+68) (BuildId: 369edc656806aeaf384cbeb8f7a347af)
05-11 11:44:54.423 1508 1935 W NativeCrashListener: Couldn't find ProcessRecord for pid 12297
05-11 11:44:54.425 1508 1779 I BootReceiver: Copying /data/tombstones/tombstone_21 to DropBox (SYSTEM_TOMBSTONE)
05-11 11:44:54.425 1508 1779 I DropBoxManagerService: add tag=SYSTEM_TOMBSTONE isTagEnabled=true flags=0x6
01-01 08:18:02.471 0 0 I init : Untracked pid 16083 exited with status 0
01-01 08:18:02.473 0 0 I init : Untracked pid 16085 exited with status 0
05-11 11:44:54.430 1508 1779 E NativeTombstoneManager: Tombstone's UID (1041) not an app, ignoring
05-11 11:44:54.430 1508 1779 I DropBoxManagerService: add tag=SYSTEM_TOMBSTONE_PROTO isTagEnabled=true flags=0x4
01-01 08:18:02.477 0 0 I init : Service 'audioserver' (pid 12297) received signal 6
01-01 08:18:02.477 0 0 I init : Sending signal 9 to service 'audioserver' (pid 12297) process group...
01-01 08:18:02.478 0 0 I binder : release 12297:12297 transaction 928738 in, still active
01-01 08:18:02.478 0 0 I binder : send failed reply for transaction 928738 to 12407:12498
01-01 08:18:02.478 0 0 I binder : release 12297:12311 transaction 925107 in, still active
01-01 08:18:02.478 0 0 I binder : send failed reply for transaction 925107 to 1508:10967
01-01 08:18:02.478 0 0 I binder : release 12297:12372 transaction 928812 in, still active
01-01 08:18:02.478 0 0 I binder : send failed reply for transaction 928812 to 14647:14745
01-01 08:18:02.478 0 0 I binder : release 12297:12512 transaction 925091 in, still active
01-01 08:18:02.478 0 0 I binder : send failed reply for transaction 925091 to 1508:1839
01-01 08:18:02.478 0 0 I binder : release 12297:12513 transaction 928618 in, still active
01-01 08:18:02.478 0 0 I binder : send failed reply for transaction 928618 to 14647:14726
01-01 08:18:02.478 0 0 I binder : undelivered transaction 928913, process died.
01-01 08:18:02.480 0 0 I libprocessgroup: Successfully killed process cgroup uid 1041 pid 12297 in 2ms
01-01 08:18:02.480 0 0 I init : Sending signal 9 to service 'vendor.audio-hal' (pid 12168) process group...
05-11 11:44:54.434 1508 2566 E AppOps : Operation not started: uid=10096 pkg=com.tencent.mm(null) op=RECORD_AUDIO
01-01 08:18:02.485 0 0 I libprocessgroup: Successfully killed process cgroup uid 1041 pid 12168 in 5ms
01-01 08:18:02.681 0 0 E msm_pcm_playback_close: CMD_EOS failed, cmd_pending 0x8
01-01 08:18:02.689 0 0 I init : Command 'restart vendor.audio-hal' action=onrestart (:1) took 209ms and succeeded
01-01 08:18:02.694 0 0 E q6asm_callback: cmd = 0x10bce returned error = 0xa
01-01 08:18:02.694 0 0 E __q6asm_cmd: DSP returned error[ADSP_ENOTREADY] opcode 68558
01-01 08:18:02.694 0 0 I afe_close: port_id = 0x400e
01-01 08:18:02.698 0 0 I btfm_slim_disable_ch: port:16, grp: 0, ch->grph:0x0, ch->ch_hdl:0x1d
01-01 08:18:02.704 0 0 I afe_close: port_id = 0x9000
01-01 08:18:03.231 0 0 E : msm_qti_pp_get_rms_value_control, back not active to query rms be_idx:3
01-01 08:18:03.239 0 0 I core_get_license_status: cmdrsp_license_result.result = 0x15 for module 0x131ff
01-01 08:18:03.239 0 0 E msm_ext_disp_update_audio_ops: Display not found (EXT_DISPLAY_TYPE_DP) ctld (0) stream (0)
01-01 08:18:03.239 0 0 E msm_ext_disp_update_audio_ops: Display not found (EXT_DISPLAY_TYPE_HDMI) ctld (0) stream (0)
01-01 08:18:03.239 0 0 E msm_ext_disp_update_audio_ops: Display not found (EXT_DISPLAY_TYPE_DP) ctld (0) stream (0)
01-01 08:18:03.239 0 0 E msm_ext_disp_update_audio_ops: Display not found (EXT_DISPLAY_TYPE_DP) ctld (0) stream (0)
01-01 08:18:03.239 0 0 E msm_ext_disp_update_audio_ops: Display not found (EXT_DISPLAY_TYPE_DP) ctld (0) stream (0)
01-01 08:18:03.239 0 0 E msm-ext-disp-audio-codec-rx soc: qcom,msm-ext-disp:qcom,msm-ext-disp-audio-codec-rx: msm_ext_disp_audio_type_get: get_audio_edid_blk() or get_intf_id is NULL
01-01 08:18:03.239 0 0 E msm_ext_disp_update_audio_ops: Display not found (EXT_DISPLAY_TYPE_DP) ctld (0) stream (0)
01-01 08:18:03.239 0 0 E msm-ext-disp-audio-codec-rx soc: qcom,msm-ext-disp:qcom,msm-ext-disp-audio-codec-rx: msm_ext_disp_audio_type_get: get_audio_edid_blk() or get_intf_id is NULL
01-01 08:18:03.240 0 0 E msm_ext_disp_update_audio_ops: Display not found (EXT_DISPLAY_TYPE_DP) ctld (0) stream (0)
01-01 08:18:03.240 0 0 E msm-ext-disp-audio-codec-rx soc: qcom,msm-ext-disp:qcom,msm-ext-disp-audio-codec-rx: msm_ext_disp_audio_type_get: get_audio_edid_blk() or get_intf_id is NULL
01-01 08:18:03.240 0 0 E msm-ext-disp-audio-codec-rx soc: qcom,msm-ext-disp:qcom,msm-ext-disp-audio-codec-rx: msm_ext_disp_audio_device_get: invalid dai id: 4
01-01 08:18:03.252 0 0 E msm_pcm_chmap_ctl_get: substream ref_count:0 invalid
01-01 08:18:03.268 0 0 E : msm_pcm_volume_ctl_get substream not found
01-01 08:18:03.273 0 0 E msm_pcm_chmap_ctl_get: substream ref_count:0 invalid
01-01 08:18:03.284 0 0 E msm_pcm_chmap_ctl_get: substream ref_count:0 invalid
05-11 11:44:55.440 1508 1799 I WindowManager: ANR in com.tencent.mm/com.tencent.mm.plugin.voip.ui.VideoActivity. Reason:482a414 com.tencent.mm/com.tencent.mm.plugin.voip.ui.VideoActivity (server) is not responding. Waited 5000ms for MotionEvent(deviceId=4, eventTime=1075781357000, source=0x00005002, displayId=0, action=DOWN, actionButton=0x00000000, flags=0x00000000, metaState=0x00000000, buttonState=0x00000000, classification=NONE, edgeFlags=0x00000000, xPrecision=1.0, yPrecision=1.0, xCursorPosition=nan, yCursorPosition=nan, pointers=[0: (306.0, 900.0)]), policyFlags=0x62000000
05-11 11:44:55.459 1508 1799 D CompatibilityChangeReporter: Compat change id reported: 174042980; UID 10096; state: DISABLED
05-11 11:44:55.459 1508 1799 D CompatibilityChangeReporter: Compat change id reported: 184838306; UID 10096; state: DISABLED
05-11 11:44:55.459 1508 1799 D CompatibilityChangeReporter: Compat change id reported: 185004937; UID 10096; state: DISABLED
05-11 11:44:55.460 1508 1799 D CompatibilityChangeReporter: Compat change id reported: 174042980; UID 10109; state: DISABLED
05-11 11:44:55.460 1508 1799 D CompatibilityChangeReporter: Compat change id reported: 184838306; UID 10109; state: DISABLED
05-11 11:44:55.461 1508 1799 D CompatibilityChangeReporter: Compat change id reported: 185004937; UID 10109; state: DISABLED
05-11 11:44:55.501 1508 16108 I ActivityManager: dumpStackTraces pids={1894=true, 2472=true, 2491=true, 2644=true, 3171=true, 3174=true, 3191=true, 3267=true, 3294=true, 3407=true, 3484=true, 3555=true, 3598=true, 4085=true, 4308=true, 4362=true, 4602=true, 4689=true, 4923=true, 4996=true, 5077=true, 5380=true, 6161=true, 6386=true, 6425=true, 6551=true, 11018=true, 12918=true, 13014=true, 13357=true, 13708=true, 14512=true, 14513=true, 14647=true, 14682=true, 14767=true, 15205=true, 15336=true, 15347=true} nativepids=[16096, 832, 1377, 834, 1315, 1187, 836, 1894, 584, 841, 585, 939, 684, 685, 1199, 560, 1200, 1201, 851, 1236, 822, 1174, 889, 830]
05-11 11:44:55.871 1508 16108 I ActivityManager: Skipping next CPU consuming process, not a java proc: 1508
05-11 11:44:55.871 1508 16108 I ActivityManager: Skipping next CPU consuming process, not a java proc: 851
05-11 11:44:55.871 1508 16108 I ActivityManager: Skipping next CPU consuming process, not a java proc: 939
05-11 11:44:55.871 1508 16108 I ActivityManager: Skipping next CPU consuming process, not a java proc: 12833
05-11 11:44:55.871 1508 16108 I ActivityManager: Skipping next CPU consuming process, not a java proc: 10
05-11 11:44:55.871 1508 16108 I ActivityManager: Skipping next CPU consuming process, not a java proc: 273
05-11 11:44:55.871 1508 16108 I ActivityManager: Skipping next CPU consuming process, not a java proc: 279
05-11 11:44:55.871 1508 16108 I ActivityManager: Skipping next CPU consuming process, not a java proc: 395
05-11 11:44:55.873 1508 16108 I ActivityManager: Dumping to /data/anr/anr_2023-05-11-11-44-55-872
05-11 11:44:55.873 1508 16108 I ActivityManager: Collecting stacks for pid 12407
05-11 11:44:55.935 1508 10797 W ActivityManager: Missing app error report, app = com.tencent.mm crashing = false notResponding = true
05-11 11:44:56.272 1508 16108 I ActivityManager: Collecting stacks for pid 1508
05-11 11:44:56.384 1508 16108 I ActivityManager: Collecting stacks for pid 3138
05-11 11:44:56.402 1508 16108 I ActivityManager: Collecting stacks for pid 3109
05-11 11:44:56.421 1508 16108 I ActivityManager: Collecting stacks for pid 3074
05-11 11:44:56.439 1508 16108 I ActivityManager: Collecting stacks for pid 3072
05-11 11:44:56.455 1508 16108 I ActivityManager: Collecting stacks for pid 3045
01-01 08:18:04.521 0 0 E link_delay_work_func: DTC_ETH: SQI=0, link=0
05-11 11:44:56.478 1508 16108 I ActivityManager: Collecting stacks for pid 3008
05-11 11:44:56.494 1508 16108 I ActivityManager: Collecting stacks for pid 3003
05-11 11:44:56.716 1508 16108 I ActivityManager: Collecting stacks for pid 2777
05-11 11:44:56.734 1508 16108 I ActivityManager: Collecting stacks for pid 2430
05-11 11:44:56.757 1508 16108 I ActivityManager: Collecting stacks for pid 4062
05-11 11:44:56.774 1508 16108 I ActivityManager: Collecting stacks for pid 2374
05-11 11:44:56.795 1508 16108 I ActivityManager: Collecting stacks for pid 2385
05-11 11:44:56.812 1508 16108 I ActivityManager: Collecting stacks for pid 2339
05-11 11:44:56.828 1508 16108 I ActivityManager: Collecting stacks for pid 2305
05-11 11:44:56.844 1508 16108 I ActivityManager: Collecting stacks for pid 2285
05-11 11:44:56.863 1508 16108 I ActivityManager: Collecting stacks for pid 2255
05-11 11:44:56.880 1508 16108 I ActivityManager: Collecting stacks for pid 2239
05-11 11:44:56.896 1508 16108 I ActivityManager: Collecting stacks for pid 2246
05-11 11:44:56.913 1508 16108 I ActivityManager: Collecting stacks for pid 2180
05-11 11:44:56.933 1508 16108 I ActivityManager: Collecting stacks for pid 2141
05-11 11:44:56.936 1508 10401 W ActivityManager: Missing app error report, app = com.tencent.mm crashing = false notResponding = true
05-11 11:44:56.951 1508 16108 I ActivityManager: Collecting stacks for pid 2144
05-11 11:44:56.970 1508 16108 I ActivityManager: Collecting stacks for pid 2151
05-11 11:44:56.995 1508 16108 I ActivityManager: Collecting stacks for pid 2135
05-11 11:44:57.011 1508 16108 I ActivityManager: Collecting stacks for pid 2031
05-11 11:44:57.051 1508 16108 I ActivityManager: Collecting stacks for pid 12833
05-11 11:44:57.158 1508 16108 I ActivityManager: Collecting stacks for native pid 16096
05-11 11:44:57.187 1508 16108 I ActivityManager: Collecting stacks for native pid 832
05-11 11:44:57.198 1508 16108 I ActivityManager: Collecting stacks for native pid 1377
05-11 11:44:57.214 1508 16108 I ActivityManager: Collecting stacks for native pid 834
05-11 11:44:57.226 1508 16108 I ActivityManager: Collecting stacks for native pid 1315
05-11 11:44:57.279 1508 16108 I ActivityManager: Collecting stacks for native pid 1187
05-11 11:44:57.301 1508 16108 I ActivityManager: Collecting stacks for native pid 836
05-11 11:44:57.323 1508 16108 I ActivityManager: Collecting stacks for native pid 1894
05-11 11:44:57.624 1508 16108 I ActivityManager: Collecting stacks for native pid 584
05-11 11:44:57.638 1508 16108 I ActivityManager: Collecting stacks for native pid 841
05-11 11:44:57.674 1508 16108 I ActivityManager: Collecting stacks for native pid 585
05-11 11:44:57.693 1508 16108 I ActivityManager: Collecting stacks for native pid 939
05-11 11:44:57.775 1508 16108 I ActivityManager: Collecting stacks for native pid 684
05-11 11:44:57.812 1508 16108 I ActivityManager: Collecting stacks for native pid 685
05-11 11:44:57.841 1508 16108 I ActivityManager: Collecting stacks for native pid 1199
05-11 11:44:57.876 1508 16108 I ActivityManager: Collecting stacks for native pid 560
05-11 11:44:57.895 1508 16108 I ActivityManager: Collecting stacks for native pid 1200
05-11 11:44:57.916 1508 16108 I ActivityManager: Collecting stacks for native pid 1201
05-11 11:44:57.937 1508 10401 W ActivityManager: Missing app error report, app = com.tencent.mm crashing = false notResponding = true
05-11 11:44:57.958 1508 16108 I ActivityManager: Collecting stacks for native pid 851
05-11 11:44:58.048 1508 16108 I ActivityManager: Collecting stacks for native pid 1236
05-11 11:44:58.229 1508 16108 I ActivityManager: Collecting stacks for native pid 822
05-11 11:44:58.248 1508 16108 I ActivityManager: Collecting stacks for native pid 1174
05-11 11:44:58.270 1508 16108 I ActivityManager: Collecting stacks for native pid 889
05-11 11:44:58.361 1508 16108 I ActivityManager: Collecting stacks for native pid 830
05-11 11:44:58.393 1508 16108 I ActivityManager: Collecting stacks for extra pid 4996
05-11 11:44:58.572 1508 16108 I ActivityManager: Collecting stacks for extra pid 3267
05-11 11:44:58.657 1508 16108 I ActivityManager: Collecting stacks for extra pid 5077
05-11 11:44:58.938 1508 10401 W ActivityManager: Missing app error report, app = com.tencent.mm crashing = false notResponding = true
05-11 11:44:59.130 1508 16108 I ActivityManager: Collecting stacks for extra pid 6161
01-01 08:18:07.227 0 0 E init : Control message: Could not find 'vendor.qti.hardware.bluetooth_audio@2.0::IBluetoothAudioProvidersFactory/default' for ctl.interface_start from pid: 519 (/system/bin/hwservicemanager)
05-11 11:44:59.283 1508 16108 I ActivityManager: Collecting stacks for extra pid 6551
01-01 08:18:07.693 0 0 I init : starting service 'audioserver'...
01-01 08:18:07.695 0 0 I init : processing action (init.svc.audioserver=running) from (/system/etc/init/audioserver.rc:38)
01-01 08:18:07.695 0 0 I init : Command 'start vendor.audio-hal-4-0-msd' action=init.svc.audioserver=running (/system/etc/init/audioserver.rc:40) took 0ms and failed: service vendor.audio-hal-4-0-msd not found
01-01 08:18:07.696 0 0 I init : Command 'start audio_proxy_service' action=init.svc.audioserver=running (/system/etc/init/audioserver.rc:41) took 0ms and failed: service audio_proxy_service not found
01-01 08:18:07.696 0 0 I init : Command 'start vendor.audio-hal-2-0' action=init.svc.audioserver=running (/system/etc/init/audioserver.rc:43) took 0ms and failed: service vendor.audio-hal-2-0 not found
01-01 08:18:07.696 0 0 I init : Command 'start audio-hal-2-0' action=init.svc.audioserver=running (/system/etc/init/audioserver.rc:44) took 0ms and failed: service audio-hal-2-0 not found
01-01 08:18:07.789 0 0 I binder : 16227:16227 ioctl 40046210 7fc3e6e6b4 returned -22
01-01 08:18:07.790 0 0 I binder : 16227:16227 ioctl 40046210 7fc3e6e6d4 returned -22
05-11 11:44:59.938 1508 12402 W ActivityManager: Missing app error report, app = com.tencent.mm crashing = false notResponding = true
01-01 08:18:08.228 0 0 E init : Control message: Could not find 'vendor.qti.hardware.bluetooth_audio@2.0::IBluetoothAudioProvidersFactory/default' for ctl.interface_start from pid: 519 (/system/bin/hwservicemanager)
01-01 08:18:08.288 0 0 E : msm_qti_pp_get_rms_value_control, back not active to query rms be_idx:3
01-01 08:18:08.296 0 0 I core_get_license_status: cmdrsp_license_result.result = 0x15 for module 0x131ff
01-01 08:18:08.296 0 0 E msm_ext_disp_update_audio_ops: Display not found (EXT_DISPLAY_TYPE_DP) ctld (0) stream (0)
01-01 08:18:08.296 0 0 E msm_ext_disp_update_audio_ops: Display not found (EXT_DISPLAY_TYPE_HDMI) ctld (0) stream (0)
01-01 08:18:08.296 0 0 E msm_ext_disp_update_audio_ops: Display not found (EXT_DISPLAY_TYPE_DP) ctld (0) stream (0)
01-01 08:18:08.296 0 0 E msm_ext_disp_update_audio_ops: Display not found (EXT_DISPLAY_TYPE_DP) ctld (0) stream (0)
01-01 08:18:08.296 0 0 E msm_ext_disp_update_audio_ops: Display not found (EXT_DISPLAY_TYPE_DP) ctld (0) stream (0)
01-01 08:18:08.296 0 0 E msm-ext-disp-audio-codec-rx soc: qcom,msm-ext-disp:qcom,msm-ext-disp-audio-codec-rx: msm_ext_disp_audio_type_get: get_audio_edid_blk() or get_intf_id is NULL
01-01 08:18:08.296 0 0 E msm_ext_disp_update_audio_ops: Display not found (EXT_DISPLAY_TYPE_DP) ctld (0) stream (0)
01-01 08:18:08.296 0 0 E msm-ext-disp-audio-codec-rx soc: qcom,msm-ext-disp:qcom,msm-ext-disp-audio-codec-rx: msm_ext_disp_audio_type_get: get_audio_edid_blk() or get_intf_id is NULL
01-01 08:18:08.297 0 0 E msm_ext_disp_update_audio_ops: Display not found (EXT_DISPLAY_TYPE_DP) ctld (0) stream (0)
01-01 08:18:08.297 0 0 E msm-ext-disp-audio-codec-rx soc: qcom,msm-ext-disp:qcom,msm-ext-disp-audio-codec-rx: msm_ext_disp_audio_type_get: get_audio_edid_blk() or get_intf_id is NULL
01-01 08:18:08.297 0 0 E msm-ext-disp-audio-codec-rx soc: qcom,msm-ext-disp:qcom,msm-ext-disp-audio-codec-rx: msm_ext_disp_audio_device_get: invalid dai id: 4
01-01 08:18:08.309 0 0 E msm_pcm_chmap_ctl_get: substream ref_count:0 invalid
01-01 08:18:08.325 0 0 E : msm_pcm_volume_ctl_get substream not found
01-01 08:18:08.330 0 0 E msm_pcm_chmap_ctl_get: substream ref_count:0 invalid
01-01 08:18:08.341 0 0 E msm_pcm_chmap_ctl_get: substream ref_count:0 invalid
01-01 08:18:08.603 0 0 E HL6111R : is_dc_online: DC psy unavailable
05-11 11:45:00.822 1508 1508 I Telecom : WiredHeadsetManager: ACTION_HEADSET_PLUG event, plugged in: false, : WHC.oADR@AE0
05-11 11:45:00.937 1508 9678 D CompatibilityChangeReporter: Compat change id reported: 168419799; UID 10096; state: DISABLED
05-11 11:45:00.940 1508 12158 W ActivityManager: Missing app error report, app = com.tencent.mm crashing = false notResponding = true
05-11 11:45:00.972 1508 9678 I ActivityTaskManager: FOREGROUND_APPLICATION_CHANGED to com.qqgame.mic.YXSMainActivity
05-11 11:45:01.026 1508 9678 D CompatibilityChangeReporter: Compat change id reported: 171306433; UID 10096; state: DISABLED
05-11 11:45:01.106 1508 1508 I Telecom : WiredHeadsetManager: ACTION_HEADSET_PLUG event, plugged in: false, : WHC.oADA@AE4
01-01 08:18:09.466 0 0 I afe_find_cal_topo_id_by_port: port id: 0x9000, dev_acdb_id: 15
01-01 08:18:09.466 0 0 I afe_find_cal_topo_id_by_port: top_id:112fc acdb_id:15 afe_port_id:0x9000
01-01 08:18:09.466 0 0 I afe_get_cal_topology_id: port_id = 0x9000 acdb_id = 15 topology_id = 0x112fc cal_type_index=8 ret=0
01-01 08:18:09.466 0 0 I afe_send_port_topology_id: AFE set topology id 0x112fc enable for port 0x9000 ret 0
01-01 08:18:09.466 0 0 I send_afe_cal_type: cal_index is 0
01-01 08:18:09.466 0 0 I send_afe_cal_type: dev_acdb_id[55] is 15
01-01 08:18:09.466 0 0 I afe_find_cal: cal_index 0 port_id 0x9000 port_index 55
01-01 08:18:09.466 0 0 I afe_find_cal: acdb_id 15 dev_acdb_id 15 sample_rate 48000 afe_sample_rates 48000
01-01 08:18:09.466 0 0 I afe_find_cal: cal block is a match, size is 0
01-01 08:18:09.466 0 0 I send_afe_cal_type: Sending cal_index cal 0
01-01 08:18:09.466 0 0 E send_afe_cal_type: No cal sent for cal_index 0, port_id = 0x9000! ret -22
01-01 08:18:09.466 0 0 I afe_send_hw_delay: port_id 0x9000 rate 48000 delay_usec 474 status 0
01-01 08:18:09.641 0 0 E link_delay_work_func: DTC_ETH: SQI=0, link=0
05-11 11:45:01.941 1508 12402 W ActivityManager: Missing app error report, app = com.tencent.mm crashing = false notResponding = true
05-11 11:45:02.439 1508 1788 D ActivityManager: freezing 12918 android.process.acore
05-11 11:45:02.439 1508 1788 E ActivityManager: Unable to freeze binder for 12918 android.process.acore
01-01 08:18:10.484 0 0 I binder : 1508:1788 ioctl 400c620e 7aa69385d8 returned -22
01-01 08:18:10.486 0 0 I binder : 1508:1788 ioctl c00c620f 7aa69385b8 returned -22
05-11 11:45:02.440 1508 1788 D ActivityManager: froze 12918 android.process.acore
05-11 11:45:02.441 1508 1788 E ActivityManager: Unable to freeze binder for 12918 android.process.acore
05-11 11:45:02.444 1508 1788 I ActivityManager: Killing 12918:android.process.acore/u0a19 (adj 965): Unable to freeze binder interface
05-11 11:45:02.472 1508 10401 D CountryDetector: No listener is left
05-11 11:45:02.974 1508 12158 W ActivityManager: Missing app error report, app = com.tencent.mm crashing = false notResponding = true
05-11 11:45:04.014 1508 9678 W ActivityManager: Missing app error report, app = com.tencent.mm crashing = false notResponding = true
05-11 11:45:05.051 1508 12158 W ActivityManager: Missing app error report, app = com.tencent.mm crashing = false notResponding = true
05-11 11:45:06.011 1508 12831 W ActivityManager: Background start not allowed: service Intent { cmp=com.tencent.android.qqdownloader/com.tencent.assistant.main.MainService } to com.tencent.android.qqdownloader/com.tencent.assistant.main.MainService from pid=3484 uid=10094 pkg=com.tencent.android.qqdownloader startFg?=false
05-11 11:45:06.013 1508 12831 W ActivityManager: Background start not allowed: service Intent { cmp=com.tencent.android.qqdownloader/com.tencent.assistant.main.MainService } to com.tencent.android.qqdownloader/com.tencent.assistant.main.MainService from pid=3484 uid=10094 pkg=com.tencent.android.qqdownloader startFg?=false
05-11 11:45:06.093 1508 12831 W ActivityManager: Missing app error report, app = com.tencent.mm crashing = false notResponding = true
01-01 08:18:14.762 0 0 E link_delay_work_func: DTC_ETH: SQI=0, link=0
05-11 11:45:07.134 1508 12158 W ActivityManager: Missing app error report, app = com.tencent.mm crashing = false notResponding = true
05-11 11:45:08.156 1508 12831 W ActivityManager: Missing app error report, app = com.tencent.mm crashing = false notResponding = true
05-11 11:45:09.197 1508 12158 W ActivityManager: Missing app error report, app = com.tencent.mm crashing = false notResponding = true
05-11 11:45:09.296 1508 16108 W ActivityManager: Dumping Java threads failed, initiating native stack dump.
05-11 11:45:09.945 1508 16108 I ActivityManager: Done dumping
05-11 11:45:09.965 1508 16108 E ActivityManager: ANR in com.tencent.mm (com.tencent.mm/.plugin.voip.ui.VideoActivity)
05-11 11:45:09.965 1508 16108 E ActivityManager: PID: 12407
05-11 11:45:09.965 1508 16108 E ActivityManager: Reason: Input dispatching timed out (482a414 com.tencent.mm/com.tencent.mm.plugin.voip.ui.VideoActivity (server) is not responding. Waited 5000ms for MotionEvent(deviceId=4, eventTime=1075781357000, source=0x00005002, displayId=0, action=DOWN, actionButton=0x00000000, flags=0x00000000, metaState=0x00000000, buttonState=0x00000000, classification=NONE, edgeFlags=0x00000000, xPrecision=1.0, yPrecision=1.0, xCursorPosition=nan, yCursorPosition=nan, pointers=[0: (306.0, 900.0)]), policyFlags=0x62000000)
05-11 11:45:09.965 1508 16108 E ActivityManager: Parent: com.tencent.mm/.plugin.voip.ui.VideoActivity
05-11 11:45:09.965 1508 16108 E ActivityManager: ErrorId: 71815b57-4d25-415e-9926-38ee1269d023
05-11 11:45:09.965 1508 16108 E ActivityManager: Frozen: false
05-11 11:45:09.965 1508 16108 E ActivityManager: Load: 2.12 / 1.6 / 1.49
05-11 11:45:09.965 1508 16108 E ActivityManager: ----- Output from /proc/pressure/memory -----
05-11 11:45:09.965 1508 16108 E ActivityManager: some avg10=0.05 avg60=0.21 avg300=0.07 total=1229458
05-11 11:45:09.965 1508 16108 E ActivityManager: full avg10=0.01 avg60=0.05 avg300=0.01 total=455745
05-11 11:45:09.965 1508 16108 E ActivityManager: ----- End output from /proc/pressure/memory -----
05-11 11:45:09.965 1508 16108 E ActivityManager:
05-11 11:45:09.965 1508 16108 E ActivityManager: CPU usage from 0ms to 14482ms later (2023-05-11 11:44:55.463 to 2023-05-11 11:45:09.945):
05-11 11:45:09.965 1508 16108 E ActivityManager: 24% 12407/com.tencent.mm: 20% user + 4% kernel / faults: 52851 minor 4 major
05-11 11:45:09.965 1508 16108 E ActivityManager: 16% 939/surfaceflinger: 12% user + 4.7% kernel / faults: 1715 minor
05-11 11:45:09.965 1508 16108 E ActivityManager: 16% 14647/com.qqgame.mic: 12% user + 3.7% kernel / faults: 2553 minor
05-11 11:45:09.965 1508 16108 E ActivityManager: 14% 851/vendor.qti.hardware.display.composer-service: 9.8% user + 4.5% kernel / faults: 646 minor
05-11 11:45:09.965 1508 16108 E ActivityManager: 11% 1508/system_server: 6.3% user + 5.3% kernel / faults: 5281 minor
05-11 11:45:09.965 1508 16108 E ActivityManager: 7.3% 12833/com.android.systemui: 5.9% user + 1.4% kernel / faults: 4298 minor
05-11 11:45:09.965 1508 16108 E ActivityManager: 4.6% 5077/com.wandoujia.phoenix2: 3.1% user + 1.5% kernel / faults: 1296 minor 4 major
05-11 11:45:09.965 1508 16108 E ActivityManager: 3.6% 16096/android.hardware.audio.service: 0.4% user + 3.1% kernel / faults: 2858 minor
05-11 11:45:09.965 1508 16108 E ActivityManager: 3.5% 3003/com.hht.lebocast: 2.5% user + 1% kernel / faults: 3155 minor 6 major
05-11 11:45:09.965 1508 16108 E ActivityManager: 3.5% 516/logd: 0.8% user + 2.6% kernel / faults: 17 minor
05-11 11:45:09.965 1508 16108 E ActivityManager: 3.5% 15336/com.tencent.mm:appbrand0: 2.9% user + 0.5% kernel / faults: 6738 minor
05-11 11:45:09.965 1508 16108 E ActivityManager: 3.4% 4689/com.tencent.mm:push: 2.7% user + 0.6% kernel / faults: 5275 minor
05-11 11:45:09.965 1508 16108 E ActivityManager: 2.8% 15347/com.tencent.mm:appbrand1: 2.2% user + 0.5% kernel / faults: 4754 minor 1 major
05-11 11:45:09.965 1508 16108 E ActivityManager: 2.6% 4996/com.wandoujia.phoenix2:aid: 1.8% user + 0.7% kernel / faults: 742 minor 1 major
05-11 11:45:09.965 1508 16108 E ActivityManager: 1.8% 3484/com.tencent.android.qqdownloader:daemon: 0.8% user + 1% kernel / faults: 368 minor
05-11 11:45:09.965 1508 16108 E ActivityManager: 1.7% 13014/com.ss.android.lark: 1.5% user + 0.2% kernel / faults: 2143 minor
05-11 11:45:09.965 1508 16108 E ActivityManager: 1.5% 277/kworker/u16:5+WCNSS_CNTL: 0% user + 1.5% kernel
05-11 11:45:09.965 1508 16108 E ActivityManager: 1.3% 395/crtc_commit:125: 0% user + 1.3% kernel
05-11 11:45:09.965 1508 16108 E ActivityManager: 1.2% 1236/media.codec: 1.1% user + 0.1% kernel / faults: 8115 minor
05-11 11:45:09.965 1508 16108 E ActivityManager: 1.2% 6161/com.tencent.ilink.ServiceProcess: 0.6% user + 0.6% kernel / faults: 1326 minor 1 major
05-11 11:45:09.965 1508 16108 E ActivityManager: 1% 273/kworker/u16:3+CDSP_CNTL: 0% user + 1% kernel
05-11 11:45:09.965 1508 16108 E ActivityManager: 0.8% 342/kworker/u16:12-kverityd: 0% user + 0.8% kernel
05-11 11:45:09.965 1508 16108 E ActivityManager: 0.8% 1184/cnss_diag: 0.6% user + 0.2% kernel
05-11 11:45:09.965 1508 16108 E ActivityManager: 0.8% 279/kworker/u16:6-ufs_pm_qos_0: 0% user + 0.8% kernel
05-11 11:45:09.965 1508 16108 E ActivityManager: 0.6% 287/kgsl_worker_thr: 0% user + 0.6% kernel
05-11 11:45:09.965 1508 16108 E ActivityManager: 0.6% 584/android.system.suspend@1.0-service: 0.2% user + 0.4% kernel / faults: 46 minor
05-11 11:45:09.965 1508 16108 E ActivityManager: 0.6% 3267/com.tencent.android.qqdownloader:live: 0.4% user + 0.2% kernel / faults: 412 minor 1 major
05-11 11:45:09.965 1508 16108 E ActivityManager: 0% 889/media.hwcodec: 0% user + 0% kernel / faults: 3533 minor
05-11 11:45:09.965 1508 16108 E ActivityManager: 0.6% 1211/tlog: 0.4% user + 0.1% kernel / faults: 12 minor
05-11 11:45:09.965 1508 16108 E ActivityManager: 0.6% 4470/logcat: 0.2% user + 0.4% kernel
05-11 11:45:09.965 1508 16108 E ActivityManager: 0.6% 6551/com.tencent.android.qqdownloader:wxa_container0: 0.2% user + 0.4% kernel / faults: 349 minor
05-11 11:45:09.965 1508 16108 E ActivityManager: 0.5% 96/kswapd-1:0: 0% user + 0.5% kernel
05-11 11:45:09.965 1508 16108 E ActivityManager: 0.4% 7/kworker/u16:0-kverityd: 0% user + 0.4% kernel
05-11 11:45:09.965 1508 16108 E ActivityManager: 0.4% 1894/com.android.bluetooth: 0.2% user + 0.1% kernel / faults: 1364 minor
05-11 11:45:09.965 1508 16108 E ActivityManager: 0.4% 2644/com.android.launcher3: 0.2% user + 0.1% kernel / faults: 46 minor
05-11 11:45:09.965 1508 16108 E ActivityManager: 0.4% 3555/com.tencent.android.qqdownloader: 0.2% user + 0.1% kernel / faults: 61 minor
05-11 11:45:09.965 1508 16108 E ActivityManager: 0.3% 347/irq/350-atmel_m: 0% user + 0.3% kernel
05-11 11:45:09.965 1508 16108 E ActivityManager: 0% 643/tombstoned: 0% user + 0% kernel / faults: 1 major
05-11 11:45:09.965 1508 16108 E ActivityManager: 0.3% 1315/media.swcodec: 0.2% user + 0.1% kernel / faults: 3667 minor
05-11 11:45:09.965 1508 16108 E ActivityManager: 0.3% 2854/irq/16-90b6400.: 0% user + 0.3% kernel
05-11 11:45:09.965 1508 16108 E ActivityManager: 0.3% 2856/irq/17-9091000.: 0% user + 0.3% kernel
05-11 11:45:09.965 1508 16108 E ActivityManager: 0.2% 1/init: 0.2% user + 0% kernel / faults: 90 minor
