05-11 11:46:24.772 1508 17466 E ActivityManager: 22% 851/vendor.qti.hardware.display.composer-service: 16% user + 6.4% kernel / faults: 1 minor
05-11 11:46:24.772 1508 17466 E ActivityManager: 25% 851/composer-servic: 19% user + 6.4% kernel
05-11 11:46:24.772 1508 17466 E ActivityManager: 26% 3484/com.tencent.android.qqdownloader:daemon: 18% user + 7.4% kernel / faults: 128 minor
05-11 11:46:24.772 1508 17466 E ActivityManager: 14% 3495/HeapTaskDaemon: 14% user + 0% kernel
05-11 11:46:24.772 1508 17466 E ActivityManager: 3.7% 3853/beacon-thread-2: 3.7% user + 0% kernel
05-11 11:46:24.772 1508 17466 E ActivityManager: 3.7% 4789/FloatingWindow-: 0% user + 3.7% kernel
05-11 11:46:24.772 1508 17466 E ActivityManager: 16% 96/kswapd-1:0: 0% user + 16% kernel
05-11 11:46:24.772 1508 17466 E ActivityManager: 16% 939/surfaceflinger: 12% user + 3.2% kernel / faults: 13 minor
05-11 11:46:24.772 1508 17466 E ActivityManager: 12% 939/surfaceflinger: 12% user + 0% kernel
05-11 11:46:24.772 1508 17466 E ActivityManager: 11% 358/kworker/u16:15-kgsl-workqueue: 0% user + 11% kernel
05-11 11:46:24.772 1508 17466 E ActivityManager: 2.7% 72/rcuop/7: 0% user + 2.7% kernel
05-11 11:46:24.772 1508 17466 E ActivityManager: 2.9% 395/crtc_commit:125: 0% user + 2.9% kernel
05-11 11:46:24.772 1508 17466 E ActivityManager: 3.1% 685/netd: 3.1% user + 0% kernel / faults: 42 minor
05-11 11:46:24.772 1508 17466 E ActivityManager: 3.9% 4996/com.wandoujia.phoenix2:aid: 3.9% user + 0% kernel / faults: 17 minor
05-11 11:46:24.772 1508 17466 E ActivityManager: 3.9% 5077/com.wandoujia.phoenix2: 3.9% user + 0% kernel / faults: 17 minor
05-11 11:46:24.772 1508 17466 E ActivityManager: 4.1% 13014/com.ss.android.lark: 4.1% user + 0% kernel
05-11 11:46:24.772 1508 17466 E ActivityManager: 4.4% 16993/android.hardware.audio.service: 0% user + 4.4% kernel
05-11 11:46:24.772 1508 17466 E ActivityManager: 4.4% 17189/com.tencent.mm: 4.4% user + 0% kernel / faults: 5 minor
05-11 11:46:24.772 1508 17466 E ActivityManager: 26% TOTAL: 13% user + 11% kernel + 0.6% irq + 0.3% softirq
05-11 11:46:24.773 1508 17466 D ActivityManager: Completed ANR of com.android.systemui in 20992ms, latency 13750ms
05-11 11:46:24.774 1508 17466 I ActivityManager: Skipping duplicate ANR: com.android.server.am.ProcessErrorStateRecord@21d30c1 Input dispatching timed out (72a4037 NotificationShade (server) is not responding. Waited 5000ms for FocusEvent(hasFocus=true))
05-11 11:46:24.774 1508 17466 D ActivityManager: Completed ANR of com.android.systemui in 1ms, latency 34712ms
05-11 11:46:24.774 1508 17466 I ActivityManager: Skipping duplicate ANR: com.android.server.am.ProcessErrorStateRecord@21d30c1 Input dispatching timed out (edge-swipe (server) is not responding. Waited 5009ms for MotionEvent(deviceId=4, eventTime=1130398596000, source=0x00005002, displayId=0, action=MOVE, actionButton=0x00000000, flags=0x00000000, metaState=0x00000000, buttonState=0x00000000, classification=NONE, edgeFlags=0x00000000, xPrecision=1.0, yPrecision=1.0, xCursorPosition=nan, yCursorPosition=nan, pointers=[0: (2075.0, 221.0)]), policyFlags=0x62000000)
05-11 11:46:24.774 1508 17466 D ActivityManager: Completed ANR of com.android.systemui in 0ms, latency 34701ms
05-11 11:46:24.774 1508 17466 I ActivityManager: Skipping duplicate ANR: com.android.server.am.ProcessErrorStateRecord@21d30c1 Input dispatching timed out (e356e5f NavigationBar0 (server) is not responding. Waited 5000ms for MotionEvent(deviceId=4, eventTime=1131034003000, source=0x00005002, displayId=0, action=DOWN, actionButton=0x00000000, flags=0x00000000, metaState=0x00000000, buttonState=0x00000000, classification=NONE, edgeFlags=0x00000000, xPrecision=1.0, yPrecision=1.0, xCursorPosition=nan, yCursorPosition=nan, pointers=[0: (2472.0, 13.0)]), policyFlags=0x62000000)
05-11 11:46:24.774 1508 17466 D ActivityManager: Completed ANR of com.android.systemui in 0ms, latency 34066ms
05-11 11:46:24.775 1508 18008 I DropBoxManagerService: add tag=system_app_anr isTagEnabled=true flags=0x6
01-01 08:19:32.829 0 0 I init : Untracked pid 18002 exited with status 0
05-11 11:46:24.784 1508 1664 I ActivityManager: Process PhantomProcessRecord {ac7e707 18002:13014:crash_dump64/u0a113} died
05-11 11:46:24.795 1508 1645 I input_focus: [Focus request be54a6e Application Not Responding: com.android.systemui,reason=UpdateInputWindows]
05-11 11:46:24.810 1508 1799 I input_focus: [Focus leaving 72a4037 NotificationShade (server),reason=setFocusedWindow]
05-11 11:46:24.811 1508 1799 I input_focus: [Focus entering be54a6e Application Not Responding: com.android.systemui (server),reason=setFocusedWindow]
05-11 11:46:24.848 1508 1664 I ActivityManager: Process PhantomProcessRecord {85edb2a 18006:13014:com.ss.android.lark/u0a113} died
01-01 08:19:32.893 0 0 I init : Untracked pid 18006 exited with status 0
05-11 11:46:24.960 5077 5077 I auditd : type=1400 audit(0.0:11034): avc: denied { open } for comm="doujia.phoenix2" path="/proc/vmstat" dev="proc" ino=4026531858 scontext=u:r:untrusted_app_27:s0:c512,c768 tcontext=u:object_r:proc_vmstat:s0 tclass=file permissive=1 app=com.wandoujia.phoenix2
05-11 11:46:24.960 5077 5077 I auditd : type=1400 audit(0.0:11035): avc: denied { getattr } for comm="doujia.phoenix2" path="/proc/vmstat" dev="proc" ino=4026531858 scontext=u:r:untrusted_app_27:s0:c512,c768 tcontext=u:object_r:proc_vmstat:s0 tclass=file permissive=1 app=com.wandoujia.phoenix2
05-11 11:46:25.128 4996 4996 I auditd : type=1400 audit(0.0:11036): avc: granted { nlmsg_readpriv } for comm="DaemonThread-6" scontext=u:r:untrusted_app_27:s0:c512,c768 tcontext=u:r:untrusted_app_27:s0:c512,c768 tclass=netlink_route_socket app=com.wandoujia.phoenix2
05-11 11:46:25.460 0 0 I auditd : type=1400 audit(0.0:11037): avc: denied { kill } for comm="swapper/5" capability=5 scontext=u:r:kernel:s0 tcontext=u:r:kernel:s0 tclass=capability permissive=1
01-01 08:19:36.682 0 0 E link_delay_work_func: DTC_ETH: SQI=0, link=0
05-11 11:46:29.152 5077 5077 I auditd : type=1400 audit(0.0:11038): avc: granted { nlmsg_readpriv } for comm="DaemonThread-6" scontext=u:r:untrusted_app_27:s0:c512,c768 tcontext=u:r:untrusted_app_27:s0:c512,c768 tclass=netlink_route_socket app=com.wandoujia.phoenix2
05-11 11:46:29.560 5077 5077 I auditd : type=1400 audit(0.0:11039): avc: granted { nlmsg_readpriv } for comm="DaemonThread-6" scontext=u:r:untrusted_app_27:s0:c512,c768 tcontext=u:r:untrusted_app_27:s0:c512,c768 tclass=netlink_route_socket app=com.wandoujia.phoenix2
01-01 08:19:41.789 0 0 I [dp_rx_][0x548738f94][11:46:33.744652] wlan: [3399:I:QDF] DHCP-IN RX: SA:08:00:27:35:1f:3a DA:ff:ff:ff:ff:ff:ff
01-01 08:19:41.801 0 0 E link_delay_work_func: DTC_ETH: SQI=0, link=0
05-11 11:46:35.800 4923 4923 I auditd : type=1400 audit(0.0:11040): avc: granted { nlmsg_readpriv } for comm="DaemonThread-6" scontext=u:r:untrusted_app_27:s0:c512,c768 tcontext=u:r:untrusted_app_27:s0:c512,c768 tclass=netlink_route_socket app=com.wandoujia.phoenix2
05-11 11:46:36.136 4923 4923 I auditd : type=1400 audit(0.0:11041): avc: granted { nlmsg_readpriv } for comm="DaemonThread-6" scontext=u:r:untrusted_app_27:s0:c512,c768 tcontext=u:r:untrusted_app_27:s0:c512,c768 tclass=netlink_route_socket app=com.wandoujia.phoenix2
01-01 08:19:46.921 0 0 E link_delay_work_func: DTC_ETH: SQI=0, link=0
01-01 08:19:52.041 0 0 E link_delay_work_func: DTC_ETH: SQI=0, link=0
05-11 11:46:44.499 1508 1799 I input_interaction: Interaction with: be54a6e Application Not Responding: com.android.systemui (server), edge-swipe (server), swipe-up (server), PointerEventDispatcher0 (server),
05-11 11:46:44.610 1508 1642 I sysui_multi_action: [757,317,758,4,759,1]
05-11 11:46:44.610 1508 1642 I ActivityManager: Killing 12833:com.android.systemui/u0a78 (adj -800): user request after error
05-11 11:46:44.610 1508 1642 I am_kill : [0,12833,com.android.systemui,-800,user request after error]
01-01 08:19:52.688 0 0 I binder_alloc: 12833: binder_alloc_buf, no vma
01-01 08:19:52.688 0 0 I binder : 939:1100 transaction failed 29189/-3, size 92-0 line 3240
01-01 08:19:52.688 0 0 I binder_alloc: 12833: binder_alloc_buf, no vma
01-01 08:19:52.688 0 0 I binder : 939:1100 transaction failed 29189/-3, size 92-0 line 3240
01-01 08:19:52.689 0 0 I binder : undelivered transaction 1058084, process died.
05-11 11:46:44.645 1508 1569 E LockoutResetTracker: Callback binder died: android.os.BinderProxy@b83a582
05-11 11:46:44.645 1508 1569 E LockoutResetTracker: Removing dead callback for: com.android.systemui
05-11 11:46:44.646 1508 1508 W WallpaperManagerService: Wallpaper service gone: ComponentInfo{com.android.systemui/com.android.systemui.ImageWallpaper}
05-11 11:46:44.646 1508 1508 W WallpaperManagerService: Wallpaper service gone: ComponentInfo{com.android.systemui/com.android.systemui.ImageWallpaper}
01-01 08:19:52.690 0 0 I binder : undelivered transaction 1058058, process died.
01-01 08:19:52.690 0 0 I binder : send failed reply for transaction 1058071 to 1508:1642
01-01 08:19:52.691 0 0 I binder : 1508:1857 transaction failed 29189/-22, size 116-0 line 3071
01-01 08:19:52.691 0 0 I binder : 1508:1857 transaction failed 29189/-22, size 116-0 line 3071
01-01 08:19:52.691 0 0 I binder : 1508:1857 transaction failed 29189/-22, size 116-0 line 3071
01-01 08:19:52.691 0 0 I binder : 1508:1508 transaction failed 29189/-22, size 112-0 line 3071
05-11 11:46:44.647 1508 9678 E BiometricService: Enabled callback binder died
05-11 11:46:44.649 1508 10965 I ActivityManager: Process com.android.systemui (pid 12833) has died: pers PERU
05-11 11:46:44.649 1508 1642 W WindowManager: Failed to deliver inset state change to w=Window{72a4037 u0 NotificationShade}
05-11 11:46:44.649 1508 1642 W WindowManager: android.os.DeadObjectException
05-11 11:46:44.649 1508 1642 W WindowManager: at android.os.BinderProxy.transactNative(Native Method)
05-11 11:46:44.649 1508 1642 W WindowManager: at android.os.BinderProxy.transact(BinderProxy.java:571)
05-11 11:46:44.649 1508 1642 W WindowManager: at android.view.IWindow$Stub$Proxy.insetsControlChanged(IWindow.java:687)
05-11 11:46:44.649 1508 1642 W WindowManager: at com.android.server.wm.WindowState.notifyInsetsControlChanged(WindowState.java:3983)
05-11 11:46:44.649 1508 1642 W WindowManager: at com.android.server.wm.InsetsStateController.lambda$notifyPendingInsetsControlChanged$6$InsetsStateController(InsetsStateController.java:552)
05-11 11:46:44.649 1508 1642 W WindowManager: at com.android.server.wm.InsetsStateController$$ExternalSyntheticLambda1.run(Unknown Source:2)
05-11 11:46:44.649 1508 1642 W WindowManager: at com.android.server.wm.WindowAnimator.executeAfterPrepareSurfacesRunnables(WindowAnimator.java:345)
05-11 11:46:44.649 1508 1642 W WindowManager: at com.android.server.wm.RootWindowContainer.performSurfacePlacementNoTrace(RootWindowContainer.java:867)
05-11 11:46:44.649 1508 1642 W WindowManager: at com.android.server.wm.RootWindowContainer.performSurfacePlacement(RootWindowContainer.java:805)
05-11 11:46:44.649 1508 1642 W WindowManager: at com.android.server.wm.WindowSurfacePlacer.performSurfacePlacementLoop(WindowSurfacePlacer.java:177)
05-11 11:46:44.649 1508 1642 W WindowManager: at com.android.server.wm.WindowSurfacePlacer.performSurfacePlacement(WindowSurfacePlacer.java:126)
05-11 11:46:44.649 1508 1642 W WindowManager: at com.android.server.wm.WindowSurfacePlacer.performSurfacePlacement(WindowSurfacePlacer.java:115)
05-11 11:46:44.649 1508 1642 W WindowManager: at com.android.server.wm.WindowState.setupWindowForRemoveOnExit(WindowState.java:2589)
05-11 11:46:44.649 1508 1642 W WindowManager: at com.android.server.wm.WindowState.removeIfPossible(WindowState.java:2555)
05-11 11:46:44.649 1508 1642 W WindowManager: at com.android.server.wm.WindowState.removeIfPossible(WindowState.java:2433)
05-11 11:46:44.649 1508 1642 W WindowManager: at com.android.server.wm.WindowManagerService.removeWindow(WindowManagerService.java:2035)
05-11 11:46:44.649 1508 1642 W WindowManager: at com.android.server.wm.Session.remove(Session.java:218)
05-11 11:46:44.649 1508 1642 W WindowManager: at android.view.ViewRootImpl.dispatchDetachedFromWindow(ViewRootImpl.java:5023)
05-11 11:46:44.649 1508 1642 W WindowManager: at android.view.ViewRootImpl.doDie(ViewRootImpl.java:8170)
05-11 11:46:44.649 1508 1642 W WindowManager: at android.view.ViewRootImpl.die(ViewRootImpl.java:8147)
05-11 11:46:44.649 1508 1642 W WindowManager: at android.view.WindowManagerGlobal.removeViewLocked(WindowManagerGlobal.java:499)
05-11 11:46:44.649 1508 1642 W WindowManager: at android.view.WindowManagerGlobal.removeView(WindowManagerGlobal.java:440)
05-11 11:46:44.649 1508 1642 W WindowManager: at android.view.WindowManagerImpl.removeViewImmediate(WindowManagerImpl.java:164)
05-11 11:46:44.649 1508 1642 W WindowManager: at android.app.Dialog.dismissDialog(Dialog.java:392)
05-11 11:46:44.649 1508 1642 W WindowManager: at android.app.Dialog.dismiss(Dialog.java:374)
05-11 11:46:44.649 1508 1642 W WindowManager: at com.android.server.am.AppNotRespondingDialog$1.handleMessage(AppNotRespondingDialog.java:180)
05-11 11:46:44.649 1508 1642 W WindowManager: at android.os.Handler.dispatchMessage(Handler.java:106)
05-11 11:46:44.649 1508 1642 W WindowManager: at android.os.Looper.loopOnce(Looper.java:201)
05-11 11:46:44.649 1508 1642 W WindowManager: at android.os.Looper.loop(Looper.java:288)
05-11 11:46:44.649 1508 1642 W WindowManager: at android.os.HandlerThread.run(HandlerThread.java:67)
05-11 11:46:44.649 1508 1642 W WindowManager: at com.android.server.ServiceThread.run(ServiceThread.java:44)
05-11 11:46:44.649 1508 1642 W WindowManager: at com.android.server.UiThread.run(UiThread.java:45)
05-11 11:46:44.649 1508 10965 I am_proc_died: [0,12833,com.android.systemui,-800,1]
05-11 11:46:44.650 1508 2070 D DisplayAreaOrganizerController: Organizer died before sending onDisplayAreaVanished
05-11 11:46:44.650 1508 10965 W ActivityManager: Scheduling restart of crashed service com.android.systemui/.ImageWallpaper in 0ms for persistent
05-11 11:46:44.650 1508 10965 I am_schedule_service_restart: [0,com.android.systemui/.ImageWallpaper,0]
05-11 11:46:44.651 1508 2070 D NotificationListeners: Removing active service ComponentInfo{com.android.systemui/com.android.systemui.statusbar.NotificationListener}
05-11 11:46:44.651 1508 12402 I wm_task_removed: [19,setTaskOrganizer]
05-11 11:46:44.651 1508 12402 I wm_task_removed: [20,setTaskOrganizer]
05-11 11:46:44.651 1508 12402 I wm_task_removed: [21,setTaskOrganizer]
05-11 11:46:44.651 1508 12402 I wm_task_removed: [22,setTaskOrganizer]
05-11 11:46:44.651 1508 12402 I wm_task_removed: [23,setTaskOrganizer]
05-11 11:46:44.652 1508 12158 I WindowManager: WIN DEATH: Window{79b2bfc u0 ShellDropTarget}
05-11 11:46:44.653 1508 1885 I WindowManager: WIN DEATH: Window{72a4037 u0 NotificationShade}
05-11 11:46:44.653 1508 1885 W KeyguardServiceWrapper: Remote Exception
05-11 11:46:44.653 1508 1885 W KeyguardServiceWrapper: android.os.DeadObjectException
05-11 11:46:44.653 1508 1885 W KeyguardServiceWrapper: at android.os.BinderProxy.transactNative(Native Method)
05-11 11:46:44.653 1508 1885 W KeyguardServiceWrapper: at android.os.BinderProxy.transact(BinderProxy.java:571)
05-11 11:46:44.653 1508 1885 W KeyguardServiceWrapper: at com.android.internal.policy.IKeyguardService$Stub$Proxy.setOccluded(IKeyguardService.java:494)
05-11 11:46:44.653 1508 1885 W KeyguardServiceWrapper: at com.android.server.policy.keyguard.KeyguardServiceWrapper.setOccluded(KeyguardServiceWrapper.java:62)
05-11 11:46:44.653 1508 1885 W KeyguardServiceWrapper: at com.android.server.policy.keyguard.KeyguardServiceDelegate.setOccluded(KeyguardServiceDelegate.java:270)
05-11 11:46:44.653 1508 1885 W KeyguardServiceWrapper: at com.android.server.policy.PhoneWindowManager.setKeyguardOccludedLw(PhoneWindowManager.java:3315)
05-11 11:46:44.653 1508 1885 W KeyguardServiceWrapper: at com.android.server.policy.PhoneWindowManager.setKeyguardCandidateLw(PhoneWindowManager.java:3284)
05-11 11:46:44.653 1508 1885 W KeyguardServiceWrapper: at com.android.server.wm.DisplayPolicy.removeWindowLw(DisplayPolicy.java:1401)
05-11 11:46:44.653 1508 1885 W KeyguardServiceWrapper: at com.android.server.wm.WindowState.removeImmediately(WindowState.java:2413)
05-11 11:46:44.653 1508 1885 W KeyguardServiceWrapper: at com.android.server.wm.WindowState.removeIfPossible(WindowState.java:2563)
05-11 11:46:44.653 1508 1885 W KeyguardServiceWrapper: at com.android.server.wm.WindowState.access$300(WindowState.java:276)
05-11 11:46:44.653 1508 1885 W KeyguardServiceWrapper: at com.android.server.wm.WindowState$DeathRecipient.binderDied(WindowState.java:3072)
05-11 11:46:44.653 1508 1885 W KeyguardServiceWrapper: at android.os.IBinder$DeathRecipient.binderDied(IBinder.java:314)
05-11 11:46:44.653 1508 1885 W KeyguardServiceWrapper: at android.os.BinderProxy.sendDeathNotice(BinderProxy.java:685)
05-11 11:46:44.655 1508 9678 I WindowManager: WIN DEATH: Window{4625c10 u0 StatusBar}
05-11 11:46:44.657 1508 9678 W WindowManager: Failed to deliver inset state change w=Window{86130bb u0 EdgeBackGestureHandler0}
05-11 11:46:44.657 1508 9678 W WindowManager: android.os.DeadObjectException
05-11 11:46:44.657 1508 9678 W WindowManager: at android.os.BinderProxy.transactNative(Native Method)
05-11 11:46:44.657 1508 9678 W WindowManager: at android.os.BinderProxy.transact(BinderProxy.java:571)
05-11 11:46:44.657 1508 9678 W WindowManager: at android.view.IWindow$Stub$Proxy.insetsChanged(IWindow.java:654)
05-11 11:46:44.657 1508 9678 W WindowManager: at com.android.server.wm.WindowState.notifyInsetsChanged(WindowState.java:3966)
05-11 11:46:44.657 1508 9678 W WindowManager: at com.android.server.wm.InsetsStateController.lambda$new$0(InsetsStateController.java:82)
05-11 11:46:44.657 1508 9678 W WindowManager: at com.android.server.wm.InsetsStateController$$ExternalSyntheticLambda3.accept(Unknown Source:2)
05-11 11:46:44.657 1508 9678 W WindowManager: at com.android.server.wm.WindowContainer$ForAllWindowsConsumerWrapper.apply(WindowContainer.java:2404)
05-11 11:46:44.657 1508 9678 W WindowManager: at com.android.server.wm.WindowContainer$ForAllWindowsConsumerWrapper.apply(WindowContainer.java:2394)
05-11 11:46:44.657 1508 9678 W WindowManager: at com.android.server.wm.WindowState.applyInOrderWithImeWindows(WindowState.java:4935)
05-11 11:46:44.657 1508 9678 W WindowManager: at com.android.server.wm.WindowState.forAllWindows(WindowState.java:4830)
05-11 11:46:44.657 1508 9678 W WindowManager: at com.android.server.wm.WindowContainer.forAllWindows(WindowContainer.java:1409)
05-11 11:46:44.657 1508 9678 W WindowManager: at com.android.server.wm.WindowContainer.forAllWindows(WindowContainer.java:1409)
05-11 11:46:44.657 1508 9678 W WindowManager: at com.android.server.wm.WindowContainer.forAllWindows(WindowContainer.java:1409)
05-11 11:46:44.657 1508 9678 W WindowManager: at com.android.server.wm.WindowContainer.forAllWindows(WindowContainer.java:1409)
05-11 11:46:44.657 1508 9678 W WindowManager: at com.android.server.wm.WindowContainer.forAllWindows(WindowContainer.java:1426)
05-11 11:46:44.657 1508 9678 W WindowManager: at com.android.server.wm.DisplayContent.notifyInsetsChanged(DisplayContent.java:1847)
05-11 11:46:44.657 1508 9678 W WindowManager: at com.android.server.wm.InsetsStateController.notifyInsetsChanged(InsetsStateController.java:571)
05-11 11:46:44.657 1508 9678 W WindowManager: at com.android.server.wm.InsetsStateController.onPostLayout(InsetsStateController.java:297)
05-11 11:46:44.657 1508 9678 W WindowManager: at com.android.server.wm.DisplayContent.applySurfaceChangesTransaction(DisplayContent.java:4324)
05-11 11:46:44.657 1508 9678 W WindowManager: at com.android.server.wm.RootWindowContainer.applySurfaceChangesTransaction(RootWindowContainer.java:1076)
05-11 11:46:44.657 1508 9678 W WindowManager: at com.android.server.wm.RootWindowContainer.performSurfacePlacementNoTrace(RootWindowContainer.java:852)
05-11 11:46:44.657 1508 9678 W WindowManager: at com.android.server.wm.RootWindowContainer.performSurfacePlacement(RootWindowContainer.java:805)
05-11 11:46:44.657 1508 9678 W WindowManager: at com.android.server.wm.WindowSurfacePlacer.performSurfacePlacementLoop(WindowSurfacePlacer.java:177)
05-11 11:46:44.657 1508 9678 W WindowManager: at com.android.server.wm.WindowSurfacePlacer.performSurfacePlacement(WindowSurfacePlacer.java:126)
05-11 11:46:44.657 1508 9678 W WindowManager: at com.android.server.wm.WindowSurfacePlacer.performSurfacePlacement(WindowSurfacePlacer.java:115)
05-11 11:46:44.657 1508 9678 W WindowManager: at com.android.server.wm.WindowManagerService.postWindowRemoveCleanupLocked(WindowManagerService.java:2107)
05-11 11:46:44.657 1508 9678 W WindowManager: at com.android.server.wm.WindowState.removeImmediately(WindowState.java:2427)
05-11 11:46:44.657 1508 9678 W WindowManager: at com.android.server.wm.WindowState.removeIfPossible(WindowState.java:2563)
05-11 11:46:44.657 1508 9678 W WindowManager: at com.android.server.wm.WindowState.access$300(WindowState.java:276)
05-11 11:46:44.657 1508 9678 W WindowManager: at com.android.server.wm.WindowState$DeathRecipient.binderDied(WindowState.java:3072)
05-11 11:46:44.657 1508 9678 W WindowManager: at android.os.IBinder$DeathRecipient.binderDied(IBinder.java:314)
05-11 11:46:44.657 1508 9678 W WindowManager: at android.os.BinderProxy.sendDeathNotice(BinderProxy.java:685)
05-11 11:46:44.657 1508 9678 W WindowManager: Failed to deliver inset state change w=Window{e356e5f u0 NavigationBar0}
05-11 11:46:44.657 1508 9678 W WindowManager: android.os.DeadObjectException
05-11 11:46:44.657 1508 9678 W WindowManager: at android.os.BinderProxy.transactNative(Native Method)
05-11 11:46:44.657 1508 9678 W WindowManager: at android.os.BinderProxy.transact(BinderProxy.java:571)
05-11 11:46:44.657 1508 9678 W WindowManager: at android.view.IWindow$Stub$Proxy.insetsChanged(IWindow.java:654)
05-11 11:46:44.657 1508 9678 W WindowManager: at com.android.server.wm.WindowState.notifyInsetsChanged(WindowState.java:3966)
05-11 11:46:44.657 1508 9678 W WindowManager: at com.android.server.wm.InsetsStateController.lambda$new$0(InsetsStateController.java:82)
05-11 11:46:44.657 1508 9678 W WindowManager: at com.android.server.wm.InsetsStateController$$ExternalSyntheticLambda3.accept(Unknown Source:2)
05-11 11:46:44.657 1508 9678 W WindowManager: at com.android.server.wm.WindowContainer$ForAllWindowsConsumerWrapper.apply(WindowContainer.java:2404)
05-11 11:46:44.657 1508 9678 W WindowManager: at com.android.server.wm.WindowContainer$ForAllWindowsConsumerWrapper.apply(WindowContainer.java:2394)
05-11 11:46:44.657 1508 9678 W WindowManager: at com.android.server.wm.WindowState.applyInOrderWithImeWindows(WindowState.java:4935)
05-11 11:46:44.657 1508 9678 W WindowManager: at com.android.server.wm.WindowState.forAllWindows(WindowState.java:4830)
05-11 11:46:44.657 1508 9678 W WindowManager: at com.android.server.wm.WindowContainer.forAllWindows(WindowContainer.java:1409)
05-11 11:46:44.657 1508 9678 W WindowManager: at com.android.server.wm.WindowContainer.forAllWindows(WindowContainer.java:1409)
05-11 11:46:44.657 1508 9678 W WindowManager: at com.android.server.wm.WindowContainer.forAllWindows(WindowContainer.java:1409)
05-11 11:46:44.657 1508 9678 W WindowManager: at com.android.server.wm.WindowContainer.forAllWindows(WindowContainer.java:1409)
05-11 11:46:44.657 1508 9678 W WindowManager: at com.android.server.wm.WindowContainer.forAllWindows(WindowContainer.java:1426)
05-11 11:46:44.657 1508 9678 W WindowManager: at com.android.server.wm.DisplayContent.notifyInsetsChanged(DisplayContent.java:1847)
05-11 11:46:44.657 1508 9678 W WindowManager: at com.android.server.wm.InsetsStateController.notifyInsetsChanged(InsetsStateController.java:571)
05-11 11:46:44.657 1508 9678 W WindowManager: at com.android.server.wm.InsetsStateController.onPostLayout(InsetsStateController.java:297)
05-11 11:46:44.657 1508 9678 W WindowManager: at com.android.server.wm.DisplayContent.applySurfaceChangesTransaction(DisplayContent.java:4324)
05-11 11:46:44.657 1508 9678 W WindowManager: at com.android.server.wm.RootWindowContainer.applySurfaceChangesTransaction(RootWindowContainer.java:1076)
05-11 11:46:44.657 1508 9678 W WindowManager: at com.android.server.wm.RootWindowContainer.performSurfacePlacementNoTrace(RootWindowContainer.java:852)
05-11 11:46:44.657 1508 9678 W WindowManager: at com.android.server.wm.RootWindowContainer.performSurfacePlacement(RootWindowContainer.java:805)
05-11 11:46:44.657 1508 9678 W WindowManager: at com.android.server.wm.WindowSurfacePlacer.performSurfacePlacementLoop(WindowSurfacePlacer.java:177)
05-11 11:46:44.657 1508 9678 W WindowManager: at com.android.server.wm.WindowSurfacePlacer.performSurfacePlacement(WindowSurfacePlacer.java:126)
05-11 11:46:44.657 1508 9678 W WindowManager: at com.android.server.wm.WindowSurfacePlacer.performSurfacePlacement(WindowSurfacePlacer.java:115)
05-11 11:46:44.657 1508 9678 W WindowManager: at com.android.server.wm.WindowManagerService.postWindowRemoveCleanupLocked(WindowManagerService.java:2107)
05-11 11:46:44.657 1508 9678 W WindowManager: at com.android.server.wm.WindowState.removeImmediately(WindowState.java:2427)
05-11 11:46:44.657 1508 9678 W WindowManager: at com.android.server.wm.WindowState.removeIfPossible(WindowState.java:2563)
05-11 11:46:44.657 1508 9678 W WindowManager: at com.android.server.wm.WindowState.access$300(WindowState.java:276)
05-11 11:46:44.657 1508 9678 W WindowManager: at com.android.server.wm.WindowState$DeathRecipient.binderDied(WindowState.java:3072)
05-11 11:46:44.657 1508 9678 W WindowManager: at android.os.IBinder$DeathRecipient.binderDied(IBinder.java:314)
05-11 11:46:44.657 1508 9678 W WindowManager: at android.os.BinderProxy.sendDeathNotice(BinderProxy.java:685)
05-11 11:46:44.657 1508 9678 W WindowManager: Failed to deliver inset state change w=Window{3143377 u0 com.android.systemui.ImageWallpaper}
05-11 11:46:44.657 1508 9678 W WindowManager: android.os.DeadObjectException
05-11 11:46:44.657 1508 9678 W WindowManager: at android.os.BinderProxy.transactNative(Native Method)
05-11 11:46:44.657 1508 9678 W WindowManager: at android.os.BinderProxy.transact(BinderProxy.java:571)
05-11 11:46:44.657 1508 9678 W WindowManager: at android.view.IWindow$Stub$Proxy.insetsChanged(IWindow.java:654)
05-11 11:46:44.657 1508 9678 W WindowManager: at com.android.server.wm.WindowState.notifyInsetsChanged(WindowState.java:3966)
05-11 11:46:44.657 1508 9678 W WindowManager: at com.android.server.wm.InsetsStateController.lambda$new$0(InsetsStateController.java:82)
05-11 11:46:44.657 1508 9678 W WindowManager: at com.android.server.wm.InsetsStateController$$ExternalSyntheticLambda3.accept(Unknown Source:2)
05-11 11:46:44.657 1508 9678 W WindowManager: at com.android.server.wm.WindowContainer$ForAllWindowsConsumerWrapper.apply(WindowContainer.java:2404)
05-11 11:46:44.657 1508 9678 W WindowManager: at com.android.server.wm.WindowContainer$ForAllWindowsConsumerWrapper.apply(WindowContainer.java:2394)
05-11 11:46:44.657 1508 9678 W WindowManager: at com.android.server.wm.WindowState.applyInOrderWithImeWindows(WindowState.java:4935)
05-11 11:46:44.657 1508 9678 W WindowManager: at com.android.server.wm.WindowState.forAllWindows(WindowState.java:4830)
05-11 11:46:44.657 1508 9678 W WindowManager: at com.android.server.wm.WindowContainer.forAllWindows(WindowContainer.java:1409)
05-11 11:46:44.657 1508 9678 W WindowManager: at com.android.server.wm.WindowContainer.forAllWindows(WindowContainer.java:1409)
05-11 11:46:44.657 1508 9678 W WindowManager: at com.android.server.wm.WindowContainer.forAllWindows(WindowContainer.java:1409)
05-11 11:46:44.657 1508 9678 W WindowManager: at com.android.server.wm.WindowContainer.forAllWindows(WindowContainer.java:1409)
05-11 11:46:44.657 1508 9678 W WindowManager: at com.android.server.wm.WindowContainer.forAllWindows(WindowContainer.java:1409)
05-11 11:46:44.657 1508 9678 W WindowManager: at com.android.server.wm.WindowContainer.forAllWindows(WindowContainer.java:1409)
05-11 11:46:44.657 1508 9678 W WindowManager: at com.android.server.wm.WindowContainer.forAllWindows(WindowContainer.java:1409)
05-11 11:46:44.657 1508 9678 W WindowManager: at com.android.server.wm.WindowContainer.forAllWindows(WindowContainer.java:1409)
05-11 11:46:44.657 1508 9678 W WindowManager: at com.android.server.wm.WindowContainer.forAllWindows(WindowContainer.java:1426)
05-11 11:46:44.657 1508 9678 W WindowManager: at com.android.server.wm.DisplayContent.notifyInsetsChanged(DisplayContent.java:1847)
05-11 11:46:44.657 1508 9678 W WindowManager: at com.android.server.wm.InsetsStateController.notifyInsetsChanged(InsetsStateController.java:571)
05-11 11:46:44.657 1508 9678 W WindowManager: at com.android.server.wm.InsetsStateController.onPostLayout(InsetsStateController.java:297)
05-11 11:46:44.657 1508 9678 W WindowManager: at com.android.server.wm.DisplayContent.applySurfaceChangesTransaction(DisplayContent.java:4324)
05-11 11:46:44.657 1508 9678 W WindowManager: at com.android.server.wm.RootWindowContainer.applySurfaceChangesTransaction(RootWindowContainer.java:1076)
05-11 11:46:44.657 1508 9678 W WindowManager: at com.android.server.wm.RootWindowContainer.performSurfacePlacementNoTrace(RootWindowContainer.java:852)
05-11 11:46:44.657 1508 9678 W WindowManager: at com.android.server.wm.RootWindowContainer.performSurfacePlacement(RootWindowContainer.java:805)
05-11 11:46:44.657 1508 9678 W WindowManager: at com.android.server.wm.WindowSurfacePlacer.performSurfacePlacementLoop(WindowSurfacePlacer.java:177)
05-11 11:46:44.657 1508 9678 W WindowManager: at com.android.server.wm.WindowSurfacePlacer.performSurfacePlacement(WindowSurfacePlacer.java:126)
05-11 11:46:44.657 1508 9678 W WindowManager: at com.android.server.wm.WindowSurfacePlacer.performSurfacePlacement(WindowSurfacePlacer.java:115)
05-11 11:46:44.657 1508 9678 W WindowManager: at com.android.server.wm.WindowManagerService.postWindowRemoveCleanupLocked(WindowManagerService.java:2107)
05-11 11:46:44.657 1508 9678 W WindowManager: at com.android.server.wm.WindowState.removeImmediately(WindowState.java:2427)
05-11 11:46:44.657 1508 9678 W WindowManager: at com.android.server.wm.WindowState.removeIfPossible(WindowState.java:2563)
05-11 11:46:44.657 1508 9678 W WindowManager: at com.android.server.wm.WindowState.access$300(WindowState.java:276)
05-11 11:46:44.657 1508 9678 W WindowManager: at com.android.server.wm.WindowState$DeathRecipient.binderDied(WindowState.java:3072)
05-11 11:46:44.657 1508 9678 W WindowManager: at android.os.IBinder$DeathRecipient.binderDied(IBinder.java:314)
05-11 11:46:44.657 1508 9678 W WindowManager: at android.os.BinderProxy.sendDeathNotice(BinderProxy.java:685)
05-11 11:46:44.657 1508 9678 W WindowManager: Failed to deliver inset state change
05-11 11:46:44.657 1508 9678 W WindowManager: android.os.DeadObjectException
05-11 11:46:44.657 1508 9678 W WindowManager: at android.os.BinderProxy.transactNative(Native Method)
05-11 11:46:44.657 1508 9678 W WindowManager: at android.os.BinderProxy.transact(BinderProxy.java:571)
05-11 11:46:44.657 1508 9678 W WindowManager: at android.view.IDisplayWindowInsetsController$Stub$Proxy.insetsChanged(IDisplayWindowInsetsController.java:243)
05-11 11:46:44.657 1508 9678 W WindowManager: at com.android.server.wm.DisplayContent$RemoteInsetsControlTarget.notifyInsetsChanged(DisplayContent.java:6025)
05-11 11:46:44.657 1508 9678 W WindowManager: at com.android.server.wm.DisplayContent.notifyInsetsChanged(DisplayContent.java:1849)
05-11 11:46:44.657 1508 9678 W WindowManager: at com.android.server.wm.InsetsStateController.notifyInsetsChanged(InsetsStateController.java:571)
05-11 11:46:44.657 1508 9678 W WindowManager: at com.android.server.wm.InsetsStateController.onPostLayout(InsetsStateController.java:297)
05-11 11:46:44.657 1508 9678 W WindowManager: at com.android.server.wm.DisplayContent.applySurfaceChangesTransaction(DisplayContent.java:4324)
05-11 11:46:44.657 1508 9678 W WindowManager: at com.android.server.wm.RootWindowContainer.applySurfaceChangesTransaction(RootWindowContainer.java:1076)
05-11 11:46:44.657 1508 9678 W WindowManager: at com.android.server.wm.RootWindowContainer.performSurfacePlacementNoTrace(RootWindowContainer.java:852)
05-11 11:46:44.657 1508 9678 W WindowManager: at com.android.server.wm.RootWindowContainer.performSurfacePlacement(RootWindowContainer.java:805)
05-11 11:46:44.657 1508 9678 W WindowManager: at com.android.server.wm.WindowSurfacePlacer.performSurfacePlacementLoop(WindowSurfacePlacer.java:177)
05-11 11:46:44.657 1508 9678 W WindowManager: at com.android.server.wm.WindowSurfacePlacer.performSurfacePlacement(WindowSurfacePlacer.java:126)
05-11 11:46:44.657 1508 9678 W WindowManager: at com.android.server.wm.WindowSurfacePlacer.performSurfacePlacement(WindowSurfacePlacer.java:115)
05-11 11:46:44.657 1508 9678 W WindowManager: at com.android.server.wm.WindowManagerService.postWindowRemoveCleanupLocked(WindowManagerService.java:2107)
05-11 11:46:44.657 1508 9678 W WindowManager: at com.android.server.wm.WindowState.removeImmediately(WindowState.java:2427)
05-11 11:46:44.657 1508 9678 W WindowManager: at com.android.server.wm.WindowState.removeIfPossible(WindowState.java:2563)
05-11 11:46:44.657 1508 9678 W WindowManager: at com.android.server.wm.WindowState.access$300(WindowState.java:276)
05-11 11:46:44.657 1508 9678 W WindowManager: at com.android.server.wm.WindowState$DeathRecipient.binderDied(WindowState.java:3072)
05-11 11:46:44.657 1508 9678 W WindowManager: at android.os.IBinder$DeathRecipient.binderDied(IBinder.java:314)
05-11 11:46:44.657 1508 9678 W WindowManager: at android.os.BinderProxy.sendDeathNotice(BinderProxy.java:685)
05-11 11:46:44.659 1508 10965 W ActivityManager: Scheduling restart of crashed service com.android.systemui/.dump.SystemUIAuxiliaryDumpService in 0ms for persistent
05-11 11:46:44.659 1508 10965 I am_schedule_service_restart: [0,com.android.systemui/.dump.SystemUIAuxiliaryDumpService,0]
05-11 11:46:44.659 1508 1645 I input_focus: [Focus request ec4974b com.android.launcher3/com.android.launcher3.uioverrides.QuickstepLauncher,reason=UpdateInputWindows]
05-11 11:46:44.659 1508 2067 I WindowManager: WIN DEATH: Window{152bac4 u0 freeform_bottom_left_tip_window}
05-11 11:46:44.660 1508 9679 I WindowManager: WIN DEATH: Window{57f612e u0 freeform_bottom_right_tip_window}
05-11 11:46:44.661 1508 2066 I WindowManager: WIN DEATH: Window{4316554 u0 SecondaryHomeHandle0}
05-11 11:46:44.661 1508 1840 I WindowManager: WIN DEATH: Window{86130bb u0 EdgeBackGestureHandler0}
05-11 11:46:44.662 1508 10956 I WindowManager: WIN DEATH: Window{75a522c u0 freeform_top_left_tip_window}
05-11 11:46:44.663 1508 1569 I WindowManager: WIN DEATH: Window{3143377 u0 com.android.systemui.ImageWallpaper}
05-11 11:46:44.665 1508 8280 I WindowManager: WIN DEATH: Window{e356e5f u0 NavigationBar0}
05-11 11:46:44.666 1508 10955 I WindowManager: WIN DEATH: Window{7306518 u0 freeform_top_right_tip_window}
05-11 11:46:44.667 1508 10965 W ActivityManager: Scheduling restart of crashed service com.android.systemui/.keyguard.KeyguardService in 0ms for persistent
05-11 11:46:44.667 1508 10965 I am_schedule_service_restart: [0,com.android.systemui/.keyguard.KeyguardService,0]
05-11 11:46:44.667 1508 10965 W ActivityManager: Scheduling restart of crashed service com.android.systemui/.screenrecord.RecordingService in 0ms for persistent
05-11 11:46:44.667 1508 10965 I am_schedule_service_restart: [0,com.android.systemui/.screenrecord.RecordingService,0]
05-11 11:46:44.667 1508 10965 W ActivityManager: Scheduling restart of crashed service com.android.systemui/.SystemUIService in 0ms for persistent
05-11 11:46:44.667 1508 10965 I am_schedule_service_restart: [0,com.android.systemui/.SystemUIService,0]
05-11 11:46:44.668 1508 10965 I am_uid_stopped: 10078
05-11 11:46:44.668 1508 10965 W ActivityManager: Re-adding persistent process ProcessRecord{d90a612 12833:com.android.systemui/u0a78}
05-11 11:46:44.668 1508 10965 I am_uid_running: 10078
05-11 11:46:44.668 1508 10965 D CompatibilityChangeReporter: Compat change id reported: 135634846; UID 10078; state: DISABLED
05-11 11:46:44.668 1508 10965 D CompatibilityChangeReporter: Compat change id reported: 177438394; UID 10078; state: DISABLED
05-11 11:46:44.668 1508 10965 D CompatibilityChangeReporter: Compat change id reported: 135772972; UID 10078; state: DISABLED
05-11 11:46:44.668 1508 10965 D CompatibilityChangeReporter: Compat change id reported: 135754954; UID 10078; state: ENABLED
05-11 11:46:44.668 1508 1660 D CompatibilityChangeReporter: Compat change id reported: 143937733; UID 10078; state: ENABLED
05-11 11:46:44.671 1508 1659 E ActivityManager: Restarting service that is not needed: ServiceRecord{68427b9 u0 com.android.systemui/.screenrecord.RecordingService}
05-11 11:46:44.671 1508 1659 I am_wtf : [0,1508,system_server,-1,ActivityManager,Restarting service that is not needed: ServiceRecord{68427b9 u0 com.android.systemui/.screenrecord.RecordingService}]
05-11 11:46:44.671 1508 1508 I sysui_multi_action: [757,128,758,5,759,8,793,733430,794,33530,795,733430,796,4274,806,com.android.systemui,857,screen_record,858,3,947,0,1500,733228,1688,1]
05-11 11:46:44.671 1508 1508 I notification_canceled: [0|com.android.systemui|4274|null|10078,8,733430,733430,33530,-1,-1,NULL]
05-11 11:46:44.672 1508 1659 I DropBoxManagerService: add tag=system_server_wtf isTagEnabled=true flags=0x2
05-11 11:46:44.673 1508 1660 I am_proc_start: [0,18015,10078,com.android.systemui,restart,com.android.systemui]
05-11 11:46:44.673 1508 1660 I ActivityManager: Start proc 18015:com.android.systemui/u0a78 for restart com.android.systemui
05-11 11:46:44.678 1508 1657 I am_pss : [15205,10109,com.qqgame.mic:estPlugin,67152896,54849536,32768,193601536,0,19,9]
05-11 11:46:44.678 1508 10955 D CompatibilityChangeReporter: Compat change id reported: 157929241; UID 10078; state: LOGGED
05-11 11:46:44.682 1508 1642 I wm_set_keyguard_shown: [1,0,0,setKeyguardShown]
01-01 08:19:52.728 0 0 I binder : 18015:18015 ioctl 40046210 7ffe05b4f4 returned -22
05-11 11:46:44.685 1508 1657 I am_pss : [14682,10109,com.qqgame.mic:xg_vip_service,15286272,9801728,32768,107769856,0,10,7]
05-11 11:46:44.688 1508 8280 I am_proc_bound: [0,18015,com.android.systemui]
05-11 11:46:44.694 1508 1642 D ActivityTaskManager: Top Process State changed to PROCESS_STATE_TOP_SLEEPING
05-11 11:46:44.695 1508 1642 I wm_pause_activity: [0,236925855,com.android.launcher3/.uioverrides.QuickstepLauncher,userLeaving=false,sleep]
05-11 11:46:44.695 2644 2644 I wm_on_top_resumed_lost_called: [236925855,com.android.launcher3.uioverrides.QuickstepLauncher,topStateChangedWhenResumed]
05-11 11:46:44.696 1508 1642 I wm_add_to_stopping: [0,236925855,com.android.launcher3/.uioverrides.QuickstepLauncher,makeInvisible]
05-11 11:46:44.696 1508 8280 D CompatibilityChangeReporter: Compat change id reported: 168419799; UID 10078; state: DISABLED
05-11 11:46:44.696 2644 2644 I wm_on_paused_called: [236925855,com.android.launcher3.uioverrides.QuickstepLauncher,performPause]
05-11 11:46:44.697 1508 8280 I am_uid_active: 10078
05-11 11:46:44.700 1508 1659 E ActivityManager: Restarting service that is not needed: ServiceRecord{68427b9 u0 com.android.systemui/.screenrecord.RecordingService}
05-11 11:46:44.700 1508 1659 I am_wtf : [0,1508,system_server,-1,ActivityManager,Restarting service that is not needed: ServiceRecord{68427b9 u0 com.android.systemui/.screenrecord.RecordingService}]
05-11 11:46:44.700 1508 1644 I wm_stop_activity: [0,236925855,com.android.launcher3/.uioverrides.QuickstepLauncher]
05-11 11:46:44.701 1508 1659 I DropBoxManagerService: add tag=system_server_wtf isTagEnabled=true flags=0x2
05-11 11:46:44.702 1508 1644 I sysui_multi_action: [757,803,799,window_time_0,802,46]
05-11 11:46:44.708 1508 1657 I am_pss : [17189,10096,com.tencent.mm,260037632,227164160,28672,399900672,0,10,20]
05-11 11:46:44.718 2644 2644 I wm_on_stop_called: [236925855,com.android.launcher3.uioverrides.QuickstepLauncher,STOP_ACTIVITY_ITEM]
05-11 11:46:44.738 1508 8280 I wm_task_created: [28,-1]
05-11 11:46:44.740 1508 8280 I wm_task_created: [29,-1]
05-11 11:46:44.756 1508 10965 I wm_task_created: [30,-1]
05-11 11:46:44.757 1508 10965 I wm_task_created: [31,-1]
05-11 11:46:44.758 1508 10965 I wm_task_created: [32,-1]
05-11 11:46:44.777 18015 18015 W OneHandedController: Device doesn't support OneHanded feature
05-11 11:46:44.812 1508 8280 D TelephonyRegistry: listen oscl: mHasNotifySubscriptionInfoChangedOccurred==false no callback
05-11 11:46:44.813 1508 1508 D TrustManagerService: Removing dead TrustListener.
01-01 08:19:52.858 0 0 I binder : 1508:1508 transaction failed 29189/-22, size 92-0 line 3071
05-11 11:46:44.818 1508 8280 D CompatibilityChangeReporter: Compat change id reported: 157233955; UID 10078; state: ENABLED
05-11 11:46:44.835 1508 10965 W BluetoothManagerService: psc is not null in bindBluetoothProfileService
05-11 11:46:44.859 1508 1833 I GameModeConfig: isGameModeOn = true
05-11 11:46:44.859 1508 1833 I GameModeConfig: isGaming = false
05-11 11:46:44.860 1508 1833 I GameModeConfig: isGameModeOn = true
05-11 11:46:44.860 1508 1833 I GameModeConfig: isGaming = false
05-11 11:46:44.860 1508 1833 I GameModeConfig: isGameModeOn = true
05-11 11:46:44.860 1508 1833 I GameModeConfig: isGaming = false
05-11 11:46:44.860 1508 1833 I GameModeConfig: isGameModeOn = true
05-11 11:46:44.860 1508 1833 I GameModeConfig: isGaming = false
05-11 11:46:44.860 1508 1833 I GameModeConfig: isGameModeOn = true
05-11 11:46:44.860 1508 1833 I GameModeConfig: isGaming = false
05-11 11:46:44.860 1508 1833 I GameModeConfig: isGameModeOn = true
05-11 11:46:44.860 1508 1833 I GameModeConfig: isGaming = false
05-11 11:46:44.860 1508 1833 I GameModeConfig: isGameModeOn = true
05-11 11:46:44.860 1508 1833 I GameModeConfig: isGaming = false
05-11 11:46:44.860 1508 1833 I GameModeConfig: isGameModeOn = true
05-11 11:46:44.860 1508 1833 I GameModeConfig: isGaming = false
05-11 11:46:44.862 1508 1508 I notification_enqueue: [10078,18015,com.android.systemui,1,empty_media,0,Notification(channel=empty_media_style_id shortcut=null contentView=null vibrate=null sound=null defaults=0x0 flags=0x20 color=0x00000000 category=transport groupKey=empty_media actions=5 vis=PRIVATE),1]
05-11 11:46:44.869 1508 1508 W WindowManager: addWindowToken: Attempted to add binder token: android.os.Binder@2d99921 for already created window token: WallpaperWindowToken{3d47146 token=android.os.Binder@2d99921} displayId=0
05-11 11:46:44.884 1508 1833 I GameModeConfig: isGameModeOn = true
05-11 11:46:44.884 1508 1833 I GameModeConfig: isGaming = false
05-11 11:46:44.884 1508 1833 I GameModeConfig: isGameModeOn = true
05-11 11:46:44.884 1508 1833 I GameModeConfig: isGaming = false
05-11 11:46:44.884 1508 1833 I GameModeConfig: isGameModeOn = true
05-11 11:46:44.884 1508 1833 I GameModeConfig: isGaming = false
05-11 11:46:44.884 1508 1833 I GameModeConfig: isGameModeOn = true
05-11 11:46:44.884 1508 1833 I GameModeConfig: isGaming = false
05-11 11:46:44.884 1508 1508 I notification_cancel_all: [1000,1508,com.android.systemui,0,0,0,20,NULL]
05-11 11:46:44.884 1508 1833 I GameModeConfig: isGameModeOn = true
05-11 11:46:44.884 1508 1833 I GameModeConfig: isGaming = false
05-11 11:46:44.884 1508 1833 I GameModeConfig: isGameModeOn = true
05-11 11:46:44.884 1508 1833 I GameModeConfig: isGaming = false
05-11 11:46:44.884 1508 1833 I GameModeConfig: isGameModeOn = true
05-11 11:46:44.884 1508 1833 I GameModeConfig: isGaming = false
05-11 11:46:44.884 1508 1833 I GameModeConfig: isGameModeOn = true
05-11 11:46:44.884 1508 1833 I GameModeConfig: isGaming = false
05-11 11:46:44.886 1508 8280 I wm_set_keyguard_shown: [0,0,0,setKeyguardShown]
05-11 11:46:44.886 1508 8280 D ActivityTaskManager: Top Process State changed to PROCESS_STATE_TOP
05-11 11:46:44.886 1508 8280 I wm_set_resumed_activity: [0,com.android.launcher3/.uioverrides.QuickstepLauncher,resumeTopActivityInnerLocked]
05-11 11:46:44.890 1508 8280 I wm_resume_activity: [0,236925855,8,com.android.launcher3/.uioverrides.QuickstepLauncher]
05-11 11:46:44.895 2644 2644 I wm_on_restart_called: [236925855,com.android.launcher3.uioverrides.QuickstepLauncher,performRestartActivity]
05-11 11:46:44.895 2644 2644 I wm_on_start_called: [236925855,com.android.launcher3.uioverrides.QuickstepLauncher,handleStartActivity]
05-11 11:46:44.896 2644 2644 I wm_on_resume_called: [236925855,com.android.launcher3.uioverrides.QuickstepLauncher,RESUME_ACTIVITY]
05-11 11:46:44.896 2644 2644 I wm_on_top_resumed_gained_called: [236925855,com.android.launcher3.uioverrides.QuickstepLauncher,topWhenResuming]
01-01 08:19:52.941 0 0 I binder : 18015:18058 ioctl 40046210 7ac61d5124 returned -22
05-11 11:46:44.912 1508 1645 I input_focus: [Focus request ec4974b com.android.launcher3/com.android.launcher3.uioverrides.QuickstepLauncher,reason=UpdateInputWindows]
05-11 11:46:44.926 18015 18060 I sysui_multi_action: [757,213,758,4,759,-1]
05-11 11:46:44.926 1508 1799 I input_focus: [Focus entering ec4974b com.android.launcher3/com.android.launcher3.uioverrides.QuickstepLauncher (server),reason=Window became focusable. Previous reason: NO_WINDOW]
05-11 11:46:44.955 18015 18015 W CarrierConfigManager: Error getting config for subId -1 ICarrierConfigLoader is null
05-11 11:46:44.964 1508 3394 D TelephonyRegistry: listen oscl: mHasNotifySubscriptionInfoChangedOccurred==false no callback
05-11 11:46:44.995 1508 3394 W ActivityManager: Receiver with filter android.content.IntentFilter@1b54237 already registered for pid 18015, callerPackage is com.android.systemui
05-11 11:46:45.003 1508 3394 I StatusBarManagerService: registerStatusBar bar=com.android.internal.statusbar.IStatusBar$Stub$Proxy@726433c
05-11 11:46:45.009 1508 1787 I commit_sys_config_file: [settings-0-0,2]
05-11 11:46:45.062 1508 1508 I GameModeConfig: isGameModeOn = true
05-11 11:46:45.062 1508 1508 I GameModeConfig: isGaming = false
05-11 11:46:45.176 1508 1644 W ActivityManager: setHasOverlayUi called on unknown pid: 12833
05-11 11:46:45.230 1508 10967 I am_uid_running: 10019
05-11 11:46:45.231 1508 10967 D CompatibilityChangeReporter: Compat change id reported: 135634846; UID 10019; state: DISABLED
05-11 11:46:45.231 1508 10967 D CompatibilityChangeReporter: Compat change id reported: 177438394; UID 10019; state: DISABLED
05-11 11:46:45.231 1508 10967 D CompatibilityChangeReporter: Compat change id reported: 135772972; UID 10019; state: DISABLED
05-11 11:46:45.231 1508 10967 D CompatibilityChangeReporter: Compat change id reported: 135754954; UID 10019; state: ENABLED
05-11 11:46:45.231 1508 1660 D CompatibilityChangeReporter: Compat change id reported: 143937733; UID 10019; state: ENABLED
05-11 11:46:45.237 1508 1660 I am_proc_start: [0,18084,10019,android.process.acore,content provider,{com.android.providers.contacts/com.android.providers.contacts.ContactsProvider2}]
05-11 11:46:45.237 1508 1660 I ActivityManager: Start proc 18084:android.process.acore/u0a19 for content provider {com.android.providers.contacts/com.android.providers.contacts.ContactsProvider2}
01-01 08:19:53.285 0 0 I binder : 1508:10967 transaction failed 29189/-22, size 0-0 line 3071
01-01 08:19:53.293 0 0 I binder : 18084:18084 ioctl 40046210 7ffe05b4f4 returned -22
05-11 11:46:45.250 1508 10967 I am_proc_bound: [0,18084,android.process.acore]
05-11 11:46:45.252 1508 10967 D CompatibilityChangeReporter: Compat change id reported: 168419799; UID 10019; state: DISABLED
05-11 11:46:45.252 1508 10967 I am_uid_active: 10019
05-11 11:46:45.284 1508 12158 D CountryDetector: The first listener is added
05-11 11:46:45.649 1508 1659 W BroadcastQueue: Background execution not allowed: receiving Intent { act=android.intent.action.USER_PRESENT flg=0x24200010 } to com.microsoft.emmx/org.chromium.chrome.browser.sharing.click_to_call.ClickToCallMessageHandler$PhoneUnlockedReceiver
05-11 11:46:45.649 1508 1659 W BroadcastQueue: Background execution not allowed: receiving Intent { act=android.intent.action.USER_PRESENT flg=0x24200010 } to com.happyelements.AndroidAnimal.qq/com.happyelements.gsp.android.notification.gcn.GcnBroadcastReceiver
05-11 11:46:45.649 1508 1659 W BroadcastQueue: Background execution not allowed: receiving Intent { act=android.intent.action.USER_PRESENT flg=0x24200010 } to com.ss.android.article.news/com.taobao.accs.EventReceiver
05-11 11:46:45.649 1508 1659 W BroadcastQueue: Background execution not allowed: receiving Intent { act=android.intent.action.USER_PRESENT flg=0x24200010 } to com.wandoujia.phoenix2/com.taobao.accs.EventReceiver
05-11 11:46:45.649 1508 1659 W BroadcastQueue: Background execution not allowed: receiving Intent { act=android.intent.action.USER_PRESENT flg=0x24200010 } to com.youku.phone/com.taobao.accs.EventReceiver
05-11 11:46:45.741 1508 1508 I notification_enqueue: [10101,4602,com.baidu.appsearch,2131755452,NULL,0,Notification(channel=手机管理、安全检测相关通知 shortcut=null contentView=null vibrate=null sound=null defaults=0x0 flags=0x62 color=0x00000000 vis=PRIVATE),1]
05-11 11:46:45.893 18015 18015 I sysui_multi_action: [757,803,799,note_peek,802,1]
05-11 11:46:45.895 1508 10967 I sysui_multi_action: [757,127,758,1]
05-11 11:46:45.895 1508 10967 I sysui_multi_action: [757,804,799,note_load,801,1,802,1]
05-11 11:46:45.895 1508 10967 I notification_panel_revealed: 1
05-11 11:46:45.898 18015 18015 I sysui_heads_up_status: [0|com.wandoujia.phoenix2|5|null|10102,1]
05-11 11:46:45.918 18015 18015 I sysui_heads_up_status: [0|com.ss.android.lark|-3365|null|10113,1]
05-11 11:46:45.941 1508 1508 I GameModeConfig: isGameModeOn = true
05-11 11:46:45.941 1508 1508 I GameModeConfig: isGaming = false
05-11 11:46:45.955 18015 18015 I sysui_heads_up_status: [-1|android|26|null|1000,1]
