05-11 11:46:04.794 1508 17466 I ActivityManager: Collecting stacks for pid 2430
05-11 11:46:04.819 1508 17466 I ActivityManager: Collecting stacks for pid 4062
05-11 11:46:04.840 1508 17466 I ActivityManager: Collecting stacks for pid 2374
05-11 11:46:04.863 1508 17466 I ActivityManager: Collecting stacks for pid 2385
05-11 11:46:04.886 1508 17466 I ActivityManager: Collecting stacks for pid 2339
05-11 11:46:04.909 1508 17466 I ActivityManager: Collecting stacks for pid 2305
05-11 11:46:04.925 1508 17466 I ActivityManager: Collecting stacks for pid 2285
05-11 11:46:04.945 1508 17466 I ActivityManager: Collecting stacks for pid 2255
05-11 11:46:04.966 1508 17466 I ActivityManager: Collecting stacks for pid 2239
05-11 11:46:04.989 1508 17466 I ActivityManager: Collecting stacks for pid 2246
05-11 11:46:05.012 1508 17466 I ActivityManager: Collecting stacks for pid 2180
05-11 11:46:05.035 1508 17466 I ActivityManager: Collecting stacks for pid 2141
05-11 11:46:05.055 1508 17466 I ActivityManager: Collecting stacks for pid 2144
05-11 11:46:05.076 1508 17466 I ActivityManager: Collecting stacks for pid 2151
05-11 11:46:05.099 1508 17466 I ActivityManager: Collecting stacks for pid 2135
01-01 08:19:13.154 0 0 E init : Control message: Could not find 'vendor.qti.hardware.bluetooth_audio@2.0::IBluetoothAudioProvidersFactory/default' for ctl.interface_start from pid: 519 (/system/bin/hwservicemanager)
01-01 08:19:13.154 0 0 E init : Control message: Could not find 'vendor.qti.hardware.bluetooth_audio@2.0::IBluetoothAudioProvidersFactory/default' for ctl.interface_start from pid: 519 (/system/bin/hwservicemanager)
05-11 11:46:05.116 1508 17466 I ActivityManager: Collecting stacks for pid 2031
05-11 11:46:05.158 1508 17466 I ActivityManager: Collecting stacks for native pid 832
05-11 11:46:05.158 1508 12158 W ActivityManager: Missing app error report, app = com.android.systemui crashing = false notResponding = true
01-01 08:19:13.212 0 0 I init : Untracked pid 17783 exited with status 0
05-11 11:46:05.167 1508 17466 I ActivityManager: Collecting stacks for native pid 834
01-01 08:19:13.212 0 0 I init : Untracked pid 17785 exited with status 0
05-11 11:46:05.177 1508 17466 I ActivityManager: Collecting stacks for native pid 836
01-01 08:19:13.222 0 0 I init : Untracked pid 17788 exited with status 0
01-01 08:19:13.222 0 0 I init : Untracked pid 17790 exited with status 0
05-11 11:46:05.196 1508 17466 I ActivityManager: Collecting stacks for native pid 584
01-01 08:19:13.240 0 0 I init : Untracked pid 17793 exited with status 0
01-01 08:19:13.241 0 0 I init : Untracked pid 17795 exited with status 0
01-01 08:19:13.253 0 0 I init : Untracked pid 17798 exited with status 0
01-01 08:19:13.253 0 0 I init : Untracked pid 17800 exited with status 0
05-11 11:46:05.208 1508 17466 I ActivityManager: Collecting stacks for native pid 841
05-11 11:46:05.243 1508 17466 I ActivityManager: Collecting stacks for native pid 585
05-11 11:46:05.257 1508 17466 I ActivityManager: Collecting stacks for native pid 851
01-01 08:19:13.310 0 0 E : msm_qti_pp_get_rms_value_control, back not active to query rms be_idx:3
01-01 08:19:13.320 0 0 I core_get_license_status: cmdrsp_license_result.result = 0x15 for module 0x131ff
01-01 08:19:13.320 0 0 E msm_ext_disp_update_audio_ops: Display not found (EXT_DISPLAY_TYPE_DP) ctld (0) stream (0)
01-01 08:19:13.320 0 0 E msm_ext_disp_update_audio_ops: Display not found (EXT_DISPLAY_TYPE_HDMI) ctld (0) stream (0)
01-01 08:19:13.321 0 0 E msm_ext_disp_update_audio_ops: Display not found (EXT_DISPLAY_TYPE_DP) ctld (0) stream (0)
01-01 08:19:13.321 0 0 E msm_ext_disp_update_audio_ops: Display not found (EXT_DISPLAY_TYPE_DP) ctld (0) stream (0)
01-01 08:19:13.321 0 0 E msm_ext_disp_update_audio_ops: Display not found (EXT_DISPLAY_TYPE_DP) ctld (0) stream (0)
01-01 08:19:13.321 0 0 E msm-ext-disp-audio-codec-rx soc: qcom,msm-ext-disp:qcom,msm-ext-disp-audio-codec-rx: msm_ext_disp_audio_type_get: get_audio_edid_blk() or get_intf_id is NULL
01-01 08:19:13.321 0 0 E msm_ext_disp_update_audio_ops: Display not found (EXT_DISPLAY_TYPE_DP) ctld (0) stream (0)
01-01 08:19:13.321 0 0 E msm-ext-disp-audio-codec-rx soc: qcom,msm-ext-disp:qcom,msm-ext-disp-audio-codec-rx: msm_ext_disp_audio_type_get: get_audio_edid_blk() or get_intf_id is NULL
01-01 08:19:13.321 0 0 E msm_ext_disp_update_audio_ops: Display not found (EXT_DISPLAY_TYPE_DP) ctld (0) stream (0)
01-01 08:19:13.321 0 0 E msm-ext-disp-audio-codec-rx soc: qcom,msm-ext-disp:qcom,msm-ext-disp-audio-codec-rx: msm_ext_disp_audio_type_get: get_audio_edid_blk() or get_intf_id is NULL
01-01 08:19:13.322 0 0 E msm-ext-disp-audio-codec-rx soc: qcom,msm-ext-disp:qcom,msm-ext-disp-audio-codec-rx: msm_ext_disp_audio_device_get: invalid dai id: 4
01-01 08:19:13.338 0 0 E msm_pcm_chmap_ctl_get: substream ref_count:0 invalid
01-01 08:19:13.361 0 0 E : msm_pcm_volume_ctl_get substream not found
05-11 11:46:05.321 1508 17466 I ActivityManager: Collecting stacks for native pid 1236
01-01 08:19:13.368 0 0 E msm_pcm_chmap_ctl_get: substream ref_count:0 invalid
01-01 08:19:13.385 0 0 E msm_pcm_chmap_ctl_get: substream ref_count:0 invalid
01-01 08:19:13.439 0 0 E : msm_qti_pp_get_rms_value_control, back not active to query rms be_idx:3
01-01 08:19:13.448 0 0 I core_get_license_status: cmdrsp_license_result.result = 0x15 for module 0x131ff
01-01 08:19:13.448 0 0 E msm_ext_disp_update_audio_ops: Display not found (EXT_DISPLAY_TYPE_DP) ctld (0) stream (0)
01-01 08:19:13.448 0 0 E msm_ext_disp_update_audio_ops: Display not found (EXT_DISPLAY_TYPE_HDMI) ctld (0) stream (0)
01-01 08:19:13.448 0 0 E msm_ext_disp_update_audio_ops: Display not found (EXT_DISPLAY_TYPE_DP) ctld (0) stream (0)
01-01 08:19:13.448 0 0 E msm_ext_disp_update_audio_ops: Display not found (EXT_DISPLAY_TYPE_DP) ctld (0) stream (0)
01-01 08:19:13.448 0 0 E msm_ext_disp_update_audio_ops: Display not found (EXT_DISPLAY_TYPE_DP) ctld (0) stream (0)
01-01 08:19:13.448 0 0 E msm-ext-disp-audio-codec-rx soc: qcom,msm-ext-disp:qcom,msm-ext-disp-audio-codec-rx: msm_ext_disp_audio_type_get: get_audio_edid_blk() or get_intf_id is NULL
01-01 08:19:13.449 0 0 E msm_ext_disp_update_audio_ops: Display not found (EXT_DISPLAY_TYPE_DP) ctld (0) stream (0)
01-01 08:19:13.449 0 0 E msm-ext-disp-audio-codec-rx soc: qcom,msm-ext-disp:qcom,msm-ext-disp-audio-codec-rx: msm_ext_disp_audio_type_get: get_audio_edid_blk() or get_intf_id is NULL
01-01 08:19:13.449 0 0 E msm_ext_disp_update_audio_ops: Display not found (EXT_DISPLAY_TYPE_DP) ctld (0) stream (0)
01-01 08:19:13.449 0 0 E msm-ext-disp-audio-codec-rx soc: qcom,msm-ext-disp:qcom,msm-ext-disp-audio-codec-rx: msm_ext_disp_audio_type_get: get_audio_edid_blk() or get_intf_id is NULL
01-01 08:19:13.450 0 0 E msm-ext-disp-audio-codec-rx soc: qcom,msm-ext-disp:qcom,msm-ext-disp-audio-codec-rx: msm_ext_disp_audio_device_get: invalid dai id: 4
01-01 08:19:13.467 0 0 E msm_pcm_chmap_ctl_get: substream ref_count:0 invalid
01-01 08:19:13.491 0 0 E : msm_pcm_volume_ctl_get substream not found
01-01 08:19:13.498 0 0 E msm_pcm_chmap_ctl_get: substream ref_count:0 invalid
05-11 11:46:05.464 17763 17763 I auditd : type=1400 audit(0.0:11019): avc: denied { read write } for comm="audio.service" name="diag" dev="tmpfs" ino=1133 scontext=u:r:hal_audio_default:s0 tcontext=u:object_r:vendor_diag_device:s0 tclass=chr_file permissive=1
01-01 08:19:13.514 0 0 E msm_pcm_chmap_ctl_get: substream ref_count:0 invalid
05-11 11:46:05.464 17763 17763 I auditd : type=1400 audit(0.0:11020): avc: denied { open } for comm="audio.service" path="/dev/diag" dev="tmpfs" ino=1133 scontext=u:r:hal_audio_default:s0 tcontext=u:object_r:vendor_diag_device:s0 tclass=chr_file permissive=1
05-11 11:46:05.468 17763 17763 I auditd : type=1400 audit(0.0:11021): avc: denied { ioctl } for comm="audio.service" path="/dev/diag" dev="tmpfs" ino=1133 ioctlcmd=0x0 scontext=u:r:hal_audio_default:s0 tcontext=u:object_r:vendor_diag_device:s0 tclass=chr_file permissive=1
05-11 11:46:05.481 1508 17466 I ActivityManager: Collecting stacks for native pid 1174
05-11 11:46:05.500 1508 17466 I ActivityManager: Collecting stacks for native pid 17120
05-11 11:46:05.500 1508 17466 I ActivityManager: Collecting stacks for native pid 16993
05-11 11:46:05.501 1508 17466 I ActivityManager: Collecting stacks for native pid 1377
05-11 11:46:05.513 1508 17466 I ActivityManager: Collecting stacks for native pid 1315
05-11 11:46:05.558 1508 17466 I ActivityManager: Collecting stacks for native pid 1187
05-11 11:46:05.577 1508 17466 I ActivityManager: Collecting stacks for native pid 1894
05-11 11:46:05.669 1508 12158 W ActivityManager: Missing app error report, app = com.android.systemui crashing = false notResponding = true
05-11 11:46:05.728 832 832 I auditd : type=1400 audit(0.0:11022): avc: denied { read } for comm="health@2.1-serv" name="online" dev="sysfs" ino=63457 scontext=u:r:hal_health_default:s0 tcontext=u:object_r:sysfs:s0 tclass=file permissive=1
05-11 11:46:05.728 832 832 I auditd : type=1400 audit(0.0:11023): avc: denied { open } for comm="health@2.1-serv" path="/sys/devices/platform/soc/884000.i2c/i2c-3/3-0025/power_supply/wireless/online" dev="sysfs" ino=63457 scontext=u:r:hal_health_default:s0 tcontext=u:object_r:sysfs:s0 tclass=file permissive=1
01-01 08:19:13.780 0 0 W audit : audit_lost=10080 audit_rate_limit=5 audit_backlog_limit=64
01-01 08:19:13.780 0 0 E audit : rate limit exceeded
01-01 08:19:13.780 0 0 E HL6111R : is_dc_online: DC psy unavailable
05-11 11:46:05.749 1508 17466 I ActivityManager: Collecting stacks for native pid 939
05-11 11:46:05.831 1508 17466 I ActivityManager: Collecting stacks for native pid 684
05-11 11:46:05.864 1508 17466 I ActivityManager: Collecting stacks for native pid 685
05-11 11:46:05.892 1508 17466 I ActivityManager: Collecting stacks for native pid 1199
05-11 11:46:05.926 1508 17466 I ActivityManager: Collecting stacks for native pid 560
05-11 11:46:05.946 1508 17466 I ActivityManager: Collecting stacks for native pid 1200
05-11 11:46:05.969 1508 17466 I ActivityManager: Collecting stacks for native pid 1201
05-11 11:46:06.008 1508 17466 I ActivityManager: Collecting stacks for native pid 822
05-11 11:46:06.025 1508 17466 I ActivityManager: Collecting stacks for native pid 889
05-11 11:46:06.114 1508 17466 I ActivityManager: Collecting stacks for native pid 830
05-11 11:46:06.140 1508 17466 I ActivityManager: Collecting stacks for extra pid 14647
05-11 11:46:06.180 1508 12158 W ActivityManager: Missing app error report, app = com.android.systemui crashing = false notResponding = true
05-11 11:46:06.381 1508 1657 I am_pss : [17189,10096,com.tencent.mm,268575744,236240896,27648,408670208,0,10,27]
05-11 11:46:06.587 1508 1508 I Telecom : WiredHeadsetManager: ACTION_HEADSET_PLUG event, plugged in: false, : WHC.oADR@AFE
05-11 11:46:06.599 1508 1839 I stream_devices_changed: [6,16,1]
05-11 11:46:06.602 14647 14647 I wm_on_top_resumed_gained_called: [81830032,com.qqgame.mic.YXSMainActivity,topStateChangedWhenResumed]
05-11 11:46:06.602 14647 14647 I wm_on_top_resumed_lost_called: [81830032,com.qqgame.mic.YXSMainActivity,topStateChangedWhenResumed]
05-11 11:46:06.607 1508 12831 I stream_devices_changed: [3,0,2]
05-11 11:46:06.608 1508 10966 W BluetoothManagerService: psc is not null in bindBluetoothProfileService
01-01 08:19:14.658 0 0 I : snd_pcm_hw_constraint_integer failed
01-01 08:19:14.658 0 0 I msm_pcm_open: P buffer bytes minmax constraint ret 1
05-11 11:46:06.615 1508 12831 I volume_changed: [3,13,39,39,com.android.systemui]
01-01 08:19:14.667 0 0 I afe_find_cal_topo_id_by_port: port id: 0x9000, dev_acdb_id: 15
01-01 08:19:14.667 0 0 I afe_find_cal_topo_id_by_port: top_id:112fc acdb_id:15 afe_port_id:0x9000
01-01 08:19:14.667 0 0 I afe_get_cal_topology_id: port_id = 0x9000 acdb_id = 15 topology_id = 0x112fc cal_type_index=8 ret=0
01-01 08:19:14.667 0 0 I afe_send_port_topology_id: AFE set topology id 0x112fc enable for port 0x9000 ret 0
01-01 08:19:14.667 0 0 I send_afe_cal_type: cal_index is 0
01-01 08:19:14.667 0 0 I send_afe_cal_type: dev_acdb_id[55] is 15
01-01 08:19:14.667 0 0 I afe_find_cal: cal_index 0 port_id 0x9000 port_index 55
01-01 08:19:14.667 0 0 I afe_find_cal: acdb_id 15 dev_acdb_id 15 sample_rate 48000 afe_sample_rates 48000
01-01 08:19:14.667 0 0 I afe_find_cal: cal block is a match, size is 0
01-01 08:19:14.667 0 0 I send_afe_cal_type: Sending cal_index cal 0
01-01 08:19:14.667 0 0 E send_afe_cal_type: No cal sent for cal_index 0, port_id = 0x9000! ret -22
01-01 08:19:14.668 0 0 I afe_send_hw_delay: port_id 0x9000 rate 48000 delay_usec 474 status 0
05-11 11:46:06.641 1508 1645 I input_focus: [Focus request c73a79d Application Not Responding: com.qqgame.mic,reason=UpdateInputWindows]
05-11 11:46:06.661 1508 1799 I input_focus: [Focus leaving 72a4037 NotificationShade (server),reason=NOT_FOCUSABLE]
05-11 11:46:06.661 1508 1799 I input_focus: [Focus entering c73a79d Application Not Responding: com.qqgame.mic (server),reason=setFocusedWindow]
05-11 11:46:06.680 14647 14647 I wm_on_paused_called: [81830032,com.qqgame.mic.YXSMainActivity,performPause]
05-11 11:46:06.684 14647 14647 I wm_on_stop_called: [81830032,com.qqgame.mic.YXSMainActivity,STOP_ACTIVITY_ITEM]
05-11 11:46:06.686 1508 2084 W ActivityManager: Missing app error report, app = com.android.systemui crashing = false notResponding = true
05-11 11:46:06.767 1508 1508 I Telecom : WiredHeadsetManager: ACTION_HEADSET_PLUG event, plugged in: false, : WHC.oADA@AFI
05-11 11:46:06.778 1508 10967 I stream_devices_changed: [3,2,128]
05-11 11:46:06.830 1508 1839 I stream_devices_changed: [6,1,16]
05-11 11:46:07.123 12833 12833 I sysui_multi_action: [757,111,758,2]
05-11 11:46:07.123 12833 12833 I sysui_multi_action: [757,111,758,2]
05-11 11:46:07.210 1508 3394 W ActivityManager: Missing app error report, app = com.android.systemui crashing = false notResponding = true
05-11 11:46:07.287 1508 2084 I stream_devices_changed: [6,16,128]
05-11 11:46:07.310 1508 1839 I stream_devices_changed: [6,128,16]
05-11 11:46:07.444 1508 10966 I sysui_multi_action: [757,128,758,2,793,1141092,794,22414,795,1141092,796,26,798,1,806,android,857,DEVELOPER_IMPORTANT,858,4,947,0,1395,4,1500,1140604,1688,1]
05-11 11:46:07.444 1508 10966 I notification_visibility: [-1|android|26|null|1000,0,1141092,1141092,0,1]
05-11 11:46:07.445 1508 10966 I sysui_multi_action: [757,128,758,2,793,29688,794,22414,795,29688,796,-3365,798,2,806,com.ss.android.lark,857,normal_v2,858,4,947,0,1395,4,1500,29486,1688,1,1745,945454168]
05-11 11:46:07.445 1508 10966 I notification_visibility: [0|com.ss.android.lark|-3365|null|10113,0,29688,29688,0,2]
05-11 11:46:07.445 1508 10966 I sysui_multi_action: [757,128,758,2,793,696204,794,22414,795,696204,796,4274,798,0,806,com.android.systemui,857,screen_record,858,3,947,0,1395,4,1500,696002,1688,1]
05-11 11:46:07.445 1508 10966 I notification_visibility: [0|com.android.systemui|4274|null|10078,0,696204,696204,0,0]
05-11 11:46:07.445 1508 10966 I sysui_multi_action: [757,128,758,2,793,1141096,794,22414,795,1141096,796,27,798,3,806,android,857,USB,858,1,947,0,1395,4,1500,1140606,1688,1]
05-11 11:46:07.445 1508 10966 I notification_visibility: [-1|android|27|null|1000,0,1141096,1141096,0,3]
05-11 11:46:07.445 1508 10966 I sysui_multi_action: [757,127,758,2]
05-11 11:46:07.445 1508 10966 I notification_panel_hidden:
05-11 11:46:07.623 1508 1787 I commit_sys_config_file: [settings-1-0,2]
05-11 11:46:07.748 1508 12402 W ActivityManager: Missing app error report, app = com.android.systemui crashing = false notResponding = true
01-01 08:19:16.202 0 0 E link_delay_work_func: DTC_ETH: SQI=0, link=0
05-11 11:46:08.258 1508 12402 W ActivityManager: Missing app error report, app = com.android.systemui crashing = false notResponding = true
05-11 11:46:08.767 1508 10966 W ActivityManager: Missing app error report, app = com.android.systemui crashing = false notResponding = true
05-11 11:46:09.302 1508 10966 W ActivityManager: Missing app error report, app = com.android.systemui crashing = false notResponding = true
05-11 11:46:09.836 1508 10966 W ActivityManager: Missing app error report, app = com.android.systemui crashing = false notResponding = true
05-11 11:46:10.018 1508 1799 I input_interaction: Interaction with: c73a79d Application Not Responding: com.qqgame.mic (server), edge-swipe (server), swipe-up (server), PointerEventDispatcher0 (server),
05-11 11:46:10.194 1508 1642 I sysui_multi_action: [757,317,758,4,759,1]
05-11 11:46:10.194 1508 1642 W ActivityTaskManager: Force finishing activity com.qqgame.mic/.YXSMainActivity
05-11 11:46:10.194 1508 1642 I wm_finish_activity: [0,81830032,25,com.qqgame.mic/.YXSMainActivity,user-terminated]
05-11 11:46:10.195 1508 1642 I wm_destroy_activity: [0,81830032,25,com.qqgame.mic/.YXSMainActivity,finish-imm:finishIfPossible]
05-11 11:46:10.198 1508 1642 I ActivityManager: Killing 14647:com.qqgame.mic/u0a109 (adj 700): user request after error
05-11 11:46:10.198 1508 1642 I am_kill : [0,14647,com.qqgame.mic,700,user request after error]
05-11 11:46:10.206 1508 1645 I input_focus: [Focus request ec4974b com.android.launcher3/com.android.launcher3.uioverrides.QuickstepLauncher,reason=UpdateInputWindows]
05-11 11:46:10.226 1508 1799 I input_focus: [Focus entering ec4974b com.android.launcher3/com.android.launcher3.uioverrides.QuickstepLauncher (server),reason=setFocusedWindow]
05-11 11:46:10.339 1508 10966 W ActivityManager: Missing app error report, app = com.android.systemui crashing = false notResponding = true
01-01 08:19:18.389 0 0 W binder_cleanup_transaction: 10 callbacks suppressed
01-01 08:19:18.389 0 0 I binder : undelivered transaction 1034530, process died.
05-11 11:46:10.345 1508 10966 I am_proc_died: [0,14647,com.qqgame.mic,1001,18]
01-01 08:19:18.390 0 0 I init : Untracked pid 15137 received signal 9
05-11 11:46:10.346 1508 10954 I WindowManager: WIN DEATH: Window{b44030a u0 com.qqgame.mic/com.qqgame.mic.YXSMainActivity}
05-11 11:46:10.346 1508 1664 I ActivityManager: Process PhantomProcessRecord {2893538 15139:14647:debuggerd/u0a109} died
05-11 11:46:10.346 1508 1664 I ActivityManager: Process PhantomProcessRecord {3f2e911 15137:14647:debuggerd/u0a109} died
05-11 11:46:10.348 1508 10966 I ActivityManager: Killing 14767:com.android.webview:sandboxed_process0:org.chromium.content.app.SandboxedProcessService0:0/u0a109i2 (adj 0): isolated not needed
05-11 11:46:10.348 1508 10966 I am_kill : [0,14767,com.android.webview:sandboxed_process0:org.chromium.content.app.SandboxedProcessService0:0,0,isolated not needed]
05-11 11:46:10.349 1508 10966 I wm_task_removed: [25,removeChild:removeChild last r=ActivityRecord{4e0a090 u0 com.qqgame.mic/.YXSMainActivity taskAffinity=10109:com.qqgame.mic t-1 f}} in t=Task{44e2f01 #25 type=standard A=10109:com.qqgame.mic U=0 visible=false mode=fullscreen translucent=true sz=0 visible freeform task=true rootAffinity=10109:com.qqgame.mic}]
05-11 11:46:10.349 1508 10966 I wm_task_removed: [25,removeChild]
05-11 11:46:10.351 1508 1645 W ActivityTaskManager: Can't find TaskDisplayArea to determine support for multi window. Task id=25 attached=false
05-11 11:46:10.351 1508 1645 W ActivityTaskManager: Can't find TaskDisplayArea to determine support for multi window. Task id=25 attached=false
05-11 11:46:10.352 1508 1644 W ActivityManager: setHasOverlayUi called on unknown pid: 14647
05-11 11:46:10.352 1508 1657 W UsageStatsService: Unexpected activity event reported! (com.qqgame.mic/com.qqgame.mic.YXSMainActivity event : 23 instanceId : 62653837)
05-11 11:46:10.372 1508 10401 I am_proc_died: [0,14767,com.android.webview:sandboxed_process0:org.chromium.content.app.SandboxedProcessService0:0,0,10]
05-11 11:46:10.373 1508 10401 I am_uid_stopped: 99002
05-11 11:46:10.378 1508 1672 E KernelCpuSpeedReader: Failed to read cpu-freq: /sys/devices/system/cpu/cpu4/cpufreq/stats/time_in_state: open failed: ENOENT (No such file or directory)
05-11 11:46:10.378 1508 1672 E KernelCpuSpeedReader: Failed to read cpu-freq: /sys/devices/system/cpu/cpu0/cpufreq/stats/time_in_state: open failed: ENOENT (No such file or directory)
05-11 11:46:10.464 0 0 I auditd : type=1400 audit(0.0:11027): avc: denied { kill } for comm="swapper/5" capability=5 scontext=u:r:kernel:s0 tcontext=u:r:kernel:s0 tclass=capability permissive=1
05-11 11:46:10.877 1508 10401 W ActivityManager: Missing app error report, app = com.android.systemui crashing = false notResponding = true
05-11 11:46:11.105 1508 1799 I input_interaction: Interaction with: 4625c10 StatusBar (server), edge-swipe (server), swipe-up (server), PointerEventDispatcher0 (server),
05-11 11:46:11.110 12833 12833 I sysui_multi_action: [757,803,799,panel_open,802,1]
05-11 11:46:11.111 12833 12833 I sysui_multi_action: [757,1328,758,4,1326,96,1327,2,1329,0]
05-11 11:46:11.125 1508 10966 I sysui_multi_action: [757,127,758,1]
05-11 11:46:11.125 1508 10966 I sysui_multi_action: [757,804,799,note_load,801,4,802,1]
05-11 11:46:11.125 1508 10966 I notification_panel_revealed: 4
05-11 11:46:11.134 1508 1645 I input_focus: [Focus request 72a4037 NotificationShade,reason=UpdateInputWindows]
05-11 11:46:11.140 1508 3065 I sysui_multi_action: [757,128,758,1,793,1144788,794,0,795,1144788,796,26,798,1,806,android,857,DEVELOPER_IMPORTANT,858,4,947,0,1395,4,1500,1144300,1688,1]
05-11 11:46:11.140 1508 3065 I sysui_multi_action: [757,804,799,note_freshness,801,1144788,802,1]
05-11 11:46:11.141 1508 3065 I notification_visibility: [-1|android|26|null|1000,1,1144788,1144788,0,1]
05-11 11:46:11.141 1508 3065 I sysui_multi_action: [757,128,758,1,793,33384,794,0,795,33384,796,-3365,798,2,806,com.ss.android.lark,857,normal_v2,858,4,947,0,1395,4,1500,33182,1688,1,1745,945454168]
05-11 11:46:11.141 1508 3065 I sysui_multi_action: [757,804,799,note_freshness,801,33384,802,1]
05-11 11:46:11.141 1508 3065 I notification_visibility: [0|com.ss.android.lark|-3365|null|10113,1,33384,33384,0,2]
05-11 11:46:11.141 1508 3065 I sysui_multi_action: [757,128,758,1,793,699900,794,0,795,699900,796,4274,798,0,806,com.android.systemui,857,screen_record,858,3,947,0,1395,4,1500,699698,1688,1]
05-11 11:46:11.141 1508 3065 I sysui_multi_action: [757,804,799,note_freshness,801,699900,802,1]
05-11 11:46:11.141 1508 3065 I notification_visibility: [0|com.android.systemui|4274|null|10078,1,699900,699900,0,0]
05-11 11:46:11.141 1508 3065 I sysui_multi_action: [757,128,758,1,793,1144792,794,0,795,1144792,796,27,798,3,806,android,857,USB,858,1,947,0,1395,4,1500,1144302,1688,1]
05-11 11:46:11.141 1508 3065 I sysui_multi_action: [757,804,799,note_freshness,801,1144792,802,1]
05-11 11:46:11.141 1508 3065 I notification_visibility: [-1|android|27|null|1000,1,1144792,1144792,0,3]
05-11 11:46:11.144 1508 1799 I input_focus: [Focus leaving ec4974b com.android.launcher3/com.android.launcher3.uioverrides.QuickstepLauncher (server),reason=setFocusedWindow]
05-11 11:46:11.144 1508 1799 I input_focus: [Focus entering 72a4037 NotificationShade (server),reason=setFocusedWindow]
05-11 11:46:11.192 12833 12833 I sysui_multi_action: [757,111,758,1]
05-11 11:46:11.192 12833 12833 I sysui_multi_action: [757,126,758,1,759,126,927,0,928,1,1593,0]
05-11 11:46:11.192 12833 12833 I sysui_multi_action: [757,113,758,1,759,113,927,1,928,1,1593,0]
05-11 11:46:11.192 12833 12833 I sysui_multi_action: [757,0,758,1,759,0,927,2,928,0,1593,0]
05-11 11:46:11.193 12833 12833 I sysui_multi_action: [757,0,758,1,759,0,927,3,928,0,1593,0]
05-11 11:46:11.193 12833 12833 I sysui_multi_action: [757,491,758,1,759,491,927,4,928,0,1311,-1,1593,0]
05-11 11:46:11.193 12833 12833 I sysui_multi_action: [757,0,758,1,759,0,927,5,928,0,1593,0]
05-11 11:46:11.193 12833 12833 I sysui_multi_action: [757,0,758,1,759,0,927,6,1593,0]
05-11 11:46:11.194 12833 12833 I sysui_multi_action: [757,111,758,1]
05-11 11:46:11.194 12833 12833 I sysui_multi_action: [757,126,758,1,759,126,927,0,928,1,1593,0]
05-11 11:46:11.194 12833 12833 I sysui_multi_action: [757,113,758,1,759,113,927,1,928,1,1593,0]
05-11 11:46:11.194 12833 12833 I sysui_multi_action: [757,0,758,1,759,0,927,2,928,0,1593,0]
05-11 11:46:11.194 12833 12833 I sysui_multi_action: [757,0,758,1,759,0,927,3,928,0,1593,0]
05-11 11:46:11.384 1508 10954 W ActivityManager: Missing app error report, app = com.android.systemui crashing = false notResponding = true
05-11 11:46:11.886 1508 10954 W ActivityManager: Missing app error report, app = com.android.systemui crashing = false notResponding = true
05-11 11:46:12.427 1508 10954 W ActivityManager: Missing app error report, app = com.android.systemui crashing = false notResponding = true
05-11 11:46:12.950 1508 10954 W ActivityManager: Missing app error report, app = com.android.systemui crashing = false notResponding = true
01-01 08:19:21.321 0 0 E link_delay_work_func: DTC_ETH: SQI=0, link=0
05-11 11:46:13.477 1508 1840 W ActivityManager: Missing app error report, app = com.android.systemui crashing = false notResponding = true
05-11 11:46:13.979 1508 1840 W ActivityManager: Missing app error report, app = com.android.systemui crashing = false notResponding = true
05-11 11:46:14.481 1508 1840 W ActivityManager: Missing app error report, app = com.android.systemui crashing = false notResponding = true
05-11 11:46:14.703 1508 1840 I netstats_mobile_sample: [0,0,0,0,0,0,0,0,0,0,0,0,1683874459903]
05-11 11:46:14.703 1508 1840 I netstats_wifi_sample: [40,1,128,2,40,1,128,2,40,1,64,1,1683874459903]
05-11 11:46:14.984 1508 1840 W ActivityManager: Missing app error report, app = com.android.systemui crashing = false notResponding = true
05-11 11:46:15.485 1508 1840 W ActivityManager: Missing app error report, app = com.android.systemui crashing = false notResponding = true
05-11 11:46:15.987 1508 1840 W ActivityManager: Missing app error report, app = com.android.systemui crashing = false notResponding = true
05-11 11:46:16.150 1508 17466 W ActivityManager: Dumping Java threads failed, initiating native stack dump.
05-11 11:46:16.152 1508 17466 W ActivityManager: Native stack dump failed!
05-11 11:46:16.152 1508 17466 I ActivityManager: Collecting stacks for extra pid 3484
05-11 11:46:16.525 1508 1840 W ActivityManager: Missing app error report, app = com.android.systemui crashing = false notResponding = true
05-11 11:46:17.031 1508 1840 W ActivityManager: Missing app error report, app = com.android.systemui crashing = false notResponding = true
05-11 11:46:17.038 1508 17466 I ActivityManager: Collecting stacks for extra pid 4996
05-11 11:46:17.216 1508 17466 I ActivityManager: Collecting stacks for extra pid 5077
05-11 11:46:17.558 1508 1840 W ActivityManager: Missing app error report, app = com.android.systemui crashing = false notResponding = true
05-11 11:46:17.673 1508 17466 I ActivityManager: Collecting stacks for extra pid 13014
05-11 11:46:18.075 1508 3065 W ActivityManager: Missing app error report, app = com.android.systemui crashing = false notResponding = true
01-01 08:19:26.441 0 0 E link_delay_work_func: DTC_ETH: SQI=0, link=0
05-11 11:46:18.580 1508 3065 W ActivityManager: Missing app error report, app = com.android.systemui crashing = false notResponding = true
05-11 11:46:19.110 1508 3065 W ActivityManager: Missing app error report, app = com.android.systemui crashing = false notResponding = true
05-11 11:46:19.614 1508 3065 W ActivityManager: Missing app error report, app = com.android.systemui crashing = false notResponding = true
05-11 11:46:20.126 1508 3065 W ActivityManager: Missing app error report, app = com.android.systemui crashing = false notResponding = true
05-11 11:46:20.628 1508 3065 W ActivityManager: Missing app error report, app = com.android.systemui crashing = false notResponding = true
05-11 11:46:20.896 13014 13014 I auditd : type=1400 audit(0.0:11028): avc: denied { getattr } for comm="NPTH-AnrMonitor" path="/sys/kernel/tracing/trace_marker" dev="tracefs" ino=11962 scontext=u:r:untrusted_app:s0:c113,c256,c512,c768 tcontext=u:object_r:debugfs_trace_marker:s0 tclass=file permissive=1 app=com.ss.android.lark
01-01 08:19:29.008 0 0 I logd : logdr: UID=10113 GID=10113 PID=17984 n tail=0 logMask=d pid=0 start=0ns deadline=0ns
05-11 11:46:21.133 1508 3065 W ActivityManager: Missing app error report, app = com.android.systemui crashing = false notResponding = true
05-11 11:46:21.645 1508 3065 W ActivityManager: Missing app error report, app = com.android.systemui crashing = false notResponding = true
05-11 11:46:21.655 1508 1893 I sync : [com.tencent.android.qqdownloader.YYBLiveAccountProvider,0,3,24220937]
05-11 11:46:21.658 1508 1840 W ActivityManager: Background start not allowed: service Intent { cmp=com.tencent.android.qqdownloader/com.tencent.assistant.sdk.SDKSupportService (has extras) } to com.tencent.android.qqdownloader/com.tencent.assistant.sdk.SDKSupportService from pid=3267 uid=10094 pkg=com.tencent.android.qqdownloader startFg?=false
05-11 11:46:21.664 1508 3065 W ActivityManager: Background start not allowed: service Intent { cmp=com.tencent.android.qqdownloader/com.tencent.assistant.sdk.SDKSupportService (has extras) } to com.tencent.android.qqdownloader/com.tencent.assistant.sdk.SDKSupportService from pid=3267 uid=10094 pkg=com.tencent.android.qqdownloader startFg?=false
05-11 11:46:21.673 1508 1893 I sync : [com.tencent.android.qqdownloader.YYBLiveAccountProvider,1,3,24220937]
05-11 11:46:21.674 1508 1893 I commit_sys_config_file: [sync-status,1151448]
05-11 11:46:21.678 1508 1893 I sync : [com.tencent.android.qqdownloader.YYBLiveAccountProvider,0,3,24220937]
05-11 11:46:21.681 1508 10965 W ActivityManager: Background start not allowed: service Intent { cmp=com.tencent.android.qqdownloader/com.tencent.assistant.sdk.SDKSupportService (has extras) } to com.tencent.android.qqdownloader/com.tencent.assistant.sdk.SDKSupportService from pid=3267 uid=10094 pkg=com.tencent.android.qqdownloader startFg?=false
05-11 11:46:21.684 1508 10965 W ActivityManager: Background start not allowed: service Intent { cmp=com.tencent.android.qqdownloader/com.tencent.assistant.sdk.SDKSupportService (has extras) } to com.tencent.android.qqdownloader/com.tencent.assistant.sdk.SDKSupportService from pid=3267 uid=10094 pkg=com.tencent.android.qqdownloader startFg?=false
05-11 11:46:21.692 1508 1893 I sync : [com.tencent.android.qqdownloader.YYBLiveAccountProvider,1,3,24220937]
05-11 11:46:21.694 1508 1893 I commit_sys_config_file: [sync-status,1151469]
05-11 11:46:22.185 1508 10965 W ActivityManager: Missing app error report, app = com.android.systemui crashing = false notResponding = true
01-01 08:19:31.561 0 0 E link_delay_work_func: DTC_ETH: SQI=0, link=0
05-11 11:46:23.675 1508 1643 I commit_sys_config_file: [jobs,2]
05-11 11:46:23.774 1508 17466 W ActivityManager: Dumping Java threads failed, initiating native stack dump.
05-11 11:46:24.176 18002 18002 I auditd : type=1400 audit(0.0:11029): avc: denied { read } for comm="crash_dump64" name="libwebviewbytedance.so" dev="dm-10" ino=102506 scontext=u:r:crash_dump:s0:c113,c256,c512,c768 tcontext=u:object_r:app_data_file:s0:c113,c256,c512,c768 tclass=file permissive=1 app=com.ss.android.lark
05-11 11:46:24.176 18002 18002 I auditd : type=1400 audit(0.0:11030): avc: denied { open } for comm="crash_dump64" path="/data/data/com.ss.android.lark/files/webview_bytedance/2447f0e84334eb6ebb6fdc18c06dd17b_md5/libwebviewbytedance.so" dev="dm-10" ino=102506 scontext=u:r:crash_dump:s0:c113,c256,c512,c768 tcontext=u:object_r:app_data_file:s0:c113,c256,c512,c768 tclass=file permissive=1 app=com.ss.android.lark
05-11 11:46:24.176 18002 18002 I auditd : type=1400 audit(0.0:11031): avc: denied { getattr } for comm="crash_dump64" path="/data/data/com.ss.android.lark/files/webview_bytedance/2447f0e84334eb6ebb6fdc18c06dd17b_md5/libwebviewbytedance.so" dev="dm-10" ino=102506 scontext=u:r:crash_dump:s0:c113,c256,c512,c768 tcontext=u:object_r:app_data_file:s0:c113,c256,c512,c768 tclass=file permissive=1 app=com.ss.android.lark
05-11 11:46:24.176 18002 18002 I auditd : type=1400 audit(0.0:11032): avc: denied { map } for comm="crash_dump64" path="/data/data/com.ss.android.lark/files/webview_bytedance/2447f0e84334eb6ebb6fdc18c06dd17b_md5/libwebviewbytedance.so" dev="dm-10" ino=102506 scontext=u:r:crash_dump:s0:c113,c256,c512,c768 tcontext=u:object_r:app_data_file:s0:c113,c256,c512,c768 tclass=file permissive=1 app=com.ss.android.lark
05-11 11:46:24.748 1508 17466 E ActivityManager: Aborting stack trace dump (current extra pid=13014); deadline exceeded.
05-11 11:46:24.764 4996 4996 I auditd : type=1400 audit(0.0:11033): avc: granted { nlmsg_readpriv } for comm="DaemonThread-6" scontext=u:r:untrusted_app_27:s0:c512,c768 tcontext=u:r:untrusted_app_27:s0:c512,c768 tclass=netlink_route_socket app=com.wandoujia.phoenix2
05-11 11:46:24.772 1508 17466 E ActivityManager: ANR in com.android.systemui
05-11 11:46:24.772 1508 17466 E ActivityManager: PID: 12833
05-11 11:46:24.772 1508 17466 E ActivityManager: Reason: Input dispatching timed out (4625c10 StatusBar (server) is not responding. Waited 5000ms for MotionEvent(deviceId=4, eventTime=1130358412000, source=0x00005002, displayId=0, action=MOVE, actionButton=0x00000000, flags=0x00000000, metaState=0x00000000, buttonState=0x00000000, classification=NONE, edgeFlags=0x00000000, xPrecision=1.0, yPrecision=1.0, xCursorPosition=nan, yCursorPosition=nan, pointers=[0: (2064.0, 69.0)]), policyFlags=0x62000000)
05-11 11:46:24.772 1508 17466 E ActivityManager: ErrorId: 41c567cc-3f06-4cb7-997f-56a073cec54b
05-11 11:46:24.772 1508 17466 E ActivityManager: Frozen: false
05-11 11:46:24.772 1508 17466 E ActivityManager: Load: 3.89 / 2.16 / 1.69
05-11 11:46:24.772 1508 17466 E ActivityManager: ----- Output from /proc/pressure/memory -----
05-11 11:46:24.772 1508 17466 E ActivityManager: some avg10=0.00 avg60=0.13 avg300=0.07 total=1501321
05-11 11:46:24.772 1508 17466 E ActivityManager: full avg10=0.00 avg60=0.02 avg300=0.00 total=540548
05-11 11:46:24.772 1508 17466 E ActivityManager: ----- End output from /proc/pressure/memory -----
05-11 11:46:24.772 1508 17466 E ActivityManager:
05-11 11:46:24.772 1508 17466 E ActivityManager: CPU usage from 22ms to -20968ms ago (2023-05-11 11:46:03.759 to 2023-05-11 11:46:24.748):
05-11 11:46:24.772 1508 17466 E ActivityManager: 33% 13014/com.ss.android.lark: 20% user + 12% kernel / faults: 39407 minor 17 major
05-11 11:46:24.772 1508 17466 E ActivityManager: 29% 12833/com.android.systemui: 26% user + 3.3% kernel / faults: 7688 minor
05-11 11:46:24.772 1508 17466 E ActivityManager: 16% 851/vendor.qti.hardware.display.composer-service: 10% user + 5.9% kernel / faults: 538 minor
05-11 11:46:24.772 1508 17466 E ActivityManager: 13% 939/surfaceflinger: 9.2% user + 4.4% kernel / faults: 1601 minor
05-11 11:46:24.772 1508 17466 E ActivityManager: 6.1% 1508/system_server: 3.1% user + 3% kernel / faults: 4558 minor
05-11 11:46:24.772 1508 17466 E ActivityManager: 5.6% 3484/com.tencent.android.qqdownloader:daemon: 3.3% user + 2.2% kernel / faults: 10924 minor 10 major
05-11 11:46:24.772 1508 17466 E ActivityManager: 4.8% 3003/com.hht.lebocast: 3.1% user + 1.6% kernel / faults: 5407 minor
05-11 11:46:24.772 1508 17466 E ActivityManager: 4.8% 17189/com.tencent.mm: 4% user + 0.7% kernel / faults: 15350 minor
05-11 11:46:24.772 1508 17466 E ActivityManager: 4.4% 5077/com.wandoujia.phoenix2: 2.9% user + 1.4% kernel / faults: 2046 minor
05-11 11:46:24.772 1508 17466 E ActivityManager: 4.3% 516/logd: 1% user + 3.3% kernel / faults: 49 minor
05-11 11:46:24.772 1508 17466 E ActivityManager: 3% 4996/com.wandoujia.phoenix2:aid: 2.2% user + 0.8% kernel / faults: 1653 minor
05-11 11:46:24.772 1508 17466 E ActivityManager: 0.3% 290/kworker/u16:8-kverityd: 0% user + 0.3% kernel
05-11 11:46:24.772 1508 17466 E ActivityManager: 0.4% 336/kworker/u16:11-kverityd: 0% user + 0.4% kernel
05-11 11:46:24.772 1508 17466 E ActivityManager: 1.3% 1211/tlog: 0.8% user + 0.5% kernel / faults: 26 minor
05-11 11:46:24.772 1508 17466 E ActivityManager: 1.2% 342/kworker/u16:12-kverityd: 0% user + 1.2% kernel
05-11 11:46:24.772 1508 17466 E ActivityManager: 1.2% 4470/logcat: 0.4% user + 0.8% kernel
05-11 11:46:24.772 1508 17466 E ActivityManager: 1.2% 395/crtc_commit:125: 0% user + 1.2% kernel
05-11 11:46:24.772 1508 17466 E ActivityManager: 0.6% 584/android.system.suspend@1.0-service: 0.2% user + 0.3% kernel / faults: 88 minor
05-11 11:46:24.772 1508 17466 E ActivityManager: 1% 1184/cnss_diag: 0.8% user + 0.1% kernel
05-11 11:46:24.772 1508 17466 E ActivityManager: 0.7% 279/kworker/u16:6-ufs_pm_qos_0: 0% user + 0.7% kernel
05-11 11:46:24.772 1508 17466 E ActivityManager: 0.7% 1236/media.codec: 0.5% user + 0.1% kernel / faults: 8095 minor
05-11 11:46:24.772 1508 17466 E ActivityManager: 0.6% 273/kworker/u16:3+CDSP_CNTL: 0% user + 0.6% kernel
05-11 11:46:24.772 1508 17466 E ActivityManager: 0.5% 287/kgsl_worker_thr: 0% user + 0.5% kernel
05-11 11:46:24.772 1508 17466 E ActivityManager: 0.5% 358/kworker/u16:15+NPU_CNTL: 0% user + 0.5% kernel
05-11 11:46:24.772 1508 17466 E ActivityManager: 0.5% 4689/com.tencent.mm:push: 0.4% user + 0% kernel / faults: 1896 minor
05-11 11:46:24.772 1508 17466 E ActivityManager: 0.4% 3555/com.tencent.android.qqdownloader: 0.3% user + 0% kernel / faults: 72 minor
05-11 11:46:24.772 1508 17466 E ActivityManager: 0.4% 16326/kworker/u17:3-hal_register_write_wq: 0% user + 0.4% kernel
05-11 11:46:24.772 1508 17466 E ActivityManager: 0.3% 889/media.hwcodec: 0.3% user + 0% kernel / faults: 3526 minor
05-11 11:46:24.772 1508 17466 E ActivityManager: 0.3% 96/kswapd-1:0: 0% user + 0.3% kernel
05-11 11:46:24.772 1508 17466 E ActivityManager: 0.1% 3407/com.baidu.input: 0% user + 0% kernel / faults: 244 minor
05-11 11:46:24.772 1508 17466 E ActivityManager: 0.3% 15205/com.qqgame.mic:estPlugin: 0.2% user + 0% kernel / faults: 743 minor
05-11 11:46:24.772 1508 17466 E ActivityManager: 0.2% 844/android.hardware.wifi@1.0-service: 0.1% user + 0% kernel / faults: 331 minor
05-11 11:46:24.772 1508 17466 E ActivityManager: 0.2% 10/rcu_preempt: 0% user + 0.2% kernel
05-11 11:46:24.772 1508 17466 E ActivityManager: 0.2% 396/crtc_event:125: 0% user + 0.2% kernel
05-11 11:46:24.772 1508 17466 E ActivityManager: 0.2% 643/tombstoned: 0% user + 0.1% kernel / faults: 1 minor 1 major
05-11 11:46:24.772 1508 17466 E ActivityManager: 0.2% 695/kworker/u17:8-pil_workqueue: 0% user + 0.2% kernel
05-11 11:46:24.772 1508 17466 E ActivityManager: 0.2% 1894/com.android.bluetooth: 0% user + 0.1% kernel / faults: 1008 minor
05-11 11:46:24.772 1508 17466 E ActivityManager: 0.1% 13/rcuop/0: 0% user + 0.1% kernel
05-11 11:46:24.772 1508 17466 E ActivityManager: 0.1% 519/hwservicemanager: 0.1% user + 0% kernel / faults: 12 minor
05-11 11:46:24.772 1508 17466 E ActivityManager: 0.1% 662/vendor.ts.uart@1.0-service: 0% user + 0% kernel
05-11 11:46:24.772 1508 17466 E ActivityManager: 0.1% 1315/media.swcodec: 0.1% user + 0% kernel / faults: 3629 minor
05-11 11:46:24.772 1508 17466 E ActivityManager: 0.1% 2031/com.thundercomm.gamemode: 0.1% user + 0% kernel / faults: 229 minor
05-11 11:46:24.772 1508 17466 E ActivityManager: 0.1% 3267/com.tencent.android.qqdownloader:live: 0% user + 0% kernel / faults: 74 minor
05-11 11:46:24.772 1508 17466 E ActivityManager: 0.1% 3598/com.tencent.android.qqdownloader:cloud: 0.1% user + 0% kernel / faults: 49 minor
05-11 11:46:24.772 1508 17466 E ActivityManager: 0% 6425/com.android.webview:webview_service: 0% user + 0% kernel / faults: 947 minor
05-11 11:46:24.772 1508 17466 E ActivityManager: 0.1% 6551/com.tencent.android.qqdownloader:wxa_container0: 0% user + 0% kernel / faults: 103 minor
05-11 11:46:24.772 1508 17466 E ActivityManager: 0.1% 11018/com.qqgame.happymj: 0% user + 0.1% kernel / faults: 163 minor
05-11 11:46:24.772 1508 17466 E ActivityManager: 0.1% 1/init: 0% user + 0.1% kernel / faults: 126 minor
05-11 11:46:24.772 1508 17466 E ActivityManager: 0% 14/rcuos/0: 0% user + 0% kernel
05-11 11:46:24.772 1508 17466 E ActivityManager: 0.1% 32/rcuop/2: 0% user + 0.1% kernel
05-11 11:46:24.772 1508 17466 E ActivityManager: 0.1% 48/rcuop/4: 0% user + 0.1% kernel
05-11 11:46:24.772 1508 17466 E ActivityManager: 0.1% 64/rcuop/6: 0% user + 0.1% kernel
05-11 11:46:24.772 1508 17466 E ActivityManager: 0.1% 88/qmp_aop: 0% user + 0.1% kernel
05-11 11:46:24.772 1508 17466 E ActivityManager: 0.1% 101/irq/41-tsens-up: 0% user + 0.1% kernel
05-11 11:46:24.772 1508 17466 E ActivityManager: 0.1% 685/netd: 0% user + 0% kernel / faults: 251 minor
05-11 11:46:24.772 1508 17466 E ActivityManager: 0% 1200/media.metrics: 0% user + 0% kernel / faults: 1165 minor
05-11 11:46:24.772 1508 17466 E ActivityManager: 0.1% 2141/com.thundercomm.microsettings: 0% user + 0% kernel / faults: 188 minor
05-11 11:46:24.772 1508 17466 E ActivityManager: 0.1% 2644/com.android.launcher3: 0% user + 0% kernel / faults: 27 minor
05-11 11:46:24.772 1508 17466 E ActivityManager: 0.1% 2854/irq/16-90b6400.: 0% user + 0.1% kernel
05-11 11:46:24.772 1508 17466 E ActivityManager: 0.1% 2856/irq/17-9091000.: 0% user + 0.1% kernel
05-11 11:46:24.772 1508 17466 E ActivityManager: 0.1% 3008/ts.car.uart: 0% user + 0% kernel / faults: 104 minor
05-11 11:46:24.772 1508 17466 E ActivityManager: 0.1% 3294/com.tencent.mobileqq:MSF: 0% user + 0% kernel / faults: 29 minor
05-11 11:46:24.772 1508 17466 E ActivityManager: 0.1% 6161/com.tencent.ilink.ServiceProcess: 0% user + 0.1% kernel / faults: 44 minor
05-11 11:46:24.772 1508 17466 E ActivityManager: 0% 14682/com.qqgame.mic:xg_vip_service: 0% user + 0% kernel / faults: 270 minor
05-11 11:46:24.772 1508 17466 E ActivityManager: 0% 9/ksoftirqd/0: 0% user + 0% kernel
05-11 11:46:24.772 1508 17466 E ActivityManager: 0% 11/rcu_sched: 0% user + 0% kernel
05-11 11:46:24.772 1508 17466 E ActivityManager: 0% 40/rcuop/3: 0% user + 0% kernel
05-11 11:46:24.772 1508 17466 E ActivityManager: 0% 72/rcuop/7: 0% user + 0% kernel
05-11 11:46:24.772 1508 17466 E ActivityManager: 0% 517/lmkd: 0% user + 0% kernel
05-11 11:46:24.772 1508 17466 E ActivityManager: 0% 518/servicemanager: 0% user + 0% kernel
05-11 11:46:24.772 1508 17466 E ActivityManager: 0% 684/statsd: 0% user + 0% kernel / faults: 132 minor
05-11 11:46:24.772 1508 17466 E ActivityManager: 0% 709/kworker/u17:22-mhi_w: 0% user + 0% kernel
05-11 11:46:24.772 1508 17466 E ActivityManager: 0% 877/vendor.qti.hardware.perf@2.2-service: 0% user + 0% kernel / faults: 18 minor
05-11 11:46:24.772 1508 17466 E ActivityManager: 0% 1199/media.extractor: 0% user + 0% kernel / faults: 2272 minor
05-11 11:46:24.772 1508 17466 E ActivityManager: 0% 2135/com.thundercomm.microservice: 0% user + 0% kernel / faults: 103 minor
05-11 11:46:24.772 1508 17466 E ActivityManager: 0% 2151/.qtidataservices: 0% user + 0% kernel / faults: 132 minor
05-11 11:46:24.772 1508 17466 E ActivityManager: 0% 2246/com.android.networkstack.process: 0% user + 0% kernel / faults: 111 minor
05-11 11:46:24.772 1508 17466 E ActivityManager: 0% 2255/com.thundercomm.tcsetupwizard: 0% user + 0% kernel / faults: 93 minor
05-11 11:46:24.772 1508 17466 E ActivityManager: 0% 2285/vendor.qti.qesdk.sysservice: 0% user + 0% kernel / faults: 92 minor
05-11 11:46:24.772 1508 17466 E ActivityManager: 0% 2374/com.thundercomm.remotecontrolservice: 0% user + 0% kernel / faults: 102 minor
05-11 11:46:24.772 1508 17466 E ActivityManager: 0% 2385/com.thundercomm.tcservice: 0% user + 0% kernel / faults: 106 minor
05-11 11:46:24.772 1508 17466 E ActivityManager: 0% 2430/com.qualcomm.qti.qdma: 0% user + 0% kernel / faults: 114 minor
05-11 11:46:24.772 1508 17466 E ActivityManager: 0% 2491/com.thundercomm.gamemode.provider: 0% user + 0% kernel / faults: 745 minor
05-11 11:46:24.772 1508 17466 E ActivityManager: 0% 2726/hht_ota_mgr: 0% user + 0% kernel
05-11 11:46:24.772 1508 17466 E ActivityManager: 0% 2777/com.qualcomm.location: 0% user + 0% kernel / faults: 109 minor
05-11 11:46:24.772 1508 17466 E ActivityManager: 0% 3045/com.hryt.hiphishowfsecontrol: 0% user + 0% kernel / faults: 105 minor
05-11 11:46:24.772 1508 17466 E ActivityManager: 0% 3072/.pasr: 0% user + 0% kernel / faults: 93 minor
05-11 11:46:24.772 1508 17466 E ActivityManager: 0% 3074/com.qualcomm.qti.services.systemhelper:systemhelper_service: 0% user + 0% kernel / faults: 114 minor
05-11 11:46:24.772 1508 17466 E ActivityManager: 0% 3109/com.qualcomm.qti.qccnetstat: 0% user + 0% kernel / faults: 105 minor
05-11 11:46:24.772 1508 17466 E ActivityManager: 0% 3399/dp_rx_thread_0: 0% user + 0% kernel
05-11 11:46:24.772 1508 17466 E ActivityManager: 0% 4062/com.qualcomm.qti.devicestatisticsservice: 0% user + 0% kernel / faults: 188 minor
05-11 11:46:24.772 1508 17466 E ActivityManager: 0% 4602/com.baidu.appsearch: 0% user + 0% kernel / faults: 56 minor
05-11 11:46:24.772 1508 17466 E ActivityManager: 0% 13708/com.ss.android.lark:wschannel: 0% user + 0% kernel / faults: 37 minor
05-11 11:46:24.772 1508 17466 E ActivityManager: 0% 7/kworker/u16:0-kverityd: 0% user + 0% kernel
05-11 11:46:24.772 1508 17466 E ActivityManager: 0% 24/rcuop/1: 0% user + 0% kernel
05-11 11:46:24.772 1508 17466 E ActivityManager: 0% 25/rcuos/1: 0% user + 0% kernel
05-11 11:46:24.772 1508 17466 E ActivityManager: 0% 56/rcuop/5: 0% user + 0% kernel
05-11 11:46:24.772 1508 17466 E ActivityManager: 0% 80/kworker/u16:1+SENSORS_CNTL: 0% user + 0% kernel
05-11 11:46:24.772 1508 17466 E ActivityManager: 0% 83/kworker/2:1-events: 0% user + 0% kernel
05-11 11:46:24.772 1508 17466 E ActivityManager: 0% 109/ion-pool-uncach: 0% user + 0% kernel
05-11 11:46:24.772 1508 17466 E ActivityManager: 0% 111/system: 0% user + 0% kernel
05-11 11:46:24.772 1508 17466 E ActivityManager: 0% 271/kworker/u16:2-WCNSS_DCI: 0% user + 0% kernel
05-11 11:46:24.772 1508 17466 E ActivityManager: 0% 277/kworker/u16:5+WCNSS_CNTL: 0% user + 0% kernel
05-11 11:46:24.772 1508 17466 E ActivityManager: 0% 286/kgsl-mementry: 0% user + 0% kernel
05-11 11:46:24.772 1508 17466 E ActivityManager: 0% 347/irq/350-atmel_m: 0% user + 0% kernel
05-11 11:46:24.772 1508 17466 E ActivityManager: 0% 348/kworker/7:2-sock_diag_events: 0% user + 0% kernel
05-11 11:46:24.772 1508 17466 E ActivityManager: 0% 585/keystore2: 0% user + 0% kernel / faults: 111 minor
05-11 11:46:24.772 1508 17466 E ActivityManager: 0% 822/android.hardware.bluetooth@1.0-service-qti: 0% user + 0% kernel / faults: 98 minor
05-11 11:46:24.772 1508 17466 E ActivityManager: 0% 834/android.hardware.lights-service.qti: 0% user + 0% kernel / faults: 80 minor 3 major
05-11 11:46:24.772 1508 17466 E ActivityManager: 0% 835/android.hardware.memtrack@1.0-service: 0% user + 0% kernel
05-11 11:46:24.772 1508 17466 E ActivityManager: 0% 1201/mediaserver: 0% user + 0% kernel / faults: 115 minor
05-11 11:46:24.772 1508 17466 E ActivityManager: 0% 2144/.dataservices: 0% user + 0% kernel / faults: 108 minor
05-11 11:46:24.772 1508 17466 E ActivityManager: 0% 2180/com.thundercomm.tchttpserver: 0% user + 0% kernel / faults: 104 minor
05-11 11:46:24.772 1508 17466 E ActivityManager: 0% 2239/com.tc.logclient: 0% user + 0% kernel / faults: 106 minor
05-11 11:46:24.772 1508 17466 E ActivityManager: 0% 2305/com.qti.qualcomm.mstatssystemservice: 0% user + 0% kernel / faults: 96 minor
05-11 11:46:24.772 1508 17466 E ActivityManager: 0% 2339/com.android.se: 0% user + 0% kernel / faults: 104 minor
05-11 11:46:24.772 1508 17466 E ActivityManager: 0% 2472/android.ext.services: 0% user + 0% kernel / faults: 1 minor
05-11 11:46:24.772 1508 17466 E ActivityManager: 0% 3138/com.qualcomm.qti.workloadclassifier: 0% user + 0% kernel / faults: 105 minor
05-11 11:46:24.772 1508 17466 E ActivityManager: 0% 3174/com.android.providers.media.module: 0% user + 0% kernel
05-11 11:46:24.772 1508 17466 E ActivityManager: 0% 3392/scheduler_threa: 0% user + 0% kernel
05-11 11:46:24.772 1508 17466 E ActivityManager: 0% 4923/com.wandoujia.phoenix2:channel: 0% user + 0% kernel / faults: 52 minor
05-11 11:46:24.772 1508 17466 E ActivityManager: 0% 13357/com.ss.android.lark:sandboxed_process1: 0% user + 0% kernel / faults: 23 minor
05-11 11:46:24.772 1508 17466 E ActivityManager: 0% 14179/kworker/1:0-events_power_efficient: 0% user + 0% kernel
05-11 11:46:24.772 1508 17466 E ActivityManager: 0% 14310/kworker/5:0-events_freezable_power_: 0% user + 0% kernel
05-11 11:46:24.772 1508 17466 E ActivityManager: +0% 17763/android.hardware.audio.service: 0% user + 0% kernel
05-11 11:46:24.772 1508 17466 E ActivityManager: +0% 17764/audioserver: 0% user + 0% kernel
05-11 11:46:24.772 1508 17466 E ActivityManager: +0% 17970/kworker/u16:4-kverityd: 0% user + 0% kernel
05-11 11:46:24.772 1508 17466 E ActivityManager: +0% 17971/kworker/u16:7-ufs_pm_qos_0: 0% user + 0% kernel
05-11 11:46:24.772 1508 17466 E ActivityManager: +0% 17972/kworker/u16:9: 0% user + 0% kernel
05-11 11:46:24.772 1508 17466 E ActivityManager: +0% 17973/kworker/u16:10: 0% user + 0% kernel
05-11 11:46:24.772 1508 17466 E ActivityManager: +0% 17984/logcat: 0% user + 0% kernel
05-11 11:46:24.772 1508 17466 E ActivityManager: +0% 18002/crash_dump64: 0% user + 0% kernel
05-11 11:46:24.772 1508 17466 E ActivityManager: +0% 18006/com.ss.android.lark: 0% user + 0% kernel
05-11 11:46:24.772 1508 17466 E ActivityManager: 22% TOTAL: 13% user + 7.7% kernel + 0.1% iowait + 0.8% irq + 0.1% softirq
05-11 11:46:24.772 1508 17466 E ActivityManager: CPU usage from 17ms to 392ms later (2023-05-11 11:46:03.797 to 2023-05-11 11:46:04.173):
05-11 11:46:24.772 1508 17466 E ActivityManager: 47% 14647/com.qqgame.mic: 38% user + 8.6% kernel / faults: 5 minor
05-11 11:46:24.772 1508 17466 E ActivityManager: 38% 14745/UnityMain: 38% user + 0% kernel
05-11 11:46:24.772 1508 17466 E ActivityManager: 4.3% 14955/UnityChoreograp: 4.3% user + 0% kernel
05-11 11:46:24.772 1508 17466 E ActivityManager: 33% 1508/system_server: 10% user + 23% kernel / faults: 721 minor
05-11 11:46:24.772 1508 17466 E ActivityManager: 33% 17466/AnrConsumer: 10% user + 23% kernel
05-11 11:46:24.772 1508 17466 E ActivityManager: 3.3% 1840/Binder:1508_3: 3.3% user + 0% kernel
