05-11 11:45:40.673 1508 17000 I ActivityManager: Collecting stacks for native pid 822
05-11 11:45:40.691 1508 17000 I ActivityManager: Collecting stacks for native pid 1174
05-11 11:45:40.711 1508 17000 I ActivityManager: Collecting stacks for native pid 889
05-11 11:45:40.791 1508 17000 I ActivityManager: Collecting stacks for native pid 830
05-11 11:45:40.816 1508 17000 I ActivityManager: Done dumping
05-11 11:45:40.817 1508 17000 E ActivityManager: ANR in com.tencent.mm (com.tencent.mm/.plugin.voip.ui.VideoActivity)
05-11 11:45:40.817 1508 17000 E ActivityManager: PID: 16400
05-11 11:45:40.817 1508 17000 E ActivityManager: Reason: Input dispatching timed out (9873987 com.tencent.mm/com.tencent.mm.plugin.voip.ui.VideoActivity (server) is not responding. Waited 5001ms for FocusEvent(hasFocus=false))
05-11 11:45:40.817 1508 17000 E ActivityManager: Parent: com.tencent.mm/.plugin.voip.ui.VideoActivity
05-11 11:45:40.817 1508 17000 E ActivityManager: ErrorId: e94adaec-6d7f-4610-ab73-79a281648666
05-11 11:45:40.817 1508 17000 E ActivityManager: Frozen: false
05-11 11:45:40.817 1508 17000 E ActivityManager: Load: 2.46 / 1.76 / 1.55
05-11 11:45:40.817 1508 17000 E ActivityManager: ----- Output from /proc/pressure/memory -----
05-11 11:45:40.817 1508 17000 E ActivityManager: some avg10=0.06 avg60=0.20 avg300=0.08 total=1453351
05-11 11:45:40.817 1508 17000 E ActivityManager: full avg10=0.00 avg60=0.04 avg300=0.01 total=517968
05-11 11:45:40.817 1508 17000 E ActivityManager: ----- End output from /proc/pressure/memory -----
05-11 11:45:40.817 1508 17000 E ActivityManager:
05-11 11:45:40.817 1508 17000 E ActivityManager: CPU usage from 28226ms to 0ms ago (2023-05-11 11:45:09.945 to 2023-05-11 11:45:38.171):
05-11 11:45:40.817 1508 17000 E ActivityManager: 21% 14647/com.qqgame.mic: 17% user + 3.7% kernel / faults: 12658 minor
05-11 11:45:40.817 1508 17000 E ActivityManager: 14% 939/surfaceflinger: 9.6% user + 5.3% kernel / faults: 246 minor
05-11 11:45:40.817 1508 17000 E ActivityManager: 14% 851/vendor.qti.hardware.display.composer-service: 9.2% user + 5.2% kernel / faults: 57 minor
05-11 11:45:40.817 1508 17000 E ActivityManager: 8.8% 12833/com.android.systemui: 7.7% user + 1% kernel / faults: 8670 minor
05-11 11:45:40.817 1508 17000 E ActivityManager: 6.9% 1508/system_server: 4.6% user + 2.3% kernel / faults: 7325 minor
05-11 11:45:40.817 1508 17000 E ActivityManager: 5.1% 4689/com.tencent.mm:push: 3.6% user + 1.5% kernel / faults: 4488 minor
05-11 11:45:40.817 1508 17000 E ActivityManager: 3.2% 5077/com.wandoujia.phoenix2: 2.5% user + 0.7% kernel / faults: 2214 minor
05-11 11:45:40.817 1508 17000 E ActivityManager: 3% 15336/com.tencent.mm:appbrand0: 2.2% user + 0.8% kernel / faults: 13367 minor
05-11 11:45:40.817 1508 17000 E ActivityManager: 3% 15347/com.tencent.mm:appbrand1: 2.2% user + 0.8% kernel / faults: 11773 minor
05-11 11:45:40.817 1508 17000 E ActivityManager: 2.7% 4996/com.wandoujia.phoenix2:aid: 2.1% user + 0.6% kernel / faults: 1118 minor
05-11 11:45:40.817 1508 17000 E ActivityManager: 2.4% 516/logd: 0.7% user + 1.7% kernel / faults: 41 minor
05-11 11:45:40.817 1508 17000 E ActivityManager: 2% 13708/com.ss.android.lark:wschannel: 1.8% user + 0.2% kernel / faults: 4651 minor 1 major
05-11 11:45:40.817 1508 17000 E ActivityManager: 1.7% 3003/com.hht.lebocast: 1% user + 0.6% kernel / faults: 3129 minor
05-11 11:45:40.817 1508 17000 E ActivityManager: 1.4% 3484/com.tencent.android.qqdownloader:daemon: 0.6% user + 0.8% kernel / faults: 415 minor
05-11 11:45:40.817 1508 17000 E ActivityManager: 1.3% 4923/com.wandoujia.phoenix2:channel: 1.2% user + 0.1% kernel / faults: 559 minor
05-11 11:45:40.817 1508 17000 E ActivityManager: 1.3% 7/kworker/u16:0-kverityd: 0% user + 1.3% kernel
05-11 11:45:40.817 1508 17000 E ActivityManager: 1.2% 395/crtc_commit:125: 0% user + 1.2% kernel
05-11 11:45:40.817 1508 17000 E ActivityManager: 0.9% 1184/cnss_diag: 0.7% user + 0.2% kernel
05-11 11:45:40.817 1508 17000 E ActivityManager: 0.9% 342/kworker/u16:12-kverityd: 0% user + 0.9% kernel
05-11 11:45:40.817 1508 17000 E ActivityManager: 0.8% 273/kworker/u16:3+CDSP_CNTL: 0% user + 0.8% kernel
05-11 11:45:40.817 1508 17000 E ActivityManager: 0.8% 287/kgsl_worker_thr: 0% user + 0.8% kernel
05-11 11:45:40.817 1508 17000 E ActivityManager: 0.5% 13014/com.ss.android.lark: 0.3% user + 0.1% kernel / faults: 337 minor
05-11 11:45:40.817 1508 17000 E ActivityManager: 0.4% 277/kworker/u16:5+WCNSS_CNTL: 0% user + 0.4% kernel
05-11 11:45:40.817 1508 17000 E ActivityManager: 0.4% 1211/tlog: 0.2% user + 0.2% kernel / faults: 16 minor
05-11 11:45:40.817 1508 17000 E ActivityManager: 0.4% 279/kworker/u16:6-ufs_pm_qos_0: 0% user + 0.4% kernel
05-11 11:45:40.817 1508 17000 E ActivityManager: 0.4% 2856/irq/17-9091000.: 0% user + 0.4% kernel
05-11 11:45:40.817 1508 17000 E ActivityManager: 0.4% 3555/com.tencent.android.qqdownloader: 0.2% user + 0.1% kernel / faults: 176 minor
05-11 11:45:40.817 1508 17000 E ActivityManager: 0.3% 685/netd: 0% user + 0.3% kernel / faults: 571 minor
05-11 11:45:40.817 1508 17000 E ActivityManager: 0.3% 3399/dp_rx_thread_0: 0% user + 0.3% kernel
05-11 11:45:40.817 1508 17000 E ActivityManager: 0.3% 4470/logcat: 0.2% user + 0.1% kernel
05-11 11:45:40.817 1508 17000 E ActivityManager: 0.3% 16326/kworker/u17:3-hal_register_write_wq: 0% user + 0.3% kernel
05-11 11:45:40.817 1508 17000 E ActivityManager: 0.3% 96/kswapd-1:0: 0% user + 0.3% kernel
05-11 11:45:40.817 1508 17000 E ActivityManager: 0.3% 2854/irq/16-90b6400.: 0% user + 0.3% kernel
05-11 11:45:40.817 1508 17000 E ActivityManager: 0.2% 844/android.hardware.wifi@1.0-service: 0.1% user + 0.1% kernel / faults: 573 minor
05-11 11:45:40.817 1508 17000 E ActivityManager: 0.2% 6551/com.tencent.android.qqdownloader:wxa_container0: 0.2% user + 0% kernel / faults: 1939 minor
05-11 11:45:40.817 1508 17000 E ActivityManager: 0.2% 11018/com.qqgame.happymj: 0.1% user + 0.1% kernel / faults: 164 minor
05-11 11:45:40.817 1508 17000 E ActivityManager: 0.2% 101/irq/41-tsens-up: 0% user + 0.2% kernel
05-11 11:45:40.817 1508 17000 E ActivityManager: 0.2% 684/statsd: 0.1% user + 0.1% kernel / faults: 99 minor
05-11 11:45:40.817 1508 17000 E ActivityManager: 0.2% 2644/com.android.launcher3: 0.1% user + 0% kernel / faults: 95 minor
05-11 11:45:40.817 1508 17000 E ActivityManager: 0.2% 10/rcu_preempt: 0% user + 0.2% kernel
05-11 11:45:40.817 1508 17000 E ActivityManager: 0.2% 92/kcompactd0: 0% user + 0.2% kernel
05-11 11:45:40.817 1508 17000 E ActivityManager: 0.2% 709/kworker/u17:22-mhi_w: 0% user + 0.2% kernel
05-11 11:45:40.817 1508 17000 E ActivityManager: 0.2% 3267/com.tencent.android.qqdownloader:live: 0.1% user + 0% kernel / faults: 174 minor
05-11 11:45:40.817 1508 17000 E ActivityManager: 0.1% 88/qmp_aop: 0% user + 0.1% kernel
05-11 11:45:40.817 1508 17000 E ActivityManager: 0.1% 358/kworker/u16:15+NPU_CNTL: 0% user + 0.1% kernel
05-11 11:45:40.817 1508 17000 E ActivityManager: 0.1% 518/servicemanager: 0.1% user + 0% kernel
05-11 11:45:40.817 1508 17000 E ActivityManager: 0.1% 3174/com.android.providers.media.module: 0% user + 0% kernel / faults: 10 minor
05-11 11:45:40.817 1508 17000 E ActivityManager: 0.1% 3598/com.tencent.android.qqdownloader:cloud: 0.1% user + 0% kernel / faults: 93 minor
05-11 11:45:40.817 1508 17000 E ActivityManager: 0.1% 6161/com.tencent.ilink.ServiceProcess: 0.1% user + 0% kernel / faults: 650 minor
05-11 11:45:40.817 1508 17000 E ActivityManager: 0.1% 32/rcuop/2: 0% user + 0.1% kernel
05-11 11:45:40.817 1508 17000 E ActivityManager: 0.1% 347/irq/350-atmel_m: 0% user + 0.1% kernel
05-11 11:45:40.817 1508 17000 E ActivityManager: 0.1% 695/kworker/u17:8-pil_workqueue: 0% user + 0.1% kernel
05-11 11:45:40.817 1508 17000 E ActivityManager: 0.1% 1/init: 0% user + 0.1% kernel / faults: 122 minor
05-11 11:45:40.817 1508 17000 E ActivityManager: 0.1% 9/ksoftirqd/0: 0% user + 0.1% kernel
05-11 11:45:40.817 1508 17000 E ActivityManager: 0.1% 13/rcuop/0: 0% user + 0.1% kernel
05-11 11:45:40.817 1508 17000 E ActivityManager: 0.1% 48/rcuop/4: 0% user + 0.1% kernel
05-11 11:45:40.817 1508 17000 E ActivityManager: 0.1% 64/rcuop/6: 0% user + 0.1% kernel
05-11 11:45:40.817 1508 17000 E ActivityManager: 0.1% 396/crtc_event:125: 0% user + 0.1% kernel
05-11 11:45:40.817 1508 17000 E ActivityManager: 0.1% 519/hwservicemanager: 0% user + 0% kernel / faults: 12 minor
05-11 11:45:40.817 1508 17000 E ActivityManager: 0.1% 662/vendor.ts.uart@1.0-service: 0% user + 0% kernel
05-11 11:45:40.817 1508 17000 E ActivityManager: 0.1% 3294/com.tencent.mobileqq:MSF: 0.1% user + 0% kernel / faults: 129 minor
05-11 11:45:40.817 1508 17000 E ActivityManager: 0% 40/rcuop/3: 0% user + 0% kernel
05-11 11:45:40.817 1508 17000 E ActivityManager: 0% 72/rcuop/7: 0% user + 0% kernel
05-11 11:45:40.817 1508 17000 E ActivityManager: 0% 109/ion-pool-uncach: 0% user + 0% kernel
05-11 11:45:40.817 1508 17000 E ActivityManager: 0% 517/lmkd: 0% user + 0% kernel
05-11 11:45:40.817 1508 17000 E ActivityManager: 0% 877/vendor.qti.hardware.perf@2.2-service: 0% user + 0% kernel / faults: 15 minor
05-11 11:45:40.817 1508 17000 E ActivityManager: 0% 1894/com.android.bluetooth: 0% user + 0% kernel / faults: 219 minor
05-11 11:45:40.817 1508 17000 E ActivityManager: 0% 2141/com.thundercomm.microsettings: 0% user + 0% kernel / faults: 222 minor
05-11 11:45:40.817 1508 17000 E ActivityManager: 0% 2726/hht_ota_mgr: 0% user + 0% kernel
05-11 11:45:40.817 1508 17000 E ActivityManager: 0% 2820/mdnsd: 0% user + 0% kernel
05-11 11:45:40.817 1508 17000 E ActivityManager: 0% 4602/com.baidu.appsearch: 0% user + 0% kernel / faults: 63 minor
05-11 11:45:40.817 1508 17000 E ActivityManager: 0% 13357/com.ss.android.lark:sandboxed_process1: 0% user + 0% kernel / faults: 58 minor
05-11 11:45:40.817 1508 17000 E ActivityManager: 0% 14026/kworker/6:3-sock_diag_events: 0% user + 0% kernel
05-11 11:45:40.817 1508 17000 E ActivityManager: 0% 14179/kworker/1:0-events_power_efficient: 0% user + 0% kernel
05-11 11:45:40.817 1508 17000 E ActivityManager: 0% 15139/debuggerd: 0% user + 0% kernel
05-11 11:45:40.817 1508 17000 E ActivityManager: 0% 11/rcu_sched: 0% user + 0% kernel
05-11 11:45:40.817 1508 17000 E ActivityManager: 0% 14/rcuos/0: 0% user + 0% kernel
05-11 11:45:40.817 1508 17000 E ActivityManager: 0% 24/rcuop/1: 0% user + 0% kernel
05-11 11:45:40.817 1508 17000 E ActivityManager: 0% 37/ksoftirqd/3: 0% user + 0% kernel
05-11 11:45:40.817 1508 17000 E ActivityManager: 0% 56/rcuop/5: 0% user + 0% kernel
05-11 11:45:40.817 1508 17000 E ActivityManager: 0% 83/kworker/2:1-events: 0% user + 0% kernel
05-11 11:45:40.817 1508 17000 E ActivityManager: 0% 89/kworker/3:1-events: 0% user + 0% kernel
05-11 11:45:40.817 1508 17000 E ActivityManager: 0% 110/ion-pool-cached: 0% user + 0% kernel
05-11 11:45:40.817 1508 17000 E ActivityManager: 0% 111/system: 0% user + 0% kernel
05-11 11:45:40.817 1508 17000 E ActivityManager: 0% 348/kworker/7:2-sock_diag_events: 0% user + 0% kernel
05-11 11:45:40.817 1508 17000 E ActivityManager: 0% 835/android.hardware.memtrack@1.0-service: 0% user + 0% kernel
05-11 11:45:40.817 1508 17000 E ActivityManager: 0% 850/vendor.qti.hardware.display.allocator-service: 0% user + 0% kernel
05-11 11:45:40.817 1508 17000 E ActivityManager: 0% 1187/cameraserver: 0% user + 0% kernel / faults: 53 minor
05-11 11:45:40.817 1508 17000 E ActivityManager: 0% 1200/media.metrics: 0% user + 0% kernel / faults: 22 minor
05-11 11:45:40.817 1508 17000 E ActivityManager: 0% 1207/selfinstaller: 0% user + 0% kernel
05-11 11:45:40.817 1508 17000 E ActivityManager: 0% 1236/media.codec: 0% user + 0% kernel / faults: 48 minor
05-11 11:45:40.817 1508 17000 E ActivityManager: 0% 1315/media.swcodec: 0% user + 0% kernel / faults: 60 minor
05-11 11:45:40.817 1508 17000 E ActivityManager: 0% 1322/cnss-daemon: 0% user + 0% kernel
05-11 11:45:40.817 1508 17000 E ActivityManager: 0% 1438/slim_daemon: 0% user + 0% kernel
05-11 11:45:40.817 1508 17000 E ActivityManager: 0% 2031/com.thundercomm.gamemode: 0% user + 0% kernel / faults: 33 minor
05-11 11:45:40.817 1508 17000 E ActivityManager: 0% 2246/com.android.networkstack.process: 0% user + 0% kernel / faults: 58 minor
05-11 11:45:40.817 1508 17000 E ActivityManager: 0% 2472/android.ext.services: 0% user + 0% kernel / faults: 53 minor
05-11 11:45:40.817 1508 17000 E ActivityManager: 0% 3407/com.baidu.input: 0% user + 0% kernel / faults: 9 minor
05-11 11:45:40.817 1508 17000 E ActivityManager: 0% 10900/kworker/0:0-mm_percpu_wq: 0% user + 0% kernel
05-11 11:45:40.817 1508 17000 E ActivityManager: 0% 12130/kworker/4:1-events: 0% user + 0% kernel
05-11 11:45:40.817 1508 17000 E ActivityManager: 0% 14310/kworker/5:0-events_freezable_power_: 0% user + 0% kernel
05-11 11:45:40.817 1508 17000 E ActivityManager: +0% 16400/com.tencent.mm: 0% user + 0% kernel
05-11 11:45:40.817 1508 17000 E ActivityManager: +0% 16755/kworker/7:1-events: 0% user + 0% kernel
05-11 11:45:40.817 1508 17000 E ActivityManager: +0% 16993/android.hardware.audio.service: 0% user + 0% kernel
05-11 11:45:40.817 1508 17000 E ActivityManager: 25% TOTAL: 17% user + 6.2% kernel + 0% iowait + 0.9% irq + 0.3% softirq
05-11 11:45:40.817 1508 17000 E ActivityManager: CPU usage from 33ms to 416ms later (2023-05-11 11:45:38.204 to 2023-05-11 11:45:38.587):
05-11 11:45:40.817 1508 17000 E ActivityManager: 34% 1508/system_server: 3.1% user + 31% kernel / faults: 770 minor
05-11 11:45:40.817 1508 17000 E ActivityManager: 34% 17000/AnrConsumer: 3.1% user + 31% kernel
05-11 11:45:40.817 1508 17000 E ActivityManager: +0% 17005/SoundTriggerHw2: 0% user + 0% kernel
05-11 11:45:40.817 1508 17000 E ActivityManager: 28% 12833/com.android.systemui: 24% user + 4% kernel / faults: 459 minor
05-11 11:45:40.817 1508 17000 E ActivityManager: 12% 12862/RenderThread: 12% user + 0% kernel
05-11 11:45:40.817 1508 17000 E ActivityManager: 8.1% 12833/ndroid.systemui: 8.1% user + 0% kernel
05-11 11:45:40.817 1508 17000 E ActivityManager: 4% 16288/Binder:12833_A: 0% user + 4% kernel
05-11 11:45:40.817 1508 17000 E ActivityManager: +0% 17006/RenderThread: 0% user + 0% kernel
05-11 11:45:40.817 1508 17000 E ActivityManager: +0% 17007/RenderThread: 0% user + 0% kernel
05-11 11:45:40.817 1508 17000 E ActivityManager: 17% 851/vendor.qti.hardware.display.composer-service: 11% user + 5.8% kernel
05-11 11:45:40.817 1508 17000 E ActivityManager: 17% 851/composer-servic: 11% user + 5.8% kernel
05-11 11:45:40.817 1508 17000 E ActivityManager: 17% 939/surfaceflinger: 11% user + 5.9% kernel
05-11 11:45:40.817 1508 17000 E ActivityManager: 11% 939/surfaceflinger: 8.9% user + 2.9% kernel
05-11 11:45:40.817 1508 17000 E ActivityManager: 2.7% 277/kworker/u16:5-devfreq_wq: 0% user + 2.7% kernel
05-11 11:45:40.817 1508 17000 E ActivityManager: 2.7% 395/crtc_commit:125: 0% user + 2.7% kernel
05-11 11:45:40.817 1508 17000 E ActivityManager: 2.8% 516/logd: 0% user + 2.8% kernel
05-11 11:45:40.817 1508 17000 E ActivityManager: 2.8% 1261/logd.reader.per: 0% user + 2.8% kernel
05-11 11:45:40.817 1508 17000 E ActivityManager: 2.8% 4474/logd.reader.per: 0% user + 2.8% kernel
05-11 11:45:40.817 1508 17000 E ActivityManager: 3.3% 3003/com.hht.lebocast: 0% user + 3.3% kernel / faults: 13 minor
05-11 11:45:40.817 1508 17000 E ActivityManager: 4.5% 16400/com.tencent.mm: 0% user + 4.5% kernel
05-11 11:45:40.817 1508 17000 E ActivityManager: 4.5% 16822/VoipEngine: 0% user + 4.5% kernel
05-11 11:45:40.817 1508 17000 E ActivityManager: 21% TOTAL: 7.8% user + 12% kernel + 0.6% irq + 0.3% softirq
05-11 11:45:40.818 1508 17000 D ActivityManager: Completed ANR of com.tencent.mm in 2647ms, latency 0ms
05-11 11:45:40.819 1508 1659 D CompatibilityChangeReporter: Compat change id reported: 168419799; UID 10096; state: DISABLED
05-11 11:45:40.822 1508 17115 I DropBoxManagerService: add tag=data_app_anr isTagEnabled=true flags=0x6
01-01 08:18:50.228 0 0 E init : Control message: Could not find 'vendor.qti.hardware.bluetooth_audio@2.0::IBluetoothAudioProvidersFactory/default' for ctl.interface_start from pid: 519 (/system/bin/hwservicemanager)
01-01 08:18:50.601 0 0 E link_delay_work_func: DTC_ETH: SQI=0, link=0
01-01 08:18:50.695 0 0 I init : starting service 'audioserver'...
01-01 08:18:50.698 0 0 I init : processing action (init.svc.audioserver=running) from (/system/etc/init/audioserver.rc:38)
01-01 08:18:50.698 0 0 I init : Command 'start vendor.audio-hal-4-0-msd' action=init.svc.audioserver=running (/system/etc/init/audioserver.rc:40) took 0ms and failed: service vendor.audio-hal-4-0-msd not found
01-01 08:18:50.698 0 0 I init : Command 'start audio_proxy_service' action=init.svc.audioserver=running (/system/etc/init/audioserver.rc:41) took 0ms and failed: service audio_proxy_service not found
01-01 08:18:50.698 0 0 I init : Command 'start vendor.audio-hal-2-0' action=init.svc.audioserver=running (/system/etc/init/audioserver.rc:43) took 0ms and failed: service vendor.audio-hal-2-0 not found
01-01 08:18:50.698 0 0 I init : Command 'start audio-hal-2-0' action=init.svc.audioserver=running (/system/etc/init/audioserver.rc:44) took 0ms and failed: service audio-hal-2-0 not found
01-01 08:18:50.738 0 0 I binder : 17120:17120 ioctl 40046210 7fd55a9e44 returned -22
01-01 08:18:50.738 0 0 I binder : 17120:17120 ioctl 40046210 7fd55a9e64 returned -22
01-01 08:18:51.223 0 0 E : msm_qti_pp_get_rms_value_control, back not active to query rms be_idx:3
01-01 08:18:51.229 0 0 E init : Control message: Could not find 'vendor.qti.hardware.bluetooth_audio@2.0::IBluetoothAudioProvidersFactory/default' for ctl.interface_start from pid: 519 (/system/bin/hwservicemanager)
01-01 08:18:51.230 0 0 I core_get_license_status: cmdrsp_license_result.result = 0x15 for module 0x131ff
01-01 08:18:51.231 0 0 E msm_ext_disp_update_audio_ops: Display not found (EXT_DISPLAY_TYPE_DP) ctld (0) stream (0)
01-01 08:18:51.231 0 0 E msm_ext_disp_update_audio_ops: Display not found (EXT_DISPLAY_TYPE_HDMI) ctld (0) stream (0)
01-01 08:18:51.231 0 0 E msm_ext_disp_update_audio_ops: Display not found (EXT_DISPLAY_TYPE_DP) ctld (0) stream (0)
01-01 08:18:51.231 0 0 E msm_ext_disp_update_audio_ops: Display not found (EXT_DISPLAY_TYPE_DP) ctld (0) stream (0)
01-01 08:18:51.231 0 0 E msm_ext_disp_update_audio_ops: Display not found (EXT_DISPLAY_TYPE_DP) ctld (0) stream (0)
01-01 08:18:51.231 0 0 E msm-ext-disp-audio-codec-rx soc: qcom,msm-ext-disp:qcom,msm-ext-disp-audio-codec-rx: msm_ext_disp_audio_type_get: get_audio_edid_blk() or get_intf_id is NULL
01-01 08:18:51.231 0 0 E msm_ext_disp_update_audio_ops: Display not found (EXT_DISPLAY_TYPE_DP) ctld (0) stream (0)
01-01 08:18:51.231 0 0 E msm-ext-disp-audio-codec-rx soc: qcom,msm-ext-disp:qcom,msm-ext-disp-audio-codec-rx: msm_ext_disp_audio_type_get: get_audio_edid_blk() or get_intf_id is NULL
01-01 08:18:51.231 0 0 E msm_ext_disp_update_audio_ops: Display not found (EXT_DISPLAY_TYPE_DP) ctld (0) stream (0)
01-01 08:18:51.231 0 0 E msm-ext-disp-audio-codec-rx soc: qcom,msm-ext-disp:qcom,msm-ext-disp-audio-codec-rx: msm_ext_disp_audio_type_get: get_audio_edid_blk() or get_intf_id is NULL
01-01 08:18:51.232 0 0 E msm-ext-disp-audio-codec-rx soc: qcom,msm-ext-disp:qcom,msm-ext-disp-audio-codec-rx: msm_ext_disp_audio_device_get: invalid dai id: 4
01-01 08:18:51.243 0 0 E msm_pcm_chmap_ctl_get: substream ref_count:0 invalid
01-01 08:18:51.260 0 0 E : msm_pcm_volume_ctl_get substream not found
01-01 08:18:51.264 0 0 E msm_pcm_chmap_ctl_get: substream ref_count:0 invalid
01-01 08:18:51.276 0 0 E msm_pcm_chmap_ctl_get: substream ref_count:0 invalid
01-01 08:18:51.529 0 0 E HL6111R : is_dc_online: DC psy unavailable
01-01 08:18:52.067 0 0 I : snd_pcm_hw_constraint_integer failed
01-01 08:18:52.067 0 0 I msm_pcm_open: P buffer bytes minmax constraint ret 1
01-01 08:18:52.077 0 0 I afe_find_cal_topo_id_by_port: port id: 0x9000, dev_acdb_id: 15
01-01 08:18:52.077 0 0 I afe_find_cal_topo_id_by_port: top_id:112fc acdb_id:15 afe_port_id:0x9000
01-01 08:18:52.077 0 0 I afe_get_cal_topology_id: port_id = 0x9000 acdb_id = 15 topology_id = 0x112fc cal_type_index=8 ret=0
01-01 08:18:52.077 0 0 I afe_send_port_topology_id: AFE set topology id 0x112fc enable for port 0x9000 ret 0
01-01 08:18:52.077 0 0 I send_afe_cal_type: cal_index is 0
01-01 08:18:52.077 0 0 I send_afe_cal_type: dev_acdb_id[55] is 15
01-01 08:18:52.077 0 0 I afe_find_cal: cal_index 0 port_id 0x9000 port_index 55
01-01 08:18:52.077 0 0 I afe_find_cal: acdb_id 15 dev_acdb_id 15 sample_rate 48000 afe_sample_rates 48000
01-01 08:18:52.077 0 0 I afe_find_cal: cal block is a match, size is 0
01-01 08:18:52.077 0 0 I send_afe_cal_type: Sending cal_index cal 0
01-01 08:18:52.077 0 0 E send_afe_cal_type: No cal sent for cal_index 0, port_id = 0x9000! ret -22
01-01 08:18:52.077 0 0 I afe_send_hw_delay: port_id 0x9000 rate 48000 delay_usec 474 status 0
05-11 11:45:44.106 1508 1642 W ActivityTaskManager: Force finishing activity com.tencent.mm/.plugin.voip.ui.VideoActivity
05-11 11:45:44.115 1508 1642 I ActivityManager: Killing 16400:com.tencent.mm/u0a96 (adj 0): user request after error
01-01 08:18:52.202 0 0 I binder : release 16400:16400 transaction 986533 out, still active
01-01 08:18:52.202 0 0 I binder : undelivered TRANSACTION_COMPLETE
01-01 08:18:52.202 0 0 I binder : release 16400:16469 transaction 986536 out, still active
05-11 11:45:44.157 1508 10965 E AppOps : Operation not started: uid=10096 pkg=com.tencent.mm(null) op=WAKE_LOCK
01-01 08:18:52.202 0 0 I binder : undelivered TRANSACTION_COMPLETE
05-11 11:45:44.160 1508 3394 I WindowManager: WIN DEATH: Window{9873987 u0 com.tencent.mm/com.tencent.mm.plugin.voip.ui.VideoActivity}
05-11 11:45:44.165 1508 12402 W ActivityManager: Scheduling restart of crashed service com.tencent.mm/.plugin.voip.widget.VoipForegroundService in 36202ms for start-requested
05-11 11:45:44.165 1508 12402 W ActivityManager: Scheduling restart of crashed service com.tencent.mm/.ipcinvoker.wx_extension.service.MainProcessIPCService in 1000ms for connection
05-11 11:45:44.165 1508 12402 W ActivityManager: Scheduling restart of crashed service com.tencent.mm/.service.ProcessService$MMProcessService in 11000ms for connection
05-11 11:45:44.168 1508 12402 I ActivityTaskManager: FOREGROUND_APPLICATION_CHANGED to com.qqgame.mic.YXSMainActivity
05-11 11:45:44.170 1508 1644 W ActivityManager: setHasOverlayUi called on unknown pid: 16400
05-11 11:45:44.172 1508 1659 D CompatibilityChangeReporter: Compat change id reported: 135634846; UID 10096; state: DISABLED
05-11 11:45:44.172 1508 1659 D CompatibilityChangeReporter: Compat change id reported: 177438394; UID 10096; state: DISABLED
05-11 11:45:44.172 1508 1659 D CompatibilityChangeReporter: Compat change id reported: 135772972; UID 10096; state: DISABLED
05-11 11:45:44.172 1508 1660 D CompatibilityChangeReporter: Compat change id reported: 143937733; UID 10096; state: DISABLED
01-01 08:18:52.235 0 0 I binder : 17189:17189 ioctl 40046210 7ffe05b4f4 returned -22
05-11 11:45:44.181 1508 1660 I ActivityManager: Start proc 17189:com.tencent.mm/u0a96 for broadcast {com.tencent.mm/com.tencent.mm.plugin.report.service.KVCommCrossProcessReceiver}
01-01 08:18:52.295 0 0 W audit : audit_lost=10062 audit_rate_limit=5 audit_backlog_limit=64
01-01 08:18:52.295 0 0 E audit : rate limit exceeded
05-11 11:45:44.306 1508 17229 I DropBoxManagerService: add tag=data_app_wtf isTagEnabled=true flags=0x2 --------- beginning of events
05-11 11:45:44.397 1508 1508 I sysui_multi_action: [757,1501,758,1,793,201,794,0,795,201,796,40,806,com.tencent.mm,857,reminder_channel_id,858,2,947,0,1500,0,1688,1]
05-11 11:45:44.398 1508 1508 I sysui_multi_action: [757,804,799,note_interruptive,801,0,802,1]
05-11 11:45:44.398 1508 1508 I GameModeConfig: isGameModeOn = true
05-11 11:45:44.398 1508 1508 I GameModeConfig: isGaming = true
05-11 11:45:44.398 1508 1508 I GameModeConfig: isDisableNotification = true
05-11 11:45:44.398 1508 1508 I GameModeConfig: isGameModeOn = true
05-11 11:45:44.398 1508 1508 I GameModeConfig: isGaming = true
05-11 11:45:44.398 1508 1508 I GameModeConfig: isDisableNotification = true
05-11 11:45:44.400 1508 1508 W NotificationHistory: Attempted to add notif for locked/gone/disabled user 0
01-01 08:18:52.512 0 0 I logd : logdr: UID=10096 GID=10096 PID=17270 n tail=2000 logMask=bf pid=0 start=0ns deadline=0ns
05-11 11:45:44.480 17189 17189 I auditd : type=1400 audit(0.0:10977): avc: granted { execute } for comm="wc_srvinit_12" path="/data/user/0/com.tencent.mm/tinker/patch-13ff42e7/lib/lib/arm64-v8a/libkinda_android.so" dev="dm-10" ino=37581 scontext=u:r:untrusted_app_29:s0:c96,c256,c512,c768 tcontext=u:object_r:app_data_file:s0:c96,c256,c512,c768 tclass=file app=com.tencent.mm
05-11 11:45:44.496 1508 9679 D CompatibilityChangeReporter: Compat change id reported: 171306433; UID 10096; state: DISABLED
05-11 11:45:44.504 1508 1833 I GameModeConfig: isGameModeOn = true
05-11 11:45:44.504 1508 1833 I GameModeConfig: isGaming = true
05-11 11:45:44.504 1508 1833 I GameModeConfig: isDisableNotification = true
05-11 11:45:44.504 1508 1833 I GameModeConfig: isGameModeOn = true
05-11 11:45:44.504 1508 1833 I GameModeConfig: isGaming = true
05-11 11:45:44.504 1508 1833 I GameModeConfig: isDisableNotification = true
05-11 11:45:44.504 1508 1833 I GameModeConfig: isGameModeOn = true
05-11 11:45:44.504 1508 1833 I GameModeConfig: isGaming = true
05-11 11:45:44.504 1508 1833 I GameModeConfig: isDisableNotification = true
05-11 11:45:44.504 1508 1833 I GameModeConfig: isGameModeOn = true
05-11 11:45:44.504 1508 1833 I GameModeConfig: isGaming = true
05-11 11:45:44.504 1508 1833 I GameModeConfig: isDisableNotification = true
05-11 11:45:44.504 1508 1833 I GameModeConfig: isGameModeOn = true
05-11 11:45:44.504 1508 1833 I GameModeConfig: isGaming = true
05-11 11:45:44.504 1508 1833 I GameModeConfig: isDisableNotification = true
05-11 11:45:44.504 1508 1833 I GameModeConfig: isGameModeOn = true
05-11 11:45:44.504 1508 1833 I GameModeConfig: isGaming = true
05-11 11:45:44.504 1508 1833 I GameModeConfig: isDisableNotification = true
05-11 11:45:44.504 1508 1833 I GameModeConfig: isGameModeOn = true
05-11 11:45:44.504 1508 1833 I GameModeConfig: isGaming = true
05-11 11:45:44.504 1508 1833 I GameModeConfig: isDisableNotification = true
05-11 11:45:44.504 1508 1833 I GameModeConfig: isGameModeOn = true
05-11 11:45:44.504 1508 1833 I GameModeConfig: isGaming = true
05-11 11:45:44.504 1508 1833 I GameModeConfig: isDisableNotification = true
05-11 11:45:44.504 1508 1833 I GameModeConfig: isGameModeOn = true
05-11 11:45:44.504 1508 1833 I GameModeConfig: isGaming = true
05-11 11:45:44.504 1508 1833 I GameModeConfig: isDisableNotification = true
05-11 11:45:44.504 1508 1833 I GameModeConfig: isGameModeOn = true
05-11 11:45:44.504 1508 1833 I GameModeConfig: isGaming = true
05-11 11:45:44.504 1508 1833 I GameModeConfig: isDisableNotification = true
05-11 11:45:44.505 1508 1833 I GameModeConfig: isGameModeOn = true
05-11 11:45:44.505 1508 1833 I GameModeConfig: isGaming = true
05-11 11:45:44.505 1508 1833 I GameModeConfig: isDisableNotification = true
05-11 11:45:44.505 1508 1833 I GameModeConfig: isGameModeOn = true
05-11 11:45:44.505 1508 1833 I GameModeConfig: isGaming = true
05-11 11:45:44.505 1508 1833 I GameModeConfig: isDisableNotification = true
05-11 11:45:44.505 1508 1833 I GameModeConfig: isGameModeOn = true
05-11 11:45:44.505 1508 1833 I GameModeConfig: isGaming = true
05-11 11:45:44.505 1508 1833 I GameModeConfig: isDisableNotification = true
05-11 11:45:44.505 1508 1833 I GameModeConfig: isGameModeOn = true
05-11 11:45:44.505 1508 1833 I GameModeConfig: isGaming = true
05-11 11:45:44.505 1508 1833 I GameModeConfig: isDisableNotification = true
05-11 11:45:44.505 1508 1833 I GameModeConfig: isGameModeOn = true
05-11 11:45:44.505 1508 1833 I GameModeConfig: isGaming = true
05-11 11:45:44.505 1508 1833 I GameModeConfig: isDisableNotification = true
05-11 11:45:44.505 1508 1833 I GameModeConfig: isGameModeOn = true
05-11 11:45:44.505 1508 1833 I GameModeConfig: isGaming = true
05-11 11:45:44.505 1508 1833 I GameModeConfig: isDisableNotification = true
05-11 11:45:44.506 1508 1833 I GameModeConfig: isGameModeOn = true
05-11 11:45:44.506 1508 1833 I GameModeConfig: isGaming = true
05-11 11:45:44.506 1508 1833 I GameModeConfig: isDisableNotification = true
05-11 11:45:44.506 1508 1833 I GameModeConfig: isGameModeOn = true
05-11 11:45:44.506 1508 1833 I GameModeConfig: isGaming = true
05-11 11:45:44.506 1508 1833 I GameModeConfig: isDisableNotification = true
05-11 11:45:44.506 1508 1833 I GameModeConfig: isGameModeOn = true
05-11 11:45:44.506 1508 1833 I GameModeConfig: isGaming = true
05-11 11:45:44.506 1508 1833 I GameModeConfig: isDisableNotification = true
05-11 11:45:44.506 1508 1833 I GameModeConfig: isGameModeOn = true
05-11 11:45:44.506 1508 1833 I GameModeConfig: isGaming = true
05-11 11:45:44.506 1508 1833 I GameModeConfig: isDisableNotification = true
05-11 11:45:44.506 1508 1833 I GameModeConfig: isGameModeOn = true
05-11 11:45:44.506 1508 1833 I GameModeConfig: isGaming = true
05-11 11:45:44.506 1508 1833 I GameModeConfig: isDisableNotification = true
05-11 11:45:44.506 1508 1833 I GameModeConfig: isGameModeOn = true
05-11 11:45:44.506 1508 1833 I GameModeConfig: isGaming = true
05-11 11:45:44.506 1508 1833 I GameModeConfig: isDisableNotification = true
05-11 11:45:44.506 1508 1833 I GameModeConfig: isGameModeOn = true
05-11 11:45:44.506 1508 1833 I GameModeConfig: isGaming = true
05-11 11:45:44.506 1508 1833 I GameModeConfig: isDisableNotification = true
05-11 11:45:44.506 1508 1833 I GameModeConfig: isGameModeOn = true
05-11 11:45:44.506 1508 1833 I GameModeConfig: isGaming = true
05-11 11:45:44.506 1508 1833 I GameModeConfig: isDisableNotification = true
05-11 11:45:44.506 1508 1833 I GameModeConfig: isGameModeOn = true
05-11 11:45:44.507 1508 1833 I GameModeConfig: isGaming = true
05-11 11:45:44.507 1508 1833 I GameModeConfig: isDisableNotification = true
05-11 11:45:44.507 1508 1833 I GameModeConfig: isGameModeOn = true
05-11 11:45:44.507 1508 1833 I GameModeConfig: isGaming = true
05-11 11:45:44.507 1508 1833 I GameModeConfig: isDisableNotification = true
05-11 11:45:44.507 1508 1833 I GameModeConfig: isGameModeOn = true
05-11 11:45:44.507 1508 1833 I GameModeConfig: isGaming = true
05-11 11:45:44.507 1508 1833 I GameModeConfig: isDisableNotification = true
05-11 11:45:44.507 1508 1833 I GameModeConfig: isGameModeOn = true
05-11 11:45:44.507 1508 1833 I GameModeConfig: isGaming = true
05-11 11:45:44.507 1508 1833 I GameModeConfig: isDisableNotification = true
05-11 11:45:44.507 1508 1833 I GameModeConfig: isGameModeOn = true
05-11 11:45:44.507 1508 1833 I GameModeConfig: isGaming = true
05-11 11:45:44.507 1508 1833 I GameModeConfig: isDisableNotification = true
05-11 11:45:44.507 1508 1833 I GameModeConfig: isGameModeOn = true
05-11 11:45:44.507 1508 1833 I GameModeConfig: isGaming = true
05-11 11:45:44.507 1508 1833 I GameModeConfig: isDisableNotification = true
05-11 11:45:44.507 1508 1833 I GameModeConfig: isGameModeOn = true
05-11 11:45:44.507 1508 1833 I GameModeConfig: isGaming = true
05-11 11:45:44.507 1508 1833 I GameModeConfig: isDisableNotification = true
05-11 11:45:44.507 1508 1833 I GameModeConfig: isGameModeOn = true
05-11 11:45:44.507 1508 1833 I GameModeConfig: isGaming = true
05-11 11:45:44.507 1508 1833 I GameModeConfig: isDisableNotification = true
05-11 11:45:44.507 1508 1833 I GameModeConfig: isGameModeOn = true
05-11 11:45:44.510 1508 1833 I GameModeConfig: isGaming = true
05-11 11:45:44.510 1508 1833 I GameModeConfig: isDisableNotification = true
05-11 11:45:44.510 1508 1833 I GameModeConfig: isGameModeOn = true
05-11 11:45:44.510 1508 1833 I GameModeConfig: isGaming = true
05-11 11:45:44.510 1508 1833 I GameModeConfig: isDisableNotification = true
05-11 11:45:44.511 1508 1833 I GameModeConfig: isGameModeOn = true
05-11 11:45:44.511 1508 1833 I GameModeConfig: isGaming = true
05-11 11:45:44.511 1508 1833 I GameModeConfig: isDisableNotification = true
05-11 11:45:44.511 1508 1833 I GameModeConfig: isGameModeOn = true
05-11 11:45:44.511 1508 1833 I GameModeConfig: isGaming = true
05-11 11:45:44.511 1508 1833 I GameModeConfig: isDisableNotification = true
05-11 11:45:44.511 1508 1833 I GameModeConfig: isGameModeOn = true
05-11 11:45:44.511 1508 1833 I GameModeConfig: isGaming = true
05-11 11:45:44.511 1508 1833 I GameModeConfig: isDisableNotification = true
05-11 11:45:44.511 1508 1833 I GameModeConfig: isGameModeOn = true
05-11 11:45:44.511 1508 1833 I GameModeConfig: isGaming = true
05-11 11:45:44.511 1508 1833 I GameModeConfig: isDisableNotification = true
05-11 11:45:44.512 1508 1833 I GameModeConfig: isGameModeOn = true
05-11 11:45:44.512 1508 1833 I GameModeConfig: isGaming = true
05-11 11:45:44.512 1508 1833 I GameModeConfig: isDisableNotification = true
05-11 11:45:44.512 1508 1833 I GameModeConfig: isGameModeOn = true
05-11 11:45:44.512 1508 1833 I GameModeConfig: isGaming = true
05-11 11:45:44.512 1508 1833 I GameModeConfig: isDisableNotification = true
05-11 11:45:44.607 1508 1644 W ActivityTaskManager: Activity top resumed state loss timeout for ActivityRecord{fa99c66 u0 com.tencent.mm/.plugin.voip.ui.VideoActivity taskAffinity=10096:com.tencent.mm t-1 f}}
05-11 11:45:44.638 1508 12831 W ActivityManager: Foreground service started from background can not have location/camera/microphone access: service com.tencent.mm/.plugin.voip.widget.VoipForegroundService
05-11 11:45:44.638 1508 12831 I ActivityManager: Background started FGS: Allowed [callingPackage: com.tencent.mm; callingUid: 10096; uidState: FGS ; intent: Intent { cmp=com.tencent.mm/.plugin.voip.widget.VoipForegroundService }; code:PROC_STATE_FGS; tempAllowListReason:; targetSdkVersion:29; callerTargetSdkVersion:29; startForegroundCount:1; bindFromPackage:null]
05-11 11:45:44.639 1508 1508 I notification_enqueue: [10096,17189,com.tencent.mm,40,NULL,0,Notification(channel=reminder_channel_id shortcut=null contentView=null vibrate=null sound=null defaults=0x0 flags=0x42 color=0x00000000 vis=PRIVATE),1]
05-11 11:45:44.643 1508 1508 I sysui_multi_action: [757,128,758,5,759,8,793,447,794,0,795,447,796,40,806,com.tencent.mm,857,reminder_channel_id,858,2,947,0,1500,246,1688,1]
05-11 11:45:44.643 1508 1508 I notification_canceled: [0|com.tencent.mm|40|null|10096,8,447,447,0,-1,-1,NULL]
05-11 11:45:44.840 1508 1508 I NotificationService: Cannot find enqueued record for key: 0|com.tencent.mm|40|null|10096
05-11 11:45:44.914 1508 12831 D CompatibilityChangeReporter: Compat change id reported: 157233955; UID 10096; state: DISABLED
05-11 11:45:44.955 1508 1508 I notification_cancel_all: [1000,1508,com.tencent.mm,0,0,0,20,NULL]
05-11 11:45:44.955 1508 12831 I sysui_multi_action: [757,856,758,2,806,com.tencent.mm,857,a259da4795d59148#voip_ringtone_channel_1683776732374,858,4]
05-11 11:45:44.955 1508 12831 W NotificationHistory: Attempted to remove channel for locked/gone/disabled user 0
05-11 11:45:44.974 1508 1799 I input_interaction: Interaction with: 4625c10 StatusBar (server), edge-swipe (server), swipe-up (server), PointerEventDispatcher0 (server),
05-11 11:45:44.977 12833 12833 I sysui_multi_action: [757,803,799,panel_open,802,1]
05-11 11:45:44.977 12833 12833 I sysui_multi_action: [757,1328,758,4,1326,80,1327,1,1329,0]
05-11 11:45:45.008 1508 1657 W NotificationHistory: Attempted to remove conversation for locked/gone/disabled user 0
05-11 11:45:45.015 1508 9679 I sysui_multi_action: [757,127,758,1]
05-11 11:45:45.015 1508 9679 I sysui_multi_action: [757,804,799,note_load,801,4,802,1]
05-11 11:45:45.015 1508 9679 I notification_panel_revealed: 4
05-11 11:45:45.026 1508 1645 I input_focus: [Focus request 72a4037 NotificationShade,reason=UpdateInputWindows]
05-11 11:45:45.030 1508 9679 I sysui_multi_action: [757,128,758,1,793,1118678,794,0,795,1118678,796,26,798,1,806,android,857,DEVELOPER_IMPORTANT,858,4,947,0,1395,4,1500,1118190,1688,1]
05-11 11:45:45.031 1508 9679 I sysui_multi_action: [757,804,799,note_freshness,801,1118678,802,1]
05-11 11:45:45.031 1508 9679 I notification_visibility: [-1|android|26|null|1000,1,1118678,1118678,0,1]
05-11 11:45:45.031 1508 9679 I sysui_multi_action: [757,128,758,1,793,7274,794,0,795,7274,796,-3365,798,2,806,com.ss.android.lark,857,normal_v2,858,4,947,0,1395,4,1500,7072,1688,1,1745,945454168]
05-11 11:45:45.031 1508 9679 I sysui_multi_action: [757,804,799,note_freshness,801,7274,802,1]
05-11 11:45:45.031 1508 9679 I notification_visibility: [0|com.ss.android.lark|-3365|null|10113,1,7274,7274,0,2]
05-11 11:45:45.031 1508 9679 I sysui_multi_action: [757,128,758,1,793,673790,794,0,795,673790,796,4274,798,0,806,com.android.systemui,857,screen_record,858,3,947,0,1395,4,1500,673588,1688,1]
05-11 11:45:45.031 1508 9679 I sysui_multi_action: [757,804,799,note_freshness,801,673790,802,1]
05-11 11:45:45.031 1508 9679 I notification_visibility: [0|com.android.systemui|4274|null|10078,1,673790,673790,0,0]
05-11 11:45:45.031 1508 9679 I sysui_multi_action: [757,128,758,1,793,1118682,794,0,795,1118682,796,27,798,3,806,android,857,USB,858,1,947,0,1395,4,1500,1118192,1688,1]
05-11 11:45:45.031 1508 9679 I sysui_multi_action: [757,804,799,note_freshness,801,1118682,802,1]
05-11 11:45:45.031 1508 9679 I notification_visibility: [-1|android|27|null|1000,1,1118682,1118682,0,3]
05-11 11:45:45.043 12833 12833 I sysui_multi_action: [757,111,758,1]
05-11 11:45:45.043 12833 12833 I sysui_multi_action: [757,126,758,1,759,126,927,0,928,1,1593,0]
05-11 11:45:45.043 12833 12833 I sysui_multi_action: [757,113,758,1,759,113,927,1,928,1,1593,0]
05-11 11:45:45.043 12833 12833 I sysui_multi_action: [757,0,758,1,759,0,927,2,928,0,1593,0]
05-11 11:45:45.043 12833 12833 I sysui_multi_action: [757,0,758,1,759,0,927,3,928,0,1593,0]
05-11 11:45:45.044 12833 12833 I sysui_multi_action: [757,491,758,1,759,491,927,4,928,0,1311,-1,1593,0]
05-11 11:45:45.044 12833 12833 I sysui_multi_action: [757,0,758,1,759,0,927,5,928,0,1593,0]
05-11 11:45:45.044 12833 12833 I sysui_multi_action: [757,0,758,1,759,0,927,6,1593,0]
05-11 11:45:45.044 1508 1799 I input_focus: [Focus leaving b44030a com.qqgame.mic/com.qqgame.mic.YXSMainActivity (server),reason=setFocusedWindow]
05-11 11:45:45.044 1508 1799 I input_focus: [Focus entering 72a4037 NotificationShade (server),reason=setFocusedWindow]
05-11 11:45:45.208 1508 1643 I commit_sys_config_file: [notification-policy,1121017]
05-11 11:45:45.460 0 0 I auditd : type=1400 audit(0.0:10978): avc: denied { kill } for comm="swapper/5" capability=5 scontext=u:r:kernel:s0 tcontext=u:r:kernel:s0 tclass=capability permissive=1
05-11 11:45:45.686 1508 1799 I input_interaction: Interaction with: 72a4037 NotificationShade (server), edge-swipe (server), swipe-up (server), PointerEventDispatcher0 (server),
05-11 11:45:46.055 17189 17240 E ActivityThread: Failed to find provider info for com.android.badge
05-11 11:45:46.060 17189 17254 E ActivityThread: Failed to find provider info for com.huawei.android.launcher.settings
05-11 11:45:46.090 17189 17254 E ActivityThread: Failed to find provider info for com.android.badge
01-01 08:18:54.378 0 0 I binder : 17189:17371 ioctl 40046210 7a3d415484 returned -22
01-01 08:18:54.400 0 0 I msm_vidc: high: 00000001: ....e: Opening video instance: 0000000000000000, 0
01-01 08:18:54.400 0 0 I msm_vidc: err : 00000001: ....e: Failed to create debugfs for msm_vidc
05-11 11:45:46.364 1508 1508 I service_manager_slow: [10,phone]
05-11 11:45:46.372 1508 12158 I service_manager_stats: [100,69,33500]
01-01 08:18:54.484 0 0 I msm_vidc: high: 00000001: h264e: Closed video instance: 0000000000000000
01-01 08:18:54.668 0 0 I msm_vidc: high: 00000001: ....e: Opening video instance: 0000000000000000, 0
05-11 11:45:46.650 1508 1893 I sync : [com.tencent.android.qqdownloader.YYBLiveAccountProvider,0,3,24220937]
05-11 11:45:46.654 1508 9679 W ActivityManager: Background start not allowed: service Intent { cmp=com.tencent.android.qqdownloader/com.tencent.assistant.sdk.SDKSupportService (has extras) } to com.tencent.android.qqdownloader/com.tencent.assistant.sdk.SDKSupportService from pid=3267 uid=10094 pkg=com.tencent.android.qqdownloader startFg?=false
05-11 11:45:46.658 1508 9679 W ActivityManager: Background start not allowed: service Intent { cmp=com.tencent.android.qqdownloader/com.tencent.assistant.sdk.SDKSupportService (has extras) } to com.tencent.android.qqdownloader/com.tencent.assistant.sdk.SDKSupportService from pid=3267 uid=10094 pkg=com.tencent.android.qqdownloader startFg?=false
01-01 08:18:54.668 0 0 I msm_vidc: err : 00000001: ....e: Failed to create debugfs for msm_vidc
05-11 11:45:46.662 1508 1893 I sync : [com.tencent.android.qqdownloader.YYBLiveAccountProvider,1,3,24220937]
05-11 11:45:46.664 1508 1893 I commit_sys_config_file: [sync-status,1116439]
05-11 11:45:46.668 1508 1893 I sync : [com.tencent.android.qqdownloader.YYBLiveAccountProvider,0,3,24220937]
05-11 11:45:46.671 1508 9679 W ActivityManager: Background start not allowed: service Intent { cmp=com.tencent.android.qqdownloader/com.tencent.assistant.sdk.SDKSupportService (has extras) } to com.tencent.android.qqdownloader/com.tencent.assistant.sdk.SDKSupportService from pid=3267 uid=10094 pkg=com.tencent.android.qqdownloader startFg?=false
05-11 11:45:46.683 1508 10954 W ActivityManager: Background start not allowed: service Intent { cmp=com.tencent.android.qqdownloader/com.tencent.assistant.sdk.SDKSupportService (has extras) } to com.tencent.android.qqdownloader/com.tencent.assistant.sdk.SDKSupportService from pid=3267 uid=10094 pkg=com.tencent.android.qqdownloader startFg?=false
01-01 08:18:54.737 0 0 I msm_vidc: high: 00000001: h265e: Closed video instance: 0000000000000000
05-11 11:45:46.689 1508 1893 I sync : [com.tencent.android.qqdownloader.YYBLiveAccountProvider,1,3,24220937]
05-11 11:45:46.691 1508 1893 I commit_sys_config_file: [sync-status,1116465]
05-11 11:45:46.788 4689 4689 I auditd : type=1400 audit(0.0:10979): avc: granted { nlmsg_readpriv } for comm="mars::4961" scontext=u:r:untrusted_app_29:s0:c96,c256,c512,c768 tcontext=u:r:untrusted_app_29:s0:c96,c256,c512,c768 tclass=netlink_route_socket app=com.tencent.mm
05-11 11:45:46.792 4689 4689 I auditd : type=1400 audit(0.0:10980): avc: granted { nlmsg_readpriv } for comm="mars::4961" scontext=u:r:untrusted_app_29:s0:c96,c256,c512,c768 tcontext=u:r:untrusted_app_29:s0:c96,c256,c512,c768 tclass=netlink_route_socket app=com.tencent.mm
05-11 11:45:46.868 17386 17386 I auditd : type=1400 audit(0.0:10981): avc: granted { bind } for comm="ip" scontext=u:r:untrusted_app_29:s0:c96,c256,c512,c768 tcontext=u:r:untrusted_app_29:s0:c96,c256,c512,c768 tclass=netlink_route_socket app=com.tencent.mm
05-11 11:45:46.984 4689 4689 I auditd : type=1400 audit(0.0:10982): avc: granted { nlmsg_readpriv } for comm="mars::17389" scontext=u:r:untrusted_app_29:s0:c96,c256,c512,c768 tcontext=u:r:untrusted_app_29:s0:c96,c256,c512,c768 tclass=netlink_route_socket app=com.tencent.mm
05-11 11:45:46.984 4689 4689 I auditd : type=1400 audit(0.0:10983): avc: granted { nlmsg_readpriv } for comm="mars::17389" scontext=u:r:untrusted_app_29:s0:c96,c256,c512,c768 tcontext=u:r:untrusted_app_29:s0:c96,c256,c512,c768 tclass=netlink_route_socket app=com.tencent.mm
05-11 11:45:47.002 1508 10954 W ActivityManager: Unable to start service Intent { act=com.tencent.soter.soterserver.ISoterService pkg=com.tencent.soter.soterserver } U=0: not found
05-11 11:45:47.032 17395 17395 I auditd : type=1400 audit(0.0:10984): avc: granted { bind } for comm="ip" scontext=u:r:untrusted_app_29:s0:c96,c256,c512,c768 tcontext=u:r:untrusted_app_29:s0:c96,c256,c512,c768 tclass=netlink_route_socket app=com.tencent.mm
05-11 11:45:47.460 0 0 I auditd : type=1400 audit(0.0:10985): avc: denied { kill } for comm="swapper/5" capability=5 scontext=u:r:kernel:s0 tcontext=u:r:kernel:s0 tclass=capability permissive=1
01-01 08:18:55.721 0 0 E link_delay_work_func: DTC_ETH: SQI=0, link=0
05-11 11:45:47.973 1508 1833 I GameModeConfig: isGameModeOn = true
05-11 11:45:47.973 1508 1833 I GameModeConfig: isGaming = true
05-11 11:45:47.973 1508 1833 I GameModeConfig: isDisableNotification = true
05-11 11:45:47.973 1508 1833 I GameModeConfig: isGameModeOn = true
05-11 11:45:47.973 1508 1833 I GameModeConfig: isGaming = true
05-11 11:45:47.973 1508 1833 I GameModeConfig: isDisableNotification = true
05-11 11:45:48.163 1508 1657 I sysui_multi_action: [757,1717,758,1,759,0]
05-11 11:45:48.174 1508 1657 I sysui_multi_action: [757,1717,758,2,759,0]
05-11 11:45:48.175 1508 1657 I sysui_multi_action: [757,1717,758,3,759,0]
05-11 11:45:48.666 1508 1643 I commit_sys_config_file: [jobs,2]
05-11 11:45:49.179 1508 1799 I WindowManager: ANR in com.qqgame.mic/com.qqgame.mic.YXSMainActivity. Reason:b44030a com.qqgame.mic/com.qqgame.mic.YXSMainActivity (server) is not responding. Waited 5000ms for FocusEvent(hasFocus=true)
05-11 11:45:49.197 1508 1799 D CompatibilityChangeReporter: Compat change id reported: 174042980; UID 10096; state: DISABLED
05-11 11:45:49.197 1508 1799 D CompatibilityChangeReporter: Compat change id reported: 181136395; UID 10096; state: DISABLED
05-11 11:45:49.198 1508 1799 D CompatibilityChangeReporter: Compat change id reported: 174042936; UID 10096; state: DISABLED
05-11 11:45:49.198 1508 1799 D CompatibilityChangeReporter: Compat change id reported: 184838306; UID 10096; state: DISABLED
05-11 11:45:49.198 1508 1799 D CompatibilityChangeReporter: Compat change id reported: 185004937; UID 10096; state: DISABLED
05-11 11:45:49.223 1508 17466 I am_anr : [0,14647,com.qqgame.mic,986201668,Input dispatching timed out (b44030a com.qqgame.mic/com.qqgame.mic.YXSMainActivity (server) is not responding. Waited 5000ms for FocusEvent(hasFocus=true))]
05-11 11:45:49.234 1508 17466 I ActivityManager: dumpStackTraces pids={1894=true, 2472=true, 2491=true, 2644=true, 3171=true, 3174=true, 3191=true, 3267=true, 3294=true, 3407=true, 3484=true, 3555=true, 3598=true, 4085=true, 4308=true, 4362=true, 4602=true, 4689=true, 4923=true, 4996=true, 5077=true, 5380=true, 6161=true, 6386=true, 6425=true, 6551=true, 11018=true, 13014=true, 13357=true, 13708=true, 14512=true, 14513=true, 14682=true, 14767=true, 15205=true, 15336=true, 15347=true, 17189=true} nativepids=[832, 834, 836, 584, 841, 585, 851, 1236, 1174, 17120, 16993, 1377, 1315, 1187, 1894, 939, 684, 685, 1199, 560, 1200, 1201, 822, 889, 830]
05-11 11:45:49.604 1508 17466 I ActivityManager: Skipping next CPU consuming process, not a java proc: 1508
05-11 11:45:49.604 1508 17466 I ActivityManager: Skipping next CPU consuming process, not a java proc: 14647
05-11 11:45:49.604 1508 17466 I ActivityManager: Skipping next CPU consuming process, not a java proc: 939
05-11 11:45:49.604 1508 17466 I ActivityManager: Skipping next CPU consuming process, not a java proc: 851
05-11 11:45:49.604 1508 17466 I ActivityManager: Skipping next CPU consuming process, not a java proc: 72
05-11 11:45:49.604 1508 17466 I ActivityManager: Skipping next CPU consuming process, not a java proc: 277
05-11 11:45:49.604 1508 17466 I ActivityManager: Skipping next CPU consuming process, not a java proc: 3003
05-11 11:45:49.604 1508 17466 I ActivityManager: Skipping next CPU consuming process, not a java proc: 4470
05-11 11:45:49.604 1508 17466 I ActivityManager: Skipping next CPU consuming process, not a java proc: 16993
05-11 11:45:49.605 1508 17466 I ActivityManager: Dumping to /data/anr/anr_2023-05-11-11-45-49-605
05-11 11:45:49.605 1508 17466 I ActivityManager: Collecting stacks for pid 14647
05-11 11:45:50.014 1508 1799 I WindowManager: ANR in StatusBar. Reason:4625c10 StatusBar (server) is not responding. Waited 5000ms for MotionEvent(deviceId=4, eventTime=1130358412000, source=0x00005002, displayId=0, action=MOVE, actionButton=0x00000000, flags=0x00000000, metaState=0x00000000, buttonState=0x00000000, classification=NONE, edgeFlags=0x00000000, xPrecision=1.0, yPrecision=1.0, xCursorPosition=nan, yCursorPosition=nan, pointers=[0: (2064.0, 69.0)]), policyFlags=0x62000000
05-11 11:45:50.046 1508 1799 I WindowManager: ANR in NotificationShade. Reason:72a4037 NotificationShade (server) is not responding. Waited 5000ms for FocusEvent(hasFocus=true)
05-11 11:45:50.062 1508 1799 I WindowManager: ANR in gesture monitor owned by pid:12833. Reason: edge-swipe (server) is not responding. Waited 5009ms for MotionEvent(deviceId=4, eventTime=1130398596000, source=0x00005002, displayId=0, action=MOVE, actionButton=0x00000000, flags=0x00000000, metaState=0x00000000, buttonState=0x00000000, classification=NONE, edgeFlags=0x00000000, xPrecision=1.0, yPrecision=1.0, xCursorPosition=nan, yCursorPosition=nan, pointers=[0: (2075.0, 221.0)]), policyFlags=0x62000000
01-01 08:18:58.336 0 0 I logd : logdr: UID=10109 GID=10109 PID=17481 n tail=0 logMask=99 pid=0 start=0ns deadline=0ns
05-11 11:45:50.403 1508 1799 I input_interaction: Interaction with: swipe-up (server), PointerEventDispatcher0 (server),
05-11 11:45:50.460 0 0 I auditd : type=1400 audit(0.0:10986): avc: denied { kill } for comm="swapper/5" capability=5 scontext=u:r:kernel:s0 tcontext=u:r:kernel:s0 tclass=capability permissive=1
05-11 11:45:50.688 1508 1799 I WindowManager: ANR in NavigationBar0. Reason:e356e5f NavigationBar0 (server) is not responding. Waited 5000ms for MotionEvent(deviceId=4, eventTime=1131034003000, source=0x00005002, displayId=0, action=DOWN, actionButton=0x00000000, flags=0x00000000, metaState=0x00000000, buttonState=0x00000000, classification=NONE, edgeFlags=0x00000000, xPrecision=1.0, yPrecision=1.0, xCursorPosition=nan, yCursorPosition=nan, pointers=[0: (2472.0, 13.0)]), policyFlags=0x62000000
05-11 11:45:50.896 17189 17189 I auditd : type=1400 audit(0.0:10987): avc: denied { read } for comm="mars::17284" name="u:object_r:serialno_prop:s0" dev="tmpfs" ino=14468 scontext=u:r:untrusted_app_29:s0:c96,c256,c512,c768 tcontext=u:object_r:serialno_prop:s0 tclass=file permissive=1 app=com.tencent.mm
