05-11 11:29:17.546 1508 1508 I GameModeConfig: isDisableNotification = true
05-11 11:29:17.546 1508 1508 I GameModeConfig: isDisableVoice = true
05-11 11:29:17.547 1508 1508 W NotificationHistory: Attempted to add notif for locked/gone/disabled user 0
05-11 11:29:18.343 1508 8281 E AppOps : Operation not started: uid=10096 pkg=com.tencent.mm(null) op=WAKE_LOCK
05-11 11:29:18.592 1508 8281 E AppOps : Operation not started: uid=10096 pkg=com.tencent.mm(null) op=WAKE_LOCK
05-11 11:29:19.346 1508 8281 E AppOps : Operation not started: uid=10096 pkg=com.tencent.mm(null) op=WAKE_LOCK
01-01 08:02:27.561 0 0 E link_delay_work_func: DTC_ETH: SQI=0, link=0
05-11 11:29:22.052 1508 2084 E AppOps : Operation not started: uid=10096 pkg=com.tencent.mm(null) op=WAKE_LOCK
05-11 11:29:23.740 1508 1833 I GameModeConfig: isGameModeOn = true
05-11 11:29:23.740 1508 1833 I GameModeConfig: isGaming = true
05-11 11:29:23.740 1508 1833 I GameModeConfig: isDisableNotification = true
05-11 11:29:23.740 1508 1833 I GameModeConfig: isGameModeOn = true
05-11 11:29:23.740 1508 1833 I GameModeConfig: isGaming = true
05-11 11:29:23.740 1508 1833 I GameModeConfig: isDisableNotification = true
01-01 08:02:32.681 0 0 E link_delay_work_func: DTC_ETH: SQI=0, link=0
05-11 11:29:26.629 1508 8280 W ActivityManager: Background start not allowed: service Intent { cmp=com.tencent.android.qqdownloader/com.tencent.assistant.sdk.SDKSupportService (has extras) } to com.tencent.android.qqdownloader/com.tencent.assistant.sdk.SDKSupportService from pid=3267 uid=10094 pkg=com.tencent.android.qqdownloader startFg?=false
05-11 11:29:26.633 1508 8280 W ActivityManager: Background start not allowed: service Intent { cmp=com.tencent.android.qqdownloader/com.tencent.assistant.sdk.SDKSupportService (has extras) } to com.tencent.android.qqdownloader/com.tencent.assistant.sdk.SDKSupportService from pid=3267 uid=10094 pkg=com.tencent.android.qqdownloader startFg?=false
05-11 11:29:26.649 1508 8280 W ActivityManager: Background start not allowed: service Intent { cmp=com.tencent.android.qqdownloader/com.tencent.assistant.sdk.SDKSupportService (has extras) } to com.tencent.android.qqdownloader/com.tencent.assistant.sdk.SDKSupportService from pid=3267 uid=10094 pkg=com.tencent.android.qqdownloader startFg?=false
05-11 11:29:26.654 1508 8280 W ActivityManager: Background start not allowed: service Intent { cmp=com.tencent.android.qqdownloader/com.tencent.assistant.sdk.SDKSupportService (has extras) } to com.tencent.android.qqdownloader/com.tencent.assistant.sdk.SDKSupportService from pid=3267 uid=10094 pkg=com.tencent.android.qqdownloader startFg?=false
05-11 11:29:27.565 1508 1833 I GameModeConfig: isGameModeOn = true
05-11 11:29:27.565 1508 1833 I GameModeConfig: isGaming = true
05-11 11:29:27.565 1508 1833 I GameModeConfig: isDisableNotification = true
05-11 11:29:27.565 1508 1833 I GameModeConfig: isDisableVoice = true
05-11 11:29:27.565 1508 1833 I GameModeConfig: isGameModeOn = true
05-11 11:29:27.565 1508 1833 I GameModeConfig: isGaming = true
05-11 11:29:27.565 1508 1833 I GameModeConfig: isDisableNotification = true
05-11 11:29:27.565 1508 1833 I GameModeConfig: isDisableVoice = true
01-01 08:02:37.801 0 0 E link_delay_work_func: DTC_ETH: SQI=0, link=0
05-11 11:29:32.878 1508 1508 I GameModeConfig: isGameModeOn = true
05-11 11:29:32.878 1508 1508 I GameModeConfig: isGaming = true
05-11 11:29:32.878 1508 1508 I GameModeConfig: isDisableNotification = true
05-11 11:29:32.878 1508 1508 I GameModeConfig: isGameModeOn = true
05-11 11:29:32.878 1508 1508 I GameModeConfig: isGaming = true
05-11 11:29:32.878 1508 1508 I GameModeConfig: isDisableNotification = true
01-01 08:02:42.921 0 0 E link_delay_work_func: DTC_ETH: SQI=0, link=0
01-01 08:02:48.042 0 0 E link_delay_work_func: DTC_ETH: SQI=0, link=0
05-11 11:29:44.485 1508 1641 D AutofillManagerService: Close system dialogs
05-11 11:29:44.554 1508 8281 W ActivityTaskManager: getTaskSnapshot: taskId=505 not found
05-11 11:29:44.555 1508 3394 W ActivityTaskManager: getTaskSnapshot: taskId=505 not found
05-11 11:29:44.555 1508 3394 W ActivityTaskManager: getTaskSnapshot: taskId=505 not found
05-11 11:29:44.556 1508 3394 W ActivityTaskManager: getTaskSnapshot: taskId=505 not found
01-01 08:02:53.161 0 0 E link_delay_work_func: DTC_ETH: SQI=0, link=0
05-11 11:29:45.210 1508 3394 I ActivityTaskManager: FOREGROUND_APPLICATION_CHANGED to com.android.launcher3.uioverrides.QuickstepLauncher
05-11 11:29:45.323 1508 1645 W DisplayManagerService: Display DisplayDeviceInfo{"Recording Display": uniqueId="virtual:com.android.systemui,10078,Recording Display,0", 2560 x 1080, modeId 4, defaultModeId 4, supportedModes [{id=4, width=2560, height=1080, fps=60.0, alternativeRefreshRates=[]}], colorMode 0, supportedColorModes [0], hdrCapabilities null, allmSupported false, gameContentTypeSupported false, density 240, 240.0 x 240.0 dpi, appVsyncOff 0, presDeadline 16666666, touch NONE, rotation 0, type VIRTUAL, deviceProductInfo null, state ON, owner com.android.systemui (uid 10078), frameRateOverride , brightnessMinimum 0.0, brightnessMaximum 0.0, brightnessDefault 0.0, FLAG_PRIVATE, FLAG_PRESENTATION} does not support input device matching.
05-11 11:29:45.323 2031 4595 W ContextImpl: Calling a method in the system process without a qualified user: android.app.ContextImpl.startService:1816 android.content.ContextWrapper.startService:774 com.thundercomm.gamemode.ingame.services.GameModeActionUtils.startGameModeService:118 com.thundercomm.gamemode.ingame.services.GameModeActionUtils.startGameModeEntry:29 com.thundercomm.gamemode.ingame.services.ActivityMonitoringService$1.onActivityLaunch:140
05-11 11:29:45.329 1508 1508 I GameModeConfig: Current uri is uri = content://com.thundercomm.gamemode.api/gamemode_settings/gamemode_isgaming
05-11 11:29:45.331 1508 1508 I GameModeConfig: isGameModeOn = true
05-11 11:29:45.331 1508 1508 I GameModeConfig: isGaming = false
05-11 11:29:45.331 1508 1508 I GameModeConfig: isGameModeOn = true
05-11 11:29:45.331 1508 1508 I GameModeConfig: isGaming = false
05-11 11:29:45.331 1508 1508 I GameModeConfig: isDisableVoice = true
01-01 08:02:53.377 0 0 W ALERT : changing window size from 8000000 to 16000000 at 170680037328
01-01 08:02:53.409 0 0 I atmel_mxt_ts 0-004a: FB event:2,blank:0
01-01 08:02:53.409 0 0 I atmel_mxt_ts 0-004a: suspend: event = 2, blank = 0, not care
01-01 08:02:53.409 0 0 I [drm:dsi_display_set_mode] [msm-dsi-info]: mdp_transfer_time_us=0 us
01-01 08:02:53.409 0 0 I [drm:dsi_display_set_mode] [msm-dsi-info]: hactive= 2560,vactive= 1080,fps=60
01-01 08:02:53.409 0 0 I : [MAX975X:max96755x_drm_notifier_callback] *INFO* receives BLANK: UNBLANK
05-11 11:29:45.389 1508 1644 I DisplayDeviceRepository: Display device changed: DisplayDeviceInfo{"内置屏幕": uniqueId="local:4630946816427681409", 2560 x 1080, modeId 1, defaultModeId 1, supportedModes [{id=1, width=2560, height=1080, fps=60.000004, alternativeRefreshRates=[30.000002, 45.0]}, {id=2, width=2560, height=1080, fps=45.0, alternativeRefreshRates=[30.000002, 60.000004]}, {id=3, width=2560, height=1080, fps=30.000002, alternativeRefreshRates=[45.0, 60.000004]}], colorMode 0, supportedColorModes [0], hdrCapabilities HdrCapabilities{mSupportedHdrTypes=[2, 3, 4], mMaxLuminance=500.0, mMaxAverageLuminance=500.0, mMinLuminance=0.0}, allmSupported false, gameContentTypeSupported false, density 240, 320.315 x 318.976 dpi, appVsyncOff 1000000, presDeadline 16666666, touch INTERNAL, rotation 0, type INTERNAL, address {port=129, model=0x40446d97fee5e6}, deviceProductInfo DeviceProductInfo{name=, manufacturerPnpId=QCM, productId=1, modelYear=null, manufactureDate=ManufactureDate{week=27, year=2006}, connectionToSinkType=0}, state ON, frameRateOverride , brightnessMinimum 0.0, brightnessMaximum 1.0, brightnessDefault 1.0, FLAG_DEFAULT_DISPLAY, FLAG_ROTATES_WITH_CONTENT, FLAG_SECURE, FLAG_SUPPORTS_PROTECTED_BUFFERS}
05-11 11:29:45.395 1508 1645 W DisplayManagerService: Display DisplayDeviceInfo{"Recording Display": uniqueId="virtual:com.android.systemui,10078,Recording Display,0", 2560 x 1080, modeId 4, defaultModeId 4, supportedModes [{id=4, width=2560, height=1080, fps=60.0, alternativeRefreshRates=[]}], colorMode 0, supportedColorModes [0], hdrCapabilities null, allmSupported false, gameContentTypeSupported false, density 240, 240.0 x 240.0 dpi, appVsyncOff 0, presDeadline 16666666, touch NONE, rotation 0, type VIRTUAL, deviceProductInfo null, state ON, owner com.android.systemui (uid 10078), frameRateOverride , brightnessMinimum 0.0, brightnessMaximum 0.0, brightnessDefault 0.0, FLAG_PRIVATE, FLAG_PRESENTATION} does not support input device matching.
01-01 08:02:53.611 0 0 I atmel_mxt_ts 0-004a: FB event:1,blank:0
01-01 08:02:53.611 0 0 I atmel_mxt_ts 0-004a: drm_notifier_callback: UNBLANK! Resume by drm notifier.
05-11 11:29:45.726 1508 2566 I thunderperf: PlatormCompat.setOverrides: Uid1=10072 Pid1=2644 Uid2=10072 Pid2=2644
05-11 11:29:45.726 1508 2566 I thunderperf: PlatormCompat.setOverrides: needCheck:false
05-11 11:29:45.726 1508 2566 I thunderperf: CompatConfig.addOverrideUnsafe: bef-state=0
05-11 11:29:45.726 1508 2566 I thunderperf: CompatConfig.addOverrideUnsafe: aft-state=0
05-11 11:29:45.727 1508 2566 I thunderperf: CompatConfig.addOverrideUnsafe: bef-state=0
05-11 11:29:45.727 1508 2566 I thunderperf: CompatConfig.addOverrideUnsafe: aft-state=0
05-11 11:29:45.727 1508 2566 I thunderperf: CompatConfig.addOverrideUnsafe: bef-state=0
05-11 11:29:45.727 1508 2566 I thunderperf: CompatConfig.addOverrideUnsafe: aft-state=0
05-11 11:29:45.728 1508 2566 I thunderperf: CompatConfig.addOverrideUnsafe: bef-state=0
05-11 11:29:45.728 1508 2566 I thunderperf: CompatConfig.addOverrideUnsafe: aft-state=0
05-11 11:29:45.728 1508 2566 I thunderperf: CompatConfig.addOverrideUnsafe: bef-state=0
05-11 11:29:45.728 1508 2566 I thunderperf: CompatConfig.addOverrideUnsafe: aft-state=0
05-11 11:29:45.728 1508 2566 I thunderperf: CompatConfig.addOverrideUnsafe: bef-state=0
05-11 11:29:45.728 1508 2566 I thunderperf: CompatConfig.addOverrideUnsafe: aft-state=0
05-11 11:29:45.728 1508 2566 I thunderperf: CompatConfig.addOverrideUnsafe: bef-state=0
05-11 11:29:45.728 1508 2566 I thunderperf: CompatConfig.addOverrideUnsafe: aft-state=0
05-11 11:29:45.729 1508 2566 I thunderperf: CompatConfig.addOverrideUnsafe: bef-state=0
05-11 11:29:45.729 1508 2566 I thunderperf: CompatConfig.addOverrideUnsafe: aft-state=0
05-11 11:29:45.729 1508 2566 I thunderperf: CompatConfig.addOverrideUnsafe: bef-state=0
05-11 11:29:45.729 1508 2566 I thunderperf: CompatConfig.addOverrideUnsafe: aft-state=0
05-11 11:29:45.729 1508 2566 I thunderperf: CompatConfig.addOverrideUnsafe: bef-state=0
05-11 11:29:45.729 1508 2566 I thunderperf: CompatConfig.addOverrideUnsafe: aft-state=0
05-11 11:29:45.730 1508 2566 I thunderperf: CompatConfig.addOverrideUnsafe: bef-state=0
05-11 11:29:45.730 1508 2566 I thunderperf: CompatConfig.addOverrideUnsafe: aft-state=0
05-11 11:29:45.730 1508 2566 I thunderperf: CompatConfig.addOverrideUnsafe: bef-state=0
05-11 11:29:45.730 1508 2566 I thunderperf: CompatConfig.addOverrideUnsafe: aft-state=0
05-11 11:29:45.730 1508 2566 I thunderperf: CompatConfig.addOverrideUnsafe: bef-state=0
05-11 11:29:45.730 1508 2566 I thunderperf: CompatConfig.addOverrideUnsafe: aft-state=0
05-11 11:29:45.731 1508 2566 I thunderperf: CompatConfig.addOverrideUnsafe: bef-state=0
05-11 11:29:45.731 1508 2566 I thunderperf: CompatConfig.addOverrideUnsafe: aft-state=0
05-11 11:29:45.732 1508 2566 I ActivityTaskManager: START u0 {act=android.intent.action.MAIN cat=[android.intent.category.LAUNCHER] flg=0x10200000 cmp=com.qqgame.mic/com.tencent.gcloud.msdk.core.policy.MSDKPolicyActivity bnds=[1926,692][2226,990]} from uid 10072
05-11 11:29:45.735 1508 2566 W ActivityTaskManager: Can't find TaskDisplayArea to determine support for multi window. Task id=12 attached=false
05-11 11:29:45.736 1508 2566 D CompatibilityChangeReporter: Compat change id reported: 174042980; UID 10109; state: DISABLED
05-11 11:29:45.737 1508 2566 D CompatibilityChangeReporter: Compat change id reported: 184838306; UID 10109; state: DISABLED
05-11 11:29:45.737 1508 2566 D CompatibilityChangeReporter: Compat change id reported: 185004937; UID 10109; state: DISABLED
05-11 11:29:45.737 1508 2566 D CompatibilityChangeReporter: Compat change id reported: 181136395; UID 10109; state: DISABLED
05-11 11:29:45.737 1508 2566 D CompatibilityChangeReporter: Compat change id reported: 174042936; UID 10109; state: DISABLED
05-11 11:29:45.738 1508 2566 D CompatibilityChangeReporter: Compat change id reported: 168419799; UID 10109; state: DISABLED
05-11 11:29:45.738 1508 2566 V SplashScreenExceptionList: SplashScreen checking exception for package com.qqgame.mic (target sdk:28) -> false
05-11 11:29:45.739 1912 2164 D PhoneStartingWindowTypeAlgorithm: preferredStartingWindowType newTask:true taskSwitch:true processRunning:false allowTaskSnapshot:true activityCreated:false useEmptySplashScreen:false legacySplashScreen:false topIsHome:false
05-11 11:29:45.739 1912 2164 D StartingSurfaceDrawer: addSplashScreen com.qqgame.mic theme=7f0e00b4 task=12 suggestType=1
05-11 11:29:45.741 1912 2166 D StartingSurfaceDrawer: window attributes color: 0 icon null duration 0 brandImage null
05-11 11:29:45.744 1508 1644 D CompatibilityChangeReporter: Compat change id reported: 135634846; UID 10109; state: DISABLED
05-11 11:29:45.744 1508 1644 D CompatibilityChangeReporter: Compat change id reported: 177438394; UID 10109; state: DISABLED
05-11 11:29:45.744 1508 1644 D CompatibilityChangeReporter: Compat change id reported: 135772972; UID 10109; state: DISABLED
05-11 11:29:45.744 1508 1644 D CompatibilityChangeReporter: Compat change id reported: 135754954; UID 10109; state: DISABLED
05-11 11:29:45.744 1508 1660 D CompatibilityChangeReporter: Compat change id reported: 143937733; UID 10109; state: DISABLED
05-11 11:29:45.744 1508 7225 I ActivityTaskManager: FOREGROUND_APPLICATION_CHANGED to com.tencent.gcloud.msdk.core.policy.MSDKPolicyActivity
05-11 11:29:45.750 1508 1660 I ActivityManager: Start proc 8341:com.qqgame.mic/u0a109 for pre-top-activity {com.qqgame.mic/com.tencent.gcloud.msdk.core.policy.MSDKPolicyActivity}
05-11 11:29:45.751 1508 8342 W ContextImpl: Calling a method in the system process without a qualified user: android.app.ContextImpl.sendBroadcast:1173 com.qualcomm.qti.Performance$SendGameLaunchBroadcast.run:217 java.lang.Thread.run:920
05-11 11:29:45.757 1912 2166 D StartingSurfaceDrawer: FgMainColor=ff374684 BgMainColor=ff383890 IsBgComplex=true FromCache=false ThemeColor=ffffffff
05-11 11:29:45.757 1912 2166 D StartingSurfaceDrawer: makeSplashScreenContentView: draw whole icon
05-11 11:29:45.757 1912 2166 D StartingSurfaceDrawer: fillViewWithIcon surfaceWindowView android.window.SplashScreenView{481fc41 V.E...... ......ID 0,0-0,0}
01-01 08:02:53.806 0 0 I binder : 8341:8341 ioctl 40046210 7ffe05b4f4 returned -22
05-11 11:29:45.780 1508 1645 W DisplayManagerService: Display DisplayDeviceInfo{"Recording Display": uniqueId="virtual:com.android.systemui,10078,Recording Display,0", 2560 x 1080, modeId 4, defaultModeId 4, supportedModes [{id=4, width=2560, height=1080, fps=60.0, alternativeRefreshRates=[]}], colorMode 0, supportedColorModes [0], hdrCapabilities null, allmSupported false, gameContentTypeSupported false, density 240, 240.0 x 240.0 dpi, appVsyncOff 0, presDeadline 16666666, touch NONE, rotation 0, type VIRTUAL, deviceProductInfo null, state ON, owner com.android.systemui (uid 10078), frameRateOverride , brightnessMinimum 0.0, brightnessMaximum 0.0, brightnessDefault 0.0, FLAG_PRIVATE, FLAG_PRESENTATION} does not support input device matching.
05-11 11:29:45.784 2031 4595 W ContextImpl: Calling a method in the system process without a qualified user: android.app.ContextImpl.startService:1816 android.content.ContextWrapper.startService:774 com.thundercomm.gamemode.ingame.services.GameModeActionUtils.startGameModeService:118 com.thundercomm.gamemode.ingame.services.GameModeActionUtils.startGameModeEntry:29 com.thundercomm.gamemode.ingame.services.ActivityMonitoringService$1.onActivityLaunch:140
05-11 11:29:45.784 1508 1645 W DisplayManagerService: Display DisplayDeviceInfo{"Recording Display": uniqueId="virtual:com.android.systemui,10078,Recording Display,0", 2560 x 1080, modeId 4, defaultModeId 4, supportedModes [{id=4, width=2560, height=1080, fps=60.0, alternativeRefreshRates=[]}], colorMode 0, supportedColorModes [0], hdrCapabilities null, allmSupported false, gameContentTypeSupported false, density 240, 240.0 x 240.0 dpi, appVsyncOff 0, presDeadline 16666666, touch NONE, rotation 0, type VIRTUAL, deviceProductInfo null, state ON, owner com.android.systemui (uid 10078), frameRateOverride , brightnessMinimum 0.0, brightnessMaximum 0.0, brightnessDefault 0.0, FLAG_PRIVATE, FLAG_PRESENTATION} does not support input device matching.
05-11 11:29:45.786 1508 1508 I GameModeConfig: Current uri is uri = content://com.thundercomm.gamemode.api/gamemode_settings/gamemode_isgaming
05-11 11:29:45.787 1508 1508 I GameModeConfig: isGameModeOn = true
05-11 11:29:45.787 1508 1508 I GameModeConfig: isGaming = true
05-11 11:29:45.787 1508 1508 I GameModeConfig: isDisableNotification = true
05-11 11:29:45.789 1508 1508 I GameModeConfig: isGameModeOn = true
05-11 11:29:45.789 1508 1508 I GameModeConfig: isGaming = true
05-11 11:29:45.789 1508 1508 I GameModeConfig: isDisableNotification = true
01-01 08:02:53.840 0 0 I atmel_mxt_ts 0-004a: FB event:2,blank:0
01-01 08:02:53.840 0 0 I atmel_mxt_ts 0-004a: suspend: event = 2, blank = 0, not care
01-01 08:02:53.840 0 0 I [drm:dsi_display_set_mode] [msm-dsi-info]: mdp_transfer_time_us=0 us
01-01 08:02:53.840 0 0 I [drm:dsi_display_set_mode] [msm-dsi-info]: hactive= 2560,vactive= 1080,fps=30
01-01 08:02:53.840 0 0 I : [MAX975X:max96755x_drm_notifier_callback] *INFO* receives BLANK: UNBLANK
01-01 08:02:53.841 0 0 W ALERT : changing window size from 16000000 to 8000000 at 171144026650
01-01 08:02:53.842 0 0 W audit : audit_lost=6477 audit_rate_limit=5 audit_backlog_limit=64
01-01 08:02:53.842 0 0 E audit : rate limit exceeded
05-11 11:29:45.805 1508 1644 I DisplayDeviceRepository: Display device changed: DisplayDeviceInfo{"内置屏幕": uniqueId="local:4630946816427681409", 2560 x 1080, modeId 3, defaultModeId 1, supportedModes [{id=1, width=2560, height=1080, fps=60.000004, alternativeRefreshRates=[30.000002, 45.0]}, {id=2, width=2560, height=1080, fps=45.0, alternativeRefreshRates=[30.000002, 60.000004]}, {id=3, width=2560, height=1080, fps=30.000002, alternativeRefreshRates=[45.0, 60.000004]}], colorMode 0, supportedColorModes [0], hdrCapabilities HdrCapabilities{mSupportedHdrTypes=[2, 3, 4], mMaxLuminance=500.0, mMaxAverageLuminance=500.0, mMinLuminance=0.0}, allmSupported false, gameContentTypeSupported false, density 240, 320.315 x 318.976 dpi, appVsyncOff 1000000, presDeadline 33333333, touch INTERNAL, rotation 0, type INTERNAL, address {port=129, model=0x40446d97fee5e6}, deviceProductInfo DeviceProductInfo{name=, manufacturerPnpId=QCM, productId=1, modelYear=null, manufactureDate=ManufactureDate{week=27, year=2006}, connectionToSinkType=0}, state ON, frameRateOverride , brightnessMinimum 0.0, brightnessMaximum 1.0, brightnessDefault 1.0, FLAG_DEFAULT_DISPLAY, FLAG_ROTATES_WITH_CONTENT, FLAG_SECURE, FLAG_SUPPORTS_PROTECTED_BUFFERS}
05-11 11:29:45.808 1508 2070 W DisplayManagerService: Display DisplayDeviceInfo{"Recording Display": uniqueId="virtual:com.android.systemui,10078,Recording Display,0", 2560 x 1080, modeId 4, defaultModeId 4, supportedModes [{id=4, width=2560, height=1080, fps=60.0, alternativeRefreshRates=[]}], colorMode 0, supportedColorModes [0], hdrCapabilities null, allmSupported false, gameContentTypeSupported false, density 240, 240.0 x 240.0 dpi, appVsyncOff 0, presDeadline 16666666, touch NONE, rotation 0, type VIRTUAL, deviceProductInfo null, state ON, owner com.android.systemui (uid 10078), frameRateOverride , brightnessMinimum 0.0, brightnessMaximum 0.0, brightnessDefault 0.0, FLAG_PRIVATE, FLAG_PRESENTATION} does not support input device matching.
05-11 11:29:45.827 8341 8365 D ActivityThread: Loading provider com.qqgame.mic.XG_SETTINGS_PROVIDER: com.tencent.tpns.baseapi.base.SettingsContentProvider
05-11 11:29:45.833 1508 2070 D CompatibilityChangeReporter: Compat change id reported: 135634846; UID 10109; state: DISABLED
05-11 11:29:45.833 1508 2070 D CompatibilityChangeReporter: Compat change id reported: 177438394; UID 10109; state: DISABLED
05-11 11:29:45.833 1508 2070 D CompatibilityChangeReporter: Compat change id reported: 135772972; UID 10109; state: DISABLED
05-11 11:29:45.833 1508 2070 D CompatibilityChangeReporter: Compat change id reported: 135754954; UID 10109; state: DISABLED
05-11 11:29:45.833 1508 1660 D CompatibilityChangeReporter: Compat change id reported: 143937733; UID 10109; state: DISABLED
05-11 11:29:45.839 1508 1660 I ActivityManager: Start proc 8374:com.qqgame.mic:xg_vip_service/u0a109 for service {com.qqgame.mic/com.tencent.android.tpush.service.XGVipPushService}
01-01 08:02:53.895 0 0 I binder : 8374:8374 ioctl 40046210 7ffe05b4f4 returned -22
05-11 11:29:45.926 1508 2078 I thunderperf: PlatormCompat.setOverrides: Uid1=10109 Pid1=8341 Uid2=10109 Pid2=8341
05-11 11:29:45.926 1508 2078 I thunderperf: PlatormCompat.setOverrides: needCheck:false
05-11 11:29:45.926 1508 2078 I thunderperf: CompatConfig.addOverrideUnsafe: bef-state=0
05-11 11:29:45.926 1508 2078 I thunderperf: CompatConfig.addOverrideUnsafe: aft-state=0
05-11 11:29:45.927 1508 2078 W PackageManager: MATCH_ANY_USER flag requires INTERACT_ACROSS_USERS permission: UID 10109 requires android.permission.INTERACT_ACROSS_USERS_FULL or android.permission.INTERACT_ACROSS_USERS to access user 0.
05-11 11:29:45.927 1508 2078 I ActivityTaskManager: START u0 {cmp=com.qqgame.mic/.YXSMainActivity} from uid 10109
05-11 11:29:45.937 1508 2067 I ActivityTaskManager: FOREGROUND_APPLICATION_CHANGED to com.qqgame.mic.YXSMainActivity
05-11 11:29:45.937 1508 2067 I ActivityTaskManager: The Process com.qqgame.mic Already Exists in BG. So sending its PID: 8341
05-11 11:29:45.937 1508 2067 W ActivityTaskManager: Tried to set launchTime (0) < mLastActivityLaunchTime (171123)
05-11 11:29:45.940 1508 2067 W DisplayManagerService: Display DisplayDeviceInfo{"Recording Display": uniqueId="virtual:com.android.systemui,10078,Recording Display,0", 2560 x 1080, modeId 4, defaultModeId 4, supportedModes [{id=4, width=2560, height=1080, fps=60.0, alternativeRefreshRates=[]}], colorMode 0, supportedColorModes [0], hdrCapabilities null, allmSupported false, gameContentTypeSupported false, density 240, 240.0 x 240.0 dpi, appVsyncOff 0, presDeadline 16666666, touch NONE, rotation 0, type VIRTUAL, deviceProductInfo null, state ON, owner com.android.systemui (uid 10078), frameRateOverride , brightnessMinimum 0.0, brightnessMaximum 0.0, brightnessDefault 0.0, FLAG_PRIVATE, FLAG_PRESENTATION} does not support input device matching.
01-01 08:02:54.042 0 0 I atmel_mxt_ts 0-004a: FB event:1,blank:0
01-01 08:02:54.042 0 0 I atmel_mxt_ts 0-004a: drm_notifier_callback: UNBLANK! Resume by drm notifier.
05-11 11:29:45.999 1508 2067 D CompatibilityChangeReporter: Compat change id reported: 135634846; UID 10109; state: DISABLED
05-11 11:29:45.999 1508 1660 D CompatibilityChangeReporter: Compat change id reported: 143937733; UID 10109; state: ENABLED
05-11 11:29:46.011 1508 1660 I ActivityManager: Start proc 8466:com.android.webview:sandboxed_process0:org.chromium.content.app.SandboxedProcessService0:0/u0i1 for {com.qqgame.mic/org.chromium.content.app.SandboxedProcessService0:0}
01-01 08:02:54.073 0 0 I binder : 8466:8466 ioctl 40046210 ff8614b8 returned -22
05-11 11:29:46.034 1508 2084 D CompatibilityChangeReporter: Compat change id reported: 168419799; UID 10066; state: DISABLED
05-11 11:29:46.054 1508 8280 D AutofillManagerServiceImpl: Reset component for user 0:
05-11 11:29:46.055 1508 1642 D AutofillUI: destroySaveUiUiThread(): already destroyed
05-11 11:29:46.096 1508 8281 D CompatibilityChangeReporter: Compat change id reported: 149924527; UID 10109; state: ENABLED
05-11 11:29:46.096 1508 8281 D CompatibilityChangeReporter: Compat change id reported: 132649864; UID 10109; state: DISABLED
05-11 11:29:46.160 1508 1659 W BroadcastQueue: Permission Denial: broadcasting Intent { act=android.net.conn.CONNECTIVITY_CHANGE flg=0x4200010 (has extras) } from null (pid=-1, uid=-1) requires com.tencent.bugly.BuglyBroadcastReceiver.permission due to registered receiver BroadcastFilter{84729cc 10109/u0 ReceiverList{5567ff 8341 com.qqgame.mic/10109/u0 remote:de7c31e}}
05-11 11:29:46.280 1508 8280 W WindowManager: Failed looking up window session=Session{6659de8 8341:u0a10109} callers=com.android.server.wm.WindowManagerService.windowForClientLocked:5628 com.android.server.wm.Session.insetsModified:629 android.view.IWindowSession$Stub.onTransact:1151
05-11 11:29:46.309 1508 8091 W ActivityManager: Unable to start service Intent { act=com.tencent.tpns.mqttchannel.FEEDBACK pkg=com.qqgame.mic } U=0: not found
01-01 08:02:54.360 0 0 I binder : 8341:8396 ioctl 40046210 7ad0ab81f4 returned -22
05-11 11:29:46.359 1912 2164 D StartingSurfaceDrawer: Task start finish, remove starting surface for task 12
05-11 11:29:46.359 1912 2164 V StartingSurfaceDrawer: Removing splash screen window for task: 12
05-11 11:29:46.953 1508 7225 D CompatibilityChangeReporter: Compat change id reported: 157233955; UID 10109; state: DISABLED
01-01 08:02:56.029 0 0 I msm_vidc: high: 00000002: ....d: Opening video instance: 0000000000000000, 1
01-01 08:02:56.029 0 0 I msm_vidc: err : 00000002: ....d: Failed to create debugfs for msm_vidc
01-01 08:02:58.281 0 0 E link_delay_work_func: DTC_ETH: SQI=0, link=0
01-01 08:02:59.213 0 0 W audit : audit_lost=6480 audit_rate_limit=5 audit_backlog_limit=64
01-01 08:02:59.213 0 0 E audit : rate limit exceeded
05-11 11:29:53.584 1508 7225 W ActivityManager: Background start not allowed: service Intent { cmp=com.tencent.android.qqdownloader/com.tencent.assistant.main.MainService } to com.tencent.android.qqdownloader/com.tencent.assistant.main.MainService from pid=3484 uid=10094 pkg=com.tencent.android.qqdownloader startFg?=false
05-11 11:29:53.585 1508 7225 W ActivityManager: Background start not allowed: service Intent { cmp=com.tencent.android.qqdownloader/com.tencent.assistant.main.MainService } to com.tencent.android.qqdownloader/com.tencent.assistant.main.MainService from pid=3484 uid=10094 pkg=com.tencent.android.qqdownloader startFg?=false
01-01 08:03:03.401 0 0 E link_delay_work_func: DTC_ETH: SQI=0, link=0
05-11 11:29:59.716 1508 1659 D CompatibilityChangeReporter: Compat change id reported: 168419799; UID 10096; state: DISABLED
05-11 11:29:59.737 1508 8281 D CompatibilityChangeReporter: Compat change id reported: 171306433; UID 10096; state: DISABLED
05-11 11:30:00.381 1508 8280 D TextClassificationManagerService: Binding to ComponentInfo{android.ext.services/com.android.textclassifier.DefaultTextClassifierService}
05-11 11:30:00.392 1508 7225 D CompatibilityChangeReporter: Compat change id reported: 157233955; UID 10096; state: DISABLED
01-01 08:03:08.437 0 0 I msm_vidc: high: 00000002: h264d: Closed video instance: 0000000000000000
01-01 08:03:08.521 0 0 E link_delay_work_func: DTC_ETH: SQI=0, link=0
05-11 11:30:00.578 1508 1508 I GameModeConfig: isGameModeOn = true
05-11 11:30:00.578 1508 1508 I GameModeConfig: isGaming = true
05-11 11:30:00.578 1508 1508 I GameModeConfig: isDisableNotification = true
05-11 11:30:00.578 1508 1508 I GameModeConfig: isGameModeOn = true
05-11 11:30:00.578 1508 1508 I GameModeConfig: isGaming = true
05-11 11:30:00.578 1508 1508 I GameModeConfig: isDisableNotification = true
05-11 11:30:00.578 1508 1508 W NotificationHistory: Attempted to add notif for locked/gone/disabled user 0
05-11 11:30:01.627 1508 7225 W ActivityManager: Background start not allowed: service Intent { cmp=com.tencent.android.qqdownloader/com.tencent.assistant.sdk.SDKSupportService (has extras) } to com.tencent.android.qqdownloader/com.tencent.assistant.sdk.SDKSupportService from pid=3267 uid=10094 pkg=com.tencent.android.qqdownloader startFg?=false
05-11 11:30:01.631 1508 7225 W ActivityManager: Background start not allowed: service Intent { cmp=com.tencent.android.qqdownloader/com.tencent.assistant.sdk.SDKSupportService (has extras) } to com.tencent.android.qqdownloader/com.tencent.assistant.sdk.SDKSupportService from pid=3267 uid=10094 pkg=com.tencent.android.qqdownloader startFg?=false
05-11 11:30:01.644 1508 7225 W ActivityManager: Background start not allowed: service Intent { cmp=com.tencent.android.qqdownloader/com.tencent.assistant.sdk.SDKSupportService (has extras) } to com.tencent.android.qqdownloader/com.tencent.assistant.sdk.SDKSupportService from pid=3267 uid=10094 pkg=com.tencent.android.qqdownloader startFg?=false
05-11 11:30:01.647 1508 7225 W ActivityManager: Background start not allowed: service Intent { cmp=com.tencent.android.qqdownloader/com.tencent.assistant.sdk.SDKSupportService (has extras) } to com.tencent.android.qqdownloader/com.tencent.assistant.sdk.SDKSupportService from pid=3267 uid=10094 pkg=com.tencent.android.qqdownloader startFg?=false
05-11 11:30:01.849 1508 7225 E AppOps : Operation not started: uid=10096 pkg=com.tencent.mm(null) op=WAKE_LOCK
05-11 11:30:02.365 1508 7225 E AppOps : Operation not started: uid=10096 pkg=com.tencent.mm(null) op=WAKE_LOCK
05-11 11:30:04.727 1508 7225 E AppOps : Operation not started: uid=10096 pkg=com.tencent.mm(null) op=WAKE_LOCK
01-01 08:03:13.641 0 0 E link_delay_work_func: DTC_ETH: SQI=0, link=0
01-01 08:03:13.972 0 0 W audit : audit_lost=7150 audit_rate_limit=5 audit_backlog_limit=64
01-01 08:03:13.972 0 0 E audit : rate limit exceeded
01-01 08:03:18.761 0 0 E link_delay_work_func: DTC_ETH: SQI=0, link=0
01-01 08:03:19.321 0 0 I msm_vidc: high: 00000001: h264e: Closed video instance: 0000000000000000
05-11 11:30:11.399 1508 8281 I DisplayDeviceRepository: Display device removed: DisplayDeviceInfo{"Recording Display": uniqueId="virtual:com.android.systemui,10078,Recording Display,0", 2560 x 1080, modeId 4, defaultModeId 4, supportedModes [{id=4, width=2560, height=1080, fps=60.0, alternativeRefreshRates=[]}], colorMode 0, supportedColorModes [0], hdrCapabilities null, allmSupported false, gameContentTypeSupported false, density 240, 240.0 x 240.0 dpi, appVsyncOff 0, presDeadline 16666666, touch NONE, rotation 0, type VIRTUAL, deviceProductInfo null, state ON, owner com.android.systemui (uid 10078), frameRateOverride , brightnessMinimum 0.0, brightnessMaximum 0.0, brightnessDefault 0.0, FLAG_PRIVATE, FLAG_PRESENTATION}
05-11 11:30:11.400 1508 8281 I LogicalDisplayMapper: Removing display: 2
05-11 11:30:11.404 1508 1659 I DropBoxManagerService: add tag=system_server_wtf isTagEnabled=true flags=0x2
05-11 11:30:11.406 1508 1659 I DropBoxManagerService: add tag=system_server_wtf isTagEnabled=true flags=0x2
05-11 11:30:11.410 1508 2084 D CompatibilityChangeReporter: Compat change id reported: 149924527; UID 10078; state: ENABLED
05-11 11:30:11.410 1508 2084 D CompatibilityChangeReporter: Compat change id reported: 132649864; UID 10078; state: DISABLED
05-11 11:30:11.410 1508 7225 D CompatibilityChangeReporter: Compat change id reported: 182734110; UID 10078; state: ENABLED
05-11 11:30:11.411 1508 7225 D CompatibilityChangeReporter: Compat change id reported: 172100307; UID 10078; state: ENABLED
05-11 11:30:11.412 1508 8281 W WindowManager: Failed looking up window session=Session{52956f6 1912:u0a10078} callers=com.android.server.wm.WindowManagerService.windowForClientLocked:5628 com.android.server.wm.WindowManagerService.removeWindow:2033 com.android.server.wm.Session.remove:218
01-01 08:03:19.613 0 0 I msm_vidc: high: 00000001: ....d: Opening video instance: 0000000000000000, 1
01-01 08:03:19.613 0 0 I msm_vidc: err : 00000001: ....d: Failed to create debugfs for msm_vidc
05-11 11:30:11.603 1508 1508 I GameModeConfig: isGameModeOn = true
05-11 11:30:11.603 1508 1508 I GameModeConfig: isGaming = true
05-11 11:30:11.603 1508 1508 I GameModeConfig: isDisableNotification = true
05-11 11:30:11.603 1508 1508 I GameModeConfig: isGameModeOn = true
05-11 11:30:11.603 1508 1508 I GameModeConfig: isGaming = true
05-11 11:30:11.603 1508 1508 I GameModeConfig: isDisableNotification = true
05-11 11:30:11.604 1508 1508 W NotificationHistory: Attempted to add notif for locked/gone/disabled user 0
01-01 08:03:19.684 0 0 I msm_vidc: high: 00000001: h264d: Closed video instance: 0000000000000000
05-11 11:30:11.877 1508 1508 I GameModeConfig: isGameModeOn = true
05-11 11:30:11.877 1508 1508 I GameModeConfig: isGaming = true
05-11 11:30:11.877 1508 1508 I GameModeConfig: isDisableNotification = true
05-11 11:30:11.877 1508 1508 I GameModeConfig: isGameModeOn = true
05-11 11:30:11.877 1508 1508 I GameModeConfig: isGaming = true
05-11 11:30:11.877 1508 1508 I GameModeConfig: isDisableNotification = true
05-11 11:30:11.879 1508 1508 W NotificationHistory: Attempted to add notif for locked/gone/disabled user 0
05-11 11:30:13.518 1508 2084 I thunderperf: PlatormCompat.setOverrides: Uid1=10078 Pid1=1912 Uid2=10078 Pid2=1912
05-11 11:30:13.518 1508 2084 I thunderperf: PlatormCompat.setOverrides: needCheck:false
05-11 11:30:13.518 1508 2084 I thunderperf: CompatConfig.addOverrideUnsafe: bef-state=0
05-11 11:30:13.518 1508 2084 I thunderperf: CompatConfig.addOverrideUnsafe: aft-state=0
05-11 11:30:13.528 1508 2084 I thunderperf: CompatConfig.addOverrideUnsafe: bef-state=0
05-11 11:30:13.528 1508 2084 I thunderperf: CompatConfig.addOverrideUnsafe: aft-state=0
05-11 11:30:13.528 1508 2084 I thunderperf: CompatConfig.addOverrideUnsafe: bef-state=0
05-11 11:30:13.528 1508 2084 I thunderperf: CompatConfig.addOverrideUnsafe: aft-state=0
05-11 11:30:13.528 1508 2084 I thunderperf: CompatConfig.addOverrideUnsafe: bef-state=0
05-11 11:30:13.528 1508 2084 I thunderperf: CompatConfig.addOverrideUnsafe: aft-state=0
05-11 11:30:13.529 1508 2084 I thunderperf: CompatConfig.addOverrideUnsafe: bef-state=0
05-11 11:30:13.529 1508 2084 I thunderperf: CompatConfig.addOverrideUnsafe: aft-state=0
05-11 11:30:13.529 1508 2084 I thunderperf: CompatConfig.addOverrideUnsafe: bef-state=0
05-11 11:30:13.529 1508 2084 I thunderperf: CompatConfig.addOverrideUnsafe: aft-state=0
05-11 11:30:13.532 1508 2084 I thunderperf: CompatConfig.addOverrideUnsafe: bef-state=0
05-11 11:30:13.532 1508 2084 I thunderperf: CompatConfig.addOverrideUnsafe: aft-state=0
05-11 11:30:13.534 1508 2084 I thunderperf: CompatConfig.addOverrideUnsafe: bef-state=0
05-11 11:30:13.534 1508 2084 I thunderperf: CompatConfig.addOverrideUnsafe: aft-state=0
05-11 11:30:13.534 1508 2084 I thunderperf: CompatConfig.addOverrideUnsafe: bef-state=0
05-11 11:30:13.534 1508 2084 I thunderperf: CompatConfig.addOverrideUnsafe: aft-state=0
05-11 11:30:13.535 1508 2084 I thunderperf: CompatConfig.addOverrideUnsafe: bef-state=0
05-11 11:30:13.535 1508 2084 I thunderperf: CompatConfig.addOverrideUnsafe: aft-state=0
05-11 11:30:13.535 1508 2084 I thunderperf: CompatConfig.addOverrideUnsafe: bef-state=0
05-11 11:30:13.535 1508 2084 I thunderperf: CompatConfig.addOverrideUnsafe: aft-state=0
05-11 11:30:13.535 1508 2084 I thunderperf: CompatConfig.addOverrideUnsafe: bef-state=0
05-11 11:30:13.535 1508 2084 I thunderperf: CompatConfig.addOverrideUnsafe: aft-state=0
05-11 11:30:13.535 1508 2084 I thunderperf: CompatConfig.addOverrideUnsafe: bef-state=0
05-11 11:30:13.535 1508 2084 I thunderperf: CompatConfig.addOverrideUnsafe: aft-state=0
05-11 11:30:13.536 1508 2084 I thunderperf: CompatConfig.addOverrideUnsafe: bef-state=0
05-11 11:30:13.536 1508 2084 I thunderperf: CompatConfig.addOverrideUnsafe: aft-state=0
05-11 11:30:13.537 1508 2084 I ActivityTaskManager: START u0 {flg=0x10000000 cmp=com.android.systemui/.screenrecord.ScreenRecordDialog} from uid 10078
05-11 11:30:13.539 1508 2084 W ActivityTaskManager: Can't find TaskDisplayArea to determine support for multi window. Task id=13 attached=false
05-11 11:30:13.587 1508 2084 I ActivityTaskManager: FOREGROUND_APPLICATION_CHANGED to com.android.systemui.screenrecord.ScreenRecordDialog
05-11 11:30:13.587 1508 2084 I ActivityTaskManager: The Process com.android.systemui Already Exists in BG. So sending its PID: 1912
05-11 11:30:13.588 1508 2084 W ActivityTaskManager: Tried to set launchTime (0) < mLastActivityLaunchTime (35871)
05-11 11:30:13.596 1508 2084 D CompatibilityChangeReporter: Compat change id reported: 181136395; UID 10109; state: DISABLED
05-11 11:30:13.596 1508 2084 D CompatibilityChangeReporter: Compat change id reported: 174042936; UID 10109; state: DISABLED
05-11 11:30:13.698 2031 4595 W ContextImpl: Calling a method in the system process without a qualified user: android.app.ContextImpl.startService:1816 android.content.ContextWrapper.startService:774 com.thundercomm.gamemode.ingame.services.GameModeActionUtils.startGameModeService:118 com.thundercomm.gamemode.ingame.services.GameModeActionUtils.startGameModeEntry:29 com.thundercomm.gamemode.ingame.services.ActivityMonitoringService$1.onActivityLaunch:140
01-01 08:03:21.745 0 0 W ALERT : changing window size from 8000000 to 16000000 at 199048021692
05-11 11:30:13.703 1508 1508 I GameModeConfig: Current uri is uri = content://com.thundercomm.gamemode.api/gamemode_settings/gamemode_isgaming
05-11 11:30:13.704 1508 1508 I GameModeConfig: isGameModeOn = true
05-11 11:30:13.704 1508 1508 I GameModeConfig: isGaming = false
05-11 11:30:13.704 1508 1508 I GameModeConfig: isGameModeOn = true
05-11 11:30:13.704 1508 1508 I GameModeConfig: isGaming = false
05-11 11:30:13.704 1508 1508 I GameModeConfig: isDisableVoice = true
01-01 08:03:21.791 0 0 I atmel_mxt_ts 0-004a: FB event:2,blank:0
01-01 08:03:21.791 0 0 I atmel_mxt_ts 0-004a: suspend: event = 2, blank = 0, not care
01-01 08:03:21.791 0 0 I [drm:dsi_display_set_mode] [msm-dsi-info]: mdp_transfer_time_us=0 us
01-01 08:03:21.791 0 0 I [drm:dsi_display_set_mode] [msm-dsi-info]: hactive= 2560,vactive= 1080,fps=60
01-01 08:03:21.791 0 0 I : [MAX975X:max96755x_drm_notifier_callback] *INFO* receives BLANK: UNBLANK
05-11 11:30:13.772 1508 1644 I DisplayDeviceRepository: Display device changed: DisplayDeviceInfo{"内置屏幕": uniqueId="local:4630946816427681409", 2560 x 1080, modeId 1, defaultModeId 1, supportedModes [{id=1, width=2560, height=1080, fps=60.000004, alternativeRefreshRates=[30.000002, 45.0]}, {id=2, width=2560, height=1080, fps=45.0, alternativeRefreshRates=[30.000002, 60.000004]}, {id=3, width=2560, height=1080, fps=30.000002, alternativeRefreshRates=[45.0, 60.000004]}], colorMode 0, supportedColorModes [0], hdrCapabilities HdrCapabilities{mSupportedHdrTypes=[2, 3, 4], mMaxLuminance=500.0, mMaxAverageLuminance=500.0, mMinLuminance=0.0}, allmSupported false, gameContentTypeSupported false, density 240, 320.315 x 318.976 dpi, appVsyncOff 1000000, presDeadline 16666666, touch INTERNAL, rotation 0, type INTERNAL, address {port=129, model=0x40446d97fee5e6}, deviceProductInfo DeviceProductInfo{name=, manufacturerPnpId=QCM, productId=1, modelYear=null, manufactureDate=ManufactureDate{week=27, year=2006}, connectionToSinkType=0}, state ON, frameRateOverride , brightnessMinimum 0.0, brightnessMaximum 1.0, brightnessDefault 1.0, FLAG_DEFAULT_DISPLAY, FLAG_ROTATES_WITH_CONTENT, FLAG_SECURE, FLAG_SUPPORTS_PROTECTED_BUFFERS}
01-01 08:03:21.994 0 0 I atmel_mxt_ts 0-004a: FB event:1,blank:0
01-01 08:03:21.994 0 0 I atmel_mxt_ts 0-004a: drm_notifier_callback: UNBLANK! Resume by drm notifier.
05-11 11:30:14.057 1508 7225 W NotificationService: Toast already killed. pkg=com.android.systemui token=android.os.BinderProxy@5dcb9d6
05-11 11:30:15.313 1508 1659 I DropBoxManagerService: add tag=system_server_wtf isTagEnabled=true flags=0x2
05-11 11:30:15.314 1508 1659 I DropBoxManagerService: add tag=system_server_wtf isTagEnabled=true flags=0x2
05-11 11:30:15.326 1508 3044 I ActivityTaskManager: FOREGROUND_APPLICATION_CHANGED to com.qqgame.mic.YXSMainActivity
05-11 11:30:15.327 1508 3044 D CompatibilityChangeReporter: Compat change id reported: 174042980; UID 10109; state: DISABLED
05-11 11:30:15.327 1508 3044 D CompatibilityChangeReporter: Compat change id reported: 184838306; UID 10109; state: DISABLED
05-11 11:30:15.328 1508 3044 D CompatibilityChangeReporter: Compat change id reported: 185004937; UID 10109; state: DISABLED
05-11 11:30:15.432 2031 4595 W ContextImpl: Calling a method in the system process without a qualified user: android.app.ContextImpl.startService:1816 android.content.ContextWrapper.startService:774 com.thundercomm.gamemode.ingame.services.GameModeActionUtils.startGameModeService:118 com.thundercomm.gamemode.ingame.services.GameModeActionUtils.startGameModeEntry:29 com.thundercomm.gamemode.ingame.services.ActivityMonitoringService$1.onActivityLaunch:140
05-11 11:30:15.435 1508 1508 I GameModeConfig: Current uri is uri = content://com.thundercomm.gamemode.api/gamemode_settings/gamemode_isgaming
05-11 11:30:15.436 1508 1508 I GameModeConfig: isGameModeOn = true
05-11 11:30:15.436 1508 1508 I GameModeConfig: isGaming = true
05-11 11:30:15.436 1508 1508 I GameModeConfig: isDisableNotification = true
05-11 11:30:15.436 1508 1508 I GameModeConfig: isGameModeOn = true
05-11 11:30:15.436 1508 1508 I GameModeConfig: isGaming = true
05-11 11:30:15.436 1508 1508 I GameModeConfig: isDisableNotification = true
01-01 08:03:23.489 0 0 I atmel_mxt_ts 0-004a: FB event:2,blank:0
01-01 08:03:23.489 0 0 I atmel_mxt_ts 0-004a: suspend: event = 2, blank = 0, not care
01-01 08:03:23.489 0 0 I [drm:dsi_display_set_mode] [msm-dsi-info]: mdp_transfer_time_us=0 us
01-01 08:03:23.489 0 0 I [drm:dsi_display_set_mode] [msm-dsi-info]: hactive= 2560,vactive= 1080,fps=30
01-01 08:03:23.489 0 0 W ALERT : changing window size from 16000000 to 8000000 at 200792016587
01-01 08:03:23.489 0 0 I : [MAX975X:max96755x_drm_notifier_callback] *INFO* receives BLANK: UNBLANK
05-11 11:30:15.456 1508 1644 I DisplayDeviceRepository: Display device changed: DisplayDeviceInfo{"内置屏幕": uniqueId="local:4630946816427681409", 2560 x 1080, modeId 3, defaultModeId 1, supportedModes [{id=1, width=2560, height=1080, fps=60.000004, alternativeRefreshRates=[30.000002, 45.0]}, {id=2, width=2560, height=1080, fps=45.0, alternativeRefreshRates=[30.000002, 60.000004]}, {id=3, width=2560, height=1080, fps=30.000002, alternativeRefreshRates=[45.0, 60.000004]}], colorMode 0, supportedColorModes [0], hdrCapabilities HdrCapabilities{mSupportedHdrTypes=[2, 3, 4], mMaxLuminance=500.0, mMaxAverageLuminance=500.0, mMinLuminance=0.0}, allmSupported false, gameContentTypeSupported false, density 240, 320.315 x 318.976 dpi, appVsyncOff 1000000, presDeadline 33333333, touch INTERNAL, rotation 0, type INTERNAL, address {port=129, model=0x40446d97fee5e6}, deviceProductInfo DeviceProductInfo{name=, manufacturerPnpId=QCM, productId=1, modelYear=null, manufactureDate=ManufactureDate{week=27, year=2006}, connectionToSinkType=0}, state ON, frameRateOverride , brightnessMinimum 0.0, brightnessMaximum 1.0, brightnessDefault 1.0, FLAG_DEFAULT_DISPLAY, FLAG_ROTATES_WITH_CONTENT, FLAG_SECURE, FLAG_SUPPORTS_PROTECTED_BUFFERS}
01-01 08:03:23.694 0 0 I atmel_mxt_ts 0-004a: FB event:1,blank:0
01-01 08:03:23.694 0 0 I atmel_mxt_ts 0-004a: drm_notifier_callback: UNBLANK! Resume by drm notifier.
05-11 11:30:15.709 1508 1645 W ActivityTaskManager: Can't find TaskDisplayArea to determine support for multi window. Task id=13 attached=false
05-11 11:30:15.709 1508 1645 W ActivityTaskManager: Can't find TaskDisplayArea to determine support for multi window. Task id=13 attached=false
01-01 08:03:23.881 0 0 E link_delay_work_func: DTC_ETH: SQI=0, link=0
01-01 08:03:26.375 0 0 I msm_vidc: high: 00000001: ....d: Opening video instance: 0000000000000000, 1
01-01 08:03:26.375 0 0 I msm_vidc: err : 00000001: ....d: Failed to create debugfs for msm_vidc
01-01 08:03:26.379 0 0 I msm_vidc: high: 00000001: h264d: Closed video instance: 0000000000000000
01-01 08:03:26.382 0 0 I msm_vidc: high: 00000001: ....e: Opening video instance: 0000000000000000, 0
01-01 08:03:26.382 0 0 I msm_vidc: err : 00000001: ....e: Failed to create debugfs for msm_vidc
05-11 11:30:18.357 1508 8281 W ActivityManager: Receiver with filter android.content.IntentFilter@d26d5ed already registered for pid 8341, callerPackage is com.qqgame.mic
05-11 11:30:18.359 1508 8281 I DisplayDeviceRepository: Display device added: DisplayDeviceInfo{"Recording Display": uniqueId="virtual:com.android.systemui,10078,Recording Display,0", 2560 x 1080, modeId 5, defaultModeId 5, supportedModes [{id=5, width=2560, height=1080, fps=60.0, alternativeRefreshRates=[]}], colorMode 0, supportedColorModes [0], hdrCapabilities null, allmSupported false, gameContentTypeSupported false, density 240, 240.0 x 240.0 dpi, appVsyncOff 0, presDeadline 16666666, touch NONE, rotation 0, type VIRTUAL, deviceProductInfo null, state ON, owner com.android.systemui (uid 10078), frameRateOverride , brightnessMinimum 0.0, brightnessMaximum 0.0, brightnessDefault 0.0, FLAG_PRIVATE, FLAG_PRESENTATION}
05-11 11:30:18.359 1508 8281 I LogicalDisplayMapper: Applying layout: [{addr: {port=129, model=0x40446d97fee5e6}, dispId: 0(ON)}], Previous layout: [{addr: {port=129, model=0x40446d97fee5e6}, dispId: 0(ON)}]
05-11 11:30:18.359 1508 8281 I LogicalDisplayMapper: Adding new display: 3: DisplayInfo{"Recording Display", displayId 3", displayGroupId -1, FLAG_PRIVATE, FLAG_PRESENTATION, real 2560 x 1080, largest app 2560 x 1080, smallest app 2560 x 1080, appVsyncOff 0, presDeadline 16666666, mode 5, defaultMode 5, modes [{id=5, width=2560, height=1080, fps=60.0, alternativeRefreshRates=[]}], hdrCapabilities null, userDisabledHdrTypes [], minimalPostProcessingSupported false, rotation 0, state ON, type VIRTUAL, uniqueId "virtual:com.android.systemui,10078,Recording Display,0", app 2560 x 1080, density 240 (240.0 x 240.0) dpi, layerStack 3, colorMode 0, supportedColorModes [0], deviceProductInfo null, owner com.android.systemui (uid 10078), removeMode 1, refreshRateOverride 0.0, brightnessMinimum 0.0, brightnessMaximum 0.0, brightnessDefault 0.0}
05-11 11:30:18.359 1508 8281 I LogicalDisplayMapper: Setting new display group 0 for display 3, from previous group: null
05-11 11:30:18.360 1508 8281 W DisplayPowerController[3]: Screen brightness nits configuration is unavailable; falling back
05-11 11:30:18.366 1508 1659 I DropBoxManagerService: add tag=system_server_wtf isTagEnabled=true flags=0x2
05-11 11:30:18.366 1508 1833 I GameModeConfig: isGameModeOn = true
05-11 11:30:18.366 1508 1833 I GameModeConfig: isGaming = true
05-11 11:30:18.366 1508 1833 I GameModeConfig: isDisableNotification = true
05-11 11:30:18.366 1508 1833 I GameModeConfig: isGameModeOn = true
05-11 11:30:18.366 1508 1833 I GameModeConfig: isGaming = true
05-11 11:30:18.366 1508 1833 I GameModeConfig: isDisableNotification = true
05-11 11:30:18.366 1508 1833 I GameModeConfig: isGameModeOn = true
05-11 11:30:18.366 1508 1833 I GameModeConfig: isGaming = true
05-11 11:30:18.366 1508 1833 I GameModeConfig: isDisableNotification = true
05-11 11:30:18.366 1508 1833 I GameModeConfig: isGameModeOn = true
05-11 11:30:18.367 1508 1833 I GameModeConfig: isGaming = true
05-11 11:30:18.367 1508 1833 I GameModeConfig: isDisableNotification = true
05-11 11:30:18.367 1508 1833 I GameModeConfig: isGameModeOn = true
05-11 11:30:18.367 1508 1833 I GameModeConfig: isGaming = true
05-11 11:30:18.367 1508 1833 I GameModeConfig: isDisableNotification = true
05-11 11:30:18.367 1508 1833 I GameModeConfig: isGameModeOn = true
05-11 11:30:18.367 1508 1833 I GameModeConfig: isGaming = true
05-11 11:30:18.367 1508 1833 I GameModeConfig: isDisableNotification = true
05-11 11:30:18.367 1508 1833 I GameModeConfig: isGameModeOn = true
05-11 11:30:18.367 1508 1833 I GameModeConfig: isGaming = true
05-11 11:30:18.367 1508 1833 I GameModeConfig: isDisableNotification = true
05-11 11:30:18.367 1508 1833 I GameModeConfig: isGameModeOn = true
05-11 11:30:18.367 1508 1833 I GameModeConfig: isGaming = true
05-11 11:30:18.367 1508 1833 I GameModeConfig: isDisableNotification = true
05-11 11:30:18.367 1508 1833 I GameModeConfig: isGameModeOn = true
05-11 11:30:18.367 1508 1833 I GameModeConfig: isGaming = true
05-11 11:30:18.367 1508 1833 I GameModeConfig: isDisableNotification = true
05-11 11:30:18.367 1508 1833 I GameModeConfig: isGameModeOn = true
05-11 11:30:18.367 1508 1833 I GameModeConfig: isGaming = true
05-11 11:30:18.367 1508 1833 I GameModeConfig: isDisableNotification = true
05-11 11:30:18.367 1508 1833 I GameModeConfig: isGameModeOn = true
05-11 11:30:18.367 1508 1833 I GameModeConfig: isGaming = true
05-11 11:30:18.367 1508 1833 I GameModeConfig: isDisableNotification = true
05-11 11:30:18.367 1508 1833 I GameModeConfig: isGameModeOn = true
05-11 11:30:18.367 1508 1833 I GameModeConfig: isGaming = true
05-11 11:30:18.367 1508 1833 I GameModeConfig: isDisableNotification = true
05-11 11:30:18.367 1508 1833 I GameModeConfig: isGameModeOn = true
05-11 11:30:18.367 1508 1833 I GameModeConfig: isGaming = true
05-11 11:30:18.367 1508 1833 I GameModeConfig: isDisableNotification = true
05-11 11:30:18.367 1508 1833 I GameModeConfig: isGameModeOn = true
05-11 11:30:18.367 1508 1833 I GameModeConfig: isGaming = true
05-11 11:30:18.367 1508 1833 I GameModeConfig: isDisableNotification = true
