05-11 11:35:02.372 1508 10955 I thunderperf: CompatConfig.addOverrideUnsafe: bef-state=0
05-11 11:35:02.372 1508 10955 I thunderperf: CompatConfig.addOverrideUnsafe: aft-state=0
05-11 11:35:02.373 1508 10955 I thunderperf: CompatConfig.addOverrideUnsafe: bef-state=0
05-11 11:35:02.373 1508 10955 I thunderperf: CompatConfig.addOverrideUnsafe: aft-state=0
05-11 11:35:02.373 1508 10955 I thunderperf: CompatConfig.addOverrideUnsafe: bef-state=0
05-11 11:35:02.373 1508 10955 I thunderperf: CompatConfig.addOverrideUnsafe: aft-state=0
05-11 11:35:02.373 1508 10955 I thunderperf: CompatConfig.addOverrideUnsafe: bef-state=0
05-11 11:35:02.373 1508 10955 I thunderperf: CompatConfig.addOverrideUnsafe: aft-state=0
05-11 11:35:02.373 1508 10955 I thunderperf: CompatConfig.addOverrideUnsafe: bef-state=0
05-11 11:35:02.374 1508 10955 I thunderperf: CompatConfig.addOverrideUnsafe: aft-state=0
05-11 11:35:02.375 1508 10955 I ActivityTaskManager: START u0 {act=android.intent.action.MAIN cat=[android.intent.category.LAUNCHER] flg=0x10200000 cmp=com.ss.android.lark/.main.app.MainActivity bnds=[1026,96][1326,394]} from uid 10072
01-01 08:08:10.433 0 0 I perf : interrupt took too long (3203 > 3136), lowering kernel.perf_event_max_sample_rate to 62250
05-11 11:35:02.388 1508 10955 W ActivityTaskManager: Can't find TaskDisplayArea to determine support for multi window. Task id=24 attached=false
05-11 11:35:02.389 1508 10955 D CompatibilityChangeReporter: Compat change id reported: 174042980; UID 10113; state: DISABLED
05-11 11:35:02.390 1508 10955 D CompatibilityChangeReporter: Compat change id reported: 184838306; UID 10113; state: DISABLED
05-11 11:35:02.390 1508 10955 D CompatibilityChangeReporter: Compat change id reported: 185004937; UID 10113; state: DISABLED
05-11 11:35:02.390 1508 10955 D CompatibilityChangeReporter: Compat change id reported: 181136395; UID 10113; state: DISABLED
05-11 11:35:02.390 1508 10955 D CompatibilityChangeReporter: Compat change id reported: 174042936; UID 10113; state: DISABLED
05-11 11:35:02.392 1508 10955 D CompatibilityChangeReporter: Compat change id reported: 168419799; UID 10113; state: DISABLED
05-11 11:35:02.393 12833 12857 D PhoneStartingWindowTypeAlgorithm: preferredStartingWindowType newTask:true taskSwitch:true processRunning:false allowTaskSnapshot:true activityCreated:false useEmptySplashScreen:false legacySplashScreen:false topIsHome:false
05-11 11:35:02.393 12833 12857 D StartingSurfaceDrawer: addSplashScreen com.ss.android.lark theme=7f1202f1 task=24 suggestType=1
05-11 11:35:02.396 1508 10965 I ActivityTaskManager: FOREGROUND_APPLICATION_CHANGED to com.ss.android.lark.main.app.MainActivity
05-11 11:35:02.396 12833 12858 D StartingSurfaceDrawer: window attributes color: 0 icon null duration 0 brandImage null
05-11 11:35:02.399 1508 1644 D CompatibilityChangeReporter: Compat change id reported: 135634846; UID 10113; state: DISABLED
05-11 11:35:02.399 1508 1644 D CompatibilityChangeReporter: Compat change id reported: 177438394; UID 10113; state: DISABLED
05-11 11:35:02.399 1508 1644 D CompatibilityChangeReporter: Compat change id reported: 135772972; UID 10113; state: DISABLED
05-11 11:35:02.399 1508 1660 D CompatibilityChangeReporter: Compat change id reported: 143937733; UID 10113; state: ENABLED
05-11 11:35:02.403 12833 12858 D StartingSurfaceDrawer: replace drawable with bottom layer drawable
05-11 11:35:02.404 1508 1660 I ActivityManager: Start proc 13014:com.ss.android.lark/u0a113 for pre-top-activity {com.ss.android.lark/com.ss.android.lark.main.app.MainActivity}
05-11 11:35:02.405 1508 13015 W ContextImpl: Calling a method in the system process without a qualified user: android.app.ContextImpl.sendBroadcast:1173 com.qualcomm.qti.Performance$SendGameLaunchBroadcast.run:217 java.lang.Thread.run:920
05-11 11:35:02.407 12833 12858 D StartingSurfaceDrawer: FgMainColor=ff11a1ff BgMainColor=ffffffff IsBgComplex=false FromCache=false ThemeColor=ffffffff
05-11 11:35:02.407 12833 12858 D StartingSurfaceDrawer: makeSplashScreenContentView: choose fg icon
05-11 11:35:02.408 12833 12858 D StartingSurfaceDrawer: fillViewWithIcon surfaceWindowView android.window.SplashScreenView{e91e6e V.E...... ......ID 0,0-0,0}
01-01 08:08:10.459 0 0 I binder : 13014:13014 ioctl 40046210 7ffe05b4f4 returned -22
01-01 08:08:10.601 0 0 E link_delay_work_func: DTC_ETH: SQI=0, link=0
05-11 11:35:02.693 13014 13096 D ActivityThread: Loading provider com.ss.android.lark.ttnet.share: com.ss.android.lark.framework.assembly.ttnet.MultiProcessSharedProvider
05-11 11:35:02.741 1508 10140 W ActivityManager: Unable to start service Intent { act=com.bun.msa.action.start.service cmp=com.mdid.msa/.service.MsaKlService (has extras) } U=0: not found
05-11 11:35:02.742 1508 10140 W ActivityManager: Unable to start service Intent { act=com.bun.msa.action.bindto.service cmp=com.mdid.msa/.service.MsaIdService (has extras) } U=0: not found
01-01 08:08:10.953 0 0 I binder : 13211:13211 ioctl 40046210 7ff609b2f4 returned -22
05-11 11:35:03.190 1508 10401 D CompatibilityChangeReporter: Compat change id reported: 149924527; UID 10113; state: ENABLED
05-11 11:35:03.190 1508 10401 D CompatibilityChangeReporter: Compat change id reported: 132649864; UID 10113; state: DISABLED
01-01 08:08:11.356 0 0 W audit : audit_lost=8623 audit_rate_limit=5 audit_backlog_limit=64
01-01 08:08:11.356 0 0 E audit : rate limit exceeded
01-01 08:08:11.392 0 0 I [soft_i][0x2325ac477][11:35:03.347491] wlan: [0:I:DP] dp_addba_requestprocess_wifi3 restore BA win 64 based on addba req
01-01 08:08:11.416 0 0 I binder : 13014:13229 ioctl 40046210 7a30c4c1f4 returned -22
01-01 08:08:11.476 0 0 I binder : 13289:13289 ioctl 40046210 7fd14d6154 returned -22
05-11 11:35:03.451 12833 12857 D StartingSurfaceDrawer: Task start finish, remove starting surface for task 24
05-11 11:35:03.451 12833 12857 V StartingSurfaceDrawer: Removing splash screen window for task: 24
05-11 11:35:04.079 1508 9678 D CompatibilityChangeReporter: Compat change id reported: 135634846; UID 10113; state: DISABLED
05-11 11:35:04.079 1508 9678 D CompatibilityChangeReporter: Compat change id reported: 177438394; UID 10113; state: DISABLED
05-11 11:35:04.079 1508 9678 D CompatibilityChangeReporter: Compat change id reported: 135772972; UID 10113; state: DISABLED
05-11 11:35:04.079 1508 1660 D CompatibilityChangeReporter: Compat change id reported: 143937733; UID 10113; state: ENABLED
05-11 11:35:04.092 1508 1660 I ActivityManager: Start proc 13357:com.ss.android.lark:sandboxed_process1/u0a113 for service {com.ss.android.lark/com.bytedance.org.chromium.content.app.SandboxedProcessService0}
01-01 08:08:12.150 0 0 I binder : 13357:13357 ioctl 40046210 7ffe05b4f4 returned -22
01-01 08:08:12.439 0 0 W audit : audit_lost=8628 audit_rate_limit=5 audit_backlog_limit=64
01-01 08:08:12.439 0 0 E audit : rate limit exceeded
05-11 11:35:04.399 1508 10967 W ActivityManager: Unable to start service Intent { act=com.bun.msa.action.start.service cmp=com.mdid.msa/.service.MsaKlService (has extras) } U=0: not found
05-11 11:35:04.400 1508 10967 W ActivityManager: Unable to start service Intent { act=com.bun.msa.action.bindto.service cmp=com.mdid.msa/.service.MsaIdService (has extras) } U=0: not found
05-11 11:35:05.638 1508 10967 E PackageDexUsage: Unsupported context?
01-01 08:08:15.722 0 0 E link_delay_work_func: DTC_ETH: SQI=0, link=0
05-11 11:35:10.414 1508 1833 I GameModeConfig: isGameModeOn = true
05-11 11:35:10.414 1508 1833 I GameModeConfig: isGaming = false
05-11 11:35:10.414 1508 1833 I GameModeConfig: isGameModeOn = true
05-11 11:35:10.414 1508 1833 I GameModeConfig: isGaming = false
05-11 11:35:10.414 1508 1833 I GameModeConfig: isGameModeOn = true
05-11 11:35:10.414 1508 1833 I GameModeConfig: isGaming = false
05-11 11:35:10.414 1508 1833 I GameModeConfig: isGameModeOn = true
05-11 11:35:10.414 1508 1833 I GameModeConfig: isGaming = false
05-11 11:35:10.414 1508 1833 I GameModeConfig: isGameModeOn = true
05-11 11:35:10.414 1508 1833 I GameModeConfig: isGaming = false
05-11 11:35:10.414 1508 1833 I GameModeConfig: isGameModeOn = true
05-11 11:35:10.414 1508 1833 I GameModeConfig: isGaming = false
05-11 11:35:10.415 1508 1833 I GameModeConfig: isGameModeOn = true
05-11 11:35:10.415 1508 1833 I GameModeConfig: isGaming = false
05-11 11:35:10.416 1508 1833 I GameModeConfig: isGameModeOn = true
05-11 11:35:10.416 1508 1833 I GameModeConfig: isGaming = false
05-11 11:35:10.498 1508 10965 D CompatibilityChangeReporter: Compat change id reported: 171306433; UID 10113; state: ENABLED
05-11 11:35:11.083 1508 1659 W ActivityManager: Stopping service due to app idle: u0a96 -7m56s209ms com.tencent.mm/com.tencent.matrix.lifecycle.supervisor.SupervisorService
05-11 11:35:11.083 1508 1659 W ActivityManager: Stopping service due to app idle: u0a96 -49s962ms com.tencent.mm/.service.ProcessService$MMProcessService
05-11 11:35:11.089 1508 10966 W ActivityManager: Receiver with filter android.content.IntentFilter@186f553 already registered for pid 4689, callerPackage is com.tencent.mm
01-01 08:08:20.841 0 0 E link_delay_work_func: DTC_ETH: SQI=0, link=0
05-11 11:35:13.690 1508 1508 I GameModeConfig: isGameModeOn = true
05-11 11:35:13.690 1508 1508 I GameModeConfig: isGaming = false
05-11 11:35:16.657 1508 10965 W ActivityManager: Background start not allowed: service Intent { cmp=com.tencent.android.qqdownloader/com.tencent.assistant.sdk.SDKSupportService (has extras) } to com.tencent.android.qqdownloader/com.tencent.assistant.sdk.SDKSupportService from pid=3267 uid=10094 pkg=com.tencent.android.qqdownloader startFg?=false
05-11 11:35:16.664 1508 10965 W ActivityManager: Background start not allowed: service Intent { cmp=com.tencent.android.qqdownloader/com.tencent.assistant.sdk.SDKSupportService (has extras) } to com.tencent.android.qqdownloader/com.tencent.assistant.sdk.SDKSupportService from pid=3267 uid=10094 pkg=com.tencent.android.qqdownloader startFg?=false
05-11 11:35:16.677 1508 10965 W ActivityManager: Background start not allowed: service Intent { cmp=com.tencent.android.qqdownloader/com.tencent.assistant.sdk.SDKSupportService (has extras) } to com.tencent.android.qqdownloader/com.tencent.assistant.sdk.SDKSupportService from pid=3267 uid=10094 pkg=com.tencent.android.qqdownloader startFg?=false
05-11 11:35:16.679 1508 10965 W ActivityManager: Background start not allowed: service Intent { cmp=com.tencent.android.qqdownloader/com.tencent.assistant.sdk.SDKSupportService (has extras) } to com.tencent.android.qqdownloader/com.tencent.assistant.sdk.SDKSupportService from pid=3267 uid=10094 pkg=com.tencent.android.qqdownloader startFg?=false
05-11 11:35:16.747 1508 1508 I GameModeConfig: isGameModeOn = true
05-11 11:35:16.747 1508 1508 I GameModeConfig: isGaming = false
05-11 11:35:16.749 1508 1508 W NotificationHistory: Attempted to add notif for locked/gone/disabled user 0
01-01 08:08:25.961 0 0 E link_delay_work_func: DTC_ETH: SQI=0, link=0
05-11 11:35:20.491 1508 10967 D CompatibilityChangeReporter: Compat change id reported: 135634846; UID 10113; state: DISABLED
05-11 11:35:20.491 1508 10967 D CompatibilityChangeReporter: Compat change id reported: 177438394; UID 10113; state: DISABLED
05-11 11:35:20.491 1508 10967 D CompatibilityChangeReporter: Compat change id reported: 135772972; UID 10113; state: DISABLED
05-11 11:35:20.491 1508 1660 D CompatibilityChangeReporter: Compat change id reported: 143937733; UID 10113; state: ENABLED
05-11 11:35:20.502 1508 1660 I ActivityManager: Start proc 13708:com.ss.android.lark:wschannel/u0a113 for service {com.ss.android.lark/com.taobao.accs.ChannelService}
01-01 08:08:28.559 0 0 I binder : 13708:13708 ioctl 40046210 7ffe05b4f4 returned -22
05-11 11:35:20.728 1508 1833 I GameModeConfig: isGameModeOn = true
05-11 11:35:20.728 1508 1833 I GameModeConfig: isGaming = false
05-11 11:35:20.728 1508 1833 I GameModeConfig: isGameModeOn = true
05-11 11:35:20.728 1508 1833 I GameModeConfig: isGaming = false
05-11 11:35:20.728 1508 1833 I GameModeConfig: isGameModeOn = true
05-11 11:35:20.728 1508 1833 I GameModeConfig: isGaming = false
05-11 11:35:20.729 1508 1833 I GameModeConfig: isGameModeOn = true
05-11 11:35:20.729 1508 1833 I GameModeConfig: isGaming = false
05-11 11:35:20.737 1508 1833 I GameModeConfig: isGameModeOn = true
05-11 11:35:20.737 1508 1833 I GameModeConfig: isGaming = false
05-11 11:35:20.737 1508 1833 I GameModeConfig: isGameModeOn = true
05-11 11:35:20.737 1508 1833 I GameModeConfig: isGaming = false
05-11 11:35:20.737 1508 1833 I GameModeConfig: isGameModeOn = true
05-11 11:35:20.737 1508 1833 I GameModeConfig: isGaming = false
05-11 11:35:20.737 1508 1833 I GameModeConfig: isGameModeOn = true
05-11 11:35:20.737 1508 1833 I GameModeConfig: isGaming = false
05-11 11:35:20.737 1508 1833 I GameModeConfig: isGameModeOn = true
05-11 11:35:20.737 1508 1833 I GameModeConfig: isGaming = false
05-11 11:35:20.746 1508 10966 I ActivityManager: Killing 4194:com.android.managedprovisioning/u0a29 (adj 995): empty #31
01-01 08:08:31.081 0 0 E link_delay_work_func: DTC_ETH: SQI=0, link=0
05-11 11:35:23.703 1508 1833 I GameModeConfig: isGameModeOn = true
05-11 11:35:23.703 1508 1833 I GameModeConfig: isGaming = false
05-11 11:35:23.910 1508 1508 D CompatibilityChangeReporter: Compat change id reported: 175319604; UID 10078; state: ENABLED
01-01 08:08:36.202 0 0 E link_delay_work_func: DTC_ETH: SQI=0, link=0
05-11 11:35:30.729 1508 1833 I GameModeConfig: isGameModeOn = true
05-11 11:35:30.729 1508 1833 I GameModeConfig: isGaming = false
01-01 08:08:41.322 0 0 E link_delay_work_func: DTC_ETH: SQI=0, link=0
01-01 08:08:46.441 0 0 E link_delay_work_func: DTC_ETH: SQI=0, link=0
05-11 11:35:40.363 1508 1508 I GameModeConfig: isGameModeOn = true
05-11 11:35:40.364 1508 1508 I GameModeConfig: isGaming = false
01-01 08:08:51.565 0 0 E link_delay_work_func: DTC_ETH: SQI=0, link=0
01-01 08:08:56.681 0 0 E link_delay_work_func: DTC_ETH: SQI=0, link=0
05-11 11:35:51.640 1508 10401 W ActivityManager: Background start not allowed: service Intent { cmp=com.tencent.android.qqdownloader/com.tencent.assistant.sdk.SDKSupportService (has extras) } to com.tencent.android.qqdownloader/com.tencent.assistant.sdk.SDKSupportService from pid=3267 uid=10094 pkg=com.tencent.android.qqdownloader startFg?=false
05-11 11:35:51.657 1508 10401 W ActivityManager: Background start not allowed: service Intent { cmp=com.tencent.android.qqdownloader/com.tencent.assistant.sdk.SDKSupportService (has extras) } to com.tencent.android.qqdownloader/com.tencent.assistant.sdk.SDKSupportService from pid=3267 uid=10094 pkg=com.tencent.android.qqdownloader startFg?=false
05-11 11:35:51.674 1508 10797 W ActivityManager: Background start not allowed: service Intent { cmp=com.tencent.android.qqdownloader/com.tencent.assistant.sdk.SDKSupportService (has extras) } to com.tencent.android.qqdownloader/com.tencent.assistant.sdk.SDKSupportService from pid=3267 uid=10094 pkg=com.tencent.android.qqdownloader startFg?=false
05-11 11:35:51.680 1508 10797 W ActivityManager: Background start not allowed: service Intent { cmp=com.tencent.android.qqdownloader/com.tencent.assistant.sdk.SDKSupportService (has extras) } to com.tencent.android.qqdownloader/com.tencent.assistant.sdk.SDKSupportService from pid=3267 uid=10094 pkg=com.tencent.android.qqdownloader startFg?=false
01-01 08:09:01.802 0 0 E link_delay_work_func: DTC_ETH: SQI=0, link=0
01-01 08:09:06.922 0 0 E link_delay_work_func: DTC_ETH: SQI=0, link=0
05-11 11:36:01.287 1508 1508 I GameModeConfig: isGameModeOn = true
05-11 11:36:01.287 1508 1508 I GameModeConfig: isGaming = false
05-11 11:36:01.289 1508 1508 W NotificationHistory: Attempted to add notif for locked/gone/disabled user 0
01-01 08:09:12.045 0 0 E link_delay_work_func: DTC_ETH: SQI=0, link=0
01-01 08:09:17.161 0 0 E link_delay_work_func: DTC_ETH: SQI=0, link=0
05-11 11:36:11.332 1508 1833 I GameModeConfig: isGameModeOn = true
05-11 11:36:11.332 1508 1833 I GameModeConfig: isGaming = false
01-01 08:09:22.281 0 0 E link_delay_work_func: DTC_ETH: SQI=0, link=0
01-01 08:09:27.401 0 0 E link_delay_work_func: DTC_ETH: SQI=0, link=0
01-01 08:09:32.522 0 0 E link_delay_work_func: DTC_ETH: SQI=0, link=0
05-11 11:36:26.649 1508 8091 W ActivityManager: Background start not allowed: service Intent { cmp=com.tencent.android.qqdownloader/com.tencent.assistant.sdk.SDKSupportService (has extras) } to com.tencent.android.qqdownloader/com.tencent.assistant.sdk.SDKSupportService from pid=3267 uid=10094 pkg=com.tencent.android.qqdownloader startFg?=false
05-11 11:36:26.653 1508 10966 W ActivityManager: Background start not allowed: service Intent { cmp=com.tencent.android.qqdownloader/com.tencent.assistant.sdk.SDKSupportService (has extras) } to com.tencent.android.qqdownloader/com.tencent.assistant.sdk.SDKSupportService from pid=3267 uid=10094 pkg=com.tencent.android.qqdownloader startFg?=false
05-11 11:36:26.668 1508 8091 W ActivityManager: Background start not allowed: service Intent { cmp=com.tencent.android.qqdownloader/com.tencent.assistant.sdk.SDKSupportService (has extras) } to com.tencent.android.qqdownloader/com.tencent.assistant.sdk.SDKSupportService from pid=3267 uid=10094 pkg=com.tencent.android.qqdownloader startFg?=false
05-11 11:36:26.672 1508 8091 W ActivityManager: Background start not allowed: service Intent { cmp=com.tencent.android.qqdownloader/com.tencent.assistant.sdk.SDKSupportService (has extras) } to com.tencent.android.qqdownloader/com.tencent.assistant.sdk.SDKSupportService from pid=3267 uid=10094 pkg=com.tencent.android.qqdownloader startFg?=false
05-11 11:36:26.696 1508 1659 W BroadcastQueue: Permission Denial: broadcasting Intent { act=android.net.conn.CONNECTIVITY_CHANGE flg=0x4200010 (has extras) } from null (pid=-1, uid=-1) requires com.baidu.appsearch.permission.sofire.RECEIVE due to registered receiver BroadcastFilter{870f19a 10101/u0 ReceiverList{3195645 4602 com.baidu.appsearch/10101/u0 remote:58506bc}}
05-11 11:36:26.714 1508 1659 W BroadcastQueue: Permission Denial: broadcasting Intent { act=android.net.conn.CONNECTIVITY_CHANGE flg=0x4200010 (has extras) } from null (pid=-1, uid=-1) requires com.baidu.input.permission.sofire.RECEIVE due to registered receiver BroadcastFilter{87e11c1 10035/u0 ReceiverList{2f9d2a8 3407 com.baidu.input/10035/u0 remote:8cffacb}}
01-01 08:09:37.642 0 0 E link_delay_work_func: DTC_ETH: SQI=0, link=0
01-01 08:09:37.699 0 0 I [dp_rx_][0x2951fe797][11:36:29.654093] wlan: [3399:I:QDF] DHCP-IN RX: SA:08:00:27:35:1f:3a DA:ff:ff:ff:ff:ff:ff
05-11 11:36:30.523 1508 1508 I GameModeConfig: isGameModeOn = true
05-11 11:36:30.523 1508 1508 I GameModeConfig: isGaming = false
05-11 11:36:30.525 1508 1508 W NotificationHistory: Attempted to add notif for locked/gone/disabled user 0
05-11 11:36:31.024 1508 13896 E NotificationService: No vibration for canceled notification : 0|com.ss.android.lark|44180000|null|10113
01-01 08:09:42.761 0 0 E link_delay_work_func: DTC_ETH: SQI=0, link=0
01-01 08:09:47.882 0 0 E link_delay_work_func: DTC_ETH: SQI=0, link=0
05-11 11:36:41.851 1508 1508 I GameModeConfig: isGameModeOn = true
05-11 11:36:41.851 1508 1508 I GameModeConfig: isGaming = false
01-01 08:09:53.002 0 0 E link_delay_work_func: DTC_ETH: SQI=0, link=0
01-01 08:09:58.122 0 0 E link_delay_work_func: DTC_ETH: SQI=0, link=0
05-11 11:36:54.847 1508 12402 I thunderperf: PlatormCompat.setOverrides: Uid1=10113 Pid1=13014 Uid2=10113 Pid2=13014
05-11 11:36:54.847 1508 12402 I thunderperf: PlatormCompat.setOverrides: needCheck:false
05-11 11:36:54.847 1508 12402 I thunderperf: CompatConfig.addOverrideUnsafe: bef-state=0
05-11 11:36:54.847 1508 12402 I thunderperf: CompatConfig.addOverrideUnsafe: aft-state=0
05-11 11:36:54.847 1508 12402 W PackageManager: MATCH_ANY_USER flag requires INTERACT_ACROSS_USERS permission: UID 10113 requires android.permission.INTERACT_ACROSS_USERS_FULL or android.permission.INTERACT_ACROSS_USERS to access user 0.
05-11 11:36:54.848 1508 12402 I ActivityTaskManager: START u0 {cmp=com.ss.android.lark/.chatwindow.ChatWindowActivity (has extras)} from uid 10113
05-11 11:36:54.862 1508 12402 I ActivityTaskManager: FOREGROUND_APPLICATION_CHANGED to com.ss.android.lark.chatwindow.ChatWindowActivity
05-11 11:36:54.862 1508 12402 I ActivityTaskManager: The Process com.ss.android.lark Already Exists in BG. So sending its PID: 13014
05-11 11:36:54.863 1508 12402 W ActivityTaskManager: Tried to set launchTime (0) < mLastActivityLaunchTime (487774)
01-01 08:10:03.242 0 0 E link_delay_work_func: DTC_ETH: SQI=0, link=0
05-11 11:36:56.983 1508 12402 D CompatibilityChangeReporter: Compat change id reported: 182734110; UID 10113; state: ENABLED
01-01 08:10:05.830 0 0 I msm_vidc: high: 00000001: ....e: Opening video instance: 0000000000000000, 0
01-01 08:10:05.830 0 0 I msm_vidc: err : 00000001: ....e: Failed to create debugfs for msm_vidc
01-01 08:10:05.931 0 0 I msm_vidc: high: 00000001: h264e: Closed video instance: 0000000000000000
01-01 08:10:05.939 0 0 I msm_vidc: high: 00000001: ....e: Opening video instance: 0000000000000000, 0
01-01 08:10:05.939 0 0 I msm_vidc: err : 00000001: ....e: Failed to create debugfs for msm_vidc
01-01 08:10:06.004 0 0 I msm_vidc: high: 00000001: h264e: Closed video instance: 0000000000000000
01-01 08:10:06.010 0 0 I msm_vidc: high: 00000001: ....e: Opening video instance: 0000000000000000, 0
01-01 08:10:06.011 0 0 I msm_vidc: err : 00000001: ....e: Failed to create debugfs for msm_vidc
01-01 08:10:08.362 0 0 E link_delay_work_func: DTC_ETH: SQI=0, link=0
05-11 11:37:01.654 1508 10797 W ActivityManager: Background start not allowed: service Intent { cmp=com.tencent.android.qqdownloader/com.tencent.assistant.sdk.SDKSupportService (has extras) } to com.tencent.android.qqdownloader/com.tencent.assistant.sdk.SDKSupportService from pid=3267 uid=10094 pkg=com.tencent.android.qqdownloader startFg?=false
05-11 11:37:01.662 1508 10797 W ActivityManager: Background start not allowed: service Intent { cmp=com.tencent.android.qqdownloader/com.tencent.assistant.sdk.SDKSupportService (has extras) } to com.tencent.android.qqdownloader/com.tencent.assistant.sdk.SDKSupportService from pid=3267 uid=10094 pkg=com.tencent.android.qqdownloader startFg?=false
05-11 11:37:01.699 1508 12158 W ActivityManager: Background start not allowed: service Intent { cmp=com.tencent.android.qqdownloader/com.tencent.assistant.sdk.SDKSupportService (has extras) } to com.tencent.android.qqdownloader/com.tencent.assistant.sdk.SDKSupportService from pid=3267 uid=10094 pkg=com.tencent.android.qqdownloader startFg?=false
05-11 11:37:01.704 1508 12158 W ActivityManager: Background start not allowed: service Intent { cmp=com.tencent.android.qqdownloader/com.tencent.assistant.sdk.SDKSupportService (has extras) } to com.tencent.android.qqdownloader/com.tencent.assistant.sdk.SDKSupportService from pid=3267 uid=10094 pkg=com.tencent.android.qqdownloader startFg?=false
01-01 08:10:13.481 0 0 E link_delay_work_func: DTC_ETH: SQI=0, link=0
05-11 11:37:10.488 1508 1788 D ActivityManager: freezing 4244 com.android.music
01-01 08:10:18.533 0 0 I binder : 1508:1788 ioctl 400c620e 7aa69385d8 returned -22
05-11 11:37:10.488 1508 1788 E ActivityManager: Unable to freeze binder for 4244 com.android.music
05-11 11:37:10.490 1508 1788 D ActivityManager: froze 4244 com.android.music
05-11 11:37:10.490 1508 1788 E ActivityManager: Unable to freeze binder for 4244 com.android.music
01-01 08:10:18.535 0 0 I binder : 1508:1788 ioctl c00c620f 7aa69385b8 returned -22
05-11 11:37:10.495 1508 1788 I ActivityManager: Killing 4244:com.android.music/u0a80 (adj 995): Unable to freeze binder interface
01-01 08:10:18.601 0 0 E link_delay_work_func: DTC_ETH: SQI=0, link=0
05-11 11:37:10.572 1508 1788 D ActivityManager: freezing 4286 com.android.onetimeinitializer
05-11 11:37:10.572 1508 1788 E ActivityManager: Unable to freeze binder for 4286 com.android.onetimeinitializer
01-01 08:10:18.617 0 0 I binder : 1508:1788 ioctl 400c620e 7aa69385d8 returned -22
05-11 11:37:10.573 1508 1788 D ActivityManager: froze 4286 com.android.onetimeinitializer
05-11 11:37:10.573 1508 1788 E ActivityManager: Unable to freeze binder for 4286 com.android.onetimeinitializer
05-11 11:37:10.576 1508 1788 I ActivityManager: Killing 4286:com.android.onetimeinitializer/u0a60 (adj 995): Unable to freeze binder interface
01-01 08:10:18.618 0 0 I binder : 1508:1788 ioctl c00c620f 7aa69385b8 returned -22
05-11 11:37:11.066 1508 1788 D ActivityManager: freezing 2450 com.android.settings
05-11 11:37:11.066 1508 1788 E ActivityManager: Unable to freeze binder for 2450 com.android.settings
05-11 11:37:11.068 1508 1788 D ActivityManager: froze 2450 com.android.settings
01-01 08:10:19.111 0 0 I binder : 1508:1788 ioctl 400c620e 7aa69385d8 returned -22
01-01 08:10:19.113 0 0 I binder : 1508:1788 ioctl c00c620f 7aa69385b8 returned -22
05-11 11:37:11.068 1508 1788 E ActivityManager: Unable to freeze binder for 2450 com.android.settings
05-11 11:37:11.074 1508 1788 I ActivityManager: Killing 2450:com.android.settings/1000 (adj 985): Unable to freeze binder interface
05-11 11:37:11.108 1508 1644 W ActivityManager: setHasOverlayUi called on unknown pid: 2450
05-11 11:37:11.778 1508 1788 D ActivityManager: freezing 4567 com.qualcomm.qti.qms.service.connectionsecurity
01-01 08:10:19.823 0 0 I binder : 1508:1788 ioctl 400c620e 7aa69385d8 returned -22
05-11 11:37:11.778 1508 1788 E ActivityManager: Unable to freeze binder for 4567 com.qualcomm.qti.qms.service.connectionsecurity
05-11 11:37:11.779 1508 1788 D ActivityManager: froze 4567 com.qualcomm.qti.qms.service.connectionsecurity
05-11 11:37:11.779 1508 1788 E ActivityManager: Unable to freeze binder for 4567 com.qualcomm.qti.qms.service.connectionsecurity
01-01 08:10:19.824 0 0 I binder : 1508:1788 ioctl c00c620f 7aa69385b8 returned -22
05-11 11:37:11.787 1508 1788 D ActivityManager: freezing 2831 com.qualcomm.qtil.aptxui
01-01 08:10:19.833 0 0 I binder : 1508:1788 ioctl 400c620e 7aa69385d8 returned -22
05-11 11:37:11.788 1508 1788 E ActivityManager: Unable to freeze binder for 2831 com.qualcomm.qtil.aptxui
05-11 11:37:11.789 1508 1788 D ActivityManager: froze 2831 com.qualcomm.qtil.aptxui
05-11 11:37:11.789 1508 1788 E ActivityManager: Unable to freeze binder for 2831 com.qualcomm.qtil.aptxui
01-01 08:10:19.834 0 0 I binder : 1508:1788 ioctl c00c620f 7aa69385b8 returned -22
05-11 11:37:11.792 1508 1788 I ActivityManager: Killing 4567:com.qualcomm.qti.qms.service.connectionsecurity/u0a58 (adj 975): Unable to freeze binder interface
05-11 11:37:11.796 1508 1788 I ActivityManager: Killing 2831:com.qualcomm.qtil.aptxui/u0a82 (adj 975): Unable to freeze binder interface
05-11 11:37:13.692 1508 1508 I GameModeConfig: isGameModeOn = true
05-11 11:37:13.692 1508 1508 I GameModeConfig: isGaming = false
01-01 08:10:23.721 0 0 E link_delay_work_func: DTC_ETH: SQI=0, link=0
01-01 08:10:24.534 0 0 I msm_vidc: high: 00000001: h264e: Closed video instance: 0000000000000000
01-01 08:10:24.765 0 0 I msm_vidc: high: 00000001: ....e: Opening video instance: 0000000000000000, 0
01-01 08:10:24.765 0 0 I msm_vidc: err : 00000001: ....e: Failed to create debugfs for msm_vidc
01-01 08:10:24.840 0 0 I msm_vidc: high: 00000001: h264e: Closed video instance: 0000000000000000
01-01 08:10:24.845 0 0 I msm_vidc: high: 00000001: ....e: Opening video instance: 0000000000000000, 0
01-01 08:10:24.845 0 0 I msm_vidc: err : 00000001: ....e: Failed to create debugfs for msm_vidc
01-01 08:10:24.905 0 0 I msm_vidc: high: 00000001: h264e: Closed video instance: 0000000000000000
01-01 08:10:24.909 0 0 I msm_vidc: high: 00000001: ....e: Opening video instance: 0000000000000000, 0
01-01 08:10:24.909 0 0 I msm_vidc: err : 00000001: ....e: Failed to create debugfs for msm_vidc
05-11 11:37:17.051 1508 1788 D ActivityManager: freezing 2579 com.qualcomm.timeservice
05-11 11:37:17.051 1508 1788 E ActivityManager: Unable to freeze binder for 2579 com.qualcomm.timeservice
05-11 11:37:17.052 1508 1788 D ActivityManager: froze 2579 com.qualcomm.timeservice
01-01 08:10:25.096 0 0 I binder : 1508:1788 ioctl 400c620e 7aa69385d8 returned -22
05-11 11:37:17.052 1508 1788 E ActivityManager: Unable to freeze binder for 2579 com.qualcomm.timeservice
05-11 11:37:17.056 1508 1788 I ActivityManager: Killing 2579:com.qualcomm.timeservice/u0a59 (adj 975): Unable to freeze binder interface
01-01 08:10:25.097 0 0 I binder : 1508:1788 ioctl c00c620f 7aa69385b8 returned -22
05-11 11:37:18.757 1508 1788 D ActivityManager: freezing 5285 com.android.externalstorage
05-11 11:37:18.758 1508 1788 E ActivityManager: Unable to freeze binder for 5285 com.android.externalstorage
01-01 08:10:26.803 0 0 I binder : 1508:1788 ioctl 400c620e 7aa69385d8 returned -22
05-11 11:37:18.758 1508 1788 D ActivityManager: froze 5285 com.android.externalstorage
05-11 11:37:18.758 1508 1788 E ActivityManager: Unable to freeze binder for 5285 com.android.externalstorage
01-01 08:10:26.804 0 0 I binder : 1508:1788 ioctl c00c620f 7aa69385b8 returned -22
05-11 11:37:18.761 1508 1788 I ActivityManager: Killing 5285:com.android.externalstorage/u0a36 (adj 965): Unable to freeze binder interface
01-01 08:10:28.841 0 0 E link_delay_work_func: DTC_ETH: SQI=0, link=0
05-11 11:37:20.969 1508 1788 D ActivityManager: freezing 5684 com.qualcomm.qti.qms.service.trustzoneaccess
05-11 11:37:20.969 1508 1788 E ActivityManager: Unable to freeze binder for 5684 com.qualcomm.qti.qms.service.trustzoneaccess
01-01 08:10:29.014 0 0 I binder : 1508:1788 ioctl 400c620e 7aa69385d8 returned -22
05-11 11:37:20.970 1508 1788 D ActivityManager: froze 5684 com.qualcomm.qti.qms.service.trustzoneaccess
05-11 11:37:20.971 1508 1788 E ActivityManager: Unable to freeze binder for 5684 com.qualcomm.qti.qms.service.trustzoneaccess
01-01 08:10:29.016 0 0 I binder : 1508:1788 ioctl c00c620f 7aa69385b8 returned -22
05-11 11:37:20.973 1508 1788 I ActivityManager: Killing 5684:com.qualcomm.qti.qms.service.trustzoneaccess/u0a53 (adj 955): Unable to freeze binder interface
05-11 11:37:23.740 1508 1833 I GameModeConfig: isGameModeOn = true
05-11 11:37:23.740 1508 1833 I GameModeConfig: isGaming = false
05-11 11:37:25.119 1508 1659 D CompatibilityChangeReporter: Compat change id reported: 168419799; UID 10096; state: DISABLED
01-01 08:10:33.961 0 0 E link_delay_work_func: DTC_ETH: SQI=0, link=0
01-01 08:10:39.081 0 0 E link_delay_work_func: DTC_ETH: SQI=0, link=0
01-01 08:10:39.913 0 0 I msm_vidc: high: 00000001: h264e: Closed video instance: 0000000000000000
01-01 08:10:40.103 0 0 I msm_vidc: high: 00000001: ....e: Opening video instance: 0000000000000000, 0
01-01 08:10:40.103 0 0 I msm_vidc: err : 00000001: ....e: Failed to create debugfs for msm_vidc
01-01 08:10:40.166 0 0 I msm_vidc: high: 00000001: h264e: Closed video instance: 0000000000000000
01-01 08:10:40.173 0 0 I msm_vidc: high: 00000001: ....e: Opening video instance: 0000000000000000, 0
01-01 08:10:40.173 0 0 I msm_vidc: err : 00000001: ....e: Failed to create debugfs for msm_vidc
01-01 08:10:40.232 0 0 I msm_vidc: high: 00000001: h264e: Closed video instance: 0000000000000000
01-01 08:10:40.238 0 0 I msm_vidc: high: 00000001: ....e: Opening video instance: 0000000000000000, 0
01-01 08:10:40.238 0 0 I msm_vidc: err : 00000001: ....e: Failed to create debugfs for msm_vidc
05-11 11:37:32.266 1508 1788 D ActivityManager: freezing 2590 com.qualcomm.qti.qccauthmgr
05-11 11:37:32.266 1508 1788 E ActivityManager: Unable to freeze binder for 2590 com.qualcomm.qti.qccauthmgr
05-11 11:37:32.267 1508 1788 D ActivityManager: froze 2590 com.qualcomm.qti.qccauthmgr
05-11 11:37:32.267 1508 1788 E ActivityManager: Unable to freeze binder for 2590 com.qualcomm.qti.qccauthmgr
01-01 08:10:40.312 0 0 I binder : 1508:1788 ioctl 400c620e 7aa69385d8 returned -22
01-01 08:10:40.313 0 0 I binder : 1508:1788 ioctl c00c620f 7aa69385b8 returned -22
05-11 11:37:32.270 1508 1788 I ActivityManager: Killing 2590:com.qualcomm.qti.qccauthmgr/u0a84 (adj 965): Unable to freeze binder interface
01-01 08:10:43.756 0 0 I binder : 1508:1788 ioctl 400c620e 7aa69385d8 returned -22
05-11 11:37:35.711 1508 1788 D ActivityManager: freezing 3357 com.android.providers.calendar
05-11 11:37:35.711 1508 1788 E ActivityManager: Unable to freeze binder for 3357 com.android.providers.calendar
05-11 11:37:35.712 1508 1788 D ActivityManager: froze 3357 com.android.providers.calendar
05-11 11:37:35.713 1508 1788 E ActivityManager: Unable to freeze binder for 3357 com.android.providers.calendar
01-01 08:10:43.758 0 0 I binder : 1508:1788 ioctl c00c620f 7aa69385b8 returned -22
05-11 11:37:35.717 1508 1788 I ActivityManager: Killing 3357:com.android.providers.calendar/u0a28 (adj 955): Unable to freeze binder interface
01-01 08:10:44.201 0 0 E link_delay_work_func: DTC_ETH: SQI=0, link=0
05-11 11:37:36.632 1508 1773 W DeviceIdleController: motion timeout went off and device isn't stationary
05-11 11:37:36.666 1508 12402 W ActivityManager: Background start not allowed: service Intent { cmp=com.tencent.android.qqdownloader/com.tencent.assistant.sdk.SDKSupportService (has extras) } to com.tencent.android.qqdownloader/com.tencent.assistant.sdk.SDKSupportService from pid=3267 uid=10094 pkg=com.tencent.android.qqdownloader startFg?=false
05-11 11:37:36.673 1508 12402 W ActivityManager: Background start not allowed: service Intent { cmp=com.tencent.android.qqdownloader/com.tencent.assistant.sdk.SDKSupportService (has extras) } to com.tencent.android.qqdownloader/com.tencent.assistant.sdk.SDKSupportService from pid=3267 uid=10094 pkg=com.tencent.android.qqdownloader startFg?=false
05-11 11:37:36.708 1508 8280 W ActivityManager: Background start not allowed: service Intent { cmp=com.tencent.android.qqdownloader/com.tencent.assistant.sdk.SDKSupportService (has extras) } to com.tencent.android.qqdownloader/com.tencent.assistant.sdk.SDKSupportService from pid=3267 uid=10094 pkg=com.tencent.android.qqdownloader startFg?=false
05-11 11:37:36.712 1508 12402 W ActivityManager: Background start not allowed: service Intent { cmp=com.tencent.android.qqdownloader/com.tencent.assistant.sdk.SDKSupportService (has extras) } to com.tencent.android.qqdownloader/com.tencent.assistant.sdk.SDKSupportService from pid=3267 uid=10094 pkg=com.tencent.android.qqdownloader startFg?=false
01-01 08:10:49.321 0 0 E link_delay_work_func: DTC_ETH: SQI=0, link=0
05-11 11:37:41.900 1508 1508 I GameModeConfig: isGameModeOn = true
05-11 11:37:41.900 1508 1508 I GameModeConfig: isGaming = false
01-01 08:10:51.797 0 0 I msm_vidc: high: 00000001: h264e: Closed video instance: 0000000000000000
01-01 08:10:53.323 0 0 I msm_vidc: err : ffffffff: .....: DBLP Set: status 0
01-01 08:10:54.441 0 0 E link_delay_work_func: DTC_ETH: SQI=0, link=0
01-01 08:10:59.561 0 0 E link_delay_work_func: DTC_ETH: SQI=0, link=0
05-11 11:37:53.571 1508 14153 I BackgroundDexOptService: Pinning optimized code {}
05-11 11:37:56.171 1508 8280 D CompatibilityChangeReporter: Compat change id reported: 171306433; UID 10096; state: DISABLED
01-01 08:11:04.681 0 0 E link_delay_work_func: DTC_ETH: SQI=0, link=0
01-01 08:11:09.801 0 0 E link_delay_work_func: DTC_ETH: SQI=0, link=0
01-01 08:11:14.922 0 0 E link_delay_work_func: DTC_ETH: SQI=0, link=0
05-11 11:38:08.639 1508 1788 D ActivityManager: freezing 3649 com.tencent.mobileqq
05-11 11:38:08.639 1508 1788 E ActivityManager: Unable to freeze binder for 3649 com.tencent.mobileqq
01-01 08:11:16.684 0 0 I binder : 1508:1788 ioctl 400c620e 7aa69385d8 returned -22
05-11 11:38:08.641 1508 1788 D ActivityManager: froze 3649 com.tencent.mobileqq
05-11 11:38:08.641 1508 1788 E ActivityManager: Unable to freeze binder for 3649 com.tencent.mobileqq
05-11 11:38:08.643 1508 1788 I ActivityManager: Killing 3649:com.tencent.mobileqq/u0a105 (adj 985): Unable to freeze binder interface
01-01 08:11:16.686 0 0 I binder : 1508:1788 ioctl c00c620f 7aa69385b8 returned -22
05-11 11:38:11.124 1508 9678 W ActivityManager: Background start not allowed: service Intent { cmp=com.tencent.android.qqdownloader/com.tencent.assistant.main.MainService } to com.tencent.android.qqdownloader/com.tencent.assistant.main.MainService from pid=3484 uid=10094 pkg=com.tencent.android.qqdownloader startFg?=false
05-11 11:38:11.125 1508 9678 W ActivityManager: Background start not allowed: service Intent { cmp=com.tencent.android.qqdownloader/com.tencent.assistant.main.MainService } to com.tencent.android.qqdownloader/com.tencent.assistant.main.MainService from pid=3484 uid=10094 pkg=com.tencent.android.qqdownloader startFg?=false
05-11 11:38:11.126 1508 9678 W ActivityManager: Background start not allowed: service Intent { cmp=com.tencent.android.qqdownloader/com.tencent.assistant.main.MainService } to com.tencent.android.qqdownloader/com.tencent.assistant.main.MainService from pid=3484 uid=10094 pkg=com.tencent.android.qqdownloader startFg?=false
05-11 11:38:11.128 1508 9678 W ActivityManager: Background start not allowed: service Intent { cmp=com.tencent.android.qqdownloader/com.tencent.assistant.main.MainService } to com.tencent.android.qqdownloader/com.tencent.assistant.main.MainService from pid=3484 uid=10094 pkg=com.tencent.android.qqdownloader startFg?=false
05-11 11:38:11.129 1508 9678 W ActivityManager: Background start not allowed: service Intent { cmp=com.tencent.android.qqdownloader/com.tencent.assistant.main.MainService } to com.tencent.android.qqdownloader/com.tencent.assistant.main.MainService from pid=3484 uid=10094 pkg=com.tencent.android.qqdownloader startFg?=false
05-11 11:38:11.130 1508 9678 W ActivityManager: Background start not allowed: service Intent { cmp=com.tencent.android.qqdownloader/com.tencent.assistant.main.MainService } to com.tencent.android.qqdownloader/com.tencent.assistant.main.MainService from pid=3484 uid=10094 pkg=com.tencent.android.qqdownloader startFg?=false
05-11 11:38:11.131 1508 9678 W ActivityManager: Background start not allowed: service Intent { cmp=com.tencent.android.qqdownloader/com.tencent.assistant.main.MainService } to com.tencent.android.qqdownloader/com.tencent.assistant.main.MainService from pid=3484 uid=10094 pkg=com.tencent.android.qqdownloader startFg?=false
05-11 11:38:11.132 1508 9678 W ActivityManager: Background start not allowed: service Intent { cmp=com.tencent.android.qqdownloader/com.tencent.assistant.main.MainService } to com.tencent.android.qqdownloader/com.tencent.assistant.main.MainService from pid=3484 uid=10094 pkg=com.tencent.android.qqdownloader startFg?=false
05-11 11:38:11.132 1508 9678 W ActivityManager: Background start not allowed: service Intent { cmp=com.tencent.android.qqdownloader/com.tencent.assistant.main.MainService } to com.tencent.android.qqdownloader/com.tencent.assistant.main.MainService from pid=3484 uid=10094 pkg=com.tencent.android.qqdownloader startFg?=false
05-11 11:38:11.133 1508 9678 W ActivityManager: Background start not allowed: service Intent { cmp=com.tencent.android.qqdownloader/com.tencent.assistant.main.MainService } to com.tencent.android.qqdownloader/com.tencent.assistant.main.MainService from pid=3484 uid=10094 pkg=com.tencent.android.qqdownloader startFg?=false
05-11 11:38:11.134 1508 9678 W ActivityManager: Background start not allowed: service Intent { cmp=com.tencent.android.qqdownloader/com.tencent.assistant.main.MainService } to com.tencent.android.qqdownloader/com.tencent.assistant.main.MainService from pid=3484 uid=10094 pkg=com.tencent.android.qqdownloader startFg?=false
05-11 11:38:11.138 1508 9678 W ActivityManager: Background start not allowed: service Intent { cmp=com.tencent.android.qqdownloader/com.tencent.assistant.main.MainService } to com.tencent.android.qqdownloader/com.tencent.assistant.main.MainService from pid=3484 uid=10094 pkg=com.tencent.android.qqdownloader startFg?=false
05-11 11:38:11.139 1508 9678 W ActivityManager: Background start not allowed: service Intent { cmp=com.tencent.android.qqdownloader/com.tencent.assistant.main.MainService } to com.tencent.android.qqdownloader/com.tencent.assistant.main.MainService from pid=3484 uid=10094 pkg=com.tencent.android.qqdownloader startFg?=false
05-11 11:38:11.140 1508 9678 W ActivityManager: Background start not allowed: service Intent { cmp=com.tencent.android.qqdownloader/com.tencent.assistant.main.MainService } to com.tencent.android.qqdownloader/com.tencent.assistant.main.MainService from pid=3484 uid=10094 pkg=com.tencent.android.qqdownloader startFg?=false
05-11 11:38:11.141 1508 9678 W ActivityManager: Background start not allowed: service Intent { cmp=com.tencent.android.qqdownloader/com.tencent.assistant.main.MainService } to com.tencent.android.qqdownloader/com.tencent.assistant.main.MainService from pid=3484 uid=10094 pkg=com.tencent.android.qqdownloader startFg?=false
05-11 11:38:11.142 1508 9678 W ActivityManager: Background start not allowed: service Intent { cmp=com.tencent.android.qqdownloader/com.tencent.assistant.main.MainService } to com.tencent.android.qqdownloader/com.tencent.assistant.main.MainService from pid=3484 uid=10094 pkg=com.tencent.android.qqdownloader startFg?=false
05-11 11:38:11.143 1508 9678 W ActivityManager: Background start not allowed: service Intent { cmp=com.tencent.android.qqdownloader/com.tencent.assistant.main.MainService } to com.tencent.android.qqdownloader/com.tencent.assistant.main.MainService from pid=3484 uid=10094 pkg=com.tencent.android.qqdownloader startFg?=false
05-11 11:38:11.144 1508 9678 W ActivityManager: Background start not allowed: service Intent { cmp=com.tencent.android.qqdownloader/com.tencent.assistant.main.MainService } to com.tencent.android.qqdownloader/com.tencent.assistant.main.MainService from pid=3484 uid=10094 pkg=com.tencent.android.qqdownloader startFg?=false
05-11 11:38:11.145 1508 9678 W ActivityManager: Background start not allowed: service Intent { cmp=com.tencent.android.qqdownloader/com.tencent.assistant.main.MainService } to com.tencent.android.qqdownloader/com.tencent.assistant.main.MainService from pid=3484 uid=10094 pkg=com.tencent.android.qqdownloader startFg?=false
05-11 11:38:11.146 1508 9678 W ActivityManager: Background start not allowed: service Intent { cmp=com.tencent.android.qqdownloader/com.tencent.assistant.main.MainService } to com.tencent.android.qqdownloader/com.tencent.assistant.main.MainService from pid=3484 uid=10094 pkg=com.tencent.android.qqdownloader startFg?=false
05-11 11:38:11.148 1508 9678 W ActivityManager: Background start not allowed: service Intent { cmp=com.tencent.android.qqdownloader/com.tencent.assistant.main.MainService } to com.tencent.android.qqdownloader/com.tencent.assistant.main.MainService from pid=3484 uid=10094 pkg=com.tencent.android.qqdownloader startFg?=false
05-11 11:38:11.149 1508 9678 W ActivityManager: Background start not allowed: service Intent { cmp=com.tencent.android.qqdownloader/com.tencent.assistant.main.MainService } to com.tencent.android.qqdownloader/com.tencent.assistant.main.MainService from pid=3484 uid=10094 pkg=com.tencent.android.qqdownloader startFg?=false
05-11 11:38:11.643 1508 9678 W ActivityManager: Background start not allowed: service Intent { cmp=com.tencent.android.qqdownloader/com.tencent.assistant.sdk.SDKSupportService (has extras) } to com.tencent.android.qqdownloader/com.tencent.assistant.sdk.SDKSupportService from pid=3267 uid=10094 pkg=com.tencent.android.qqdownloader startFg?=false
05-11 11:38:11.648 1508 9678 W ActivityManager: Background start not allowed: service Intent { cmp=com.tencent.android.qqdownloader/com.tencent.assistant.sdk.SDKSupportService (has extras) } to com.tencent.android.qqdownloader/com.tencent.assistant.sdk.SDKSupportService from pid=3267 uid=10094 pkg=com.tencent.android.qqdownloader startFg?=false
05-11 11:38:11.662 1508 9678 W ActivityManager: Background start not allowed: service Intent { cmp=com.tencent.android.qqdownloader/com.tencent.assistant.sdk.SDKSupportService (has extras) } to com.tencent.android.qqdownloader/com.tencent.assistant.sdk.SDKSupportService from pid=3267 uid=10094 pkg=com.tencent.android.qqdownloader startFg?=false
05-11 11:38:11.665 1508 9678 W ActivityManager: Background start not allowed: service Intent { cmp=com.tencent.android.qqdownloader/com.tencent.assistant.sdk.SDKSupportService (has extras) } to com.tencent.android.qqdownloader/com.tencent.assistant.sdk.SDKSupportService from pid=3267 uid=10094 pkg=com.tencent.android.qqdownloader startFg?=false
01-01 08:11:20.041 0 0 E link_delay_work_func: DTC_ETH: SQI=0, link=0
05-11 11:38:14.257 1508 1788 D ActivityManager: freezing 4331 com.android.permissioncontroller
05-11 11:38:14.257 1508 1788 E ActivityManager: Unable to freeze binder for 4331 com.android.permissioncontroller
05-11 11:38:14.258 1508 1788 D ActivityManager: froze 4331 com.android.permissioncontroller
05-11 11:38:14.258 1508 1788 E ActivityManager: Unable to freeze binder for 4331 com.android.permissioncontroller
01-01 08:11:22.302 0 0 I binder : 1508:1788 ioctl 400c620e 7aa69385d8 returned -22
01-01 08:11:22.303 0 0 I binder : 1508:1788 ioctl c00c620f 7aa69385b8 returned -22
05-11 11:38:14.261 1508 1788 I ActivityManager: Killing 4331:com.android.permissioncontroller/u0a91 (adj 965): Unable to freeze binder interface
01-01 08:11:25.161 0 0 E link_delay_work_func: DTC_ETH: SQI=0, link=0
01-01 08:11:30.281 0 0 E link_delay_work_func: DTC_ETH: SQI=0, link=0
01-01 08:11:35.401 0 0 E link_delay_work_func: DTC_ETH: SQI=0, link=0
01-01 08:11:40.522 0 0 E link_delay_work_func: DTC_ETH: SQI=0, link=0
01-01 08:11:45.642 0 0 E link_delay_work_func: DTC_ETH: SQI=0, link=0
01-01 08:11:50.761 0 0 E link_delay_work_func: DTC_ETH: SQI=0, link=0
05-11 11:38:43.386 1508 1508 I GameModeConfig: isGameModeOn = true
05-11 11:38:43.386 1508 1508 I GameModeConfig: isGaming = false
05-11 11:38:46.646 1508 12831 W ActivityManager: Background start not allowed: service Intent { cmp=com.tencent.android.qqdownloader/com.tencent.assistant.sdk.SDKSupportService (has extras) } to com.tencent.android.qqdownloader/com.tencent.assistant.sdk.SDKSupportService from pid=3267 uid=10094 pkg=com.tencent.android.qqdownloader startFg?=false
05-11 11:38:46.650 1508 12831 W ActivityManager: Background start not allowed: service Intent { cmp=com.tencent.android.qqdownloader/com.tencent.assistant.sdk.SDKSupportService (has extras) } to com.tencent.android.qqdownloader/com.tencent.assistant.sdk.SDKSupportService from pid=3267 uid=10094 pkg=com.tencent.android.qqdownloader startFg?=false
05-11 11:38:46.665 1508 8091 W ActivityManager: Background start not allowed: service Intent { cmp=com.tencent.android.qqdownloader/com.tencent.assistant.sdk.SDKSupportService (has extras) } to com.tencent.android.qqdownloader/com.tencent.assistant.sdk.SDKSupportService from pid=3267 uid=10094 pkg=com.tencent.android.qqdownloader startFg?=false
05-11 11:38:46.669 1508 8091 W ActivityManager: Background start not allowed: service Intent { cmp=com.tencent.android.qqdownloader/com.tencent.assistant.sdk.SDKSupportService (has extras) } to com.tencent.android.qqdownloader/com.tencent.assistant.sdk.SDKSupportService from pid=3267 uid=10094 pkg=com.tencent.android.qqdownloader startFg?=false
01-01 08:11:55.882 0 0 E link_delay_work_func: DTC_ETH: SQI=0, link=0
01-01 08:12:01.001 0 0 E link_delay_work_func: DTC_ETH: SQI=0, link=0
01-01 08:12:06.121 0 0 E link_delay_work_func: DTC_ETH: SQI=0, link=0
01-01 08:12:11.242 0 0 E link_delay_work_func: DTC_ETH: SQI=0, link=0
01-01 08:12:16.362 0 0 E link_delay_work_func: DTC_ETH: SQI=0, link=0
01-01 08:12:21.481 0 0 E link_delay_work_func: DTC_ETH: SQI=0, link=0
05-11 11:39:13.697 1508 1508 I GameModeConfig: isGameModeOn = true
05-11 11:39:13.697 1508 1508 I GameModeConfig: isGaming = false
01-01 08:12:26.601 0 0 E link_delay_work_func: DTC_ETH: SQI=0, link=0
05-11 11:39:21.646 1508 12831 W ActivityManager: Background start not allowed: service Intent { cmp=com.tencent.android.qqdownloader/com.tencent.assistant.sdk.SDKSupportService (has extras) } to com.tencent.android.qqdownloader/com.tencent.assistant.sdk.SDKSupportService from pid=3267 uid=10094 pkg=com.tencent.android.qqdownloader startFg?=false
05-11 11:39:21.662 1508 12831 W ActivityManager: Background start not allowed: service Intent { cmp=com.tencent.android.qqdownloader/com.tencent.assistant.sdk.SDKSupportService (has extras) } to com.tencent.android.qqdownloader/com.tencent.assistant.sdk.SDKSupportService from pid=3267 uid=10094 pkg=com.tencent.android.qqdownloader startFg?=false
05-11 11:39:21.675 1508 10401 W ActivityManager: Background start not allowed: service Intent { cmp=com.tencent.android.qqdownloader/com.tencent.assistant.sdk.SDKSupportService (has extras) } to com.tencent.android.qqdownloader/com.tencent.assistant.sdk.SDKSupportService from pid=3267 uid=10094 pkg=com.tencent.android.qqdownloader startFg?=false
05-11 11:39:21.678 1508 10401 W ActivityManager: Background start not allowed: service Intent { cmp=com.tencent.android.qqdownloader/com.tencent.assistant.sdk.SDKSupportService (has extras) } to com.tencent.android.qqdownloader/com.tencent.assistant.sdk.SDKSupportService from pid=3267 uid=10094 pkg=com.tencent.android.qqdownloader startFg?=false
01-01 08:12:31.721 0 0 E link_delay_work_func: DTC_ETH: SQI=0, link=0
05-11 11:39:23.730 1508 1833 I GameModeConfig: isGameModeOn = true
05-11 11:39:23.730 1508 1833 I GameModeConfig: isGaming = false
01-01 08:12:36.841 0 0 E link_delay_work_func: DTC_ETH: SQI=0, link=0
01-01 08:12:41.962 0 0 E link_delay_work_func: DTC_ETH: SQI=0, link=0
01-01 08:12:47.081 0 0 E link_delay_work_func: DTC_ETH: SQI=0, link=0
01-01 08:12:52.202 0 0 E link_delay_work_func: DTC_ETH: SQI=0, link=0
05-11 11:39:44.856 1508 1508 I GameModeConfig: isGameModeOn = true
05-11 11:39:44.856 1508 1508 I GameModeConfig: isGaming = false
01-01 08:12:57.322 0 0 E link_delay_work_func: DTC_ETH: SQI=0, link=0
01-01 08:13:02.442 0 0 E link_delay_work_func: DTC_ETH: SQI=0, link=0
