05-11 11:52:33.015 1508 1644 I DisplayDeviceRepository: Display device changed: DisplayDeviceInfo{"内置屏幕": uniqueId="local:4630946816427681409", 2560 x 1080, modeId 3, defaultModeId 1, supportedModes [{id=1, width=2560, height=1080, fps=60.000004, alternativeRefreshRates=[30.000002, 45.0]}, {id=2, width=2560, height=1080, fps=45.0, alternativeRefreshRates=[30.000002, 60.000004]}, {id=3, width=2560, height=1080, fps=30.000002, alternativeRefreshRates=[45.0, 60.000004]}], colorMode 0, supportedColorModes [0], hdrCapabilities HdrCapabilities{mSupportedHdrTypes=[2, 3, 4], mMaxLuminance=500.0, mMaxAverageLuminance=500.0, mMinLuminance=0.0}, allmSupported false, gameContentTypeSupported false, density 240, 320.315 x 318.976 dpi, appVsyncOff 1000000, presDeadline 33333333, touch INTERNAL, rotation 0, type INTERNAL, address {port=129, model=0x40446d97fee5e6}, deviceProductInfo DeviceProductInfo{name=, manufacturerPnpId=QCM, productId=1, modelYear=null, manufactureDate=ManufactureDate{week=27, year=2006}, connectionToSinkType=0}, state ON, frameRateOverride , brightnessMinimum 0.0, brightnessMaximum 1.0, brightnessDefault 1.0, FLAG_DEFAULT_DISPLAY, FLAG_ROTATES_WITH_CONTENT, FLAG_SECURE, FLAG_SUPPORTS_PROTECTED_BUFFERS}
05-11 11:52:33.023 1508 1570 W ContentProviderHelper: Permission Denial: opening provider com.tencent.minibox.loader.MiniBoxProvider from ProcessRecord{7b67f01 23536:com.happyelements.AndroidAnimal.qq/u0a106} (pid=23536, uid=10106) that is not exported from UID 10105
05-11 11:52:33.065 1508 10954 D CompatibilityChangeReporter: Compat change id reported: 135634846; UID 10105; state: DISABLED
05-11 11:52:33.065 1508 10954 D CompatibilityChangeReporter: Compat change id reported: 177438394; UID 10105; state: DISABLED
05-11 11:52:33.065 1508 10954 D CompatibilityChangeReporter: Compat change id reported: 135772972; UID 10105; state: DISABLED
05-11 11:52:33.066 1508 10954 D CompatibilityChangeReporter: Compat change id reported: 135754954; UID 10105; state: DISABLED
05-11 11:52:33.066 1508 1660 D CompatibilityChangeReporter: Compat change id reported: 143937733; UID 10105; state: DISABLED
05-11 11:52:33.075 1508 1660 I am_proc_start: [0,23722,10105,com.tencent.mobileqq,content provider,{com.tencent.mobileqq/com.tencent.mobileqq.openapi.OpenApiProvider}]
05-11 11:52:33.075 1508 1660 I ActivityManager: Start proc 23722:com.tencent.mobileqq/u0a105 for content provider {com.tencent.mobileqq/com.tencent.mobileqq.openapi.OpenApiProvider}
05-11 11:52:33.080 23115 23115 I wm_on_stop_called: [116695859,com.android.permissioncontroller.permission.ui.GrantPermissionsActivity,LIFECYCLER_STOP_ACTIVITY]
05-11 11:52:33.081 23115 23115 I wm_on_destroy_called: [116695859,com.android.permissioncontroller.permission.ui.GrantPermissionsActivity,performDestroy]
01-01 08:25:41.130 0 0 I binder : 23722:23722 ioctl 40046210 7ffe05b4f4 returned -22
05-11 11:52:33.087 1508 10954 I am_proc_bound: [0,23722,com.tencent.mobileqq]
05-11 11:52:33.089 1508 10954 I am_uid_active: 10105
01-01 08:25:41.147 0 0 W audit : audit_lost=12930 audit_rate_limit=5 audit_backlog_limit=64
01-01 08:25:41.147 0 0 E audit : rate limit exceeded
05-11 11:52:33.167 1508 1787 I commit_sys_config_file: [settings-1-0,0]
01-01 08:25:41.250 0 0 I atmel_mxt_ts 0-004a: FB event:1,blank:0
01-01 08:25:41.250 0 0 I atmel_mxt_ts 0-004a: drm_notifier_callback: UNBLANK! Resume by drm notifier.
05-11 11:52:33.498 1508 10966 D CompatibilityChangeReporter: Compat change id reported: 149924527; UID 10106; state: ENABLED
05-11 11:52:33.499 1508 10966 D CompatibilityChangeReporter: Compat change id reported: 132649864; UID 10106; state: DISABLED
05-11 11:52:33.547 1508 1659 W BroadcastQueue: Permission Denial: broadcasting Intent { act=android.net.conn.CONNECTIVITY_CHANGE flg=0x4200010 (has extras) } from null (pid=-1, uid=-1) requires com.tencent.bugly.BuglyBroadcastReceiver.permission due to registered receiver BroadcastFilter{b1aa559 10106/u0 ReceiverList{f1495a0 23536 com.happyelements.AndroidAnimal.qq/10106/u0 remote:5908ea3}}
05-11 11:52:33.552 1508 10967 I am_uid_running: 99005
05-11 11:52:33.552 1508 10967 D CompatibilityChangeReporter: Compat change id reported: 135634846; UID 10106; state: DISABLED
05-11 11:52:33.553 1508 1660 D CompatibilityChangeReporter: Compat change id reported: 143937733; UID 10106; state: ENABLED
05-11 11:52:33.558 1508 1660 I am_proc_start: [0,23839,99005,com.android.webview:sandboxed_process0:org.chromium.content.app.SandboxedProcessService0:0,,{com.happyelements.AndroidAnimal.qq/org.chromium.content.app.SandboxedProcessService0:0}]
05-11 11:52:33.558 1508 1660 I ActivityManager: Start proc 23839:com.android.webview:sandboxed_process0:org.chromium.content.app.SandboxedProcessService0:0/u0i5 for {com.happyelements.AndroidAnimal.qq/org.chromium.content.app.SandboxedProcessService0:0}
01-01 08:25:41.613 0 0 I binder : 23839:23839 ioctl 40046210 ff8614b8 returned -22
05-11 11:52:33.573 1508 10967 I am_proc_bound: [0,23839,com.android.webview:sandboxed_process0:org.chromium.content.app.SandboxedProcessService0:0]
05-11 11:52:33.574 1508 10967 I am_uid_active: 99005
05-11 11:52:34.148 23536 23536 I auditd : type=1400 audit(0.0:14243): avc: granted { nlmsg_readpriv } for comm="qm-thread-2" scontext=u:r:untrusted_app_27:s0:c512,c768 tcontext=u:r:untrusted_app_27:s0:c512,c768 tclass=netlink_route_socket app=com.happyelements.AndroidAnimal.qq
05-11 11:52:34.460 0 0 I auditd : type=1400 audit(0.0:14244): avc: denied { kill } for comm="swapper/7" capability=5 scontext=u:r:kernel:s0 tcontext=u:r:kernel:s0 tclass=capability permissive=1
05-11 11:52:35.152 1508 1818 I netstats_mobile_sample: [0,0,0,0,0,0,0,0,0,0,0,0,1683874840352]
05-11 11:52:35.152 1508 1818 I netstats_wifi_sample: [40,1,128,2,40,1,128,2,40,1,64,1,1683874840352]
05-11 11:52:35.148 685 685 I auditd : type=1400 audit(0.0:14245): avc: denied { add_name } for comm="Binder:685_4" name="globalAlert" scontext=u:r:netd:s0 tcontext=u:object_r:proc_net:s0 tclass=dir permissive=1
05-11 11:52:35.148 685 685 I auditd : type=1400 audit(0.0:14246): avc: denied { create } for comm="Binder:685_4" name="globalAlert" scontext=u:r:netd:s0 tcontext=u:object_r:proc_net:s0 tclass=file permissive=1
01-01 08:25:45.322 0 0 E link_delay_work_func: DTC_ETH: SQI=0, link=0
05-11 11:52:38.000 4923 4923 I auditd : type=1400 audit(0.0:14247): avc: granted { nlmsg_readpriv } for comm="DaemonThread-6" scontext=u:r:untrusted_app_27:s0:c512,c768 tcontext=u:r:untrusted_app_27:s0:c512,c768 tclass=netlink_route_socket app=com.wandoujia.phoenix2
05-11 11:52:38.328 4923 4923 I auditd : type=1400 audit(0.0:14248): avc: granted { nlmsg_readpriv } for comm="DaemonThread-6" scontext=u:r:untrusted_app_27:s0:c512,c768 tcontext=u:r:untrusted_app_27:s0:c512,c768 tclass=netlink_route_socket app=com.wandoujia.phoenix2
05-11 11:52:38.460 0 0 I auditd : type=1400 audit(0.0:14249): avc: denied { kill } for comm="swapper/4" capability=5 scontext=u:r:kernel:s0 tcontext=u:r:kernel:s0 tclass=capability permissive=1
05-11 11:52:38.548 23907 23907 I auditd : type=1400 audit(0.0:14250): avc: denied { open } for comm="getprop" path="/dev/__properties__/u:object_r:ab_update_gki_prop:s0" dev="tmpfs" ino=12238 scontext=u:r:untrusted_app_27:s0:c512,c768 tcontext=u:object_r:ab_update_gki_prop:s0 tclass=file permissive=1 app=com.happyelements.AndroidAnimal.qq
05-11 11:52:38.548 23907 23907 I auditd : type=1400 audit(0.0:14251): avc: denied { getattr } for comm="getprop" path="/dev/__properties__/u:object_r:ab_update_gki_prop:s0" dev="tmpfs" ino=12238 scontext=u:r:untrusted_app_27:s0:c512,c768 tcontext=u:object_r:ab_update_gki_prop:s0 tclass=file permissive=1 app=com.happyelements.AndroidAnimal.qq
05-11 11:52:38.548 23907 23907 I auditd : type=1400 audit(0.0:14252): avc: denied { map } for comm="getprop" path="/dev/__properties__/u:object_r:ab_update_gki_prop:s0" dev="tmpfs" ino=12238 scontext=u:r:untrusted_app_27:s0:c512,c768 tcontext=u:object_r:ab_update_gki_prop:s0 tclass=file permissive=1 app=com.happyelements.AndroidAnimal.qq
01-01 08:25:46.599 0 0 W audit : audit_lost=12944 audit_rate_limit=5 audit_backlog_limit=64
01-01 08:25:46.599 0 0 E audit : rate limit exceeded
05-11 11:52:39.023 1508 1657 I am_pss : [23536,10106,com.happyelements.AndroidAnimal.qq,320562176,300371968,24576,481009664,0,2,20]
05-11 11:52:39.304 1508 1799 I input_interaction: Interaction with: 8008a78 com.happyelements.AndroidAnimal.qq/com.happyelements.hellolua.MainActivity (server), edge-swipe (server), swipe-up (server), PointerEventDispatcher0 (server),
05-11 11:52:41.245 1508 10966 I am_uid_active: 10096
05-11 11:52:41.257 1508 10966 I thunderperf: PlatormCompat.setOverrides: Uid1=10106 Pid1=23536 Uid2=10106 Pid2=23536
05-11 11:52:41.257 1508 10966 I thunderperf: PlatormCompat.setOverrides: needCheck:false
05-11 11:52:41.257 1508 10966 I thunderperf: CompatConfig.addOverrideUnsafe: bef-state=0
05-11 11:52:41.257 1508 10966 I thunderperf: CompatConfig.addOverrideUnsafe: aft-state=0
05-11 11:52:41.257 1508 10966 W PackageManager: MATCH_ANY_USER flag requires INTERACT_ACROSS_USERS permission: UID 10106 requires android.permission.INTERACT_ACROSS_USERS_FULL or android.permission.INTERACT_ACROSS_USERS to access user 0.
05-11 11:52:41.258 1508 10966 I ActivityTaskManager: START u0 {flg=0x18000000 cmp=com.tencent.mm/.plugin.base.stub.WXEntryActivity (has extras)} from uid 10106
05-11 11:52:41.261 1508 10966 I wm_task_created: [56,-1]
05-11 11:52:41.261 1508 10966 W ActivityTaskManager: Can't find TaskDisplayArea to determine support for multi window. Task id=56 attached=false
05-11 11:52:41.256 877 877 I auditd : type=1400 audit(0.0:14925): avc: denied { add_name } for comm="perf@2.2-servic" name="clkscale_enable" scontext=u:r:vendor_hal_perf_default:s0 tcontext=u:object_r:sysfs:s0 tclass=dir permissive=1
05-11 11:52:41.256 877 877 I auditd : type=1400 audit(0.0:14926): avc: denied { create } for comm="perf@2.2-servic" name="clkscale_enable" scontext=u:r:vendor_hal_perf_default:s0 tcontext=u:object_r:sysfs:s0 tclass=file permissive=1
05-11 11:52:41.264 1508 10966 I wm_task_moved: [56,1,10]
05-11 11:52:41.264 1508 10966 I wm_task_to_front: [0,56]
05-11 11:52:41.264 1508 10966 I wm_create_task: [0,56]
05-11 11:52:41.264 1508 10966 I wm_create_activity: [0,173804276,56,com.tencent.mm/.plugin.base.stub.WXEntryActivity,NULL,NULL,NULL,411041792]
05-11 11:52:41.264 1508 10966 I wm_task_moved: [56,1,10]
05-11 11:52:41.264 1508 10966 V SplashScreenExceptionList: SplashScreen checking exception for package com.tencent.mm (target sdk:29) -> false
05-11 11:52:41.264 1508 10966 I ActivityTaskManager: FOREGROUND_APPLICATION_CHANGED to com.tencent.mm.plugin.base.stub.WXEntryActivity
05-11 11:52:41.264 1508 10966 I ActivityTaskManager: The Process com.tencent.mm Already Exists in BG. So sending its PID: 17189
05-11 11:52:41.266 1508 10966 I wm_restart_activity: [0,173804276,56,com.tencent.mm/.plugin.base.stub.WXEntryActivity]
05-11 11:52:41.267 1508 10966 I wm_set_resumed_activity: [0,com.tencent.mm/.plugin.base.stub.WXEntryActivity,minimalResumeActivityLocked]
05-11 11:52:41.267 1508 10966 I wm_add_to_stopping: [0,82963027,com.ss.android.ugc.aweme/.splash.SplashActivity,makeInvisible]
05-11 11:52:41.279 23536 23536 I wm_on_top_resumed_lost_called: [63352040,com.happyelements.hellolua.MainActivity,topStateChangedWhenResumed]
05-11 11:52:41.339 17189 17189 E ActivityThread: Failed to find provider info for com.google.android.gms.phenotype
05-11 11:52:41.426 1508 10954 I thunderperf: PlatormCompat.setOverrides: Uid1=10096 Pid1=17189 Uid2=10096 Pid2=17189
05-11 11:52:41.426 1508 10954 I thunderperf: PlatormCompat.setOverrides: needCheck:false
05-11 11:52:41.426 1508 10954 I thunderperf: CompatConfig.addOverrideUnsafe: bef-state=0
05-11 11:52:41.426 1508 10954 I thunderperf: CompatConfig.addOverrideUnsafe: aft-state=0
05-11 11:52:41.426 1508 10954 W PackageManager: MATCH_ANY_USER flag requires INTERACT_ACROSS_USERS permission: UID 10096 requires android.permission.INTERACT_ACROSS_USERS_FULL or android.permission.INTERACT_ACROSS_USERS to access user 0.
05-11 11:52:41.427 1508 10954 I ActivityTaskManager: START u0 {flg=0x14000000 cmp=com.tencent.mm/.plugin.base.stub.UIEntryStub (has extras)} from uid 10096
05-11 11:52:41.430 1508 10954 I wm_task_moved: [56,1,10]
05-11 11:52:41.430 1508 10954 I wm_set_resumed_activity: [0,com.tencent.mm/.plugin.base.stub.WXEntryActivity,positionChildAt]
05-11 11:52:41.430 1508 10954 I wm_create_activity: [0,136434457,56,com.tencent.mm/.plugin.base.stub.UIEntryStub,NULL,NULL,NULL,335544320]
05-11 11:52:41.431 1508 10954 I wm_pause_activity: [0,173804276,com.tencent.mm/.plugin.base.stub.WXEntryActivity,userLeaving=true,resumeTopActivityInnerLocked]
05-11 11:52:41.435 1508 10140 I wm_finish_activity: [0,173804276,56,com.tencent.mm/.plugin.base.stub.WXEntryActivity,app-request]
05-11 11:52:41.436 1508 10140 W ActivityTaskManager: Duplicate finish request for r=ActivityRecord{a5c0af4 u0 com.tencent.mm/.plugin.base.stub.WXEntryActivity taskAffinity=10096:.sdkentry t56 f}}
05-11 11:52:41.436 17189 17189 I wm_on_create_called: [173804276,com.tencent.mm.plugin.base.stub.WXEntryActivity,performCreate]
05-11 11:52:41.448 1508 10140 I wm_add_to_stopping: [0,173804276,com.tencent.mm/.plugin.base.stub.WXEntryActivity,completeFinishing]
05-11 11:52:41.448 1508 10140 I ActivityTaskManager: FOREGROUND_APPLICATION_CHANGED to com.tencent.mm.plugin.base.stub.UIEntryStub
05-11 11:52:41.448 1508 10140 I ActivityTaskManager: The Process com.tencent.mm Already Exists in BG. So sending its PID: 17189
05-11 11:52:41.448 1508 10140 W ActivityTaskManager: Tried to set launchTime (0) < mLastActivityLaunchTime (1546613)
05-11 11:52:41.449 1508 10140 I wm_restart_activity: [0,136434457,56,com.tencent.mm/.plugin.base.stub.UIEntryStub]
05-11 11:52:41.449 1508 10140 I wm_set_resumed_activity: [0,com.tencent.mm/.plugin.base.stub.UIEntryStub,minimalResumeActivityLocked]
05-11 11:52:41.452 1508 1644 I sysui_multi_action: [757,803,799,window_time_0,802,8]
05-11 11:52:41.455 17189 17189 I wm_on_create_called: [136434457,com.tencent.mm.plugin.base.stub.UIEntryStub,performCreate]
05-11 11:52:41.460 17970 17970 I auditd : type=1400 audit(0.0:14927): avc: denied { kill } for comm="kworker/u16:4" capability=5 scontext=u:r:kernel:s0 tcontext=u:r:kernel:s0 tclass=capability permissive=1
05-11 11:52:41.477 17189 17189 I wm_on_start_called: [136434457,com.tencent.mm.plugin.base.stub.UIEntryStub,handleStartActivity]
05-11 11:52:41.491 17189 17189 I wm_on_resume_called: [136434457,com.tencent.mm.plugin.base.stub.UIEntryStub,RESUME_ACTIVITY]
05-11 11:52:41.502 17189 17189 I wm_on_top_resumed_gained_called: [136434457,com.tencent.mm.plugin.base.stub.UIEntryStub,topStateChangedWhenResumed]
05-11 11:52:41.505 1508 10965 I thunderperf: PlatormCompat.setOverrides: Uid1=10096 Pid1=17189 Uid2=10096 Pid2=17189
05-11 11:52:41.505 1508 10965 I thunderperf: PlatormCompat.setOverrides: needCheck:false
05-11 11:52:41.506 1508 10965 I thunderperf: CompatConfig.addOverrideUnsafe: bef-state=0
05-11 11:52:41.506 1508 10965 I thunderperf: CompatConfig.addOverrideUnsafe: aft-state=0
05-11 11:52:41.506 1508 10965 W PackageManager: MATCH_ANY_USER flag requires INTERACT_ACROSS_USERS permission: UID 10096 requires android.permission.INTERACT_ACROSS_USERS_FULL or android.permission.INTERACT_ACROSS_USERS to access user 0.
05-11 11:52:41.507 1508 10965 I ActivityTaskManager: START u0 {cmp=com.tencent.mm/.plugin.webview.ui.tools.SDKOAuthUI (has extras)} from uid 10096
05-11 11:52:41.510 1508 10965 I wm_task_moved: [56,1,10]
05-11 11:52:41.510 1508 10965 I wm_set_resumed_activity: [0,com.tencent.mm/.plugin.base.stub.UIEntryStub,positionChildAt]
05-11 11:52:41.510 1508 10965 I wm_create_activity: [0,95804557,56,com.tencent.mm/.plugin.webview.ui.tools.SDKOAuthUI,NULL,NULL,NULL,0]
05-11 11:52:41.511 1508 10965 I wm_pause_activity: [0,136434457,com.tencent.mm/.plugin.base.stub.UIEntryStub,userLeaving=true,resumeTopActivityInnerLocked]
05-11 11:52:41.528 1508 1645 I input_focus: [Focus request 1dadcb6 com.tencent.mm/com.tencent.mm.plugin.base.stub.UIEntryStub,reason=UpdateInputWindows]
05-11 11:52:41.529 1508 10401 I wm_finish_activity: [0,136434457,56,com.tencent.mm/.plugin.base.stub.UIEntryStub,app-request]
05-11 11:52:41.569 1508 1799 I input_focus: [Focus leaving 8008a78 com.happyelements.AndroidAnimal.qq/com.happyelements.hellolua.MainActivity (server),reason=Waiting for window because NOT_VISIBLE]
05-11 11:52:41.586 17189 17189 I wm_on_top_resumed_lost_called: [136434457,com.tencent.mm.plugin.base.stub.UIEntryStub,topStateChangedWhenResumed]
05-11 11:52:41.599 17189 17189 I wm_on_paused_called: [136434457,com.tencent.mm.plugin.base.stub.UIEntryStub,performPause]
05-11 11:52:41.602 1508 10965 I wm_add_to_stopping: [0,136434457,com.tencent.mm/.plugin.base.stub.UIEntryStub,completeFinishing]
05-11 11:52:41.602 1508 10965 I ActivityTaskManager: FOREGROUND_APPLICATION_CHANGED to com.tencent.mm.plugin.webview.ui.tools.SDKOAuthUI
05-11 11:52:41.603 1508 10965 I ActivityTaskManager: The Process com.tencent.mm Already Exists in BG. So sending its PID: 17189
05-11 11:52:41.603 1508 10965 W ActivityTaskManager: Tried to set launchTime (0) < mLastActivityLaunchTime (1546796)
05-11 11:52:41.604 1508 10965 I wm_restart_activity: [0,95804557,56,com.tencent.mm/.plugin.webview.ui.tools.SDKOAuthUI]
05-11 11:52:41.608 1508 10965 I wm_set_resumed_activity: [0,com.tencent.mm/.plugin.webview.ui.tools.SDKOAuthUI,minimalResumeActivityLocked]
05-11 11:52:41.622 1508 1644 I sysui_multi_action: [757,803,799,window_time_2,802,0]
05-11 11:52:41.694 17189 17189 I wm_on_create_called: [95804557,com.tencent.mm.plugin.webview.ui.tools.SDKOAuthUI,performCreate]
05-11 11:52:41.698 17189 17189 I wm_on_start_called: [95804557,com.tencent.mm.plugin.webview.ui.tools.SDKOAuthUI,handleStartActivity]
05-11 11:52:41.708 17189 17189 I wm_on_resume_called: [95804557,com.tencent.mm.plugin.webview.ui.tools.SDKOAuthUI,RESUME_ACTIVITY]
05-11 11:52:41.714 17189 17189 I wm_on_top_resumed_gained_called: [95804557,com.tencent.mm.plugin.webview.ui.tools.SDKOAuthUI,topStateChangedWhenResumed]
05-11 11:52:41.724 1508 1645 I input_focus: [Focus request 28654a8 com.tencent.mm/com.tencent.mm.plugin.webview.ui.tools.SDKOAuthUI,reason=UpdateInputWindows]
05-11 11:52:41.728 1508 10965 D CompatibilityChangeReporter: Compat change id reported: 135634846; UID 10096; state: DISABLED
05-11 11:52:41.728 1508 10965 D CompatibilityChangeReporter: Compat change id reported: 177438394; UID 10096; state: DISABLED
05-11 11:52:41.728 1508 10965 D CompatibilityChangeReporter: Compat change id reported: 135772972; UID 10096; state: DISABLED
05-11 11:52:41.729 1508 1660 D CompatibilityChangeReporter: Compat change id reported: 143937733; UID 10096; state: DISABLED
05-11 11:52:41.741 1508 1660 I am_proc_start: [0,23952,10096,com.tencent.mm:appbrand0,service,{com.tencent.mm/com.tencent.mm.ipcinvoker.wx_extension.service.Appbrand0IPCService}]
05-11 11:52:41.741 1508 1660 I ActivityManager: Start proc 23952:com.tencent.mm:appbrand0/u0a96 for service {com.tencent.mm/com.tencent.mm.ipcinvoker.wx_extension.service.Appbrand0IPCService}
05-11 11:52:41.754 1508 1660 I am_proc_start: [0,23970,10096,com.tencent.mm:appbrand1,service,{com.tencent.mm/com.tencent.mm.ipcinvoker.wx_extension.service.Appbrand1IPCService}]
05-11 11:52:41.754 1508 1660 I ActivityManager: Start proc 23970:com.tencent.mm:appbrand1/u0a96 for service {com.tencent.mm/com.tencent.mm.ipcinvoker.wx_extension.service.Appbrand1IPCService}
01-01 08:25:49.799 0 0 I binder : 23952:23952 ioctl 40046210 7ffe05b4f4 returned -22
01-01 08:25:49.811 0 0 I binder : 23970:23970 ioctl 40046210 7ffe05b4f4 returned -22
05-11 11:52:41.772 1508 1641 I sysui_multi_action: [319,507,322,495,325,1546,757,761,758,8,759,2,806,com.tencent.mm,871,com.tencent.mm.plugin.webview.ui.tools.SDKOAuthUI,904,com.tencent.mm,905,0,1320,4,1321,4]
05-11 11:52:41.774 1508 1641 I wm_activity_launch_time: [0,95804557,com.tencent.mm/.plugin.webview.ui.tools.SDKOAuthUI,495]
05-11 11:52:41.772 877 877 I auditd : type=1400 audit(0.0:14928): avc: denied { add_name } for comm="perf@2.2-servic" name="clkscale_enable" scontext=u:r:vendor_hal_perf_default:s0 tcontext=u:object_r:sysfs:s0 tclass=dir permissive=1
05-11 11:52:41.772 877 877 I auditd : type=1400 audit(0.0:14929): avc: denied { create } for comm="perf@2.2-servic" name="clkscale_enable" scontext=u:r:vendor_hal_perf_default:s0 tcontext=u:object_r:sysfs:s0 tclass=file permissive=1
05-11 11:52:41.789 1508 10140 I am_proc_bound: [0,23970,com.tencent.mm:appbrand1]
05-11 11:52:41.807 1508 1799 I input_focus: [Focus entering 28654a8 com.tencent.mm/com.tencent.mm.plugin.webview.ui.tools.SDKOAuthUI (server),reason=Window became focusable. Previous reason: NOT_VISIBLE]
01-01 08:25:49.972 0 0 W audit : audit_lost=13616 audit_rate_limit=5 audit_backlog_limit=64
01-01 08:25:49.972 0 0 E audit : rate limit exceeded
05-11 11:52:42.071 1508 1644 I wm_destroy_activity: [0,136434457,56,com.tencent.mm/.plugin.base.stub.UIEntryStub,finish-imm:idle]
05-11 11:52:42.072 1508 1644 I wm_destroy_activity: [0,173804276,56,com.tencent.mm/.plugin.base.stub.WXEntryActivity,finish-imm:idle]
05-11 11:52:42.072 1508 1644 I wm_stop_activity: [0,82963027,com.ss.android.ugc.aweme/.splash.SplashActivity]
05-11 11:52:42.075 17189 17189 I wm_on_stop_called: [136434457,com.tencent.mm.plugin.base.stub.UIEntryStub,LIFECYCLER_STOP_ACTIVITY]
05-11 11:52:42.083 17189 17189 I wm_on_destroy_called: [136434457,com.tencent.mm.plugin.base.stub.UIEntryStub,performDestroy]
05-11 11:52:42.097 17189 17189 I wm_on_destroy_called: [173804276,com.tencent.mm.plugin.base.stub.WXEntryActivity,performDestroy]
05-11 11:52:42.211 1508 10965 I ActivityTaskManager: START u0 {flg=0x18000000 cmp=com.happyelements.AndroidAnimal.qq/.wxapi.WXEntryActivity (has extras)} from uid 10096
05-11 11:52:42.211 1508 10965 I wm_task_created: [57,-1]
05-11 11:52:42.211 1508 10965 W ActivityTaskManager: Can't find TaskDisplayArea to determine support for multi window. Task id=57 attached=false
05-11 11:52:42.215 1508 10965 I wm_task_moved: [57,1,11]
05-11 11:52:42.215 1508 10965 I wm_task_to_front: [0,57]
05-11 11:52:42.215 1508 10965 I wm_create_task: [0,57]
05-11 11:52:42.215 1508 10965 I wm_create_activity: [0,191409594,57,com.happyelements.AndroidAnimal.qq/.wxapi.WXEntryActivity,NULL,NULL,NULL,411041792]
05-11 11:52:42.215 1508 10965 I wm_task_moved: [57,1,11]
05-11 11:52:42.215 1508 10965 V SplashScreenExceptionList: SplashScreen checking exception for package com.happyelements.AndroidAnimal.qq (target sdk:26) -> false
05-11 11:52:42.216 1508 10965 I wm_pause_activity: [0,95804557,com.tencent.mm/.plugin.webview.ui.tools.SDKOAuthUI,userLeaving=true,pauseBackTasks]
05-11 11:52:42.217 1508 10965 I wm_pause_activity: [0,63352040,com.happyelements.AndroidAnimal.qq/com.happyelements.hellolua.MainActivity,userLeaving=true,pauseBackTasks]
05-11 11:52:42.219 1508 1645 I input_focus: [Focus request 52402fd com.tencent.mm/com.tencent.mm.plugin.webview.ui.tools.SDKOAuthUI,reason=UpdateInputWindows]
05-11 11:52:42.221 1508 10140 I wm_finish_activity: [0,95804557,56,com.tencent.mm/.plugin.webview.ui.tools.SDKOAuthUI,app-request]
05-11 11:52:42.228 17189 17189 I wm_on_top_resumed_lost_called: [95804557,com.tencent.mm.plugin.webview.ui.tools.SDKOAuthUI,topStateChangedWhenResumed]
05-11 11:52:42.233 17189 17189 I wm_on_paused_called: [95804557,com.tencent.mm.plugin.webview.ui.tools.SDKOAuthUI,performPause]
05-11 11:52:42.233 1508 10401 I wm_add_to_stopping: [0,95804557,com.tencent.mm/.plugin.webview.ui.tools.SDKOAuthUI,completeFinishing]
05-11 11:52:42.234 1508 10401 I ActivityTaskManager: The Process com.happyelements.AndroidAnimal.qq Already Exists in BG. So sending its PID: 23536
05-11 11:52:42.237 1508 1644 I wm_destroy_activity: [0,95804557,56,com.tencent.mm/.plugin.webview.ui.tools.SDKOAuthUI,finish-imm:idle]
05-11 11:52:42.238 1508 1644 I sysui_multi_action: [757,803,799,window_time_2,802,1]
05-11 11:52:42.251 17189 17189 I wm_on_stop_called: [95804557,com.tencent.mm.plugin.webview.ui.tools.SDKOAuthUI,LIFECYCLER_STOP_ACTIVITY]
05-11 11:52:42.260 23952 23952 I auditd : type=1400 audit(0.0:14941): avc: granted { execute } for comm="wc_srvinit_4" path="/data/user/0/com.tencent.mm/tinker/patch-13ff42e7/lib/lib/arm64-v8a/libandromeda.so" dev="dm-10" ino=37536 scontext=u:r:untrusted_app_29:s0:c96,c256,c512,c768 tcontext=u:object_r:app_data_file:s0:c96,c256,c512,c768 tclass=file app=com.tencent.mm
05-11 11:52:42.268 1508 1799 I input_focus: [Focus entering 52402fd com.tencent.mm/com.tencent.mm.plugin.webview.ui.tools.SDKOAuthUI (server),reason=setFocusedWindow]
05-11 11:52:42.278 1508 10967 D CompatibilityChangeReporter: Compat change id reported: 135634846; UID 10103; state: DISABLED
05-11 11:52:42.278 1508 10967 D CompatibilityChangeReporter: Compat change id reported: 177438394; UID 10103; state: DISABLED
05-11 11:52:42.278 1508 10967 D CompatibilityChangeReporter: Compat change id reported: 135772972; UID 10103; state: DISABLED
05-11 11:52:42.279 1508 1660 D CompatibilityChangeReporter: Compat change id reported: 143937733; UID 10103; state: DISABLED
05-11 11:52:42.280 17189 17189 I wm_on_destroy_called: [95804557,com.tencent.mm.plugin.webview.ui.tools.SDKOAuthUI,performDestroy]
05-11 11:52:42.286 1508 1660 I am_proc_start: [0,24085,10103,com.ss.android.ugc.aweme:push,service,{com.ss.android.ugc.aweme/com.ss.android.newmedia.redbadge.RedBadgePushProcessService}]
05-11 11:52:42.286 1508 1660 I ActivityManager: Start proc 24085:com.ss.android.ugc.aweme:push/u0a103 for service {com.ss.android.ugc.aweme/com.ss.android.newmedia.redbadge.RedBadgePushProcessService}
05-11 11:52:42.293 1508 1645 I input_focus: [Focus request 8008a78 com.happyelements.AndroidAnimal.qq/com.happyelements.hellolua.MainActivity,reason=UpdateInputWindows]
05-11 11:52:42.292 23952 23952 I auditd : type=1400 audit(0.0:14942): avc: granted { execute } for comm="wc_srvinit_4" path="/data/user/0/com.tencent.mm/tinker/patch-13ff42e7/lib/lib/arm64-v8a/libwechatmm.so" dev="dm-10" ino=37619 scontext=u:r:untrusted_app_29:s0:c96,c256,c512,c768 tcontext=u:object_r:app_data_file:s0:c96,c256,c512,c768 tclass=file app=com.tencent.mm
05-11 11:52:42.304 1508 1799 I input_focus: [Focus entering 8008a78 com.happyelements.AndroidAnimal.qq/com.happyelements.hellolua.MainActivity (server),reason=setFocusedWindow]
01-01 08:25:50.359 0 0 I binder : 24085:24085 ioctl 40046210 7ffe05b4f4 returned -22
05-11 11:52:42.320 1508 10967 I am_proc_bound: [0,24085,com.ss.android.ugc.aweme:push]
05-11 11:52:42.322 1508 10967 D CompatibilityChangeReporter: Compat change id reported: 168419799; UID 10103; state: DISABLED
05-11 11:52:42.324 1508 10967 I ActivityTaskManager: The Process com.happyelements.AndroidAnimal.qq Already Exists in BG. So sending its PID: 23536
05-11 11:52:42.342 1508 1660 I am_proc_start: [0,24106,10103,com.ss.android.ugc.aweme:pushservice,service,{com.ss.android.ugc.aweme/com.xiaomi.push.service.XMPushService}]
05-11 11:52:42.342 1508 1660 I ActivityManager: Start proc 24106:com.ss.android.ugc.aweme:pushservice/u0a103 for service {com.ss.android.ugc.aweme/com.xiaomi.push.service.XMPushService}
01-01 08:25:50.408 0 0 I binder : 24106:24106 ioctl 40046210 7ffe05b4f4 returned -22
05-11 11:52:42.370 1508 10401 I am_proc_bound: [0,24106,com.ss.android.ugc.aweme:pushservice]
05-11 11:52:42.371 1508 10401 I ActivityTaskManager: The Process com.happyelements.AndroidAnimal.qq Already Exists in BG. So sending its PID: 23536
01-01 08:25:50.441 0 0 E link_delay_work_func: DTC_ETH: SQI=0, link=0
05-11 11:52:42.412 23970 23970 I auditd : type=1400 audit(0.0:14943): avc: granted { execute } for comm="wc_srvinit_11" path="/data/user/0/com.tencent.mm/tinker/patch-13ff42e7/lib/lib/arm64-v8a/libwechatbase.so" dev="dm-10" ino=37544 scontext=u:r:untrusted_app_29:s0:c96,c256,c512,c768 tcontext=u:object_r:app_data_file:s0:c96,c256,c512,c768 tclass=file app=com.tencent.mm
05-11 11:52:42.416 23970 23970 I auditd : type=1400 audit(0.0:14944): avc: granted { execute } for comm="wc_srvinit_11" path="/data/user/0/com.tencent.mm/tinker/patch-13ff42e7/lib/lib/arm64-v8a/libandromeda.so" dev="dm-10" ino=37536 scontext=u:r:untrusted_app_29:s0:c96,c256,c512,c768 tcontext=u:object_r:app_data_file:s0:c96,c256,c512,c768 tclass=file app=com.tencent.mm
05-11 11:52:42.416 23970 23970 I auditd : type=1400 audit(0.0:14945): avc: granted { execute } for comm="wc_srvinit_11" path="/data/user/0/com.tencent.mm/tinker/patch-13ff42e7/lib/lib/arm64-v8a/libwechatmm.so" dev="dm-10" ino=37619 scontext=u:r:untrusted_app_29:s0:c96,c256,c512,c768 tcontext=u:object_r:app_data_file:s0:c96,c256,c512,c768 tclass=file app=com.tencent.mm
01-01 08:25:51.076 0 0 W logd : Skipping entries from slow reader, pid 24155, fd 20, from LogBuffer::Prune()
05-11 11:52:42.536 23536 23536 I wm_on_paused_called: [63352040,com.happyelements.hellolua.MainActivity,performPause]
05-11 11:52:42.537 1508 10797 I ActivityTaskManager: FOREGROUND_APPLICATION_CHANGED to com.happyelements.AndroidAnimal.qq.wxapi.WXEntryActivity
05-11 11:52:42.538 1508 10797 I ActivityTaskManager: The Process com.happyelements.AndroidAnimal.qq Already Exists in BG. So sending its PID: 23536
05-11 11:52:42.538 1508 10797 W ActivityTaskManager: Tried to set launchTime (0) < mLastActivityLaunchTime (1531826)
05-11 11:52:42.539 1508 10797 I wm_restart_activity: [0,191409594,57,com.happyelements.AndroidAnimal.qq/.wxapi.WXEntryActivity]
05-11 11:52:42.540 1508 10797 I wm_set_resumed_activity: [0,com.happyelements.AndroidAnimal.qq/.wxapi.WXEntryActivity,minimalResumeActivityLocked]
01-01 08:25:51.123 0 0 I logd : ReadPackageList, total packages: 122
05-11 11:52:42.553 1508 1644 I sysui_multi_action: [757,803,799,window_time_0,802,0]
05-11 11:52:42.562 1508 10967 I wm_finish_activity: [0,191409594,57,com.happyelements.AndroidAnimal.qq/.wxapi.WXEntryActivity,app-request]
05-11 11:52:42.562 1508 10967 I wm_task_moved: [55,1,11]
05-11 11:52:42.562 1508 10967 I wm_task_to_front: [0,55]
05-11 11:52:42.562 1508 10967 I wm_focused_root_task: [0,0,55,57,finish-top adjustFocusToNextFocusableTask]
05-11 11:52:42.562 1508 10967 I wm_pause_activity: [0,191409594,com.happyelements.AndroidAnimal.qq/.wxapi.WXEntryActivity,userLeaving=false,finish]
05-11 11:52:42.565 1508 1645 I input_focus: [Focus request 8008a78 com.happyelements.AndroidAnimal.qq/com.happyelements.hellolua.MainActivity,reason=UpdateInputWindows]
05-11 11:52:42.567 23536 23536 I wm_on_create_called: [191409594,com.happyelements.AndroidAnimal.qq.wxapi.WXEntryActivity,performCreate]
05-11 11:52:42.568 1508 1644 I sysui_multi_action: [757,1144,758,8,806,com.happyelements.AndroidAnimal.qq,871,com.happyelements.AndroidAnimal.qq.wxapi.WXEntryActivity]
05-11 11:52:42.573 1508 10401 I ActivityTaskManager: FOREGROUND_APPLICATION_CHANGED to com.happyelements.hellolua.MainActivity
05-11 11:52:42.574 1508 10401 I wm_set_resumed_activity: [0,com.happyelements.AndroidAnimal.qq/com.happyelements.hellolua.MainActivity,resumeTopActivityInnerLocked]
05-11 11:52:42.575 1508 10401 I wm_resume_activity: [0,63352040,55,com.happyelements.AndroidAnimal.qq/com.happyelements.hellolua.MainActivity]
05-11 11:52:42.582 1508 1644 I sysui_multi_action: [757,803,799,window_time_0,802,0]
05-11 11:52:42.611 23536 23536 I wm_on_resume_called: [63352040,com.happyelements.hellolua.MainActivity,RESUME_ACTIVITY]
05-11 11:52:42.611 23536 23536 I wm_on_top_resumed_gained_called: [63352040,com.happyelements.hellolua.MainActivity,topWhenResuming]
05-11 11:52:42.639 1508 10797 I service_manager_stats: [100,28,56355]
05-11 11:52:42.639 1508 10797 D CompatibilityChangeReporter: Compat change id reported: 157233955; UID 10096; state: DISABLED
05-11 11:52:42.708 1508 10954 I wm_destroy_activity: [0,191409594,57,com.happyelements.AndroidAnimal.qq/.wxapi.WXEntryActivity,finish-idle]
05-11 11:52:42.717 23536 23536 I wm_on_destroy_called: [191409594,com.happyelements.AndroidAnimal.qq.wxapi.WXEntryActivity,performDestroy]
05-11 11:52:42.719 1508 10954 I wm_task_removed: [57,removeChild:removeChild last r=ActivityRecord{b68adba u0 com.happyelements.AndroidAnimal.qq/.wxapi.WXEntryActivity taskAffinity=10106:com.happyelements.AndroidAnimal.qq.diff t-1 f}} in t=Task{7b8ae1b #57 type=standard A=10106:com.happyelements.AndroidAnimal.qq.diff U=0 visible=false mode=fullscreen translucent=true sz=0 visible freeform task=true rootAffinity=10106:com.happyelements.AndroidAnimal.qq.diff}]
05-11 11:52:42.719 1508 10954 I wm_task_removed: [57,removeChild]
05-11 11:52:42.899 1508 1645 I wm_task_removed: [56,removeChild:removeChild last r=ActivityRecord{5b5dc8d u0 com.tencent.mm/.plugin.webview.ui.tools.SDKOAuthUI taskAffinity=10096:com.tencent.mm t-1 f}} in t=Task{13f321d #56 type=standard A=10096:.sdkentry U=0 visible=false mode=freeform translucent=true sz=0 visible freeform task=true rootAffinity=10096:.sdkentry}]
05-11 11:52:42.899 1508 1645 I wm_task_removed: [56,removeChild]
05-11 11:52:42.962 1508 1710 W PackageManager: /data/system/packages.xml fsync begin
05-11 11:52:42.966 1508 1710 W PackageManager: /data/system/packages.xml fsync end
05-11 11:52:42.980 1508 1710 I commit_sys_config_file: [package-user-0,1]
05-11 11:52:42.980 1508 1710 I commit_sys_config_file: [package,27]
01-01 08:25:51.246 0 0 W audit : audit_lost=13627 audit_rate_limit=5 audit_backlog_limit=64
01-01 08:25:51.246 0 0 E audit : rate limit exceeded
05-11 11:52:43.125 23536 23814 I liblog : 2
05-11 11:52:43.163 23536 24255 I liblog : 11
05-11 11:52:43.175 23536 23536 I liblog : 12
05-11 11:52:43.180 23536 23536 I liblog : 2
05-11 11:52:43.182 23536 23536 I liblog : 1
05-11 11:52:43.197 23536 23536 I liblog : 10
05-11 11:52:43.225 23536 23814 I liblog : 12
05-11 11:52:43.241 21548 21548 I wm_on_stop_called: [82963027,com.ss.android.ugc.aweme.splash.SplashActivity,STOP_ACTIVITY_ITEM]
05-11 11:52:43.445 1508 8091 D CompatibilityChangeReporter: Compat change id reported: 168419799; UID 10096; state: DISABLED
05-11 11:52:43.528 24366 24366 I auditd : type=1400 audit(0.0:14947): avc: denied { open } for comm="getprop" path="/dev/__properties__/u:object_r:ab_update_gki_prop:s0" dev="tmpfs" ino=12238 scontext=u:r:untrusted_app_27:s0:c512,c768 tcontext=u:object_r:ab_update_gki_prop:s0 tclass=file permissive=1 app=com.happyelements.AndroidAnimal.qq
05-11 11:52:43.528 24366 24366 I auditd : type=1400 audit(0.0:14948): avc: denied { getattr } for comm="getprop" path="/dev/__properties__/u:object_r:ab_update_gki_prop:s0" dev="tmpfs" ino=12238 scontext=u:r:untrusted_app_27:s0:c512,c768 tcontext=u:object_r:ab_update_gki_prop:s0 tclass=file permissive=1 app=com.happyelements.AndroidAnimal.qq
05-11 11:52:43.528 24366 24366 I auditd : type=1400 audit(0.0:14949): avc: denied { map } for comm="getprop" path="/dev/__properties__/u:object_r:ab_update_gki_prop:s0" dev="tmpfs" ino=12238 scontext=u:r:untrusted_app_27:s0:c512,c768 tcontext=u:object_r:ab_update_gki_prop:s0 tclass=file permissive=1 app=com.happyelements.AndroidAnimal.qq
05-11 11:52:43.528 24366 24366 I auditd : type=1400 audit(0.0:14950): avc: denied { open } for comm="getprop" path="/dev/__properties__/u:object_r:adbd_prop:s0" dev="tmpfs" ino=12240 scontext=u:r:untrusted_app_27:s0:c512,c768 tcontext=u:object_r:adbd_prop:s0 tclass=file permissive=1 app=com.happyelements.AndroidAnimal.qq
05-11 11:52:43.528 24366 24366 I auditd : type=1400 audit(0.0:14951): avc: denied { getattr } for comm="getprop" path="/dev/__properties__/u:object_r:adbd_prop:s0" dev="tmpfs" ino=12240 scontext=u:r:untrusted_app_27:s0:c512,c768 tcontext=u:object_r:adbd_prop:s0 tclass=file permissive=1 app=com.happyelements.AndroidAnimal.qq
05-11 11:52:43.892 1508 9678 E AppOps : Operation not started: uid=10096 pkg=com.tencent.mm(null) op=WAKE_LOCK
05-11 11:52:43.991 23536 24104 W FileUtils: Failed to chmod(/data/user/0/com.tencent.mm/app_tbs_64): android.system.ErrnoException: chmod failed: EACCES (Permission denied)
05-11 11:52:44.013 23536 24104 W FileUtils: Failed to chmod(/data/user/0/com.tencent.mobileqq/app_tbs_64): android.system.ErrnoException: chmod failed: EACCES (Permission denied)
01-01 08:25:52.262 0 0 W audit : audit_lost=14303 audit_rate_limit=5 audit_backlog_limit=64
01-01 08:25:52.262 0 0 E audit : rate limit exceeded
05-11 11:52:44.355 23536 24104 W FileUtils: Failed to chmod(/data/user/0/com.tencent.mm/app_tbs_64): android.system.ErrnoException: chmod failed: EACCES (Permission denied)
05-11 11:52:44.356 23536 24104 W FileUtils: Failed to chmod(/data/user/0/com.tencent.mobileqq/app_tbs_64): android.system.ErrnoException: chmod failed: EACCES (Permission denied)
05-11 11:52:44.394 1508 8091 E AppOps : Operation not started: uid=10096 pkg=com.tencent.mm(null) op=WAKE_LOCK
01-01 08:25:53.457 0 0 E msm_pcm_playback_close: CMD_EOS failed, cmd_pending 0x8
05-11 11:52:45.494 1508 2070 D CompatibilityChangeReporter: Compat change id reported: 168419799; UID 10103; state: DISABLED
05-11 11:52:46.217 1508 1818 I netstats_mobile_sample: [0,0,0,0,0,0,0,0,0,0,0,0,1683874851418]
05-11 11:52:46.218 1508 1818 I netstats_wifi_sample: [40,1,128,2,40,1,128,2,40,1,64,1,1683874851418]
05-11 11:52:46.212 685 685 I auditd : type=1400 audit(0.0:15629): avc: denied { add_name } for comm="Binder:685_4" name="globalAlert" scontext=u:r:netd:s0 tcontext=u:object_r:proc_net:s0 tclass=dir permissive=1
05-11 11:52:46.212 685 685 I auditd : type=1400 audit(0.0:15630): avc: denied { create } for comm="Binder:685_4" name="globalAlert" scontext=u:r:netd:s0 tcontext=u:object_r:proc_net:s0 tclass=file permissive=1
05-11 11:52:46.311 1508 1833 I GameModeConfig: isGameModeOn = true
05-11 11:52:46.311 1508 1833 I GameModeConfig: isGaming = true
05-11 11:52:46.311 1508 1833 I GameModeConfig: isDisableNotification = true
05-11 11:52:46.311 1508 1833 I GameModeConfig: isGameModeOn = true
05-11 11:52:46.311 1508 1833 I GameModeConfig: isGaming = true
05-11 11:52:46.311 1508 1833 I GameModeConfig: isDisableNotification = true
05-11 11:52:46.311 1508 1833 I GameModeConfig: isGameModeOn = true
05-11 11:52:46.311 1508 1833 I GameModeConfig: isGaming = true
05-11 11:52:46.311 1508 1833 I GameModeConfig: isDisableNotification = true
05-11 11:52:46.311 1508 1833 I GameModeConfig: isGameModeOn = true
05-11 11:52:46.311 1508 1833 I GameModeConfig: isGaming = true
05-11 11:52:46.311 1508 1833 I GameModeConfig: isDisableNotification = true
05-11 11:52:46.312 1508 1833 I GameModeConfig: isGameModeOn = true
05-11 11:52:46.312 1508 1833 I GameModeConfig: isGaming = true
05-11 11:52:46.312 1508 1833 I GameModeConfig: isDisableNotification = true
05-11 11:52:46.312 1508 1833 I GameModeConfig: isGameModeOn = true
05-11 11:52:46.312 1508 1833 I GameModeConfig: isGaming = true
05-11 11:52:46.312 1508 1833 I GameModeConfig: isDisableNotification = true
05-11 11:52:46.312 1508 1833 I GameModeConfig: isGameModeOn = true
05-11 11:52:46.312 1508 1833 I GameModeConfig: isGaming = true
05-11 11:52:46.312 1508 1833 I GameModeConfig: isDisableNotification = true
05-11 11:52:46.312 1508 1833 I GameModeConfig: isGameModeOn = true
05-11 11:52:46.312 1508 1833 I GameModeConfig: isGaming = true
05-11 11:52:46.312 1508 1833 I GameModeConfig: isDisableNotification = true
05-11 11:52:46.312 1508 1833 I GameModeConfig: isGameModeOn = true
05-11 11:52:46.312 1508 1833 I GameModeConfig: isGaming = true
05-11 11:52:46.312 1508 1833 I GameModeConfig: isDisableNotification = true
05-11 11:52:46.312 1508 1833 I GameModeConfig: isGameModeOn = true
05-11 11:52:46.312 1508 1833 I GameModeConfig: isGaming = true
05-11 11:52:46.312 1508 1833 I GameModeConfig: isDisableNotification = true
05-11 11:52:46.312 1508 1833 I GameModeConfig: isGameModeOn = true
05-11 11:52:46.312 1508 1833 I GameModeConfig: isGaming = true
05-11 11:52:46.312 1508 1833 I GameModeConfig: isDisableNotification = true
05-11 11:52:46.312 1508 1833 I GameModeConfig: isGameModeOn = true
05-11 11:52:46.312 1508 1833 I GameModeConfig: isGaming = true
05-11 11:52:46.312 1508 1833 I GameModeConfig: isDisableNotification = true
05-11 11:52:46.312 1508 1833 I GameModeConfig: isGameModeOn = true
05-11 11:52:46.312 1508 1833 I GameModeConfig: isGaming = true
05-11 11:52:46.312 1508 1833 I GameModeConfig: isDisableNotification = true
05-11 11:52:46.312 1508 1833 I GameModeConfig: isGameModeOn = true
05-11 11:52:46.312 1508 1833 I GameModeConfig: isGaming = true
05-11 11:52:46.312 1508 1833 I GameModeConfig: isDisableNotification = true
05-11 11:52:46.312 1508 1833 I GameModeConfig: isGameModeOn = true
05-11 11:52:46.312 1508 1833 I GameModeConfig: isGaming = true
05-11 11:52:46.312 1508 1833 I GameModeConfig: isDisableNotification = true
05-11 11:52:46.312 1508 1833 I GameModeConfig: isGameModeOn = true
05-11 11:52:46.312 1508 1833 I GameModeConfig: isGaming = true
05-11 11:52:46.312 1508 1833 I GameModeConfig: isDisableNotification = true
05-11 11:52:46.312 1508 1833 I GameModeConfig: isGameModeOn = true
05-11 11:52:46.312 1508 1833 I GameModeConfig: isGaming = true
05-11 11:52:46.312 1508 1833 I GameModeConfig: isDisableNotification = true
05-11 11:52:46.312 1508 1833 I GameModeConfig: isGameModeOn = true
05-11 11:52:46.312 1508 1833 I GameModeConfig: isGaming = true
05-11 11:52:46.312 1508 1833 I GameModeConfig: isDisableNotification = true
05-11 11:52:46.312 1508 1833 I GameModeConfig: isGameModeOn = true
05-11 11:52:46.312 1508 1833 I GameModeConfig: isGaming = true
05-11 11:52:46.312 1508 1833 I GameModeConfig: isDisableNotification = true
05-11 11:52:46.312 1508 1833 I GameModeConfig: isGameModeOn = true
05-11 11:52:46.312 1508 1833 I GameModeConfig: isGaming = true
05-11 11:52:46.312 1508 1833 I GameModeConfig: isDisableNotification = true
05-11 11:52:46.404 877 877 I auditd : type=1400 audit(0.0:15631): avc: denied { add_name } for comm="perf@2.2-servic" name="force_rail_on" scontext=u:r:vendor_hal_perf_default:s0 tcontext=u:object_r:vendor_sysfs_kgsl:s0 tclass=dir permissive=1
05-11 11:52:46.404 877 877 I auditd : type=1400 audit(0.0:15632): avc: denied { create } for comm="perf@2.2-servic" name="force_rail_on" scontext=u:r:vendor_hal_perf_default:s0 tcontext=u:object_r:vendor_sysfs_kgsl:s0 tclass=file permissive=1
05-11 11:52:46.404 877 877 I auditd : type=1400 audit(0.0:15633): avc: denied { add_name } for comm="perf@2.2-servic" name="min_freq" scontext=u:r:vendor_hal_perf_default:s0 tcontext=u:object_r:vendor_sysfs_devfreq:s0 tclass=dir permissive=1
01-01 08:25:54.454 0 0 W audit : audit_lost=14305 audit_rate_limit=5 audit_backlog_limit=64
01-01 08:25:54.454 0 0 E audit : rate limit exceeded
05-11 11:52:46.671 1508 1893 I sync : [com.tencent.android.qqdownloader.YYBLiveAccountProvider,0,3,24220937]
05-11 11:52:46.673 1508 2070 D CompatibilityChangeReporter: Compat change id reported: 168419799; UID 10106; state: DISABLED
05-11 11:52:46.700 1508 1893 I sync : [com.tencent.android.qqdownloader.YYBLiveAccountProvider,1,3,24220937]
05-11 11:52:46.705 1508 1893 I commit_sys_config_file: [sync-status,1536479]
05-11 11:52:46.717 1508 1893 I sync : [com.tencent.android.qqdownloader.YYBLiveAccountProvider,0,3,24220937]
05-11 11:52:46.734 1508 1893 I sync : [com.tencent.android.qqdownloader.YYBLiveAccountProvider,1,3,24220937]
05-11 11:52:46.735 1508 1893 I commit_sys_config_file: [sync-status,1536509]
05-11 11:52:47.292 1508 1818 I netstats_mobile_sample: [0,0,0,0,0,0,0,0,0,0,0,0,1683874852492]
05-11 11:52:47.292 1508 1818 I netstats_wifi_sample: [40,1,128,2,40,1,128,2,40,1,64,1,1683874852492]
01-01 08:25:55.561 0 0 E link_delay_work_func: DTC_ETH: SQI=0, link=0
05-11 11:52:48.040 24106 24106 I auditd : type=1400 audit(0.0:15638): avc: denied { open } for comm=436F6E6E656374696F6E20436F6E74 path="/dev/__properties__/u:object_r:vendor_default_prop:s0" dev="tmpfs" ino=14539 scontext=u:r:untrusted_app_29:s0:c103,c256,c512,c768 tcontext=u:object_r:vendor_default_prop:s0 tclass=file permissive=1 app=com.ss.android.ugc.aweme
05-11 11:52:48.040 24106 24106 I auditd : type=1400 audit(0.0:15639): avc: denied { getattr } for comm=436F6E6E656374696F6E20436F6E74 path="/dev/__properties__/u:object_r:vendor_default_prop:s0" dev="tmpfs" ino=14539 scontext=u:r:untrusted_app_29:s0:c103,c256,c512,c768 tcontext=u:object_r:vendor_default_prop:s0 tclass=file permissive=1 app=com.ss.android.ugc.aweme
05-11 11:52:48.040 24106 24106 I auditd : type=1400 audit(0.0:15640): avc: denied { map } for comm=436F6E6E656374696F6E20436F6E74 path="/dev/__properties__/u:object_r:vendor_default_prop:s0" dev="tmpfs" ino=14539 scontext=u:r:untrusted_app_29:s0:c103,c256,c512,c768 tcontext=u:object_r:vendor_default_prop:s0 tclass=file permissive=1 app=com.ss.android.ugc.aweme
05-11 11:52:48.152 1508 10140 W ActivityManager: Unable to start service Intent { act=com.bun.msa.action.start.service cmp=com.mdid.msa/.service.MsaKlService (has extras) } U=0: not found
05-11 11:52:48.157 1508 10140 W ActivityManager: Unable to start service Intent { act=com.bun.msa.action.bindto.service cmp=com.mdid.msa/.service.MsaIdService (has extras) } U=0: not found
05-11 11:52:48.192 1508 10140 W ActivityManager: Unable to start service Intent { act=com.bun.msa.action.start.service cmp=com.mdid.msa/.service.MsaKlService (has extras) } U=0: not found
05-11 11:52:48.204 1508 2070 W ActivityManager: Unable to start service Intent { act=com.bun.msa.action.bindto.service cmp=com.mdid.msa/.service.MsaIdService (has extras) } U=0: not found
05-11 11:52:48.312 23536 23536 I auditd : type=1400 audit(0.0:15641): avc: granted { execute } for comm="tbs_preinit" path="/data/user/0/com.happyelements.AndroidAnimal.qq/app_tbs_64/core_share/libwebp_base.so" dev="dm-10" ino=88955 scontext=u:r:untrusted_app_27:s0:c512,c768 tcontext=u:object_r:app_data_file:s0:c512,c768 tclass=file app=com.happyelements.AndroidAnimal.qq
05-11 11:52:48.336 23536 23536 I auditd : type=1400 audit(0.0:15642): avc: granted { execute } for comm="logging-thread" path="/data/user/0/com.happyelements.AndroidAnimal.qq/app_tbs_64/core_share/libx5log.so" dev="dm-10" ino=113553 scontext=u:r:untrusted_app_27:s0:c512,c768 tcontext=u:object_r:app_data_file:s0:c512,c768 tclass=file app=com.happyelements.AndroidAnimal.qq
01-01 08:25:56.416 0 0 W audit : audit_lost=14309 audit_rate_limit=5 audit_backlog_limit=64
01-01 08:25:56.416 0 0 E audit : rate limit exceeded
05-11 11:52:48.388 23536 24841 W FileUtils: Failed to chmod(/data/user/0/com.tencent.mm/app_tbs): android.system.ErrnoException: chmod failed: EACCES (Permission denied)
05-11 11:52:48.388 23536 24841 W FileUtils: Failed to chmod(/data/user/0/com.tencent.mm/app_tbs_common_share): android.system.ErrnoException: chmod failed: EACCES (Permission denied)
05-11 11:52:48.395 23536 24841 W FileUtils: Failed to chmod(/data/user/0/com.tencent.mobileqq/app_tbs): android.system.ErrnoException: chmod failed: EACCES (Permission denied)
05-11 11:52:48.395 23536 24841 W FileUtils: Failed to chmod(/data/user/0/com.tencent.mobileqq/app_tbs_common_share): android.system.ErrnoException: chmod failed: EACCES (Permission denied)
01-01 08:25:56.572 0 0 I init : Untracked pid 24651 exited with status 0
01-01 08:25:56.572 0 0 I init : Untracked pid 24655 exited with status 0
01-01 08:25:56.572 0 0 I init : Untracked pid 24667 exited with status 0
05-11 11:52:48.701 1508 1643 I commit_sys_config_file: [jobs,3]
05-11 11:52:49.460 0 0 I auditd : type=1400 audit(0.0:15647): avc: denied { kill } for comm="swapper/5" capability=5 scontext=u:r:kernel:s0 tcontext=u:r:kernel:s0 tclass=capability permissive=1
05-11 11:52:49.913 1508 1818 I netstats_mobile_sample: [0,0,0,0,0,0,0,0,0,0,0,0,1683874855114]
05-11 11:52:49.913 1508 1818 I netstats_wifi_sample: [40,1,128,2,40,1,128,2,40,1,64,1,1683874855114]
05-11 11:52:49.908 685 685 I auditd : type=1400 audit(0.0:15648): avc: denied { add_name } for comm="Binder:685_4" name="globalAlert" scontext=u:r:netd:s0 tcontext=u:object_r:proc_net:s0 tclass=dir permissive=1
05-11 11:52:49.962 1508 1657 I am_pss : [23536,10106,com.happyelements.AndroidAnimal.qq,447067136,426704896,23552,613376000,0,2,35]
05-11 11:52:51.389 1508 1799 I input_interaction: Interaction with: Letterbox_right_ActivityRecord{3c6ace8 u0 com.happyelements.AndroidAnimal.qq/com.happyelements.hellolua.MainActivity taskAffinity=10106:com.happyelements.AndroidAnimal.qq t55} (server), edge-swipe (server), swipe-up (server), PointerEventDispatcher0 (server),
05-11 11:52:51.409 1508 9678 I wm_task_moved: [1,0,0]
05-11 11:52:51.410 1508 9678 I wm_task_moved: [1,0,8]
05-11 11:52:51.414 1508 9678 D CompatibilityChangeReporter: Compat change id reported: 181136395; UID 10106; state: DISABLED
05-11 11:52:51.431 1508 1641 D AutofillManagerService: Close system dialogs
05-11 11:52:51.431 2644 2644 I wm_on_restart_called: [236925855,com.android.launcher3.uioverrides.QuickstepLauncher,performRestartActivity]
05-11 11:52:51.436 1508 1799 I input_interaction: Interaction with: edge-swipe (server), swipe-up (server), PointerEventDispatcher0 (server),
05-11 11:52:51.519 2644 2644 I wm_on_start_called: [236925855,com.android.launcher3.uioverrides.QuickstepLauncher,handleStartActivity]
05-11 11:52:51.521 1508 1645 I input_focus: [Focus request recents_animation_input_consumer,reason=UpdateInputWindows]
05-11 11:52:51.535 1508 1799 I input_focus: [Focus leaving 8008a78 com.happyelements.AndroidAnimal.qq/com.happyelements.hellolua.MainActivity (server),reason=NOT_FOCUSABLE]
05-11 11:52:51.535 1508 1799 I input_focus: [Focus entering recents_animation_input_consumer (server),reason=setFocusedWindow]
05-11 11:52:51.541 2644 2644 I sysui_latency: [1,152]
05-11 11:52:51.559 1508 1641 I sysui_multi_action: [319,8,322,141,325,1556,757,761,758,9,759,5,806,com.android.launcher3,871,com.android.launcher3.uioverrides.QuickstepLauncher,905,0,1320,4,1321,1]
05-11 11:52:51.715 1508 1787 I commit_sys_config_file: [settings-1-0,1]
