05-11 11:48:44.679 1508 10956 D CompatibilityChangeReporter: Compat change id reported: 174042936; UID 10095; state: DISABLED
05-11 11:48:44.680 1508 10956 I wm_resume_activity: [0,194633066,51,com.kugou.android/.app.MediaActivity]
05-11 11:48:44.685 1508 1644 I sysui_multi_action: [757,803,799,window_time_2,802,0]
05-11 11:48:44.689 18688 18688 I wm_on_restart_called: [194633066,com.kugou.android.app.MediaActivity,performRestartActivity]
05-11 11:48:44.696 18688 18688 I wm_on_start_called: [194633066,com.kugou.android.app.MediaActivity,handleStartActivity]
05-11 11:48:44.736 18688 18688 I wm_on_resume_called: [194633066,com.kugou.android.app.MediaActivity,RESUME_ACTIVITY]
05-11 11:48:44.748 18688 18688 I wm_on_top_resumed_gained_called: [194633066,com.kugou.android.app.MediaActivity,topWhenResuming]
05-11 11:48:44.751 1508 1645 I input_focus: [Focus request 38b8a3b com.kugou.android/com.kugou.android.app.MediaActivity,reason=UpdateInputWindows]
05-11 11:48:44.779 1508 1799 I input_focus: [Focus entering 38b8a3b com.kugou.android/com.kugou.android.app.MediaActivity (server),reason=setFocusedWindow]
05-11 11:48:45.047 1508 1644 I wm_destroy_activity: [0,19224850,52,com.netease.cloudmusic/.activity.IconChangeDefaultAlias,finish-imm:idle]
05-11 11:48:45.105 19859 19859 I wm_on_stop_called: [19224850,com.netease.cloudmusic.activity.IconChangeDefaultAlias,LIFECYCLER_STOP_ACTIVITY]
05-11 11:48:45.164 1508 1508 I notification_cancel_all: [10100,19859,com.netease.cloudmusic,0,0,64,9,NULL]
05-11 11:48:45.165 1508 1508 I sysui_multi_action: [757,128,758,5,759,9,793,1150,794,0,795,1150,796,20,806,com.netease.cloudmusic,857,netease_music,858,2,946,com.netease.cloudmusic.push,947,0,1500,948,1688,1]
05-11 11:48:45.165 1508 1508 I notification_canceled: [0|com.netease.cloudmusic|20|null|10100,9,1150,1150,0,-1,-1,NULL]
05-11 11:48:45.201 19859 19859 I wm_on_destroy_called: [19224850,com.netease.cloudmusic.activity.IconChangeDefaultAlias,performDestroy]
05-11 11:48:45.234 1508 10956 I wm_task_removed: [52,removeChild:removeChild last r=ActivityRecord{1255912 u0 com.netease.cloudmusic/.activity.IconChangeDefaultAlias taskAffinity=10100:com.netease.cloudmusic t-1 f}} in t=Task{83bdf8 #52 type=standard A=10100:com.netease.cloudmusic U=0 visible=false mode=freeform translucent=true sz=0 visible freeform task=false rootAffinity=10100:com.netease.cloudmusic}]
05-11 11:48:45.234 1508 10956 I wm_task_removed: [52,removeChild]
05-11 11:48:45.460 0 0 I auditd : type=1400 audit(0.0:13148): avc: denied { kill } for comm="swapper/4" capability=5 scontext=u:r:kernel:s0 tcontext=u:r:kernel:s0 tclass=capability permissive=1
05-11 11:48:46.220 19859 19859 I auditd : type=1400 audit(0.0:13149): avc: denied { read } for comm="Thread-26" name="power_supply" dev="sysfs" ino=43776 scontext=u:r:untrusted_app_29:s0:c100,c256,c512,c768 tcontext=u:object_r:sysfs:s0 tclass=dir permissive=1 app=com.netease.cloudmusic
05-11 11:48:46.220 19859 19859 I auditd : type=1400 audit(0.0:13150): avc: denied { open } for comm="Thread-26" path="/sys/class/power_supply" dev="sysfs" ino=43776 scontext=u:r:untrusted_app_29:s0:c100,c256,c512,c768 tcontext=u:object_r:sysfs:s0 tclass=dir permissive=1 app=com.netease.cloudmusic
05-11 11:48:46.220 19859 19859 I auditd : type=1400 audit(0.0:13151): avc: denied { read } for comm="Thread-26" name="type" dev="sysfs" ino=63466 scontext=u:r:untrusted_app_29:s0:c100,c256,c512,c768 tcontext=u:object_r:sysfs:s0 tclass=file permissive=1 app=com.netease.cloudmusic
05-11 11:48:46.220 19859 19859 I auditd : type=1400 audit(0.0:13152): avc: denied { open } for comm="Thread-26" path="/sys/devices/platform/soc/884000.i2c/i2c-3/3-0025/power_supply/wireless/type" dev="sysfs" ino=63466 scontext=u:r:untrusted_app_29:s0:c100,c256,c512,c768 tcontext=u:object_r:sysfs:s0 tclass=file permissive=1 app=com.netease.cloudmusic
05-11 11:48:46.228 19859 19859 I auditd : type=1400 audit(0.0:13153): avc: granted { nlmsg_readpriv } for comm="Thread-26" scontext=u:r:untrusted_app_29:s0:c100,c256,c512,c768 tcontext=u:r:untrusted_app_29:s0:c100,c256,c512,c768 tclass=netlink_route_socket app=com.netease.cloudmusic
05-11 11:48:46.265 19859 20684 D TelephonyManager: getCellLocation returning null because telephony is null
05-11 11:48:46.283 1508 12402 I netstats_mobile_sample: [0,0,0,0,0,0,0,0,0,0,0,0,1683874611483]
05-11 11:48:46.283 1508 12402 I netstats_wifi_sample: [40,1,128,2,40,1,128,2,40,1,64,1,1683874611483]
05-11 11:48:46.747 1508 12402 D CompatibilityChangeReporter: Compat change id reported: 135634846; UID 10100; state: DISABLED
05-11 11:48:46.747 1508 12402 D CompatibilityChangeReporter: Compat change id reported: 177438394; UID 10100; state: DISABLED
05-11 11:48:46.747 1508 12402 D CompatibilityChangeReporter: Compat change id reported: 135772972; UID 10100; state: DISABLED
05-11 11:48:46.747 1508 12402 D CompatibilityChangeReporter: Compat change id reported: 135754954; UID 10100; state: DISABLED
05-11 11:48:46.747 1508 1660 D CompatibilityChangeReporter: Compat change id reported: 143937733; UID 10100; state: DISABLED
05-11 11:48:46.755 1508 1660 I am_proc_start: [0,20691,10100,com.netease.cloudmusic:browser,service,{com.netease.cloudmusic/com.netease.cloudmusic.module.webview.BrowserPreService}]
05-11 11:48:46.755 1508 1660 I ActivityManager: Start proc 20691:com.netease.cloudmusic:browser/u0a100 for service {com.netease.cloudmusic/com.netease.cloudmusic.module.webview.BrowserPreService}
05-11 11:48:46.761 19859 20684 D TelephonyManager: getCellLocation returning null because telephony is null
01-01 08:21:54.815 0 0 I binder : 20691:20691 ioctl 40046210 7ffe05b4f4 returned -22
05-11 11:48:46.773 1508 12402 I am_proc_bound: [0,20691,com.netease.cloudmusic:browser]
01-01 08:21:54.921 0 0 E link_delay_work_func: DTC_ETH: SQI=0, link=0
05-11 11:48:47.704 19859 19859 I auditd : type=1400 audit(0.0:13154): avc: granted { nlmsg_readpriv } for comm="APM_COMPONENT" scontext=u:r:untrusted_app_29:s0:c100,c256,c512,c768 tcontext=u:r:untrusted_app_29:s0:c100,c256,c512,c768 tclass=netlink_route_socket app=com.netease.cloudmusic
05-11 11:48:47.946 1508 1659 I am_uid_idle: 10062
05-11 11:48:47.976 1508 12402 I am_uid_running: 99003
05-11 11:48:47.976 1508 12402 D CompatibilityChangeReporter: Compat change id reported: 135634846; UID 10100; state: DISABLED
05-11 11:48:47.976 1508 1660 D CompatibilityChangeReporter: Compat change id reported: 143937733; UID 10100; state: ENABLED
05-11 11:48:47.981 1508 1660 I am_proc_start: [0,20732,99003,com.android.webview:sandboxed_process0:org.chromium.content.app.SandboxedProcessService0:0,,{com.netease.cloudmusic/org.chromium.content.app.SandboxedProcessService0:0}]
05-11 11:48:47.981 1508 1660 I ActivityManager: Start proc 20732:com.android.webview:sandboxed_process0:org.chromium.content.app.SandboxedProcessService0:0/u0i3 for {com.netease.cloudmusic/org.chromium.content.app.SandboxedProcessService0:0}
05-11 11:48:47.976 19859 19859 I auditd : type=1400 audit(0.0:13155): avc: granted { nlmsg_readpriv } for comm="APM_COMPONENT" scontext=u:r:untrusted_app_29:s0:c100,c256,c512,c768 tcontext=u:r:untrusted_app_29:s0:c100,c256,c512,c768 tclass=netlink_route_socket app=com.netease.cloudmusic
05-11 11:48:47.999 1508 12402 I am_proc_bound: [0,20732,com.android.webview:sandboxed_process0:org.chromium.content.app.SandboxedProcessService0:0]
01-01 08:21:56.040 0 0 I binder : 20732:20732 ioctl 40046210 ff8614b8 returned -22
05-11 11:48:48.190 1508 1799 I input_interaction: Interaction with: 38b8a3b com.kugou.android/com.kugou.android.app.MediaActivity (server), edge-swipe (server), swipe-up (server), PointerEventDispatcher0 (server),
05-11 11:48:48.460 0 0 I auditd : type=1400 audit(0.0:13156): avc: denied { kill } for comm="swapper/4" capability=5 scontext=u:r:kernel:s0 tcontext=u:r:kernel:s0 tclass=capability permissive=1
05-11 11:48:48.525 1508 3044 I ActivityTaskManager: clear resize flag in freeform mode
05-11 11:48:48.736 19859 19859 I auditd : type=1400 audit(0.0:13157): avc: denied { read } for comm="Thread-26" name="power_supply" dev="sysfs" ino=43776 scontext=u:r:untrusted_app_29:s0:c100,c256,c512,c768 tcontext=u:object_r:sysfs:s0 tclass=dir permissive=1 app=com.netease.cloudmusic
05-11 11:48:48.736 19859 19859 I auditd : type=1400 audit(0.0:13158): avc: denied { open } for comm="Thread-26" path="/sys/class/power_supply" dev="sysfs" ino=43776 scontext=u:r:untrusted_app_29:s0:c100,c256,c512,c768 tcontext=u:object_r:sysfs:s0 tclass=dir permissive=1 app=com.netease.cloudmusic
05-11 11:48:48.736 19859 19859 I auditd : type=1400 audit(0.0:13159): avc: denied { read } for comm="Thread-26" name="type" dev="sysfs" ino=63466 scontext=u:r:untrusted_app_29:s0:c100,c256,c512,c768 tcontext=u:object_r:sysfs:s0 tclass=file permissive=1 app=com.netease.cloudmusic
05-11 11:48:48.736 19859 19859 I auditd : type=1400 audit(0.0:13160): avc: denied { open } for comm="Thread-26" path="/sys/devices/platform/soc/884000.i2c/i2c-3/3-0025/power_supply/wireless/type" dev="sysfs" ino=63466 scontext=u:r:untrusted_app_29:s0:c100,c256,c512,c768 tcontext=u:object_r:sysfs:s0 tclass=file permissive=1 app=com.netease.cloudmusic
05-11 11:48:48.736 19859 19859 I auditd : type=1400 audit(0.0:13161): avc: granted { nlmsg_readpriv } for comm="Thread-26" scontext=u:r:untrusted_app_29:s0:c100,c256,c512,c768 tcontext=u:r:untrusted_app_29:s0:c100,c256,c512,c768 tclass=netlink_route_socket app=com.netease.cloudmusic
05-11 11:48:48.919 1508 12402 D CompatibilityChangeReporter: Compat change id reported: 135634846; UID 10100; state: DISABLED
05-11 11:48:48.919 1508 12402 D CompatibilityChangeReporter: Compat change id reported: 177438394; UID 10100; state: DISABLED
05-11 11:48:48.919 1508 12402 D CompatibilityChangeReporter: Compat change id reported: 135772972; UID 10100; state: DISABLED
05-11 11:48:48.919 1508 12402 D CompatibilityChangeReporter: Compat change id reported: 135754954; UID 10100; state: DISABLED
05-11 11:48:48.919 1508 1660 D CompatibilityChangeReporter: Compat change id reported: 143937733; UID 10100; state: DISABLED
05-11 11:48:48.927 1508 1660 I am_proc_start: [0,20785,10100,com.netease.cloudmusic:mp1,service,{com.netease.cloudmusic/com.netease.cloudmusic.core.mp.dispatch.MpService1}]
05-11 11:48:48.927 1508 1660 I ActivityManager: Start proc 20785:com.netease.cloudmusic:mp1/u0a100 for service {com.netease.cloudmusic/com.netease.cloudmusic.core.mp.dispatch.MpService1}
01-01 08:21:56.984 0 0 I binder : 20785:20785 ioctl 40046210 7ffe05b4f4 returned -22
05-11 11:48:48.942 1508 12402 I am_proc_bound: [0,20785,com.netease.cloudmusic:mp1]
05-11 11:48:49.218 19859 20685 D TelephonyManager: getCellLocation returning null because telephony is null
01-01 08:21:57.511 0 0 W audit : audit_lost=12098 audit_rate_limit=5 audit_backlog_limit=64
01-01 08:21:57.511 0 0 E audit : rate limit exceeded
05-11 11:48:49.663 1508 12402 I wm_finish_activity: [0,194633066,51,com.kugou.android/.app.MediaActivity,finish-activity]
05-11 11:48:49.663 1508 12402 I wm_task_moved: [1,1,7]
05-11 11:48:49.665 1508 12402 I wm_set_resumed_activity: [0,com.android.launcher3/.uioverrides.QuickstepLauncher,positionChildAt]
05-11 11:48:49.665 1508 12402 I wm_task_moved: [8,1,2147483647]
05-11 11:48:49.665 1508 12402 I wm_task_to_front: [0,8]
05-11 11:48:49.665 1508 12402 I wm_focused_root_task: [0,0,1,-1,finish-top adjustFocusToNextFocusableTask]
05-11 11:48:49.665 1508 12402 I wm_set_resumed_activity: [0,com.android.launcher3/.uioverrides.QuickstepLauncher,finish-top]
05-11 11:48:49.669 1508 12402 I wm_pause_activity: [0,194633066,com.kugou.android/.app.MediaActivity,userLeaving=false,finish]
05-11 11:48:49.671 18688 18688 I wm_on_top_resumed_lost_called: [194633066,com.kugou.android.app.MediaActivity,topStateChangedWhenResumed]
05-11 11:48:49.672 1508 1645 I input_focus: [Focus request ec4974b com.android.launcher3/com.android.launcher3.uioverrides.QuickstepLauncher,reason=UpdateInputWindows]
05-11 11:48:49.672 2644 2644 I wm_on_top_resumed_gained_called: [236925855,com.android.launcher3.uioverrides.QuickstepLauncher,topStateChangedWhenResumed]
05-11 11:48:49.676 1508 1644 I sysui_multi_action: [757,803,799,window_time_2,802,5]
05-11 11:48:49.693 18688 18688 I wm_on_paused_called: [194633066,com.kugou.android.app.MediaActivity,performPause]
05-11 11:48:49.694 1508 8280 I ActivityTaskManager: FOREGROUND_APPLICATION_CHANGED to com.android.launcher3.uioverrides.QuickstepLauncher
05-11 11:48:49.694 1508 8280 I wm_destroy_activity: [0,194633066,51,com.kugou.android/.app.MediaActivity,finish-imm:completePausedLocked]
05-11 11:48:49.695 1508 1799 I input_focus: [Focus leaving 38b8a3b com.kugou.android/com.kugou.android.app.MediaActivity (server),reason=NO_WINDOW]
05-11 11:48:49.695 1508 1799 I input_focus: [Focus entering ec4974b com.android.launcher3/com.android.launcher3.uioverrides.QuickstepLauncher (server),reason=setFocusedWindow]
05-11 11:48:49.701 1508 1644 I sysui_multi_action: [757,803,799,window_time_0,802,0]
05-11 11:48:49.706 1508 10956 E AppOps : Operation not started: uid=10095 pkg=com.kugou.android(null) op=START_FOREGROUND
05-11 11:48:49.760 1508 8280 I ActivityManager: Process com.kugou.android (pid 18688) has died: fg BFGS
01-01 08:21:57.804 0 0 I binder : send failed reply for transaction 1221926 to 18870:20830
01-01 08:21:57.804 0 0 I binder : undelivered transaction 1221927, process died.
05-11 11:48:49.761 1508 8280 I am_proc_died: [0,18688,com.kugou.android,0,5]
05-11 11:48:49.783 1508 10967 I WindowManager: WIN DEATH: Window{38b8a3b u0 com.kugou.android/com.kugou.android.app.MediaActivity}
05-11 11:48:49.784 18870 18870 I ActivityThread: Removing dead content provider:android.content.ContentProviderProxy@8b0698e
05-11 11:48:49.787 1508 1570 D CompatibilityChangeReporter: Compat change id reported: 135634846; UID 10095; state: DISABLED
05-11 11:48:49.787 1508 1570 D CompatibilityChangeReporter: Compat change id reported: 177438394; UID 10095; state: DISABLED
05-11 11:48:49.787 1508 1570 D CompatibilityChangeReporter: Compat change id reported: 135772972; UID 10095; state: DISABLED
05-11 11:48:49.787 1508 1570 D CompatibilityChangeReporter: Compat change id reported: 135754954; UID 10095; state: DISABLED
05-11 11:48:49.788 1508 1660 D CompatibilityChangeReporter: Compat change id reported: 143937733; UID 10095; state: DISABLED
05-11 11:48:49.794 1508 1660 I am_proc_start: [0,20838,10095,com.kugou.android,service,{com.kugou.android/com.kugou.framework.service.ipc.peripheral.connect.ForeService}]
05-11 11:48:49.794 1508 1660 I ActivityManager: Start proc 20838:com.kugou.android/u0a95 for service {com.kugou.android/com.kugou.framework.service.ipc.peripheral.connect.ForeService}
01-01 08:21:57.854 0 0 I binder : 20838:20838 ioctl 40046210 7ffe05b4f4 returned -22
05-11 11:48:49.820 1508 10966 I am_proc_bound: [0,20838,com.kugou.android]
05-11 11:48:49.922 20838 20838 D ActivityThread: Loading provider com.kugou.android.kugouCommonPreferences: com.kugou.common.preferences.provider.CommonSharedPreferencesProvider
05-11 11:48:49.978 1508 1644 W ActivityManager: setHasOverlayUi called on unknown pid: 18688
05-11 11:48:49.994 1508 1645 I wm_task_removed: [51,removeChild:removeChild last r=ActivityRecord{b99dd6a u0 com.kugou.android/.app.MediaActivity taskAffinity=10095:android.task.kugou t-1 f}} in t=Task{54a4020 #51 type=standard A=10095:android.task.kugou U=0 visible=false mode=freeform translucent=true sz=0 visible freeform task=true rootAffinity=10095:android.task.kugou}]
05-11 11:48:49.994 1508 1645 I wm_task_removed: [51,removeChild]
05-11 11:48:50.023 1508 10966 I ActivityManager: Process com.kugou.android.support (pid 18870) has died: prcp FGS
05-11 11:48:50.024 1508 10966 I am_proc_died: [0,18870,com.kugou.android.support,200,4]
05-11 11:48:50.025 1508 10966 E AppOps : Operation not started: uid=10095 pkg=com.kugou.android(null) op=START_FOREGROUND
05-11 11:48:50.025 1508 1508 I sysui_multi_action: [757,128,758,5,759,8,793,32655,794,0,795,28373,796,99,806,com.kugou.android,857,kg_play,858,2,947,0,1500,28373,1641,transport,1688,1,1745,1043716538]
05-11 11:48:50.025 1508 1508 I notification_canceled: [0|com.kugou.android|99|null|10095,8,32655,28373,0,-1,-1,NULL]
05-11 11:48:50.050 1508 1833 I GameModeConfig: isGameModeOn = true
05-11 11:48:50.050 1508 1833 I GameModeConfig: isGaming = false
05-11 11:48:50.050 1508 1833 I GameModeConfig: isGameModeOn = true
05-11 11:48:50.050 1508 1833 I GameModeConfig: isGaming = false
05-11 11:48:50.050 1508 1833 I GameModeConfig: isGameModeOn = true
05-11 11:48:50.050 1508 1833 I GameModeConfig: isGaming = false
05-11 11:48:50.050 1508 1833 I GameModeConfig: isGameModeOn = true
05-11 11:48:50.050 1508 1833 I GameModeConfig: isGaming = false
05-11 11:48:50.050 1508 1833 I GameModeConfig: isGameModeOn = true
05-11 11:48:50.050 1508 1833 I GameModeConfig: isGaming = false
05-11 11:48:50.050 1508 1833 I GameModeConfig: isGameModeOn = true
05-11 11:48:50.050 1508 1833 I GameModeConfig: isGaming = false
05-11 11:48:50.050 1508 1833 I GameModeConfig: isGameModeOn = true
05-11 11:48:50.050 1508 1833 I GameModeConfig: isGaming = false
05-11 11:48:50.051 1508 1833 I GameModeConfig: isGameModeOn = true
05-11 11:48:50.051 1508 1833 I GameModeConfig: isGaming = false
05-11 11:48:50.051 1508 1508 I notification_enqueue: [10078,18015,com.android.systemui,1,empty_media,0,Notification(channel=empty_media_style_id shortcut=null contentView=null vibrate=null sound=null defaults=0x0 flags=0x20 color=0x00000000 category=transport groupKey=empty_media actions=5 vis=PRIVATE),0]
05-11 11:48:50.094 19859 20685 D TelephonyManager: getCellLocation returning null because telephony is null
05-11 11:48:50.252 1508 1508 I sysui_multi_action: [757,1501,758,1,793,202,794,0,795,202,796,1,797,empty_media,806,com.android.systemui,857,empty_media_style_id,858,4,946,empty_media,947,0,1500,0,1641,transport,1688,1,1745,1043716538]
05-11 11:48:50.252 1508 1508 I sysui_multi_action: [757,804,799,note_interruptive,801,0,802,1]
05-11 11:48:50.252 1508 1508 I GameModeConfig: isGameModeOn = true
05-11 11:48:50.252 1508 1508 I GameModeConfig: isGaming = false
05-11 11:48:50.255 1508 1508 W NotificationHistory: Attempted to add notif for locked/gone/disabled user 0
05-11 11:48:50.400 20691 20691 I auditd : type=1400 audit(0.0:13164): avc: granted { bind } for comm="DnsConfigServic" scontext=u:r:untrusted_app_29:s0:c100,c256,c512,c768 tcontext=u:r:untrusted_app_29:s0:c100,c256,c512,c768 tclass=netlink_route_socket app=com.netease.cloudmusic
05-11 11:48:50.400 20691 20691 I auditd : type=1400 audit(0.0:13165): avc: granted { nlmsg_readpriv } for comm="DnsConfigServic" scontext=u:r:untrusted_app_29:s0:c100,c256,c512,c768 tcontext=u:r:untrusted_app_29:s0:c100,c256,c512,c768 tclass=netlink_route_socket app=com.netease.cloudmusic
05-11 11:48:50.460 0 0 I auditd : type=1400 audit(0.0:13166): avc: denied { kill } for comm="swapper/4" capability=5 scontext=u:r:kernel:s0 tcontext=u:r:kernel:s0 tclass=capability permissive=1
05-11 11:48:50.586 1508 8280 W ActivityManager: Background started FGS: Disallowed [callingPackage: com.kugou.android; callingUid: 10095; uidState: SVC ; intent: Intent { act=action_request_connect pkg=com.kugou.android cmp=com.kugou.android/com.kugou.framework.service.ipc.peripheral.connect.SupportService (has extras) }; code:DENIED; tempAllowListReason:; targetSdkVersion:28; callerTargetSdkVersion:28; startForegroundCount:0; bindFromPackage:null]
05-11 11:48:50.586 1508 1659 I am_wtf : [0,1508,system_server,-1,ActivityManager,Background started FGS: Disallowed [callingPackage: com.kugou.android; callingUid: 10095; uidState: SVC ; intent: Intent { act=action_request_connect pkg=com.kugou.android cmp=com.kugou.android/com.kugou.framework.service.ipc.peripheral.connect.SupportService (has extras) }; code:DENIED; tempAllowListReason:; targetSdkVersion:28; callerTargetSdkVersion:28; startForegroundCount:0; bindFromPackage:null]]
05-11 11:48:50.587 1508 8280 D CompatibilityChangeReporter: Compat change id reported: 170668199; UID 10095; state: DISABLED
05-11 11:48:50.587 1508 1659 I DropBoxManagerService: add tag=system_server_wtf isTagEnabled=true flags=0x2
05-11 11:48:50.587 1508 8280 D CompatibilityChangeReporter: Compat change id reported: 135634846; UID 10095; state: DISABLED
05-11 11:48:50.587 1508 8280 D CompatibilityChangeReporter: Compat change id reported: 177438394; UID 10095; state: DISABLED
05-11 11:48:50.587 1508 8280 D CompatibilityChangeReporter: Compat change id reported: 135772972; UID 10095; state: DISABLED
05-11 11:48:50.587 1508 8280 D CompatibilityChangeReporter: Compat change id reported: 135754954; UID 10095; state: DISABLED
05-11 11:48:50.587 1508 1660 D CompatibilityChangeReporter: Compat change id reported: 143937733; UID 10095; state: DISABLED
05-11 11:48:50.595 1508 1660 I am_proc_start: [0,20957,10095,com.kugou.android.support,service,{com.kugou.android/com.kugou.framework.service.ipc.peripheral.connect.SupportService}]
05-11 11:48:50.595 1508 1660 I ActivityManager: Start proc 20957:com.kugou.android.support/u0a95 for service {com.kugou.android/com.kugou.framework.service.ipc.peripheral.connect.SupportService}
05-11 11:48:50.602 1508 8280 W ActivityManager: Unable to start service Intent { cmp=com.netease.cloudmusic/org.chromium.url.WowIPCService } U=0: not found
01-01 08:21:58.655 0 0 I binder : 20957:20957 ioctl 40046210 7ffe05b4f4 returned -22
05-11 11:48:50.616 1508 8280 I am_proc_bound: [0,20957,com.kugou.android.support]
05-11 11:48:50.640 19859 19859 I auditd : type=1400 audit(0.0:13167): avc: granted { nlmsg_readpriv } for comm="APM_COMPONENT" scontext=u:r:untrusted_app_29:s0:c100,c256,c512,c768 tcontext=u:r:untrusted_app_29:s0:c100,c256,c512,c768 tclass=netlink_route_socket app=com.netease.cloudmusic
05-11 11:48:50.719 1508 1833 I GameModeConfig: isGameModeOn = true
05-11 11:48:50.719 1508 1833 I GameModeConfig: isGaming = false
05-11 11:48:50.719 1508 1833 I GameModeConfig: isGameModeOn = true
05-11 11:48:50.719 1508 1833 I GameModeConfig: isGaming = false
05-11 11:48:50.719 1508 1833 I GameModeConfig: isGameModeOn = true
05-11 11:48:50.719 1508 1833 I GameModeConfig: isGaming = false
05-11 11:48:50.719 1508 1833 I GameModeConfig: isGameModeOn = true
05-11 11:48:50.719 1508 1833 I GameModeConfig: isGaming = false
05-11 11:48:50.719 1508 1833 I GameModeConfig: isGameModeOn = true
05-11 11:48:50.719 1508 1833 I GameModeConfig: isGaming = false
05-11 11:48:50.719 1508 1833 I GameModeConfig: isGameModeOn = true
05-11 11:48:50.719 1508 1833 I GameModeConfig: isGaming = false
05-11 11:48:50.719 1508 1833 I GameModeConfig: isGameModeOn = true
05-11 11:48:50.719 1508 1833 I GameModeConfig: isGaming = false
05-11 11:48:50.719 1508 1833 I GameModeConfig: isGameModeOn = true
05-11 11:48:50.719 1508 1833 I GameModeConfig: isGaming = false
05-11 11:48:50.719 1508 1833 I GameModeConfig: isGameModeOn = true
05-11 11:48:50.719 1508 1833 I GameModeConfig: isGaming = false
05-11 11:48:50.720 1508 1833 I GameModeConfig: isGameModeOn = true
05-11 11:48:50.720 1508 1833 I GameModeConfig: isGaming = false
05-11 11:48:50.720 1508 1833 I GameModeConfig: isGameModeOn = true
05-11 11:48:50.720 1508 1833 I GameModeConfig: isGaming = false
05-11 11:48:50.720 1508 1833 I GameModeConfig: isGameModeOn = true
05-11 11:48:50.720 1508 1833 I GameModeConfig: isGaming = false
05-11 11:48:50.720 1508 1833 I GameModeConfig: isGameModeOn = true
05-11 11:48:50.720 1508 1833 I GameModeConfig: isGaming = false
05-11 11:48:50.720 1508 1833 I GameModeConfig: isGameModeOn = true
05-11 11:48:50.720 1508 1833 I GameModeConfig: isGaming = false
05-11 11:48:50.720 1508 1833 I GameModeConfig: isGameModeOn = true
05-11 11:48:50.720 1508 1833 I GameModeConfig: isGaming = false
05-11 11:48:50.720 1508 1833 I GameModeConfig: isGameModeOn = true
05-11 11:48:50.720 1508 1833 I GameModeConfig: isGaming = false
05-11 11:48:50.720 1508 1833 I GameModeConfig: isGameModeOn = true
05-11 11:48:50.720 1508 1833 I GameModeConfig: isGaming = false
05-11 11:48:50.720 1508 1833 I GameModeConfig: isGameModeOn = true
05-11 11:48:50.720 1508 1833 I GameModeConfig: isGaming = false
05-11 11:48:50.873 20957 20957 I liblog : 909
05-11 11:48:50.889 1508 10967 I ActivityManager: Process com.kugou.android.support (pid 20957) has died: prcp FGS
05-11 11:48:50.889 1508 10967 I am_proc_died: [0,20957,com.kugou.android.support,200,4]
05-11 11:48:50.890 1508 10967 W ActivityManager: Scheduling restart of crashed service com.kugou.android/com.kugou.framework.service.ipc.peripheral.connect.SupportService in 1000ms for start-requested
05-11 11:48:50.890 1508 10967 I am_schedule_service_restart: [0,com.kugou.android/com.kugou.framework.service.ipc.peripheral.connect.SupportService,1000]
05-11 11:48:51.256 1508 1799 I input_interaction: Interaction with: ec4974b com.android.launcher3/com.android.launcher3.uioverrides.QuickstepLauncher (server), eb2e27d com.android.systemui.ImageWallpaper (server), edge-swipe (server), swipe-up (server), PointerEventDispatcher0 (server),
05-11 11:48:51.349 1508 9678 I thunderperf: PlatormCompat.setOverrides: Uid1=10072 Pid1=2644 Uid2=10072 Pid2=2644
05-11 11:48:51.349 1508 9678 I thunderperf: PlatormCompat.setOverrides: needCheck:false
05-11 11:48:51.349 1508 9678 I thunderperf: CompatConfig.addOverrideUnsafe: bef-state=0
05-11 11:48:51.349 1508 9678 I thunderperf: CompatConfig.addOverrideUnsafe: aft-state=0
05-11 11:48:51.348 877 877 I auditd : type=1400 audit(0.0:13168): avc: denied { add_name } for comm="perf@2.2-servic" name="cpu_max_freq" scontext=u:r:vendor_hal_perf_default:s0 tcontext=u:object_r:vendor_sysfs_msm_perf:s0 tclass=dir permissive=1
01-01 08:21:59.401 0 0 W audit : audit_lost=12100 audit_rate_limit=5 audit_backlog_limit=64
01-01 08:21:59.401 0 0 E audit : rate limit exceeded
05-11 11:48:51.350 1508 9678 I thunderperf: CompatConfig.addOverrideUnsafe: bef-state=0
05-11 11:48:51.350 1508 9678 I thunderperf: CompatConfig.addOverrideUnsafe: aft-state=0
05-11 11:48:51.350 1508 9678 I thunderperf: CompatConfig.addOverrideUnsafe: bef-state=0
05-11 11:48:51.350 1508 9678 I thunderperf: CompatConfig.addOverrideUnsafe: aft-state=0
05-11 11:48:51.350 1508 9678 I thunderperf: CompatConfig.addOverrideUnsafe: bef-state=0
05-11 11:48:51.350 1508 9678 I thunderperf: CompatConfig.addOverrideUnsafe: aft-state=0
05-11 11:48:51.351 1508 9678 I thunderperf: CompatConfig.addOverrideUnsafe: bef-state=0
05-11 11:48:51.351 1508 9678 I thunderperf: CompatConfig.addOverrideUnsafe: aft-state=0
05-11 11:48:51.351 1508 9678 I thunderperf: CompatConfig.addOverrideUnsafe: bef-state=0
05-11 11:48:51.351 1508 9678 I thunderperf: CompatConfig.addOverrideUnsafe: aft-state=0
05-11 11:48:51.351 1508 9678 I thunderperf: CompatConfig.addOverrideUnsafe: bef-state=0
05-11 11:48:51.351 1508 9678 I thunderperf: CompatConfig.addOverrideUnsafe: aft-state=0
05-11 11:48:51.351 1508 9678 I thunderperf: CompatConfig.addOverrideUnsafe: bef-state=0
05-11 11:48:51.351 1508 9678 I thunderperf: CompatConfig.addOverrideUnsafe: aft-state=0
05-11 11:48:51.351 1508 9678 I thunderperf: CompatConfig.addOverrideUnsafe: bef-state=0
05-11 11:48:51.351 1508 9678 I thunderperf: CompatConfig.addOverrideUnsafe: aft-state=0
05-11 11:48:51.351 1508 9678 I thunderperf: CompatConfig.addOverrideUnsafe: bef-state=0
05-11 11:48:51.352 1508 9678 I thunderperf: CompatConfig.addOverrideUnsafe: aft-state=0
05-11 11:48:51.352 1508 9678 I thunderperf: CompatConfig.addOverrideUnsafe: bef-state=0
05-11 11:48:51.352 1508 9678 I thunderperf: CompatConfig.addOverrideUnsafe: aft-state=0
05-11 11:48:51.352 1508 9678 I thunderperf: CompatConfig.addOverrideUnsafe: bef-state=0
05-11 11:48:51.352 1508 9678 I thunderperf: CompatConfig.addOverrideUnsafe: aft-state=0
05-11 11:48:51.352 1508 9678 I thunderperf: CompatConfig.addOverrideUnsafe: bef-state=0
05-11 11:48:51.352 1508 9678 I thunderperf: CompatConfig.addOverrideUnsafe: aft-state=0
05-11 11:48:51.353 1508 9678 I thunderperf: CompatConfig.addOverrideUnsafe: bef-state=0
05-11 11:48:51.353 1508 9678 I thunderperf: CompatConfig.addOverrideUnsafe: aft-state=0
05-11 11:48:51.354 1508 9678 I ActivityTaskManager: START u0 {act=android.intent.action.MAIN cat=[android.intent.category.LAUNCHER] flg=0x10200000 cmp=com.netease.cloudmusic/.activity.IconChangeDefaultAlias} from uid 10072
05-11 11:48:51.356 1508 9678 I wm_task_created: [53,-1]
05-11 11:48:51.356 1508 9678 W ActivityTaskManager: Can't find TaskDisplayArea to determine support for multi window. Task id=53 attached=false
05-11 11:48:51.359 1508 9678 D CompatibilityChangeReporter: Compat change id reported: 174042980; UID 10100; state: DISABLED
05-11 11:48:51.359 1508 9678 D CompatibilityChangeReporter: Compat change id reported: 184838306; UID 10100; state: DISABLED
05-11 11:48:51.359 1508 9678 D CompatibilityChangeReporter: Compat change id reported: 185004937; UID 10100; state: DISABLED
05-11 11:48:51.359 1508 9678 D CompatibilityChangeReporter: Compat change id reported: 181136395; UID 10100; state: DISABLED
05-11 11:48:51.359 1508 9678 D CompatibilityChangeReporter: Compat change id reported: 174042936; UID 10100; state: DISABLED
05-11 11:48:51.360 1508 9678 I wm_task_moved: [53,1,7]
05-11 11:48:51.360 1508 9678 I wm_task_to_front: [0,53]
05-11 11:48:51.361 1508 9678 I wm_create_task: [0,53]
05-11 11:48:51.361 1508 9678 I wm_create_activity: [0,259147110,53,com.netease.cloudmusic/.activity.IconChangeDefaultAlias,android.intent.action.MAIN,NULL,NULL,270532608]
05-11 11:48:51.361 1508 9678 I wm_task_moved: [53,1,7]
05-11 11:48:51.361 1508 9678 D CompatibilityChangeReporter: Compat change id reported: 168419799; UID 10100; state: DISABLED
05-11 11:48:51.361 1508 9678 V SplashScreenExceptionList: SplashScreen checking exception for package com.netease.cloudmusic (target sdk:29) -> false
05-11 11:48:51.362 1508 9678 I ActivityTaskManager: FOREGROUND_APPLICATION_CHANGED to com.netease.cloudmusic.activity.MainActivity
05-11 11:48:51.362 1508 9678 I ActivityTaskManager: The Process com.netease.cloudmusic Already Exists in BG. So sending its PID: 19859
05-11 11:48:51.362 1508 9678 W ActivityTaskManager: Tried to set launchTime (0) < mLastActivityLaunchTime (1303956)
05-11 11:48:51.362 1508 9678 I wm_restart_activity: [0,259147110,53,com.netease.cloudmusic/.activity.IconChangeDefaultAlias]
05-11 11:48:51.363 1508 9678 I wm_set_resumed_activity: [0,com.netease.cloudmusic/.activity.IconChangeDefaultAlias,minimalResumeActivityLocked]
05-11 11:48:51.375 2644 2644 I wm_on_top_resumed_lost_called: [236925855,com.android.launcher3.uioverrides.QuickstepLauncher,topStateChangedWhenResumed]
05-11 11:48:51.405 19859 19859 I wm_on_create_called: [259147110,com.netease.cloudmusic.activity.IconChangeDefaultAlias,performCreate]
05-11 11:48:51.417 19859 19859 E ActivityThread: Failed to find provider info for telephony
05-11 11:48:51.432 19859 19859 I wm_on_start_called: [259147110,com.netease.cloudmusic.activity.IconChangeDefaultAlias,handleStartActivity]
05-11 11:48:51.443 19859 19859 I wm_on_resume_called: [259147110,com.netease.cloudmusic.activity.IconChangeDefaultAlias,RESUME_ACTIVITY]
05-11 11:48:51.446 1508 3065 W WindowManager: Failed looking up window session=Session{7cc2b1a 19859:u0a10100} callers=com.android.server.wm.WindowManagerService.windowForClientLocked:5628 com.android.server.wm.Session.insetsModified:629 android.view.IWindowSession$Stub.onTransact:1151
05-11 11:48:51.448 19859 19859 I wm_on_top_resumed_gained_called: [259147110,com.netease.cloudmusic.activity.IconChangeDefaultAlias,topStateChangedWhenResumed]
05-11 11:48:51.482 1508 1645 I input_focus: [Focus request bcf5f68 com.netease.cloudmusic/com.netease.cloudmusic.activity.IconChangeDefaultAlias,reason=UpdateInputWindows]
05-11 11:48:51.499 1508 1799 I input_focus: [Focus leaving ec4974b com.android.launcher3/com.android.launcher3.uioverrides.QuickstepLauncher (server),reason=Waiting for window because NOT_VISIBLE]
05-11 11:48:51.500 1508 1641 I sysui_multi_action: [319,139,322,138,325,1316,757,761,758,8,759,2,806,com.netease.cloudmusic,871,com.netease.cloudmusic.activity.IconChangeDefaultAlias,904,com.android.launcher3,905,0,1320,4,1321,4]
05-11 11:48:51.500 1508 1641 I wm_activity_launch_time: [0,259147110,com.netease.cloudmusic/.activity.IconChangeDefaultAlias,138]
05-11 11:48:51.513 1508 1799 I input_focus: [Focus entering bcf5f68 com.netease.cloudmusic/com.netease.cloudmusic.activity.IconChangeDefaultAlias (server),reason=Window became focusable. Previous reason: NOT_VISIBLE]
05-11 11:48:51.532 19859 19859 I auditd : type=1400 audit(0.0:13170): avc: granted { nlmsg_readpriv } for comm="APM_COMPONENT" scontext=u:r:untrusted_app_29:s0:c100,c256,c512,c768 tcontext=u:r:untrusted_app_29:s0:c100,c256,c512,c768 tclass=netlink_route_socket app=com.netease.cloudmusic
05-11 11:48:51.547 1508 1659 W BroadcastQueue: Permission Denial: broadcasting Intent { act=com.netease.cloudmusic.action.UPDATE_DATA_PACKAGE_STATUS flg=0x10 (has extras) } from com.netease.cloudmusic (pid=19859, uid=10100) requires com.netease.cloudmusic.permission.DATA_PACKAGE due to registered receiver BroadcastFilter{4402006 10100/u0 ReceiverList{f7fcae1 19859 com.netease.cloudmusic/10100/u0 remote:3b83c48}}
05-11 11:48:51.547 1508 1659 W BroadcastQueue: Permission Denial: broadcasting Intent { act=com.netease.cloudmusic.action.UPDATE_DATA_PACKAGE_STATUS flg=0x10 (has extras) } from com.netease.cloudmusic (pid=19859, uid=10100) requires com.netease.cloudmusic.permission.DATA_PACKAGE due to registered receiver BroadcastFilter{be008e9 10100/u0 ReceiverList{26a0d70 20005 com.netease.cloudmusic:play/10100/u0 remote:94c3b3}}
05-11 11:48:51.547 1508 1659 W BroadcastQueue: Permission Denial: broadcasting Intent { act=com.netease.cloudmusic.action.UPDATE_DATA_PACKAGE_STATUS flg=0x10 (has extras) } from com.netease.cloudmusic (pid=19859, uid=10100) requires com.netease.cloudmusic.permission.DATA_PACKAGE due to registered receiver BroadcastFilter{4b99a44 10100/u0 ReceiverList{d71ef57 20291 com.netease.cloudmusic:viewer/10100/u0 remote:8fef0d6}}
05-11 11:48:51.548 1508 1659 W BroadcastQueue: Permission Denial: broadcasting Intent { act=com.netease.cloudmusic.action.UPDATE_DATA_PACKAGE_STATUS flg=0x10 (has extras) } from com.netease.cloudmusic (pid=19859, uid=10100) requires com.netease.cloudmusic.permission.DATA_PACKAGE due to registered receiver BroadcastFilter{cb2a25c 10100/u0 ReceiverList{67828cf 20691 com.netease.cloudmusic:browser/10100/u0 remote:6ecc52e}}
05-11 11:48:51.560 19859 19859 I auditd : type=1400 audit(0.0:13171): avc: granted { nlmsg_readpriv } for comm="APM_COMPONENT" scontext=u:r:untrusted_app_29:s0:c100,c256,c512,c768 tcontext=u:r:untrusted_app_29:s0:c100,c256,c512,c768 tclass=netlink_route_socket app=com.netease.cloudmusic
05-11 11:48:51.612 19859 19859 I auditd : type=1400 audit(0.0:13172): avc: granted { nlmsg_readpriv } for comm="APM_COMPONENT" scontext=u:r:untrusted_app_29:s0:c100,c256,c512,c768 tcontext=u:r:untrusted_app_29:s0:c100,c256,c512,c768 tclass=netlink_route_socket app=com.netease.cloudmusic
05-11 11:48:51.652 19859 19859 I auditd : type=1400 audit(0.0:13173): avc: granted { nlmsg_readpriv } for comm="APM_COMPONENT" scontext=u:r:untrusted_app_29:s0:c100,c256,c512,c768 tcontext=u:r:untrusted_app_29:s0:c100,c256,c512,c768 tclass=netlink_route_socket app=com.netease.cloudmusic
05-11 11:48:51.664 19859 19859 I auditd : type=1400 audit(0.0:13174): avc: granted { nlmsg_readpriv } for comm="APM_COMPONENT" scontext=u:r:untrusted_app_29:s0:c100,c256,c512,c768 tcontext=u:r:untrusted_app_29:s0:c100,c256,c512,c768 tclass=netlink_route_socket app=com.netease.cloudmusic
05-11 11:48:51.917 1508 1659 D CompatibilityChangeReporter: Compat change id reported: 135634846; UID 10095; state: DISABLED
05-11 11:48:51.917 1508 1659 D CompatibilityChangeReporter: Compat change id reported: 177438394; UID 10095; state: DISABLED
05-11 11:48:51.917 1508 1659 D CompatibilityChangeReporter: Compat change id reported: 135772972; UID 10095; state: DISABLED
05-11 11:48:51.917 1508 1659 D CompatibilityChangeReporter: Compat change id reported: 135754954; UID 10095; state: DISABLED
05-11 11:48:51.918 1508 1660 D CompatibilityChangeReporter: Compat change id reported: 143937733; UID 10095; state: DISABLED
05-11 11:48:51.924 1508 1660 I am_proc_start: [0,21156,10095,com.kugou.android.support,service,{com.kugou.android/com.kugou.framework.service.ipc.peripheral.connect.SupportService}]
05-11 11:48:51.924 1508 1660 I ActivityManager: Start proc 21156:com.kugou.android.support/u0a95 for service {com.kugou.android/com.kugou.framework.service.ipc.peripheral.connect.SupportService}
01-01 08:22:00.001 0 0 I binder : 21156:21156 ioctl 40046210 7ffe05b4f4 returned -22
05-11 11:48:51.966 1508 12402 I am_proc_bound: [0,21156,com.kugou.android.support]
05-11 11:48:51.967 1508 12402 D CompatibilityChangeReporter: Compat change id reported: 168419799; UID 10095; state: DISABLED
01-01 08:22:00.041 0 0 E link_delay_work_func: DTC_ETH: SQI=0, link=0
05-11 11:48:52.159 1508 1833 I GameModeConfig: isGameModeOn = true
05-11 11:48:52.159 1508 1833 I GameModeConfig: isGaming = false
05-11 11:48:52.159 1508 1833 I GameModeConfig: isGameModeOn = true
05-11 11:48:52.159 1508 1833 I GameModeConfig: isGaming = false
05-11 11:48:52.159 1508 1833 I GameModeConfig: isGameModeOn = true
05-11 11:48:52.159 1508 1833 I GameModeConfig: isGaming = false
05-11 11:48:52.159 1508 1833 I GameModeConfig: isGameModeOn = true
05-11 11:48:52.160 1508 1833 I GameModeConfig: isGaming = false
05-11 11:48:52.160 1508 1833 I GameModeConfig: isGameModeOn = true
05-11 11:48:52.160 1508 1833 I GameModeConfig: isGaming = false
05-11 11:48:52.160 1508 1833 I GameModeConfig: isGameModeOn = true
05-11 11:48:52.160 1508 1833 I GameModeConfig: isGaming = false
05-11 11:48:52.160 1508 1833 I GameModeConfig: isGameModeOn = true
05-11 11:48:52.160 1508 1833 I GameModeConfig: isGaming = false
05-11 11:48:52.160 1508 1833 I GameModeConfig: isGameModeOn = true
05-11 11:48:52.160 1508 1833 I GameModeConfig: isGaming = false
05-11 11:48:52.160 1508 1833 I GameModeConfig: isGameModeOn = true
05-11 11:48:52.160 1508 1833 I GameModeConfig: isGaming = false
05-11 11:48:52.160 1508 1833 I GameModeConfig: isGameModeOn = true
05-11 11:48:52.160 1508 1833 I GameModeConfig: isGaming = false
05-11 11:48:52.160 1508 1833 I GameModeConfig: isGameModeOn = true
05-11 11:48:52.160 1508 1833 I GameModeConfig: isGaming = false
05-11 11:48:52.160 1508 1833 I GameModeConfig: isGameModeOn = true
05-11 11:48:52.160 1508 1833 I GameModeConfig: isGaming = false
05-11 11:48:52.161 1508 1833 I GameModeConfig: isGameModeOn = true
05-11 11:48:52.161 1508 1833 I GameModeConfig: isGaming = false
05-11 11:48:52.161 1508 1833 I GameModeConfig: isGameModeOn = true
05-11 11:48:52.161 1508 1833 I GameModeConfig: isGaming = false
05-11 11:48:52.161 1508 1833 I GameModeConfig: isGameModeOn = true
05-11 11:48:52.161 1508 1833 I GameModeConfig: isGaming = false
05-11 11:48:52.161 1508 1833 I GameModeConfig: isGameModeOn = true
05-11 11:48:52.161 1508 1833 I GameModeConfig: isGaming = false
05-11 11:48:52.161 1508 1833 I GameModeConfig: isGameModeOn = true
05-11 11:48:52.161 1508 1833 I GameModeConfig: isGaming = false
05-11 11:48:52.161 1508 1833 I GameModeConfig: isGameModeOn = true
05-11 11:48:52.161 1508 1833 I GameModeConfig: isGaming = false
05-11 11:48:52.189 1508 2566 W ActivityManager: Unable to start service Intent { cmp=com.netease.cloudmusic/org.chromium.url.WowIPCService } U=0: not found
01-01 08:22:00.437 0 0 W audit : audit_lost=12130 audit_rate_limit=5 audit_backlog_limit=64
01-01 08:22:00.437 0 0 E audit : rate limit exceeded
05-11 11:48:52.402 1508 2084 I am_uid_active: 99003
05-11 11:48:52.491 1508 10967 I am_uid_active: 10066
05-11 11:48:52.540 19859 19859 I auditd : type=1400 audit(0.0:13218): avc: granted { nlmsg_readpriv } for comm="APM_COMPONENT" scontext=u:r:untrusted_app_29:s0:c100,c256,c512,c768 tcontext=u:r:untrusted_app_29:s0:c100,c256,c512,c768 tclass=netlink_route_socket app=com.netease.cloudmusic
05-11 11:48:52.652 19859 19859 I auditd : type=1400 audit(0.0:13219): avc: granted { nlmsg_readpriv } for comm="APM_COMPONENT" scontext=u:r:untrusted_app_29:s0:c100,c256,c512,c768 tcontext=u:r:untrusted_app_29:s0:c100,c256,c512,c768 tclass=netlink_route_socket app=com.netease.cloudmusic
05-11 11:48:52.656 19859 19859 I auditd : type=1400 audit(0.0:13220): avc: granted { nlmsg_readpriv } for comm="APM_COMPONENT" scontext=u:r:untrusted_app_29:s0:c100,c256,c512,c768 tcontext=u:r:untrusted_app_29:s0:c100,c256,c512,c768 tclass=netlink_route_socket app=com.netease.cloudmusic
05-11 11:48:52.660 19859 19859 I auditd : type=1400 audit(0.0:13221): avc: granted { nlmsg_readpriv } for comm="APM_COMPONENT" scontext=u:r:untrusted_app_29:s0:c100,c256,c512,c768 tcontext=u:r:untrusted_app_29:s0:c100,c256,c512,c768 tclass=netlink_route_socket app=com.netease.cloudmusic
05-11 11:48:52.672 19859 19859 I auditd : type=1400 audit(0.0:13222): avc: granted { nlmsg_readpriv } for comm="APM_COMPONENT" scontext=u:r:untrusted_app_29:s0:c100,c256,c512,c768 tcontext=u:r:untrusted_app_29:s0:c100,c256,c512,c768 tclass=netlink_route_socket app=com.netease.cloudmusic
05-11 11:48:52.933 1508 1818 I netstats_mobile_sample: [0,0,0,0,0,0,0,0,0,0,0,0,1683874618133]
05-11 11:48:52.933 1508 1818 I netstats_wifi_sample: [40,1,128,2,40,1,128,2,40,1,64,1,1683874618133]
05-11 11:48:53.045 1508 9679 I ActivityManager: Process com.kugou.android.support (pid 21156) has died: prcp FGS
05-11 11:48:53.046 1508 9679 I am_proc_died: [0,21156,com.kugou.android.support,200,4]
05-11 11:48:53.046 1508 9679 W ActivityManager: Scheduling restart of crashed service com.kugou.android/com.kugou.framework.service.ipc.peripheral.connect.SupportService in 4000ms for start-requested
05-11 11:48:53.046 1508 9679 I am_schedule_service_restart: [0,com.kugou.android/com.kugou.framework.service.ipc.peripheral.connect.SupportService,4000]
05-11 11:48:53.572 19859 19859 I auditd : type=1400 audit(0.0:13239): avc: granted { nlmsg_readpriv } for comm="APM_COMPONENT" scontext=u:r:untrusted_app_29:s0:c100,c256,c512,c768 tcontext=u:r:untrusted_app_29:s0:c100,c256,c512,c768 tclass=netlink_route_socket app=com.netease.cloudmusic
05-11 11:48:53.572 19859 19859 I auditd : type=1400 audit(0.0:13240): avc: granted { nlmsg_readpriv } for comm="APM_COMPONENT" scontext=u:r:untrusted_app_29:s0:c100,c256,c512,c768 tcontext=u:r:untrusted_app_29:s0:c100,c256,c512,c768 tclass=netlink_route_socket app=com.netease.cloudmusic
05-11 11:48:53.600 19859 19859 I auditd : type=1400 audit(0.0:13241): avc: granted { nlmsg_readpriv } for comm="APM_COMPONENT" scontext=u:r:untrusted_app_29:s0:c100,c256,c512,c768 tcontext=u:r:untrusted_app_29:s0:c100,c256,c512,c768 tclass=netlink_route_socket app=com.netease.cloudmusic
05-11 11:48:53.604 19859 19859 I auditd : type=1400 audit(0.0:13242): avc: granted { nlmsg_readpriv } for comm="APM_COMPONENT" scontext=u:r:untrusted_app_29:s0:c100,c256,c512,c768 tcontext=u:r:untrusted_app_29:s0:c100,c256,c512,c768 tclass=netlink_route_socket app=com.netease.cloudmusic
05-11 11:48:53.616 19859 19859 I auditd : type=1400 audit(0.0:13243): avc: granted { nlmsg_readpriv } for comm="APM_COMPONENT" scontext=u:r:untrusted_app_29:s0:c100,c256,c512,c768 tcontext=u:r:untrusted_app_29:s0:c100,c256,c512,c768 tclass=netlink_route_socket app=com.netease.cloudmusic
01-01 08:22:01.680 0 0 W audit : audit_lost=12160 audit_rate_limit=5 audit_backlog_limit=64
01-01 08:22:01.680 0 0 E audit : rate limit exceeded
05-11 11:48:54.182 1508 1799 I input_interaction: Interaction with: bcf5f68 com.netease.cloudmusic/com.netease.cloudmusic.activity.IconChangeDefaultAlias (server), edge-swipe (server), swipe-up (server), PointerEventDispatcher0 (server),
05-11 11:48:54.354 1508 9679 I am_uid_running: 99004
05-11 11:48:54.354 1508 9679 D CompatibilityChangeReporter: Compat change id reported: 135634846; UID 10100; state: DISABLED
05-11 11:48:54.354 1508 1660 D CompatibilityChangeReporter: Compat change id reported: 143937733; UID 10100; state: ENABLED
05-11 11:48:54.360 1508 1660 I am_proc_start: [0,21336,99004,com.android.webview:sandboxed_process0:org.chromium.content.app.SandboxedProcessService0:1,,{com.netease.cloudmusic/org.chromium.content.app.SandboxedProcessService0:1}]
05-11 11:48:54.360 1508 1660 I ActivityManager: Start proc 21336:com.android.webview:sandboxed_process0:org.chromium.content.app.SandboxedProcessService0:1/u0i4 for {com.netease.cloudmusic/org.chromium.content.app.SandboxedProcessService0:1}
01-01 08:22:02.418 0 0 I binder : 21336:21336 ioctl 40046210 ff8614b8 returned -22
05-11 11:48:54.376 1508 9679 I am_proc_bound: [0,21336,com.android.webview:sandboxed_process0:org.chromium.content.app.SandboxedProcessService0:1]
05-11 11:48:54.690 1508 9679 E NotificationVibratorHelper: Error creating vibration waveform with pattern: [0]
05-11 11:48:54.690 1508 1508 I notification_enqueue: [10100,19859,com.netease.cloudmusic,20,NULL,0,Notification(channel=netease_music shortcut=null contentView=null vibrate=null sound=null defaults=0x0 flags=0x10 color=0x00000000 groupKey=com.netease.cloudmusic.push vis=PUBLIC),0]
05-11 11:48:54.736 877 877 I auditd : type=1400 audit(0.0:13247): avc: denied { add_name } for comm="perf@2.2-servic" name="min_freq" scontext=u:r:vendor_hal_perf_default:s0 tcontext=u:object_r:vendor_sysfs_devfreq:s0 tclass=dir permissive=1
05-11 11:48:54.736 877 877 I auditd : type=1400 audit(0.0:13248): avc: denied { create } for comm="perf@2.2-servic" name="min_freq" scontext=u:r:vendor_hal_perf_default:s0 tcontext=u:object_r:vendor_sysfs_devfreq:s0 tclass=file permissive=1
01-01 08:22:02.867 0 0 W audit : audit_lost=12163 audit_rate_limit=5 audit_backlog_limit=64
01-01 08:22:02.867 0 0 E audit : rate limit exceeded
05-11 11:48:54.816 877 877 I auditd : type=1400 audit(0.0:13249): avc: denied { add_name } for comm="perf@2.2-servic" name="min_cpus" scontext=u:r:vendor_hal_perf_default:s0 tcontext=u:object_r:sysfs_devices_system_cpu:s0 tclass=dir permissive=1
05-11 11:48:54.816 877 877 I auditd : type=1400 audit(0.0:13250): avc: denied { create } for comm="perf@2.2-servic" name="min_cpus" scontext=u:r:vendor_hal_perf_default:s0 tcontext=u:object_r:sysfs_devices_system_cpu:s0 tclass=file permissive=1
05-11 11:48:54.816 877 877 I auditd : type=1400 audit(0.0:13251): avc: denied { add_name } for comm="perf@2.2-servic" name="cpu_min_freq" scontext=u:r:vendor_hal_perf_default:s0 tcontext=u:object_r:vendor_sysfs_msm_perf:s0 tclass=dir permissive=1
05-11 11:48:54.891 1508 1508 I sysui_multi_action: [757,1501,758,1,793,201,794,0,795,201,796,20,806,com.netease.cloudmusic,857,netease_music,858,2,946,com.netease.cloudmusic.push,947,0,1500,0,1688,1]
05-11 11:48:54.891 1508 1508 I sysui_multi_action: [757,804,799,note_interruptive,801,0,802,1]
05-11 11:48:54.891 1508 1508 I GameModeConfig: isGameModeOn = true
05-11 11:48:54.891 1508 1508 I GameModeConfig: isGaming = false
05-11 11:48:54.892 1508 1508 W NotificationHistory: Attempted to add notif for locked/gone/disabled user 0
05-11 11:48:55.231 1508 1508 I notification_enqueue: [10094,3484,com.tencent.android.qqdownloader,127,NULL,0,Notification(channel=channel_id_default_silent shortcut=null contentView=com.tencent.android.qqdownloader/0x7f0a01c2 vibrate=null sound=null defaults=0x0 flags=0x2a2 color=0x00000000 groupKey=com.tencent.android.qqdownloader vis=PRIVATE),1]
05-11 11:48:55.431 1508 1508 I GameModeConfig: isGameModeOn = true
05-11 11:48:55.431 1508 1508 I GameModeConfig: isGaming = false
05-11 11:48:56.100 20005 20005 I auditd : type=1400 audit(0.0:13258): avc: granted { nlmsg_readpriv } for comm="DlnaThread" scontext=u:r:untrusted_app_29:s0:c100,c256,c512,c768 tcontext=u:r:untrusted_app_29:s0:c100,c256,c512,c768 tclass=netlink_route_socket app=com.netease.cloudmusic
05-11 11:48:56.104 20005 20005 I auditd : type=1400 audit(0.0:13259): avc: granted { nlmsg_readpriv } for comm="DlnaThread" scontext=u:r:untrusted_app_29:s0:c100,c256,c512,c768 tcontext=u:r:untrusted_app_29:s0:c100,c256,c512,c768 tclass=netlink_route_socket app=com.netease.cloudmusic
05-11 11:48:56.104 20005 20005 I auditd : type=1400 audit(0.0:13260): avc: granted { nlmsg_readpriv } for comm="DlnaThread" scontext=u:r:untrusted_app_29:s0:c100,c256,c512,c768 tcontext=u:r:untrusted_app_29:s0:c100,c256,c512,c768 tclass=netlink_route_socket app=com.netease.cloudmusic
05-11 11:48:56.108 20005 20005 I auditd : type=1400 audit(0.0:13261): avc: granted { nlmsg_readpriv } for comm="DlnaThread" scontext=u:r:untrusted_app_29:s0:c100,c256,c512,c768 tcontext=u:r:untrusted_app_29:s0:c100,c256,c512,c768 tclass=netlink_route_socket app=com.netease.cloudmusic
05-11 11:48:56.112 20005 20005 I auditd : type=1400 audit(0.0:13262): avc: granted { nlmsg_readpriv } for comm="DlnaThread" scontext=u:r:untrusted_app_29:s0:c100,c256,c512,c768 tcontext=u:r:untrusted_app_29:s0:c100,c256,c512,c768 tclass=netlink_route_socket app=com.netease.cloudmusic
01-01 08:22:04.163 0 0 W audit : audit_lost=12169 audit_rate_limit=5 audit_backlog_limit=64
01-01 08:22:04.163 0 0 E audit : rate limit exceeded
05-11 11:48:57.048 1508 1659 D CompatibilityChangeReporter: Compat change id reported: 135634846; UID 10095; state: DISABLED
05-11 11:48:57.048 1508 1659 D CompatibilityChangeReporter: Compat change id reported: 177438394; UID 10095; state: DISABLED
05-11 11:48:57.048 1508 1659 D CompatibilityChangeReporter: Compat change id reported: 135772972; UID 10095; state: DISABLED
05-11 11:48:57.048 1508 1659 D CompatibilityChangeReporter: Compat change id reported: 135754954; UID 10095; state: DISABLED
05-11 11:48:57.048 1508 1660 D CompatibilityChangeReporter: Compat change id reported: 143937733; UID 10095; state: DISABLED
05-11 11:48:57.056 1508 1660 I am_proc_start: [0,21435,10095,com.kugou.android.support,service,{com.kugou.android/com.kugou.framework.service.ipc.peripheral.connect.SupportService}]
