05-11 11:46:45.968 18015 18015 I sysui_heads_up_status: [0|com.baidu.appsearch|2131755452|null|10101,1]
05-11 11:46:46.267 1508 10967 I netstats_mobile_sample: [0,0,0,0,0,0,0,0,0,0,0,0,1683874491467]
05-11 11:46:46.267 1508 10967 I netstats_wifi_sample: [40,1,128,2,40,1,128,2,40,1,64,1,1683874491467]
05-11 11:46:46.452 1508 10967 I sysui_multi_action: [757,128,758,1,793,1180100,794,0,795,1180100,796,26,798,0,806,android,857,DEVELOPER_IMPORTANT,858,4,947,0,1395,3,1500,1179612,1688,1]
05-11 11:46:46.452 1508 10967 I sysui_multi_action: [757,804,799,note_freshness,801,1180100,802,1]
05-11 11:46:46.452 1508 10967 I notification_visibility: [-1|android|26|null|1000,1,1180100,1180100,0,0]
05-11 11:46:46.452 1508 10967 I sysui_multi_action: [757,128,758,1,793,68695,794,0,795,68695,796,-3365,798,1,806,com.ss.android.lark,857,normal_v2,858,4,947,0,1395,3,1500,68493,1688,1,1745,945454168]
05-11 11:46:46.452 1508 10967 I sysui_multi_action: [757,804,799,note_freshness,801,68695,802,1]
05-11 11:46:46.452 1508 10967 I notification_visibility: [0|com.ss.android.lark|-3365|null|10113,1,68695,68695,0,1]
05-11 11:46:46.460 0 0 I auditd : type=1400 audit(0.0:11042): avc: denied { kill } for comm="swapper/7" capability=5 scontext=u:r:kernel:s0 tcontext=u:r:kernel:s0 tclass=capability permissive=1
05-11 11:46:47.156 1508 8281 W ActivityManager: Background start not allowed: service Intent { cmp=com.tencent.android.qqdownloader/com.tencent.assistant.main.MainService } to com.tencent.android.qqdownloader/com.tencent.assistant.main.MainService from pid=3484 uid=10094 pkg=com.tencent.android.qqdownloader startFg?=false
05-11 11:46:47.158 1508 10966 W ActivityManager: Background start not allowed: service Intent { cmp=com.tencent.android.qqdownloader/com.tencent.assistant.main.MainService } to com.tencent.android.qqdownloader/com.tencent.assistant.main.MainService from pid=3484 uid=10094 pkg=com.tencent.android.qqdownloader startFg?=false
05-11 11:46:47.279 1508 1799 I input_interaction: Interaction with: ec4974b com.android.launcher3/com.android.launcher3.uioverrides.QuickstepLauncher (server), eb2e27d com.android.systemui.ImageWallpaper (server), edge-swipe (server), swipe-up (server), PointerEventDispatcher0 (server),
05-11 11:46:47.692 1508 8281 D CompatibilityChangeReporter: Compat change id reported: 135634846; UID 10109; state: DISABLED
05-11 11:46:47.692 1508 8281 D CompatibilityChangeReporter: Compat change id reported: 177438394; UID 10109; state: DISABLED
05-11 11:46:47.692 1508 8281 D CompatibilityChangeReporter: Compat change id reported: 135772972; UID 10109; state: DISABLED
05-11 11:46:47.692 1508 8281 D CompatibilityChangeReporter: Compat change id reported: 135754954; UID 10109; state: DISABLED
05-11 11:46:47.692 1508 1660 D CompatibilityChangeReporter: Compat change id reported: 143937733; UID 10109; state: DISABLED
05-11 11:46:47.700 1508 1660 I am_proc_start: [0,18145,10109,com.qqgame.mic,content provider,{com.qqgame.mic/com.tencent.android.tpush.XGPushProvider}]
05-11 11:46:47.700 1508 1660 I ActivityManager: Start proc 18145:com.qqgame.mic/u0a109 for content provider {com.qqgame.mic/com.tencent.android.tpush.XGPushProvider}
01-01 08:19:55.759 0 0 I binder : 18145:18145 ioctl 40046210 7ffe05b4f4 returned -22
05-11 11:46:47.717 1508 10956 I am_proc_bound: [0,18145,com.qqgame.mic]
05-11 11:46:47.718 1508 10956 D CompatibilityChangeReporter: Compat change id reported: 168419799; UID 10109; state: DISABLED
05-11 11:46:47.732 18145 18145 I auditd : type=1400 audit(0.0:11043): avc: denied { read } for comm="com.qqgame.mic" name="tcp" dev="proc" ino=4026532256 scontext=u:r:untrusted_app_27:s0:c109,c256,c512,c768 tcontext=u:object_r:proc_net_tcp_udp:s0 tclass=file permissive=1 app=com.qqgame.mic
05-11 11:46:47.732 18145 18145 I auditd : type=1400 audit(0.0:11044): avc: denied { open } for comm="com.qqgame.mic" path="/proc/18145/net/tcp" dev="proc" ino=4026532256 scontext=u:r:untrusted_app_27:s0:c109,c256,c512,c768 tcontext=u:object_r:proc_net_tcp_udp:s0 tclass=file permissive=1 app=com.qqgame.mic
05-11 11:46:47.732 18145 18145 I auditd : type=1400 audit(0.0:11045): avc: denied { getattr } for comm="com.qqgame.mic" path="/proc/18145/net/tcp" dev="proc" ino=4026532256 scontext=u:r:untrusted_app_27:s0:c109,c256,c512,c768 tcontext=u:object_r:proc_net_tcp_udp:s0 tclass=file permissive=1 app=com.qqgame.mic
05-11 11:46:47.764 18145 18164 D ActivityThread: Loading provider com.qqgame.mic.XG_SETTINGS_PROVIDER: com.tencent.tpns.baseapi.base.SettingsContentProvider
05-11 11:46:48.460 0 0 I auditd : type=1400 audit(0.0:11046): avc: denied { kill } for comm="swapper/7" capability=5 scontext=u:r:kernel:s0 tcontext=u:r:kernel:s0 tclass=capability permissive=1
01-01 08:19:57.161 0 0 E link_delay_work_func: DTC_ETH: SQI=0, link=0
05-11 11:46:50.073 1508 1799 I input_interaction: Interaction with: edge-swipe (server), swipe-up (server), PointerEventDispatcher0 (server),
05-11 11:46:50.074 2644 2644 I view_enqueue_input_event: [Motion - Cancel,com.android.launcher3/com.android.launcher3.uioverrides.QuickstepLauncher]
05-11 11:46:50.076 1508 1641 D AutofillManagerService: Close system dialogs
05-11 11:46:50.153 1508 8281 W ActivityTaskManager: getTaskSnapshot: taskId=44 not found
05-11 11:46:50.161 1508 8281 W ActivityTaskManager: getTaskSnapshot: taskId=44 not found
05-11 11:46:50.247 1508 1787 I commit_sys_config_file: [settings-1-0,2]
05-11 11:46:50.621 1508 1787 I commit_sys_config_file: [settings-1-0,2]
05-11 11:46:51.597 18015 18015 I sysui_heads_up_status: [0|com.wandoujia.phoenix2|5|null|10102,0]
05-11 11:46:51.623 18015 18015 I sysui_heads_up_status: [0|com.ss.android.lark|-3365|null|10113,0]
05-11 11:46:51.664 18015 18015 I sysui_heads_up_status: [-1|android|26|null|1000,0]
05-11 11:46:51.688 18015 18015 I sysui_heads_up_status: [0|com.baidu.appsearch|2131755452|null|10101,0]
05-11 11:46:51.878 1508 1799 I input_interaction: Interaction with: ec4974b com.android.launcher3/com.android.launcher3.uioverrides.QuickstepLauncher (server), eb2e27d com.android.systemui.ImageWallpaper (server), edge-swipe (server), swipe-up (server), PointerEventDispatcher0 (server),
05-11 11:46:52.127 1508 10140 I sysui_multi_action: [757,128,758,1,793,1185778,794,0,795,1185778,796,27,798,2,806,android,857,USB,858,1,947,0,1395,3,1500,1185288,1688,1]
05-11 11:46:52.128 1508 10140 I sysui_multi_action: [757,804,799,note_freshness,801,1185778,802,1]
05-11 11:46:52.128 1508 10140 I notification_visibility: [-1|android|27|null|1000,1,1185778,1185778,0,2]
05-11 11:46:52.131 1508 12831 I sysui_multi_action: [757,128,758,2,793,1185779,794,5679,795,1185779,796,26,798,0,806,android,857,DEVELOPER_IMPORTANT,858,4,947,0,1395,3,1500,1185291,1688,1]
05-11 11:46:52.131 1508 12831 I notification_visibility: [-1|android|26|null|1000,0,1185779,1185779,0,0]
05-11 11:46:52.132 1508 12831 I sysui_multi_action: [757,128,758,2,793,74375,794,5680,795,74375,796,-3365,798,1,806,com.ss.android.lark,857,normal_v2,858,4,947,0,1395,3,1500,74173,1688,1,1745,945454168]
05-11 11:46:52.132 1508 12831 I notification_visibility: [0|com.ss.android.lark|-3365|null|10113,0,74375,74375,0,1]
05-11 11:46:52.135 1508 12831 I sysui_multi_action: [757,128,758,2,793,1185785,794,7,795,1185785,796,27,798,2,806,android,857,USB,858,1,947,0,1395,3,1500,1185295,1688,1]
05-11 11:46:52.135 1508 12831 I notification_visibility: [-1|android|27|null|1000,0,1185785,1185785,0,2]
05-11 11:46:52.135 1508 12831 I sysui_multi_action: [757,127,758,2]
05-11 11:46:52.135 1508 12831 I notification_panel_hidden:
05-11 11:46:53.567 1508 1641 D AutofillManagerService: Close system dialogs
05-11 11:46:53.569 2644 2644 I view_enqueue_input_event: [Motion - Cancel,com.android.launcher3/com.android.launcher3.uioverrides.QuickstepLauncher]
05-11 11:46:53.571 1508 1799 I input_interaction: Interaction with: edge-swipe (server), swipe-up (server), PointerEventDispatcher0 (server),
05-11 11:46:53.584 1508 12831 W ActivityTaskManager: getTaskSnapshot: taskId=539 not found
05-11 11:46:53.588 1508 10965 W ActivityTaskManager: getTaskSnapshot: taskId=539 not found
05-11 11:46:53.691 1508 1508 I notification_enqueue: [10094,3484,com.tencent.android.qqdownloader,127,NULL,0,Notification(channel=channel_id_default_silent shortcut=null contentView=com.tencent.android.qqdownloader/0x7f0a01c2 vibrate=null sound=null defaults=0x0 flags=0x2a2 color=0x00000000 groupKey=com.tencent.android.qqdownloader vis=PRIVATE),1]
05-11 11:46:53.756 1508 1787 I commit_sys_config_file: [settings-1-0,2]
05-11 11:46:53.892 1508 1508 I GameModeConfig: isGameModeOn = true
05-11 11:46:53.892 1508 1508 I GameModeConfig: isGaming = false
05-11 11:46:54.098 1508 1787 I commit_sys_config_file: [settings-1-0,5]
01-01 08:20:02.282 0 0 E link_delay_work_func: DTC_ETH: SQI=0, link=0
05-11 11:46:55.113 1508 1833 I GameModeConfig: isGameModeOn = true
05-11 11:46:55.113 1508 1833 I GameModeConfig: isGaming = false
05-11 11:46:55.379 1508 1799 I input_interaction: Interaction with: ec4974b com.android.launcher3/com.android.launcher3.uioverrides.QuickstepLauncher (server), eb2e27d com.android.systemui.ImageWallpaper (server), edge-swipe (server), swipe-up (server), PointerEventDispatcher0 (server),
05-11 11:46:55.944 1508 10966 W ActivityTaskManager: Request to remove task ignored for non-existent task 24
05-11 11:46:55.944 1508 1833 I GameModeConfig: isGameModeOn = true
05-11 11:46:55.944 1508 1833 I GameModeConfig: isGaming = false
05-11 11:46:55.944 1508 10966 I wm_finish_activity: [0,12500382,17,com.qqgame.happymj/com.onevcat.uniwebview.AndroidPlugin,recent-task-trimmed]
05-11 11:46:55.947 1508 10966 I wm_destroy_activity: [0,12500382,17,com.qqgame.happymj/com.onevcat.uniwebview.AndroidPlugin,finish-imm:finishIfPossible]
05-11 11:46:55.949 1508 10966 W ActivityTaskManager: Request to remove task ignored for non-existent task 25
05-11 11:46:55.949 1508 10966 W ActivityTaskManager: Request to remove task ignored for non-existent task 27
05-11 11:46:55.951 1508 1644 I ActivityManager: Killing 11018:com.qqgame.happymj/u0a107 (adj 900): remove task
05-11 11:46:55.951 1508 1644 I am_kill : [0,11018,com.qqgame.happymj,900,remove task]
05-11 11:46:55.955 1508 1644 I sysui_multi_action: [757,803,799,window_time_0,802,11]
01-01 08:20:04.009 0 0 I init : Untracked pid 11376 received signal 9
01-01 08:20:04.169 0 0 I init : Untracked pid 11371 received signal 9
05-11 11:46:56.125 1508 12158 I am_proc_died: [0,11018,com.qqgame.happymj,900,19]
05-11 11:46:56.131 1508 1664 I ActivityManager: Process PhantomProcessRecord {af49923 11371:11018:debuggerd/u0a107} died
05-11 11:46:56.131 1508 1664 I ActivityManager: Process PhantomProcessRecord {ef02e07 11376:11018:debuggerd/u0a107} died
05-11 11:46:56.135 1508 10956 I WindowManager: WIN DEATH: Window{3ed7c6a u0 com.qqgame.happymj/com.onevcat.uniwebview.AndroidPlugin}
05-11 11:46:56.138 1508 12158 I am_uid_stopped: 10107
05-11 11:46:56.139 1508 12158 I wm_task_removed: [17,removeChild:removeChild last r=ActivityRecord{bebd9e u0 com.qqgame.happymj/com.onevcat.uniwebview.AndroidPlugin taskAffinity=10107:com.qqgame.happymj t-1 f}} in t=Task{2eb534 #17 type=standard A=10107:com.qqgame.happymj U=0 visible=false mode=fullscreen translucent=true sz=0 visible freeform task=true rootAffinity=10107:com.qqgame.happymj}]
05-11 11:46:56.139 1508 12158 I wm_task_removed: [17,removeChild]
05-11 11:46:56.141 1508 1644 W ActivityManager: setHasOverlayUi called on unknown pid: 11018
05-11 11:46:56.141 1508 1657 W UsageStatsService: Unexpected activity event reported! (com.qqgame.happymj/com.onevcat.uniwebview.AndroidPlugin event : 23 instanceId : 186205475)
05-11 11:46:56.142 1508 1645 W ActivityTaskManager: Can't find TaskDisplayArea to determine support for multi window. Task id=17 attached=false
05-11 11:46:56.142 1508 1645 W ActivityTaskManager: Can't find TaskDisplayArea to determine support for multi window. Task id=17 attached=false
05-11 11:46:56.659 1508 1893 I sync : [com.tencent.android.qqdownloader.YYBLiveAccountProvider,0,3,24220937]
05-11 11:46:56.664 1508 12158 W ActivityManager: Background start not allowed: service Intent { cmp=com.tencent.android.qqdownloader/com.tencent.assistant.sdk.SDKSupportService (has extras) } to com.tencent.android.qqdownloader/com.tencent.assistant.sdk.SDKSupportService from pid=3267 uid=10094 pkg=com.tencent.android.qqdownloader startFg?=false
05-11 11:46:56.668 1508 12158 W ActivityManager: Background start not allowed: service Intent { cmp=com.tencent.android.qqdownloader/com.tencent.assistant.sdk.SDKSupportService (has extras) } to com.tencent.android.qqdownloader/com.tencent.assistant.sdk.SDKSupportService from pid=3267 uid=10094 pkg=com.tencent.android.qqdownloader startFg?=false
05-11 11:46:56.673 1508 1893 I sync : [com.tencent.android.qqdownloader.YYBLiveAccountProvider,1,3,24220937]
05-11 11:46:56.674 1508 1893 I commit_sys_config_file: [sync-status,1186448]
05-11 11:46:56.678 1508 1893 I sync : [com.tencent.android.qqdownloader.YYBLiveAccountProvider,0,3,24220937]
05-11 11:46:56.681 1508 12402 W ActivityManager: Background start not allowed: service Intent { cmp=com.tencent.android.qqdownloader/com.tencent.assistant.sdk.SDKSupportService (has extras) } to com.tencent.android.qqdownloader/com.tencent.assistant.sdk.SDKSupportService from pid=3267 uid=10094 pkg=com.tencent.android.qqdownloader startFg?=false
05-11 11:46:56.684 1508 12402 W ActivityManager: Background start not allowed: service Intent { cmp=com.tencent.android.qqdownloader/com.tencent.assistant.sdk.SDKSupportService (has extras) } to com.tencent.android.qqdownloader/com.tencent.assistant.sdk.SDKSupportService from pid=3267 uid=10094 pkg=com.tencent.android.qqdownloader startFg?=false
05-11 11:46:56.691 1508 1893 I sync : [com.tencent.android.qqdownloader.YYBLiveAccountProvider,1,3,24220937]
05-11 11:46:56.692 1508 1893 I commit_sys_config_file: [sync-status,1186467]
05-11 11:46:56.716 1508 1659 W BroadcastQueue: Permission Denial: broadcasting Intent { act=android.net.conn.CONNECTIVITY_CHANGE flg=0x4200010 (has extras) } from null (pid=-1, uid=-1) requires com.baidu.appsearch.permission.sofire.RECEIVE due to registered receiver BroadcastFilter{c109ff1 10101/u0 ReceiverList{501fb98 4602 com.baidu.appsearch/10101/u0 remote:90c717b}}
05-11 11:46:56.738 1508 1659 W BroadcastQueue: Permission Denial: broadcasting Intent { act=android.net.conn.CONNECTIVITY_CHANGE flg=0x4200010 (has extras) } from null (pid=-1, uid=-1) requires com.baidu.input.permission.sofire.RECEIVE due to registered receiver BroadcastFilter{ce73944 10035/u0 ReceiverList{f66aa57 3407 com.baidu.input/10035/u0 remote:935b7d6}}
05-11 11:46:57.003 1508 12158 I thunderperf: PlatormCompat.setOverrides: Uid1=10072 Pid1=2644 Uid2=10072 Pid2=2644
05-11 11:46:57.003 1508 12158 I thunderperf: PlatormCompat.setOverrides: needCheck:false
05-11 11:46:57.003 1508 12158 I thunderperf: CompatConfig.addOverrideUnsafe: bef-state=0
05-11 11:46:57.003 1508 12158 I thunderperf: CompatConfig.addOverrideUnsafe: aft-state=0
05-11 11:46:57.003 1508 12158 I thunderperf: CompatConfig.addOverrideUnsafe: bef-state=0
05-11 11:46:57.003 1508 12158 I thunderperf: CompatConfig.addOverrideUnsafe: aft-state=0
05-11 11:46:57.003 1508 12158 I thunderperf: CompatConfig.addOverrideUnsafe: bef-state=0
05-11 11:46:57.003 1508 12158 I thunderperf: CompatConfig.addOverrideUnsafe: aft-state=0
05-11 11:46:57.004 1508 12158 I thunderperf: CompatConfig.addOverrideUnsafe: bef-state=0
05-11 11:46:57.004 1508 12158 I thunderperf: CompatConfig.addOverrideUnsafe: aft-state=0
05-11 11:46:57.004 1508 12158 I thunderperf: CompatConfig.addOverrideUnsafe: bef-state=0
05-11 11:46:57.004 1508 12158 I thunderperf: CompatConfig.addOverrideUnsafe: aft-state=0
05-11 11:46:57.004 1508 12158 I thunderperf: CompatConfig.addOverrideUnsafe: bef-state=0
05-11 11:46:57.004 1508 12158 I thunderperf: CompatConfig.addOverrideUnsafe: aft-state=0
05-11 11:46:57.004 1508 12158 I thunderperf: CompatConfig.addOverrideUnsafe: bef-state=0
05-11 11:46:57.004 1508 12158 I thunderperf: CompatConfig.addOverrideUnsafe: aft-state=0
05-11 11:46:57.005 1508 12158 I thunderperf: CompatConfig.addOverrideUnsafe: bef-state=0
05-11 11:46:57.005 1508 12158 I thunderperf: CompatConfig.addOverrideUnsafe: aft-state=0
05-11 11:46:57.005 1508 12158 I thunderperf: CompatConfig.addOverrideUnsafe: bef-state=0
05-11 11:46:57.005 1508 12158 I thunderperf: CompatConfig.addOverrideUnsafe: aft-state=0
05-11 11:46:57.005 1508 12158 I thunderperf: CompatConfig.addOverrideUnsafe: bef-state=0
05-11 11:46:57.005 1508 12158 I thunderperf: CompatConfig.addOverrideUnsafe: aft-state=0
05-11 11:46:57.005 1508 12158 I thunderperf: CompatConfig.addOverrideUnsafe: bef-state=0
05-11 11:46:57.005 1508 12158 I thunderperf: CompatConfig.addOverrideUnsafe: aft-state=0
05-11 11:46:57.006 1508 12158 I thunderperf: CompatConfig.addOverrideUnsafe: bef-state=0
05-11 11:46:57.006 1508 12158 I thunderperf: CompatConfig.addOverrideUnsafe: aft-state=0
05-11 11:46:57.006 1508 12158 I thunderperf: CompatConfig.addOverrideUnsafe: bef-state=0
05-11 11:46:57.006 1508 12158 I thunderperf: CompatConfig.addOverrideUnsafe: aft-state=0
05-11 11:46:57.006 1508 12158 I thunderperf: CompatConfig.addOverrideUnsafe: bef-state=0
05-11 11:46:57.006 1508 12158 I thunderperf: CompatConfig.addOverrideUnsafe: aft-state=0
05-11 11:46:57.009 1508 12158 I ActivityTaskManager: START u0 {act=android.intent.action.MAIN cat=[android.intent.category.LAUNCHER] flg=0x10200000 cmp=com.android.music/.MusicBrowserActivity bnds=[2306,340][2508,540]} from uid 10072
05-11 11:46:57.004 877 877 I auditd : type=1400 audit(0.0:11047): avc: denied { add_name } for comm="perf@2.2-servic" name="cpu_max_freq" scontext=u:r:vendor_hal_perf_default:s0 tcontext=u:object_r:vendor_sysfs_msm_perf:s0 tclass=dir permissive=1
05-11 11:46:57.004 877 877 I auditd : type=1400 audit(0.0:11048): avc: denied { create } for comm="perf@2.2-servic" name="cpu_max_freq" scontext=u:r:vendor_hal_perf_default:s0 tcontext=u:object_r:vendor_sysfs_msm_perf:s0 tclass=file permissive=1
05-11 11:46:57.012 1508 12158 I wm_task_created: [33,-1]
05-11 11:46:57.013 1508 12158 W ActivityTaskManager: Can't find TaskDisplayArea to determine support for multi window. Task id=33 attached=false
05-11 11:46:57.014 1508 12158 D CompatibilityChangeReporter: Compat change id reported: 174042980; UID 10080; state: DISABLED
05-11 11:46:57.014 1508 12158 D CompatibilityChangeReporter: Compat change id reported: 184838306; UID 10080; state: DISABLED
05-11 11:46:57.014 1508 12158 D CompatibilityChangeReporter: Compat change id reported: 185004937; UID 10080; state: DISABLED
05-11 11:46:57.015 1508 12158 D CompatibilityChangeReporter: Compat change id reported: 181136395; UID 10080; state: DISABLED
05-11 11:46:57.015 1508 12158 D CompatibilityChangeReporter: Compat change id reported: 174042936; UID 10080; state: DISABLED
05-11 11:46:57.015 1508 12158 I wm_task_moved: [33,1,6]
05-11 11:46:57.015 1508 12158 I wm_task_to_front: [0,33]
05-11 11:46:57.015 1508 12158 I wm_create_task: [0,33]
05-11 11:46:57.015 1508 12158 I wm_create_activity: [0,95255412,33,com.android.music/.MusicBrowserActivity,android.intent.action.MAIN,NULL,NULL,270532608]
05-11 11:46:57.015 1508 12158 I wm_task_moved: [33,1,6]
05-11 11:46:57.016 1508 12158 D CompatibilityChangeReporter: Compat change id reported: 168419799; UID 10080; state: DISABLED
05-11 11:46:57.016 1508 12158 I wm_pause_activity: [0,236925855,com.android.launcher3/.uioverrides.QuickstepLauncher,userLeaving=true,pauseBackTasks]
05-11 11:46:57.017 18015 18035 D PhoneStartingWindowTypeAlgorithm: preferredStartingWindowType newTask:true taskSwitch:true processRunning:true allowTaskSnapshot:true activityCreated:false useEmptySplashScreen:false legacySplashScreen:false topIsHome:false
05-11 11:46:57.017 18015 18035 D StartingSurfaceDrawer: addSplashScreen com.android.music theme=7f110009 task=33 suggestType=1
05-11 11:46:57.019 18015 18036 D StartingSurfaceDrawer: window attributes color: 0 icon null duration 0 brandImage null
05-11 11:46:57.020 18015 18036 D StartingSurfaceDrawer: The icon is not an AdaptiveIconDrawable
05-11 11:46:57.022 2644 2644 I wm_on_top_resumed_lost_called: [236925855,com.android.launcher3.uioverrides.QuickstepLauncher,topStateChangedWhenResumed]
05-11 11:46:57.022 2644 2644 I wm_on_paused_called: [236925855,com.android.launcher3.uioverrides.QuickstepLauncher,performPause]
05-11 11:46:57.022 1508 10966 I ActivityTaskManager: FOREGROUND_APPLICATION_CHANGED to com.android.music.MusicBrowserActivity
05-11 11:46:57.023 1508 10966 I ActivityTaskManager: The Process com.android.music Already Exists in BG. So sending its PID: 14513
05-11 11:46:57.023 1508 10966 I wm_add_to_stopping: [0,236925855,com.android.launcher3/.uioverrides.QuickstepLauncher,makeInvisible]
05-11 11:46:57.024 1508 10966 I wm_restart_activity: [0,95255412,33,com.android.music/.MusicBrowserActivity]
05-11 11:46:57.025 1508 10966 I wm_set_resumed_activity: [0,com.android.music/.MusicBrowserActivity,minimalResumeActivityLocked]
05-11 11:46:57.025 1508 1644 I am_uid_active: 10080
05-11 11:46:57.025 18015 18036 D StartingSurfaceDrawer: fillViewWithIcon surfaceWindowView android.window.SplashScreenView{843f9fb V.E...... ......ID 0,0-0,0}
05-11 11:46:57.030 1508 1644 I sysui_multi_action: [757,803,799,window_time_0,802,1]
05-11 11:46:57.045 1508 1799 I input_focus: [Focus leaving ec4974b com.android.launcher3/com.android.launcher3.uioverrides.QuickstepLauncher (server),reason=NO_WINDOW]
05-11 11:46:57.059 1508 12158 D CompatibilityChangeReporter: Compat change id reported: 149924527; UID 10080; state: ENABLED
05-11 11:46:57.059 1508 12158 D CompatibilityChangeReporter: Compat change id reported: 132649864; UID 10080; state: DISABLED
05-11 11:46:57.060 1508 10966 D CompatibilityChangeReporter: Compat change id reported: 182734110; UID 10080; state: ENABLED
05-11 11:46:57.081 14513 14513 I wm_on_create_called: [95255412,com.android.music.MusicBrowserActivity,performCreate]
05-11 11:46:57.091 14513 14513 I wm_on_start_called: [95255412,com.android.music.MusicBrowserActivity,handleStartActivity]
05-11 11:46:57.091 14513 14513 I wm_on_resume_called: [95255412,com.android.music.MusicBrowserActivity,RESUME_ACTIVITY]
05-11 11:46:57.095 14513 14513 I wm_on_top_resumed_gained_called: [95255412,com.android.music.MusicBrowserActivity,topStateChangedWhenResumed]
05-11 11:46:57.099 1508 1833 I GameModeConfig: isGameModeOn = true
05-11 11:46:57.099 1508 1833 I GameModeConfig: isGaming = false
05-11 11:46:57.099 1508 1833 I GameModeConfig: isGameModeOn = true
05-11 11:46:57.099 1508 1833 I GameModeConfig: isGaming = false
05-11 11:46:57.099 1508 1833 I GameModeConfig: isGameModeOn = true
05-11 11:46:57.099 1508 1833 I GameModeConfig: isGaming = false
05-11 11:46:57.099 1508 1833 I GameModeConfig: isGameModeOn = true
05-11 11:46:57.099 1508 1833 I GameModeConfig: isGaming = false
05-11 11:46:57.099 1508 1833 I GameModeConfig: isGameModeOn = true
05-11 11:46:57.099 1508 1833 I GameModeConfig: isGaming = false
05-11 11:46:57.100 1508 1833 I GameModeConfig: isGameModeOn = true
05-11 11:46:57.100 1508 1833 I GameModeConfig: isGaming = false
05-11 11:46:57.100 1508 1833 I GameModeConfig: isGameModeOn = true
05-11 11:46:57.100 1508 1833 I GameModeConfig: isGaming = false
05-11 11:46:57.100 1508 1833 I GameModeConfig: isGameModeOn = true
05-11 11:46:57.100 1508 1833 I GameModeConfig: isGaming = false
05-11 11:46:57.100 1508 1508 I notification_enqueue: [10080,14513,com.android.music,1,NULL,0,Notification(channel=Channel-music shortcut=null contentView=com.android.music/0x7f0c008a vibrate=null sound=null defaults=0x0 flags=0x0 color=0x00000000 vis=PRIVATE),0]
05-11 11:46:57.101 1508 1508 I notification_enqueue: [10080,14513,com.android.music,1,NULL,0,Notification(channel=Channel-music shortcut=null contentView=com.android.music/0x7f0c008a vibrate=null sound=null defaults=0x0 flags=0x40 color=0x00000000 vis=PRIVATE),0]
05-11 11:46:57.101 1508 1508 I sysui_multi_action: [757,128,758,5,759,8,793,1,794,0,795,1,796,1,806,com.android.music,857,Channel-music,858,2,947,0,1500,1]
05-11 11:46:57.101 1508 1508 I notification_canceled: [0|com.android.music|1|null|10080,8,1,1,0,-1,-1,NULL]
05-11 11:46:57.116 1508 1833 I GameModeConfig: isGameModeOn = true
05-11 11:46:57.116 1508 1833 I GameModeConfig: isGaming = false
05-11 11:46:57.116 1508 1833 I GameModeConfig: isGameModeOn = true
05-11 11:46:57.116 1508 1833 I GameModeConfig: isGaming = false
05-11 11:46:57.117 1508 1833 I GameModeConfig: isGameModeOn = true
05-11 11:46:57.117 1508 1833 I GameModeConfig: isGaming = false
05-11 11:46:57.117 1508 1833 I GameModeConfig: isGameModeOn = true
05-11 11:46:57.117 1508 1833 I GameModeConfig: isGaming = false
05-11 11:46:57.117 1508 1833 I GameModeConfig: isGameModeOn = true
05-11 11:46:57.117 1508 1833 I GameModeConfig: isGaming = false
05-11 11:46:57.117 1508 1833 I GameModeConfig: isGameModeOn = true
05-11 11:46:57.117 1508 1833 I GameModeConfig: isGaming = false
05-11 11:46:57.117 1508 1833 I GameModeConfig: isGameModeOn = true
05-11 11:46:57.117 1508 1833 I GameModeConfig: isGaming = false
05-11 11:46:57.117 1508 1833 I GameModeConfig: isGameModeOn = true
05-11 11:46:57.117 1508 1833 I GameModeConfig: isGaming = false
05-11 11:46:57.118 1508 1508 I notification_enqueue: [10080,14513,com.android.music,1,NULL,0,Notification(channel=Channel-music shortcut=null contentView=null vibrate=null sound=null defaults=0x0 flags=0x0 color=0x00000000 category=transport actions=5 vis=PRIVATE),0]
05-11 11:46:57.119 1508 1508 I notification_enqueue: [10080,14513,com.android.music,1,NULL,0,Notification(channel=Channel-music shortcut=null contentView=null vibrate=null sound=null defaults=0x0 flags=0x40 color=0x00000000 category=transport actions=5 vis=PRIVATE),0]
05-11 11:46:57.120 1508 1833 I GameModeConfig: isGameModeOn = true
05-11 11:46:57.120 1508 1833 I GameModeConfig: isGaming = false
05-11 11:46:57.120 1508 1833 I GameModeConfig: isGameModeOn = true
05-11 11:46:57.120 1508 1833 I GameModeConfig: isGaming = false
05-11 11:46:57.120 1508 1833 I GameModeConfig: isGameModeOn = true
05-11 11:46:57.120 1508 1833 I GameModeConfig: isGaming = false
05-11 11:46:57.120 1508 1833 I GameModeConfig: isGameModeOn = true
05-11 11:46:57.120 1508 1833 I GameModeConfig: isGaming = false
05-11 11:46:57.120 1508 1833 I GameModeConfig: isGameModeOn = true
05-11 11:46:57.120 1508 1833 I GameModeConfig: isGaming = false
05-11 11:46:57.120 1508 1833 I GameModeConfig: isGameModeOn = true
05-11 11:46:57.120 1508 1833 I GameModeConfig: isGaming = false
05-11 11:46:57.120 1508 1833 I GameModeConfig: isGameModeOn = true
05-11 11:46:57.120 1508 1833 I GameModeConfig: isGaming = false
05-11 11:46:57.120 1508 1833 I GameModeConfig: isGameModeOn = true
05-11 11:46:57.120 1508 1833 I GameModeConfig: isGaming = false
05-11 11:46:57.121 1508 1508 I notification_enqueue: [10080,14513,com.android.music,1,NULL,0,Notification(channel=Channel-music shortcut=null contentView=null vibrate=null sound=null defaults=0x0 flags=0x40 color=0x00000000 category=transport actions=5 vis=PRIVATE),0]
05-11 11:46:57.121 1508 1508 I notification_enqueue: [10080,14513,com.android.music,1,NULL,0,Notification(channel=Channel-music shortcut=null contentView=null vibrate=null sound=null defaults=0x0 flags=0x40 color=0x00000000 category=transport actions=5 vis=PRIVATE),0]
05-11 11:46:57.129 1508 1645 I input_focus: [Focus request fa4d9e9 com.android.music/com.android.music.MusicBrowserActivity,reason=UpdateInputWindows]
01-01 08:20:05.191 0 0 I binder : 14513:18228 ioctl 40046210 7b366191f4 returned -22
05-11 11:46:57.157 1508 1508 I sysui_multi_action: [757,128,758,5,759,8,793,39,794,0,795,39,796,1,806,com.android.music,857,Channel-music,858,2,947,0,1500,39,1641,transport,1688,1,1745,1043716538]
05-11 11:46:57.157 1508 1508 I notification_canceled: [0|com.android.music|1|null|10080,8,39,39,0,-1,-1,NULL]
05-11 11:46:57.158 18015 18035 D StartingSurfaceDrawer: Task start finish, remove starting surface for task 33
05-11 11:46:57.158 18015 18035 V StartingSurfaceDrawer: Removing splash screen window for task: 33
05-11 11:46:57.158 1508 1641 I sysui_multi_action: [319,28,321,26,322,147,325,1202,757,761,758,8,759,1,806,com.android.music,871,com.android.music.MusicBrowserActivity,904,com.android.launcher3,905,0,1320,4,1321,1]
05-11 11:46:57.159 1508 1641 I wm_activity_launch_time: [0,95255412,com.android.music/.MusicBrowserActivity,147]
05-11 11:46:57.161 1508 1799 I input_focus: [Focus entering fa4d9e9 com.android.music/com.android.music.MusicBrowserActivity (server),reason=setFocusedWindow]
05-11 11:46:57.301 1508 1508 I NotificationService: Cannot find enqueued record for key: 0|com.android.music|1|null|10080
05-11 11:46:57.302 1508 1508 I NotificationService: Cannot find enqueued record for key: 0|com.android.music|1|null|10080
05-11 11:46:57.319 1508 1508 I NotificationService: Cannot find enqueued record for key: 0|com.android.music|1|null|10080
05-11 11:46:57.319 1508 1508 I NotificationService: Cannot find enqueued record for key: 0|com.android.music|1|null|10080
05-11 11:46:57.321 1508 1508 I NotificationService: Cannot find enqueued record for key: 0|com.android.music|1|null|10080
05-11 11:46:57.322 1508 1508 I NotificationService: Cannot find enqueued record for key: 0|com.android.music|1|null|10080
05-11 11:46:57.460 0 0 I auditd : type=1400 audit(0.0:11049): avc: denied { kill } for comm="swapper/7" capability=5 scontext=u:r:kernel:s0 tcontext=u:r:kernel:s0 tclass=capability permissive=1
05-11 11:46:57.562 1508 1644 I wm_stop_activity: [0,236925855,com.android.launcher3/.uioverrides.QuickstepLauncher]
05-11 11:46:57.586 2644 2644 I wm_on_stop_called: [236925855,com.android.launcher3.uioverrides.QuickstepLauncher,STOP_ACTIVITY_ITEM]
05-11 11:46:58.577 1508 1799 I input_interaction: Interaction with: fa4d9e9 com.android.music/com.android.music.MusicBrowserActivity (server), edge-swipe (server), swipe-up (server), PointerEventDispatcher0 (server),
05-11 11:46:58.676 1508 1643 I commit_sys_config_file: [jobs,2]
01-01 08:20:07.401 0 0 E link_delay_work_func: DTC_ETH: SQI=0, link=0
05-11 11:46:59.458 1508 1659 I am_uid_idle: 10066
05-11 11:46:59.795 1508 1833 I GameModeConfig: isGameModeOn = true
05-11 11:46:59.795 1508 1833 I GameModeConfig: isGaming = false
05-11 11:46:59.795 1508 1833 I GameModeConfig: isGameModeOn = true
05-11 11:46:59.795 1508 1833 I GameModeConfig: isGaming = false
05-11 11:46:59.795 1508 1833 I GameModeConfig: isGameModeOn = true
05-11 11:46:59.795 1508 1833 I GameModeConfig: isGaming = false
05-11 11:46:59.795 1508 1833 I GameModeConfig: isGameModeOn = true
05-11 11:46:59.795 1508 1833 I GameModeConfig: isGaming = false
05-11 11:46:59.795 1508 1833 I GameModeConfig: isGameModeOn = true
05-11 11:46:59.795 1508 1833 I GameModeConfig: isGaming = false
05-11 11:46:59.795 1508 1833 I GameModeConfig: isGameModeOn = true
05-11 11:46:59.795 1508 1833 I GameModeConfig: isGaming = false
05-11 11:46:59.795 1508 1833 I GameModeConfig: isGameModeOn = true
05-11 11:46:59.795 1508 1833 I GameModeConfig: isGaming = false
05-11 11:46:59.795 1508 1833 I GameModeConfig: isGameModeOn = true
05-11 11:46:59.795 1508 1833 I GameModeConfig: isGaming = false
05-11 11:46:59.796 1508 1508 I notification_enqueue: [10080,14513,com.android.music,1,NULL,0,Notification(channel=Channel-music shortcut=null contentView=null vibrate=null sound=null defaults=0x0 flags=0x40 color=0x00000000 category=transport actions=5 vis=PRIVATE),0]
05-11 11:46:59.797 1508 1508 I notification_enqueue: [10080,14513,com.android.music,1,NULL,0,Notification(channel=Channel-music shortcut=null contentView=null vibrate=null sound=null defaults=0x0 flags=0x40 color=0x00000000 category=transport actions=5 vis=PRIVATE),0]
05-11 11:46:59.886 1508 1659 I am_uid_idle: 10096
05-11 11:46:59.886 1508 1659 I am_stop_idle_service: [10096,com.tencent.mm/com.tencent.matrix.lifecycle.supervisor.SupervisorService]
05-11 11:46:59.886 1508 1659 W ActivityManager: Stopping service due to app idle: u0a96 -11m48s796ms com.tencent.mm/com.tencent.matrix.lifecycle.supervisor.SupervisorService
05-11 11:46:59.886 1508 1659 I am_stop_idle_service: [10096,com.tencent.mm/.service.ProcessService$MMProcessService]
05-11 11:46:59.886 1508 1659 W ActivityManager: Stopping service due to app idle: u0a96 -1m15s402ms com.tencent.mm/.service.ProcessService$MMProcessService
05-11 11:46:59.890 1508 10401 W ActivityManager: Receiver with filter android.content.IntentFilter@f36decb already registered for pid 4689, callerPackage is com.tencent.mm
05-11 11:46:59.997 1508 1508 I sysui_multi_action: [757,1501,758,1,793,201,794,0,795,201,796,1,806,com.android.music,857,Channel-music,858,2,947,0,1500,0,1641,transport,1688,1,1745,1043716538]
05-11 11:46:59.997 1508 1508 I sysui_multi_action: [757,804,799,note_interruptive,801,0,802,1]
05-11 11:46:59.997 1508 1508 I GameModeConfig: isGameModeOn = true
05-11 11:46:59.997 1508 1508 I GameModeConfig: isGaming = false
05-11 11:46:59.999 1508 1508 W NotificationHistory: Attempted to add notif for locked/gone/disabled user 0
05-11 11:46:59.999 1508 1508 I GameModeConfig: isGameModeOn = true
05-11 11:46:59.999 1508 1508 I GameModeConfig: isGaming = false
05-11 11:47:00.038 1508 1508 I sysui_multi_action: [757,128,758,5,759,8,793,1194811,794,0,795,15177,796,1,797,empty_media,806,com.android.systemui,857,empty_media_style_id,858,4,946,empty_media,947,0,1500,15177,1641,transport,1688,1,1745,1043716538]
05-11 11:47:00.038 1508 1508 I notification_canceled: [0|com.android.systemui|1|empty_media|10078,8,1194811,15177,0,-1,-1,NULL]
05-11 11:47:00.040 1508 1508 D CompatibilityChangeReporter: Compat change id reported: 175319604; UID 10078; state: ENABLED
05-11 11:47:01.130 1508 1508 I notification_enqueue: [10080,14513,com.android.music,1,NULL,0,Notification(channel=Channel-music shortcut=null contentView=null vibrate=null sound=null defaults=0x0 flags=0x62 color=0x00000000 category=transport actions=5 vis=PRIVATE),1]
05-11 11:47:01.168 1508 1659 I am_uid_running: 10027
05-11 11:47:01.168 1508 1659 D CompatibilityChangeReporter: Compat change id reported: 135634846; UID 10027; state: DISABLED
05-11 11:47:01.168 1508 1659 D CompatibilityChangeReporter: Compat change id reported: 177438394; UID 10027; state: DISABLED
05-11 11:47:01.168 1508 1659 D CompatibilityChangeReporter: Compat change id reported: 135772972; UID 10027; state: DISABLED
05-11 11:47:01.168 1508 1659 D CompatibilityChangeReporter: Compat change id reported: 135754954; UID 10027; state: ENABLED
05-11 11:47:01.169 1508 1660 D CompatibilityChangeReporter: Compat change id reported: 143937733; UID 10027; state: ENABLED
05-11 11:47:01.174 1508 1660 I am_proc_start: [0,18261,10027,com.android.musicfx,broadcast,{com.android.musicfx/com.android.musicfx.ControlPanelReceiver}]
05-11 11:47:01.174 1508 1660 I ActivityManager: Start proc 18261:com.android.musicfx/u0a27 for broadcast {com.android.musicfx/com.android.musicfx.ControlPanelReceiver}
01-01 08:20:09.236 0 0 I binder : 18261:18261 ioctl 40046210 7ffe05b4f4 returned -22
05-11 11:47:01.193 1508 10966 I am_proc_bound: [0,18261,com.android.musicfx]
05-11 11:47:01.194 1508 10966 D CompatibilityChangeReporter: Compat change id reported: 168419799; UID 10027; state: DISABLED
05-11 11:47:01.224 1508 1833 I GameModeConfig: isGameModeOn = true
05-11 11:47:01.224 1508 1833 I GameModeConfig: isGaming = false
05-11 11:47:01.224 1508 1833 I GameModeConfig: isGameModeOn = true
05-11 11:47:01.224 1508 1833 I GameModeConfig: isGaming = false
05-11 11:47:01.225 1508 1833 I GameModeConfig: isGameModeOn = true
05-11 11:47:01.225 1508 1833 I GameModeConfig: isGaming = false
05-11 11:47:01.225 1508 1833 I GameModeConfig: isGameModeOn = true
05-11 11:47:01.225 1508 1833 I GameModeConfig: isGaming = false
05-11 11:47:01.225 1508 1833 I GameModeConfig: isGameModeOn = true
05-11 11:47:01.225 1508 1833 I GameModeConfig: isGaming = false
05-11 11:47:01.225 1508 1833 I GameModeConfig: isGameModeOn = true
05-11 11:47:01.225 1508 1833 I GameModeConfig: isGaming = false
05-11 11:47:01.225 1508 1833 I GameModeConfig: isGameModeOn = true
05-11 11:47:01.225 1508 1833 I GameModeConfig: isGaming = false
05-11 11:47:01.225 1508 1833 I GameModeConfig: isGameModeOn = true
05-11 11:47:01.225 1508 1833 I GameModeConfig: isGaming = false
05-11 11:47:01.238 1508 1508 I notification_enqueue: [10080,14513,com.android.music,1,NULL,0,Notification(channel=Channel-music shortcut=null contentView=null vibrate=null sound=null defaults=0x0 flags=0x2 color=0x00000000 category=transport actions=5 vis=PRIVATE),1]
05-11 11:47:01.331 1508 1508 I GameModeConfig: isGameModeOn = true
05-11 11:47:01.331 1508 1508 I GameModeConfig: isGaming = false
05-11 11:47:01.424 1508 1787 I commit_sys_config_file: [settings-2-0,3]
05-11 11:47:01.439 1508 1508 I sysui_multi_action: [757,1501,758,1,793,1643,794,0,795,201,796,1,806,com.android.music,857,Channel-music,858,2,947,0,1500,0,1641,transport,1688,1,1745,1043716538]
05-11 11:47:01.439 1508 1508 I sysui_multi_action: [757,804,799,note_interruptive,801,0,802,1]
05-11 11:47:01.439 1508 1508 I GameModeConfig: isGameModeOn = true
05-11 11:47:01.439 1508 1508 I GameModeConfig: isGaming = false
05-11 11:47:01.440 1508 1508 W NotificationHistory: Attempted to add notif for locked/gone/disabled user 0
05-11 11:47:01.460 0 0 I auditd : type=1400 audit(0.0:11050): avc: denied { kill } for comm="swapper/6" capability=5 scontext=u:r:kernel:s0 tcontext=u:r:kernel:s0 tclass=capability permissive=1
05-11 11:47:03.724 1508 1657 I UsageStatsService: User[0] Flushing usage stats to disk
05-11 11:47:04.124 13014 13014 I auditd : type=1400 audit(0.0:11051): avc: denied { open } for comm="ss.android.lark" path="/proc/vmstat" dev="proc" ino=4026531858 scontext=u:r:untrusted_app:s0:c113,c256,c512,c768 tcontext=u:object_r:proc_vmstat:s0 tclass=file permissive=1 app=com.ss.android.lark
05-11 11:47:04.124 13014 13014 I auditd : type=1400 audit(0.0:11052): avc: denied { getattr } for comm="ss.android.lark" path="/proc/vmstat" dev="proc" ino=4026531858 scontext=u:r:untrusted_app:s0:c113,c256,c512,c768 tcontext=u:object_r:proc_vmstat:s0 tclass=file permissive=1 app=com.ss.android.lark
05-11 11:47:04.467 1508 10401 I wm_task_moved: [1,0,0]
05-11 11:47:04.467 1508 10401 I wm_task_moved: [1,0,5]
01-01 08:20:12.526 0 0 E link_delay_work_func: DTC_ETH: SQI=0, link=0
05-11 11:47:04.486 2644 2644 I wm_on_restart_called: [236925855,com.android.launcher3.uioverrides.QuickstepLauncher,performRestartActivity]
05-11 11:47:04.499 2644 2644 I wm_on_start_called: [236925855,com.android.launcher3.uioverrides.QuickstepLauncher,handleStartActivity]
05-11 11:47:04.500 14513 14513 I view_enqueue_input_event: [Motion - Cancel,com.android.music/com.android.music.MusicBrowserActivity]
05-11 11:47:04.500 1508 9678 W ActivityTaskManager: getTaskSnapshot: taskId=437 not found
05-11 11:47:04.501 1508 1641 D AutofillManagerService: Close system dialogs
05-11 11:47:04.503 1508 9678 W ActivityTaskManager: getTaskSnapshot: taskId=437 not found
05-11 11:47:04.503 1508 10401 W ActivityTaskManager: getTaskSnapshot: taskId=437 not found
05-11 11:47:04.504 1508 10401 W ActivityTaskManager: getTaskSnapshot: taskId=437 not found
05-11 11:47:04.504 1508 9678 W ActivityTaskManager: getTaskSnapshot: taskId=437 not found
05-11 11:47:04.506 2644 2644 I sysui_latency: [1,47]
05-11 11:47:04.510 1508 1799 I input_interaction: Interaction with: edge-swipe (server), swipe-up (server), PointerEventDispatcher0 (server),
05-11 11:47:04.513 1508 1645 I input_focus: [Focus request recents_animation_input_consumer,reason=UpdateInputWindows]
05-11 11:47:04.514 1508 1641 I sysui_multi_action: [319,11,322,44,325,1209,757,761,758,9,759,5,806,com.android.launcher3,871,com.android.launcher3.uioverrides.QuickstepLauncher,905,0,1320,4,1321,1]
05-11 11:47:04.517 1508 10401 W ActivityTaskManager: getTaskSnapshot: taskId=484 not found
05-11 11:47:04.518 1508 10401 W ActivityTaskManager: getTaskSnapshot: taskId=484 not found
05-11 11:47:04.518 1508 10401 W ActivityTaskManager: getTaskSnapshot: taskId=484 not found
05-11 11:47:04.518 1508 10401 W ActivityTaskManager: getTaskSnapshot: taskId=484 not found
05-11 11:47:04.519 1508 10401 W ActivityTaskManager: getTaskSnapshot: taskId=484 not found
05-11 11:47:04.528 1508 1799 I input_focus: [Focus leaving fa4d9e9 com.android.music/com.android.music.MusicBrowserActivity (server),reason=NOT_FOCUSABLE]
05-11 11:47:04.528 1508 1799 I input_focus: [Focus entering recents_animation_input_consumer (server),reason=setFocusedWindow]
05-11 11:47:04.700 1508 1787 I commit_sys_config_file: [settings-1-0,2]
05-11 11:47:04.814 1508 1657 I sysui_latency: [8,50]
05-11 11:47:05.178 1508 10401 I wm_task_moved: [1,1,6]
05-11 11:47:05.179 1508 10401 I wm_task_moved: [8,1,2147483647]
05-11 11:47:05.179 1508 10401 I wm_task_to_front: [0,8]
05-11 11:47:05.179 1508 10401 I wm_focused_root_task: [0,0,1,33,RecentsAnimation.onAnimationFinished()]
05-11 11:47:05.179 1508 10401 I wm_set_resumed_activity: [0,com.android.launcher3/.uioverrides.QuickstepLauncher,RecentsAnimation.onAnimationFinished()]
05-11 11:47:05.180 1508 10401 I wm_pause_activity: [0,95255412,com.android.music/.MusicBrowserActivity,userLeaving=true,pauseBackTasks]
05-11 11:47:05.181 1508 10401 I wm_add_to_stopping: [0,95255412,com.android.music/.MusicBrowserActivity,makeInvisible]
05-11 11:47:05.181 1508 10401 I ActivityTaskManager: FOREGROUND_APPLICATION_CHANGED to com.android.launcher3.uioverrides.QuickstepLauncher
05-11 11:47:05.181 1508 10401 I wm_set_resumed_activity: [0,com.android.launcher3/.uioverrides.QuickstepLauncher,resumeTopActivityInnerLocked]
05-11 11:47:05.184 1508 10401 I service_manager_stats: [100,33,63975]
05-11 11:47:05.184 1508 10401 I wm_resume_activity: [0,236925855,8,com.android.launcher3/.uioverrides.QuickstepLauncher]
05-11 11:47:05.188 1508 1645 I input_focus: [Focus request ec4974b com.android.launcher3/com.android.launcher3.uioverrides.QuickstepLauncher,reason=UpdateInputWindows]
05-11 11:47:05.188 2644 2644 I wm_on_resume_called: [236925855,com.android.launcher3.uioverrides.QuickstepLauncher,RESUME_ACTIVITY]
05-11 11:47:05.192 1508 1644 I wm_stop_activity: [0,95255412,com.android.music/.MusicBrowserActivity]
05-11 11:47:05.192 1508 1644 I sysui_multi_action: [757,803,799,window_time_0,802,8]
05-11 11:47:05.194 1508 1799 I input_focus: [Focus leaving recents_animation_input_consumer (server),reason=NOT_VISIBLE]
05-11 11:47:05.194 14513 14513 I wm_on_top_resumed_lost_called: [95255412,com.android.music.MusicBrowserActivity,topStateChangedWhenResumed]
05-11 11:47:05.195 14513 14513 I wm_on_paused_called: [95255412,com.android.music.MusicBrowserActivity,performPause]
05-11 11:47:05.196 2644 2644 I wm_on_top_resumed_gained_called: [236925855,com.android.launcher3.uioverrides.QuickstepLauncher,topStateChangedWhenResumed]
05-11 11:47:05.196 1508 1644 I sysui_multi_action: [757,803,799,window_time_0,802,0]
05-11 11:47:05.208 1508 1657 I am_pss : [15205,10109,com.qqgame.mic:estPlugin,65592320,53846016,31744,193601536,0,19,10]
05-11 11:47:05.210 1508 1799 I input_focus: [Focus entering ec4974b com.android.launcher3/com.android.launcher3.uioverrides.QuickstepLauncher (server),reason=setFocusedWindow]
05-11 11:47:05.221 14513 14513 I wm_on_stop_called: [95255412,com.android.music.MusicBrowserActivity,STOP_ACTIVITY_ITEM]
05-11 11:47:05.354 1508 1799 I input_interaction: Interaction with: ec4974b com.android.launcher3/com.android.launcher3.uioverrides.QuickstepLauncher (server), eb2e27d com.android.systemui.ImageWallpaper (server), edge-swipe (server), swipe-up (server), PointerEventDispatcher0 (server),
05-11 11:47:05.460 0 0 I auditd : type=1400 audit(0.0:11053): avc: denied { kill } for comm="swapper/4" capability=5 scontext=u:r:kernel:s0 tcontext=u:r:kernel:s0 tclass=capability permissive=1
05-11 11:47:06.470 1508 10954 W ActivityManager: Background start not allowed: service Intent { cmp=com.tencent.android.qqdownloader/com.tencent.assistant.main.MainService } to com.tencent.android.qqdownloader/com.tencent.assistant.main.MainService from pid=3484 uid=10094 pkg=com.tencent.android.qqdownloader startFg?=false
05-11 11:47:06.472 1508 10954 W ActivityManager: Background start not allowed: service Intent { cmp=com.tencent.android.qqdownloader/com.tencent.assistant.main.MainService } to com.tencent.android.qqdownloader/com.tencent.assistant.main.MainService from pid=3484 uid=10094 pkg=com.tencent.android.qqdownloader startFg?=false
05-11 11:47:06.627 1508 9678 I thunderperf: PlatormCompat.setOverrides: Uid1=10072 Pid1=2644 Uid2=10072 Pid2=2644
05-11 11:47:06.627 1508 9678 I thunderperf: PlatormCompat.setOverrides: needCheck:false
05-11 11:47:06.627 1508 9678 I thunderperf: CompatConfig.addOverrideUnsafe: bef-state=0
05-11 11:47:06.627 1508 9678 I thunderperf: CompatConfig.addOverrideUnsafe: aft-state=0
05-11 11:47:06.628 1508 9678 I thunderperf: CompatConfig.addOverrideUnsafe: bef-state=0
05-11 11:47:06.628 1508 9678 I thunderperf: CompatConfig.addOverrideUnsafe: aft-state=0
05-11 11:47:06.629 1508 9678 I thunderperf: CompatConfig.addOverrideUnsafe: bef-state=0
05-11 11:47:06.629 1508 9678 I thunderperf: CompatConfig.addOverrideUnsafe: aft-state=0
05-11 11:47:06.629 1508 9678 I thunderperf: CompatConfig.addOverrideUnsafe: bef-state=0
05-11 11:47:06.629 1508 9678 I thunderperf: CompatConfig.addOverrideUnsafe: aft-state=0
05-11 11:47:06.630 1508 9678 I thunderperf: CompatConfig.addOverrideUnsafe: bef-state=0
05-11 11:47:06.630 1508 9678 I thunderperf: CompatConfig.addOverrideUnsafe: aft-state=0
05-11 11:47:06.630 1508 9678 I thunderperf: CompatConfig.addOverrideUnsafe: bef-state=0
05-11 11:47:06.630 1508 9678 I thunderperf: CompatConfig.addOverrideUnsafe: aft-state=0
05-11 11:47:06.631 1508 9678 I thunderperf: CompatConfig.addOverrideUnsafe: bef-state=0
05-11 11:47:06.631 1508 9678 I thunderperf: CompatConfig.addOverrideUnsafe: aft-state=0
05-11 11:47:06.631 1508 9678 I thunderperf: CompatConfig.addOverrideUnsafe: bef-state=0
05-11 11:47:06.631 1508 9678 I thunderperf: CompatConfig.addOverrideUnsafe: aft-state=0
05-11 11:47:06.632 1508 9678 I thunderperf: CompatConfig.addOverrideUnsafe: bef-state=0
05-11 11:47:06.632 1508 9678 I thunderperf: CompatConfig.addOverrideUnsafe: aft-state=0
05-11 11:47:06.632 1508 9678 I thunderperf: CompatConfig.addOverrideUnsafe: bef-state=0
05-11 11:47:06.632 1508 9678 I thunderperf: CompatConfig.addOverrideUnsafe: aft-state=0
05-11 11:47:06.632 1508 9678 I thunderperf: CompatConfig.addOverrideUnsafe: bef-state=0
05-11 11:47:06.632 1508 9678 I thunderperf: CompatConfig.addOverrideUnsafe: aft-state=0
05-11 11:47:06.633 1508 9678 I thunderperf: CompatConfig.addOverrideUnsafe: bef-state=0
05-11 11:47:06.633 1508 9678 I thunderperf: CompatConfig.addOverrideUnsafe: aft-state=0
05-11 11:47:06.633 1508 9678 I thunderperf: CompatConfig.addOverrideUnsafe: bef-state=0
05-11 11:47:06.633 1508 9678 I thunderperf: CompatConfig.addOverrideUnsafe: aft-state=0
05-11 11:47:06.633 1508 9678 I thunderperf: CompatConfig.addOverrideUnsafe: bef-state=0
05-11 11:47:06.633 1508 9678 I thunderperf: CompatConfig.addOverrideUnsafe: aft-state=0
05-11 11:47:06.635 1508 9678 I ActivityTaskManager: START u0 {act=android.intent.action.MAIN cat=[android.intent.category.LAUNCHER] flg=0x10200000 cmp=com.android.music/.MusicBrowserActivity} from uid 10072
05-11 11:47:06.636 1508 9678 I wm_task_moved: [33,1,6]
05-11 11:47:06.636 1508 9678 I wm_task_to_front: [0,33]
05-11 11:47:06.636 1508 9678 I wm_focused_root_task: [0,0,33,1,bringingFoundTaskToFront]
05-11 11:47:06.637 1508 9678 I wm_set_resumed_activity: [0,com.android.music/.MusicBrowserActivity,bringingFoundTaskToFront]
05-11 11:47:06.639 1508 9678 I ActivityTaskManager: clear resize flag in freeform mode
05-11 11:47:06.639 1508 9678 I ActivityTaskManager: FOREGROUND_APPLICATION_CHANGED to com.android.music.MusicBrowserActivity
05-11 11:47:06.639 1508 9678 I wm_set_resumed_activity: [0,com.android.music/.MusicBrowserActivity,resumeTopActivityInnerLocked]
05-11 11:47:06.640 1508 9678 I wm_resume_activity: [0,95255412,33,com.android.music/.MusicBrowserActivity]
05-11 11:47:06.640 1508 12402 W ActivityManager: Receiver with filter android.content.IntentFilter@be5a436 already registered for pid 14513, callerPackage is com.android.music
05-11 11:47:06.641 1508 9678 I wm_new_intent: [0,95255412,33,com.android.music/.MusicBrowserActivity,android.intent.action.MAIN,NULL,NULL,270532608]
05-11 11:47:06.644 2644 2644 I wm_on_top_resumed_lost_called: [236925855,com.android.launcher3.uioverrides.QuickstepLauncher,topStateChangedWhenResumed]
05-11 11:47:06.666 14513 14513 I wm_on_restart_called: [95255412,com.android.music.MusicBrowserActivity,performRestartActivity]
05-11 11:47:06.668 14513 14513 I wm_on_start_called: [95255412,com.android.music.MusicBrowserActivity,handleStartActivity]
05-11 11:47:06.668 14513 14513 I wm_on_resume_called: [95255412,com.android.music.MusicBrowserActivity,RESUME_ACTIVITY]
05-11 11:47:06.670 14513 14513 I wm_on_paused_called: [95255412,com.android.music.MusicBrowserActivity,performPause]
05-11 11:47:06.676 14513 14513 I wm_on_resume_called: [95255412,com.android.music.MusicBrowserActivity,LIFECYCLER_RESUME_ACTIVITY]
05-11 11:47:06.676 14513 14513 I wm_on_top_resumed_gained_called: [95255412,com.android.music.MusicBrowserActivity,topStateChangedWhenResumed]
05-11 11:47:06.682 1508 1645 I input_focus: [Focus request fa4d9e9 com.android.music/com.android.music.MusicBrowserActivity,reason=UpdateInputWindows]
05-11 11:47:06.691 1508 1833 I GameModeConfig: isGameModeOn = true
05-11 11:47:06.691 1508 1833 I GameModeConfig: isGaming = false
05-11 11:47:06.691 1508 1833 I GameModeConfig: isGameModeOn = true
05-11 11:47:06.691 1508 1833 I GameModeConfig: isGaming = false
05-11 11:47:06.691 1508 1833 I GameModeConfig: isGameModeOn = true
05-11 11:47:06.691 1508 1833 I GameModeConfig: isGaming = false
