05-11 11:47:06.691 1508 1833 I GameModeConfig: isGameModeOn = true
05-11 11:47:06.691 1508 1833 I GameModeConfig: isGaming = false
05-11 11:47:06.691 1508 1833 I GameModeConfig: isGameModeOn = true
05-11 11:47:06.691 1508 1833 I GameModeConfig: isGaming = false
05-11 11:47:06.691 1508 1833 I GameModeConfig: isGameModeOn = true
05-11 11:47:06.691 1508 1833 I GameModeConfig: isGaming = false
05-11 11:47:06.691 1508 1833 I GameModeConfig: isGameModeOn = true
05-11 11:47:06.691 1508 1833 I GameModeConfig: isGaming = false
05-11 11:47:06.692 1508 1833 I GameModeConfig: isGameModeOn = true
05-11 11:47:06.692 1508 1833 I GameModeConfig: isGaming = false
05-11 11:47:06.695 1508 1799 I input_focus: [Focus leaving ec4974b com.android.launcher3/com.android.launcher3.uioverrides.QuickstepLauncher (server),reason=Waiting for window because NOT_VISIBLE]
05-11 11:47:06.697 1508 1641 I sysui_multi_action: [319,60,322,59,325,1211,757,761,758,9,759,2,806,com.android.music,871,com.android.music.MusicBrowserActivity,904,com.android.launcher3,905,0,1320,4,1321,1]
05-11 11:47:06.706 1508 1508 I notification_enqueue: [10080,14513,com.android.music,1,NULL,0,Notification(channel=Channel-music shortcut=null contentView=null vibrate=null sound=null defaults=0x0 flags=0x2 color=0x00000000 category=transport actions=5 vis=PRIVATE),1]
05-11 11:47:06.707 1508 1508 I notification_enqueue: [10080,14513,com.android.music,1,NULL,0,Notification(channel=Channel-music shortcut=null contentView=null vibrate=null sound=null defaults=0x0 flags=0x42 color=0x00000000 category=transport actions=5 vis=PRIVATE),1]
05-11 11:47:06.710 1508 1799 I input_focus: [Focus entering fa4d9e9 com.android.music/com.android.music.MusicBrowserActivity (server),reason=Window became focusable. Previous reason: NOT_VISIBLE]
05-11 11:47:06.723 1508 1833 I GameModeConfig: isGameModeOn = true
05-11 11:47:06.724 1508 1833 I GameModeConfig: isGaming = false
05-11 11:47:06.724 1508 1833 I GameModeConfig: isGameModeOn = true
05-11 11:47:06.724 1508 1833 I GameModeConfig: isGaming = false
05-11 11:47:06.724 1508 1833 I GameModeConfig: isGameModeOn = true
05-11 11:47:06.724 1508 1833 I GameModeConfig: isGaming = false
05-11 11:47:06.724 1508 1833 I GameModeConfig: isGameModeOn = true
05-11 11:47:06.724 1508 1833 I GameModeConfig: isGaming = false
05-11 11:47:06.724 1508 1833 I GameModeConfig: isGameModeOn = true
05-11 11:47:06.724 1508 1833 I GameModeConfig: isGaming = false
05-11 11:47:06.724 1508 1833 I GameModeConfig: isGameModeOn = true
05-11 11:47:06.724 1508 1833 I GameModeConfig: isGaming = false
05-11 11:47:06.724 1508 1833 I GameModeConfig: isGameModeOn = true
05-11 11:47:06.724 1508 1833 I GameModeConfig: isGaming = false
05-11 11:47:06.724 1508 1833 I GameModeConfig: isGameModeOn = true
05-11 11:47:06.724 1508 1833 I GameModeConfig: isGaming = false
05-11 11:47:06.735 1508 1508 I notification_enqueue: [10080,14513,com.android.music,1,NULL,0,Notification(channel=Channel-music shortcut=null contentView=null vibrate=null sound=null defaults=0x0 flags=0x42 color=0x00000000 category=transport actions=5 vis=PRIVATE),1]
05-11 11:47:06.736 1508 1508 I notification_enqueue: [10080,14513,com.android.music,1,NULL,0,Notification(channel=Channel-music shortcut=null contentView=null vibrate=null sound=null defaults=0x0 flags=0x42 color=0x00000000 category=transport actions=5 vis=PRIVATE),1]
05-11 11:47:06.907 1508 1508 I GameModeConfig: isGameModeOn = true
05-11 11:47:06.907 1508 1508 I GameModeConfig: isGaming = false
05-11 11:47:06.908 1508 1508 I GameModeConfig: isGameModeOn = true
05-11 11:47:06.908 1508 1508 I GameModeConfig: isGaming = false
05-11 11:47:06.936 1508 1508 I GameModeConfig: isGameModeOn = true
05-11 11:47:06.936 1508 1508 I GameModeConfig: isGaming = false
05-11 11:47:06.937 1508 1508 I GameModeConfig: isGameModeOn = true
05-11 11:47:06.937 1508 1508 I GameModeConfig: isGaming = false
05-11 11:47:09.460 0 0 I auditd : type=1400 audit(0.0:11054): avc: denied { kill } for comm="swapper/4" capability=5 scontext=u:r:kernel:s0 tcontext=u:r:kernel:s0 tclass=capability permissive=1
01-01 08:20:17.642 0 0 E link_delay_work_func: DTC_ETH: SQI=0, link=0
05-11 11:47:11.545 1508 1641 D AutofillManagerService: Close system dialogs
05-11 11:47:11.545 1508 1799 I input_interaction: Interaction with: edge-swipe (server), swipe-up (server), PointerEventDispatcher0 (server),
05-11 11:47:11.547 2644 2644 I view_enqueue_input_event: [Motion - Cancel,com.android.launcher3/com.android.launcher3.uioverrides.QuickstepLauncher]
05-11 11:47:11.551 1508 10954 W ActivityTaskManager: getTaskSnapshot: taskId=517 not found
05-11 11:47:11.552 1508 10954 W ActivityTaskManager: getTaskSnapshot: taskId=518 not found
05-11 11:47:11.554 1508 9678 W ActivityTaskManager: getTaskSnapshot: taskId=518 not found
05-11 11:47:11.554 1508 9678 W ActivityTaskManager: getTaskSnapshot: taskId=518 not found
05-11 11:47:11.631 1508 9678 I wm_finish_activity: [0,95255412,33,com.android.music/.MusicBrowserActivity,finish-activity]
05-11 11:47:11.631 1508 9678 I wm_task_moved: [1,1,6]
05-11 11:47:11.632 1508 9678 I wm_set_resumed_activity: [0,com.android.launcher3/.uioverrides.QuickstepLauncher,positionChildAt]
05-11 11:47:11.632 14513 14513 I wm_on_top_resumed_lost_called: [95255412,com.android.music.MusicBrowserActivity,topStateChangedWhenResumed]
05-11 11:47:11.632 1508 9678 I wm_task_moved: [8,1,2147483647]
05-11 11:47:11.632 1508 9678 I wm_task_to_front: [0,8]
05-11 11:47:11.632 1508 9678 I wm_focused_root_task: [0,0,1,-1,finish-top adjustFocusToNextFocusableTask]
05-11 11:47:11.633 1508 9678 I wm_set_resumed_activity: [0,com.android.launcher3/.uioverrides.QuickstepLauncher,finish-top]
05-11 11:47:11.640 1508 9678 I wm_pause_activity: [0,95255412,com.android.music/.MusicBrowserActivity,userLeaving=false,finish]
05-11 11:47:11.642 1508 1645 I input_focus: [Focus request ec4974b com.android.launcher3/com.android.launcher3.uioverrides.QuickstepLauncher,reason=UpdateInputWindows]
05-11 11:47:11.643 14513 14513 I wm_on_paused_called: [95255412,com.android.music.MusicBrowserActivity,performPause]
05-11 11:47:11.644 2644 2644 I wm_on_top_resumed_gained_called: [236925855,com.android.launcher3.uioverrides.QuickstepLauncher,topStateChangedWhenResumed]
05-11 11:47:11.644 1508 9678 I ActivityTaskManager: FOREGROUND_APPLICATION_CHANGED to com.android.launcher3.uioverrides.QuickstepLauncher
05-11 11:47:11.645 1508 9678 I wm_destroy_activity: [0,95255412,33,com.android.music/.MusicBrowserActivity,finish-imm:completePausedLocked]
05-11 11:47:11.650 1508 12402 W ActivityManager: Receiver with filter android.content.IntentFilter@67877c9 already registered for pid 14513, callerPackage is com.android.music
05-11 11:47:11.653 14513 14513 I wm_on_stop_called: [95255412,com.android.music.MusicBrowserActivity,LIFECYCLER_STOP_ACTIVITY]
05-11 11:47:11.654 1508 1644 I sysui_multi_action: [757,803,799,window_time_0,802,7]
05-11 11:47:11.654 1508 1644 I sysui_multi_action: [757,803,799,window_time_0,802,0]
05-11 11:47:11.656 14513 14513 I wm_on_destroy_called: [95255412,com.android.music.MusicBrowserActivity,performDestroy]
05-11 11:47:11.660 1508 1799 I input_focus: [Focus entering ec4974b com.android.launcher3/com.android.launcher3.uioverrides.QuickstepLauncher (server),reason=setFocusedWindow]
05-11 11:47:11.713 1508 1787 I commit_sys_config_file: [settings-1-0,2]
05-11 11:47:11.942 1508 1645 I wm_task_removed: [33,removeChild:removeChild last r=ActivityRecord{5ad7b74 u0 com.android.music/.MusicBrowserActivity taskAffinity=10080:android.task.music t-1 f}} in t=Task{809c5e #33 type=standard A=10080:android.task.music U=0 visible=false mode=freeform translucent=true sz=0 visible freeform task=true rootAffinity=10080:android.task.music}]
05-11 11:47:11.942 1508 1645 I wm_task_removed: [33,removeChild]
05-11 11:47:13.435 1508 1799 I input_interaction: Interaction with: ec4974b com.android.launcher3/com.android.launcher3.uioverrides.QuickstepLauncher (server), eb2e27d com.android.systemui.ImageWallpaper (server), edge-swipe (server), swipe-up (server), PointerEventDispatcher0 (server),
05-11 11:47:13.489 1508 1508 I notification_enqueue: [10101,4602,com.baidu.appsearch,2131755452,NULL,0,Notification(channel=手机管理、安全检测相关通知 shortcut=null contentView=null vibrate=null sound=null defaults=0x0 flags=0x62 color=0x00000000 vis=PRIVATE),1]
05-11 11:47:13.493 1508 1641 D AutofillManagerService: Close system dialogs
05-11 11:47:13.496 2644 2644 I view_enqueue_input_event: [Motion - Cancel,com.android.launcher3/com.android.launcher3.uioverrides.QuickstepLauncher]
05-11 11:47:13.500 1508 1799 I input_interaction: Interaction with: edge-swipe (server), swipe-up (server), PointerEventDispatcher0 (server),
05-11 11:47:13.515 1508 1570 W ActivityTaskManager: getTaskSnapshot: taskId=466 not found
05-11 11:47:13.516 1508 12402 W ActivityTaskManager: getTaskSnapshot: taskId=466 not found
05-11 11:47:13.516 1508 12402 W ActivityTaskManager: getTaskSnapshot: taskId=466 not found
05-11 11:47:13.516 1508 12402 W ActivityTaskManager: getTaskSnapshot: taskId=466 not found
05-11 11:47:13.516 1508 12402 W ActivityTaskManager: getTaskSnapshot: taskId=467 not found
05-11 11:47:13.681 1508 1787 I commit_sys_config_file: [settings-1-0,2]
05-11 11:47:13.690 1508 1508 I GameModeConfig: isGameModeOn = true
05-11 11:47:13.690 1508 1508 I GameModeConfig: isGaming = false
05-11 11:47:13.714 18015 18015 I sysui_multi_action: [757,803,799,note_peek,802,1]
05-11 11:47:13.716 1508 10401 I sysui_multi_action: [757,127,758,1]
05-11 11:47:13.716 1508 10401 I sysui_multi_action: [757,804,799,note_load,801,1,802,1]
05-11 11:47:13.716 1508 10401 I notification_panel_revealed: 1
05-11 11:47:13.718 18015 18015 I sysui_heads_up_status: [0|com.baidu.appsearch|2131755452|null|10101,1]
05-11 11:47:13.722 1508 1569 I sysui_multi_action: [757,128,758,1,793,1207370,794,0,795,1207370,796,26,798,0,806,android,857,DEVELOPER_IMPORTANT,858,4,947,0,1395,3,1500,1206882,1688,1]
05-11 11:47:13.723 1508 1569 I sysui_multi_action: [757,804,799,note_freshness,801,1207370,802,1]
05-11 11:47:13.723 1508 1569 I notification_visibility: [-1|android|26|null|1000,1,1207370,1207370,0,0]
05-11 11:47:13.723 1508 1569 I sysui_multi_action: [757,128,758,1,793,95966,794,0,795,95966,796,-3365,798,1,806,com.ss.android.lark,857,normal_v2,858,4,947,0,1395,3,1500,95764,1688,1,1745,945454168]
05-11 11:47:13.723 1508 1569 I sysui_multi_action: [757,804,799,note_freshness,801,95966,802,1]
05-11 11:47:13.723 1508 1569 I notification_visibility: [0|com.ss.android.lark|-3365|null|10113,1,95966,95966,0,1]
05-11 11:47:13.723 1508 1569 I sysui_multi_action: [757,128,758,1,793,1207374,794,0,795,1207374,796,27,798,2,806,android,857,USB,858,1,947,0,1395,3,1500,1206884,1688,1]
05-11 11:47:13.723 1508 1569 I sysui_multi_action: [757,804,799,note_freshness,801,1207374,802,1]
05-11 11:47:13.723 1508 1569 I notification_visibility: [-1|android|27|null|1000,1,1207374,1207374,0,2]
05-11 11:47:14.007 1508 1787 I commit_sys_config_file: [settings-1-0,2]
05-11 11:47:14.224 1508 10967 I sysui_multi_action: [757,128,758,2,793,1207872,794,502,795,1207872,796,26,798,0,806,android,857,DEVELOPER_IMPORTANT,858,4,947,0,1395,3,1500,1207384,1688,1]
05-11 11:47:14.224 1508 10967 I notification_visibility: [-1|android|26|null|1000,0,1207872,1207872,0,0]
05-11 11:47:14.225 1508 10967 I sysui_multi_action: [757,128,758,2,793,96468,794,502,795,96468,796,-3365,798,1,806,com.ss.android.lark,857,normal_v2,858,4,947,0,1395,3,1500,96266,1688,1,1745,945454168]
05-11 11:47:14.225 1508 10967 I notification_visibility: [0|com.ss.android.lark|-3365|null|10113,0,96468,96468,0,1]
05-11 11:47:14.225 1508 10967 I sysui_multi_action: [757,128,758,2,793,1207876,794,502,795,1207876,796,27,798,2,806,android,857,USB,858,1,947,0,1395,3,1500,1207386,1688,1]
05-11 11:47:14.225 1508 10967 I notification_visibility: [-1|android|27|null|1000,0,1207876,1207876,0,2]
01-01 08:20:22.761 0 0 E link_delay_work_func: DTC_ETH: SQI=0, link=0
05-11 11:47:14.744 1508 10967 I netstats_mobile_sample: [0,0,0,0,0,0,0,0,0,0,0,0,1683874519944]
05-11 11:47:14.744 1508 10967 I netstats_wifi_sample: [40,1,128,2,40,1,128,2,40,1,64,1,1683874519944]
05-11 11:47:15.022 1508 1799 I input_interaction: Interaction with: ec4974b com.android.launcher3/com.android.launcher3.uioverrides.QuickstepLauncher (server), eb2e27d com.android.systemui.ImageWallpaper (server), edge-swipe (server), swipe-up (server), PointerEventDispatcher0 (server),
05-11 11:47:15.098 1508 10401 I wm_task_moved: [1,1,6]
05-11 11:47:15.099 1508 10401 I wm_set_resumed_activity: [0,com.android.launcher3/.uioverrides.QuickstepLauncher,positionChildAt]
05-11 11:47:15.099 1508 10401 I ActivityTaskManager: START u0 {act=android.intent.action.MAIN cat=[android.intent.category.LAUNCHER] flg=0x10300000 cmp=com.android.music/.MusicBrowserActivity} from uid 10072
05-11 11:47:15.101 1508 10401 I wm_task_moved: [33,1,6]
05-11 11:47:15.101 1508 10401 I wm_task_to_front: [0,33]
05-11 11:47:15.101 1508 10401 I wm_focused_root_task: [0,0,33,1,reuseOrNewTask]
05-11 11:47:15.101 1508 10401 I wm_create_activity: [0,236689804,33,com.android.music/.MusicBrowserActivity,android.intent.action.MAIN,NULL,NULL,271581184]
05-11 11:47:15.102 1508 10401 I wm_pause_activity: [0,236925855,com.android.launcher3/.uioverrides.QuickstepLauncher,userLeaving=true,pauseBackTasks]
05-11 11:47:15.102 18015 18035 D PhoneStartingWindowTypeAlgorithm: preferredStartingWindowType newTask:true taskSwitch:true processRunning:true allowTaskSnapshot:true activityCreated:false useEmptySplashScreen:false legacySplashScreen:false topIsHome:false
05-11 11:47:15.102 18015 18035 D StartingSurfaceDrawer: addSplashScreen com.android.music theme=7f110009 task=33 suggestType=1
05-11 11:47:15.103 18015 18036 D StartingSurfaceDrawer: window attributes color: 0 icon null duration 0 brandImage null
05-11 11:47:15.103 18015 18036 D StartingSurfaceDrawer: The icon is not an AdaptiveIconDrawable
05-11 11:47:15.105 2644 2644 I wm_on_top_resumed_lost_called: [236925855,com.android.launcher3.uioverrides.QuickstepLauncher,topStateChangedWhenResumed]
05-11 11:47:15.105 2644 2644 I wm_on_paused_called: [236925855,com.android.launcher3.uioverrides.QuickstepLauncher,performPause]
05-11 11:47:15.106 1508 10967 I ActivityTaskManager: FOREGROUND_APPLICATION_CHANGED to com.android.music.MusicBrowserActivity
05-11 11:47:15.106 1508 10967 I ActivityTaskManager: The Process com.android.music Already Exists in BG. So sending its PID: 14513
05-11 11:47:15.106 1508 10967 W ActivityTaskManager: Tried to set launchTime (0) < mLastActivityLaunchTime (1202371)
05-11 11:47:15.107 1508 10967 I wm_add_to_stopping: [0,236925855,com.android.launcher3/.uioverrides.QuickstepLauncher,makeInvisible]
05-11 11:47:15.107 1508 10967 I wm_restart_activity: [0,236689804,33,com.android.music/.MusicBrowserActivity]
05-11 11:47:15.108 18015 18036 D StartingSurfaceDrawer: fillViewWithIcon surfaceWindowView android.window.SplashScreenView{5b26c26 V.E...... ......ID 0,0-0,0}
05-11 11:47:15.108 1508 10967 I wm_set_resumed_activity: [0,com.android.music/.MusicBrowserActivity,minimalResumeActivityLocked]
05-11 11:47:15.115 1508 1644 I sysui_multi_action: [757,803,799,window_time_0,802,3]
05-11 11:47:15.123 1508 1657 I am_pss : [18145,10109,com.qqgame.mic,15838208,10395648,31744,111865856,0,19,6]
05-11 11:47:15.124 14513 14513 I wm_on_create_called: [236689804,com.android.music.MusicBrowserActivity,performCreate]
05-11 11:47:15.128 1508 1799 I input_focus: [Focus leaving ec4974b com.android.launcher3/com.android.launcher3.uioverrides.QuickstepLauncher (server),reason=NO_WINDOW]
05-11 11:47:15.129 1508 1657 I am_pss : [18084,10019,android.process.acore,12481536,9093120,31744,109957120,0,19,6]
05-11 11:47:15.133 14513 14513 I wm_on_start_called: [236689804,com.android.music.MusicBrowserActivity,handleStartActivity]
05-11 11:47:15.133 14513 14513 I wm_on_resume_called: [236689804,com.android.music.MusicBrowserActivity,RESUME_ACTIVITY]
05-11 11:47:15.134 1508 1657 I am_pss : [4062,10065,com.qualcomm.qti.devicestatisticsservice,7465984,5935104,30720,88199168,0,0,5]
05-11 11:47:15.135 14513 14513 I wm_on_top_resumed_gained_called: [236689804,com.android.music.MusicBrowserActivity,topStateChangedWhenResumed]
05-11 11:47:15.135 1508 1833 I GameModeConfig: isGameModeOn = true
05-11 11:47:15.135 1508 1833 I GameModeConfig: isGaming = false
05-11 11:47:15.136 1508 1833 I GameModeConfig: isGameModeOn = true
05-11 11:47:15.136 1508 1833 I GameModeConfig: isGaming = false
05-11 11:47:15.136 1508 1833 I GameModeConfig: isGameModeOn = true
05-11 11:47:15.136 1508 1833 I GameModeConfig: isGaming = false
05-11 11:47:15.136 1508 1833 I GameModeConfig: isGameModeOn = true
05-11 11:47:15.136 1508 1833 I GameModeConfig: isGaming = false
05-11 11:47:15.136 1508 1833 I GameModeConfig: isGameModeOn = true
05-11 11:47:15.136 1508 1833 I GameModeConfig: isGaming = false
05-11 11:47:15.136 1508 1833 I GameModeConfig: isGameModeOn = true
05-11 11:47:15.136 1508 1833 I GameModeConfig: isGaming = false
05-11 11:47:15.136 1508 1833 I GameModeConfig: isGameModeOn = true
05-11 11:47:15.136 1508 1833 I GameModeConfig: isGaming = false
05-11 11:47:15.136 1508 1833 I GameModeConfig: isGameModeOn = true
05-11 11:47:15.136 1508 1833 I GameModeConfig: isGaming = false
05-11 11:47:15.147 1508 1508 I notification_enqueue: [10080,14513,com.android.music,1,NULL,0,Notification(channel=Channel-music shortcut=null contentView=null vibrate=null sound=null defaults=0x0 flags=0x42 color=0x00000000 category=transport actions=5 vis=PRIVATE),1]
05-11 11:47:15.148 1508 1508 I notification_enqueue: [10080,14513,com.android.music,1,NULL,0,Notification(channel=Channel-music shortcut=null contentView=null vibrate=null sound=null defaults=0x0 flags=0x42 color=0x00000000 category=transport actions=5 vis=PRIVATE),1]
05-11 11:47:15.149 1508 1833 I GameModeConfig: isGameModeOn = true
05-11 11:47:15.149 1508 1833 I GameModeConfig: isGaming = false
05-11 11:47:15.150 1508 1833 I GameModeConfig: isGameModeOn = true
05-11 11:47:15.150 1508 1833 I GameModeConfig: isGaming = false
05-11 11:47:15.150 1508 1833 I GameModeConfig: isGameModeOn = true
05-11 11:47:15.150 1508 1833 I GameModeConfig: isGaming = false
05-11 11:47:15.150 1508 1833 I GameModeConfig: isGameModeOn = true
05-11 11:47:15.150 1508 1833 I GameModeConfig: isGaming = false
05-11 11:47:15.150 1508 1833 I GameModeConfig: isGameModeOn = true
05-11 11:47:15.150 1508 1833 I GameModeConfig: isGaming = false
05-11 11:47:15.150 1508 1833 I GameModeConfig: isGameModeOn = true
05-11 11:47:15.150 1508 1833 I GameModeConfig: isGaming = false
05-11 11:47:15.150 1508 1833 I GameModeConfig: isGameModeOn = true
05-11 11:47:15.150 1508 1833 I GameModeConfig: isGaming = false
05-11 11:47:15.151 1508 1833 I GameModeConfig: isGameModeOn = true
05-11 11:47:15.151 1508 1833 I GameModeConfig: isGaming = false
05-11 11:47:15.162 1508 1508 I notification_enqueue: [10080,14513,com.android.music,1,NULL,0,Notification(channel=Channel-music shortcut=null contentView=null vibrate=null sound=null defaults=0x0 flags=0x42 color=0x00000000 category=transport actions=5 vis=PRIVATE),1]
05-11 11:47:15.163 1508 1508 I notification_enqueue: [10080,14513,com.android.music,1,NULL,0,Notification(channel=Channel-music shortcut=null contentView=null vibrate=null sound=null defaults=0x0 flags=0x42 color=0x00000000 category=transport actions=5 vis=PRIVATE),1]
05-11 11:47:15.178 1508 1645 I input_focus: [Focus request 33acdec com.android.music/com.android.music.MusicBrowserActivity,reason=UpdateInputWindows]
05-11 11:47:15.186 18015 18035 D StartingSurfaceDrawer: Task start finish, remove starting surface for task 33
05-11 11:47:15.186 18015 18035 V StartingSurfaceDrawer: Removing splash screen window for task: 33
05-11 11:47:15.187 1508 1641 I sysui_multi_action: [319,19,321,18,322,86,325,1220,757,761,758,8,759,1,806,com.android.music,871,com.android.music.MusicBrowserActivity,904,com.android.launcher3,905,0,1320,4,1321,1]
05-11 11:47:15.187 1508 1641 I wm_activity_launch_time: [0,236689804,com.android.music/.MusicBrowserActivity,86]
05-11 11:47:15.194 1508 1799 I input_focus: [Focus entering 33acdec com.android.music/com.android.music.MusicBrowserActivity (server),reason=setFocusedWindow]
05-11 11:47:15.346 1508 1508 I GameModeConfig: isGameModeOn = true
05-11 11:47:15.346 1508 1508 I GameModeConfig: isGaming = false
05-11 11:47:15.347 1508 1508 I GameModeConfig: isGameModeOn = true
05-11 11:47:15.347 1508 1508 I GameModeConfig: isGaming = false
05-11 11:47:15.362 1508 1508 I GameModeConfig: isGameModeOn = true
05-11 11:47:15.362 1508 1508 I GameModeConfig: isGaming = false
05-11 11:47:15.364 1508 1508 I GameModeConfig: isGameModeOn = true
05-11 11:47:15.364 1508 1508 I GameModeConfig: isGaming = false
05-11 11:47:15.461 1508 1644 I wm_stop_activity: [0,236925855,com.android.launcher3/.uioverrides.QuickstepLauncher]
05-11 11:47:15.469 2644 2644 I wm_on_stop_called: [236925855,com.android.launcher3.uioverrides.QuickstepLauncher,STOP_ACTIVITY_ITEM]
05-11 11:47:17.804 1508 1799 I input_interaction: Interaction with: 33acdec com.android.music/com.android.music.MusicBrowserActivity (server), edge-swipe (server), swipe-up (server), PointerEventDispatcher0 (server),
05-11 11:47:19.275 1508 10967 I wm_task_moved: [1,0,0]
05-11 11:47:19.275 1508 10967 I wm_task_moved: [1,0,5]
05-11 11:47:19.285 2644 2644 I wm_on_restart_called: [236925855,com.android.launcher3.uioverrides.QuickstepLauncher,performRestartActivity]
05-11 11:47:19.299 2644 2644 I wm_on_start_called: [236925855,com.android.launcher3.uioverrides.QuickstepLauncher,handleStartActivity]
05-11 11:47:19.300 14513 14513 I view_enqueue_input_event: [Motion - Cancel,com.android.music/com.android.music.MusicBrowserActivity]
05-11 11:47:19.300 1508 1799 I input_interaction: Interaction with: edge-swipe (server), swipe-up (server), PointerEventDispatcher0 (server),
05-11 11:47:19.300 1508 1641 D AutofillManagerService: Close system dialogs
05-11 11:47:19.301 1508 1645 I input_focus: [Focus request recents_animation_input_consumer,reason=UpdateInputWindows]
05-11 11:47:19.306 1508 10967 W ActivityTaskManager: getTaskSnapshot: taskId=249 not found
05-11 11:47:19.307 2644 2644 I sysui_latency: [1,43]
05-11 11:47:19.307 1508 10967 W ActivityTaskManager: getTaskSnapshot: taskId=250 not found
05-11 11:47:19.307 1508 10967 W ActivityTaskManager: getTaskSnapshot: taskId=250 not found
05-11 11:47:19.308 1508 10967 W ActivityTaskManager: getTaskSnapshot: taskId=251 not found
05-11 11:47:19.308 1508 10967 W ActivityTaskManager: getTaskSnapshot: taskId=251 not found
05-11 11:47:19.311 1508 1799 I input_focus: [Focus leaving 33acdec com.android.music/com.android.music.MusicBrowserActivity (server),reason=NOT_FOCUSABLE]
05-11 11:47:19.311 1508 1799 I input_focus: [Focus entering recents_animation_input_consumer (server),reason=setFocusedWindow]
05-11 11:47:19.314 1508 1641 I sysui_multi_action: [319,5,322,37,325,1224,757,761,758,9,759,5,806,com.android.launcher3,871,com.android.launcher3.uioverrides.QuickstepLauncher,905,0,1320,4,1321,1]
05-11 11:47:19.330 1508 10401 W ActivityTaskManager: getTaskSnapshot: taskId=279 not found
05-11 11:47:19.331 1508 10401 W ActivityTaskManager: getTaskSnapshot: taskId=279 not found
05-11 11:47:19.331 1508 10401 W ActivityTaskManager: getTaskSnapshot: taskId=280 not found
05-11 11:47:19.332 1508 10401 W ActivityTaskManager: getTaskSnapshot: taskId=280 not found
05-11 11:47:19.332 1508 10401 W ActivityTaskManager: getTaskSnapshot: taskId=280 not found
05-11 11:47:19.414 18015 18015 I sysui_heads_up_status: [0|com.baidu.appsearch|2131755452|null|10101,0]
05-11 11:47:19.499 1508 1787 I commit_sys_config_file: [settings-1-0,2]
05-11 11:47:19.613 1508 1657 I sysui_latency: [8,44]
01-01 08:20:27.882 0 0 E link_delay_work_func: DTC_ETH: SQI=0, link=0
05-11 11:47:19.854 1508 9679 I sysui_multi_action: [757,128,758,1,793,1213502,794,0,795,1213502,796,26,798,0,806,android,857,DEVELOPER_IMPORTANT,858,4,947,0,1395,3,1500,1213014,1688,1]
05-11 11:47:19.854 1508 9679 I sysui_multi_action: [757,804,799,note_freshness,801,1213502,802,1]
05-11 11:47:19.854 1508 9679 I notification_visibility: [-1|android|26|null|1000,1,1213502,1213502,0,0]
05-11 11:47:19.854 1508 9679 I sysui_multi_action: [757,128,758,1,793,102097,794,0,795,102097,796,-3365,798,1,806,com.ss.android.lark,857,normal_v2,858,4,947,0,1395,3,1500,101895,1688,1,1745,945454168]
05-11 11:47:19.855 1508 9679 I sysui_multi_action: [757,804,799,note_freshness,801,102097,802,1]
05-11 11:47:19.855 1508 9679 I notification_visibility: [0|com.ss.android.lark|-3365|null|10113,1,102097,102097,0,1]
05-11 11:47:19.855 1508 9679 I sysui_multi_action: [757,128,758,1,793,1213506,794,0,795,1213506,796,27,798,2,806,android,857,USB,858,1,947,0,1395,3,1500,1213016,1688,1]
05-11 11:47:19.855 1508 9679 I sysui_multi_action: [757,804,799,note_freshness,801,1213506,802,1]
05-11 11:47:19.855 1508 9679 I notification_visibility: [-1|android|27|null|1000,1,1213506,1213506,0,2]
05-11 11:47:19.856 1508 9679 I sysui_multi_action: [757,128,758,2,793,1213504,794,2,795,1213504,796,26,798,0,806,android,857,DEVELOPER_IMPORTANT,858,4,947,0,1395,3,1500,1213016,1688,1]
05-11 11:47:19.856 1508 9679 I notification_visibility: [-1|android|26|null|1000,0,1213504,1213504,0,0]
05-11 11:47:19.857 1508 9679 I sysui_multi_action: [757,128,758,2,793,102100,794,3,795,102100,796,-3365,798,1,806,com.ss.android.lark,857,normal_v2,858,4,947,0,1395,3,1500,101898,1688,1,1745,945454168]
05-11 11:47:19.857 1508 9679 I notification_visibility: [0|com.ss.android.lark|-3365|null|10113,0,102100,102100,0,1]
05-11 11:47:19.857 1508 9679 I sysui_multi_action: [757,128,758,2,793,1213508,794,2,795,1213508,796,27,798,2,806,android,857,USB,858,1,947,0,1395,3,1500,1213018,1688,1]
05-11 11:47:19.857 1508 9679 I notification_visibility: [-1|android|27|null|1000,0,1213508,1213508,0,2]
05-11 11:47:19.857 1508 10954 I sysui_multi_action: [757,127,758,2]
05-11 11:47:19.857 1508 10954 I notification_panel_hidden:
05-11 11:47:20.038 1508 10797 I wm_task_moved: [1,1,6]
05-11 11:47:20.038 1508 10797 I wm_task_moved: [8,1,2147483647]
05-11 11:47:20.038 1508 10797 I wm_task_to_front: [0,8]
05-11 11:47:20.038 1508 10797 I wm_focused_root_task: [0,0,1,33,RecentsAnimation.onAnimationFinished()]
05-11 11:47:20.038 1508 10797 I wm_set_resumed_activity: [0,com.android.launcher3/.uioverrides.QuickstepLauncher,RecentsAnimation.onAnimationFinished()]
05-11 11:47:20.038 14513 14513 I wm_on_top_resumed_lost_called: [236689804,com.android.music.MusicBrowserActivity,topStateChangedWhenResumed]
05-11 11:47:20.038 1508 10797 I wm_pause_activity: [0,236689804,com.android.music/.MusicBrowserActivity,userLeaving=true,pauseBackTasks]
05-11 11:47:20.039 1508 10797 I wm_add_to_stopping: [0,236689804,com.android.music/.MusicBrowserActivity,makeInvisible]
05-11 11:47:20.039 1508 10797 I ActivityTaskManager: FOREGROUND_APPLICATION_CHANGED to com.android.launcher3.uioverrides.QuickstepLauncher
05-11 11:47:20.039 1508 10797 I wm_set_resumed_activity: [0,com.android.launcher3/.uioverrides.QuickstepLauncher,resumeTopActivityInnerLocked]
05-11 11:47:20.040 1508 10797 I wm_resume_activity: [0,236925855,8,com.android.launcher3/.uioverrides.QuickstepLauncher]
05-11 11:47:20.041 2644 2644 I wm_on_resume_called: [236925855,com.android.launcher3.uioverrides.QuickstepLauncher,RESUME_ACTIVITY]
05-11 11:47:20.044 1508 1645 I input_focus: [Focus request ec4974b com.android.launcher3/com.android.launcher3.uioverrides.QuickstepLauncher,reason=UpdateInputWindows]
05-11 11:47:20.045 14513 14513 I wm_on_paused_called: [236689804,com.android.music.MusicBrowserActivity,performPause]
05-11 11:47:20.045 2644 2644 I wm_on_top_resumed_gained_called: [236925855,com.android.launcher3.uioverrides.QuickstepLauncher,topStateChangedWhenResumed]
05-11 11:47:20.047 1508 1644 I wm_stop_activity: [0,236689804,com.android.music/.MusicBrowserActivity]
05-11 11:47:20.048 1508 1644 I sysui_multi_action: [757,803,799,window_time_0,802,5]
05-11 11:47:20.049 1508 1644 I sysui_multi_action: [757,803,799,window_time_0,802,0]
05-11 11:47:20.062 1508 1799 I input_focus: [Focus leaving recents_animation_input_consumer (server),reason=NOT_VISIBLE]
05-11 11:47:20.062 1508 1799 I input_focus: [Focus entering ec4974b com.android.launcher3/com.android.launcher3.uioverrides.QuickstepLauncher (server),reason=setFocusedWindow]
05-11 11:47:20.064 1508 1657 I am_pss : [14513,10080,com.android.music,88219648,79855616,1587200,186142720,0,4,12]
05-11 11:47:20.069 14513 14513 I wm_on_stop_called: [236689804,com.android.music.MusicBrowserActivity,STOP_ACTIVITY_ITEM]
05-11 11:47:20.083 1508 1799 I input_interaction: Interaction with: ec4974b com.android.launcher3/com.android.launcher3.uioverrides.QuickstepLauncher (server), eb2e27d com.android.systemui.ImageWallpaper (server), edge-swipe (server), swipe-up (server), PointerEventDispatcher0 (server),
05-11 11:47:20.087 1508 1657 I am_pss : [17189,10096,com.tencent.mm,257216512,224636928,27648,399015936,0,19,21]
05-11 11:47:21.244 1508 10954 W ActivityManager: Background start not allowed: service Intent { cmp=com.tencent.android.qqdownloader/com.tencent.assistant.main.MainService } to com.tencent.android.qqdownloader/com.tencent.assistant.main.MainService from pid=3484 uid=10094 pkg=com.tencent.android.qqdownloader startFg?=false
05-11 11:47:21.246 1508 10954 W ActivityManager: Background start not allowed: service Intent { cmp=com.tencent.android.qqdownloader/com.tencent.assistant.main.MainService } to com.tencent.android.qqdownloader/com.tencent.assistant.main.MainService from pid=3484 uid=10094 pkg=com.tencent.android.qqdownloader startFg?=false
05-11 11:47:21.261 1508 1659 I am_uid_active: 10102
05-11 11:47:21.270 1508 1657 I am_pss : [18261,10027,com.android.musicfx,5529600,3801088,31744,86384640,0,19,7]
05-11 11:47:21.512 1508 10954 I thunderperf: PlatormCompat.setOverrides: Uid1=10072 Pid1=2644 Uid2=10072 Pid2=2644
05-11 11:47:21.512 1508 10954 I thunderperf: PlatormCompat.setOverrides: needCheck:false
05-11 11:47:21.512 1508 10954 I thunderperf: CompatConfig.addOverrideUnsafe: bef-state=0
05-11 11:47:21.512 1508 10954 I thunderperf: CompatConfig.addOverrideUnsafe: aft-state=0
05-11 11:47:21.513 1508 10954 I thunderperf: CompatConfig.addOverrideUnsafe: bef-state=0
05-11 11:47:21.513 1508 10954 I thunderperf: CompatConfig.addOverrideUnsafe: aft-state=0
05-11 11:47:21.514 1508 10954 I thunderperf: CompatConfig.addOverrideUnsafe: bef-state=0
05-11 11:47:21.514 1508 10954 I thunderperf: CompatConfig.addOverrideUnsafe: aft-state=0
05-11 11:47:21.514 1508 10954 I thunderperf: CompatConfig.addOverrideUnsafe: bef-state=0
05-11 11:47:21.514 1508 10954 I thunderperf: CompatConfig.addOverrideUnsafe: aft-state=0
05-11 11:47:21.515 1508 10954 I thunderperf: CompatConfig.addOverrideUnsafe: bef-state=0
05-11 11:47:21.515 1508 10954 I thunderperf: CompatConfig.addOverrideUnsafe: aft-state=0
05-11 11:47:21.515 1508 10954 I thunderperf: CompatConfig.addOverrideUnsafe: bef-state=0
05-11 11:47:21.515 1508 10954 I thunderperf: CompatConfig.addOverrideUnsafe: aft-state=0
05-11 11:47:21.515 1508 10954 I thunderperf: CompatConfig.addOverrideUnsafe: bef-state=0
05-11 11:47:21.515 1508 10954 I thunderperf: CompatConfig.addOverrideUnsafe: aft-state=0
05-11 11:47:21.516 1508 10954 I thunderperf: CompatConfig.addOverrideUnsafe: bef-state=0
05-11 11:47:21.516 1508 10954 I thunderperf: CompatConfig.addOverrideUnsafe: aft-state=0
05-11 11:47:21.516 1508 10954 I thunderperf: CompatConfig.addOverrideUnsafe: bef-state=0
05-11 11:47:21.516 1508 10954 I thunderperf: CompatConfig.addOverrideUnsafe: aft-state=0
05-11 11:47:21.516 1508 10954 I thunderperf: CompatConfig.addOverrideUnsafe: bef-state=0
05-11 11:47:21.516 1508 10954 I thunderperf: CompatConfig.addOverrideUnsafe: aft-state=0
05-11 11:47:21.517 1508 10954 I thunderperf: CompatConfig.addOverrideUnsafe: bef-state=0
05-11 11:47:21.517 1508 10954 I thunderperf: CompatConfig.addOverrideUnsafe: aft-state=0
05-11 11:47:21.517 1508 10954 I thunderperf: CompatConfig.addOverrideUnsafe: bef-state=0
05-11 11:47:21.517 1508 10954 I thunderperf: CompatConfig.addOverrideUnsafe: aft-state=0
05-11 11:47:21.517 1508 10954 I thunderperf: CompatConfig.addOverrideUnsafe: bef-state=0
05-11 11:47:21.517 1508 10954 I thunderperf: CompatConfig.addOverrideUnsafe: aft-state=0
05-11 11:47:21.518 1508 10954 I thunderperf: CompatConfig.addOverrideUnsafe: bef-state=0
05-11 11:47:21.518 1508 10954 I thunderperf: CompatConfig.addOverrideUnsafe: aft-state=0
05-11 11:47:21.520 1508 10954 I ActivityTaskManager: START u0 {act=android.intent.action.MAIN cat=[android.intent.category.LAUNCHER] flg=0x10200000 cmp=com.android.music/.MusicBrowserActivity} from uid 10072
05-11 11:47:21.521 1508 10954 I wm_task_moved: [33,1,6]
05-11 11:47:21.521 1508 10954 I wm_task_to_front: [0,33]
05-11 11:47:21.522 1508 10954 I wm_focused_root_task: [0,0,33,1,bringingFoundTaskToFront]
05-11 11:47:21.522 1508 10954 I wm_set_resumed_activity: [0,com.android.music/.MusicBrowserActivity,bringingFoundTaskToFront]
05-11 11:47:21.525 1508 10966 W ActivityManager: Receiver with filter android.content.IntentFilter@a2a40e0 already registered for pid 14513, callerPackage is com.android.music
05-11 11:47:21.525 1508 10954 I ActivityTaskManager: clear resize flag in freeform mode
05-11 11:47:21.525 1508 10954 I ActivityTaskManager: FOREGROUND_APPLICATION_CHANGED to com.android.music.MusicBrowserActivity
05-11 11:47:21.526 1508 10954 I wm_set_resumed_activity: [0,com.android.music/.MusicBrowserActivity,resumeTopActivityInnerLocked]
05-11 11:47:21.527 1508 10954 I wm_resume_activity: [0,236689804,33,com.android.music/.MusicBrowserActivity]
05-11 11:47:21.528 1508 10954 I wm_new_intent: [0,236689804,33,com.android.music/.MusicBrowserActivity,android.intent.action.MAIN,NULL,NULL,271581184]
05-11 11:47:21.532 2644 2644 I wm_on_top_resumed_lost_called: [236925855,com.android.launcher3.uioverrides.QuickstepLauncher,topStateChangedWhenResumed]
05-11 11:47:21.548 14513 14513 I wm_on_restart_called: [236689804,com.android.music.MusicBrowserActivity,performRestartActivity]
05-11 11:47:21.550 14513 14513 I wm_on_start_called: [236689804,com.android.music.MusicBrowserActivity,handleStartActivity]
05-11 11:47:21.550 14513 14513 I wm_on_resume_called: [236689804,com.android.music.MusicBrowserActivity,RESUME_ACTIVITY]
05-11 11:47:21.551 14513 14513 I wm_on_paused_called: [236689804,com.android.music.MusicBrowserActivity,performPause]
05-11 11:47:21.552 14513 14513 I wm_on_resume_called: [236689804,com.android.music.MusicBrowserActivity,LIFECYCLER_RESUME_ACTIVITY]
05-11 11:47:21.552 14513 14513 I wm_on_top_resumed_gained_called: [236689804,com.android.music.MusicBrowserActivity,topStateChangedWhenResumed]
05-11 11:47:21.556 1508 1645 I input_focus: [Focus request 33acdec com.android.music/com.android.music.MusicBrowserActivity,reason=UpdateInputWindows]
05-11 11:47:21.566 1508 1833 I GameModeConfig: isGameModeOn = true
05-11 11:47:21.566 1508 1833 I GameModeConfig: isGaming = false
05-11 11:47:21.566 1508 1833 I GameModeConfig: isGameModeOn = true
05-11 11:47:21.566 1508 1833 I GameModeConfig: isGaming = false
05-11 11:47:21.566 1508 1833 I GameModeConfig: isGameModeOn = true
05-11 11:47:21.566 1508 1833 I GameModeConfig: isGaming = false
05-11 11:47:21.566 1508 1833 I GameModeConfig: isGameModeOn = true
05-11 11:47:21.566 1508 1833 I GameModeConfig: isGaming = false
05-11 11:47:21.566 1508 1833 I GameModeConfig: isGameModeOn = true
05-11 11:47:21.566 1508 1833 I GameModeConfig: isGaming = false
05-11 11:47:21.566 1508 1833 I GameModeConfig: isGameModeOn = true
05-11 11:47:21.566 1508 1833 I GameModeConfig: isGaming = false
05-11 11:47:21.566 1508 1833 I GameModeConfig: isGameModeOn = true
05-11 11:47:21.566 1508 1833 I GameModeConfig: isGaming = false
05-11 11:47:21.566 1508 1833 I GameModeConfig: isGameModeOn = true
05-11 11:47:21.566 1508 1833 I GameModeConfig: isGaming = false
05-11 11:47:21.570 1508 1641 I sysui_multi_action: [319,48,322,47,325,1226,757,761,758,9,759,2,806,com.android.music,871,com.android.music.MusicBrowserActivity,904,com.android.launcher3,905,0,1320,4,1321,1]
05-11 11:47:21.578 1508 1799 I input_focus: [Focus leaving ec4974b com.android.launcher3/com.android.launcher3.uioverrides.QuickstepLauncher (server),reason=setFocusedWindow]
05-11 11:47:21.578 1508 1799 I input_focus: [Focus entering 33acdec com.android.music/com.android.music.MusicBrowserActivity (server),reason=setFocusedWindow]
05-11 11:47:21.579 1508 1508 I notification_enqueue: [10080,14513,com.android.music,1,NULL,0,Notification(channel=Channel-music shortcut=null contentView=null vibrate=null sound=null defaults=0x0 flags=0x42 color=0x00000000 category=transport actions=5 vis=PRIVATE),1]
05-11 11:47:21.581 1508 1508 I notification_enqueue: [10080,14513,com.android.music,1,NULL,0,Notification(channel=Channel-music shortcut=null contentView=null vibrate=null sound=null defaults=0x0 flags=0x42 color=0x00000000 category=transport actions=5 vis=PRIVATE),1]
05-11 11:47:21.780 1508 1508 I GameModeConfig: isGameModeOn = true
05-11 11:47:21.780 1508 1508 I GameModeConfig: isGaming = false
05-11 11:47:21.782 1508 1508 I GameModeConfig: isGameModeOn = true
05-11 11:47:21.782 1508 1508 I GameModeConfig: isGaming = false
05-11 11:47:23.046 1508 1799 I input_interaction: Interaction with: edge-swipe (server), swipe-up (server), PointerEventDispatcher0 (server),
05-11 11:47:23.046 1508 1641 D AutofillManagerService: Close system dialogs
05-11 11:47:23.047 2644 2644 I view_enqueue_input_event: [Motion - Cancel,com.android.launcher3/com.android.launcher3.uioverrides.QuickstepLauncher]
05-11 11:47:23.051 1508 9678 W ActivityTaskManager: getTaskSnapshot: taskId=18 not found
05-11 11:47:23.054 1508 10966 W ActivityTaskManager: getTaskSnapshot: taskId=18 not found
05-11 11:47:23.055 1508 10966 W ActivityTaskManager: getTaskSnapshot: taskId=18 not found
05-11 11:47:23.055 1508 10966 W ActivityTaskManager: getTaskSnapshot: taskId=18 not found
05-11 11:47:23.212 1508 1787 I commit_sys_config_file: [settings-1-0,2]
05-11 11:47:23.691 1508 1833 I GameModeConfig: isGameModeOn = true
05-11 11:47:23.691 1508 1833 I GameModeConfig: isGaming = false
05-11 11:47:24.460 0 0 I auditd : type=1400 audit(0.0:11055): avc: denied { kill } for comm="swapper/6" capability=5 scontext=u:r:kernel:s0 tcontext=u:r:kernel:s0 tclass=capability permissive=1
05-11 11:47:24.468 1508 10966 I ActivityTaskManager: START u0 {flg=0x10010000 cmp=com.android.launcher3/com.android.quickstep.RecentsActivity} from uid 10072
05-11 11:47:24.473 1508 10966 I wm_task_created: [34,-1]
05-11 11:47:24.473 1508 10966 W ActivityTaskManager: Can't find TaskDisplayArea to determine support for multi window. Task id=34 attached=false
05-11 11:47:24.474 1508 10966 I wm_task_created: [35,-1]
05-11 11:47:24.475 1508 10966 I wm_task_moved: [35,0,-2147483648]
05-11 11:47:24.476 1508 10966 I wm_create_task: [0,35]
05-11 11:47:24.476 1508 10966 I wm_create_activity: [0,59198574,35,com.android.launcher3/com.android.quickstep.RecentsActivity,NULL,NULL,NULL,276889600]
05-11 11:47:24.476 1508 10966 I wm_task_moved: [34,0,0]
05-11 11:47:24.476 1508 10966 I wm_task_moved: [34,0,5]
05-11 11:47:24.477 1508 10966 I ActivityTaskManager: The Process com.android.launcher3 Already Exists in BG. So sending its PID: 2644
05-11 11:47:24.477 1508 10966 W ActivityTaskManager: Tried to set launchTime (0) < mLastActivityLaunchTime (11953)
05-11 11:47:24.478 1508 10966 I wm_restart_activity: [0,59198574,35,com.android.launcher3/com.android.quickstep.RecentsActivity]
05-11 11:47:24.488 1508 12402 I wm_task_moved: [34,1,7]
05-11 11:47:24.488 1508 12402 I wm_focused_root_task: [0,0,34,33,RecentsAnimation.onAnimationFinished()]
05-11 11:47:24.488 14513 14513 I wm_on_top_resumed_lost_called: [236689804,com.android.music.MusicBrowserActivity,topStateChangedWhenResumed]
05-11 11:47:24.489 1508 12402 I wm_pause_activity: [0,236689804,com.android.music/.MusicBrowserActivity,userLeaving=false,pauseBackTasks]
05-11 11:47:24.489 1508 12402 I wm_pause_activity: [0,236925855,com.android.launcher3/.uioverrides.QuickstepLauncher,userLeaving=false,pauseBackTasks]
05-11 11:47:24.489 1508 12402 I ActivityTaskManager: FOREGROUND_APPLICATION_CHANGED to com.android.quickstep.RecentsActivity
05-11 11:47:24.490 1508 12402 I wm_set_resumed_activity: [0,com.android.launcher3/com.android.quickstep.RecentsActivity,resumeTopActivityInnerLocked]
05-11 11:47:24.490 1508 12402 I wm_resume_activity: [0,59198574,35,com.android.launcher3/com.android.quickstep.RecentsActivity]
05-11 11:47:24.491 1508 12402 I wm_add_to_stopping: [0,236689804,com.android.music/.MusicBrowserActivity,makeInvisible]
05-11 11:47:24.493 14513 14513 I wm_on_paused_called: [236689804,com.android.music.MusicBrowserActivity,performPause]
05-11 11:47:24.494 1508 1644 I sysui_multi_action: [757,803,799,window_time_0,802,4]
05-11 11:47:24.494 1508 1644 I sysui_multi_action: [757,803,799,window_time_0,802,0]
05-11 11:47:24.495 1508 12831 I wm_finish_activity: [0,59198574,35,com.android.launcher3/com.android.quickstep.RecentsActivity,app-request]
05-11 11:47:24.495 1508 12831 I wm_task_moved: [33,1,7]
05-11 11:47:24.495 1508 12831 I wm_focused_root_task: [0,0,33,34,finish-top adjustFocusToNextFocusableTask]
05-11 11:47:24.495 1508 12831 I wm_pause_activity: [0,59198574,com.android.launcher3/com.android.quickstep.RecentsActivity,userLeaving=false,finish]
05-11 11:47:24.496 2644 2644 I wm_on_create_called: [59198574,com.android.quickstep.RecentsActivity,performCreate]
05-11 11:47:24.497 1508 1644 I sysui_multi_action: [757,1144,758,8,806,com.android.launcher3,871,com.android.quickstep.RecentsActivity]
05-11 11:47:24.497 2644 2644 I wm_on_paused_called: [236925855,com.android.launcher3.uioverrides.QuickstepLauncher,performPause]
05-11 11:47:24.503 1508 12402 I wm_add_to_stopping: [0,59198574,com.android.launcher3/com.android.quickstep.RecentsActivity,completeFinishing]
05-11 11:47:24.503 1508 12402 I ActivityTaskManager: FOREGROUND_APPLICATION_CHANGED to com.android.music.MusicBrowserActivity
05-11 11:47:24.504 1508 12402 I wm_set_resumed_activity: [0,com.android.music/.MusicBrowserActivity,resumeTopActivityInnerLocked]
05-11 11:47:24.504 1508 12402 I wm_add_to_stopping: [0,236689804,com.android.music/.MusicBrowserActivity,makeInvisible]
05-11 11:47:24.505 1508 12402 I ActivityTaskManager: FOREGROUND_APPLICATION_CHANGED to com.android.launcher3.uioverrides.QuickstepLauncher
05-11 11:47:24.505 1508 12402 I wm_resume_activity: [0,236925855,8,com.android.launcher3/.uioverrides.QuickstepLauncher]
05-11 11:47:24.506 1508 12402 I wm_resume_activity: [0,236689804,33,com.android.music/.MusicBrowserActivity]
05-11 11:47:24.506 1508 12402 I wm_add_to_stopping: [0,236689804,com.android.music/.MusicBrowserActivity,makeInvisible]
05-11 11:47:24.511 1508 1799 I input_focus: [Focus leaving 33acdec com.android.music/com.android.music.MusicBrowserActivity (server),reason=NO_WINDOW]
05-11 11:47:24.511 2644 2644 I wm_on_resume_called: [236925855,com.android.launcher3.uioverrides.QuickstepLauncher,RESUME_ACTIVITY]
05-11 11:47:24.513 14513 14513 I wm_on_resume_called: [236689804,com.android.music.MusicBrowserActivity,RESUME_ACTIVITY]
05-11 11:47:24.513 14513 14513 I wm_on_top_resumed_gained_called: [236689804,com.android.music.MusicBrowserActivity,topWhenResuming]
05-11 11:47:24.515 1508 1644 I wm_destroy_activity: [0,59198574,35,com.android.launcher3/com.android.quickstep.RecentsActivity,finish-imm:idle]
05-11 11:47:24.516 1508 1644 I sysui_multi_action: [757,1144,758,8,806,com.android.launcher3,871,com.android.quickstep.RecentsActivity]
05-11 11:47:24.517 1508 1644 I sysui_multi_action: [757,803,799,window_time_0,802,0]
05-11 11:47:24.522 2644 2644 I wm_on_destroy_called: [59198574,com.android.quickstep.RecentsActivity,performDestroy]
05-11 11:47:24.523 1508 12402 I wm_task_removed: [35,cleanUpResourcesForDestroy]
05-11 11:47:24.523 1508 12402 I wm_task_removed: [34,removeChild:removeChild last r=Task{131a6a3 #35 type=recents I=com.android.launcher3/com.android.quickstep.RecentsActivity U=0 visible=false mode=fullscreen translucent=true sz=0 visible freeform task=true rootAffinity=null} in t=Task{5ac234 #34 type=recents ?? U=0 visible=false mode=fullscreen translucent=true sz=0 visible freeform task=true rootAffinity=null}]
05-11 11:47:24.523 1508 12402 I wm_task_removed: [34,removeChild]
05-11 11:47:24.523 1508 12402 I wm_task_removed: [35,removeChild:removeChild last r=ActivityRecord{3874c6e u0 com.android.launcher3/com.android.quickstep.RecentsActivity taskAffinity=null t-1 f}} in t=Task{131a6a3 #35 type=recents I=com.android.launcher3/com.android.quickstep.RecentsActivity U=0 visible=false mode=fullscreen translucent=true sz=0 visible freeform task=true rootAffinity=null}]
05-11 11:47:24.523 1508 12402 I wm_task_removed: [35,removeChild]
05-11 11:47:24.523 1508 12402 I ActivityTaskManager: FOREGROUND_APPLICATION_CHANGED to com.android.music.MusicBrowserActivity
05-11 11:47:24.671 1508 1787 I commit_sys_config_file: [settings-1-0,1]
05-11 11:47:24.795 1508 1644 I wm_stop_activity: [0,236689804,com.android.music/.MusicBrowserActivity]
05-11 11:47:24.798 14513 14513 I wm_on_top_resumed_lost_called: [236689804,com.android.music.MusicBrowserActivity,topStateChangedWhenResumed]
05-11 11:47:24.798 14513 14513 I wm_on_paused_called: [236689804,com.android.music.MusicBrowserActivity,performPause]
05-11 11:47:24.799 14513 14513 I wm_on_stop_called: [236689804,com.android.music.MusicBrowserActivity,STOP_ACTIVITY_ITEM]
01-01 08:20:33.001 0 0 E link_delay_work_func: DTC_ETH: SQI=0, link=0
05-11 11:47:24.960 5077 5077 I auditd : type=1400 audit(0.0:11056): avc: denied { open } for comm="doujia.phoenix2" path="/proc/vmstat" dev="proc" ino=4026531858 scontext=u:r:untrusted_app_27:s0:c512,c768 tcontext=u:object_r:proc_vmstat:s0 tclass=file permissive=1 app=com.wandoujia.phoenix2
05-11 11:47:24.960 5077 5077 I auditd : type=1400 audit(0.0:11057): avc: denied { getattr } for comm="doujia.phoenix2" path="/proc/vmstat" dev="proc" ino=4026531858 scontext=u:r:untrusted_app_27:s0:c512,c768 tcontext=u:object_r:proc_vmstat:s0 tclass=file permissive=1 app=com.wandoujia.phoenix2
05-11 11:47:25.137 1508 1833 I GameModeConfig: isGameModeOn = true
05-11 11:47:25.137 1508 1833 I GameModeConfig: isGaming = false
05-11 11:47:25.149 1508 1833 I GameModeConfig: isGameModeOn = true
05-11 11:47:25.149 1508 1833 I GameModeConfig: isGaming = false
05-11 11:47:25.156 4996 4996 I auditd : type=1400 audit(0.0:11058): avc: granted { nlmsg_readpriv } for comm="DaemonThread-6" scontext=u:r:untrusted_app_27:s0:c512,c768 tcontext=u:r:untrusted_app_27:s0:c512,c768 tclass=netlink_route_socket app=com.wandoujia.phoenix2
05-11 11:47:25.512 4996 4996 I auditd : type=1400 audit(0.0:11059): avc: granted { nlmsg_readpriv } for comm="DaemonThread-6" scontext=u:r:untrusted_app_27:s0:c512,c768 tcontext=u:r:untrusted_app_27:s0:c512,c768 tclass=netlink_route_socket app=com.wandoujia.phoenix2
05-11 11:47:25.666 1508 1799 I input_interaction: Interaction with: ec4974b com.android.launcher3/com.android.launcher3.uioverrides.QuickstepLauncher (server), eb2e27d com.android.systemui.ImageWallpaper (server), edge-swipe (server), swipe-up (server), PointerEventDispatcher0 (server),
05-11 11:47:25.667 1508 1644 I wm_task_moved: [1,1,6]
05-11 11:47:25.668 1508 1644 I wm_set_resumed_activity: [0,com.android.launcher3/.uioverrides.QuickstepLauncher,positionChildAt]
05-11 11:47:25.668 1508 1644 I wm_task_moved: [8,1,2147483647]
05-11 11:47:25.668 1508 1644 I wm_task_to_front: [0,8]
05-11 11:47:25.668 1508 1644 I wm_focused_root_task: [0,0,1,33,setFocusedTask]
05-11 11:47:25.668 1508 1644 I wm_set_resumed_activity: [0,com.android.launcher3/.uioverrides.QuickstepLauncher,setFocusedTask]
05-11 11:47:25.668 1508 1644 I ActivityTaskManager: FOREGROUND_APPLICATION_CHANGED to com.android.launcher3.uioverrides.QuickstepLauncher
05-11 11:47:25.668 1508 1645 I input_focus: [Focus request ec4974b com.android.launcher3/com.android.launcher3.uioverrides.QuickstepLauncher,reason=UpdateInputWindows]
05-11 11:47:25.669 2644 2644 I wm_on_top_resumed_gained_called: [236925855,com.android.launcher3.uioverrides.QuickstepLauncher,topStateChangedWhenResumed]
05-11 11:47:25.693 1508 1799 I input_focus: [Focus entering ec4974b com.android.launcher3/com.android.launcher3.uioverrides.QuickstepLauncher (server),reason=setFocusedWindow]
05-11 11:47:25.744 1508 12831 I wm_task_moved: [1,1,6]
05-11 11:47:25.744 1508 12831 I wm_set_resumed_activity: [0,com.android.launcher3/.uioverrides.QuickstepLauncher,positionChildAt]
05-11 11:47:25.744 1508 12831 I wm_task_moved: [33,1,6]
05-11 11:47:25.744 1508 12831 I wm_task_to_front: [0,33]
05-11 11:47:25.744 1508 12831 I wm_focused_root_task: [0,0,33,1,moveTaskToFront findTaskToMoveToFront]
05-11 11:47:25.745 1508 12831 I wm_set_resumed_activity: [0,com.android.music/.MusicBrowserActivity,moveTaskToFront findTaskToMoveToFront]
05-11 11:47:25.745 1508 12831 I ActivityTaskManager: FOREGROUND_APPLICATION_CHANGED to com.android.music.MusicBrowserActivity
05-11 11:47:25.745 1508 12831 I wm_set_resumed_activity: [0,com.android.music/.MusicBrowserActivity,resumeTopActivityInnerLocked]
05-11 11:47:25.745 1508 12831 I wm_add_to_stopping: [0,236689804,com.android.music/.MusicBrowserActivity,makeInvisible]
05-11 11:47:25.746 1508 12831 I wm_resume_activity: [0,236689804,33,com.android.music/.MusicBrowserActivity]
05-11 11:47:25.760 2644 2644 I wm_on_top_resumed_lost_called: [236925855,com.android.launcher3.uioverrides.QuickstepLauncher,topStateChangedWhenResumed]
05-11 11:47:25.761 14513 14513 I wm_on_restart_called: [236689804,com.android.music.MusicBrowserActivity,performRestartActivity]
05-11 11:47:25.762 14513 14513 I wm_on_start_called: [236689804,com.android.music.MusicBrowserActivity,handleStartActivity]
