05-11 11:51:19.860 1508 8281 I sysui_multi_action: [757,128,758,1,793,342103,794,0,795,342103,796,-3365,798,1,806,com.ss.android.lark,857,normal_v2,858,4,947,0,1395,3,1500,341901,1688,1,1745,945454168]
05-11 11:51:19.860 1508 8281 I sysui_multi_action: [757,804,799,note_freshness,801,342103,802,1]
05-11 11:51:19.860 1508 8281 I notification_visibility: [0|com.ss.android.lark|-3365|null|10113,1,342103,342103,0,1]
05-11 11:51:19.860 1508 8281 I sysui_multi_action: [757,128,758,1,793,1453511,794,0,795,1453511,796,27,798,2,806,android,857,USB,858,1,947,0,1395,3,1500,1453021,1688,1]
05-11 11:51:19.860 1508 8281 I sysui_multi_action: [757,804,799,note_freshness,801,1453511,802,1]
05-11 11:51:19.861 1508 8281 I notification_visibility: [-1|android|27|null|1000,1,1453511,1453511,0,2]
05-11 11:51:19.861 1508 8281 I sysui_multi_action: [757,128,758,2,793,1453509,794,4,795,1453509,796,26,798,0,806,android,857,DEVELOPER_IMPORTANT,858,4,947,0,1395,3,1500,1453021,1688,1]
05-11 11:51:19.861 1508 8281 I notification_visibility: [-1|android|26|null|1000,0,1453509,1453509,0,0]
05-11 11:51:19.861 1508 8281 I sysui_multi_action: [757,128,758,2,793,342104,794,1,795,342104,796,-3365,798,1,806,com.ss.android.lark,857,normal_v2,858,4,947,0,1395,3,1500,341902,1688,1,1745,945454168]
05-11 11:51:19.862 1508 8281 I notification_visibility: [0|com.ss.android.lark|-3365|null|10113,0,342104,342104,0,1]
05-11 11:51:19.862 1508 8281 I sysui_multi_action: [757,128,758,2,793,1453513,794,2,795,1453513,796,27,798,2,806,android,857,USB,858,1,947,0,1395,3,1500,1453023,1688,1]
05-11 11:51:19.862 1508 8281 I notification_visibility: [-1|android|27|null|1000,0,1453513,1453513,0,2]
05-11 11:51:19.863 1508 12402 I sysui_multi_action: [757,127,758,2]
05-11 11:51:19.863 1508 12402 I notification_panel_hidden:
05-11 11:51:20.220 877 877 I auditd : type=1400 audit(0.0:14183): avc: denied { add_name } for comm="perf@2.2-servic" name="min_cpus" scontext=u:r:vendor_hal_perf_default:s0 tcontext=u:object_r:sysfs_devices_system_cpu:s0 tclass=dir permissive=1
05-11 11:51:20.220 877 877 I auditd : type=1400 audit(0.0:14184): avc: denied { create } for comm="perf@2.2-servic" name="min_cpus" scontext=u:r:vendor_hal_perf_default:s0 tcontext=u:object_r:sysfs_devices_system_cpu:s0 tclass=file permissive=1
01-01 08:24:28.521 0 0 E link_delay_work_func: DTC_ETH: SQI=0, link=0
05-11 11:51:20.631 1508 1508 I notification_enqueue: [10094,3484,com.tencent.android.qqdownloader,127,NULL,0,Notification(channel=channel_id_default_silent shortcut=null contentView=com.tencent.android.qqdownloader/0x7f0a01c2 vibrate=null sound=null defaults=0x0 flags=0x2a2 color=0x00000000 groupKey=com.tencent.android.qqdownloader vis=PRIVATE),1]
05-11 11:51:20.833 1508 1508 I GameModeConfig: isGameModeOn = true
05-11 11:51:20.833 1508 1508 I GameModeConfig: isGaming = false
01-01 08:24:29.342 0 0 I msm_vidc: high: 00000001: h265d: Closed video instance: 0000000000000000
05-11 11:51:21.601 1508 1818 I netstats_mobile_sample: [0,0,0,0,0,0,0,0,0,0,0,0,1683874766801]
05-11 11:51:21.601 1508 1818 I netstats_wifi_sample: [40,1,128,2,40,1,128,2,40,1,64,1,1683874766801]
05-11 11:51:21.596 685 685 I auditd : type=1400 audit(0.0:14185): avc: denied { add_name } for comm="Binder:685_4" name="globalAlert" scontext=u:r:netd:s0 tcontext=u:object_r:proc_net:s0 tclass=dir permissive=1
05-11 11:51:21.596 685 685 I auditd : type=1400 audit(0.0:14186): avc: denied { create } for comm="Binder:685_4" name="globalAlert" scontext=u:r:netd:s0 tcontext=u:object_r:proc_net:s0 tclass=file permissive=1
05-11 11:51:23.742 1508 1833 I GameModeConfig: isGameModeOn = true
05-11 11:51:23.742 1508 1833 I GameModeConfig: isGaming = false
05-11 11:51:24.960 5077 5077 I auditd : type=1400 audit(0.0:14187): avc: denied { open } for comm="doujia.phoenix2" path="/proc/vmstat" dev="proc" ino=4026531858 scontext=u:r:untrusted_app_27:s0:c512,c768 tcontext=u:object_r:proc_vmstat:s0 tclass=file permissive=1 app=com.wandoujia.phoenix2
05-11 11:51:24.960 5077 5077 I auditd : type=1400 audit(0.0:14188): avc: denied { getattr } for comm="doujia.phoenix2" path="/proc/vmstat" dev="proc" ino=4026531858 scontext=u:r:untrusted_app_27:s0:c512,c768 tcontext=u:object_r:proc_vmstat:s0 tclass=file permissive=1 app=com.wandoujia.phoenix2
01-01 08:24:33.641 0 0 E link_delay_work_func: DTC_ETH: SQI=0, link=0
05-11 11:51:26.748 4996 4996 I auditd : type=1400 audit(0.0:14189): avc: granted { nlmsg_readpriv } for comm="DaemonThread-6" scontext=u:r:untrusted_app_27:s0:c512,c768 tcontext=u:r:untrusted_app_27:s0:c512,c768 tclass=netlink_route_socket app=com.wandoujia.phoenix2
05-11 11:51:27.116 4996 4996 I auditd : type=1400 audit(0.0:14190): avc: granted { nlmsg_readpriv } for comm="DaemonThread-6" scontext=u:r:untrusted_app_27:s0:c512,c768 tcontext=u:r:untrusted_app_27:s0:c512,c768 tclass=netlink_route_socket app=com.wandoujia.phoenix2
01-01 08:24:38.761 0 0 E link_delay_work_func: DTC_ETH: SQI=0, link=0
05-11 11:51:31.364 5077 5077 I auditd : type=1400 audit(0.0:14191): avc: granted { nlmsg_readpriv } for comm="DaemonThread-6" scontext=u:r:untrusted_app_27:s0:c512,c768 tcontext=u:r:untrusted_app_27:s0:c512,c768 tclass=netlink_route_socket app=com.wandoujia.phoenix2
05-11 11:51:31.776 5077 5077 I auditd : type=1400 audit(0.0:14192): avc: granted { nlmsg_readpriv } for comm="DaemonThread-6" scontext=u:r:untrusted_app_27:s0:c512,c768 tcontext=u:r:untrusted_app_27:s0:c512,c768 tclass=netlink_route_socket app=com.wandoujia.phoenix2
05-11 11:51:32.252 877 877 I auditd : type=1400 audit(0.0:14193): avc: denied { create } for comm="perf@2.2-servic" name="min_freq" scontext=u:r:vendor_hal_perf_default:s0 tcontext=u:object_r:vendor_sysfs_devfreq:s0 tclass=file permissive=1
05-11 11:51:32.252 877 877 I auditd : type=1400 audit(0.0:14194): avc: denied { create } for comm="perf@2.2-servic" name="cpu_min_freq" scontext=u:r:vendor_hal_perf_default:s0 tcontext=u:object_r:vendor_sysfs_msm_perf:s0 tclass=file permissive=1
05-11 11:51:33.152 1508 1818 I netstats_mobile_sample: [0,0,0,0,0,0,0,0,0,0,0,0,1683874778352]
05-11 11:51:33.152 1508 1818 I netstats_wifi_sample: [40,1,128,2,40,1,128,2,40,1,64,1,1683874778352]
01-01 08:24:43.881 0 0 E link_delay_work_func: DTC_ETH: SQI=0, link=0
05-11 11:51:36.667 1508 1893 I sync : [com.tencent.android.qqdownloader.YYBLiveAccountProvider,0,3,24220937]
05-11 11:51:36.669 1508 1657 I am_pss : [23189,1002,com.android.bluetooth,32219136,28987392,26624,131317760,0,0,9]
05-11 11:51:36.697 1508 1893 I sync : [com.tencent.android.qqdownloader.YYBLiveAccountProvider,1,3,24220937]
05-11 11:51:36.699 1508 1893 I commit_sys_config_file: [sync-status,1466474]
05-11 11:51:36.703 1508 1893 I sync : [com.tencent.android.qqdownloader.YYBLiveAccountProvider,0,3,24220937]
05-11 11:51:36.715 1508 1893 I sync : [com.tencent.android.qqdownloader.YYBLiveAccountProvider,1,3,24220937]
05-11 11:51:36.716 1508 1893 I commit_sys_config_file: [sync-status,1466491]
05-11 11:51:37.632 4923 4923 I auditd : type=1400 audit(0.0:14195): avc: granted { nlmsg_readpriv } for comm="DaemonThread-6" scontext=u:r:untrusted_app_27:s0:c512,c768 tcontext=u:r:untrusted_app_27:s0:c512,c768 tclass=netlink_route_socket app=com.wandoujia.phoenix2
05-11 11:51:37.976 4923 4923 I auditd : type=1400 audit(0.0:14196): avc: granted { nlmsg_readpriv } for comm="DaemonThread-6" scontext=u:r:untrusted_app_27:s0:c512,c768 tcontext=u:r:untrusted_app_27:s0:c512,c768 tclass=netlink_route_socket app=com.wandoujia.phoenix2
05-11 11:51:38.702 1508 1643 I commit_sys_config_file: [jobs,2]
01-01 08:24:49.001 0 0 E link_delay_work_func: DTC_ETH: SQI=0, link=0
01-01 08:24:54.121 0 0 E link_delay_work_func: DTC_ETH: SQI=0, link=0
05-11 11:51:46.283 1508 8281 I netstats_mobile_sample: [0,0,0,0,0,0,0,0,0,0,0,0,1683874791483]
05-11 11:51:46.283 1508 8281 I netstats_wifi_sample: [40,1,128,2,40,1,128,2,40,1,64,1,1683874791483]
05-11 11:51:46.284 1508 8281 I service_manager_stats: [100,50,96084]
01-01 08:24:59.241 0 0 E link_delay_work_func: DTC_ETH: SQI=0, link=0
05-11 11:51:52.460 0 0 I auditd : type=1400 audit(0.0:14197): avc: denied { kill } for comm="swapper/7" capability=5 scontext=u:r:kernel:s0 tcontext=u:r:kernel:s0 tclass=capability permissive=1
05-11 11:51:54.196 1508 1659 I am_uid_idle: 10109
01-01 08:25:04.361 0 0 E link_delay_work_func: DTC_ETH: SQI=0, link=0
01-01 08:25:09.482 0 0 E link_delay_work_func: DTC_ETH: SQI=0, link=0
05-11 11:52:01.952 1508 1659 I am_uid_idle: 10019
01-01 08:25:11.918 0 0 I msm_vidc: high: 00000001: ....d: Opening video instance: 0000000000000000, 1
01-01 08:25:11.918 0 0 I msm_vidc: err : 00000001: ....d: Failed to create debugfs for msm_vidc
05-11 11:52:03.900 877 877 I auditd : type=1400 audit(0.0:14198): avc: denied { add_name } for comm="perf@2.2-servic" name="min_freq" scontext=u:r:vendor_hal_perf_default:s0 tcontext=u:object_r:vendor_sysfs_devfreq:s0 tclass=dir permissive=1
05-11 11:52:04.124 13014 13014 I auditd : type=1400 audit(0.0:14199): avc: denied { open } for comm="ss.android.lark" path="/proc/vmstat" dev="proc" ino=4026531858 scontext=u:r:untrusted_app:s0:c113,c256,c512,c768 tcontext=u:object_r:proc_vmstat:s0 tclass=file permissive=1 app=com.ss.android.lark
05-11 11:52:04.124 13014 13014 I auditd : type=1400 audit(0.0:14200): avc: denied { getattr } for comm="ss.android.lark" path="/proc/vmstat" dev="proc" ino=4026531858 scontext=u:r:untrusted_app:s0:c113,c256,c512,c768 tcontext=u:object_r:proc_vmstat:s0 tclass=file permissive=1 app=com.ss.android.lark
01-01 08:25:12.746 0 0 I [dp_rx_][0x6c3338671][11:52:04.701331] wlan: [3399:I:QDF] DHCP-IN RX: SA:08:00:27:35:1f:3a DA:ff:ff:ff:ff:ff:ff
05-11 11:52:04.732 877 877 I auditd : type=1400 audit(0.0:14201): avc: denied { add_name } for comm="perf@2.2-servic" name="min_cpus" scontext=u:r:vendor_hal_perf_default:s0 tcontext=u:object_r:sysfs_devices_system_cpu:s0 tclass=dir permissive=1
05-11 11:52:04.732 877 877 I auditd : type=1400 audit(0.0:14202): avc: denied { create } for comm="perf@2.2-servic" name="min_cpus" scontext=u:r:vendor_hal_perf_default:s0 tcontext=u:object_r:sysfs_devices_system_cpu:s0 tclass=file permissive=1
01-01 08:25:12.783 0 0 W audit : audit_lost=12929 audit_rate_limit=5 audit_backlog_limit=64
01-01 08:25:12.783 0 0 E audit : rate limit exceeded
05-11 11:52:05.973 1508 1659 I am_uid_idle: 10100
05-11 11:52:06.319 1508 1657 I am_pss : [3267,10094,com.tencent.android.qqdownloader:live,48096256,43614208,2874368,122339328,0,5,9]
05-11 11:52:06.338 1508 1657 I am_pss : [3484,10094,com.tencent.android.qqdownloader:daemon,130382848,121819136,2252800,263012352,0,5,16]
05-11 11:52:06.350 1508 1657 I am_pss : [3555,10094,com.tencent.android.qqdownloader,100028416,88174592,9402368,189067264,0,10,11]
05-11 11:52:06.360 1508 1657 I am_pss : [6161,10094,com.tencent.ilink.ServiceProcess,74948608,67698688,5688320,145149952,0,10,9]
05-11 11:52:06.365 1508 1657 I am_pss : [6386,99000,com.android.webview:sandboxed_process0:org.chromium.content.app.SandboxedProcessService0:0,15248384,1294336,12106752,29102080,0,5,4]
05-11 11:52:06.372 1508 1657 I am_pss : [3598,10094,com.tencent.android.qqdownloader:cloud,46845952,39706624,5869568,109498368,0,5,7]
01-01 08:25:14.601 0 0 E link_delay_work_func: DTC_ETH: SQI=0, link=0
01-01 08:25:14.936 0 0 I msm_vidc: high: 00000001: h265d: Closed video instance: 0000000000000000
05-11 11:52:07.065 21548 21548 I sysui_multi_action: [757,629,758,4,759,0]
05-11 11:52:07.265 1508 1818 I netstats_mobile_sample: [0,0,0,0,0,0,0,0,0,0,0,0,1683874812466]
05-11 11:52:07.265 1508 1818 I netstats_wifi_sample: [40,1,128,2,40,1,128,2,40,1,64,1,1683874812466]
05-11 11:52:07.260 685 685 I auditd : type=1400 audit(0.0:14204): avc: denied { add_name } for comm="Binder:685_4" name="globalAlert" scontext=u:r:netd:s0 tcontext=u:object_r:proc_net:s0 tclass=dir permissive=1
05-11 11:52:07.260 685 685 I auditd : type=1400 audit(0.0:14205): avc: denied { create } for comm="Binder:685_4" name="globalAlert" scontext=u:r:netd:s0 tcontext=u:object_r:proc_net:s0 tclass=file permissive=1
05-11 11:52:07.460 0 0 I auditd : type=1400 audit(0.0:14206): avc: denied { kill } for comm="swapper/7" capability=5 scontext=u:r:kernel:s0 tcontext=u:r:kernel:s0 tclass=capability permissive=1
05-11 11:52:08.315 1508 1643 I commit_sys_config_file: [jobs,2]
05-11 11:52:08.890 1508 1893 I sync : [com.tencent.android.qqdownloader.YYBLiveAccountProvider,0,4,24220937]
05-11 11:52:08.896 1508 1657 I am_pss : [23189,1002,com.android.bluetooth,33043456,30035968,26624,131911680,0,0,9]
05-11 11:52:08.907 1508 1893 I sync : [com.tencent.android.qqdownloader.YYBLiveAccountProvider,1,4,24220937]
05-11 11:52:08.909 1508 1893 I commit_sys_config_file: [sync-status,1498683]
05-11 11:52:08.912 1508 1893 I sync : [com.tencent.android.qqdownloader.YYBLiveAccountProvider,0,3,24220937]
05-11 11:52:08.923 1508 1893 I sync : [com.tencent.android.qqdownloader.YYBLiveAccountProvider,1,3,24220937]
05-11 11:52:08.925 1508 1893 I sync : [com.tencent.android.qqdownloader.YYBLiveAccountProvider,0,3,24220937]
05-11 11:52:08.934 1508 1893 I sync : [com.tencent.android.qqdownloader.YYBLiveAccountProvider,1,3,24220937]
05-11 11:52:08.936 1508 1893 I commit_sys_config_file: [sync-status,1498710]
05-11 11:52:10.903 1508 1643 I commit_sys_config_file: [jobs,3]
01-01 08:25:19.721 0 0 E link_delay_work_func: DTC_ETH: SQI=0, link=0
05-11 11:52:11.982 1508 1659 I am_uid_idle: 10091
05-11 11:52:14.687 1508 10954 I netstats_mobile_sample: [0,0,0,0,0,0,0,0,0,0,0,0,1683874819888]
05-11 11:52:14.687 1508 10954 I netstats_wifi_sample: [40,1,128,2,40,1,128,2,40,1,64,1,1683874819888]
01-01 08:25:24.841 0 0 E link_delay_work_func: DTC_ETH: SQI=0, link=0
05-11 11:52:17.741 1508 1659 I am_uid_idle: 10096
05-11 11:52:19.059 1508 1818 I netstats_mobile_sample: [0,0,0,0,0,0,0,0,0,0,0,0,1683874824260]
05-11 11:52:19.059 1508 1818 I netstats_wifi_sample: [40,1,128,2,40,1,128,2,40,1,64,1,1683874824260]
05-11 11:52:19.766 21548 21548 I sysui_multi_action: [757,629,758,4,759,0]
05-11 11:52:21.270 1508 1659 I am_uid_active: 10102
05-11 11:52:21.278 1508 1657 I am_pss : [23115,10091,com.android.permissioncontroller,12923904,10375168,686080,95002624,0,19,8]
01-01 08:25:29.961 0 0 E link_delay_work_func: DTC_ETH: SQI=0, link=0
05-11 11:52:22.126 1508 1508 I notification_enqueue: [10094,3484,com.tencent.android.qqdownloader,127,NULL,0,Notification(channel=channel_id_default_silent shortcut=null contentView=com.tencent.android.qqdownloader/0x7f0a01c2 vibrate=null sound=null defaults=0x0 flags=0x2a2 color=0x00000000 groupKey=com.tencent.android.qqdownloader vis=PRIVATE),1]
05-11 11:52:22.327 1508 1508 I GameModeConfig: isGameModeOn = true
05-11 11:52:22.327 1508 1508 I GameModeConfig: isGaming = false
05-11 11:52:24.162 1508 1799 I input_interaction: Interaction with: ec4974b com.android.launcher3/com.android.launcher3.uioverrides.QuickstepLauncher (server), eb2e27d com.android.systemui.ImageWallpaper (server), edge-swipe (server), swipe-up (server), PointerEventDispatcher0 (server),
05-11 11:52:24.960 5077 5077 I auditd : type=1400 audit(0.0:14207): avc: denied { open } for comm="doujia.phoenix2" path="/proc/vmstat" dev="proc" ino=4026531858 scontext=u:r:untrusted_app_27:s0:c512,c768 tcontext=u:object_r:proc_vmstat:s0 tclass=file permissive=1 app=com.wandoujia.phoenix2
05-11 11:52:24.960 5077 5077 I auditd : type=1400 audit(0.0:14208): avc: denied { getattr } for comm="doujia.phoenix2" path="/proc/vmstat" dev="proc" ino=4026531858 scontext=u:r:untrusted_app_27:s0:c512,c768 tcontext=u:object_r:proc_vmstat:s0 tclass=file permissive=1 app=com.wandoujia.phoenix2
05-11 11:52:26.396 877 877 I auditd : type=1400 audit(0.0:14209): avc: denied { add_name } for comm="perf@2.2-servic" name="cpu_max_freq" scontext=u:r:vendor_hal_perf_default:s0 tcontext=u:object_r:vendor_sysfs_msm_perf:s0 tclass=dir permissive=1
05-11 11:52:26.396 877 877 I auditd : type=1400 audit(0.0:14210): avc: denied { create } for comm="perf@2.2-servic" name="cpu_max_freq" scontext=u:r:vendor_hal_perf_default:s0 tcontext=u:object_r:vendor_sysfs_msm_perf:s0 tclass=file permissive=1
05-11 11:52:26.403 1508 12402 I thunderperf: PlatormCompat.setOverrides: Uid1=10072 Pid1=2644 Uid2=10072 Pid2=2644
05-11 11:52:26.403 1508 12402 I thunderperf: PlatormCompat.setOverrides: needCheck:false
05-11 11:52:26.403 1508 12402 I thunderperf: CompatConfig.addOverrideUnsafe: bef-state=0
05-11 11:52:26.403 1508 12402 I thunderperf: CompatConfig.addOverrideUnsafe: aft-state=0
05-11 11:52:26.403 1508 12402 I thunderperf: CompatConfig.addOverrideUnsafe: bef-state=0
05-11 11:52:26.403 1508 12402 I thunderperf: CompatConfig.addOverrideUnsafe: aft-state=0
05-11 11:52:26.404 1508 12402 I thunderperf: CompatConfig.addOverrideUnsafe: bef-state=0
05-11 11:52:26.404 1508 12402 I thunderperf: CompatConfig.addOverrideUnsafe: aft-state=0
05-11 11:52:26.404 1508 12402 I thunderperf: CompatConfig.addOverrideUnsafe: bef-state=0
05-11 11:52:26.404 1508 12402 I thunderperf: CompatConfig.addOverrideUnsafe: aft-state=0
05-11 11:52:26.404 1508 12402 I thunderperf: CompatConfig.addOverrideUnsafe: bef-state=0
05-11 11:52:26.404 1508 12402 I thunderperf: CompatConfig.addOverrideUnsafe: aft-state=0
05-11 11:52:26.404 1508 12402 I thunderperf: CompatConfig.addOverrideUnsafe: bef-state=0
05-11 11:52:26.404 1508 12402 I thunderperf: CompatConfig.addOverrideUnsafe: aft-state=0
05-11 11:52:26.405 1508 12402 I thunderperf: CompatConfig.addOverrideUnsafe: bef-state=0
05-11 11:52:26.405 1508 12402 I thunderperf: CompatConfig.addOverrideUnsafe: aft-state=0
05-11 11:52:26.405 1508 12402 I thunderperf: CompatConfig.addOverrideUnsafe: bef-state=0
05-11 11:52:26.405 1508 12402 I thunderperf: CompatConfig.addOverrideUnsafe: aft-state=0
05-11 11:52:26.405 1508 12402 I thunderperf: CompatConfig.addOverrideUnsafe: bef-state=0
05-11 11:52:26.405 1508 12402 I thunderperf: CompatConfig.addOverrideUnsafe: aft-state=0
05-11 11:52:26.405 1508 12402 I thunderperf: CompatConfig.addOverrideUnsafe: bef-state=0
05-11 11:52:26.405 1508 12402 I thunderperf: CompatConfig.addOverrideUnsafe: aft-state=0
05-11 11:52:26.405 1508 12402 I thunderperf: CompatConfig.addOverrideUnsafe: bef-state=0
05-11 11:52:26.406 1508 12402 I thunderperf: CompatConfig.addOverrideUnsafe: aft-state=0
05-11 11:52:26.406 1508 12402 I thunderperf: CompatConfig.addOverrideUnsafe: bef-state=0
05-11 11:52:26.406 1508 12402 I thunderperf: CompatConfig.addOverrideUnsafe: aft-state=0
05-11 11:52:26.406 1508 12402 I thunderperf: CompatConfig.addOverrideUnsafe: bef-state=0
05-11 11:52:26.406 1508 12402 I thunderperf: CompatConfig.addOverrideUnsafe: aft-state=0
05-11 11:52:26.406 1508 12402 I thunderperf: CompatConfig.addOverrideUnsafe: bef-state=0
05-11 11:52:26.406 1508 12402 I thunderperf: CompatConfig.addOverrideUnsafe: aft-state=0
05-11 11:52:26.410 1508 12402 I ActivityTaskManager: START u0 {act=android.intent.action.MAIN cat=[android.intent.category.LAUNCHER] flg=0x10200000 cmp=com.happyelements.AndroidAnimal.qq/com.happyelements.hellolua.MainActivity bnds=[1026,692][1326,990]} from uid 10072
05-11 11:52:26.414 1508 12402 I wm_task_created: [55,-1]
05-11 11:52:26.414 1508 12402 W ActivityTaskManager: Can't find TaskDisplayArea to determine support for multi window. Task id=55 attached=false
05-11 11:52:26.416 1508 12402 D CompatibilityChangeReporter: Compat change id reported: 174042980; UID 10106; state: DISABLED
05-11 11:52:26.416 1508 12402 D CompatibilityChangeReporter: Compat change id reported: 184838306; UID 10106; state: DISABLED
05-11 11:52:26.416 1508 12402 D CompatibilityChangeReporter: Compat change id reported: 185004937; UID 10106; state: DISABLED
05-11 11:52:26.416 1508 12402 D CompatibilityChangeReporter: Compat change id reported: 181136395; UID 10106; state: DISABLED
05-11 11:52:26.417 1508 12402 I wm_task_moved: [55,1,9]
05-11 11:52:26.417 1508 12402 I wm_task_to_front: [0,55]
05-11 11:52:26.417 1508 12402 I wm_create_task: [0,55]
05-11 11:52:26.417 1508 12402 I wm_create_activity: [0,63352040,55,com.happyelements.AndroidAnimal.qq/com.happyelements.hellolua.MainActivity,android.intent.action.MAIN,NULL,NULL,270532608]
05-11 11:52:26.417 1508 12402 I wm_task_moved: [55,1,9]
05-11 11:52:26.417 21548 21548 I wm_on_top_resumed_lost_called: [82963027,com.ss.android.ugc.aweme.splash.SplashActivity,topStateChangedWhenResumed]
05-11 11:52:26.418 1508 12402 D CompatibilityChangeReporter: Compat change id reported: 168419799; UID 10106; state: DISABLED
05-11 11:52:26.418 1508 12402 V SplashScreenExceptionList: SplashScreen checking exception for package com.happyelements.AndroidAnimal.qq (target sdk:26) -> false
05-11 11:52:26.418 18015 18035 D PhoneStartingWindowTypeAlgorithm: preferredStartingWindowType newTask:true taskSwitch:true processRunning:false allowTaskSnapshot:true activityCreated:false useEmptySplashScreen:false legacySplashScreen:false topIsHome:false
05-11 11:52:26.418 18015 18035 D StartingSurfaceDrawer: addSplashScreen com.happyelements.AndroidAnimal.qq theme=7f1000d4 task=55 suggestType=1
05-11 11:52:26.418 1508 12402 I wm_pause_activity: [0,82963027,com.ss.android.ugc.aweme/.splash.SplashActivity,userLeaving=true,pauseBackTasks]
05-11 11:52:26.419 1508 12402 I wm_pause_activity: [0,236925855,com.android.launcher3/.uioverrides.QuickstepLauncher,userLeaving=true,pauseBackTasks]
05-11 11:52:26.421 18015 18035 D StartingSurfaceDrawer: addSplashScreen: creating context based on task Configuration {1.0 ?mcc?mnc [zh_CN] ldltr sw720dp w290dp h665dp 240dpi nrml long hdr port finger -keyb/v/h -nav/h winConfig={ mBounds=Rect(1062, 0 - 1498, 1080) mAppBounds=Rect(1062, 0 - 1498, 1034) mMaxBounds=Rect(0, 0 - 2560, 1080) mWindowingMode=fullscreen mDisplayWindowingMode=fullscreen mActivityType=standard mAlwaysOnTop=undefined mRotation=ROTATION_0} s.1 fontWeightAdjustment=0} for splash screen
05-11 11:52:26.423 1508 1644 I am_uid_running: 10106
05-11 11:52:26.423 1508 1644 D CompatibilityChangeReporter: Compat change id reported: 135634846; UID 10106; state: DISABLED
05-11 11:52:26.423 1508 1644 D CompatibilityChangeReporter: Compat change id reported: 177438394; UID 10106; state: DISABLED
05-11 11:52:26.423 1508 1644 D CompatibilityChangeReporter: Compat change id reported: 135772972; UID 10106; state: DISABLED
05-11 11:52:26.423 1508 1644 D CompatibilityChangeReporter: Compat change id reported: 135754954; UID 10106; state: DISABLED
05-11 11:52:26.423 1508 1660 D CompatibilityChangeReporter: Compat change id reported: 143937733; UID 10106; state: DISABLED
05-11 11:52:26.424 2644 2644 I wm_on_paused_called: [236925855,com.android.launcher3.uioverrides.QuickstepLauncher,performPause]
05-11 11:52:26.426 1508 10955 D CompatibilityChangeReporter: Compat change id reported: 181136395; UID 10103; state: DISABLED
05-11 11:52:26.426 1508 10955 D CompatibilityChangeReporter: Compat change id reported: 174042936; UID 10103; state: DISABLED
05-11 11:52:26.426 1508 10955 I wm_add_to_stopping: [0,236925855,com.android.launcher3/.uioverrides.QuickstepLauncher,makeInvisible]
05-11 11:52:26.429 1508 1644 I sysui_multi_action: [757,803,799,window_time_0,802,216]
05-11 11:52:26.437 18015 18035 D StartingSurfaceDrawer: addSplashScreen: apply overrideConfig{1.0 ?mcc?mnc [zh_CN] ldltr sw720dp w290dp h665dp 240dpi nrml long hdr port finger -keyb/v/h -nav/h winConfig={ mBounds=Rect(1062, 0 - 1498, 1080) mAppBounds=Rect(1062, 0 - 1498, 1034) mMaxBounds=Rect(0, 0 - 2560, 1080) mWindowingMode=fullscreen mDisplayWindowingMode=fullscreen mActivityType=standard mAlwaysOnTop=undefined mRotation=ROTATION_0} s.1 fontWeightAdjustment=0} to starting window resId=2131165825
05-11 11:52:26.440 18015 18036 D StartingSurfaceDrawer: window attributes color: 0 icon null duration 0 brandImage null
05-11 11:52:26.441 18015 18036 D StartingSurfaceDrawer: replace drawable with bottom layer drawable
05-11 11:52:26.442 18015 18036 D StartingSurfaceDrawer: The icon is not an AdaptiveIconDrawable
01-01 08:25:34.488 0 0 W perfetto: enabled ftrace
05-11 11:52:26.443 1508 1660 I am_proc_start: [0,23536,10106,com.happyelements.AndroidAnimal.qq,pre-top-activity,{com.happyelements.AndroidAnimal.qq/com.happyelements.hellolua.MainActivity}]
05-11 11:52:26.445 1508 1660 I ActivityManager: Start proc 23536:com.happyelements.AndroidAnimal.qq/u0a106 for pre-top-activity {com.happyelements.AndroidAnimal.qq/com.happyelements.hellolua.MainActivity}
05-11 11:52:26.446 18015 18036 D StartingSurfaceDrawer: fillViewWithIcon surfaceWindowView android.window.SplashScreenView{3e4fe91 V.E...... ......ID 0,0-0,0}
05-11 11:52:26.447 1508 23537 W ContextImpl: Calling a method in the system process without a qualified user: android.app.ContextImpl.sendBroadcast:1173 com.qualcomm.qti.Performance$SendGameLaunchBroadcast.run:217 java.lang.Thread.run:920
05-11 11:52:26.469 21548 21548 I wm_on_paused_called: [82963027,com.ss.android.ugc.aweme.splash.SplashActivity,performPause]
05-11 11:52:26.470 1508 12402 I ActivityTaskManager: FOREGROUND_APPLICATION_CHANGED to com.happyelements.hellolua.MainActivity
01-01 08:25:34.518 0 0 I binder : 23536:23536 ioctl 40046210 7ffe05b4f4 returned -22
05-11 11:52:26.475 1508 10955 I am_proc_bound: [0,23536,com.happyelements.AndroidAnimal.qq]
05-11 11:52:26.478 1508 10955 I wm_restart_activity: [0,63352040,55,com.happyelements.AndroidAnimal.qq/com.happyelements.hellolua.MainActivity]
05-11 11:52:26.480 1508 10955 I wm_set_resumed_activity: [0,com.happyelements.AndroidAnimal.qq/com.happyelements.hellolua.MainActivity,minimalResumeActivityLocked]
05-11 11:52:26.481 1508 1644 I am_uid_active: 10106
05-11 11:52:26.489 2031 4595 W ContextImpl: Calling a method in the system process without a qualified user: android.app.ContextImpl.startService:1816 android.content.ContextWrapper.startService:774 com.thundercomm.gamemode.ingame.services.GameModeActionUtils.startGameModeService:118 com.thundercomm.gamemode.ingame.services.GameModeActionUtils.startGameModeEntry:29 com.thundercomm.gamemode.ingame.services.ActivityMonitoringService$1.onActivityLaunch:140
05-11 11:52:26.490 1508 10955 I am_uid_active: 10062
05-11 11:52:26.493 1508 1657 I am_pss : [21548,10103,com.ss.android.ugc.aweme,767052800,707854336,23552,948994048,0,2,52]
05-11 11:52:26.497 1508 1508 I GameModeConfig: Current uri is uri = content://com.thundercomm.gamemode.api/gamemode_settings/gamemode_isgaming
05-11 11:52:26.502 1508 1508 I GameModeConfig: isGameModeOn = true
05-11 11:52:26.502 1508 1508 I GameModeConfig: isGaming = true
05-11 11:52:26.502 1508 1508 I GameModeConfig: isDisableNotification = true
05-11 11:52:26.502 1508 1508 I GameModeConfig: isGameModeOn = true
05-11 11:52:26.502 1508 1508 I GameModeConfig: isGaming = true
05-11 11:52:26.502 1508 1508 I GameModeConfig: isDisableNotification = true
01-01 08:25:34.549 0 0 W ALERT : changing window size from 16000000 to 8000000 at 1531852026756
01-01 08:25:34.562 0 0 I atmel_mxt_ts 0-004a: FB event:2,blank:0
01-01 08:25:34.562 0 0 I atmel_mxt_ts 0-004a: suspend: event = 2, blank = 0, not care
01-01 08:25:34.562 0 0 I [drm:dsi_display_set_mode] [msm-dsi-info]: mdp_transfer_time_us=0 us
01-01 08:25:34.562 0 0 I [drm:dsi_display_set_mode] [msm-dsi-info]: hactive= 2560,vactive= 1080,fps=30
01-01 08:25:34.562 0 0 I : [MAX975X:max96755x_drm_notifier_callback] *INFO* receives BLANK: UNBLANK
05-11 11:52:26.532 1508 1644 I DisplayDeviceRepository: Display device changed: DisplayDeviceInfo{"内置屏幕": uniqueId="local:4630946816427681409", 2560 x 1080, modeId 3, defaultModeId 1, supportedModes [{id=1, width=2560, height=1080, fps=60.000004, alternativeRefreshRates=[30.000002, 45.0]}, {id=2, width=2560, height=1080, fps=45.0, alternativeRefreshRates=[30.000002, 60.000004]}, {id=3, width=2560, height=1080, fps=30.000002, alternativeRefreshRates=[45.0, 60.000004]}], colorMode 0, supportedColorModes [0], hdrCapabilities HdrCapabilities{mSupportedHdrTypes=[2, 3, 4], mMaxLuminance=500.0, mMaxAverageLuminance=500.0, mMinLuminance=0.0}, allmSupported false, gameContentTypeSupported false, density 240, 320.315 x 318.976 dpi, appVsyncOff 1000000, presDeadline 33333333, touch INTERNAL, rotation 0, type INTERNAL, address {port=129, model=0x40446d97fee5e6}, deviceProductInfo DeviceProductInfo{name=, manufacturerPnpId=QCM, productId=1, modelYear=null, manufactureDate=ManufactureDate{week=27, year=2006}, connectionToSinkType=0}, state ON, frameRateOverride , brightnessMinimum 0.0, brightnessMaximum 1.0, brightnessDefault 1.0, FLAG_DEFAULT_DISPLAY, FLAG_ROTATES_WITH_CONTENT, FLAG_SECURE, FLAG_SUPPORTS_PROTECTED_BUFFERS}
05-11 11:52:26.689 1508 1787 I commit_sys_config_file: [settings-1-0,2]
01-01 08:25:34.766 0 0 I atmel_mxt_ts 0-004a: FB event:1,blank:0
01-01 08:25:34.766 0 0 I atmel_mxt_ts 0-004a: drm_notifier_callback: UNBLANK! Resume by drm notifier.
05-11 11:52:26.793 23536 23536 I wm_on_create_called: [63352040,com.happyelements.hellolua.MainActivity,performCreate]
05-11 11:52:26.793 23536 23536 I wm_on_start_called: [63352040,com.happyelements.hellolua.MainActivity,handleStartActivity]
05-11 11:52:26.797 23536 23536 I wm_on_resume_called: [63352040,com.happyelements.hellolua.MainActivity,RESUME_ACTIVITY]
05-11 11:52:26.799 1508 10965 W WindowManager: Failed looking up window session=Session{e40e0d5 23536:u0a10106} callers=com.android.server.wm.WindowManagerService.windowForClientLocked:5628 com.android.server.wm.Session.insetsModified:629 android.view.IWindowSession$Stub.onTransact:1151
05-11 11:52:26.800 23536 23536 I wm_on_top_resumed_gained_called: [63352040,com.happyelements.hellolua.MainActivity,topStateChangedWhenResumed]
05-11 11:52:26.821 1508 1645 I input_focus: [Focus request 8008a78 com.happyelements.AndroidAnimal.qq/com.happyelements.hellolua.MainActivity,reason=UpdateInputWindows]
01-01 08:25:34.885 0 0 I binder : 23536:23583 ioctl 40046210 7ac723ac94 returned -22
05-11 11:52:26.885 1508 1799 I input_focus: [Focus leaving 1cb1014 com.ss.android.ugc.aweme/com.ss.android.ugc.aweme.splash.SplashActivity (server),reason=Waiting for window because NOT_VISIBLE]
05-11 11:52:26.886 1508 10966 I wm_stop_activity: [0,236925855,com.android.launcher3/.uioverrides.QuickstepLauncher]
05-11 11:52:26.888 2644 2644 I wm_on_stop_called: [236925855,com.android.launcher3.uioverrides.QuickstepLauncher,STOP_ACTIVITY_ITEM]
01-01 08:25:35.082 0 0 E link_delay_work_func: DTC_ETH: SQI=0, link=0
05-11 11:52:27.140 4996 4996 I auditd : type=1400 audit(0.0:14211): avc: granted { nlmsg_readpriv } for comm="DaemonThread-6" scontext=u:r:untrusted_app_27:s0:c512,c768 tcontext=u:r:untrusted_app_27:s0:c512,c768 tclass=netlink_route_socket app=com.wandoujia.phoenix2
05-11 11:52:27.544 4996 4996 I auditd : type=1400 audit(0.0:14212): avc: granted { nlmsg_readpriv } for comm="DaemonThread-6" scontext=u:r:untrusted_app_27:s0:c512,c768 tcontext=u:r:untrusted_app_27:s0:c512,c768 tclass=netlink_route_socket app=com.wandoujia.phoenix2
05-11 11:52:27.567 18015 18035 D StartingSurfaceDrawer: Task start finish, remove starting surface for task 55
05-11 11:52:27.567 18015 18035 V StartingSurfaceDrawer: Removing splash screen window for task: 55
05-11 11:52:27.570 1508 1641 I sysui_multi_action: [319,56,321,52,322,1157,325,1531,757,761,758,7,759,1,806,com.happyelements.AndroidAnimal.qq,871,com.happyelements.hellolua.MainActivity,904,com.android.launcher3,905,0,945,67,1320,4,1321,4]
05-11 11:52:27.571 1508 1641 I wm_activity_launch_time: [0,63352040,com.happyelements.AndroidAnimal.qq/com.happyelements.hellolua.MainActivity,1157]
05-11 11:52:27.564 877 877 I auditd : type=1400 audit(0.0:14213): avc: denied { add_name } for comm="perf@2.2-servic" name="clkscale_enable" scontext=u:r:vendor_hal_perf_default:s0 tcontext=u:object_r:sysfs:s0 tclass=dir permissive=1
05-11 11:52:27.564 877 877 I auditd : type=1400 audit(0.0:14214): avc: denied { create } for comm="perf@2.2-servic" name="clkscale_enable" scontext=u:r:vendor_hal_perf_default:s0 tcontext=u:object_r:sysfs:s0 tclass=file permissive=1
05-11 11:52:27.586 1508 1799 I input_focus: [Focus entering 8008a78 com.happyelements.AndroidAnimal.qq/com.happyelements.hellolua.MainActivity (server),reason=Window became focusable. Previous reason: NOT_VISIBLE]
05-11 11:52:28.460 0 0 I auditd : type=1400 audit(0.0:14215): avc: denied { kill } for comm="swapper/6" capability=5 scontext=u:r:kernel:s0 tcontext=u:r:kernel:s0 tclass=capability permissive=1
05-11 11:52:28.817 1508 1799 I input_interaction: Interaction with: 8008a78 com.happyelements.AndroidAnimal.qq/com.happyelements.hellolua.MainActivity (server), edge-swipe (server), swipe-up (server), PointerEventDispatcher0 (server),
05-11 11:52:29.133 1508 1787 I commit_sys_config_file: [settings-3-0,2]
05-11 11:52:30.787 1508 3394 I netstats_mobile_sample: [0,0,0,0,0,0,0,0,0,0,0,0,1683874835988]
05-11 11:52:30.787 1508 3394 I netstats_wifi_sample: [40,1,128,2,40,1,128,2,40,1,64,1,1683874835988]
05-11 11:52:31.113 1508 1818 I netstats_mobile_sample: [0,0,0,0,0,0,0,0,0,0,0,0,1683874836313]
05-11 11:52:31.113 1508 1818 I netstats_wifi_sample: [40,1,128,2,40,1,128,2,40,1,64,1,1683874836313]
05-11 11:52:31.108 685 685 I auditd : type=1400 audit(0.0:14216): avc: denied { add_name } for comm="Binder:685_4" name="globalAlert" scontext=u:r:netd:s0 tcontext=u:object_r:proc_net:s0 tclass=dir permissive=1
05-11 11:52:31.108 685 685 I auditd : type=1400 audit(0.0:14217): avc: denied { create } for comm="Binder:685_4" name="globalAlert" scontext=u:r:netd:s0 tcontext=u:object_r:proc_net:s0 tclass=file permissive=1
01-01 08:25:39.479 0 0 W perfetto: disabled ftrace
05-11 11:52:31.455 1508 8280 I ActivityTaskManager: START u0 {act=android.content.pm.action.REQUEST_PERMISSIONS pkg=com.android.permissioncontroller cmp=com.android.permissioncontroller/.permission.ui.GrantPermissionsActivity (has extras)} from uid 10106
05-11 11:52:31.452 877 877 I auditd : type=1400 audit(0.0:14218): avc: denied { add_name } for comm="perf@2.2-servic" name="clkscale_enable" scontext=u:r:vendor_hal_perf_default:s0 tcontext=u:object_r:sysfs:s0 tclass=dir permissive=1
05-11 11:52:31.458 1508 8280 D CompatibilityChangeReporter: Compat change id reported: 174042980; UID 10091; state: DISABLED
05-11 11:52:31.459 1508 8280 D CompatibilityChangeReporter: Compat change id reported: 184838306; UID 10091; state: DISABLED
05-11 11:52:31.459 1508 8280 D CompatibilityChangeReporter: Compat change id reported: 185004937; UID 10091; state: DISABLED
05-11 11:52:31.459 1508 8280 D CompatibilityChangeReporter: Compat change id reported: 181136395; UID 10091; state: DISABLED
05-11 11:52:31.459 1508 8280 D CompatibilityChangeReporter: Compat change id reported: 174042936; UID 10091; state: DISABLED
05-11 11:52:31.460 1508 8280 I wm_task_moved: [55,1,9]
05-11 11:52:31.460 1508 8280 I wm_set_resumed_activity: [0,com.happyelements.AndroidAnimal.qq/com.happyelements.hellolua.MainActivity,positionChildAt]
05-11 11:52:31.461 1508 8280 I wm_create_activity: [0,116695859,55,com.android.permissioncontroller/.permission.ui.GrantPermissionsActivity,android.content.pm.action.REQUEST_PERMISSIONS,NULL,NULL,8388608]
05-11 11:52:31.461 1508 8280 D CompatibilityChangeReporter: Compat change id reported: 168419799; UID 10091; state: DISABLED
05-11 11:52:31.462 1508 8280 I wm_pause_activity: [0,63352040,com.happyelements.AndroidAnimal.qq/com.happyelements.hellolua.MainActivity,userLeaving=true,resumeTopActivityInnerLocked]
05-11 11:52:31.464 23536 23536 I wm_on_top_resumed_lost_called: [63352040,com.happyelements.hellolua.MainActivity,topStateChangedWhenResumed]
05-11 11:52:31.465 23536 23536 I wm_on_paused_called: [63352040,com.happyelements.hellolua.MainActivity,performPause]
05-11 11:52:31.466 1508 10797 I ActivityTaskManager: FOREGROUND_APPLICATION_CHANGED to com.android.permissioncontroller.permission.ui.GrantPermissionsActivity
05-11 11:52:31.466 1508 10797 I ActivityTaskManager: The Process com.android.permissioncontroller Already Exists in BG. So sending its PID: 23115
05-11 11:52:31.467 1508 10797 I wm_restart_activity: [0,116695859,55,com.android.permissioncontroller/.permission.ui.GrantPermissionsActivity]
05-11 11:52:31.469 1508 10797 I wm_set_resumed_activity: [0,com.android.permissioncontroller/.permission.ui.GrantPermissionsActivity,minimalResumeActivityLocked]
05-11 11:52:31.470 1508 1644 I am_uid_active: 10091
05-11 11:52:31.473 1508 1644 I sysui_multi_action: [757,803,799,window_time_0,802,5]
05-11 11:52:31.476 2031 4595 W ContextImpl: Calling a method in the system process without a qualified user: android.app.ContextImpl.startService:1816 android.content.ContextWrapper.startService:774 com.thundercomm.gamemode.ingame.services.GameModeActionUtils.startGameModeService:118 com.thundercomm.gamemode.ingame.services.GameModeActionUtils.startGameModeEntry:29 com.thundercomm.gamemode.ingame.services.ActivityMonitoringService$1.onActivityLaunch:140
01-01 08:25:39.525 0 0 W ALERT : changing window size from 8000000 to 16000000 at 1536828030400
05-11 11:52:31.481 1508 1508 I GameModeConfig: Current uri is uri = content://com.thundercomm.gamemode.api/gamemode_settings/gamemode_isgaming
05-11 11:52:31.482 1508 1508 I GameModeConfig: isGameModeOn = true
05-11 11:52:31.482 1508 1508 I GameModeConfig: isGaming = false
05-11 11:52:31.483 1508 1508 I GameModeConfig: isGameModeOn = true
05-11 11:52:31.483 1508 1508 I GameModeConfig: isGaming = false
05-11 11:52:31.483 1508 1508 I GameModeConfig: isDisableVoice = true
05-11 11:52:31.485 1175 23532 I iorapd : Perfetto TraceBuffer saved to file: /data/misc/iorapd/com.happyelements.AndroidAnimal.qq/122/com.happyelements.hellolua.MainActivity/raw_traces/1683777151482972282.perfetto_trace.pb
01-01 08:25:39.553 0 0 I atmel_mxt_ts 0-004a: FB event:2,blank:0
01-01 08:25:39.553 0 0 I atmel_mxt_ts 0-004a: suspend: event = 2, blank = 0, not care
01-01 08:25:39.553 0 0 I [drm:dsi_display_set_mode] [msm-dsi-info]: mdp_transfer_time_us=0 us
01-01 08:25:39.553 0 0 I [drm:dsi_display_set_mode] [msm-dsi-info]: hactive= 2560,vactive= 1080,fps=60
01-01 08:25:39.553 0 0 I : [MAX975X:max96755x_drm_notifier_callback] *INFO* receives BLANK: UNBLANK
05-11 11:52:31.504 23536 23536 I auditd : type=1400 audit(0.0:14219): avc: denied { open } for comm="ndroidAnimal.qq" path="/dev/__properties__/u:object_r:vendor_default_prop:s0" dev="tmpfs" ino=14539 scontext=u:r:untrusted_app_27:s0:c512,c768 tcontext=u:object_r:vendor_default_prop:s0 tclass=file permissive=1 app=com.happyelements.AndroidAnimal.qq
05-11 11:52:31.504 23536 23536 I auditd : type=1400 audit(0.0:14220): avc: denied { getattr } for comm="ndroidAnimal.qq" path="/dev/__properties__/u:object_r:vendor_default_prop:s0" dev="tmpfs" ino=14539 scontext=u:r:untrusted_app_27:s0:c512,c768 tcontext=u:object_r:vendor_default_prop:s0 tclass=file permissive=1 app=com.happyelements.AndroidAnimal.qq
05-11 11:52:31.504 23536 23536 I auditd : type=1400 audit(0.0:14221): avc: denied { map } for comm="ndroidAnimal.qq" path="/dev/__properties__/u:object_r:vendor_default_prop:s0" dev="tmpfs" ino=14539 scontext=u:r:untrusted_app_27:s0:c512,c768 tcontext=u:object_r:vendor_default_prop:s0 tclass=file permissive=1 app=com.happyelements.AndroidAnimal.qq
05-11 11:52:31.511 23115 23115 I wm_on_create_called: [116695859,com.android.permissioncontroller.permission.ui.GrantPermissionsActivity,performCreate]
05-11 11:52:31.512 23115 23115 I wm_on_start_called: [116695859,com.android.permissioncontroller.permission.ui.GrantPermissionsActivity,handleStartActivity]
05-11 11:52:31.513 23115 23115 I wm_on_resume_called: [116695859,com.android.permissioncontroller.permission.ui.GrantPermissionsActivity,RESUME_ACTIVITY]
05-11 11:52:31.518 23115 23115 I wm_on_top_resumed_gained_called: [116695859,com.android.permissioncontroller.permission.ui.GrantPermissionsActivity,topStateChangedWhenResumed]
05-11 11:52:31.532 1508 1644 I DisplayDeviceRepository: Display device changed: DisplayDeviceInfo{"内置屏幕": uniqueId="local:4630946816427681409", 2560 x 1080, modeId 1, defaultModeId 1, supportedModes [{id=1, width=2560, height=1080, fps=60.000004, alternativeRefreshRates=[30.000002, 45.0]}, {id=2, width=2560, height=1080, fps=45.0, alternativeRefreshRates=[30.000002, 60.000004]}, {id=3, width=2560, height=1080, fps=30.000002, alternativeRefreshRates=[45.0, 60.000004]}], colorMode 0, supportedColorModes [0], hdrCapabilities HdrCapabilities{mSupportedHdrTypes=[2, 3, 4], mMaxLuminance=500.0, mMaxAverageLuminance=500.0, mMinLuminance=0.0}, allmSupported false, gameContentTypeSupported false, density 240, 320.315 x 318.976 dpi, appVsyncOff 1000000, presDeadline 16666666, touch INTERNAL, rotation 0, type INTERNAL, address {port=129, model=0x40446d97fee5e6}, deviceProductInfo DeviceProductInfo{name=, manufacturerPnpId=QCM, productId=1, modelYear=null, manufactureDate=ManufactureDate{week=27, year=2006}, connectionToSinkType=0}, state ON, frameRateOverride , brightnessMinimum 0.0, brightnessMaximum 1.0, brightnessDefault 1.0, FLAG_DEFAULT_DISPLAY, FLAG_ROTATES_WITH_CONTENT, FLAG_SECURE, FLAG_SUPPORTS_PROTECTED_BUFFERS}
05-11 11:52:31.558 1508 1645 I input_focus: [Focus request 6e0fdc6 com.android.permissioncontroller/com.android.permissioncontroller.permission.ui.GrantPermissionsActivity,reason=UpdateInputWindows]
01-01 08:25:39.605 0 0 I binder : 23115:23115 ioctl 40046210 7ffe05a934 returned -22
05-11 11:52:31.569 1508 1641 I sysui_multi_action: [319,112,322,111,325,1536,757,761,758,8,759,2,806,com.android.permissioncontroller,871,com.android.permissioncontroller.permission.ui.GrantPermissionsActivity,904,com.happyelements.AndroidAnimal.qq,905,0,1320,4,1321,2]
05-11 11:52:31.569 1508 1641 I wm_activity_launch_time: [0,116695859,com.android.permissioncontroller/.permission.ui.GrantPermissionsActivity,111]
05-11 11:52:31.677 1508 1787 I commit_sys_config_file: [settings-1-0,2]
01-01 08:25:39.754 0 0 I atmel_mxt_ts 0-004a: FB event:1,blank:0
01-01 08:25:39.754 0 0 I atmel_mxt_ts 0-004a: drm_notifier_callback: UNBLANK! Resume by drm notifier.
05-11 11:52:31.718 1508 1799 I input_focus: [Focus leaving 8008a78 com.happyelements.AndroidAnimal.qq/com.happyelements.hellolua.MainActivity (server),reason=setFocusedWindow]
05-11 11:52:31.718 1508 1799 I input_focus: [Focus entering 6e0fdc6 com.android.permissioncontroller/com.android.permissioncontroller.permission.ui.GrantPermissionsActivity (server),reason=setFocusedWindow]
05-11 11:52:31.800 5077 5077 I auditd : type=1400 audit(0.0:14222): avc: granted { nlmsg_readpriv } for comm="DaemonThread-6" scontext=u:r:untrusted_app_27:s0:c512,c768 tcontext=u:r:untrusted_app_27:s0:c512,c768 tclass=netlink_route_socket app=com.wandoujia.phoenix2
01-01 08:25:40.201 0 0 E link_delay_work_func: DTC_ETH: SQI=0, link=0
05-11 11:52:32.204 5077 5077 I auditd : type=1400 audit(0.0:14223): avc: granted { nlmsg_readpriv } for comm="DaemonThread-6" scontext=u:r:untrusted_app_27:s0:c512,c768 tcontext=u:r:untrusted_app_27:s0:c512,c768 tclass=netlink_route_socket app=com.wandoujia.phoenix2
05-11 11:52:32.774 1508 1799 I input_interaction: Interaction with: 6e0fdc6 com.android.permissioncontroller/com.android.permissioncontroller.permission.ui.GrantPermissionsActivity (server), edge-swipe (server), swipe-up (server), PointerEventDispatcher0 (server),
05-11 11:52:32.903 1508 10140 I sysui_multi_action: [757,1243,758,4,806,com.happyelements.AndroidAnimal.qq,1241,android.permission.READ_PHONE_STATE]
05-11 11:52:32.905 23115 23115 I snet_event_log: [individual_permissions_requested,10106,com.happyelements.AndroidAnimal.qq:com.happyelements.AndroidAnimal.qq:;android.permission.READ_PHONE_STATE|false|768]
05-11 11:52:32.905 1508 10140 I wm_finish_activity: [0,116695859,55,com.android.permissioncontroller/.permission.ui.GrantPermissionsActivity,app-request]
05-11 11:52:32.914 1508 10140 I wm_pause_activity: [0,116695859,com.android.permissioncontroller/.permission.ui.GrantPermissionsActivity,userLeaving=false,finish]
05-11 11:52:32.933 1508 1799 I input_focus: [Focus leaving 6e0fdc6 com.android.permissioncontroller/com.android.permissioncontroller.permission.ui.GrantPermissionsActivity (server),reason=NO_WINDOW]
05-11 11:52:32.939 23115 23115 I wm_on_top_resumed_lost_called: [116695859,com.android.permissioncontroller.permission.ui.GrantPermissionsActivity,topStateChangedWhenResumed]
05-11 11:52:32.939 23115 23115 I wm_on_paused_called: [116695859,com.android.permissioncontroller.permission.ui.GrantPermissionsActivity,performPause]
05-11 11:52:32.940 1508 1569 I ActivityTaskManager: FOREGROUND_APPLICATION_CHANGED to com.happyelements.hellolua.MainActivity
05-11 11:52:32.941 1508 1569 I wm_set_resumed_activity: [0,com.happyelements.AndroidAnimal.qq/com.happyelements.hellolua.MainActivity,resumeTopActivityInnerLocked]
05-11 11:52:32.943 1508 1569 I wm_resume_activity: [0,63352040,55,com.happyelements.AndroidAnimal.qq/com.happyelements.hellolua.MainActivity]
05-11 11:52:32.944 23536 23536 I wm_on_activity_result_called: [63352040,com.happyelements.hellolua.MainActivity,ACTIVITY_RESULT]
05-11 11:52:32.947 23536 23536 I wm_on_resume_called: [63352040,com.happyelements.hellolua.MainActivity,RESUME_ACTIVITY]
05-11 11:52:32.947 23536 23536 I wm_on_top_resumed_gained_called: [63352040,com.happyelements.hellolua.MainActivity,topWhenResuming]
05-11 11:52:32.957 1508 1645 I input_focus: [Focus request 8008a78 com.happyelements.AndroidAnimal.qq/com.happyelements.hellolua.MainActivity,reason=UpdateInputWindows]
05-11 11:52:32.961 1508 1644 I sysui_multi_action: [757,803,799,window_time_0,802,2]
05-11 11:52:32.961 1508 12158 I wm_destroy_activity: [0,116695859,55,com.android.permissioncontroller/.permission.ui.GrantPermissionsActivity,finish-idle]
05-11 11:52:32.967 1508 1799 I input_focus: [Focus entering 8008a78 com.happyelements.AndroidAnimal.qq/com.happyelements.hellolua.MainActivity (server),reason=setFocusedWindow]
05-11 11:52:32.967 2031 4595 W ContextImpl: Calling a method in the system process without a qualified user: android.app.ContextImpl.startService:1816 android.content.ContextWrapper.startService:774 com.thundercomm.gamemode.ingame.services.GameModeActionUtils.startGameModeService:118 com.thundercomm.gamemode.ingame.services.GameModeActionUtils.startGameModeEntry:29 com.thundercomm.gamemode.ingame.services.ActivityMonitoringService$1.onActivityLaunch:140
05-11 11:52:32.971 1508 1508 I GameModeConfig: Current uri is uri = content://com.thundercomm.gamemode.api/gamemode_settings/gamemode_isgaming
05-11 11:52:32.972 1508 1508 I GameModeConfig: isGameModeOn = true
05-11 11:52:32.972 1508 1508 I GameModeConfig: isGaming = true
05-11 11:52:32.972 1508 1508 I GameModeConfig: isDisableNotification = true
05-11 11:52:32.973 1508 1508 I GameModeConfig: isGameModeOn = true
05-11 11:52:32.973 1508 1508 I GameModeConfig: isGaming = true
05-11 11:52:32.973 1508 1508 I GameModeConfig: isDisableNotification = true
01-01 08:25:41.029 0 0 W ALERT : changing window size from 16000000 to 8000000 at 1538332032743
01-01 08:25:41.045 0 0 I atmel_mxt_ts 0-004a: FB event:2,blank:0
01-01 08:25:41.045 0 0 I atmel_mxt_ts 0-004a: suspend: event = 2, blank = 0, not care
01-01 08:25:41.046 0 0 I [drm:dsi_display_set_mode] [msm-dsi-info]: mdp_transfer_time_us=0 us
01-01 08:25:41.046 0 0 I [drm:dsi_display_set_mode] [msm-dsi-info]: hactive= 2560,vactive= 1080,fps=30
01-01 08:25:41.046 0 0 I : [MAX975X:max96755x_drm_notifier_callback] *INFO* receives BLANK: UNBLANK
05-11 11:52:33.000 23536 23536 I auditd : type=1400 audit(0.0:14224): avc: granted { nlmsg_readpriv } for comm="ndroidAnimal.qq" scontext=u:r:untrusted_app_27:s0:c512,c768 tcontext=u:r:untrusted_app_27:s0:c512,c768 tclass=netlink_route_socket app=com.happyelements.AndroidAnimal.qq
05-11 11:52:33.004 23536 23536 I auditd : type=1400 audit(0.0:14225): avc: denied { read } for comm="ndroidAnimal.qq" name="u:object_r:serialno_prop:s0" dev="tmpfs" ino=14468 scontext=u:r:untrusted_app_27:s0:c512,c768 tcontext=u:object_r:serialno_prop:s0 tclass=file permissive=1 app=com.happyelements.AndroidAnimal.qq
05-11 11:52:33.004 23536 23536 I auditd : type=1400 audit(0.0:14226): avc: denied { open } for comm="ndroidAnimal.qq" path="/dev/__properties__/u:object_r:serialno_prop:s0" dev="tmpfs" ino=14468 scontext=u:r:untrusted_app_27:s0:c512,c768 tcontext=u:object_r:serialno_prop:s0 tclass=file permissive=1 app=com.happyelements.AndroidAnimal.qq
05-11 11:52:33.004 23536 23536 I auditd : type=1400 audit(0.0:14227): avc: denied { getattr } for comm="ndroidAnimal.qq" path="/dev/__properties__/u:object_r:serialno_prop:s0" dev="tmpfs" ino=14468 scontext=u:r:untrusted_app_27:s0:c512,c768 tcontext=u:object_r:serialno_prop:s0 tclass=file permissive=1 app=com.happyelements.AndroidAnimal.qq
05-11 11:52:33.004 23536 23536 I auditd : type=1400 audit(0.0:14228): avc: denied { map } for comm="ndroidAnimal.qq" path="/dev/__properties__/u:object_r:serialno_prop:s0" dev="tmpfs" ino=14468 scontext=u:r:untrusted_app_27:s0:c512,c768 tcontext=u:object_r:serialno_prop:s0 tclass=file permissive=1 app=com.happyelements.AndroidAnimal.qq
