05-11 11:53:13.490 1508 1508 I notification_enqueue: [10101,4602,com.baidu.appsearch,2131755452,NULL,0,Notification(channel=手机管理、安全检测相关通知 shortcut=null contentView=null vibrate=null sound=null defaults=0x0 flags=0x62 color=0x00000000 vis=PRIVATE),1]
05-11 11:53:13.690 1508 1508 I GameModeConfig: isGameModeOn = true
05-11 11:53:13.690 1508 1508 I GameModeConfig: isGaming = true
05-11 11:53:13.690 1508 1508 I GameModeConfig: isDisableNotification = true
05-11 11:53:13.690 1508 1508 I GameModeConfig: isGameModeOn = true
05-11 11:53:13.690 1508 1508 I GameModeConfig: isGaming = true
05-11 11:53:13.690 1508 1508 I GameModeConfig: isDisableNotification = true
05-11 11:53:13.721 18015 18015 I sysui_multi_action: [757,803,799,note_peek,802,1]
05-11 11:53:13.723 1508 10140 I sysui_multi_action: [757,127,758,1]
05-11 11:53:13.723 1508 10140 I sysui_multi_action: [757,804,799,note_load,801,1,802,1]
05-11 11:53:13.723 1508 10140 I notification_panel_revealed: 1
05-11 11:53:13.725 18015 18015 I sysui_heads_up_status: [0|com.baidu.appsearch|2131755452|null|10101,1]
05-11 11:53:13.727 1508 10140 I sysui_multi_action: [757,128,758,1,793,1567375,794,0,795,1567375,796,26,798,0,806,android,857,DEVELOPER_IMPORTANT,858,4,947,0,1395,3,1500,1566887,1688,1]
05-11 11:53:13.727 1508 10140 I sysui_multi_action: [757,804,799,note_freshness,801,1567375,802,1]
05-11 11:53:13.727 1508 10140 I notification_visibility: [-1|android|26|null|1000,1,1567375,1567375,0,0]
05-11 11:53:13.727 1508 10140 I sysui_multi_action: [757,128,758,1,793,455970,794,0,795,455970,796,-3365,798,1,806,com.ss.android.lark,857,normal_v2,858,4,947,0,1395,3,1500,455768,1688,1,1745,945454168]
05-11 11:53:13.727 1508 10140 I sysui_multi_action: [757,804,799,note_freshness,801,455970,802,1]
05-11 11:53:13.727 1508 10140 I notification_visibility: [0|com.ss.android.lark|-3365|null|10113,1,455970,455970,0,1]
05-11 11:53:13.727 1508 10140 I sysui_multi_action: [757,128,758,1,793,1567378,794,0,795,1567378,796,27,798,2,806,android,857,USB,858,1,947,0,1395,3,1500,1566888,1688,1]
05-11 11:53:13.727 1508 10140 I sysui_multi_action: [757,804,799,note_freshness,801,1567378,802,1]
05-11 11:53:13.727 1508 10140 I notification_visibility: [-1|android|27|null|1000,1,1567378,1567378,0,2]
05-11 11:53:14.227 1508 10955 I sysui_multi_action: [757,128,758,2,793,1567875,794,500,795,1567875,796,26,798,0,806,android,857,DEVELOPER_IMPORTANT,858,4,947,0,1395,3,1500,1567387,1688,1]
05-11 11:53:14.227 1508 10955 I notification_visibility: [-1|android|26|null|1000,0,1567875,1567875,0,0]
05-11 11:53:14.227 1508 10955 I sysui_multi_action: [757,128,758,2,793,456470,794,500,795,456470,796,-3365,798,1,806,com.ss.android.lark,857,normal_v2,858,4,947,0,1395,3,1500,456268,1688,1,1745,945454168]
05-11 11:53:14.227 1508 10955 I notification_visibility: [0|com.ss.android.lark|-3365|null|10113,0,456470,456470,0,1]
05-11 11:53:14.227 1508 10955 I sysui_multi_action: [757,128,758,2,793,1567878,794,500,795,1567878,796,27,798,2,806,android,857,USB,858,1,947,0,1395,3,1500,1567388,1688,1]
05-11 11:53:14.227 1508 10955 I notification_visibility: [-1|android|27|null|1000,0,1567878,1567878,0,2]
05-11 11:53:14.716 1508 10955 I service_manager_stats: [100,32,32077]
01-01 08:26:24.945 0 0 E msm_pcm_playback_close: CMD_EOS failed, cmd_pending 0x8
05-11 11:53:17.074 1508 1799 I input_interaction: Interaction with: 8008a78 com.happyelements.AndroidAnimal.qq/com.happyelements.hellolua.MainActivity (server), edge-swipe (server), swipe-up (server), PointerEventDispatcher0 (server),
05-11 11:53:17.076 1508 1644 I wm_task_moved: [55,1,9]
05-11 11:53:17.076 1508 1644 I wm_task_to_front: [0,55]
05-11 11:53:17.079 1508 1644 I wm_set_resumed_activity: [0,com.happyelements.AndroidAnimal.qq/com.happyelements.hellolua.MainActivity,positionChildAt]
05-11 11:53:17.079 1508 1644 I wm_focused_root_task: [0,0,55,54,setFocusedTask]
05-11 11:53:17.079 1508 1644 I wm_set_resumed_activity: [0,com.happyelements.AndroidAnimal.qq/com.happyelements.hellolua.MainActivity,setFocusedTask]
05-11 11:53:17.079 1508 1644 I ActivityTaskManager: FOREGROUND_APPLICATION_CHANGED to com.happyelements.hellolua.MainActivity
05-11 11:53:17.079 21548 21548 I wm_on_top_resumed_lost_called: [82963027,com.ss.android.ugc.aweme.splash.SplashActivity,topStateChangedWhenResumed]
05-11 11:53:17.079 1508 1645 I input_focus: [Focus request 8008a78 com.happyelements.AndroidAnimal.qq/com.happyelements.hellolua.MainActivity,reason=UpdateInputWindows]
05-11 11:53:17.079 23536 23536 I wm_on_top_resumed_gained_called: [63352040,com.happyelements.hellolua.MainActivity,topStateChangedWhenResumed]
05-11 11:53:17.136 1508 1799 I input_focus: [Focus leaving 1cb1014 com.ss.android.ugc.aweme/com.ss.android.ugc.aweme.splash.SplashActivity (server),reason=setFocusedWindow]
05-11 11:53:17.136 1508 1799 I input_focus: [Focus entering 8008a78 com.happyelements.AndroidAnimal.qq/com.happyelements.hellolua.MainActivity (server),reason=setFocusedWindow]
01-01 08:26:26.281 0 0 E link_delay_work_func: DTC_ETH: SQI=0, link=0
05-11 11:53:19.422 18015 18015 I sysui_heads_up_status: [0|com.baidu.appsearch|2131755452|null|10101,0]
05-11 11:53:19.888 1508 12831 I sysui_multi_action: [757,128,758,1,793,1573536,794,0,795,1573536,796,26,798,0,806,android,857,DEVELOPER_IMPORTANT,858,4,947,0,1395,3,1500,1573048,1688,1]
05-11 11:53:19.888 1508 12831 I sysui_multi_action: [757,804,799,note_freshness,801,1573536,802,1]
05-11 11:53:19.889 1508 12831 I notification_visibility: [-1|android|26|null|1000,1,1573536,1573536,0,0]
05-11 11:53:19.889 1508 12831 I sysui_multi_action: [757,128,758,1,793,462132,794,0,795,462132,796,-3365,798,1,806,com.ss.android.lark,857,normal_v2,858,4,947,0,1395,3,1500,461930,1688,1,1745,945454168]
05-11 11:53:19.889 1508 12831 I sysui_multi_action: [757,804,799,note_freshness,801,462132,802,1]
05-11 11:53:19.889 1508 12831 I notification_visibility: [0|com.ss.android.lark|-3365|null|10113,1,462132,462132,0,1]
05-11 11:53:19.889 1508 12831 I sysui_multi_action: [757,128,758,1,793,1573540,794,0,795,1573540,796,27,798,2,806,android,857,USB,858,1,947,0,1395,3,1500,1573050,1688,1]
05-11 11:53:19.889 1508 12831 I sysui_multi_action: [757,804,799,note_freshness,801,1573540,802,1]
05-11 11:53:19.889 1508 12831 I notification_visibility: [-1|android|27|null|1000,1,1573540,1573540,0,2]
05-11 11:53:19.890 1508 12831 I sysui_multi_action: [757,128,758,2,793,1573538,794,2,795,1573538,796,26,798,0,806,android,857,DEVELOPER_IMPORTANT,858,4,947,0,1395,3,1500,1573050,1688,1]
05-11 11:53:19.890 1508 12831 I notification_visibility: [-1|android|26|null|1000,0,1573538,1573538,0,0]
05-11 11:53:19.890 1508 12831 I sysui_multi_action: [757,128,758,2,793,462133,794,1,795,462133,796,-3365,798,1,806,com.ss.android.lark,857,normal_v2,858,4,947,0,1395,3,1500,461931,1688,1,1745,945454168]
05-11 11:53:19.890 1508 12831 I notification_visibility: [0|com.ss.android.lark|-3365|null|10113,0,462133,462133,0,1]
05-11 11:53:19.890 1508 12831 I sysui_multi_action: [757,128,758,2,793,1573541,794,1,795,1573541,796,27,798,2,806,android,857,USB,858,1,947,0,1395,3,1500,1573051,1688,1]
05-11 11:53:19.890 1508 12831 I notification_visibility: [-1|android|27|null|1000,0,1573541,1573541,0,2]
05-11 11:53:19.890 1508 12831 I sysui_multi_action: [757,127,758,2]
05-11 11:53:19.890 1508 12831 I notification_panel_hidden:
05-11 11:53:21.292 877 877 I auditd : type=1400 audit(0.0:15662): avc: denied { add_name } for comm="perf@2.2-servic" name="force_rail_on" scontext=u:r:vendor_hal_perf_default:s0 tcontext=u:object_r:vendor_sysfs_kgsl:s0 tclass=dir permissive=1
05-11 11:53:21.292 877 877 I auditd : type=1400 audit(0.0:15663): avc: denied { create } for comm="perf@2.2-servic" name="force_rail_on" scontext=u:r:vendor_hal_perf_default:s0 tcontext=u:object_r:vendor_sysfs_kgsl:s0 tclass=file permissive=1
05-11 11:53:21.292 877 877 I auditd : type=1400 audit(0.0:15664): avc: denied { add_name } for comm="perf@2.2-servic" name="min_freq" scontext=u:r:vendor_hal_perf_default:s0 tcontext=u:object_r:vendor_sysfs_devfreq:s0 tclass=dir permissive=1
05-11 11:53:21.292 877 877 I auditd : type=1400 audit(0.0:15665): avc: denied { create } for comm="perf@2.2-servic" name="min_freq" scontext=u:r:vendor_hal_perf_default:s0 tcontext=u:object_r:vendor_sysfs_devfreq:s0 tclass=file permissive=1
01-01 08:26:29.344 0 0 W audit : audit_lost=14313 audit_rate_limit=5 audit_backlog_limit=64
05-11 11:53:21.292 877 877 I auditd : type=1400 audit(0.0:15666): avc: denied { add_name } for comm="perf@2.2-servic" name="clkscale_enable" scontext=u:r:vendor_hal_perf_default:s0 tcontext=u:object_r:sysfs:s0 tclass=dir permissive=1
01-01 08:26:29.344 0 0 E audit : rate limit exceeded
05-11 11:53:21.671 1508 1893 I sync : [com.tencent.android.qqdownloader.YYBLiveAccountProvider,0,3,24220937]
05-11 11:53:21.681 1508 1893 I sync : [com.tencent.android.qqdownloader.YYBLiveAccountProvider,1,3,24220937]
05-11 11:53:21.683 1508 1893 I commit_sys_config_file: [sync-status,1571457]
05-11 11:53:21.686 1508 1657 I am_pss : [3555,10094,com.tencent.android.qqdownloader,102156288,87408640,12452864,186867712,0,5,11]
05-11 11:53:21.686 1508 1893 I sync : [com.tencent.android.qqdownloader.YYBLiveAccountProvider,0,3,24220937]
05-11 11:53:21.696 1508 1893 I sync : [com.tencent.android.qqdownloader.YYBLiveAccountProvider,1,3,24220937]
05-11 11:53:21.696 1508 1657 I am_pss : [6161,10094,com.tencent.ilink.ServiceProcess,73833472,56180736,16251904,131690496,0,5,9]
05-11 11:53:21.697 1508 1893 I commit_sys_config_file: [sync-status,1571472]
01-01 08:26:31.401 0 0 E link_delay_work_func: DTC_ETH: SQI=0, link=0
05-11 11:53:23.625 1508 1508 I notification_enqueue: [10094,3484,com.tencent.android.qqdownloader,127,NULL,0,Notification(channel=channel_id_default_silent shortcut=null contentView=com.tencent.android.qqdownloader/0x7f0a01c2 vibrate=null sound=null defaults=0x0 flags=0x2a2 color=0x00000000 groupKey=com.tencent.android.qqdownloader vis=PRIVATE),1]
05-11 11:53:23.685 1508 1643 I commit_sys_config_file: [jobs,3]
05-11 11:53:23.717 1508 1833 I GameModeConfig: isGameModeOn = true
05-11 11:53:23.717 1508 1833 I GameModeConfig: isGaming = true
05-11 11:53:23.717 1508 1833 I GameModeConfig: isDisableNotification = true
05-11 11:53:23.717 1508 1833 I GameModeConfig: isGameModeOn = true
05-11 11:53:23.717 1508 1833 I GameModeConfig: isGaming = true
05-11 11:53:23.717 1508 1833 I GameModeConfig: isDisableNotification = true
05-11 11:53:23.826 1508 1508 I GameModeConfig: isGameModeOn = true
05-11 11:53:23.826 1508 1508 I GameModeConfig: isGaming = true
05-11 11:53:23.826 1508 1508 I GameModeConfig: isDisableNotification = true
05-11 11:53:23.826 1508 1508 I GameModeConfig: isGameModeOn = true
05-11 11:53:23.826 1508 1508 I GameModeConfig: isGaming = true
05-11 11:53:23.826 1508 1508 I GameModeConfig: isDisableNotification = true
05-11 11:53:24.245 1508 10140 W ActivityManager: Unable to start service Intent { act=com.tencent.tpns.mqttchannel.FEEDBACK pkg=com.qqgame.mic } U=0: not found
05-11 11:53:25.100 5077 5077 I auditd : type=1400 audit(0.0:15670): avc: denied { open } for comm="doujia.phoenix2" path="/proc/vmstat" dev="proc" ino=4026531858 scontext=u:r:untrusted_app_27:s0:c512,c768 tcontext=u:object_r:proc_vmstat:s0 tclass=file permissive=1 app=com.wandoujia.phoenix2
05-11 11:53:25.100 5077 5077 I auditd : type=1400 audit(0.0:15671): avc: denied { getattr } for comm="doujia.phoenix2" path="/proc/vmstat" dev="proc" ino=4026531858 scontext=u:r:untrusted_app_27:s0:c512,c768 tcontext=u:object_r:proc_vmstat:s0 tclass=file permissive=1 app=com.wandoujia.phoenix2
05-11 11:53:26.492 1508 1657 I am_pss : [24085,10103,com.ss.android.ugc.aweme:push,120291328,60211200,41984,364257280,0,3,23]
05-11 11:53:26.516 1508 1657 I am_pss : [24106,10103,com.ss.android.ugc.aweme:pushservice,122148864,61845504,29696,367001600,0,3,23]
01-01 08:26:35.441 0 0 E msm_pcm_playback_close: CMD_EOS failed, cmd_pending 0x8
05-11 11:53:27.572 4996 4996 I auditd : type=1400 audit(0.0:15672): avc: granted { nlmsg_readpriv } for comm="DaemonThread-6" scontext=u:r:untrusted_app_27:s0:c512,c768 tcontext=u:r:untrusted_app_27:s0:c512,c768 tclass=netlink_route_socket app=com.wandoujia.phoenix2
05-11 11:53:27.936 4996 4996 I auditd : type=1400 audit(0.0:15673): avc: granted { nlmsg_readpriv } for comm="DaemonThread-6" scontext=u:r:untrusted_app_27:s0:c512,c768 tcontext=u:r:untrusted_app_27:s0:c512,c768 tclass=netlink_route_socket app=com.wandoujia.phoenix2
01-01 08:26:36.525 0 0 E link_delay_work_func: DTC_ETH: SQI=0, link=0
05-11 11:53:31.303 1508 1659 I am_uid_idle: 10102
05-11 11:53:32.188 5077 5077 I auditd : type=1400 audit(0.0:15674): avc: granted { nlmsg_readpriv } for comm="DaemonThread-6" scontext=u:r:untrusted_app_27:s0:c512,c768 tcontext=u:r:untrusted_app_27:s0:c512,c768 tclass=netlink_route_socket app=com.wandoujia.phoenix2
05-11 11:53:32.596 5077 5077 I auditd : type=1400 audit(0.0:15675): avc: granted { nlmsg_readpriv } for comm="DaemonThread-6" scontext=u:r:untrusted_app_27:s0:c512,c768 tcontext=u:r:untrusted_app_27:s0:c512,c768 tclass=netlink_route_socket app=com.wandoujia.phoenix2
05-11 11:53:32.963 1508 1659 I am_uid_idle: 10091
01-01 08:26:41.641 0 0 E link_delay_work_func: DTC_ETH: SQI=0, link=0
05-11 11:53:35.460 0 0 I auditd : type=1400 audit(0.0:15676): avc: denied { kill } for comm="swapper/5" capability=5 scontext=u:r:kernel:s0 tcontext=u:r:kernel:s0 tclass=capability permissive=1
01-01 08:26:45.937 0 0 E msm_pcm_playback_close: CMD_EOS failed, cmd_pending 0x8
05-11 11:53:38.348 4923 4923 I auditd : type=1400 audit(0.0:15677): avc: granted { nlmsg_readpriv } for comm="DaemonThread-6" scontext=u:r:untrusted_app_27:s0:c512,c768 tcontext=u:r:untrusted_app_27:s0:c512,c768 tclass=netlink_route_socket app=com.wandoujia.phoenix2
05-11 11:53:38.680 4923 4923 I auditd : type=1400 audit(0.0:15678): avc: granted { nlmsg_readpriv } for comm="DaemonThread-6" scontext=u:r:untrusted_app_27:s0:c512,c768 tcontext=u:r:untrusted_app_27:s0:c512,c768 tclass=netlink_route_socket app=com.wandoujia.phoenix2
01-01 08:26:46.761 0 0 E link_delay_work_func: DTC_ETH: SQI=0, link=0
05-11 11:53:39.501 1508 1659 I am_uid_idle: 10105
05-11 11:53:42.280 1508 1657 I am_pss : [3555,10094,com.tencent.android.qqdownloader,102839296,88186880,12358656,187645952,0,5,11]
05-11 11:53:42.290 1508 1657 I am_pss : [6161,10094,com.tencent.ilink.ServiceProcess,74015744,56360960,16254976,131870720,0,5,9]
01-01 08:26:51.881 0 0 E link_delay_work_func: DTC_ETH: SQI=0, link=0
05-11 11:53:46.283 1508 12402 I netstats_mobile_sample: [0,0,0,0,0,0,0,0,0,0,0,0,1683874911483]
05-11 11:53:46.284 1508 12402 I netstats_wifi_sample: [40,1,128,2,40,1,128,2,40,1,64,1,1683874911483]
01-01 08:26:54.449 0 0 I binder : 25111:25111 ioctl 40046210 7fcec11be4 returned -22
01-01 08:26:54.938 0 0 I binder : 25115:25115 ioctl 40046210 7fea2ac6c4 returned -22
05-11 11:53:47.576 1508 1659 I am_uid_idle: 10096
05-11 11:53:47.576 1508 1659 I am_stop_idle_service: [10096,com.tencent.mm/com.tencent.matrix.lifecycle.supervisor.SupervisorService]
05-11 11:53:47.576 1508 1659 W ActivityManager: Stopping service due to app idle: u0a96 -6m47s687ms com.tencent.mm/com.tencent.matrix.lifecycle.supervisor.SupervisorService
05-11 11:53:47.580 1508 12402 W ActivityManager: Receiver with filter android.content.IntentFilter@fc64980 already registered for pid 4689, callerPackage is com.tencent.mm
01-01 08:26:56.433 0 0 E msm_pcm_playback_close: CMD_EOS failed, cmd_pending 0x8
01-01 08:26:57.001 0 0 E link_delay_work_func: DTC_ETH: SQI=0, link=0
05-11 11:53:49.760 1508 1657 I am_pss : [24085,10103,com.ss.android.ugc.aweme:push,123873280,63746048,41984,367853568,0,3,21]
05-11 11:53:49.780 1508 1657 I am_pss : [24106,10103,com.ss.android.ugc.aweme:pushservice,123947008,63635456,29696,368824320,0,3,18]
01-01 08:27:02.121 0 0 E link_delay_work_func: DTC_ETH: SQI=0, link=0
05-11 11:53:56.664 1508 1893 I sync : [com.tencent.android.qqdownloader.YYBLiveAccountProvider,0,3,24220937]
05-11 11:53:56.670 1508 1657 I am_pss : [23839,99005,com.android.webview:sandboxed_process0:org.chromium.content.app.SandboxedProcessService0:0,26549248,8531968,898048,87248896,0,3,6]
05-11 11:53:56.674 1508 1893 I sync : [com.tencent.android.qqdownloader.YYBLiveAccountProvider,1,3,24220937]
05-11 11:53:56.676 1508 1893 I commit_sys_config_file: [sync-status,1606450]
05-11 11:53:56.678 1508 1893 I sync : [com.tencent.android.qqdownloader.YYBLiveAccountProvider,0,3,24220937]
05-11 11:53:56.686 1508 1893 I sync : [com.tencent.android.qqdownloader.YYBLiveAccountProvider,1,3,24220937]
05-11 11:53:56.688 1508 1893 I commit_sys_config_file: [sync-status,1606462]
05-11 11:53:58.678 1508 1643 I commit_sys_config_file: [jobs,2]
01-01 08:27:06.929 0 0 E msm_pcm_playback_close: CMD_EOS failed, cmd_pending 0x8
01-01 08:27:07.241 0 0 E link_delay_work_func: DTC_ETH: SQI=0, link=0
05-11 11:53:59.648 19859 19859 I auditd : type=1400 audit(0.0:15679): avc: granted { nlmsg_readpriv } for comm="pool-7-thread-1" scontext=u:r:untrusted_app_29:s0:c100,c256,c512,c768 tcontext=u:r:untrusted_app_29:s0:c100,c256,c512,c768 tclass=netlink_route_socket app=com.netease.cloudmusic
05-11 11:54:04.124 13014 13014 I auditd : type=1400 audit(0.0:15680): avc: denied { open } for comm="ss.android.lark" path="/proc/vmstat" dev="proc" ino=4026531858 scontext=u:r:untrusted_app:s0:c113,c256,c512,c768 tcontext=u:object_r:proc_vmstat:s0 tclass=file permissive=1 app=com.ss.android.lark
05-11 11:54:04.124 13014 13014 I auditd : type=1400 audit(0.0:15681): avc: denied { getattr } for comm="ss.android.lark" path="/proc/vmstat" dev="proc" ino=4026531858 scontext=u:r:untrusted_app:s0:c113,c256,c512,c768 tcontext=u:object_r:proc_vmstat:s0 tclass=file permissive=1 app=com.ss.android.lark
01-01 08:27:12.362 0 0 E link_delay_work_func: DTC_ETH: SQI=0, link=0
05-11 11:54:07.362 1508 1659 I am_uid_idle: 10062
05-11 11:54:09.005 1508 1818 I netstats_mobile_sample: [0,0,0,0,0,0,0,0,0,0,0,0,1683874934206]
05-11 11:54:09.005 1508 1818 I netstats_wifi_sample: [40,1,128,2,40,1,128,2,40,1,64,1,1683874934206]
05-11 11:54:09.000 685 685 I auditd : type=1400 audit(0.0:15682): avc: denied { add_name } for comm="Binder:685_4" name="globalAlert" scontext=u:r:netd:s0 tcontext=u:object_r:proc_net:s0 tclass=dir permissive=1
05-11 11:54:09.000 685 685 I auditd : type=1400 audit(0.0:15683): avc: denied { create } for comm="Binder:685_4" name="globalAlert" scontext=u:r:netd:s0 tcontext=u:object_r:proc_net:s0 tclass=file permissive=1
01-01 08:27:17.425 0 0 E msm_pcm_playback_close: CMD_EOS failed, cmd_pending 0x8
01-01 08:27:17.482 0 0 E link_delay_work_func: DTC_ETH: SQI=0, link=0
05-11 11:54:12.420 1508 1799 I input_interaction: Interaction with: 1cb1014 com.ss.android.ugc.aweme/com.ss.android.ugc.aweme.splash.SplashActivity (server), edge-swipe (server), swipe-up (server), PointerEventDispatcher0 (server),
05-11 11:54:12.422 1508 1644 I wm_task_moved: [54,1,9]
05-11 11:54:12.422 1508 1644 I wm_task_to_front: [0,54]
05-11 11:54:12.425 1508 1644 I wm_set_resumed_activity: [0,com.ss.android.ugc.aweme/.splash.SplashActivity,positionChildAt]
05-11 11:54:12.425 1508 1644 I wm_focused_root_task: [0,0,54,55,setFocusedTask]
05-11 11:54:12.425 23536 23536 I wm_on_top_resumed_lost_called: [63352040,com.happyelements.hellolua.MainActivity,topStateChangedWhenResumed]
05-11 11:54:12.425 1508 1644 I wm_set_resumed_activity: [0,com.ss.android.ugc.aweme/.splash.SplashActivity,setFocusedTask]
05-11 11:54:12.425 1508 1644 I ActivityTaskManager: FOREGROUND_APPLICATION_CHANGED to com.ss.android.ugc.aweme.main.MainActivity
05-11 11:54:12.425 1508 1645 I input_focus: [Focus request 1cb1014 com.ss.android.ugc.aweme/com.ss.android.ugc.aweme.splash.SplashActivity,reason=UpdateInputWindows]
05-11 11:54:12.430 21548 21548 I wm_on_top_resumed_gained_called: [82963027,com.ss.android.ugc.aweme.splash.SplashActivity,topStateChangedWhenResumed]
05-11 11:54:12.471 1508 1799 I input_focus: [Focus leaving 8008a78 com.happyelements.AndroidAnimal.qq/com.happyelements.hellolua.MainActivity (server),reason=setFocusedWindow]
05-11 11:54:12.471 1508 1799 I input_focus: [Focus entering 1cb1014 com.ss.android.ugc.aweme/com.ss.android.ugc.aweme.splash.SplashActivity (server),reason=setFocusedWindow]
05-11 11:54:14.460 0 0 I auditd : type=1400 audit(0.0:15684): avc: denied { kill } for comm="swapper/5" capability=5 scontext=u:r:kernel:s0 tcontext=u:r:kernel:s0 tclass=capability permissive=1
01-01 08:27:22.601 0 0 E link_delay_work_func: DTC_ETH: SQI=0, link=0
05-11 11:54:14.714 1508 10140 I netstats_mobile_sample: [0,0,0,0,0,0,0,0,0,0,0,0,1683874939914]
05-11 11:54:14.714 1508 10140 I netstats_wifi_sample: [40,1,128,2,40,1,128,2,40,1,64,1,1683874939914]
01-01 08:27:27.722 0 0 E link_delay_work_func: DTC_ETH: SQI=0, link=0
05-11 11:54:19.688 19859 19859 I auditd : type=1400 audit(0.0:15685): avc: granted { nlmsg_readpriv } for comm="pool-7-thread-1" scontext=u:r:untrusted_app_29:s0:c100,c256,c512,c768 tcontext=u:r:untrusted_app_29:s0:c100,c256,c512,c768 tclass=netlink_route_socket app=com.netease.cloudmusic
01-01 08:27:27.921 0 0 E msm_pcm_playback_close: CMD_EOS failed, cmd_pending 0x8
05-11 11:54:21.032 1508 1799 I input_interaction: Interaction with: 8008a78 com.happyelements.AndroidAnimal.qq/com.happyelements.hellolua.MainActivity (server), edge-swipe (server), swipe-up (server), PointerEventDispatcher0 (server),
05-11 11:54:21.035 1508 1644 I wm_task_moved: [55,1,9]
05-11 11:54:21.035 1508 1644 I wm_task_to_front: [0,55]
05-11 11:54:21.041 1508 1644 I wm_set_resumed_activity: [0,com.happyelements.AndroidAnimal.qq/com.happyelements.hellolua.MainActivity,positionChildAt]
05-11 11:54:21.041 1508 1644 I wm_focused_root_task: [0,0,55,54,setFocusedTask]
05-11 11:54:21.041 1508 1644 I wm_set_resumed_activity: [0,com.happyelements.AndroidAnimal.qq/com.happyelements.hellolua.MainActivity,setFocusedTask]
05-11 11:54:21.042 1508 1644 I ActivityTaskManager: FOREGROUND_APPLICATION_CHANGED to com.happyelements.hellolua.MainActivity
05-11 11:54:21.042 21548 21548 I wm_on_top_resumed_lost_called: [82963027,com.ss.android.ugc.aweme.splash.SplashActivity,topStateChangedWhenResumed]
05-11 11:54:21.042 23536 23536 I wm_on_top_resumed_gained_called: [63352040,com.happyelements.hellolua.MainActivity,topStateChangedWhenResumed]
05-11 11:54:21.043 1508 1645 I input_focus: [Focus request 8008a78 com.happyelements.AndroidAnimal.qq/com.happyelements.hellolua.MainActivity,reason=UpdateInputWindows]
05-11 11:54:21.105 1508 1799 I input_focus: [Focus leaving 1cb1014 com.ss.android.ugc.aweme/com.ss.android.ugc.aweme.splash.SplashActivity (server),reason=setFocusedWindow]
05-11 11:54:21.105 1508 1799 I input_focus: [Focus entering 8008a78 com.happyelements.AndroidAnimal.qq/com.happyelements.hellolua.MainActivity (server),reason=setFocusedWindow]
05-11 11:54:22.670 1508 1799 I input_interaction: Interaction with: 1cb1014 com.ss.android.ugc.aweme/com.ss.android.ugc.aweme.splash.SplashActivity (server), edge-swipe (server), swipe-up (server), PointerEventDispatcher0 (server),
05-11 11:54:22.671 1508 1644 I wm_task_moved: [54,1,9]
05-11 11:54:22.671 1508 1644 I wm_task_to_front: [0,54]
05-11 11:54:22.674 1508 1644 I wm_set_resumed_activity: [0,com.ss.android.ugc.aweme/.splash.SplashActivity,positionChildAt]
05-11 11:54:22.674 1508 1644 I wm_focused_root_task: [0,0,54,55,setFocusedTask]
05-11 11:54:22.674 23536 23536 I wm_on_top_resumed_lost_called: [63352040,com.happyelements.hellolua.MainActivity,topStateChangedWhenResumed]
05-11 11:54:22.674 1508 1644 I wm_set_resumed_activity: [0,com.ss.android.ugc.aweme/.splash.SplashActivity,setFocusedTask]
05-11 11:54:22.674 1508 1644 I ActivityTaskManager: FOREGROUND_APPLICATION_CHANGED to com.ss.android.ugc.aweme.main.MainActivity
05-11 11:54:22.675 1508 1645 I input_focus: [Focus request 1cb1014 com.ss.android.ugc.aweme/com.ss.android.ugc.aweme.splash.SplashActivity,reason=UpdateInputWindows]
05-11 11:54:22.681 21548 21548 I wm_on_top_resumed_gained_called: [82963027,com.ss.android.ugc.aweme.splash.SplashActivity,topStateChangedWhenResumed]
05-11 11:54:22.739 1508 1799 I input_focus: [Focus leaving 8008a78 com.happyelements.AndroidAnimal.qq/com.happyelements.hellolua.MainActivity (server),reason=setFocusedWindow]
05-11 11:54:22.739 1508 1799 I input_focus: [Focus entering 1cb1014 com.ss.android.ugc.aweme/com.ss.android.ugc.aweme.splash.SplashActivity (server),reason=setFocusedWindow]
05-11 11:54:22.970 1508 1818 I netstats_mobile_sample: [0,0,0,0,0,0,0,0,0,0,0,0,1683874948170]
05-11 11:54:22.970 1508 1818 I netstats_wifi_sample: [40,1,128,2,40,1,128,2,40,1,64,1,1683874948170]
05-11 11:54:22.964 685 685 I auditd : type=1400 audit(0.0:15686): avc: denied { add_name } for comm="Binder:685_4" name="globalAlert" scontext=u:r:netd:s0 tcontext=u:object_r:proc_net:s0 tclass=dir permissive=1
05-11 11:54:22.964 685 685 I auditd : type=1400 audit(0.0:15687): avc: denied { create } for comm="Binder:685_4" name="globalAlert" scontext=u:r:netd:s0 tcontext=u:object_r:proc_net:s0 tclass=file permissive=1
05-11 11:54:24.251 1508 1659 I am_uid_idle: 10109
05-11 11:54:24.251 1508 1659 I am_stop_idle_service: [10109,com.qqgame.mic/com.tencent.tpns.mqttchannel.services.MqttService]
05-11 11:54:24.251 1508 1659 W ActivityManager: Stopping service due to app idle: u0a109 -10m30s234ms com.qqgame.mic/com.tencent.tpns.mqttchannel.services.MqttService
01-01 08:27:32.848 0 0 E link_delay_work_func: DTC_ETH: SQI=0, link=0
05-11 11:54:24.960 5077 5077 I auditd : type=1400 audit(0.0:15688): avc: denied { open } for comm="doujia.phoenix2" path="/proc/vmstat" dev="proc" ino=4026531858 scontext=u:r:untrusted_app_27:s0:c512,c768 tcontext=u:object_r:proc_vmstat:s0 tclass=file permissive=1 app=com.wandoujia.phoenix2
05-11 11:54:24.960 5077 5077 I auditd : type=1400 audit(0.0:15689): avc: denied { getattr } for comm="doujia.phoenix2" path="/proc/vmstat" dev="proc" ino=4026531858 scontext=u:r:untrusted_app_27:s0:c512,c768 tcontext=u:object_r:proc_vmstat:s0 tclass=file permissive=1 app=com.wandoujia.phoenix2
05-11 11:54:25.125 1508 1508 I notification_enqueue: [10094,3484,com.tencent.android.qqdownloader,127,NULL,0,Notification(channel=channel_id_default_silent shortcut=null contentView=com.tencent.android.qqdownloader/0x7f0a01c2 vibrate=null sound=null defaults=0x0 flags=0x2a2 color=0x00000000 groupKey=com.tencent.android.qqdownloader vis=PRIVATE),1]
05-11 11:54:25.325 1508 1508 I GameModeConfig: isGameModeOn = true
05-11 11:54:25.325 1508 1508 I GameModeConfig: isGaming = true
05-11 11:54:25.325 1508 1508 I GameModeConfig: isDisableNotification = true
05-11 11:54:25.325 1508 1508 I GameModeConfig: isGameModeOn = true
05-11 11:54:25.325 1508 1508 I GameModeConfig: isGaming = true
05-11 11:54:25.325 1508 1508 I GameModeConfig: isDisableNotification = true
05-11 11:54:25.986 1508 1799 I input_interaction: Interaction with: 8008a78 com.happyelements.AndroidAnimal.qq/com.happyelements.hellolua.MainActivity (server), edge-swipe (server), swipe-up (server), PointerEventDispatcher0 (server),
05-11 11:54:25.987 1508 1644 I wm_task_moved: [55,1,9]
05-11 11:54:25.987 1508 1644 I wm_task_to_front: [0,55]
05-11 11:54:25.991 1508 1644 I wm_set_resumed_activity: [0,com.happyelements.AndroidAnimal.qq/com.happyelements.hellolua.MainActivity,positionChildAt]
05-11 11:54:25.991 1508 1644 I wm_focused_root_task: [0,0,55,54,setFocusedTask]
05-11 11:54:25.991 1508 1644 I wm_set_resumed_activity: [0,com.happyelements.AndroidAnimal.qq/com.happyelements.hellolua.MainActivity,setFocusedTask]
05-11 11:54:25.991 1508 1644 I ActivityTaskManager: FOREGROUND_APPLICATION_CHANGED to com.happyelements.hellolua.MainActivity
05-11 11:54:25.992 1508 1645 I input_focus: [Focus request 8008a78 com.happyelements.AndroidAnimal.qq/com.happyelements.hellolua.MainActivity,reason=UpdateInputWindows]
05-11 11:54:25.993 21548 21548 I wm_on_top_resumed_lost_called: [82963027,com.ss.android.ugc.aweme.splash.SplashActivity,topStateChangedWhenResumed]
05-11 11:54:25.993 23536 23536 I wm_on_top_resumed_gained_called: [63352040,com.happyelements.hellolua.MainActivity,topStateChangedWhenResumed]
05-11 11:54:26.037 1508 1799 I input_focus: [Focus leaving 1cb1014 com.ss.android.ugc.aweme/com.ss.android.ugc.aweme.splash.SplashActivity (server),reason=setFocusedWindow]
05-11 11:54:26.038 1508 1799 I input_focus: [Focus entering 8008a78 com.happyelements.AndroidAnimal.qq/com.happyelements.hellolua.MainActivity (server),reason=setFocusedWindow]
05-11 11:54:26.875 1508 1799 I input_interaction: Interaction with: 1cb1014 com.ss.android.ugc.aweme/com.ss.android.ugc.aweme.splash.SplashActivity (server), edge-swipe (server), swipe-up (server), PointerEventDispatcher0 (server),
05-11 11:54:26.877 1508 1644 I wm_task_moved: [54,1,9]
05-11 11:54:26.877 1508 1644 I wm_task_to_front: [0,54]
05-11 11:54:26.881 1508 1644 I wm_set_resumed_activity: [0,com.ss.android.ugc.aweme/.splash.SplashActivity,positionChildAt]
05-11 11:54:26.881 1508 1644 I wm_focused_root_task: [0,0,54,55,setFocusedTask]
05-11 11:54:26.881 1508 1644 I wm_set_resumed_activity: [0,com.ss.android.ugc.aweme/.splash.SplashActivity,setFocusedTask]
05-11 11:54:26.881 1508 1644 I ActivityTaskManager: FOREGROUND_APPLICATION_CHANGED to com.ss.android.ugc.aweme.main.MainActivity
05-11 11:54:26.881 23536 23536 I wm_on_top_resumed_lost_called: [63352040,com.happyelements.hellolua.MainActivity,topStateChangedWhenResumed]
05-11 11:54:26.882 1508 1645 I input_focus: [Focus request 1cb1014 com.ss.android.ugc.aweme/com.ss.android.ugc.aweme.splash.SplashActivity,reason=UpdateInputWindows]
05-11 11:54:26.884 21548 21548 I wm_on_top_resumed_gained_called: [82963027,com.ss.android.ugc.aweme.splash.SplashActivity,topStateChangedWhenResumed]
05-11 11:54:26.939 1508 1799 I input_focus: [Focus leaving 8008a78 com.happyelements.AndroidAnimal.qq/com.happyelements.hellolua.MainActivity (server),reason=setFocusedWindow]
05-11 11:54:26.939 1508 1799 I input_focus: [Focus entering 1cb1014 com.ss.android.ugc.aweme/com.ss.android.ugc.aweme.splash.SplashActivity (server),reason=setFocusedWindow]
05-11 11:54:27.964 4996 4996 I auditd : type=1400 audit(0.0:15690): avc: granted { nlmsg_readpriv } for comm="DaemonThread-6" scontext=u:r:untrusted_app_27:s0:c512,c768 tcontext=u:r:untrusted_app_27:s0:c512,c768 tclass=netlink_route_socket app=com.wandoujia.phoenix2
05-11 11:54:28.340 4996 4996 I auditd : type=1400 audit(0.0:15691): avc: granted { nlmsg_readpriv } for comm="DaemonThread-6" scontext=u:r:untrusted_app_27:s0:c512,c768 tcontext=u:r:untrusted_app_27:s0:c512,c768 tclass=netlink_route_socket app=com.wandoujia.phoenix2
01-01 08:27:37.961 0 0 E link_delay_work_func: DTC_ETH: SQI=0, link=0
01-01 08:27:38.417 0 0 E msm_pcm_playback_close: CMD_EOS failed, cmd_pending 0x8
05-11 11:54:30.526 1508 1818 I netstats_mobile_sample: [0,0,0,0,0,0,0,0,0,0,0,0,1683874955726]
05-11 11:54:30.526 1508 1818 I netstats_wifi_sample: [40,1,128,2,40,1,128,2,40,1,64,1,1683874955726]
05-11 11:54:31.212 1508 1799 I input_interaction: Interaction with: 8008a78 com.happyelements.AndroidAnimal.qq/com.happyelements.hellolua.MainActivity (server), edge-swipe (server), swipe-up (server), PointerEventDispatcher0 (server),
05-11 11:54:31.213 1508 1644 I wm_task_moved: [55,1,9]
05-11 11:54:31.213 1508 1644 I wm_task_to_front: [0,55]
05-11 11:54:31.216 1508 1644 I wm_set_resumed_activity: [0,com.happyelements.AndroidAnimal.qq/com.happyelements.hellolua.MainActivity,positionChildAt]
05-11 11:54:31.216 1508 1644 I wm_focused_root_task: [0,0,55,54,setFocusedTask]
05-11 11:54:31.217 1508 1644 I wm_set_resumed_activity: [0,com.happyelements.AndroidAnimal.qq/com.happyelements.hellolua.MainActivity,setFocusedTask]
05-11 11:54:31.217 1508 1644 I ActivityTaskManager: FOREGROUND_APPLICATION_CHANGED to com.happyelements.hellolua.MainActivity
05-11 11:54:31.217 21548 21548 I wm_on_top_resumed_lost_called: [82963027,com.ss.android.ugc.aweme.splash.SplashActivity,topStateChangedWhenResumed]
05-11 11:54:31.217 1508 1645 I input_focus: [Focus request 8008a78 com.happyelements.AndroidAnimal.qq/com.happyelements.hellolua.MainActivity,reason=UpdateInputWindows]
05-11 11:54:31.218 23536 23536 I wm_on_top_resumed_gained_called: [63352040,com.happyelements.hellolua.MainActivity,topStateChangedWhenResumed]
05-11 11:54:31.271 1508 1799 I input_focus: [Focus leaving 1cb1014 com.ss.android.ugc.aweme/com.ss.android.ugc.aweme.splash.SplashActivity (server),reason=setFocusedWindow]
05-11 11:54:31.271 1508 1799 I input_focus: [Focus entering 8008a78 com.happyelements.AndroidAnimal.qq/com.happyelements.hellolua.MainActivity (server),reason=setFocusedWindow]
05-11 11:54:31.664 1508 1893 I sync : [com.tencent.android.qqdownloader.YYBLiveAccountProvider,0,3,24220937]
05-11 11:54:31.673 1508 1893 I sync : [com.tencent.android.qqdownloader.YYBLiveAccountProvider,1,3,24220937]
05-11 11:54:31.674 1508 1893 I commit_sys_config_file: [sync-status,1641449]
05-11 11:54:31.677 1508 1893 I sync : [com.tencent.android.qqdownloader.YYBLiveAccountProvider,0,3,24220937]
05-11 11:54:31.685 1508 1893 I sync : [com.tencent.android.qqdownloader.YYBLiveAccountProvider,1,3,24220937]
05-11 11:54:31.687 1508 1893 I commit_sys_config_file: [sync-status,1641461]
05-11 11:54:31.700 1508 1657 I am_pss : [23536,10106,com.happyelements.AndroidAnimal.qq,601812992,588914688,1007616,756031488,0,2,35]
05-11 11:54:32.188 5077 5077 I auditd : type=1400 audit(0.0:15692): avc: granted { nlmsg_readpriv } for comm="DaemonThread-6" scontext=u:r:untrusted_app_27:s0:c512,c768 tcontext=u:r:untrusted_app_27:s0:c512,c768 tclass=netlink_route_socket app=com.wandoujia.phoenix2
05-11 11:54:32.600 5077 5077 I auditd : type=1400 audit(0.0:15693): avc: granted { nlmsg_readpriv } for comm="DaemonThread-6" scontext=u:r:untrusted_app_27:s0:c512,c768 tcontext=u:r:untrusted_app_27:s0:c512,c768 tclass=netlink_route_socket app=com.wandoujia.phoenix2
05-11 11:54:33.460 0 0 I auditd : type=1400 audit(0.0:15694): avc: denied { kill } for comm="swapper/4" capability=5 scontext=u:r:kernel:s0 tcontext=u:r:kernel:s0 tclass=capability permissive=1
05-11 11:54:33.678 1508 1643 I commit_sys_config_file: [jobs,2]
01-01 08:27:43.081 0 0 E link_delay_work_func: DTC_ETH: SQI=0, link=0
05-11 11:54:38.704 4923 4923 I auditd : type=1400 audit(0.0:15695): avc: granted { nlmsg_readpriv } for comm="DaemonThread-6" scontext=u:r:untrusted_app_27:s0:c512,c768 tcontext=u:r:untrusted_app_27:s0:c512,c768 tclass=netlink_route_socket app=com.wandoujia.phoenix2
05-11 11:54:39.044 4923 4923 I auditd : type=1400 audit(0.0:15696): avc: granted { nlmsg_readpriv } for comm="DaemonThread-6" scontext=u:r:untrusted_app_27:s0:c512,c768 tcontext=u:r:untrusted_app_27:s0:c512,c768 tclass=netlink_route_socket app=com.wandoujia.phoenix2
01-01 08:27:48.201 0 0 E link_delay_work_func: DTC_ETH: SQI=0, link=0
01-01 08:27:48.913 0 0 E msm_pcm_playback_close: CMD_EOS failed, cmd_pending 0x8
01-01 08:27:53.321 0 0 E link_delay_work_func: DTC_ETH: SQI=0, link=0
05-11 11:54:46.297 1508 10955 I netstats_mobile_sample: [0,0,0,0,0,0,0,0,0,0,0,0,1683874971497]
05-11 11:54:46.297 1508 10955 I netstats_wifi_sample: [40,1,128,2,40,1,128,2,40,1,64,1,1683874971497]
05-11 11:54:46.298 1508 10955 I service_manager_stats: [100,33,91583]
01-01 08:27:58.441 0 0 E link_delay_work_func: DTC_ETH: SQI=0, link=0
01-01 08:27:59.409 0 0 E msm_pcm_playback_close: CMD_EOS failed, cmd_pending 0x8
05-11 11:54:54.397 1508 12402 I am_uid_active: 10109
01-01 08:28:03.562 0 0 E link_delay_work_func: DTC_ETH: SQI=0, link=0
01-01 08:28:08.681 0 0 E link_delay_work_func: DTC_ETH: SQI=0, link=0
01-01 08:28:09.905 0 0 E msm_pcm_playback_close: CMD_EOS failed, cmd_pending 0x8
05-11 11:55:04.124 13014 13014 I auditd : type=1400 audit(0.0:15697): avc: denied { open } for comm="ss.android.lark" path="/proc/vmstat" dev="proc" ino=4026531858 scontext=u:r:untrusted_app:s0:c113,c256,c512,c768 tcontext=u:object_r:proc_vmstat:s0 tclass=file permissive=1 app=com.ss.android.lark
05-11 11:55:04.124 13014 13014 I auditd : type=1400 audit(0.0:15698): avc: denied { getattr } for comm="ss.android.lark" path="/proc/vmstat" dev="proc" ino=4026531858 scontext=u:r:untrusted_app:s0:c113,c256,c512,c768 tcontext=u:object_r:proc_vmstat:s0 tclass=file permissive=1 app=com.ss.android.lark
05-11 11:55:05.095 1508 10955 I netstats_mobile_sample: [0,0,0,0,0,0,0,0,0,0,0,0,1683874990295]
05-11 11:55:05.095 1508 10955 I netstats_wifi_sample: [40,1,128,2,40,1,128,2,40,1,64,1,1683874990295]
01-01 08:28:13.802 0 0 E link_delay_work_func: DTC_ETH: SQI=0, link=0
05-11 11:55:06.664 1508 1893 I sync : [com.tencent.android.qqdownloader.YYBLiveAccountProvider,0,3,24220937]
05-11 11:55:06.668 1508 1657 I am_pss : [23839,99005,com.android.webview:sandboxed_process0:org.chromium.content.app.SandboxedProcessService0:0,26598400,8581120,898048,87298048,0,3,6]
05-11 11:55:06.674 1508 1893 I sync : [com.tencent.android.qqdownloader.YYBLiveAccountProvider,1,3,24220937]
05-11 11:55:06.705 1508 1893 I commit_sys_config_file: [sync-status,1676480]
05-11 11:55:06.711 1508 1893 I sync : [com.tencent.android.qqdownloader.YYBLiveAccountProvider,0,3,24220937]
05-11 11:55:06.720 1508 1893 I sync : [com.tencent.android.qqdownloader.YYBLiveAccountProvider,1,3,24220937]
05-11 11:55:06.721 1508 1893 I commit_sys_config_file: [sync-status,1676496]
05-11 11:55:08.678 1508 1643 I commit_sys_config_file: [jobs,2]
01-01 08:28:18.922 0 0 E link_delay_work_func: DTC_ETH: SQI=0, link=0
01-01 08:28:20.401 0 0 E msm_pcm_playback_close: CMD_EOS failed, cmd_pending 0x8
05-11 11:55:13.490 1508 1508 I notification_enqueue: [10101,4602,com.baidu.appsearch,2131755452,NULL,0,Notification(channel=手机管理、安全检测相关通知 shortcut=null contentView=null vibrate=null sound=null defaults=0x0 flags=0x62 color=0x00000000 vis=PRIVATE),1]
05-11 11:55:13.691 1508 1508 I GameModeConfig: isGameModeOn = true
05-11 11:55:13.691 1508 1508 I GameModeConfig: isGaming = true
05-11 11:55:13.691 1508 1508 I GameModeConfig: isDisableNotification = true
05-11 11:55:13.691 1508 1508 I GameModeConfig: isGameModeOn = true
05-11 11:55:13.691 1508 1508 I GameModeConfig: isGaming = true
05-11 11:55:13.691 1508 1508 I GameModeConfig: isDisableNotification = true
05-11 11:55:13.722 18015 18015 I sysui_multi_action: [757,803,799,note_peek,802,1]
05-11 11:55:13.725 1508 10955 I sysui_multi_action: [757,127,758,1]
05-11 11:55:13.725 1508 10955 I sysui_multi_action: [757,804,799,note_load,801,1,802,1]
05-11 11:55:13.725 1508 10955 I notification_panel_revealed: 1
05-11 11:55:13.727 18015 18015 I sysui_heads_up_status: [0|com.baidu.appsearch|2131755452|null|10101,1]
05-11 11:55:13.730 1508 10955 I sysui_multi_action: [757,128,758,1,793,1687378,794,0,795,1687378,796,26,798,0,806,android,857,DEVELOPER_IMPORTANT,858,4,947,0,1395,3,1500,1686890,1688,1]
05-11 11:55:13.730 1508 10955 I sysui_multi_action: [757,804,799,note_freshness,801,1687378,802,1]
05-11 11:55:13.730 1508 10955 I notification_visibility: [-1|android|26|null|1000,1,1687378,1687378,0,0]
05-11 11:55:13.730 1508 10955 I sysui_multi_action: [757,128,758,1,793,575973,794,0,795,575973,796,-3365,798,1,806,com.ss.android.lark,857,normal_v2,858,4,947,0,1395,3,1500,575771,1688,1,1745,945454168]
05-11 11:55:13.731 1508 10955 I sysui_multi_action: [757,804,799,note_freshness,801,575973,802,1]
05-11 11:55:13.731 1508 10955 I notification_visibility: [0|com.ss.android.lark|-3365|null|10113,1,575973,575973,0,1]
05-11 11:55:13.731 1508 10955 I sysui_multi_action: [757,128,758,1,793,1687382,794,0,795,1687382,796,27,798,2,806,android,857,USB,858,1,947,0,1395,3,1500,1686892,1688,1]
05-11 11:55:13.731 1508 10955 I sysui_multi_action: [757,804,799,note_freshness,801,1687382,802,1]
05-11 11:55:13.731 1508 10955 I notification_visibility: [-1|android|27|null|1000,1,1687382,1687382,0,2]
05-11 11:55:14.230 1508 12402 I sysui_multi_action: [757,128,758,2,793,1687878,794,500,795,1687878,796,26,798,0,806,android,857,DEVELOPER_IMPORTANT,858,4,947,0,1395,3,1500,1687390,1688,1]
05-11 11:55:14.230 1508 12402 I notification_visibility: [-1|android|26|null|1000,0,1687878,1687878,0,0]
05-11 11:55:14.230 1508 12402 I sysui_multi_action: [757,128,758,2,793,576473,794,500,795,576473,796,-3365,798,1,806,com.ss.android.lark,857,normal_v2,858,4,947,0,1395,3,1500,576271,1688,1,1745,945454168]
05-11 11:55:14.230 1508 12402 I notification_visibility: [0|com.ss.android.lark|-3365|null|10113,0,576473,576473,0,1]
05-11 11:55:14.230 1508 12402 I sysui_multi_action: [757,128,758,2,793,1687881,794,499,795,1687881,796,27,798,2,806,android,857,USB,858,1,947,0,1395,3,1500,1687391,1688,1]
05-11 11:55:14.230 1508 12402 I notification_visibility: [-1|android|27|null|1000,0,1687881,1687881,0,2]
01-01 08:28:24.042 0 0 E link_delay_work_func: DTC_ETH: SQI=0, link=0
05-11 11:55:19.424 18015 18015 I sysui_heads_up_status: [0|com.baidu.appsearch|2131755452|null|10101,0]
05-11 11:55:19.893 1508 10955 I sysui_multi_action: [757,128,758,1,793,1693541,794,0,795,1693541,796,26,798,0,806,android,857,DEVELOPER_IMPORTANT,858,4,947,0,1395,3,1500,1693053,1688,1]
05-11 11:55:19.893 1508 10955 I sysui_multi_action: [757,804,799,note_freshness,801,1693541,802,1]
05-11 11:55:19.893 1508 10955 I notification_visibility: [-1|android|26|null|1000,1,1693541,1693541,0,0]
05-11 11:55:19.893 1508 10955 I sysui_multi_action: [757,128,758,1,793,582136,794,0,795,582136,796,-3365,798,1,806,com.ss.android.lark,857,normal_v2,858,4,947,0,1395,3,1500,581934,1688,1,1745,945454168]
05-11 11:55:19.893 1508 10955 I sysui_multi_action: [757,804,799,note_freshness,801,582136,802,1]
05-11 11:55:19.893 1508 10955 I notification_visibility: [0|com.ss.android.lark|-3365|null|10113,1,582136,582136,0,1]
05-11 11:55:19.893 1508 10955 I sysui_multi_action: [757,128,758,1,793,1693544,794,0,795,1693544,796,27,798,2,806,android,857,USB,858,1,947,0,1395,3,1500,1693054,1688,1]
05-11 11:55:19.893 1508 10955 I sysui_multi_action: [757,804,799,note_freshness,801,1693544,802,1]
05-11 11:55:19.893 1508 10955 I notification_visibility: [-1|android|27|null|1000,1,1693544,1693544,0,2]
05-11 11:55:19.894 1508 10140 I sysui_multi_action: [757,128,758,2,793,1693542,794,1,795,1693542,796,26,798,0,806,android,857,DEVELOPER_IMPORTANT,858,4,947,0,1395,3,1500,1693054,1688,1]
05-11 11:55:19.894 1508 10140 I notification_visibility: [-1|android|26|null|1000,0,1693542,1693542,0,0]
05-11 11:55:19.895 1508 10140 I sysui_multi_action: [757,128,758,2,793,582138,794,2,795,582138,796,-3365,798,1,806,com.ss.android.lark,857,normal_v2,858,4,947,0,1395,3,1500,581936,1688,1,1745,945454168]
05-11 11:55:19.895 1508 10140 I notification_visibility: [0|com.ss.android.lark|-3365|null|10113,0,582138,582138,0,1]
05-11 11:55:19.895 1508 10140 I sysui_multi_action: [757,128,758,2,793,1693546,794,2,795,1693546,796,27,798,2,806,android,857,USB,858,1,947,0,1395,3,1500,1693056,1688,1]
05-11 11:55:19.895 1508 10140 I notification_visibility: [-1|android|27|null|1000,0,1693546,1693546,0,2]
05-11 11:55:19.895 1508 10140 I sysui_multi_action: [757,127,758,2]
05-11 11:55:19.895 1508 10140 I notification_panel_hidden:
01-01 08:28:29.162 0 0 E link_delay_work_func: DTC_ETH: SQI=0, link=0
05-11 11:55:21.405 1508 1799 I input_interaction: Interaction with: 1cb1014 com.ss.android.ugc.aweme/com.ss.android.ugc.aweme.splash.SplashActivity (server), edge-swipe (server), swipe-up (server), PointerEventDispatcher0 (server),
05-11 11:55:21.411 1508 1644 I wm_task_moved: [54,1,9]
05-11 11:55:21.411 1508 1644 I wm_task_to_front: [0,54]
05-11 11:55:21.414 1508 1644 I wm_set_resumed_activity: [0,com.ss.android.ugc.aweme/.splash.SplashActivity,positionChildAt]
05-11 11:55:21.414 1508 1644 I wm_focused_root_task: [0,0,54,55,setFocusedTask]
05-11 11:55:21.414 1508 1644 I wm_set_resumed_activity: [0,com.ss.android.ugc.aweme/.splash.SplashActivity,setFocusedTask]
05-11 11:55:21.414 23536 23536 I wm_on_top_resumed_lost_called: [63352040,com.happyelements.hellolua.MainActivity,topStateChangedWhenResumed]
05-11 11:55:21.415 1508 1644 I ActivityTaskManager: FOREGROUND_APPLICATION_CHANGED to com.ss.android.ugc.aweme.main.MainActivity
05-11 11:55:21.415 1508 1645 I input_focus: [Focus request 1cb1014 com.ss.android.ugc.aweme/com.ss.android.ugc.aweme.splash.SplashActivity,reason=UpdateInputWindows]
05-11 11:55:21.419 21548 21548 I wm_on_top_resumed_gained_called: [82963027,com.ss.android.ugc.aweme.splash.SplashActivity,topStateChangedWhenResumed]
05-11 11:55:21.473 1508 1799 I input_focus: [Focus leaving 8008a78 com.happyelements.AndroidAnimal.qq/com.happyelements.hellolua.MainActivity (server),reason=setFocusedWindow]
05-11 11:55:21.473 1508 1799 I input_focus: [Focus entering 1cb1014 com.ss.android.ugc.aweme/com.ss.android.ugc.aweme.splash.SplashActivity (server),reason=setFocusedWindow]
01-01 08:28:30.897 0 0 E msm_pcm_playback_close: CMD_EOS failed, cmd_pending 0x8
05-11 11:55:23.717 1508 1833 I GameModeConfig: isGameModeOn = true
05-11 11:55:23.717 1508 1833 I GameModeConfig: isGaming = true
05-11 11:55:23.717 1508 1833 I GameModeConfig: isDisableNotification = true
05-11 11:55:23.718 1508 1833 I GameModeConfig: isGameModeOn = true
05-11 11:55:23.718 1508 1833 I GameModeConfig: isGaming = true
05-11 11:55:23.718 1508 1833 I GameModeConfig: isDisableNotification = true
05-11 11:55:24.460 0 0 I auditd : type=1400 audit(0.0:15699): avc: denied { kill } for comm="swapper/5" capability=5 scontext=u:r:kernel:s0 tcontext=u:r:kernel:s0 tclass=capability permissive=1
05-11 11:55:24.960 5077 5077 I auditd : type=1400 audit(0.0:15700): avc: denied { open } for comm="doujia.phoenix2" path="/proc/vmstat" dev="proc" ino=4026531858 scontext=u:r:untrusted_app_27:s0:c512,c768 tcontext=u:object_r:proc_vmstat:s0 tclass=file permissive=1 app=com.wandoujia.phoenix2
05-11 11:55:24.960 5077 5077 I auditd : type=1400 audit(0.0:15701): avc: denied { getattr } for comm="doujia.phoenix2" path="/proc/vmstat" dev="proc" ino=4026531858 scontext=u:r:untrusted_app_27:s0:c512,c768 tcontext=u:object_r:proc_vmstat:s0 tclass=file permissive=1 app=com.wandoujia.phoenix2
01-01 08:28:34.281 0 0 E link_delay_work_func: DTC_ETH: SQI=0, link=0
05-11 11:55:26.629 1508 1508 I notification_enqueue: [10094,3484,com.tencent.android.qqdownloader,127,NULL,0,Notification(channel=channel_id_default_silent shortcut=null contentView=com.tencent.android.qqdownloader/0x7f0a01c2 vibrate=null sound=null defaults=0x0 flags=0x2a2 color=0x00000000 groupKey=com.tencent.android.qqdownloader vis=PRIVATE),1]
05-11 11:55:26.830 1508 1508 I GameModeConfig: isGameModeOn = true
05-11 11:55:26.830 1508 1508 I GameModeConfig: isGaming = true
05-11 11:55:26.830 1508 1508 I GameModeConfig: isDisableNotification = true
05-11 11:55:26.830 1508 1508 I GameModeConfig: isGameModeOn = true
05-11 11:55:26.830 1508 1508 I GameModeConfig: isGaming = true
05-11 11:55:26.830 1508 1508 I GameModeConfig: isDisableNotification = true
05-11 11:55:28.376 4996 4996 I auditd : type=1400 audit(0.0:15702): avc: granted { nlmsg_readpriv } for comm="DaemonThread-6" scontext=u:r:untrusted_app_27:s0:c512,c768 tcontext=u:r:untrusted_app_27:s0:c512,c768 tclass=netlink_route_socket app=com.wandoujia.phoenix2
05-11 11:55:28.748 4996 4996 I auditd : type=1400 audit(0.0:15703): avc: granted { nlmsg_readpriv } for comm="DaemonThread-6" scontext=u:r:untrusted_app_27:s0:c512,c768 tcontext=u:r:untrusted_app_27:s0:c512,c768 tclass=netlink_route_socket app=com.wandoujia.phoenix2
01-01 08:28:39.401 0 0 E link_delay_work_func: DTC_ETH: SQI=0, link=0
05-11 11:55:32.056 1508 1818 I netstats_mobile_sample: [0,0,0,0,0,0,0,0,0,0,0,0,1683875017256]
05-11 11:55:32.056 1508 1818 I netstats_wifi_sample: [40,1,128,2,40,1,128,2,40,1,64,1,1683875017256]
05-11 11:55:32.052 685 685 I auditd : type=1400 audit(0.0:15704): avc: denied { add_name } for comm="Binder:685_4" name="globalAlert" scontext=u:r:netd:s0 tcontext=u:object_r:proc_net:s0 tclass=dir permissive=1
05-11 11:55:32.052 685 685 I auditd : type=1400 audit(0.0:15705): avc: denied { create } for comm="Binder:685_4" name="globalAlert" scontext=u:r:netd:s0 tcontext=u:object_r:proc_net:s0 tclass=file permissive=1
05-11 11:55:32.188 5077 5077 I auditd : type=1400 audit(0.0:15706): avc: granted { nlmsg_readpriv } for comm="DaemonThread-6" scontext=u:r:untrusted_app_27:s0:c512,c768 tcontext=u:r:untrusted_app_27:s0:c512,c768 tclass=netlink_route_socket app=com.wandoujia.phoenix2
05-11 11:55:32.600 5077 5077 I auditd : type=1400 audit(0.0:15707): avc: granted { nlmsg_readpriv } for comm="DaemonThread-6" scontext=u:r:untrusted_app_27:s0:c512,c768 tcontext=u:r:untrusted_app_27:s0:c512,c768 tclass=netlink_route_socket app=com.wandoujia.phoenix2
05-11 11:55:32.961 1508 12402 I netstats_mobile_sample: [0,0,0,0,0,0,0,0,0,0,0,0,1683875018161]
05-11 11:55:32.961 1508 12402 I netstats_wifi_sample: [40,1,128,2,40,1,128,2,40,1,64,1,1683875018161]
01-01 08:28:41.393 0 0 E msm_pcm_playback_close: CMD_EOS failed, cmd_pending 0x8
01-01 08:28:44.521 0 0 E link_delay_work_func: DTC_ETH: SQI=0, link=0
05-11 11:55:39.064 4923 4923 I auditd : type=1400 audit(0.0:15708): avc: granted { nlmsg_readpriv } for comm="DaemonThread-6" scontext=u:r:untrusted_app_27:s0:c512,c768 tcontext=u:r:untrusted_app_27:s0:c512,c768 tclass=netlink_route_socket app=com.wandoujia.phoenix2
05-11 11:55:39.404 4923 4923 I auditd : type=1400 audit(0.0:15709): avc: granted { nlmsg_readpriv } for comm="DaemonThread-6" scontext=u:r:untrusted_app_27:s0:c512,c768 tcontext=u:r:untrusted_app_27:s0:c512,c768 tclass=netlink_route_socket app=com.wandoujia.phoenix2
01-01 08:28:49.641 0 0 E link_delay_work_func: DTC_ETH: SQI=0, link=0
05-11 11:55:41.665 1508 1893 I sync : [com.tencent.android.qqdownloader.YYBLiveAccountProvider,0,3,24220937]
05-11 11:55:41.673 1508 1893 I sync : [com.tencent.android.qqdownloader.YYBLiveAccountProvider,1,3,24220937]
05-11 11:55:41.675 1508 1893 I commit_sys_config_file: [sync-status,1711449]
05-11 11:55:41.678 1508 1893 I sync : [com.tencent.android.qqdownloader.YYBLiveAccountProvider,0,3,24220937]
