05-11 11:34:20.185 1508 12180 D ActivityManager: Completed ANR of com.tencent.mm in 14525ms, latency 0ms
05-11 11:34:20.188 1508 12401 I DropBoxManagerService: add tag=data_app_anr isTagEnabled=true flags=0x6
01-01 08:07:28.239 0 0 I init : Untracked pid 12398 exited with status 0
05-11 11:34:20.198 1508 12180 I ActivityManager: dumpStackTraces pids={1894=true, 2450=true, 2472=true, 2491=true, 2579=true, 2590=true, 2644=true, 2831=true, 3171=true, 3174=true, 3191=true, 3267=true, 3294=true, 3357=true, 3407=true, 3484=true, 3555=true, 3598=true, 3649=true, 4085=true, 4194=true, 4244=true, 4286=true, 4308=true, 4331=true, 4362=true, 4567=true, 4602=true, 4689=true, 4923=true, 4996=true, 5077=true, 5285=true, 5380=true, 5684=true, 6161=true, 6386=true, 6425=true, 6551=true, 10407=true, 11018=true, 11497=true, 11498=true} nativepids=[832, 834, 836, 12168, 584, 841, 585, 12297, 851, 1236, 1174, 1377, 1315, 1187, 1894, 939, 684, 685, 1199, 560, 1200, 1201, 822, 889, 830]
01-01 08:07:28.259 0 0 I init : Untracked pid 12400 exited with status 0
05-11 11:34:20.265 1508 10797 W ActivityManager: Scheduling restart of crashed service com.tencent.mm/.ipcinvoker.wx_extension.service.MainProcessIPCService in 1000ms for connection
05-11 11:34:20.265 1508 10797 W ActivityManager: Scheduling restart of crashed service com.tencent.mm/.service.ProcessService$MMProcessService in 10999ms for connection
05-11 11:34:20.266 1508 1644 W ActivityManager: setHasOverlayUi called on unknown pid: 10407
05-11 11:34:20.272 1508 1664 I ActivityManager: Process PhantomProcessRecord {fcb0e22 12398:6551:crash_dump64/u0a94} died
05-11 11:34:20.272 1508 1664 I ActivityManager: Process PhantomProcessRecord {80f90b3 12400:6551:com.tencent.android.qqdownloader:wxa_container0/u0a94} died
05-11 11:34:20.272 1508 1840 D CompatibilityChangeReporter: Compat change id reported: 135634846; UID 10096; state: DISABLED
05-11 11:34:20.272 1508 1840 D CompatibilityChangeReporter: Compat change id reported: 177438394; UID 10096; state: DISABLED
05-11 11:34:20.272 1508 1840 D CompatibilityChangeReporter: Compat change id reported: 135772972; UID 10096; state: DISABLED
05-11 11:34:20.273 1508 1660 D CompatibilityChangeReporter: Compat change id reported: 143937733; UID 10096; state: DISABLED
05-11 11:34:20.278 1508 1660 I ActivityManager: Start proc 12407:com.tencent.mm/u0a96 for service {com.tencent.mm/com.tencent.mm.ipcinvoker.wx_extension.service.MainProcessIPCService}
01-01 08:07:28.332 0 0 I binder : 12407:12407 ioctl 40046210 7ffe05b4f4 returned -22
05-11 11:34:20.320 1508 12180 W ProcessCpuTracker: Failed to stat(/proc/10407): android.system.ErrnoException: stat failed: ENOENT (No such file or directory)
05-11 11:34:20.320 1508 12180 W ProcessCpuTracker: Skipping unknown process pid 10407
05-11 11:34:20.331 1508 12180 W ProcessCpuTracker: Failed to stat(/proc/12400): android.system.ErrnoException: stat failed: ENOENT (No such file or directory)
05-11 11:34:20.331 1508 12180 W ProcessCpuTracker: Skipping unknown process pid 12400
01-01 08:07:28.475 0 0 W audit : audit_lost=8608 audit_rate_limit=5 audit_backlog_limit=64
01-01 08:07:28.475 0 0 E audit : rate limit exceeded
05-11 11:34:20.559 1508 12180 I ActivityManager: Skipping next CPU consuming process, not a java proc: 1508
05-11 11:34:20.559 1508 12180 I ActivityManager: Skipping next CPU consuming process, not a java proc: 939
05-11 11:34:20.559 1508 12180 I ActivityManager: Skipping next CPU consuming process, not a java proc: 3003
05-11 11:34:20.559 1508 12180 I ActivityManager: Skipping next CPU consuming process, not a java proc: 290
05-11 11:34:20.559 1508 12180 I ActivityManager: Skipping next CPU consuming process, not a java proc: 358
05-11 11:34:20.559 1508 12180 I ActivityManager: Skipping next CPU consuming process, not a java proc: 516
05-11 11:34:20.559 1508 12180 I ActivityManager: Skipping next CPU consuming process, not a java proc: 709
05-11 11:34:20.559 1508 12180 I ActivityManager: Skipping next CPU consuming process, not a java proc: 711
05-11 11:34:20.559 1508 12180 I ActivityManager: Skipping next CPU consuming process, not a java proc: 1184
05-11 11:34:20.559 1508 12180 I ActivityManager: Skipping next CPU consuming process, not a java proc: 1187
05-11 11:34:20.559 1508 12180 I ActivityManager: Skipping next CPU consuming process, not a java proc: 1236
05-11 11:34:20.559 1508 12180 I ActivityManager: Skipping next CPU consuming process, not a java proc: 1912
05-11 11:34:20.559 1508 12180 I ActivityManager: Skipping next CPU consuming process, not a java proc: 2801
05-11 11:34:20.559 1508 12180 I ActivityManager: Skipping next CPU consuming process, not a java proc: 12407
05-11 11:34:20.559 1508 12180 I ActivityManager: Dumping to /data/anr/anr_2023-05-11-11-34-20-559
05-11 11:34:20.559 1508 12180 I ActivityManager: Collecting stacks for pid 1912
05-11 11:34:20.605 1508 12448 I DropBoxManagerService: add tag=data_app_wtf isTagEnabled=true flags=0x2
05-11 11:34:20.670 1508 12180 I ActivityManager: Collecting stacks for pid 1508
05-11 11:34:20.783 1508 12180 I ActivityManager: Collecting stacks for pid 3138
05-11 11:34:20.802 1508 12180 I ActivityManager: Collecting stacks for pid 3109
05-11 11:34:20.821 1508 12180 I ActivityManager: Collecting stacks for pid 3074
05-11 11:34:20.841 1508 12180 I ActivityManager: Collecting stacks for pid 3072
05-11 11:34:20.859 1508 12180 I ActivityManager: Collecting stacks for pid 3045
05-11 11:34:20.878 1508 12180 I ActivityManager: Collecting stacks for pid 3008
05-11 11:34:20.894 1508 12180 I ActivityManager: Collecting stacks for pid 3003
05-11 11:34:21.062 1508 1644 W ActivityTaskManager: Launch timeout has expired, giving up wake lock!
05-11 11:34:21.084 1508 12180 I ActivityManager: Collecting stacks for pid 2777
01-01 08:07:29.129 0 0 E msm_pcm_playback_close: CMD_EOS failed, cmd_pending 0x8
01-01 08:07:29.135 0 0 I afe_close: port_id = 0x9000
05-11 11:34:21.102 1508 12180 I ActivityManager: Collecting stacks for pid 2430
01-01 08:07:29.166 0 0 I logd : logdr: UID=10096 GID=10096 PID=12491 n tail=2000 logMask=bf pid=0 start=0ns deadline=0ns
05-11 11:34:21.126 1508 12180 I ActivityManager: Collecting stacks for pid 4062
05-11 11:34:21.142 1508 12180 I ActivityManager: Collecting stacks for pid 2374
05-11 11:34:21.164 1508 12180 I ActivityManager: Collecting stacks for pid 2385
05-11 11:34:21.184 1508 12180 I ActivityManager: Collecting stacks for pid 2339
05-11 11:34:21.206 1508 12180 I ActivityManager: Collecting stacks for pid 2305
05-11 11:34:21.223 1508 12180 I ActivityManager: Collecting stacks for pid 2285
05-11 11:34:21.244 1508 12180 I ActivityManager: Collecting stacks for pid 2255
05-11 11:34:21.264 1508 12180 I ActivityManager: Collecting stacks for pid 2239
05-11 11:34:21.289 1508 12180 I ActivityManager: Collecting stacks for pid 2246
05-11 11:34:21.312 1508 12180 I ActivityManager: Collecting stacks for pid 2180
05-11 11:34:21.337 1508 12180 I ActivityManager: Collecting stacks for pid 2141
05-11 11:34:21.353 1508 1833 I GameModeConfig: isGameModeOn = true
05-11 11:34:21.353 1508 1833 I GameModeConfig: isGaming = true
05-11 11:34:21.353 1508 1833 I GameModeConfig: isDisableNotification = true
05-11 11:34:21.353 1508 1833 I GameModeConfig: isGameModeOn = true
05-11 11:34:21.353 1508 1833 I GameModeConfig: isGaming = true
05-11 11:34:21.353 1508 1833 I GameModeConfig: isDisableNotification = true
05-11 11:34:21.354 1508 1833 I GameModeConfig: isGameModeOn = true
05-11 11:34:21.354 1508 1833 I GameModeConfig: isGaming = true
05-11 11:34:21.354 1508 1833 I GameModeConfig: isDisableNotification = true
05-11 11:34:21.354 1508 1833 I GameModeConfig: isGameModeOn = true
05-11 11:34:21.354 1508 1833 I GameModeConfig: isGaming = true
05-11 11:34:21.354 1508 1833 I GameModeConfig: isDisableNotification = true
05-11 11:34:21.354 1508 1833 I GameModeConfig: isGameModeOn = true
05-11 11:34:21.354 1508 1833 I GameModeConfig: isGaming = true
05-11 11:34:21.354 1508 1833 I GameModeConfig: isDisableNotification = true
05-11 11:34:21.354 1508 1833 I GameModeConfig: isGameModeOn = true
05-11 11:34:21.354 1508 1833 I GameModeConfig: isGaming = true
05-11 11:34:21.354 1508 1833 I GameModeConfig: isDisableNotification = true
05-11 11:34:21.354 1508 1833 I GameModeConfig: isGameModeOn = true
05-11 11:34:21.354 1508 1833 I GameModeConfig: isGaming = true
05-11 11:34:21.354 1508 1833 I GameModeConfig: isDisableNotification = true
05-11 11:34:21.354 1508 1833 I GameModeConfig: isGameModeOn = true
05-11 11:34:21.354 1508 1833 I GameModeConfig: isGaming = true
05-11 11:34:21.354 1508 1833 I GameModeConfig: isDisableNotification = true
05-11 11:34:21.354 1508 1833 I GameModeConfig: isGameModeOn = true
05-11 11:34:21.354 1508 1833 I GameModeConfig: isGaming = true
05-11 11:34:21.354 1508 1833 I GameModeConfig: isDisableNotification = true
05-11 11:34:21.354 1508 1833 I GameModeConfig: isGameModeOn = true
05-11 11:34:21.354 1508 1833 I GameModeConfig: isGaming = true
05-11 11:34:21.354 1508 1833 I GameModeConfig: isDisableNotification = true
05-11 11:34:21.354 1508 1833 I GameModeConfig: isGameModeOn = true
05-11 11:34:21.354 1508 1833 I GameModeConfig: isGaming = true
05-11 11:34:21.354 1508 1833 I GameModeConfig: isDisableNotification = true
05-11 11:34:21.354 1508 1833 I GameModeConfig: isGameModeOn = true
05-11 11:34:21.354 1508 1833 I GameModeConfig: isGaming = true
05-11 11:34:21.354 1508 1833 I GameModeConfig: isDisableNotification = true
05-11 11:34:21.354 1508 1833 I GameModeConfig: isGameModeOn = true
05-11 11:34:21.354 1508 1833 I GameModeConfig: isGaming = true
05-11 11:34:21.354 1508 1833 I GameModeConfig: isDisableNotification = true
05-11 11:34:21.354 1508 1833 I GameModeConfig: isGameModeOn = true
05-11 11:34:21.354 1508 1833 I GameModeConfig: isGaming = true
05-11 11:34:21.354 1508 1833 I GameModeConfig: isDisableNotification = true
05-11 11:34:21.355 1508 1833 I GameModeConfig: isGameModeOn = true
05-11 11:34:21.355 1508 1833 I GameModeConfig: isGaming = true
05-11 11:34:21.355 1508 1833 I GameModeConfig: isDisableNotification = true
05-11 11:34:21.355 1508 1833 I GameModeConfig: isGameModeOn = true
05-11 11:34:21.355 1508 1833 I GameModeConfig: isGaming = true
05-11 11:34:21.355 1508 1833 I GameModeConfig: isDisableNotification = true
05-11 11:34:21.356 1508 1833 I GameModeConfig: isGameModeOn = true
05-11 11:34:21.356 1508 1833 I GameModeConfig: isGaming = true
05-11 11:34:21.356 1508 1833 I GameModeConfig: isDisableNotification = true
05-11 11:34:21.356 1508 1833 I GameModeConfig: isGameModeOn = true
05-11 11:34:21.356 1508 1833 I GameModeConfig: isGaming = true
05-11 11:34:21.356 1508 1833 I GameModeConfig: isDisableNotification = true
05-11 11:34:21.356 1508 1833 I GameModeConfig: isGameModeOn = true
05-11 11:34:21.356 1508 1833 I GameModeConfig: isGaming = true
05-11 11:34:21.356 1508 1833 I GameModeConfig: isDisableNotification = true
05-11 11:34:21.356 1508 1833 I GameModeConfig: isGameModeOn = true
05-11 11:34:21.356 1508 1833 I GameModeConfig: isGaming = true
05-11 11:34:21.356 1508 1833 I GameModeConfig: isDisableNotification = true
05-11 11:34:21.356 1508 1833 I GameModeConfig: isGameModeOn = true
05-11 11:34:21.356 1508 1833 I GameModeConfig: isGaming = true
05-11 11:34:21.356 1508 1833 I GameModeConfig: isDisableNotification = true
05-11 11:34:21.356 1508 1833 I GameModeConfig: isGameModeOn = true
05-11 11:34:21.356 1508 1833 I GameModeConfig: isGaming = true
05-11 11:34:21.356 1508 1833 I GameModeConfig: isDisableNotification = true
05-11 11:34:21.356 1508 1833 I GameModeConfig: isGameModeOn = true
05-11 11:34:21.356 1508 1833 I GameModeConfig: isGaming = true
05-11 11:34:21.356 1508 1833 I GameModeConfig: isDisableNotification = true
05-11 11:34:21.356 1508 1833 I GameModeConfig: isGameModeOn = true
05-11 11:34:21.356 1508 1833 I GameModeConfig: isGaming = true
05-11 11:34:21.356 1508 1833 I GameModeConfig: isDisableNotification = true
05-11 11:34:21.356 1508 1833 I GameModeConfig: isGameModeOn = true
05-11 11:34:21.356 1508 1833 I GameModeConfig: isGaming = true
05-11 11:34:21.356 1508 1833 I GameModeConfig: isDisableNotification = true
05-11 11:34:21.356 1508 1833 I GameModeConfig: isGameModeOn = true
05-11 11:34:21.356 1508 1833 I GameModeConfig: isGaming = true
05-11 11:34:21.356 1508 1833 I GameModeConfig: isDisableNotification = true
05-11 11:34:21.356 1508 1833 I GameModeConfig: isGameModeOn = true
05-11 11:34:21.356 1508 1833 I GameModeConfig: isGaming = true
05-11 11:34:21.356 1508 1833 I GameModeConfig: isDisableNotification = true
05-11 11:34:21.356 1508 1833 I GameModeConfig: isGameModeOn = true
05-11 11:34:21.356 1508 1833 I GameModeConfig: isGaming = true
05-11 11:34:21.356 1508 1833 I GameModeConfig: isDisableNotification = true
05-11 11:34:21.358 1508 12180 I ActivityManager: Collecting stacks for pid 2144
05-11 11:34:21.384 1508 12180 I ActivityManager: Collecting stacks for pid 2151
05-11 11:34:21.412 1508 12180 I ActivityManager: Collecting stacks for pid 2135
05-11 11:34:21.431 1508 12180 I ActivityManager: Collecting stacks for pid 2031
05-11 11:34:21.477 1508 12180 I ActivityManager: Collecting stacks for native pid 832
01-01 08:07:29.532 0 0 I init : Untracked pid 12536 exited with status 0
01-01 08:07:29.532 0 0 I init : Untracked pid 12538 exited with status 0
05-11 11:34:21.487 1508 12180 I ActivityManager: Collecting stacks for native pid 834
01-01 08:07:29.542 0 0 I init : Untracked pid 12541 exited with status 0
05-11 11:34:21.497 1508 12180 I ActivityManager: Collecting stacks for native pid 836
01-01 08:07:29.542 0 0 I init : Untracked pid 12543 exited with status 0
05-11 11:34:21.518 1508 12180 I ActivityManager: Collecting stacks for native pid 12168
01-01 08:07:29.563 0 0 I init : Untracked pid 12547 exited with status 0
01-01 08:07:29.564 0 0 I init : Untracked pid 12550 exited with status 0
05-11 11:34:21.552 1508 12180 I ActivityManager: Collecting stacks for native pid 584
01-01 08:07:29.598 0 0 I init : Untracked pid 12555 exited with status 0
01-01 08:07:29.599 0 0 I init : Untracked pid 12557 exited with status 0
05-11 11:34:21.567 1508 12180 I ActivityManager: Collecting stacks for native pid 841
01-01 08:07:29.641 0 0 E link_delay_work_func: DTC_ETH: SQI=0, link=0
05-11 11:34:21.610 1508 12180 I ActivityManager: Collecting stacks for native pid 585
01-01 08:07:29.663 0 0 W audit : audit_lost=8615 audit_rate_limit=5 audit_backlog_limit=64
01-01 08:07:29.663 0 0 E audit : rate limit exceeded
05-11 11:34:21.629 1508 12180 I ActivityManager: Collecting stacks for native pid 12297
05-11 11:34:21.667 1508 12180 I ActivityManager: Collecting stacks for native pid 851
05-11 11:34:21.756 1508 1840 W BluetoothManagerService: psc is not null in bindBluetoothProfileService
05-11 11:34:21.799 1508 12402 D CompatibilityChangeReporter: Compat change id reported: 157233955; UID 10096; state: DISABLED
05-11 11:34:21.818 1508 10966 W NotificationHistory: Attempted to remove channel for locked/gone/disabled user 0
05-11 11:34:21.873 1508 12180 I ActivityManager: Collecting stacks for native pid 1236
05-11 11:34:21.888 1508 1657 W NotificationHistory: Attempted to remove conversation for locked/gone/disabled user 0
05-11 11:34:22.011 1508 12180 I ActivityManager: Collecting stacks for native pid 1174
05-11 11:34:22.034 1508 12180 I ActivityManager: Collecting stacks for native pid 1377
05-11 11:34:22.048 1508 12180 I ActivityManager: Collecting stacks for native pid 1315
05-11 11:34:22.100 1508 12180 I ActivityManager: Collecting stacks for native pid 1187
05-11 11:34:22.118 1508 12180 I ActivityManager: Collecting stacks for native pid 1894
05-11 11:34:22.293 1508 12180 I ActivityManager: Collecting stacks for native pid 939
05-11 11:34:22.603 1508 12180 I ActivityManager: Collecting stacks for native pid 684
05-11 11:34:22.794 1508 12180 I ActivityManager: Collecting stacks for native pid 685
05-11 11:34:22.821 1508 12180 I ActivityManager: Collecting stacks for native pid 1199
05-11 11:34:22.855 1508 12180 I ActivityManager: Collecting stacks for native pid 560
05-11 11:34:22.875 1508 12180 I ActivityManager: Collecting stacks for native pid 1200
05-11 11:34:22.901 1508 12180 I ActivityManager: Collecting stacks for native pid 1201
05-11 11:34:22.946 1508 12180 I ActivityManager: Collecting stacks for native pid 822
05-11 11:34:22.970 1508 12180 I ActivityManager: Collecting stacks for native pid 889
05-11 11:34:23.054 1508 12180 I ActivityManager: Collecting stacks for native pid 830
05-11 11:34:23.087 1508 12180 I ActivityManager: Collecting stacks for extra pid 11497
05-11 11:34:23.108 12407 12485 E ActivityThread: Failed to find provider info for com.huawei.android.launcher.settings
05-11 11:34:23.117 12407 12455 E ActivityThread: Failed to find provider info for com.android.badge
05-11 11:34:23.117 1508 10965 W ActivityManager: Missing app error report, app = com.android.systemui crashing = false notResponding = true
05-11 11:34:23.170 12407 12480 E ActivityThread: Failed to find provider info for com.android.badge
05-11 11:34:23.667 1508 10965 W ActivityManager: Missing app error report, app = com.android.systemui crashing = false notResponding = true
01-01 08:07:31.759 0 0 I binder : 12407:12707 ioctl 40046210 7a41201484 returned -22
01-01 08:07:31.761 0 0 I msm_vidc: high: 00000002: ....e: Opening video instance: 0000000000000000, 0
01-01 08:07:31.761 0 0 I msm_vidc: err : 00000002: ....e: Failed to create debugfs for msm_vidc
01-01 08:07:31.892 0 0 I msm_vidc: high: 00000002: h264e: Closed video instance: 0000000000000000
05-11 11:34:23.946 1508 12158 W ActivityManager: Background start not allowed: service Intent { cmp=com.tencent.android.qqdownloader/com.tencent.assistant.main.MainService } to com.tencent.android.qqdownloader/com.tencent.assistant.main.MainService from pid=3484 uid=10094 pkg=com.tencent.android.qqdownloader startFg?=false
05-11 11:34:23.947 1508 12158 W ActivityManager: Background start not allowed: service Intent { cmp=com.tencent.android.qqdownloader/com.tencent.assistant.main.MainService } to com.tencent.android.qqdownloader/com.tencent.assistant.main.MainService from pid=3484 uid=10094 pkg=com.tencent.android.qqdownloader startFg?=false
01-01 08:07:32.095 0 0 I msm_vidc: high: 00000002: ....e: Opening video instance: 0000000000000000, 0
01-01 08:07:32.095 0 0 I msm_vidc: err : 00000002: ....e: Failed to create debugfs for msm_vidc
01-01 08:07:32.227 0 0 I msm_vidc: high: 00000002: h265e: Closed video instance: 0000000000000000
05-11 11:34:24.209 1508 10965 W ActivityManager: Missing app error report, app = com.android.systemui crashing = false notResponding = true
01-01 08:07:32.507 0 0 W audit : audit_lost=8618 audit_rate_limit=5 audit_backlog_limit=64
01-01 08:07:32.507 0 0 E audit : rate limit exceeded
05-11 11:34:24.527 1508 12158 W ActivityManager: Unable to start service Intent { act=com.tencent.soter.soterserver.ISoterService pkg=com.tencent.soter.soterserver } U=0: not found
05-11 11:34:24.749 1508 12158 W ActivityManager: Missing app error report, app = com.android.systemui crashing = false notResponding = true
05-11 11:34:25.056 1508 12180 I ActivityManager: Collecting stacks for extra pid 4996
05-11 11:34:25.281 1508 12180 I ActivityManager: Collecting stacks for extra pid 5077
05-11 11:34:25.297 1508 12402 W ActivityManager: Missing app error report, app = com.android.systemui crashing = false notResponding = true
05-11 11:34:25.816 1508 12180 I ActivityManager: Collecting stacks for extra pid 11018
05-11 11:34:25.841 1508 10797 W ActivityManager: Missing app error report, app = com.android.systemui crashing = false notResponding = true
05-11 11:34:26.381 1508 10797 W ActivityManager: Missing app error report, app = com.android.systemui crashing = false notResponding = true
05-11 11:34:26.396 1508 12180 I ActivityManager: Done dumping
05-11 11:34:26.414 1508 12180 E ActivityManager: ANR in com.android.systemui
05-11 11:34:26.414 1508 12180 E ActivityManager: PID: 1912
05-11 11:34:26.414 1508 12180 E ActivityManager: Reason: Input dispatching timed out (2a33c0a StatusBar (server) is not responding. Waited 5000ms for MotionEvent(deviceId=4, eventTime=426017604000, source=0x00005002, displayId=0, action=MOVE, actionButton=0x00000000, flags=0x00000000, metaState=0x00000000, buttonState=0x00000000, classification=NONE, edgeFlags=0x00000000, xPrecision=1.0, yPrecision=1.0, xCursorPosition=nan, yCursorPosition=nan, pointers=[0: (2232.0, 113.0)]), policyFlags=0x62000000)
05-11 11:34:26.414 1508 12180 E ActivityManager: ErrorId: 5254f91e-c808-401a-a776-1212fe52a4b0
05-11 11:34:26.414 1508 12180 E ActivityManager: Frozen: false
05-11 11:34:26.414 1508 12180 E ActivityManager: Load: 2.46 / 2.51 / 1.46
05-11 11:34:26.414 1508 12180 E ActivityManager: ----- Output from /proc/pressure/memory -----
05-11 11:34:26.414 1508 12180 E ActivityManager: some avg10=0.00 avg60=0.00 avg300=0.00 total=445759
05-11 11:34:26.414 1508 12180 E ActivityManager: full avg10=0.00 avg60=0.00 avg300=0.00 total=118991
05-11 11:34:26.414 1508 12180 E ActivityManager: ----- End output from /proc/pressure/memory -----
05-11 11:34:26.414 1508 12180 E ActivityManager:
05-11 11:34:26.414 1508 12180 E ActivityManager: CPU usage from 25ms to -6210ms ago (2023-05-11 11:34:20.161 to 2023-05-11 11:34:26.396):
05-11 11:34:26.414 1508 12180 E ActivityManager: 28% 11018/com.qqgame.happymj: 21% user + 7% kernel / faults: 2731 minor
05-11 11:34:26.414 1508 12180 E ActivityManager: 26% 11497/com.tencent.mm:appbrand0: 18% user + 7.2% kernel / faults: 3808 minor 1 major
05-11 11:34:26.414 1508 12180 E ActivityManager: 17% 1508/system_server: 9.3% user + 8% kernel / faults: 4208 minor
05-11 11:34:26.414 1508 12180 E ActivityManager: 15% 939/surfaceflinger: 12% user + 3.2% kernel / faults: 1618 minor
05-11 11:34:26.414 1508 12180 E ActivityManager: 15% 5077/com.wandoujia.phoenix2: 12% user + 2.8% kernel / faults: 801 minor
05-11 11:34:26.414 1508 12180 E ActivityManager: 11% 4689/com.tencent.mm:push: 8.1% user + 3% kernel / faults: 1916 minor
05-11 11:34:26.414 1508 12180 E ActivityManager: 10% 1912/com.android.systemui: 8.5% user + 2% kernel / faults: 3828 minor
05-11 11:34:26.414 1508 12180 E ActivityManager: 9.9% 851/vendor.qti.hardware.display.composer-service: 6.5% user + 3.3% kernel / faults: 471 minor
05-11 11:34:26.414 1508 12180 E ActivityManager: 6.9% 12297/audioserver: 4% user + 2.8% kernel / faults: 654 minor
05-11 11:34:26.414 1508 12180 E ActivityManager: 5.9% 4996/com.wandoujia.phoenix2:aid: 4.4% user + 1.4% kernel / faults: 479 minor
05-11 11:34:26.414 1508 12180 E ActivityManager: 5.2% 1236/media.codec: 2.5% user + 2.7% kernel / faults: 6288 minor
05-11 11:34:26.414 1508 12180 E ActivityManager: 5.2% 3003/com.hht.lebocast: 3.6% user + 1.6% kernel / faults: 2035 minor
05-11 11:34:26.414 1508 12180 E ActivityManager: 4.3% 516/logd: 1.7% user + 2.5% kernel / faults: 71 minor
05-11 11:34:26.414 1508 12180 E ActivityManager: 1.7% 584/android.system.suspend@1.0-service: 0.9% user + 0.8% kernel / faults: 49 minor
05-11 11:34:26.414 1508 12180 E ActivityManager: 1.7% 2801/adbd: 0.6% user + 1.1% kernel / faults: 4 minor
05-11 11:34:26.414 1508 12180 E ActivityManager: 1.7% 3484/com.tencent.android.qqdownloader:daemon: 1.1% user + 0.6% kernel / faults: 236 minor
05-11 11:34:26.414 1508 12180 E ActivityManager: 1.4% 342/kworker/u16:12-kverityd: 0% user + 1.4% kernel
05-11 11:34:26.414 1508 12180 E ActivityManager: 1.2% 290/kworker/u16:8-kverityd: 0% user + 1.2% kernel
05-11 11:34:26.414 1508 12180 E ActivityManager: 1.2% 889/media.hwcodec: 1.1% user + 0.1% kernel / faults: 3184 minor
05-11 11:34:26.414 1508 12180 E ActivityManager: 1.2% 1201/mediaserver: 0.6% user + 0.6% kernel / faults: 1021 minor
05-11 11:34:26.414 1508 12180 E ActivityManager: 1.1% 358/kworker/u16:15+NPU_CNTL: 0% user + 1.1% kernel
05-11 11:34:26.414 1508 12180 E ActivityManager: 0.9% 287/kgsl_worker_thr: 0% user + 0.9% kernel
05-11 11:34:26.414 1508 12180 E ActivityManager: 0.9% 343/kworker/u16:13-kverityd: 0% user + 0.9% kernel
05-11 11:34:26.414 1508 12180 E ActivityManager: 0.9% 395/crtc_commit:125: 0% user + 0.9% kernel
05-11 11:34:26.414 1508 12180 E ActivityManager: 0.9% 1184/cnss_diag: 0.9% user + 0% kernel
05-11 11:34:26.414 1508 12180 E ActivityManager: 0.8% 709/kworker/u17:22-mhi_w: 0% user + 0.8% kernel
05-11 11:34:26.414 1508 12180 E ActivityManager: 0.8% 1315/media.swcodec: 0.4% user + 0.3% kernel / faults: 3323 minor
05-11 11:34:26.414 1508 12180 E ActivityManager: 0.8% 3174/com.android.providers.media.module: 0.3% user + 0.4% kernel / faults: 3 minor
05-11 11:34:26.414 1508 12180 E ActivityManager: 0.6% 277/kworker/u16:5+WCNSS_CNTL: 0% user + 0.6% kernel
05-11 11:34:26.414 1508 12180 E ActivityManager: 0.6% 643/tombstoned: 0.1% user + 0.4% kernel
05-11 11:34:26.414 1508 12180 E ActivityManager: 0.6% 1211/tlog: 0.3% user + 0.3% kernel / faults: 2 minor
05-11 11:34:26.414 1508 12180 E ActivityManager: 0.6% 2031/com.thundercomm.gamemode: 0.6% user + 0% kernel / faults: 222 minor
05-11 11:34:26.414 1508 12180 E ActivityManager: 0.6% 5055/logcat: 0% user + 0.6% kernel / faults: 3 minor
05-11 11:34:26.414 1508 12180 E ActivityManager: 0.4% 685/netd: 0% user + 0.4% kernel / faults: 283 minor
05-11 11:34:26.414 1508 12180 E ActivityManager: 0.4% 695/kworker/u17:8-pil_workqueue: 0% user + 0.4% kernel
05-11 11:34:26.414 1508 12180 E ActivityManager: 0.4% 711/kworker/u17:23-pil_workqueue: 0% user + 0.4% kernel
05-11 11:34:26.414 1508 12180 E ActivityManager: 0.4% 844/android.hardware.wifi@1.0-service: 0.3% user + 0.1% kernel / faults: 124 minor
05-11 11:34:26.414 1508 12180 E ActivityManager: 0.4% 1199/media.extractor: 0.3% user + 0.1% kernel / faults: 2026 minor
05-11 11:34:26.414 1508 12180 E ActivityManager: 0.4% 2144/.dataservices: 0.3% user + 0.1% kernel / faults: 108 minor
05-11 11:34:26.414 1508 12180 E ActivityManager: 0.4% 2246/com.android.networkstack.process: 0.3% user + 0.1% kernel / faults: 100 minor
05-11 11:34:26.414 1508 12180 E ActivityManager: 0.1% 3407/com.baidu.input: 0% user + 0% kernel / faults: 117 minor
05-11 11:34:26.414 1508 12180 E ActivityManager: 0.4% 4470/logcat: 0.1% user + 0.3% kernel
05-11 11:34:26.414 1508 12180 E ActivityManager: 0.4% 11498/com.tencent.mm:appbrand1: 0.4% user + 0% kernel / faults: 173 minor
05-11 11:34:26.414 1508 12180 E ActivityManager: 0.3% 1/init: 0.1% user + 0.1% kernel / faults: 2 minor
05-11 11:34:26.414 1508 12180 E ActivityManager: 0.3% 10/rcu_preempt: 0% user + 0.3% kernel
05-11 11:34:26.414 1508 12180 E ActivityManager: 0.3% 518/servicemanager: 0% user + 0.3% kernel
05-11 11:34:26.414 1508 12180 E ActivityManager: 0.3% 519/hwservicemanager: 0.1% user + 0.1% kernel
05-11 11:34:26.414 1508 12180 E ActivityManager: 0.3% 684/statsd: 0.1% user + 0.1% kernel / faults: 106 minor
05-11 11:34:26.414 1508 12180 E ActivityManager: 0% 828/android.hardware.drm@1.3-service.clearkey: 0% user + 0% kernel / faults: 24 minor
05-11 11:34:26.414 1508 12180 E ActivityManager: 0.3% 1894/com.android.bluetooth: 0% user + 0.3% kernel / faults: 395 minor
05-11 11:34:26.414 1508 12180 E ActivityManager: 0.3% 2141/com.thundercomm.microsettings: 0.1% user + 0.1% kernel / faults: 99 minor
05-11 11:34:26.414 1508 12180 E ActivityManager: 0.3% 2151/.qtidataservices: 0.3% user + 0% kernel / faults: 131 minor
05-11 11:34:26.414 1508 12180 E ActivityManager: 0.3% 2239/com.tc.logclient: 0.1% user + 0.1% kernel / faults: 105 minor
05-11 11:34:26.414 1508 12180 E ActivityManager: 0.3% 2285/vendor.qti.qesdk.sysservice: 0.3% user + 0% kernel / faults: 92 minor
05-11 11:34:26.414 1508 12180 E ActivityManager: 0.3% 2339/com.android.se: 0.3% user + 0% kernel / faults: 105 minor
05-11 11:34:26.414 1508 12180 E ActivityManager: 0.3% 2374/com.thundercomm.remotecontrolservice: 0.1% user + 0.1% kernel / faults: 102 minor
05-11 11:34:26.414 1508 12180 E ActivityManager: 0.3% 2385/com.thundercomm.tcservice: 0.1% user + 0.1% kernel / faults: 107 minor
05-11 11:34:26.414 1508 12180 E ActivityManager: 0.3% 2430/com.qualcomm.qti.qdma: 0.3% user + 0% kernel / faults: 114 minor
05-11 11:34:26.414 1508 12180 E ActivityManager: 0.3% 2644/com.android.launcher3: 0.1% user + 0.1% kernel / faults: 36 minor
05-11 11:34:26.414 1508 12180 E ActivityManager: 0.3% 2777/com.qualcomm.location: 0.1% user + 0.1% kernel / faults: 108 minor
05-11 11:34:26.414 1508 12180 E ActivityManager: 0.3% 3072/.pasr: 0.1% user + 0.1% kernel / faults: 93 minor
05-11 11:34:26.414 1508 12180 E ActivityManager: 0.3% 3074/com.qualcomm.qti.services.systemhelper:systemhelper_service: 0.1% user + 0.1% kernel / faults: 113 minor
05-11 11:34:26.414 1508 12180 E ActivityManager: 0.3% 3555/com.tencent.android.qqdownloader: 0.3% user + 0% kernel / faults: 18 minor
05-11 11:34:26.414 1508 12180 E ActivityManager: 0.3% 6551/com.tencent.android.qqdownloader:wxa_container0: 0.1% user + 0.1% kernel / faults: 201 minor
05-11 11:34:26.414 1508 12180 E ActivityManager: 0.3% 12168/android.hardware.audio.service: 0% user + 0.3% kernel / faults: 128 minor
05-11 11:34:26.414 1508 12180 E ActivityManager: 0.1% 9/ksoftirqd/0: 0% user + 0.1% kernel
05-11 11:34:26.414 1508 12180 E ActivityManager: 0.1% 11/rcu_sched: 0% user + 0.1% kernel
05-11 11:34:26.414 1508 12180 E ActivityManager: 0% 24/rcuop/1: 0% user + 0% kernel
05-11 11:34:26.414 1508 12180 E ActivityManager: 0.1% 32/rcuop/2: 0% user + 0.1% kernel
05-11 11:34:26.414 1508 12180 E ActivityManager: 0% 49/rcuos/4: 0% user + 0% kernel
05-11 11:34:26.414 1508 12180 E ActivityManager: 0.1% 64/rcuop/6: 0% user + 0.1% kernel
05-11 11:34:26.414 1508 12180 E ActivityManager: 0% 72/rcuop/7: 0% user + 0% kernel
05-11 11:34:26.414 1508 12180 E ActivityManager: 0% 83/kworker/2:1-events: 0% user + 0% kernel
05-11 11:34:26.414 1508 12180 E ActivityManager: 0.1% 88/qmp_aop: 0% user + 0.1% kernel
05-11 11:34:26.414 1508 12180 E ActivityManager: 0.1% 101/irq/41-tsens-up: 0% user + 0.1% kernel
05-11 11:34:26.414 1508 12180 E ActivityManager: 0% 347/irq/350-atmel_m: 0% user + 0% kernel
05-11 11:34:26.414 1508 12180 E ActivityManager: 0% 396/crtc_event:125: 0% user + 0% kernel
05-11 11:34:26.414 1508 12180 E ActivityManager: 0.1% 662/vendor.ts.uart@1.0-service: 0% user + 0.1% kernel
05-11 11:34:26.414 1508 12180 E ActivityManager: 0% 836/android.hardware.neuralnetworks@1.3-service-qti: 0% user + 0% kernel / faults: 106 minor 1 major
05-11 11:34:26.414 1508 12180 E ActivityManager: 0% 841/android.hardware.sensors@2.0-service.multihal: 0% user + 0% kernel / faults: 61 minor 2 major
05-11 11:34:26.414 1508 12180 E ActivityManager: 0.1% 1187/cameraserver: 0% user + 0.1% kernel / faults: 68 minor
05-11 11:34:26.414 1508 12180 E ActivityManager: 0% 1200/media.metrics: 0% user + 0% kernel / faults: 554 minor
05-11 11:34:26.414 1508 12180 E ActivityManager: 0% 1214/wificond: 0% user + 0% kernel
05-11 11:34:26.414 1508 12180 E ActivityManager: 0% 1218/wlan_logging_th: 0% user + 0% kernel
05-11 11:34:26.414 1508 12180 E ActivityManager: 0% 1438/slim_daemon: 0% user + 0% kernel
05-11 11:34:26.414 1508 12180 E ActivityManager: 0.1% 2135/com.thundercomm.microservice: 0.1% user + 0% kernel / faults: 103 minor
05-11 11:34:26.414 1508 12180 E ActivityManager: 0.1% 2180/com.thundercomm.tchttpserver: 0.1% user + 0% kernel / faults: 104 minor
05-11 11:34:26.414 1508 12180 E ActivityManager: 0.1% 2255/com.thundercomm.tcsetupwizard: 0.1% user + 0% kernel / faults: 93 minor
05-11 11:34:26.414 1508 12180 E ActivityManager: 0.1% 2305/com.qti.qualcomm.mstatssystemservice: 0.1% user + 0% kernel / faults: 96 minor
05-11 11:34:26.414 1508 12180 E ActivityManager: 0.1% 2856/irq/17-9091000.: 0% user + 0.1% kernel
05-11 11:34:26.414 1508 12180 E ActivityManager: 0.1% 3008/ts.car.uart: 0% user + 0.1% kernel / faults: 103 minor
05-11 11:34:26.414 1508 12180 E ActivityManager: 0.1% 3045/com.hryt.hiphishowfsecontrol: 0.1% user + 0% kernel / faults: 105 minor
05-11 11:34:26.414 1508 12180 E ActivityManager: 0.1% 3109/com.qualcomm.qti.qccnetstat: 0.1% user + 0% kernel / faults: 105 minor
05-11 11:34:26.414 1508 12180 E ActivityManager: 0.1% 3138/com.qualcomm.qti.workloadclassifier: 0.1% user + 0% kernel / faults: 105 minor
05-11 11:34:26.414 1508 12180 E ActivityManager: 0.1% 3294/com.tencent.mobileqq:MSF: 0.1% user + 0% kernel / faults: 6 minor
05-11 11:34:26.414 1508 12180 E ActivityManager: 0% 3649/com.tencent.mobileqq: 0% user + 0% kernel / faults: 11 minor
05-11 11:34:26.414 1508 12180 E ActivityManager: 0% 11376/debuggerd: 0% user + 0% kernel
05-11 11:34:26.414 1508 12180 E ActivityManager: +0% 12407/com.tencent.mm: 0% user + 0% kernel
05-11 11:34:26.414 1508 12180 E ActivityManager: 59% TOTAL: 44% user + 13% kernel + 0.1% iowait + 1.2% irq + 0.3% softirq
05-11 11:34:26.414 1508 12180 E ActivityManager: CPU usage from 13ms to 346ms later (2023-05-11 11:34:20.198 to 2023-05-11 11:34:20.531):
05-11 11:34:26.414 1508 12180 E ActivityManager: 41% 1508/system_server: 17% user + 24% kernel / faults: 724 minor
05-11 11:34:26.414 1508 12180 E ActivityManager: 31% 12180/AnrConsumer: 10% user + 20% kernel
05-11 11:34:26.414 1508 12180 E ActivityManager: 3.4% 1642/android.ui: 3.4% user + 0% kernel
05-11 11:34:26.414 1508 12180 E ActivityManager: 3.4% 1659/ActivityManager: 3.4% user + 0% kernel
05-11 11:34:26.414 1508 12180 E ActivityManager: 3.4% 1667/OomAdjuster: 0% user + 3.4% kernel
05-11 11:34:26.414 1508 12180 E ActivityManager: 3.4% 1840/Binder:1508_3: 3.4% user + 0% kernel
05-11 11:34:26.414 1508 12180 E ActivityManager: 3.4% 9678/Binder:1508_13: 3.4% user + 0% kernel
05-11 11:34:26.414 1508 12180 E ActivityManager: 3.4% 10797/Binder:1508_17: 3.4% user + 0% kernel
05-11 11:34:26.414 1508 12180 E ActivityManager: +0% 12402/Binder:1508_1F: 0% user + 0% kernel
05-11 11:34:26.414 1508 12180 E ActivityManager: 12% 11497/com.tencent.mm:appbrand0: 8.6% user + 4.3% kernel / faults: 213 minor
05-11 11:34:26.414 1508 12180 E ActivityManager: 4.3% 11793/MemoryInfra: 4.3% user + 0% kernel
05-11 11:34:26.414 1508 12180 E ActivityManager: 6.7% 939/surfaceflinger: 3.3% user + 3.3% kernel / faults: 2 minor
05-11 11:34:26.414 1508 12180 E ActivityManager: 3.3% 1098/app: 0% user + 3.3% kernel
05-11 11:34:26.414 1508 12180 E ActivityManager: 7.3% 3003/com.hht.lebocast: 3.6% user + 3.6% kernel / faults: 195 minor
05-11 11:34:26.414 1508 12180 E ActivityManager: 3.1% 290/kworker/u16:8-adb: 0% user + 3.1% kernel
05-11 11:34:26.414 1508 12180 E ActivityManager: 3.1% 358/kworker/u16:15-events_unbound: 0% user + 3.1% kernel
05-11 11:34:26.414 1508 12180 E ActivityManager: 3.2% 516/logd: 0% user + 3.2% kernel
05-11 11:34:26.414 1508 12180 E ActivityManager: 3.2% 709/kworker/u17:22-dwc_wq: 0% user + 3.2% kernel
05-11 11:34:26.414 1508 12180 E ActivityManager: 3.2% 711/kworker/u17:23-hal_register_write_wq: 0% user + 3.2% kernel
05-11 11:34:26.414 1508 12180 E ActivityManager: 3.3% 1184/cnss_diag: 3.3% user + 0% kernel
05-11 11:34:26.414 1508 12180 E ActivityManager: 3.3% 1187/cameraserver: 0% user + 3.3% kernel / faults: 7 minor
05-11 11:34:26.414 1508 12180 E ActivityManager: 3.4% 1236/media.codec: 0% user + 3.4% kernel
05-11 11:34:26.414 1508 12180 E ActivityManager: 3.5% 1912/com.android.systemui: 0% user + 3.5% kernel / faults: 34 minor
05-11 11:34:26.414 1508 12180 E ActivityManager: 3.6% 2801/adbd: 3.6% user + 0% kernel / faults: 1 minor
05-11 11:34:26.414 1508 12180 E ActivityManager: 4.1% 4996/com.wandoujia.phoenix2:aid: 4.1% user + 0% kernel / faults: 99 minor
05-11 11:34:26.414 1508 12180 E ActivityManager: 4.1% 5102/DaemonThread-6: 4.1% user + 0% kernel
05-11 11:34:26.414 1508 12180 E ActivityManager: 4.1% 5077/com.wandoujia.phoenix2: 0% user + 4.1% kernel / faults: 8 minor
05-11 11:34:26.414 1508 12180 E ActivityManager: 4.2% 11018/com.qqgame.happymj: 4.2% user + 0% kernel / faults: 2 minor
05-11 11:34:26.414 1508 12180 E ActivityManager: +0% 12407/com.tencent.mm: 0% user + 0% kernel
05-11 11:34:26.414 1508 12180 E ActivityManager: 30% TOTAL: 18% user + 11% kernel + 0.7% irq + 0.3% softirq
05-11 11:34:26.415 1508 12180 D ActivityManager: Completed ANR of com.android.systemui in 6229ms, latency 14486ms
05-11 11:34:26.415 1508 12180 I ActivityManager: Skipping duplicate ANR: com.android.server.am.ProcessErrorStateRecord@21d30c1 Input dispatching timed out (edge-swipe (server) is not responding. Waited 5001ms for MotionEvent(deviceId=4, eventTime=426058208000, source=0x00005002, displayId=0, action=MOVE, actionButton=0x00000000, flags=0x00000000, metaState=0x00000000, buttonState=0x00000000, classification=NONE, edgeFlags=0x00000000, xPrecision=1.0, yPrecision=1.0, xCursorPosition=nan, yCursorPosition=nan, pointers=[0: (2138.0, 181.0)]), policyFlags=0x62000000)
05-11 11:34:26.415 1508 12180 D ActivityManager: Completed ANR of com.android.systemui in 0ms, latency 20685ms
05-11 11:34:26.417 1508 12785 I DropBoxManagerService: add tag=system_app_anr isTagEnabled=true flags=0x6
01-01 08:07:34.761 0 0 E link_delay_work_func: DTC_ETH: SQI=0, link=0
05-11 11:34:31.160 1508 1642 I ActivityManager: Killing 1912:com.android.systemui/u0a78 (adj -800): user request after error
01-01 08:07:39.233 0 0 I binder : send failed reply for transaction 622329 to 1508:1642
05-11 11:34:31.189 1508 8280 E LockoutResetTracker: Callback binder died: android.os.BinderProxy@ca891f1
05-11 11:34:31.189 1508 8280 E LockoutResetTracker: Removing dead callback for: com.android.systemui
05-11 11:34:31.189 1508 8280 E BiometricService: Enabled callback binder died
05-11 11:34:31.191 1508 2066 D NotificationListeners: Removing active service ComponentInfo{com.android.systemui/com.android.systemui.statusbar.NotificationListener}
01-01 08:07:39.237 0 0 I binder : 1508:1857 transaction failed 29189/-22, size 116-0 line 3071
01-01 08:07:39.237 0 0 I binder : 1508:1857 transaction failed 29189/-22, size 116-0 line 3071
01-01 08:07:39.237 0 0 I binder : 1508:1857 transaction failed 29189/-22, size 116-0 line 3071
01-01 08:07:39.237 0 0 I binder : 1508:1508 transaction failed 29189/-22, size 112-0 line 3071
05-11 11:34:31.192 1508 1508 W WallpaperManagerService: Wallpaper service gone: ComponentInfo{com.android.systemui/com.android.systemui.ImageWallpaper}
05-11 11:34:31.192 1508 1508 W WallpaperManagerService: Wallpaper service gone: ComponentInfo{com.android.systemui/com.android.systemui.ImageWallpaper}
05-11 11:34:31.192 1508 12158 I ActivityManager: Process com.android.systemui (pid 1912) has died: pers PER
05-11 11:34:31.194 1508 10140 I VirtualDisplayAdapter: Virtual display device released because application token died: com.android.systemui
05-11 11:34:31.194 1508 1644 I DisplayDeviceRepository: Display device removed: DisplayDeviceInfo{"Recording Display": uniqueId="virtual:com.android.systemui,10078,Recording Display,0", 2560 x 1080, modeId 6, defaultModeId 6, supportedModes [{id=6, width=2560, height=1080, fps=60.0, alternativeRefreshRates=[]}], colorMode 0, supportedColorModes [0], hdrCapabilities null, allmSupported false, gameContentTypeSupported false, density 240, 240.0 x 240.0 dpi, appVsyncOff 0, presDeadline 16666666, touch NONE, rotation 0, type VIRTUAL, deviceProductInfo null, state ON, owner com.android.systemui (uid 10078), frameRateOverride , brightnessMinimum 0.0, brightnessMaximum 0.0, brightnessDefault 0.0, FLAG_PRIVATE, FLAG_PRESENTATION}
05-11 11:34:31.194 1508 1644 I LogicalDisplayMapper: Removing display: 4
05-11 11:34:31.197 1508 1642 W WindowManager: Failed to deliver inset state change w=Window{ab6ae7d u0 systemui.screen.recording}
05-11 11:34:31.197 1508 1642 W WindowManager: android.os.DeadObjectException
05-11 11:34:31.197 1508 1642 W WindowManager: at android.os.BinderProxy.transactNative(Native Method)
05-11 11:34:31.197 1508 1642 W WindowManager: at android.os.BinderProxy.transact(BinderProxy.java:571)
05-11 11:34:31.197 1508 1642 W WindowManager: at android.view.IWindow$Stub$Proxy.insetsChanged(IWindow.java:654)
05-11 11:34:31.197 1508 1642 W WindowManager: at com.android.server.wm.WindowState.notifyInsetsChanged(WindowState.java:3966)
05-11 11:34:31.197 1508 1642 W WindowManager: at com.android.server.wm.InsetsStateController.lambda$new$0(InsetsStateController.java:82)
05-11 11:34:31.197 1508 1642 W WindowManager: at com.android.server.wm.InsetsStateController$$ExternalSyntheticLambda3.accept(Unknown Source:2)
05-11 11:34:31.197 1508 1642 W WindowManager: at com.android.server.wm.WindowContainer$ForAllWindowsConsumerWrapper.apply(WindowContainer.java:2404)
05-11 11:34:31.197 1508 1642 W WindowManager: at com.android.server.wm.WindowContainer$ForAllWindowsConsumerWrapper.apply(WindowContainer.java:2394)
05-11 11:34:31.197 1508 1642 W WindowManager: at com.android.server.wm.WindowState.applyInOrderWithImeWindows(WindowState.java:4935)
05-11 11:34:31.197 1508 1642 W WindowManager: at com.android.server.wm.WindowState.forAllWindows(WindowState.java:4830)
05-11 11:34:31.197 1508 1642 W WindowManager: at com.android.server.wm.WindowContainer.forAllWindows(WindowContainer.java:1409)
05-11 11:34:31.197 1508 1642 W WindowManager: at com.android.server.wm.WindowContainer.forAllWindows(WindowContainer.java:1409)
05-11 11:34:31.197 1508 1642 W WindowManager: at com.android.server.wm.WindowContainer.forAllWindows(WindowContainer.java:1409)
05-11 11:34:31.197 1508 1642 W WindowManager: at com.android.server.wm.WindowContainer.forAllWindows(WindowContainer.java:1409)
05-11 11:34:31.197 1508 1642 W WindowManager: at com.android.server.wm.WindowContainer.forAllWindows(WindowContainer.java:1409)
05-11 11:34:31.197 1508 1642 W WindowManager: at com.android.server.wm.WindowContainer.forAllWindows(WindowContainer.java:1409)
05-11 11:34:31.197 1508 1642 W WindowManager: at com.android.server.wm.WindowContainer.forAllWindows(WindowContainer.java:1409)
05-11 11:34:31.197 1508 1642 W WindowManager: at com.android.server.wm.WindowContainer.forAllWindows(WindowContainer.java:1426)
05-11 11:34:31.197 1508 1642 W WindowManager: at com.android.server.wm.DisplayContent.notifyInsetsChanged(DisplayContent.java:1847)
05-11 11:34:31.197 1508 1642 W WindowManager: at com.android.server.wm.InsetsStateController.notifyInsetsChanged(InsetsStateController.java:571)
05-11 11:34:31.197 1508 1642 W WindowManager: at com.android.server.wm.InsetsStateController.onInsetsModified(InsetsStateController.java:386)
05-11 11:34:31.197 1508 1642 W WindowManager: at com.android.server.wm.InsetsStateController.lambda$notifyPendingInsetsControlChanged$6$InsetsStateController(InsetsStateController.java:564)
05-11 11:34:31.197 1508 1642 W WindowManager: at com.android.server.wm.InsetsStateController$$ExternalSyntheticLambda1.run(Unknown Source:2)
05-11 11:34:31.197 1508 1642 W WindowManager: at com.android.server.wm.WindowAnimator.executeAfterPrepareSurfacesRunnables(WindowAnimator.java:345)
05-11 11:34:31.197 1508 1642 W WindowManager: at com.android.server.wm.RootWindowContainer.performSurfacePlacementNoTrace(RootWindowContainer.java:867)
05-11 11:34:31.197 1508 1642 W WindowManager: at com.android.server.wm.RootWindowContainer.performSurfacePlacement(RootWindowContainer.java:805)
05-11 11:34:31.197 1508 1642 W WindowManager: at com.android.server.wm.WindowSurfacePlacer.performSurfacePlacementLoop(WindowSurfacePlacer.java:177)
05-11 11:34:31.197 1508 1642 W WindowManager: at com.android.server.wm.WindowSurfacePlacer.performSurfacePlacement(WindowSurfacePlacer.java:126)
05-11 11:34:31.197 1508 1642 W WindowManager: at com.android.server.wm.WindowSurfacePlacer.performSurfacePlacement(WindowSurfacePlacer.java:115)
05-11 11:34:31.197 1508 1642 W WindowManager: at com.android.server.wm.WindowState.setupWindowForRemoveOnExit(WindowState.java:2589)
05-11 11:34:31.197 1508 1642 W WindowManager: at com.android.server.wm.WindowState.removeIfPossible(WindowState.java:2555)
05-11 11:34:31.197 1508 1642 W WindowManager: at com.android.server.wm.WindowState.removeIfPossible(WindowState.java:2433)
05-11 11:34:31.197 1508 1642 W WindowManager: at com.android.server.wm.WindowManagerService.removeWindow(WindowManagerService.java:2035)
05-11 11:34:31.197 1508 1642 W WindowManager: at com.android.server.wm.Session.remove(Session.java:218)
05-11 11:34:31.197 1508 1642 W WindowManager: at android.view.ViewRootImpl.dispatchDetachedFromWindow(ViewRootImpl.java:5023)
05-11 11:34:31.197 1508 1642 W WindowManager: at android.view.ViewRootImpl.doDie(ViewRootImpl.java:8170)
05-11 11:34:31.197 1508 1642 W WindowManager: at android.view.ViewRootImpl.die(ViewRootImpl.java:8147)
05-11 11:34:31.197 1508 1642 W WindowManager: at android.view.WindowManagerGlobal.removeViewLocked(WindowManagerGlobal.java:499)
05-11 11:34:31.197 1508 1642 W WindowManager: at android.view.WindowManagerGlobal.removeView(WindowManagerGlobal.java:440)
05-11 11:34:31.197 1508 1642 W WindowManager: at android.view.WindowManagerImpl.removeViewImmediate(WindowManagerImpl.java:164)
05-11 11:34:31.197 1508 1642 W WindowManager: at android.app.Dialog.dismissDialog(Dialog.java:392)
05-11 11:34:31.197 1508 1642 W WindowManager: at android.app.Dialog.dismiss(Dialog.java:374)
05-11 11:34:31.197 1508 1642 W WindowManager: at com.android.server.am.AppNotRespondingDialog$1.handleMessage(AppNotRespondingDialog.java:180)
05-11 11:34:31.197 1508 1642 W WindowManager: at android.os.Handler.dispatchMessage(Handler.java:106)
05-11 11:34:31.197 1508 1642 W WindowManager: at android.os.Looper.loopOnce(Looper.java:201)
05-11 11:34:31.197 1508 1642 W WindowManager: at android.os.Looper.loop(Looper.java:288)
05-11 11:34:31.197 1508 1642 W WindowManager: at android.os.HandlerThread.run(HandlerThread.java:67)
05-11 11:34:31.197 1508 1642 W WindowManager: at com.android.server.ServiceThread.run(ServiceThread.java:44)
05-11 11:34:31.197 1508 1642 W WindowManager: at com.android.server.UiThread.run(UiThread.java:45)
05-11 11:34:31.197 1508 1642 W WindowManager: Failed to deliver inset state change
05-11 11:34:31.197 1508 1642 W WindowManager: android.os.DeadObjectException
05-11 11:34:31.197 1508 1642 W WindowManager: at android.os.BinderProxy.transactNative(Native Method)
05-11 11:34:31.197 1508 1642 W WindowManager: at android.os.BinderProxy.transact(BinderProxy.java:571)
05-11 11:34:31.197 1508 1642 W WindowManager: at android.view.IDisplayWindowInsetsController$Stub$Proxy.insetsChanged(IDisplayWindowInsetsController.java:243)
05-11 11:34:31.197 1508 1642 W WindowManager: at com.android.server.wm.DisplayContent$RemoteInsetsControlTarget.notifyInsetsChanged(DisplayContent.java:6025)
05-11 11:34:31.197 1508 1642 W WindowManager: at com.android.server.wm.DisplayContent.notifyInsetsChanged(DisplayContent.java:1849)
05-11 11:34:31.197 1508 1642 W WindowManager: at com.android.server.wm.InsetsStateController.notifyInsetsChanged(InsetsStateController.java:571)
05-11 11:34:31.197 1508 1642 W WindowManager: at com.android.server.wm.InsetsStateController.onInsetsModified(InsetsStateController.java:386)
05-11 11:34:31.197 1508 1642 W WindowManager: at com.android.server.wm.InsetsStateController.lambda$notifyPendingInsetsControlChanged$6$InsetsStateController(InsetsStateController.java:564)
05-11 11:34:31.197 1508 1642 W WindowManager: at com.android.server.wm.InsetsStateController$$ExternalSyntheticLambda1.run(Unknown Source:2)
05-11 11:34:31.197 1508 1642 W WindowManager: at com.android.server.wm.WindowAnimator.executeAfterPrepareSurfacesRunnables(WindowAnimator.java:345)
05-11 11:34:31.197 1508 1642 W WindowManager: at com.android.server.wm.RootWindowContainer.performSurfacePlacementNoTrace(RootWindowContainer.java:867)
05-11 11:34:31.197 1508 1642 W WindowManager: at com.android.server.wm.RootWindowContainer.performSurfacePlacement(RootWindowContainer.java:805)
05-11 11:34:31.197 1508 1642 W WindowManager: at com.android.server.wm.WindowSurfacePlacer.performSurfacePlacementLoop(WindowSurfacePlacer.java:177)
05-11 11:34:31.197 1508 1642 W WindowManager: at com.android.server.wm.WindowSurfacePlacer.performSurfacePlacement(WindowSurfacePlacer.java:126)
05-11 11:34:31.197 1508 1642 W WindowManager: at com.android.server.wm.WindowSurfacePlacer.performSurfacePlacement(WindowSurfacePlacer.java:115)
05-11 11:34:31.197 1508 1642 W WindowManager: at com.android.server.wm.WindowState.setupWindowForRemoveOnExit(WindowState.java:2589)
05-11 11:34:31.197 1508 1642 W WindowManager: at com.android.server.wm.WindowState.removeIfPossible(WindowState.java:2555)
05-11 11:34:31.197 1508 1642 W WindowManager: at com.android.server.wm.WindowState.removeIfPossible(WindowState.java:2433)
05-11 11:34:31.197 1508 1642 W WindowManager: at com.android.server.wm.WindowManagerService.removeWindow(WindowManagerService.java:2035)
05-11 11:34:31.197 1508 1642 W WindowManager: at com.android.server.wm.Session.remove(Session.java:218)
05-11 11:34:31.197 1508 1642 W WindowManager: at android.view.ViewRootImpl.dispatchDetachedFromWindow(ViewRootImpl.java:5023)
05-11 11:34:31.197 1508 1642 W WindowManager: at android.view.ViewRootImpl.doDie(ViewRootImpl.java:8170)
05-11 11:34:31.197 1508 1642 W WindowManager: at android.view.ViewRootImpl.die(ViewRootImpl.java:8147)
05-11 11:34:31.197 1508 1642 W WindowManager: at android.view.WindowManagerGlobal.removeViewLocked(WindowManagerGlobal.java:499)
05-11 11:34:31.197 1508 1642 W WindowManager: at android.view.WindowManagerGlobal.removeView(WindowManagerGlobal.java:440)
05-11 11:34:31.197 1508 1642 W WindowManager: at android.view.WindowManagerImpl.removeViewImmediate(WindowManagerImpl.java:164)
05-11 11:34:31.197 1508 1642 W WindowManager: at android.app.Dialog.dismissDialog(Dialog.java:392)
05-11 11:34:31.197 1508 1642 W WindowManager: at android.app.Dialog.dismiss(Dialog.java:374)
05-11 11:34:31.197 1508 1642 W WindowManager: at com.android.server.am.AppNotRespondingDialog$1.handleMessage(AppNotRespondingDialog.java:180)
05-11 11:34:31.197 1508 1642 W WindowManager: at android.os.Handler.dispatchMessage(Handler.java:106)
05-11 11:34:31.197 1508 1642 W WindowManager: at android.os.Looper.loopOnce(Looper.java:201)
