05-11 11:45:50.896 17189 17189 I auditd : type=1400 audit(0.0:10988): avc: denied { open } for comm="mars::17284" path="/dev/__properties__/u:object_r:serialno_prop:s0" dev="tmpfs" ino=14468 scontext=u:r:untrusted_app_29:s0:c96,c256,c512,c768 tcontext=u:object_r:serialno_prop:s0 tclass=file permissive=1 app=com.tencent.mm
05-11 11:45:50.896 17189 17189 I auditd : type=1400 audit(0.0:10989): avc: denied { getattr } for comm="mars::17284" path="/dev/__properties__/u:object_r:serialno_prop:s0" dev="tmpfs" ino=14468 scontext=u:r:untrusted_app_29:s0:c96,c256,c512,c768 tcontext=u:object_r:serialno_prop:s0 tclass=file permissive=1 app=com.tencent.mm
05-11 11:45:50.896 17189 17189 I auditd : type=1400 audit(0.0:10990): avc: denied { map } for comm="mars::17284" path="/dev/__properties__/u:object_r:serialno_prop:s0" dev="tmpfs" ino=14468 scontext=u:r:untrusted_app_29:s0:c96,c256,c512,c768 tcontext=u:object_r:serialno_prop:s0 tclass=file permissive=1 app=com.tencent.mm
05-11 11:45:52.007 1508 1818 I netstats_mobile_sample: [0,0,0,0,0,0,0,0,0,0,0,0,1683874437207]
05-11 11:45:52.007 1508 1818 I netstats_wifi_sample: [40,1,128,2,40,1,128,2,40,1,64,1,1683874437207]
05-11 11:45:52.000 685 685 I auditd : type=1400 audit(0.0:10991): avc: denied { add_name } for comm="Binder:685_4" name="globalAlert" scontext=u:r:netd:s0 tcontext=u:object_r:proc_net:s0 tclass=dir permissive=1
05-11 11:45:52.000 685 685 I auditd : type=1400 audit(0.0:10992): avc: denied { create } for comm="Binder:685_4" name="globalAlert" scontext=u:r:netd:s0 tcontext=u:object_r:proc_net:s0 tclass=file permissive=1
05-11 11:45:52.183 1508 1508 I notification_enqueue: [10094,3484,com.tencent.android.qqdownloader,127,NULL,0,Notification(channel=channel_id_default_silent shortcut=null contentView=com.tencent.android.qqdownloader/0x7f0a01c2 vibrate=null sound=null defaults=0x0 flags=0x2a2 color=0x00000000 groupKey=com.tencent.android.qqdownloader vis=PRIVATE),1]
05-11 11:45:52.384 1508 1508 I GameModeConfig: isGameModeOn = true
05-11 11:45:52.384 1508 1508 I GameModeConfig: isGaming = true
05-11 11:45:52.384 1508 1508 I GameModeConfig: isDisableNotification = true
05-11 11:45:52.384 1508 1508 I GameModeConfig: isGameModeOn = true
05-11 11:45:52.384 1508 1508 I GameModeConfig: isGaming = true
05-11 11:45:52.384 1508 1508 I GameModeConfig: isDisableNotification = true
01-01 08:19:00.841 0 0 E link_delay_work_func: DTC_ETH: SQI=0, link=0
05-11 11:45:54.114 1508 1644 W ActivityTaskManager: Launch timeout has expired, giving up wake lock!
05-11 11:45:54.534 1508 1833 I GameModeConfig: isGameModeOn = true
05-11 11:45:54.534 1508 1833 I GameModeConfig: isGaming = true
05-11 11:45:54.534 1508 1833 I GameModeConfig: isDisableNotification = true
05-11 11:45:54.534 1508 1833 I GameModeConfig: isGameModeOn = true
05-11 11:45:54.534 1508 1833 I GameModeConfig: isGaming = true
05-11 11:45:54.534 1508 1833 I GameModeConfig: isDisableNotification = true
05-11 11:45:54.535 1508 1833 I GameModeConfig: isGameModeOn = true
05-11 11:45:54.535 1508 1833 I GameModeConfig: isGaming = true
05-11 11:45:54.535 1508 1833 I GameModeConfig: isDisableNotification = true
05-11 11:45:54.535 1508 1833 I GameModeConfig: isGameModeOn = true
05-11 11:45:54.535 1508 1833 I GameModeConfig: isGaming = true
05-11 11:45:54.535 1508 1833 I GameModeConfig: isDisableNotification = true
05-11 11:45:55.716 1508 1659 D CompatibilityChangeReporter: Compat change id reported: 168419799; UID 10096; state: DISABLED
01-01 08:19:05.961 0 0 E link_delay_work_func: DTC_ETH: SQI=0, link=0
05-11 11:45:58.491 1508 10954 I wm_task_moved: [1,0,0]
05-11 11:45:58.491 1508 10954 I wm_task_moved: [1,0,6]
05-11 11:45:58.513 2644 2644 I wm_on_restart_called: [236925855,com.android.launcher3.uioverrides.QuickstepLauncher,performRestartActivity]
05-11 11:45:58.611 2644 2644 I wm_on_start_called: [236925855,com.android.launcher3.uioverrides.QuickstepLauncher,handleStartActivity]
05-11 11:45:58.613 1508 1641 D AutofillManagerService: Close system dialogs
05-11 11:45:58.623 2644 2644 I sysui_latency: [1,153]
05-11 11:45:58.635 1508 1641 I sysui_multi_action: [319,4,322,139,325,1143,757,761,758,9,759,5,806,com.android.launcher3,871,com.android.launcher3.uioverrides.QuickstepLauncher,905,0,1320,4,1321,1]
05-11 11:45:58.660 1508 9679 W ActivityTaskManager: getTaskSnapshot: taskId=598 not found
05-11 11:45:58.661 1508 9679 W ActivityTaskManager: getTaskSnapshot: taskId=599 not found
05-11 11:45:58.811 1508 1787 I commit_sys_config_file: [settings-1-0,6]
05-11 11:45:58.932 1508 1657 I sysui_latency: [8,156]
05-11 11:45:59.448 1508 9679 I wm_task_moved: [1,1,7]
05-11 11:45:59.448 1508 9679 I wm_task_moved: [8,1,2147483647]
05-11 11:45:59.448 1508 9679 I wm_task_to_front: [0,8]
05-11 11:45:59.448 1508 9679 I wm_focused_root_task: [0,0,1,25,RecentsAnimation.onAnimationFinished()]
05-11 11:45:59.448 1508 9679 I wm_set_resumed_activity: [0,com.android.launcher3/.uioverrides.QuickstepLauncher,RecentsAnimation.onAnimationFinished()]
05-11 11:45:59.449 1508 9679 I wm_pause_activity: [0,81830032,com.qqgame.mic/.YXSMainActivity,userLeaving=true,pauseBackTasks]
05-11 11:45:59.449 1508 9679 I wm_add_to_stopping: [0,81830032,com.qqgame.mic/.YXSMainActivity,makeInvisible]
05-11 11:45:59.449 1508 9679 I ActivityTaskManager: FOREGROUND_APPLICATION_CHANGED to com.android.launcher3.uioverrides.QuickstepLauncher
05-11 11:45:59.450 1508 9679 I wm_set_resumed_activity: [0,com.android.launcher3/.uioverrides.QuickstepLauncher,resumeTopActivityInnerLocked]
05-11 11:45:59.450 1508 9679 I wm_resume_activity: [0,236925855,8,com.android.launcher3/.uioverrides.QuickstepLauncher]
05-11 11:45:59.450 2644 2644 I wm_on_resume_called: [236925855,com.android.launcher3.uioverrides.QuickstepLauncher,RESUME_ACTIVITY]
05-11 11:45:59.455 1508 10797 I wm_stop_activity: [0,81830032,com.qqgame.mic/.YXSMainActivity]
05-11 11:45:59.455 1508 1644 I sysui_multi_action: [757,803,799,window_time_0,802,58]
05-11 11:45:59.456 1508 1644 I sysui_multi_action: [757,803,799,window_time_0,802,0]
05-11 11:45:59.571 2031 4595 W ContextImpl: Calling a method in the system process without a qualified user: android.app.ContextImpl.startService:1816 android.content.ContextWrapper.startService:774 com.thundercomm.gamemode.ingame.services.GameModeActionUtils.startGameModeService:118 com.thundercomm.gamemode.ingame.services.GameModeActionUtils.startGameModeEntry:29 com.thundercomm.gamemode.ingame.services.ActivityMonitoringService$1.onActivityLaunch:140
05-11 11:45:59.572 1508 10797 I am_uid_active: 10062
01-01 08:19:07.621 0 0 W ALERT : changing window size from 8000000 to 16000000 at 1144924020758
05-11 11:45:59.579 1508 1508 I GameModeConfig: Current uri is uri = content://com.thundercomm.gamemode.api/gamemode_settings/gamemode_isgaming
05-11 11:45:59.572 877 877 I auditd : type=1400 audit(0.0:10993): avc: denied { add_name } for comm="perf@2.2-servic" name="cpu_min_freq" scontext=u:r:vendor_hal_perf_default:s0 tcontext=u:object_r:vendor_sysfs_msm_perf:s0 tclass=dir permissive=1
05-11 11:45:59.580 1508 1508 I GameModeConfig: isGameModeOn = true
05-11 11:45:59.572 877 877 I auditd : type=1400 audit(0.0:10994): avc: denied { create } for comm="perf@2.2-servic" name="cpu_min_freq" scontext=u:r:vendor_hal_perf_default:s0 tcontext=u:object_r:vendor_sysfs_msm_perf:s0 tclass=file permissive=1
05-11 11:45:59.580 1508 1508 I GameModeConfig: isGaming = false
05-11 11:45:59.580 1508 1508 I GameModeConfig: isGameModeOn = true
05-11 11:45:59.580 1508 1508 I GameModeConfig: isGaming = false
05-11 11:45:59.580 1508 1508 I GameModeConfig: isDisableVoice = true
01-01 08:19:07.646 0 0 I atmel_mxt_ts 0-004a: FB event:2,blank:0
01-01 08:19:07.646 0 0 I atmel_mxt_ts 0-004a: suspend: event = 2, blank = 0, not care
01-01 08:19:07.646 0 0 I [drm:dsi_display_set_mode] [msm-dsi-info]: mdp_transfer_time_us=0 us
01-01 08:19:07.646 0 0 I [drm:dsi_display_set_mode] [msm-dsi-info]: hactive= 2560,vactive= 1080,fps=60
01-01 08:19:07.646 0 0 I : [MAX975X:max96755x_drm_notifier_callback] *INFO* receives BLANK: UNBLANK
05-11 11:45:59.610 1508 17466 W ActivityManager: Dumping Java threads failed, initiating native stack dump.
05-11 11:45:59.624 1508 1644 I DisplayDeviceRepository: Display device changed: DisplayDeviceInfo{"内置屏幕": uniqueId="local:4630946816427681409", 2560 x 1080, modeId 1, defaultModeId 1, supportedModes [{id=1, width=2560, height=1080, fps=60.000004, alternativeRefreshRates=[30.000002, 45.0]}, {id=2, width=2560, height=1080, fps=45.0, alternativeRefreshRates=[30.000002, 60.000004]}, {id=3, width=2560, height=1080, fps=30.000002, alternativeRefreshRates=[45.0, 60.000004]}], colorMode 0, supportedColorModes [0], hdrCapabilities HdrCapabilities{mSupportedHdrTypes=[2, 3, 4], mMaxLuminance=500.0, mMaxAverageLuminance=500.0, mMinLuminance=0.0}, allmSupported false, gameContentTypeSupported false, density 240, 320.315 x 318.976 dpi, appVsyncOff 1000000, presDeadline 16666666, touch INTERNAL, rotation 0, type INTERNAL, address {port=129, model=0x40446d97fee5e6}, deviceProductInfo DeviceProductInfo{name=, manufacturerPnpId=QCM, productId=1, modelYear=null, manufactureDate=ManufactureDate{week=27, year=2006}, connectionToSinkType=0}, state ON, frameRateOverride , brightnessMinimum 0.0, brightnessMaximum 1.0, brightnessDefault 1.0, FLAG_DEFAULT_DISPLAY, FLAG_ROTATES_WITH_CONTENT, FLAG_SECURE, FLAG_SUPPORTS_PROTECTED_BUFFERS}
05-11 11:45:59.711 14647 14647 F libc : crash_dump helper failed to exec, or was killed
01-01 08:19:07.756 0 0 I init : Untracked pid 17614 exited with status 1
05-11 11:45:59.713 1508 17466 I ActivityManager: Collecting stacks for pid 1508
01-01 08:19:07.850 0 0 I atmel_mxt_ts 0-004a: FB event:1,blank:0
01-01 08:19:07.850 0 0 I atmel_mxt_ts 0-004a: drm_notifier_callback: UNBLANK! Resume by drm notifier.
05-11 11:45:59.880 1508 1787 I commit_sys_config_file: [settings-1-0,4]
05-11 11:45:59.947 1508 1644 W ActivityTaskManager: Activity top resumed state loss timeout for ActivityRecord{4e0a090 u0 com.qqgame.mic/.YXSMainActivity taskAffinity=10109:com.qqgame.mic t25}
05-11 11:45:59.948 2644 2644 I wm_on_top_resumed_gained_called: [236925855,com.android.launcher3.uioverrides.QuickstepLauncher,topStateChangedWhenResumed]
05-11 11:46:00.009 1508 17466 I ActivityManager: Collecting stacks for pid 3138
05-11 11:46:00.032 1508 17466 I ActivityManager: Collecting stacks for pid 3109
05-11 11:46:00.053 1508 17466 I ActivityManager: Collecting stacks for pid 3074
05-11 11:46:00.080 1508 17466 I ActivityManager: Collecting stacks for pid 3072
05-11 11:46:00.101 1508 17466 I ActivityManager: Collecting stacks for pid 3045
05-11 11:46:00.122 1508 17466 I ActivityManager: Collecting stacks for pid 3008
05-11 11:46:00.147 1508 17466 I ActivityManager: Collecting stacks for pid 3003
05-11 11:46:00.366 1508 17466 I ActivityManager: Collecting stacks for pid 2777
05-11 11:46:00.383 1508 17466 I ActivityManager: Collecting stacks for pid 2430
05-11 11:46:00.409 1508 17466 I ActivityManager: Collecting stacks for pid 4062
05-11 11:46:00.425 1508 17466 I ActivityManager: Collecting stacks for pid 2374
05-11 11:46:00.436 1508 1885 W ActivityManager: Background start not allowed: service Intent { cmp=com.tencent.android.qqdownloader/com.tencent.assistant.main.MainService } to com.tencent.android.qqdownloader/com.tencent.assistant.main.MainService from pid=3484 uid=10094 pkg=com.tencent.android.qqdownloader startFg?=false
05-11 11:46:00.437 1508 1885 W ActivityManager: Background start not allowed: service Intent { cmp=com.tencent.android.qqdownloader/com.tencent.assistant.main.MainService } to com.tencent.android.qqdownloader/com.tencent.assistant.main.MainService from pid=3484 uid=10094 pkg=com.tencent.android.qqdownloader startFg?=false
05-11 11:46:00.448 1508 17466 I ActivityManager: Collecting stacks for pid 2385
05-11 11:46:00.469 1508 17466 I ActivityManager: Collecting stacks for pid 2339
05-11 11:46:00.492 1508 17466 I ActivityManager: Collecting stacks for pid 2305
05-11 11:46:00.519 1508 17466 I ActivityManager: Collecting stacks for pid 2285
05-11 11:46:00.544 1508 17466 I ActivityManager: Collecting stacks for pid 2255
05-11 11:46:00.565 1508 17466 I ActivityManager: Collecting stacks for pid 2239
05-11 11:46:00.585 1508 17466 I ActivityManager: Collecting stacks for pid 2246
05-11 11:46:00.609 1508 17466 I ActivityManager: Collecting stacks for pid 2180
05-11 11:46:00.631 1508 17466 I ActivityManager: Collecting stacks for pid 2141
05-11 11:46:00.657 1508 17466 I ActivityManager: Collecting stacks for pid 2144
05-11 11:46:00.689 1508 17466 I ActivityManager: Collecting stacks for pid 2151
05-11 11:46:00.717 1508 17466 I ActivityManager: Collecting stacks for pid 2135
05-11 11:46:00.740 1508 17466 I ActivityManager: Collecting stacks for pid 2031
05-11 11:46:00.780 1508 17466 I ActivityManager: Collecting stacks for pid 12833
05-11 11:46:00.890 1508 17466 I ActivityManager: Collecting stacks for native pid 832
05-11 11:46:00.900 1508 17466 I ActivityManager: Collecting stacks for native pid 834
01-01 08:19:08.944 0 0 I init : Untracked pid 17627 exited with status 0
01-01 08:19:08.945 0 0 I init : Untracked pid 17629 exited with status 0
01-01 08:19:08.955 0 0 I init : Untracked pid 17632 exited with status 0
01-01 08:19:08.956 0 0 I init : Untracked pid 17634 exited with status 0
05-11 11:46:00.911 1508 17466 I ActivityManager: Collecting stacks for native pid 836
05-11 11:46:00.935 1508 17466 I ActivityManager: Collecting stacks for native pid 584
01-01 08:19:08.979 0 0 I init : Untracked pid 17637 exited with status 0
01-01 08:19:08.980 0 0 I init : Untracked pid 17639 exited with status 0
05-11 11:46:00.948 1508 17466 I ActivityManager: Collecting stacks for native pid 841
01-01 08:19:08.992 0 0 I init : Untracked pid 17642 exited with status 0
01-01 08:19:08.993 0 0 I init : Untracked pid 17644 exited with status 0
05-11 11:46:00.984 1508 17466 I ActivityManager: Collecting stacks for native pid 585
01-01 08:19:09.030 0 0 I init : Untracked pid 17647 exited with status 0
05-11 11:46:00.984 17652 17652 I auditd : type=1400 audit(0.0:10995): avc: denied { ptrace } for comm="crash_dump64" scontext=u:r:crash_dump:s0 tcontext=u:r:keystore:s0 tclass=process permissive=1
05-11 11:46:01.003 1508 17466 I ActivityManager: Collecting stacks for native pid 851
05-11 11:46:01.066 1508 17466 I ActivityManager: Collecting stacks for native pid 1236
05-11 11:46:01.209 1508 1508 I service_manager_stats: [100,33,14837]
05-11 11:46:01.252 1508 17466 I ActivityManager: Collecting stacks for native pid 1174
05-11 11:46:01.275 1508 17466 I ActivityManager: Collecting stacks for native pid 17120
05-11 11:46:01.324 1508 17466 I ActivityManager: Collecting stacks for native pid 16993
05-11 11:46:01.366 1508 17466 I ActivityManager: Collecting stacks for native pid 1377
05-11 11:46:01.378 1508 17466 I ActivityManager: Collecting stacks for native pid 1315
05-11 11:46:01.436 1508 17466 I ActivityManager: Collecting stacks for native pid 1187
05-11 11:46:01.457 1508 17466 I ActivityManager: Collecting stacks for native pid 1894
05-11 11:46:01.642 1508 17466 I ActivityManager: Collecting stacks for native pid 939
05-11 11:46:01.728 1508 17466 I ActivityManager: Collecting stacks for native pid 684
05-11 11:46:01.764 1508 17466 I ActivityManager: Collecting stacks for native pid 685
05-11 11:46:01.791 1508 17466 I ActivityManager: Collecting stacks for native pid 1199
05-11 11:46:01.827 1508 17466 I ActivityManager: Collecting stacks for native pid 560
05-11 11:46:01.828 17714 17714 I auditd : type=1400 audit(0.0:10996): avc: denied { ptrace } for comm="crash_dump64" scontext=u:r:crash_dump:s0 tcontext=u:r:vold:s0 tclass=process permissive=1
05-11 11:46:01.844 1508 17466 I ActivityManager: Collecting stacks for native pid 1200
05-11 11:46:01.868 1508 17466 I ActivityManager: Collecting stacks for native pid 1201
05-11 11:46:01.907 1508 17466 I ActivityManager: Collecting stacks for native pid 822
05-11 11:46:01.924 1508 17466 I ActivityManager: Collecting stacks for native pid 889
05-11 11:46:02.005 1508 17466 I ActivityManager: Collecting stacks for native pid 830
05-11 11:46:02.030 1508 17466 I ActivityManager: Collecting stacks for extra pid 17189
05-11 11:46:02.038 1508 10954 W ActivityManager: Missing app error report, app = com.qqgame.mic crashing = false notResponding = true
05-11 11:46:02.374 1508 1885 I ActivityManager: Process com.tencent.mm:appbrand1 (pid 15347) has died: cch+25 CEM
05-11 11:46:02.374 1508 1885 I am_proc_died: [0,15347,com.tencent.mm:appbrand1,925,19]
05-11 11:46:02.375 1508 1885 W ActivityManager: Scheduling restart of crashed service com.tencent.mm/.ipcinvoker.wx_extension.service.Appbrand1IPCService in 1000ms for connection
05-11 11:46:02.375 1508 1885 I am_schedule_service_restart: [0,com.tencent.mm/.ipcinvoker.wx_extension.service.Appbrand1IPCService,1000]
05-11 11:46:02.427 1508 1885 I ActivityManager: Process com.tencent.mm:appbrand0 (pid 15336) has died: cch+25 CEM
01-01 08:19:10.473 0 0 I binder : send failed reply for transaction 1015464 to 4689:10400
05-11 11:46:02.428 1508 1885 I am_proc_died: [0,15336,com.tencent.mm:appbrand0,925,19]
05-11 11:46:02.428 1508 1885 W ActivityManager: Scheduling restart of crashed service com.tencent.mm/.ipcinvoker.wx_extension.service.Appbrand0IPCService in 1000ms for connection
05-11 11:46:02.428 1508 1885 I am_schedule_service_restart: [0,com.tencent.mm/.ipcinvoker.wx_extension.service.Appbrand0IPCService,1000]
05-11 11:46:02.460 0 0 I auditd : type=1400 audit(0.0:10997): avc: denied { kill } for comm="swapper/6" capability=5 scontext=u:r:kernel:s0 tcontext=u:r:kernel:s0 tclass=capability permissive=1
05-11 11:46:02.542 1508 1885 W ActivityManager: Missing app error report, app = com.qqgame.mic crashing = false notResponding = true
01-01 08:19:11.081 0 0 E link_delay_work_func: DTC_ETH: SQI=0, link=0
05-11 11:46:03.077 1508 17466 I ActivityManager: Collecting stacks for extra pid 3174
05-11 11:46:03.083 1508 1885 W ActivityManager: Missing app error report, app = com.qqgame.mic crashing = false notResponding = true
05-11 11:46:03.132 1508 17466 I ActivityManager: Collecting stacks for extra pid 4996
05-11 11:46:03.316 1508 17466 I ActivityManager: Collecting stacks for extra pid 5077
05-11 11:46:03.621 1508 1885 W ActivityManager: Missing app error report, app = com.qqgame.mic crashing = false notResponding = true
05-11 11:46:03.759 1508 17466 I ActivityManager: Done dumping
05-11 11:46:03.780 1508 17466 E ActivityManager: ANR in com.qqgame.mic (com.qqgame.mic/.YXSMainActivity)
05-11 11:46:03.780 1508 17466 E ActivityManager: PID: 14647
05-11 11:46:03.780 1508 17466 E ActivityManager: Reason: Input dispatching timed out (b44030a com.qqgame.mic/com.qqgame.mic.YXSMainActivity (server) is not responding. Waited 5000ms for FocusEvent(hasFocus=true))
05-11 11:46:03.780 1508 17466 E ActivityManager: Parent: com.qqgame.mic/.YXSMainActivity
05-11 11:46:03.780 1508 17466 E ActivityManager: ErrorId: ca4f421e-fbf5-4c84-a0fb-f0a72ad791f6
05-11 11:46:03.780 1508 17466 E ActivityManager: Frozen: false
05-11 11:46:03.780 1508 17466 E ActivityManager: Load: 3.73 / 2.05 / 1.65
05-11 11:46:03.780 1508 17466 E ActivityManager: ----- Output from /proc/pressure/memory -----
05-11 11:46:03.780 1508 17466 E ActivityManager: some avg10=0.02 avg60=0.16 avg300=0.08 total=1476130
05-11 11:46:03.780 1508 17466 E ActivityManager: full avg10=0.00 avg60=0.03 avg300=0.00 total=523797
05-11 11:46:03.780 1508 17466 E ActivityManager: ----- End output from /proc/pressure/memory -----
05-11 11:46:03.780 1508 17466 E ActivityManager:
05-11 11:46:03.780 1508 17466 E ActivityManager: CPU usage from 0ms to 14557ms later (2023-05-11 11:45:49.201 to 2023-05-11 11:46:03.759):
05-11 11:46:03.780 1508 17466 E ActivityManager: 35% 14647/com.qqgame.mic: 27% user + 7.9% kernel / faults: 6827 minor
05-11 11:46:03.780 1508 17466 E ActivityManager: 33% 17189/com.tencent.mm: 27% user + 6% kernel / faults: 19480 minor 2 major
05-11 11:46:03.780 1508 17466 E ActivityManager: 20% 939/surfaceflinger: 14% user + 5.9% kernel / faults: 1236 minor
05-11 11:46:03.780 1508 17466 E ActivityManager: 17% 851/vendor.qti.hardware.display.composer-service: 11% user + 5.6% kernel / faults: 485 minor
05-11 11:46:03.780 1508 17466 E ActivityManager: 16% 1508/system_server: 11% user + 5.5% kernel / faults: 21054 minor
05-11 11:46:03.780 1508 17466 E ActivityManager: 4.9% 5077/com.wandoujia.phoenix2: 3% user + 1.8% kernel / faults: 1416 minor
05-11 11:46:03.780 1508 17466 E ActivityManager: 4.1% 4689/com.tencent.mm:push: 2.7% user + 1.3% kernel / faults: 2516 minor
05-11 11:46:03.780 1508 17466 E ActivityManager: 3.2% 4996/com.wandoujia.phoenix2:aid: 1.7% user + 1.5% kernel / faults: 909 minor
05-11 11:46:03.780 1508 17466 E ActivityManager: 3.1% 3003/com.hht.lebocast: 2% user + 1% kernel / faults: 2332 minor
05-11 11:46:03.780 1508 17466 E ActivityManager: 2.8% 2644/com.android.launcher3: 1.9% user + 0.9% kernel / faults: 3345 minor 3 major
05-11 11:46:03.780 1508 17466 E ActivityManager: 2.2% 516/logd: 0.6% user + 1.6% kernel / faults: 5 minor
05-11 11:46:03.780 1508 17466 E ActivityManager: 1.9% 16993/android.hardware.audio.service: 0.2% user + 1.7% kernel / faults: 57 minor
05-11 11:46:03.780 1508 17466 E ActivityManager: 1.7% 3484/com.tencent.android.qqdownloader:daemon: 0.7% user + 0.9% kernel / faults: 460 minor
05-11 11:46:03.780 1508 17466 E ActivityManager: 1.5% 395/crtc_commit:125: 0% user + 1.5% kernel
05-11 11:46:03.780 1508 17466 E ActivityManager: 1.4% 342/kworker/u16:12-kverityd: 0% user + 1.4% kernel
05-11 11:46:03.780 1508 17466 E ActivityManager: 1.2% 1236/media.codec: 0.9% user + 0.2% kernel / faults: 8095 minor
05-11 11:46:03.780 1508 17466 E ActivityManager: 1.1% 271/kworker/u16:2-WCNSS_DCI: 0% user + 1.1% kernel
05-11 11:46:03.780 1508 17466 E ActivityManager: 1% 1184/cnss_diag: 0.8% user + 0.2% kernel
05-11 11:46:03.780 1508 17466 E ActivityManager: 1% 12833/com.android.systemui: 0.8% user + 0.2% kernel / faults: 1286 minor
05-11 11:46:03.780 1508 17466 E ActivityManager: 0.7% 273/kworker/u16:3+CDSP_CNTL: 0% user + 0.7% kernel
05-11 11:46:03.780 1508 17466 E ActivityManager: 0.6% 287/kgsl_worker_thr: 0% user + 0.6% kernel
05-11 11:46:03.780 1508 17466 E ActivityManager: 0.6% 347/irq/350-atmel_m: 0% user + 0.6% kernel
05-11 11:46:03.780 1508 17466 E ActivityManager: 0.5% 889/media.hwcodec: 0.4% user + 0% kernel / faults: 3526 minor
05-11 11:46:03.780 1508 17466 E ActivityManager: 0.4% 709/kworker/u17:22-mhi_w: 0% user + 0.4% kernel
05-11 11:46:03.780 1508 17466 E ActivityManager: 0.4% 277/kworker/u16:5+WCNSS_CNTL: 0% user + 0.4% kernel
05-11 11:46:03.780 1508 17466 E ActivityManager: 0.4% 1315/media.swcodec: 0.2% user + 0.2% kernel / faults: 3629 minor
05-11 11:46:03.780 1508 17466 E ActivityManager: 0.4% 2856/irq/17-9091000.: 0% user + 0.4% kernel
05-11 11:46:03.780 1508 17466 E ActivityManager: 0.4% 3555/com.tencent.android.qqdownloader: 0.2% user + 0.1% kernel / faults: 94 minor
05-11 11:46:03.780 1508 17466 E ActivityManager: 0.4% 4470/logcat: 0.1% user + 0.2% kernel
05-11 11:46:03.780 1508 17466 E ActivityManager: 0.4% 13014/com.ss.android.lark: 0.1% user + 0.2% kernel / faults: 98 minor
05-11 11:46:03.780 1508 17466 E ActivityManager: 0.3% 1/init: 0% user + 0.2% kernel / faults: 1 minor
05-11 11:46:03.780 1508 17466 E ActivityManager: 0.3% 101/irq/41-tsens-up: 0% user + 0.3% kernel
05-11 11:46:03.780 1508 17466 E ActivityManager: 0.3% 844/android.hardware.wifi@1.0-service: 0.2% user + 0.1% kernel / faults: 319 minor
05-11 11:46:03.780 1508 17466 E ActivityManager: 0.3% 1211/tlog: 0.2% user + 0.1% kernel / faults: 4 minor
05-11 11:46:03.780 1508 17466 E ActivityManager: 0.3% 2031/com.thundercomm.gamemode: 0.2% user + 0% kernel / faults: 302 minor
05-11 11:46:03.780 1508 17466 E ActivityManager: 0.3% 2854/irq/16-90b6400.: 0% user + 0.3% kernel
05-11 11:46:03.780 1508 17466 E ActivityManager: 0.3% 3174/com.android.providers.media.module: 0.2% user + 0.1% kernel / faults: 914 minor
05-11 11:46:03.780 1508 17466 E ActivityManager: 0.2% 80/kworker/u16:1+SENSORS_CNTL: 0% user + 0.2% kernel
05-11 11:46:03.780 1508 17466 E ActivityManager: 0.2% 685/netd: 0.1% user + 0.1% kernel / faults: 348 minor
05-11 11:46:03.780 1508 17466 E ActivityManager: 0.2% 695/kworker/u17:8-pil_workqueue: 0% user + 0.2% kernel
05-11 11:46:03.780 1508 17466 E ActivityManager: 0.2% 3294/com.tencent.mobileqq:MSF: 0.2% user + 0% kernel / faults: 514 minor
05-11 11:46:03.780 1508 17466 E ActivityManager: 0.2% 3399/dp_rx_thread_0: 0% user + 0.2% kernel
05-11 11:46:03.780 1508 17466 E ActivityManager: 0.2% 10/rcu_preempt: 0% user + 0.2% kernel
05-11 11:46:03.780 1508 17466 E ActivityManager: 0.2% 88/qmp_aop: 0% user + 0.2% kernel
05-11 11:46:03.780 1508 17466 E ActivityManager: 0.2% 358/kworker/u16:15+NPU_CNTL: 0% user + 0.2% kernel
05-11 11:46:03.780 1508 17466 E ActivityManager: 0.2% 643/tombstoned: 0% user + 0.1% kernel
05-11 11:46:03.780 1508 17466 E ActivityManager: 0.2% 684/statsd: 0% user + 0.1% kernel / faults: 88 minor
05-11 11:46:03.780 1508 17466 E ActivityManager: 0.2% 1199/media.extractor: 0.1% user + 0% kernel / faults: 2272 minor
05-11 11:46:03.780 1508 17466 E ActivityManager: 0.2% 2141/com.thundercomm.microsettings: 0.1% user + 0% kernel / faults: 107 minor
05-11 11:46:03.780 1508 17466 E ActivityManager: 0.2% 2144/.dataservices: 0.1% user + 0% kernel / faults: 110 minor
05-11 11:46:03.780 1508 17466 E ActivityManager: 0.2% 2151/.qtidataservices: 0.1% user + 0% kernel / faults: 130 minor
05-11 11:46:03.780 1508 17466 E ActivityManager: 0.2% 2246/com.android.networkstack.process: 0.1% user + 0% kernel / faults: 109 minor
05-11 11:46:03.780 1508 17466 E ActivityManager: 0.2% 2339/com.android.se: 0% user + 0.1% kernel / faults: 104 minor
05-11 11:46:03.780 1508 17466 E ActivityManager: 0.2% 2430/com.qualcomm.qti.qdma: 0.1% user + 0% kernel / faults: 116 minor
05-11 11:46:03.780 1508 17466 E ActivityManager: 0.2% 3267/com.tencent.android.qqdownloader:live: 0.1% user + 0% kernel / faults: 77 minor
05-11 11:46:03.780 1508 17466 E ActivityManager: 0.1% 9/ksoftirqd/0: 0% user + 0.1% kernel
05-11 11:46:03.780 1508 17466 E ActivityManager: 0.1% 32/rcuop/2: 0% user + 0.1% kernel
05-11 11:46:03.780 1508 17466 E ActivityManager: 0.1% 64/rcuop/6: 0% user + 0.1% kernel
05-11 11:46:03.780 1508 17466 E ActivityManager: 0.1% 96/kswapd-1:0: 0% user + 0.1% kernel
05-11 11:46:03.780 1508 17466 E ActivityManager: 0% 279/kworker/u16:6-ufs_pm_qos_0: 0% user + 0% kernel
05-11 11:46:03.780 1508 17466 E ActivityManager: 0.1% 518/servicemanager: 0% user + 0% kernel
05-11 11:46:03.780 1508 17466 E ActivityManager: 0% 662/vendor.ts.uart@1.0-service: 0% user + 0% kernel
05-11 11:46:03.780 1508 17466 E ActivityManager: 0.1% 877/vendor.qti.hardware.perf@2.2-service: 0% user + 0.1% kernel / faults: 40 minor
05-11 11:46:03.780 1508 17466 E ActivityManager: 0.1% 1894/com.android.bluetooth: 0% user + 0.1% kernel / faults: 165 minor
05-11 11:46:03.780 1508 17466 E ActivityManager: 0.1% 2135/com.thundercomm.microservice: 0% user + 0% kernel / faults: 102 minor
05-11 11:46:03.780 1508 17466 E ActivityManager: 0.1% 2180/com.thundercomm.tchttpserver: 0.1% user + 0% kernel / faults: 103 minor
05-11 11:46:03.780 1508 17466 E ActivityManager: 0.1% 2239/com.tc.logclient: 0% user + 0% kernel / faults: 104 minor
05-11 11:46:03.780 1508 17466 E ActivityManager: 0.1% 2305/com.qti.qualcomm.mstatssystemservice: 0.1% user + 0% kernel / faults: 95 minor
05-11 11:46:03.780 1508 17466 E ActivityManager: 0.1% 2374/com.thundercomm.remotecontrolservice: 0.1% user + 0% kernel / faults: 101 minor
05-11 11:46:03.780 1508 17466 E ActivityManager: 0.1% 2385/com.thundercomm.tcservice: 0.1% user + 0% kernel / faults: 106 minor
05-11 11:46:03.780 1508 17466 E ActivityManager: 0.1% 2726/hht_ota_mgr: 0% user + 0% kernel
05-11 11:46:03.780 1508 17466 E ActivityManager: 0.1% 3008/ts.car.uart: 0% user + 0% kernel / faults: 102 minor
05-11 11:46:03.780 1508 17466 E ActivityManager: 0.1% 3045/com.hryt.hiphishowfsecontrol: 0.1% user + 0% kernel / faults: 104 minor
05-11 11:46:03.780 1508 17466 E ActivityManager: 0.1% 3074/com.qualcomm.qti.services.systemhelper:systemhelper_service: 0.1% user + 0% kernel / faults: 112 minor
05-11 11:46:03.780 1508 17466 E ActivityManager: 0.1% 3138/com.qualcomm.qti.workloadclassifier: 0.1% user + 0% kernel / faults: 106 minor
05-11 11:46:03.780 1508 17466 E ActivityManager: 0.1% 3598/com.tencent.android.qqdownloader:cloud: 0% user + 0% kernel / faults: 59 minor
05-11 11:46:03.780 1508 17466 E ActivityManager: 0.1% 6161/com.tencent.ilink.ServiceProcess: 0% user + 0% kernel / faults: 69 minor
05-11 11:46:03.780 1508 17466 E ActivityManager: 0.1% 6551/com.tencent.android.qqdownloader:wxa_container0: 0.1% user + 0% kernel / faults: 104 minor
05-11 11:46:03.780 1508 17466 E ActivityManager: 0.1% 10900/kworker/0:0-mm_percpu_wq: 0% user + 0.1% kernel
05-11 11:46:03.780 1508 17466 E ActivityManager: 0.1% 11018/com.qqgame.happymj: 0% user + 0% kernel / faults: 211 minor 1 major
05-11 11:46:03.780 1508 17466 E ActivityManager: 0.1% 13708/com.ss.android.lark:wschannel: 0% user + 0% kernel / faults: 18 minor
05-11 11:46:03.780 1508 17466 E ActivityManager: 0.1% 17120/audioserver: 0% user + 0% kernel / faults: 45 minor
05-11 11:46:03.780 1508 17466 E ActivityManager: 0% 11/rcu_sched: 0% user + 0% kernel
05-11 11:46:03.780 1508 17466 E ActivityManager: 0% 13/rcuop/0: 0% user + 0% kernel
05-11 11:46:03.780 1508 17466 E ActivityManager: 0% 40/rcuop/3: 0% user + 0% kernel
05-11 11:46:03.780 1508 17466 E ActivityManager: 0% 48/rcuop/4: 0% user + 0% kernel
05-11 11:46:03.780 1508 17466 E ActivityManager: 0% 49/rcuos/4: 0% user + 0% kernel
05-11 11:46:03.780 1508 17466 E ActivityManager: 0% 52/migration/5: 0% user + 0% kernel
05-11 11:46:03.780 1508 17466 E ActivityManager: 0% 56/rcuop/5: 0% user + 0% kernel
05-11 11:46:03.780 1508 17466 E ActivityManager: 0% 72/rcuop/7: 0% user + 0% kernel
05-11 11:46:03.780 1508 17466 E ActivityManager: 0% 109/ion-pool-uncach: 0% user + 0% kernel
05-11 11:46:03.780 1508 17466 E ActivityManager: 0% 369/kworker/0:1H-kblockd: 0% user + 0% kernel
05-11 11:46:03.780 1508 17466 E ActivityManager: 0% 396/crtc_event:125: 0% user + 0% kernel
05-11 11:46:03.780 1508 17466 E ActivityManager: 0% 816/android.hidl.allocator@1.0-service: 0% user + 0% kernel
05-11 11:46:03.780 1508 17466 E ActivityManager: 0% 841/android.hardware.sensors@2.0-service.multihal: 0% user + 0% kernel / faults: 42 minor
05-11 11:46:03.780 1508 17466 E ActivityManager: 0% 1187/cameraserver: 0% user + 0% kernel / faults: 94 minor
05-11 11:46:03.780 1508 17466 E ActivityManager: 0% 1207/selfinstaller: 0% user + 0% kernel
05-11 11:46:03.780 1508 17466 E ActivityManager: 0% 1214/wificond: 0% user + 0% kernel
05-11 11:46:03.780 1508 17466 E ActivityManager: 0% 1218/wlan_logging_th: 0% user + 0% kernel
05-11 11:46:03.780 1508 17466 E ActivityManager: 0% 1377/qfp-daemon: 0% user + 0% kernel / faults: 236 minor
05-11 11:46:03.780 1508 17466 E ActivityManager: 0% 1475/msm_irqbalance: 0% user + 0% kernel
05-11 11:46:03.780 1508 17466 E ActivityManager: 0% 2255/com.thundercomm.tcsetupwizard: 0% user + 0% kernel / faults: 92 minor
05-11 11:46:03.780 1508 17466 E ActivityManager: 0% 2285/vendor.qti.qesdk.sysservice: 0% user + 0% kernel / faults: 92 minor
05-11 11:46:03.780 1508 17466 E ActivityManager: 0% 2472/android.ext.services: 0% user + 0% kernel / faults: 32 minor
05-11 11:46:03.780 1508 17466 E ActivityManager: 0% 2491/com.thundercomm.gamemode.provider: 0% user + 0% kernel / faults: 341 minor 1 major
05-11 11:46:03.780 1508 17466 E ActivityManager: 0% 2777/com.qualcomm.location: 0% user + 0% kernel / faults: 109 minor
05-11 11:46:03.780 1508 17466 E ActivityManager: 0% 3072/.pasr: 0% user + 0% kernel / faults: 92 minor
05-11 11:46:03.780 1508 17466 E ActivityManager: 0% 3109/com.qualcomm.qti.qccnetstat: 0% user + 0% kernel / faults: 104 minor
05-11 11:46:03.780 1508 17466 E ActivityManager: 0% 12130/kworker/4:1-events: 0% user + 0% kernel
05-11 11:46:03.780 1508 17466 E ActivityManager: 0% 13357/com.ss.android.lark:sandboxed_process1: 0% user + 0% kernel / faults: 4 minor
05-11 11:46:03.780 1508 17466 E ActivityManager: 0% 14026/kworker/6:3-sock_diag_events: 0% user + 0% kernel
05-11 11:46:03.780 1508 17466 E ActivityManager: 0% 14179/kworker/1:0-events_power_efficient: 0% user + 0% kernel
05-11 11:46:03.780 1508 17466 E ActivityManager: 0% 15139/debuggerd: 0% user + 0% kernel
05-11 11:46:03.780 1508 17466 E ActivityManager: 0% 15205/com.qqgame.mic:estPlugin: 0% user + 0% kernel / faults: 14 minor
05-11 11:46:03.780 1508 17466 E ActivityManager: 0% 16326/kworker/u17:3-hal_register_write_wq: 0% user + 0% kernel
05-11 11:46:03.780 1508 17466 E ActivityManager: 23% TOTAL: 14% user + 7.2% kernel + 0.1% iowait + 1.1% irq + 0.2% softirq
05-11 11:46:03.780 1508 17466 E ActivityManager: CPU usage from 33ms to 381ms later (2023-05-11 11:45:49.234 to 2023-05-11 11:45:49.583):
05-11 11:46:03.780 1508 17466 E ActivityManager: 125% 17189/com.tencent.mm: 112% user + 13% kernel / faults: 433 minor
05-11 11:46:03.780 1508 17466 E ActivityManager: 94% 17225/[D]#worker: 80% user + 13% kernel
05-11 11:46:03.780 1508 17466 E ActivityManager: 8.9% 17189/com.tencent.mm: 4.4% user + 4.4% kernel
05-11 11:46:03.780 1508 17466 E ActivityManager: 4.4% 17197/Jit thread pool: 4.4% user + 0% kernel
05-11 11:46:03.780 1508 17466 E ActivityManager: +0% 17469/pool-15-thread-: 0% user + 0% kernel
05-11 11:46:03.780 1508 17466 E ActivityManager: 39% 1508/system_server: 19% user + 19% kernel / faults: 777 minor
05-11 11:46:03.780 1508 17466 E ActivityManager: 36% 17466/AnrConsumer: 16% user + 19% kernel
05-11 11:46:03.780 1508 17466 E ActivityManager: 3.3% 1644/android.display: 3.3% user + 0% kernel
05-11 11:46:03.780 1508 17466 E ActivityManager: 3.3% 1927/Binder:1508_5: 3.3% user + 0% kernel
05-11 11:46:03.780 1508 17466 E ActivityManager: 34% 14647/com.qqgame.mic: 25% user + 8.5% kernel / faults: 76 minor
05-11 11:46:03.780 1508 17466 E ActivityManager: 25% 14745/UnityMain: 21% user + 4.2% kernel
05-11 11:46:03.780 1508 17466 E ActivityManager: 4.2% 14921/Binder:14647_3: 0% user + 4.2% kernel
05-11 11:46:03.780 1508 17466 E ActivityManager: 4.2% 14925/Thread-195: 4.2% user + 0% kernel
05-11 11:46:03.780 1508 17466 E ActivityManager: 4.2% 14926/Thread-190: 4.2% user + 0% kernel
05-11 11:46:03.780 1508 17466 E ActivityManager: 4.2% 14955/UnityChoreograp: 0% user + 4.2% kernel
05-11 11:46:03.780 1508 17466 E ActivityManager: +0% 17470/UnityMain: 0% user + 0% kernel
05-11 11:46:03.780 1508 17466 E ActivityManager: +0% 17471/UnityMain: 0% user + 0% kernel
05-11 11:46:03.780 1508 17466 E ActivityManager: 19% 939/surfaceflinger: 9.5% user + 9.5% kernel
05-11 11:46:03.780 1508 17466 E ActivityManager: 12% 939/surfaceflinger: 9.5% user + 3.1% kernel
05-11 11:46:03.780 1508 17466 E ActivityManager: 3.1% 1698/Binder:939_3: 0% user + 3.1% kernel
05-11 11:46:03.780 1508 17466 E ActivityManager: 15% 851/vendor.qti.hardware.display.composer-service: 9.4% user + 6.2% kernel
05-11 11:46:03.780 1508 17466 E ActivityManager: 12% 851/composer-servic: 9.4% user + 3.1% kernel
05-11 11:46:03.780 1508 17466 E ActivityManager: 2.8% 72/rcuop/7: 0% user + 2.8% kernel
05-11 11:46:03.780 1508 17466 E ActivityManager: 2.9% 277/kworker/u16:5-memlat_wq: 0% user + 2.9% kernel
05-11 11:46:03.780 1508 17466 E ActivityManager: 3.4% 3003/com.hht.lebocast: 3.4% user + 0% kernel / faults: 291 minor
05-11 11:46:03.780 1508 17466 E ActivityManager: 3.5% 3174/com.android.providers.media.module: 3.5% user + 0% kernel
05-11 11:46:03.780 1508 17466 E ActivityManager: 3.5% 10530/Thread-6: 0% user + 3.5% kernel
05-11 11:46:03.780 1508 17466 E ActivityManager: 3.7% 4470/logcat: 0% user + 3.7% kernel
05-11 11:46:03.780 1508 17466 E ActivityManager: 3.8% 4996/com.wandoujia.phoenix2:aid: 0% user + 3.8% kernel / faults: 9 minor
05-11 11:46:03.780 1508 17466 E ActivityManager: 3.8% 5077/com.wandoujia.phoenix2: 0% user + 3.8% kernel / faults: 9 minor
05-11 11:46:03.780 1508 17466 E ActivityManager: 3.8% 5077/doujia.phoenix2: 0% user + 3.8% kernel
05-11 11:46:03.780 1508 17466 E ActivityManager: 4.4% 16993/android.hardware.audio.service: 0% user + 4.4% kernel
05-11 11:46:03.780 1508 17466 E ActivityManager: 37% TOTAL: 26% user + 10% kernel + 1% irq
05-11 11:46:03.781 1508 17466 D ActivityManager: Completed ANR of com.qqgame.mic in 14579ms, latency 1ms
05-11 11:46:03.783 1508 17747 I DropBoxManagerService: add tag=data_app_anr isTagEnabled=true flags=0x6
05-11 11:46:03.783 1508 17466 I am_anr : [0,12833,com.android.systemui,818462221,Input dispatching timed out (4625c10 StatusBar (server) is not responding. Waited 5000ms for MotionEvent(deviceId=4, eventTime=1130358412000, source=0x00005002, displayId=0, action=MOVE, actionButton=0x00000000, flags=0x00000000, metaState=0x00000000, buttonState=0x00000000, classification=NONE, edgeFlags=0x00000000, xPrecision=1.0, yPrecision=1.0, xCursorPosition=nan, yCursorPosition=nan, pointers=[0: (2064.0, 69.0)]), policyFlags=0x62000000)]
05-11 11:46:03.797 1508 17466 I ActivityManager: dumpStackTraces pids={1894=true, 2472=true, 2491=true, 2644=true, 3171=true, 3174=true, 3191=true, 3267=true, 3294=true, 3407=true, 3484=true, 3555=true, 3598=true, 4085=true, 4308=true, 4362=true, 4602=true, 4689=true, 4923=true, 4996=true, 5077=true, 5380=true, 6161=true, 6386=true, 6425=true, 6551=true, 11018=true, 13014=true, 13357=true, 13708=true, 14512=true, 14513=true, 14647=true, 14682=true, 14767=true, 15205=true, 17189=true} nativepids=[832, 834, 836, 584, 841, 585, 851, 1236, 1174, 17120, 16993, 1377, 1315, 1187, 1894, 939, 684, 685, 1199, 560, 1200, 1201, 822, 889, 830]
05-11 11:46:04.124 13014 13014 I auditd : type=1400 audit(0.0:10998): avc: denied { open } for comm="ss.android.lark" path="/proc/vmstat" dev="proc" ino=4026531858 scontext=u:r:untrusted_app:s0:c113,c256,c512,c768 tcontext=u:object_r:proc_vmstat:s0 tclass=file permissive=1 app=com.ss.android.lark
05-11 11:46:04.124 13014 13014 I auditd : type=1400 audit(0.0:10999): avc: denied { getattr } for comm="ss.android.lark" path="/proc/vmstat" dev="proc" ino=4026531858 scontext=u:r:untrusted_app:s0:c113,c256,c512,c768 tcontext=u:object_r:proc_vmstat:s0 tclass=file permissive=1 app=com.ss.android.lark
05-11 11:46:04.133 1508 1840 W ActivityManager: Missing app error report, app = com.android.systemui crashing = false notResponding = true
05-11 11:46:04.196 1508 17466 I ActivityManager: Skipping next CPU consuming process, not a java proc: 1508
05-11 11:46:04.196 1508 17466 I ActivityManager: Skipping next CPU consuming process, not a java proc: 851
05-11 11:46:04.196 1508 17466 I ActivityManager: Skipping next CPU consuming process, not a java proc: 96
05-11 11:46:04.196 1508 17466 I ActivityManager: Skipping next CPU consuming process, not a java proc: 939
05-11 11:46:04.196 1508 17466 I ActivityManager: Skipping next CPU consuming process, not a java proc: 358
05-11 11:46:04.196 1508 17466 I ActivityManager: Skipping next CPU consuming process, not a java proc: 72
05-11 11:46:04.196 1508 17466 I ActivityManager: Skipping next CPU consuming process, not a java proc: 395
05-11 11:46:04.196 1508 17466 I ActivityManager: Skipping next CPU consuming process, not a java proc: 685
05-11 11:46:04.196 1508 17466 I ActivityManager: Dumping to /data/anr/anr_2023-05-11-11-46-04-196
05-11 11:46:04.196 1508 17466 I ActivityManager: Collecting stacks for pid 12833
05-11 11:46:04.284 877 877 I auditd : type=1400 audit(0.0:11000): avc: denied { add_name } for comm="perf@2.2-servic" name="min_cpus" scontext=u:r:vendor_hal_perf_default:s0 tcontext=u:object_r:sysfs_devices_system_cpu:s0 tclass=dir permissive=1
05-11 11:46:04.284 877 877 I auditd : type=1400 audit(0.0:11001): avc: denied { create } for comm="perf@2.2-servic" name="min_cpus" scontext=u:r:vendor_hal_perf_default:s0 tcontext=u:object_r:sysfs_devices_system_cpu:s0 tclass=file permissive=1
05-11 11:46:04.284 877 877 I auditd : type=1400 audit(0.0:11002): avc: denied { add_name } for comm="perf@2.2-servic" name="min_freq" scontext=u:r:vendor_hal_perf_default:s0 tcontext=u:object_r:vendor_sysfs_devfreq:s0 tclass=dir permissive=1
05-11 11:46:04.284 877 877 I auditd : type=1400 audit(0.0:11003): avc: denied { create } for comm="perf@2.2-servic" name="min_freq" scontext=u:r:vendor_hal_perf_default:s0 tcontext=u:object_r:vendor_sysfs_devfreq:s0 tclass=file permissive=1
05-11 11:46:04.284 877 877 I auditd : type=1400 audit(0.0:11004): avc: denied { add_name } for comm="perf@2.2-servic" name="cpu_min_freq" scontext=u:r:vendor_hal_perf_default:s0 tcontext=u:object_r:vendor_sysfs_msm_perf:s0 tclass=dir permissive=1
05-11 11:46:04.284 877 877 I auditd : type=1400 audit(0.0:11005): avc: denied { create } for comm="perf@2.2-servic" name="cpu_min_freq" scontext=u:r:vendor_hal_perf_default:s0 tcontext=u:object_r:vendor_sysfs_msm_perf:s0 tclass=file permissive=1
05-11 11:46:04.306 1508 17466 I ActivityManager: Collecting stacks for pid 1508
05-11 11:46:04.419 1508 17466 I ActivityManager: Collecting stacks for pid 3138
05-11 11:46:04.438 1508 17466 I ActivityManager: Collecting stacks for pid 3109
05-11 11:46:04.456 1508 17466 I ActivityManager: Collecting stacks for pid 3074
05-11 11:46:04.473 17120 17129 I audioserver_binder_timeout: IAudioPolicyService command 5
05-11 11:46:04.473 17120 17129 F libc : Fatal signal 6 (SIGABRT), code -1 (SI_QUEUE) in tid 17129 (TimeCheckThread), pid 17120 (audioserver)
05-11 11:46:04.476 1508 17466 I ActivityManager: Collecting stacks for pid 3072
05-11 11:46:04.496 1508 17466 I ActivityManager: Collecting stacks for pid 3045
05-11 11:46:04.516 1508 17466 I ActivityManager: Collecting stacks for pid 3008
05-11 11:46:04.541 1508 17466 I ActivityManager: Collecting stacks for pid 3003
05-11 11:46:04.540 17754 17754 I auditd : type=1400 audit(0.0:11006): avc: denied { open } for comm="crash_dump64" path="/dev/__properties__/u:object_r:bluetooth_audio_hal_prop:s0" dev="tmpfs" ino=12251 scontext=u:r:crash_dump:s0 tcontext=u:object_r:bluetooth_audio_hal_prop:s0 tclass=file permissive=1
01-01 08:19:12.592 0 0 W audit : audit_lost=10068 audit_rate_limit=5 audit_backlog_limit=64
01-01 08:19:12.592 0 0 E audit : rate limit exceeded
05-11 11:46:04.562 17754 17754 F DEBUG : *** *** *** *** *** *** *** *** *** *** *** *** *** *** *** ***
05-11 11:46:04.562 17754 17754 F DEBUG : Build fingerprint: 'HiPhi/PassengerDisplay_CN/PassengerDisplay:12/SKQ1.220201.001/3289:user/test-keys'
05-11 11:46:04.562 17754 17754 F DEBUG : Revision: '0'
05-11 11:46:04.562 17754 17754 F DEBUG : ABI: 'arm64'
05-11 11:46:04.562 17754 17754 F DEBUG : Timestamp: 2023-05-11 11:46:04.490800606+0800
05-11 11:46:04.562 17754 17754 F DEBUG : Process uptime: 0s
05-11 11:46:04.562 17754 17754 F DEBUG : Cmdline: /system/bin/audioserver
05-11 11:46:04.562 17754 17754 F DEBUG : pid: 17120, tid: 17129, name: TimeCheckThread >>> /system/bin/audioserver <<<
05-11 11:46:04.562 17754 17754 F DEBUG : uid: 1041
05-11 11:46:04.562 17754 17754 F DEBUG : signal 6 (SIGABRT), code -1 (SI_QUEUE), fault addr --------
05-11 11:46:04.562 17754 17754 F DEBUG : Abort message: 'TimeCheck timeout for IAudioPolicyService command 5'
05-11 11:46:04.562 17754 17754 F DEBUG : x0 0000000000000000 x1 00000000000042e9 x2 0000000000000006 x3 00000073a515c530
05-11 11:46:04.562 17754 17754 F DEBUG : x4 686b6e4f6e686374 x5 686b6e4f6e686374 x6 686b6e4f6e686374 x7 7f7f7f7f7f7f7f7f
05-11 11:46:04.562 17754 17754 F DEBUG : x8 00000000000000f0 x9 6c0a391dab3bed2c x10 0000000000000000 x11 ffffff80ffffffdf
05-11 11:46:04.562 17754 17754 F DEBUG : x12 0000000000000001 x13 0000000000000034 x14 00000073a515c6c0 x15 0000000034155555
05-11 11:46:04.562 17754 17754 F DEBUG : x16 00000076d7796060 x17 00000076d7772560 x18 00000073a46e6000 x19 00000000000042e0
05-11 11:46:04.562 17754 17754 F DEBUG : x20 00000000000042e9 x21 00000000ffffffff x22 b4000073ebff9850 x23 0000000000000000
05-11 11:46:04.562 17754 17754 F DEBUG : x24 0000000000000000 x25 00000073a515ccb0 x26 00000073a515cff8 x27 00000000000fc000
05-11 11:46:04.562 17754 17754 F DEBUG : x28 00000073a5064000 x29 00000073a515c5b0
05-11 11:46:04.562 17754 17754 F DEBUG : lr 00000076d772295c sp 00000073a515c510 pc 00000076d7722988 pst 0000000000001000
05-11 11:46:04.562 17754 17754 F DEBUG : backtrace:
05-11 11:46:04.562 17754 17754 F DEBUG : #00 pc 0000000000051988 /apex/com.android.runtime/lib64/bionic/libc.so (abort+168) (BuildId: 369edc656806aeaf384cbeb8f7a347af)
05-11 11:46:04.562 17754 17754 F DEBUG : #01 pc 00000000000063b8 /system/lib64/liblog.so (__android_log_default_aborter+16) (BuildId: 467c2038cdfa767245f9280e657fdb85)
05-11 11:46:04.562 17754 17754 F DEBUG : #02 pc 0000000000006f14 /system/lib64/liblog.so (__android_log_assert+312) (BuildId: 467c2038cdfa767245f9280e657fdb85)
05-11 11:46:04.562 17754 17754 F DEBUG : #03 pc 0000000000035294 /system/lib64/libmediautils.so (android::TimeCheck::TimeCheckThread::threadLoop()+908) (BuildId: d1ac2ddd5dabaddcca37691821970832)
05-11 11:46:04.562 17754 17754 F DEBUG : #04 pc 0000000000013654 /system/lib64/libutils.so (android::Thread::_threadLoop(void*)+464) (BuildId: b940f836006eead456c936e97e64d2d4)
05-11 11:46:04.562 17754 17754 F DEBUG : #05 pc 0000000000012de8 /system/lib64/libutils.so (thread_data_t::trampoline(thread_data_t const*)+408) (BuildId: b940f836006eead456c936e97e64d2d4)
05-11 11:46:04.562 17754 17754 F DEBUG : #06 pc 00000000000b6a24 /apex/com.android.runtime/lib64/bionic/libc.so (__pthread_start(void*)+264) (BuildId: 369edc656806aeaf384cbeb8f7a347af)
05-11 11:46:04.562 17754 17754 F DEBUG : #07 pc 00000000000532bc /apex/com.android.runtime/lib64/bionic/libc.so (__start_thread+68) (BuildId: 369edc656806aeaf384cbeb8f7a347af)
05-11 11:46:04.567 1508 1935 W NativeCrashListener: Couldn't find ProcessRecord for pid 17120
05-11 11:46:04.571 1508 1779 I BootReceiver: Copying /data/tombstones/tombstone_24 to DropBox (SYSTEM_TOMBSTONE)
05-11 11:46:04.571 1508 1779 I DropBoxManagerService: add tag=SYSTEM_TOMBSTONE isTagEnabled=true flags=0x6
05-11 11:46:04.574 1508 1779 I dropbox_file_copy: [/data/tombstones/tombstone_24,98304,SYSTEM_TOMBSTONE]
01-01 08:19:12.620 0 0 I binder : release 17120:17127 transaction 993099 in, still active
01-01 08:19:12.620 0 0 I binder : send failed reply for transaction 993099 to 1894:2204
01-01 08:19:12.620 0 0 I binder : release 17120:17128 transaction 992962 in, still active
01-01 08:19:12.620 0 0 I binder : send failed reply for transaction 992962 to 1508:1839
01-01 08:19:12.620 0 0 I binder : release 17120:17172 transaction 992993 in, still active
01-01 08:19:12.620 0 0 I binder : send failed reply for transaction 992993 to 1508:1842
01-01 08:19:12.620 0 0 I binder : release 17120:17177 transaction 993020 in, still active
01-01 08:19:12.620 0 0 I binder : send failed reply for transaction 993020 to 1508:3394
01-01 08:19:12.620 0 0 I binder : release 17120:17315 transaction 994075 in, still active
01-01 08:19:12.620 0 0 I binder : send failed reply for transaction 994075 to 1508:12831
01-01 08:19:12.620 0 0 I binder : release 17120:17316 transaction 993501 in, still active
01-01 08:19:12.620 0 0 I binder : send failed reply for transaction 993501 to 17189:17244
01-01 08:19:12.620 0 0 I binder : 1508:10955 transaction failed 29189/0, size 8-0 line 3003
01-01 08:19:12.621 0 0 I binder : send failed reply for transaction 986533, target dead
01-01 08:19:12.621 0 0 I binder : 1508:2084 transaction failed 29189/0, size 4-0 line 3003
01-01 08:19:12.621 0 0 I binder : send failed reply for transaction 986536, target dead
01-01 08:19:12.621 0 0 I binder : undelivered transaction 993799, process died.
01-01 08:19:12.621 0 0 I binder : undelivered transaction 996186, process died.
01-01 08:19:12.621 0 0 I binder : undelivered transaction 996192, process died.
01-01 08:19:12.621 0 0 I binder : undelivered transaction 996278, process died.
01-01 08:19:12.621 0 0 I binder : undelivered transaction 996279, process died.
01-01 08:19:12.621 0 0 I binder : undelivered transaction 996290, process died.
01-01 08:19:12.621 0 0 I binder : undelivered transaction 996291, process died.
01-01 08:19:12.621 0 0 I binder : undelivered transaction 996297, process died.
01-01 08:19:12.621 0 0 I binder : undelivered transaction 996305, process died.
01-01 08:19:12.621 0 0 I binder : undelivered transaction 996413, process died.
01-01 08:19:12.622 0 0 I binder : release 17120:17137 transaction 993276 out, still active
05-11 11:46:04.576 12833 12833 I sysui_multi_action: [757,111,758,1]
05-11 11:46:04.576 12833 12833 I sysui_multi_action: [757,126,758,1,759,126,927,0,928,1,1593,0]
05-11 11:46:04.576 12833 12833 I sysui_multi_action: [757,113,758,1,759,113,927,1,928,1,1593,0]
05-11 11:46:04.576 12833 12833 I sysui_multi_action: [757,0,758,1,759,0,927,2,928,0,1593,0]
05-11 11:46:04.577 12833 12833 I sysui_multi_action: [757,0,758,1,759,0,927,3,928,0,1593,0]
05-11 11:46:04.579 1508 1779 I commit_sys_config_file: [log-files,1140304]
05-11 11:46:04.580 1508 1779 E NativeTombstoneManager: Tombstone's UID (1041) not an app, ignoring
05-11 11:46:04.580 1508 1779 I DropBoxManagerService: add tag=SYSTEM_TOMBSTONE_PROTO isTagEnabled=true flags=0x4
05-11 11:46:04.588 1508 1779 I commit_sys_config_file: [log-files,1140312]
01-01 08:19:12.635 0 0 I afe_close: port_id = 0x9000
01-01 08:19:12.652 0 0 I binder : release 16993:16996 transaction 993276 in, still active
01-01 08:19:12.652 0 0 I binder : send failed reply for transaction 993276, target dead
05-11 11:46:04.649 1508 12158 W ActivityManager: Missing app error report, app = com.android.systemui crashing = false notResponding = true
01-01 08:19:12.698 0 0 I binder : 17764:17764 ioctl 40046210 7feb81adf4 returned -22
01-01 08:19:12.699 0 0 I binder : 17764:17764 ioctl 40046210 7feb81ae14 returned -22
05-11 11:46:04.771 1508 17466 I ActivityManager: Collecting stacks for pid 2777
