05-13 11:00:21.892 20705 20705 I auditd : type=1400 audit(0.0:141452): avc: denied { open } for comm="ss.android.lark" path="/proc/vmstat" dev="proc" ino=4026531858 scontext=u:r:untrusted_app:s0:c110,c256,c512,c768 tcontext=u:object_r:proc_vmstat:s0 tclass=file permissive=1 app=com.ss.android.lark
05-13 11:00:21.892 20705 20705 I auditd : type=1400 audit(0.0:141453): avc: denied { getattr } for comm="ss.android.lark" path="/proc/vmstat" dev="proc" ino=4026531858 scontext=u:r:untrusted_app:s0:c110,c256,c512,c768 tcontext=u:object_r:proc_vmstat:s0 tclass=file permissive=1 app=com.ss.android.lark
05-13 11:00:23.000 17626 17626 I auditd : type=1400 audit(0.0:141454): avc: denied { read } for comm="Thread-25" name="tcp" dev="proc" ino=4026532256 scontext=u:r:untrusted_app:s0:c104,c256,c512,c768 tcontext=u:object_r:proc_net_tcp_udp:s0 tclass=file permissive=1 app=tv.danmaku.bili
05-13 11:00:23.000 17626 17626 I auditd : type=1400 audit(0.0:141455): avc: denied { open } for comm="Thread-25" path="/proc/17626/net/tcp" dev="proc" ino=4026532256 scontext=u:r:untrusted_app:s0:c104,c256,c512,c768 tcontext=u:object_r:proc_net_tcp_udp:s0 tclass=file permissive=1 app=tv.danmaku.bili
05-13 11:00:23.000 17626 17626 I auditd : type=1400 audit(0.0:141456): avc: denied { getattr } for comm="Thread-25" path="/proc/17626/net/tcp" dev="proc" ino=4026532256 scontext=u:r:untrusted_app:s0:c104,c256,c512,c768 tcontext=u:object_r:proc_net_tcp_udp:s0 tclass=file permissive=1 app=tv.danmaku.bili
05-13 11:00:23.464 15290 15290 I auditd : type=1400 audit(0.0:141457): avc: granted { bind } for comm="NativeThread" scontext=u:r:untrusted_app_27:s0:c512,c768 tcontext=u:r:untrusted_app_27:s0:c512,c768 tclass=netlink_route_socket app=com.wandoujia.phoenix2
05-13 11:00:23.464 15290 15290 I auditd : type=1400 audit(0.0:141458): avc: granted { nlmsg_readpriv } for comm="NativeThread" scontext=u:r:untrusted_app_27:s0:c512,c768 tcontext=u:r:untrusted_app_27:s0:c512,c768 tclass=netlink_route_socket app=com.wandoujia.phoenix2
05-13 11:00:23.484 1525 21112 W ActivityManager: Unable to start service Intent { act=com.google.android.gms.ads.identifier.service.START pkg=com.google.android.gms } U=0: not found
05-13 11:00:23.485 15290 16179 E ActivityThread: Failed to find provider info for com.vivo.vms.IdProvider
05-13 11:00:24.084 16321 16321 I auditd : type=1400 audit(0.0:141459): avc: granted { nlmsg_readpriv } for comm="DaemonThread-6" scontext=u:r:untrusted_app_27:s0:c512,c768 tcontext=u:r:untrusted_app_27:s0:c512,c768 tclass=netlink_route_socket app=com.wandoujia.phoenix2
05-13 11:00:24.240 16321 16321 I auditd : type=1400 audit(0.0:141460): avc: granted { nlmsg_readpriv } for comm="DaemonThread-6" scontext=u:r:untrusted_app_27:s0:c512,c768 tcontext=u:r:untrusted_app_27:s0:c512,c768 tclass=netlink_route_socket app=com.wandoujia.phoenix2
05-13 11:00:26.267 1525 1621 W ProcessStats: Tracking association SourceState{6ba0e71 com.tencent.android.qqdownloader:live/10094 BTopFgs #235693} whose proc state 2 is better than process ProcessState{48ac3f8 com.tencent.android.qqdownloader:daemon/10094 pkg=com.tencent.android.qqdownloader} proc state 3 (5 skipped)
05-13 11:00:29.284 0 0 I auditd : type=1400 audit(0.0:141461): avc: denied { kill } for comm="swapper/3" capability=5 scontext=u:r:kernel:s0 tcontext=u:r:kernel:s0 tclass=capability permissive=1
05-13 11:00:29.778 1525 1894 I sync : [com.tencent.android.qqdownloader.YYBLiveAccountProvider,0,3,24220937]
05-13 11:00:29.792 1525 21112 I netstats_mobile_sample: [0,0,0,0,0,0,0,0,0,0,0,0,1683946829792]
05-13 11:00:29.792 1525 21112 I netstats_wifi_sample: [9375246375,8717427,2375831436,7327875,9375246375,8717427,2375831436,7327875,11698351645,11798167,1331330771,5217853,1683946829792]
05-13 11:00:29.812 1525 1894 I sync : [com.tencent.android.qqdownloader.YYBLiveAccountProvider,1,3,24220937]
05-13 11:00:29.815 1525 1894 I commit_sys_config_file: [sync-status,168848037]
05-13 11:00:29.821 1525 1894 I sync : [com.tencent.android.qqdownloader.YYBLiveAccountProvider,0,3,24220937]
05-13 11:00:29.847 1525 1894 I sync : [com.tencent.android.qqdownloader.YYBLiveAccountProvider,1,3,24220937]
05-13 11:00:29.849 1525 1894 I commit_sys_config_file: [sync-status,168848071]
05-13 11:00:31.824 1525 1606 I commit_sys_config_file: [jobs,4]
05-13 11:00:34.092 15290 15290 I auditd : type=1400 audit(0.0:141462): avc: denied { ioctl } for comm="NativeThread" path="socket:[8752319]" dev="sockfs" ino=8752319 ioctlcmd=0x8927 scontext=u:r:untrusted_app_27:s0:c512,c768 tcontext=u:r:untrusted_app_27:s0:c512,c768 tclass=udp_socket permissive=1 app=com.wandoujia.phoenix2
05-13 11:00:34.096 15290 15290 I auditd : type=1400 audit(0.0:141463): avc: granted { bind } for comm="NativeThread" scontext=u:r:untrusted_app_27:s0:c512,c768 tcontext=u:r:untrusted_app_27:s0:c512,c768 tclass=netlink_route_socket app=com.wandoujia.phoenix2
05-13 11:00:34.096 15290 15290 I auditd : type=1400 audit(0.0:141464): avc: granted { nlmsg_readpriv } for comm="NativeThread" scontext=u:r:untrusted_app_27:s0:c512,c768 tcontext=u:r:untrusted_app_27:s0:c512,c768 tclass=netlink_route_socket app=com.wandoujia.phoenix2
05-13 11:00:34.096 15290 15290 I auditd : type=1400 audit(0.0:141465): avc: denied { getattr } for comm="NativeThread" path="/data/data/com.android.htmlviewer" dev="dm-10" ino=1758 scontext=u:r:untrusted_app_27:s0:c512,c768 tcontext=u:object_r:app_data_file:s0:c46,c256,c512,c768 tclass=dir permissive=1 app=com.wandoujia.phoenix2
05-13 11:00:34.096 15290 15290 I auditd : type=1400 audit(0.0:141466): avc: denied { getattr } for comm="NativeThread" path="/data/data/com.android.printspooler" dev="dm-10" ino=1894 scontext=u:r:untrusted_app_27:s0:c512,c768 tcontext=u:object_r:app_data_file:s0:c41,c256,c512,c768 tclass=dir permissive=1 app=com.wandoujia.phoenix2
05-13 11:00:34.112 1525 29917 W ActivityManager: Unable to start service Intent { act=com.google.android.gms.ads.identifier.service.START pkg=com.google.android.gms } U=0: not found
05-13 11:00:34.113 15290 16179 E ActivityThread: Failed to find provider info for com.vivo.vms.IdProvider
05-13 11:00:36.255 1525 3075 W ActivityManager: Background start not allowed: service Intent { cmp=tv.danmaku.bili/com.bilibili.lib.neuron.internal.NeuronLocalService (has extras) } to tv.danmaku.bili/com.bilibili.lib.neuron.internal.NeuronLocalService from pid=17626 uid=10104 pkg=tv.danmaku.bili startFg?=false
05-13 11:00:36.745 1525 1812 I netstats_mobile_sample: [0,0,0,0,0,0,0,0,0,0,0,0,1683946836745]
05-13 11:00:36.745 1525 1812 I netstats_wifi_sample: [9375297294,8717566,2375926826,7328102,9375297294,8717566,2375926826,7328102,11698464971,11798346,1331382399,5217992,1683946836745]
05-13 11:00:36.744 678 678 I auditd : type=1400 audit(0.0:141468): avc: denied { create } for comm="Binder:678_4" name="globalAlert" scontext=u:r:netd:s0 tcontext=u:object_r:proc_net:s0 tclass=file permissive=1
05-13 11:00:38.477 1525 1621 W ProcessStats: Tracking association SourceState{6ba0e71 com.tencent.android.qqdownloader:live/10094 BTopFgs #235732} whose proc state 2 is better than process ProcessState{48ac3f8 com.tencent.android.qqdownloader:daemon/10094 pkg=com.tencent.android.qqdownloader} proc state 3 (26 skipped)
05-13 11:00:38.820 845 845 I auditd : type=1400 audit(0.0:141469): avc: denied { add_name } for comm="perf@2.2-servic" name="cpu_min_freq" scontext=u:r:vendor_hal_perf_default:s0 tcontext=u:object_r:vendor_sysfs_msm_perf:s0 tclass=dir permissive=1
05-13 11:00:38.820 845 845 I auditd : type=1400 audit(0.0:141470): avc: denied { create } for comm="perf@2.2-servic" name="cpu_min_freq" scontext=u:r:vendor_hal_perf_default:s0 tcontext=u:object_r:vendor_sysfs_msm_perf:s0 tclass=file permissive=1
05-13 11:00:38.822 21078 21078 I view_enqueue_input_event: [Motion - Cancel,com.android.settings/com.android.settings.homepage.SettingsHomepageActivity]
05-13 11:00:38.830 1525 1794 I input_interaction: Interaction with: edge-swipe (server), swipe-up (server), PointerEventDispatcher0 (server),
05-13 11:00:38.904 845 845 I auditd : type=1400 audit(0.0:141471): avc: denied { add_name } for comm="perf@2.2-servic" name="min_freq" scontext=u:r:vendor_hal_perf_default:s0 tcontext=u:object_r:vendor_sysfs_devfreq:s0 tclass=dir permissive=1
05-13 11:00:38.904 845 845 I auditd : type=1400 audit(0.0:141472): avc: denied { create } for comm="perf@2.2-servic" name="min_freq" scontext=u:r:vendor_hal_perf_default:s0 tcontext=u:object_r:vendor_sysfs_devfreq:s0 tclass=file permissive=1
05-13 11:00:38.975 1525 3075 I sysui_multi_action: [757,803,799,key_back_press,802,1]
05-13 11:00:38.980 1525 1794 I input_interaction: Interaction with: f076fbc com.android.settings/com.android.settings.homepage.SettingsHomepageActivity (server), PointerEventDispatcher0 (server),
05-13 11:00:38.986 1525 1605 D AutofillManagerService: onBackKeyPressed()
05-13 11:00:39.034 21078 21078 I sysui_multi_action: [757,1018,758,2,1089,49127]
05-13 11:00:39.059 21078 21078 E ActivityThread: Failed to find provider info for com.google.android.gms.nearby.fastpair
05-13 11:00:39.060 21078 22637 E ActivityThread: Failed to find provider info for com.google.android.gms.nearby.fastpair
05-13 11:00:39.140 21078 21078 I sysui_multi_action: [757,747,758,1,833,0,1089,0]
05-13 11:00:39.627 1525 1794 I input_interaction: Interaction with: f076fbc com.android.settings/com.android.settings.homepage.SettingsHomepageActivity (server), edge-swipe (server), swipe-up (server), PointerEventDispatcher0 (server),
05-13 11:00:39.751 21078 21078 I view_enqueue_input_event: [Motion - Cancel,com.android.settings/com.android.settings.homepage.SettingsHomepageActivity]
05-13 11:00:39.761 1525 1794 I input_interaction: Interaction with: edge-swipe (server), swipe-up (server), PointerEventDispatcher0 (server),
05-13 11:00:39.915 1525 29917 I sysui_multi_action: [757,803,799,key_back_press,802,1]
05-13 11:00:39.918 1525 1605 D AutofillManagerService: onBackKeyPressed()
05-13 11:00:39.920 1525 1794 I input_interaction: Interaction with: f076fbc com.android.settings/com.android.settings.homepage.SettingsHomepageActivity (server), PointerEventDispatcher0 (server),
05-13 11:00:39.924 1525 29917 I ActivityTaskManager: moveTaskToBack: Task{541b53c #345 type=standard A=1000:com.android.settings.root U=0 visible=true mode=fullscreen translucent=false sz=1 visible freeform task=true rootAffinity=1000:com.android.settings.root}
05-13 11:00:39.924 1525 29917 I wm_task_moved: [345,0,0]
05-13 11:00:39.928 1525 29917 I wm_focused_root_task: [0,0,344,345,moveTaskToBackLocked]
05-13 11:00:39.930 1525 29917 I wm_add_to_stopping: [0,83503120,com.android.settings/.homepage.SettingsHomepageActivity,makeInvisible]
05-13 11:00:39.932 1525 29917 I wm_pause_activity: [0,83503120,com.android.settings/.homepage.SettingsHomepageActivity,userLeaving=false,pauseBackTasks]
05-13 11:00:39.934 21078 21078 I wm_on_top_resumed_lost_called: [83503120,com.android.settings.homepage.SettingsHomepageActivity,topStateChangedWhenResumed]
05-13 11:00:39.942 21078 21078 I sysui_multi_action: [757,35,758,2,1089,238434]
05-13 11:00:39.943 21078 21078 I sysui_multi_action: [757,747,758,2,1089,803]
05-13 11:00:39.944 21078 21078 I wm_on_paused_called: [83503120,com.android.settings.homepage.SettingsHomepageActivity,performPause]
05-13 11:00:39.944 1525 3075 I ActivityTaskManager: FOREGROUND_APPLICATION_CHANGED to com.bilibili.bangumi.ui.page.detail.BangumiDetailActivityV3
05-13 11:00:39.947 1525 1607 I am_uid_active: 99011
05-13 11:00:39.947 1525 1607 I am_uid_active: 10104
05-13 11:00:39.949 1525 1794 I input_focus: [Focus leaving f076fbc com.android.settings/com.android.settings.homepage.SettingsHomepageActivity (server),reason=NO_WINDOW]
05-13 11:00:39.950 1525 3075 I wm_set_resumed_activity: [0,tv.danmaku.bili/com.bilibili.bangumi.ui.page.detail.BangumiDetailActivityV3,resumeTopActivityInnerLocked]
05-13 11:00:39.954 1525 3075 D CompatibilityChangeReporter: Compat change id reported: 174042980; UID 10104; state: DISABLED
05-13 11:00:39.955 1525 3075 D CompatibilityChangeReporter: Compat change id reported: 181136395; UID 10104; state: DISABLED
05-13 11:00:39.955 1525 3075 D CompatibilityChangeReporter: Compat change id reported: 174042936; UID 10104; state: DISABLED
05-13 11:00:39.955 1525 3075 D CompatibilityChangeReporter: Compat change id reported: 184838306; UID 10104; state: DISABLED
05-13 11:00:39.956 1525 3075 D CompatibilityChangeReporter: Compat change id reported: 185004937; UID 10104; state: DISABLED
05-13 11:00:39.957 1525 3075 I wm_resume_activity: [0,240245495,344,tv.danmaku.bili/com.bilibili.bangumi.ui.page.detail.BangumiDetailActivityV3]
05-13 11:00:39.962 17626 17626 I wm_on_restart_called: [240245495,com.bilibili.bangumi.ui.page.detail.BangumiDetailActivityV3,performRestartActivity]
05-13 11:00:39.963 1525 1607 I sysui_multi_action: [757,803,799,window_time_0,802,239]
05-13 11:00:39.968 1525 21112 I am_uid_active: 10065
05-13 11:00:39.988 17626 17626 I wm_on_start_called: [240245495,com.bilibili.bangumi.ui.page.detail.BangumiDetailActivityV3,handleStartActivity]
05-13 11:00:39.988 17626 17626 I auditd : type=1400 audit(0.0:141473): avc: denied { ioctl } for comm="NvaMediaControl" path="socket:[8728240]" dev="sockfs" ino=8728240 ioctlcmd=0x8927 scontext=u:r:untrusted_app:s0:c104,c256,c512,c768 tcontext=u:r:untrusted_app:s0:c104,c256,c512,c768 tclass=udp_socket permissive=1 app=tv.danmaku.bili
05-13 11:00:40.010 17626 17900 E ActivityThread: Failed to find provider info for com.android.badge
05-13 11:00:40.023 17626 17626 I wm_on_resume_called: [240245495,com.bilibili.bangumi.ui.page.detail.BangumiDetailActivityV3,RESUME_ACTIVITY]
05-13 11:00:40.035 17626 17626 I wm_on_top_resumed_gained_called: [240245495,com.bilibili.bangumi.ui.page.detail.BangumiDetailActivityV3,topWhenResuming]
05-13 11:00:40.053 1525 1609 I input_focus: [Focus request 3a331ef tv.danmaku.bili/com.bilibili.bangumi.ui.page.detail.BangumiDetailActivityV3,reason=UpdateInputWindows]
05-13 11:00:40.118 1525 1794 I input_focus: [Focus entering 3a331ef tv.danmaku.bili/com.bilibili.bangumi.ui.page.detail.BangumiDetailActivityV3 (server),reason=Window became focusable. Previous reason: NOT_VISIBLE]
05-13 11:00:40.344 845 845 I auditd : type=1400 audit(0.0:141474): avc: denied { add_name } for comm="perf@2.2-servic" name="cpu_min_freq" scontext=u:r:vendor_hal_perf_default:s0 tcontext=u:object_r:vendor_sysfs_msm_perf:s0 tclass=dir permissive=1
05-13 11:00:40.344 845 845 I auditd : type=1400 audit(0.0:141475): avc: denied { create } for comm="perf@2.2-servic" name="cpu_min_freq" scontext=u:r:vendor_hal_perf_default:s0 tcontext=u:object_r:vendor_sysfs_msm_perf:s0 tclass=file permissive=1
05-13 11:00:40.589 1525 1607 I wm_stop_activity: [0,83503120,com.android.settings/.homepage.SettingsHomepageActivity]
05-13 11:00:40.642 21078 21078 I wm_on_stop_called: [83503120,com.android.settings.homepage.SettingsHomepageActivity,STOP_ACTIVITY_ITEM]
05-13 11:00:41.284 20800 20800 I auditd : type=1400 audit(0.0:141476): avc: denied { kill } for comm="kworker/u16:9" capability=5 scontext=u:r:kernel:s0 tcontext=u:r:kernel:s0 tclass=capability permissive=1
05-13 11:00:44.260 15409 15409 I auditd : type=1400 audit(0.0:141477): avc: granted { nlmsg_readpriv } for comm="DaemonThread-6" scontext=u:r:untrusted_app_27:s0:c512,c768 tcontext=u:r:untrusted_app_27:s0:c512,c768 tclass=netlink_route_socket app=com.wandoujia.phoenix2
05-13 11:00:44.364 15290 15290 I auditd : type=1400 audit(0.0:141478): avc: denied { read } for comm="NativeThread" name="unix" dev="proc" ino=4026532262 scontext=u:r:untrusted_app_27:s0:c512,c768 tcontext=u:object_r:proc_net:s0 tclass=file permissive=1 app=com.wandoujia.phoenix2
05-13 11:00:44.364 15290 15290 I auditd : type=1400 audit(0.0:141479): avc: denied { open } for comm="NativeThread" path="/proc/15290/net/unix" dev="proc" ino=4026532262 scontext=u:r:untrusted_app_27:s0:c512,c768 tcontext=u:object_r:proc_net:s0 tclass=file permissive=1 app=com.wandoujia.phoenix2
05-13 11:00:44.364 15290 15290 I auditd : type=1400 audit(0.0:141480): avc: denied { getattr } for comm="NativeThread" path="/proc/15290/net/unix" dev="proc" ino=4026532262 scontext=u:r:untrusted_app_27:s0:c512,c768 tcontext=u:object_r:proc_net:s0 tclass=file permissive=1 app=com.wandoujia.phoenix2
05-13 11:00:44.380 15409 15409 I auditd : type=1400 audit(0.0:141481): avc: granted { nlmsg_readpriv } for comm="DaemonThread-6" scontext=u:r:untrusted_app_27:s0:c512,c768 tcontext=u:r:untrusted_app_27:s0:c512,c768 tclass=netlink_route_socket app=com.wandoujia.phoenix2
05-13 11:00:44.592 15290 15290 I auditd : type=1400 audit(0.0:141482): avc: denied { read } for comm="NativeThread" name="version" dev="proc" ino=4026532238 scontext=u:r:untrusted_app_27:s0:c512,c768 tcontext=u:object_r:proc_version:s0 tclass=file permissive=1 app=com.wandoujia.phoenix2
05-13 11:00:44.592 15290 15290 I auditd : type=1400 audit(0.0:141483): avc: denied { open } for comm="NativeThread" path="/proc/version" dev="proc" ino=4026532238 scontext=u:r:untrusted_app_27:s0:c512,c768 tcontext=u:object_r:proc_version:s0 tclass=file permissive=1 app=com.wandoujia.phoenix2
05-13 11:00:44.596 15290 15290 I auditd : type=1400 audit(0.0:141484): avc: denied { ioctl } for comm="NativeThread" path="socket:[8728292]" dev="sockfs" ino=8728292 ioctlcmd=0x8927 scontext=u:r:untrusted_app_27:s0:c512,c768 tcontext=u:r:untrusted_app_27:s0:c512,c768 tclass=udp_socket permissive=1 app=com.wandoujia.phoenix2
05-13 11:00:44.610 1525 15277 W ActivityManager: Unable to start service Intent { act=com.google.android.gms.ads.identifier.service.START pkg=com.google.android.gms } U=0: not found
05-13 11:00:44.613 15290 16179 E ActivityThread: Failed to find provider info for com.vivo.vms.IdProvider
05-13 11:00:48.664 32753 32753 I auditd : type=1400 audit(0.0:141489): avc: granted { nlmsg_readpriv } for comm="ChromiumNet0" scontext=u:r:untrusted_app_29:s0:c99,c256,c512,c768 tcontext=u:r:untrusted_app_29:s0:c99,c256,c512,c768 tclass=netlink_route_socket app=com.ss.android.article.news
05-13 11:00:50.000 1525 3075 D CompatibilityChangeReporter: Compat change id reported: 135634846; UID 10104; state: DISABLED
05-13 11:00:50.000 1525 1624 D CompatibilityChangeReporter: Compat change id reported: 143937733; UID 10104; state: ENABLED
05-13 11:00:50.008 1525 1624 I am_proc_start: [0,23525,10104,tv.danmaku.bili:web,service,{tv.danmaku.bili/com.bilibili.lib.fasthybrid.SmallAppService}]
05-13 11:00:50.008 1525 1624 I ActivityManager: Start proc 23525:tv.danmaku.bili:web/u0a104 for service {tv.danmaku.bili/com.bilibili.lib.fasthybrid.SmallAppService}
05-13 11:00:50.056 1525 3075 I am_proc_bound: [0,23525,tv.danmaku.bili:web]
05-13 11:00:50.429 1525 3075 E PackageDexUsage: Unsupported context?
05-13 11:00:50.472 845 845 I auditd : type=1400 audit(0.0:141490): avc: denied { add_name } for comm="perf@2.2-servic" name="cpu_min_freq" scontext=u:r:vendor_hal_perf_default:s0 tcontext=u:object_r:vendor_sysfs_msm_perf:s0 tclass=dir permissive=1
05-13 11:00:50.472 845 845 I auditd : type=1400 audit(0.0:141491): avc: denied { create } for comm="perf@2.2-servic" name="cpu_min_freq" scontext=u:r:vendor_hal_perf_default:s0 tcontext=u:object_r:vendor_sysfs_msm_perf:s0 tclass=file permissive=1
05-13 11:00:50.487 1525 3075 E PackageDexUsage: Unsupported context?
05-13 11:00:50.909 1525 29917 W ProcessStats: Tracking association SourceState{6ba0e71 com.tencent.android.qqdownloader:live/10094 BTopFgs #235760} whose proc state 2 is better than process ProcessState{48ac3f8 com.tencent.android.qqdownloader:daemon/10094 pkg=com.tencent.android.qqdownloader} proc state 3 (11 skipped)
05-13 11:00:50.916 23525 23525 I auditd : type=1400 audit(0.0:141492): avc: denied { open } for comm="thread_ad" path="/dev/__properties__/u:object_r:wifi_prop:s0" dev="tmpfs" ino=12810 scontext=u:r:untrusted_app:s0:c104,c256,c512,c768 tcontext=u:object_r:wifi_prop:s0 tclass=file permissive=1 app=tv.danmaku.bili
05-13 11:00:50.916 23525 23525 I auditd : type=1400 audit(0.0:141493): avc: denied { getattr } for comm="thread_ad" path="/dev/__properties__/u:object_r:wifi_prop:s0" dev="tmpfs" ino=12810 scontext=u:r:untrusted_app:s0:c104,c256,c512,c768 tcontext=u:object_r:wifi_prop:s0 tclass=file permissive=1 app=tv.danmaku.bili
05-13 11:00:50.916 23525 23525 I auditd : type=1400 audit(0.0:141494): avc: denied { map } for comm="thread_ad" path="/dev/__properties__/u:object_r:wifi_prop:s0" dev="tmpfs" ino=12810 scontext=u:r:untrusted_app:s0:c104,c256,c512,c768 tcontext=u:object_r:wifi_prop:s0 tclass=file permissive=1 app=tv.danmaku.bili
05-13 11:00:50.920 23525 23525 I auditd : type=1400 audit(0.0:141495): avc: denied { open } for comm="thread_ad" path="/dev/__properties__/u:object_r:wifi_hal_prop:s0" dev="tmpfs" ino=12808 scontext=u:r:untrusted_app:s0:c104,c256,c512,c768 tcontext=u:object_r:wifi_hal_prop:s0 tclass=file permissive=1 app=tv.danmaku.bili
05-13 11:00:50.920 23525 23525 I auditd : type=1400 audit(0.0:141496): avc: denied { getattr } for comm="thread_ad" path="/dev/__properties__/u:object_r:wifi_hal_prop:s0" dev="tmpfs" ino=12808 scontext=u:r:untrusted_app:s0:c104,c256,c512,c768 tcontext=u:object_r:wifi_hal_prop:s0 tclass=file permissive=1 app=tv.danmaku.bili
05-13 11:00:50.920 23525 23525 I auditd : type=1400 audit(0.0:141497): avc: denied { map } for comm="thread_ad" path="/dev/__properties__/u:object_r:wifi_hal_prop:s0" dev="tmpfs" ino=12808 scontext=u:r:untrusted_app:s0:c104,c256,c512,c768 tcontext=u:object_r:wifi_hal_prop:s0 tclass=file permissive=1 app=tv.danmaku.bili
05-13 11:00:50.936 23525 23525 I auditd : type=1400 audit(0.0:141498): avc: denied { search } for comm="thread_ad" name="net" dev="sysfs" ino=46867 scontext=u:r:untrusted_app:s0:c104,c256,c512,c768 tcontext=u:object_r:sysfs_net:s0 tclass=dir permissive=1 app=tv.danmaku.bili
05-13 11:00:50.975 1525 1623 W BroadcastQueue: Permission Denial: broadcasting Intent { act=android.net.conn.CONNECTIVITY_CHANGE flg=0x4200010 (has extras) } from null (pid=-1, uid=-1) requires com.tencent.bugly.BuglyBroadcastReceiver.permission due to registered receiver BroadcastFilter{46fe984 10104/u0 ReceiverList{5ef397 23525 tv.danmaku.bili:web/10104/u0 remote:5a85e16}}
05-13 11:00:51.019 1525 21112 I am_uid_running: 99016
05-13 11:00:51.019 1525 21112 D CompatibilityChangeReporter: Compat change id reported: 135634846; UID 10104; state: DISABLED
05-13 11:00:51.020 1525 1624 D CompatibilityChangeReporter: Compat change id reported: 143937733; UID 10104; state: ENABLED
05-13 11:00:51.040 1525 1624 I am_proc_start: [0,23623,99016,com.android.webview:sandboxed_process0:org.chromium.content.app.SandboxedProcessService0:0,,{tv.danmaku.bili/org.chromium.content.app.SandboxedProcessService0:0}]
05-13 11:00:51.040 1525 1624 I ActivityManager: Start proc 23623:com.android.webview:sandboxed_process0:org.chromium.content.app.SandboxedProcessService0:0/u0i16 for {tv.danmaku.bili/org.chromium.content.app.SandboxedProcessService0:0}
05-13 11:00:51.062 1525 15277 I am_proc_bound: [0,23623,com.android.webview:sandboxed_process0:org.chromium.content.app.SandboxedProcessService0:0]
05-13 11:00:52.284 0 0 I auditd : type=1400 audit(0.0:141513): avc: denied { kill } for comm="swapper/2" capability=5 scontext=u:r:kernel:s0 tcontext=u:r:kernel:s0 tclass=capability permissive=1
05-13 11:00:53.560 17626 17626 I auditd : type=1400 audit(0.0:141514): avc: denied { read } for comm="Thread-25" name="tcp" dev="proc" ino=4026532256 scontext=u:r:untrusted_app:s0:c104,c256,c512,c768 tcontext=u:object_r:proc_net_tcp_udp:s0 tclass=file permissive=1 app=tv.danmaku.bili
05-13 11:00:53.560 17626 17626 I auditd : type=1400 audit(0.0:141515): avc: denied { open } for comm="Thread-25" path="/proc/17626/net/tcp" dev="proc" ino=4026532256 scontext=u:r:untrusted_app:s0:c104,c256,c512,c768 tcontext=u:object_r:proc_net_tcp_udp:s0 tclass=file permissive=1 app=tv.danmaku.bili
05-13 11:00:53.560 17626 17626 I auditd : type=1400 audit(0.0:141516): avc: denied { getattr } for comm="Thread-25" path="/proc/17626/net/tcp" dev="proc" ino=4026532256 scontext=u:r:untrusted_app:s0:c104,c256,c512,c768 tcontext=u:object_r:proc_net_tcp_udp:s0 tclass=file permissive=1 app=tv.danmaku.bili
05-13 11:00:54.316 23525 23525 I auditd : type=1400 audit(0.0:141517): avc: granted { execute } for comm="RxIoScheduler-6" path="/data/data/tv.danmaku.bili/app_mod_resource/cache/mall/miniprogram_engine_component_armeabi-v7a/2-0/libMiniEngine.so" dev="dm-10" ino=164402 scontext=u:r:untrusted_app:s0:c104,c256,c512,c768 tcontext=u:object_r:app_data_file:s0:c104,c256,c512,c768 tclass=file app=tv.danmaku.bili
05-13 11:00:54.412 23525 23525 I auditd : type=1400 audit(0.0:141518): avc: granted { execute } for comm="RxIoScheduler-6" path="/data/data/tv.danmaku.bili/app_mod_resource/cache/mall/miniprogram_engine_armeabi-v7a/87-0/libblv8.so" dev="dm-10" ino=164655 scontext=u:r:untrusted_app:s0:c104,c256,c512,c768 tcontext=u:object_r:app_data_file:s0:c104,c256,c512,c768 tclass=file app=tv.danmaku.bili
05-13 11:00:54.444 23525 23525 I auditd : type=1400 audit(0.0:141519): avc: granted { execute } for comm="RxIoScheduler-6" path="/data/data/tv.danmaku.bili/app_mod_resource/cache/mall/miniprogram_engine_armeabi-v7a/87-0/libbcanvas.so" dev="dm-10" ino=164656 scontext=u:r:untrusted_app:s0:c104,c256,c512,c768 tcontext=u:object_r:app_data_file:s0:c104,c256,c512,c768 tclass=file app=tv.danmaku.bili
05-13 11:00:54.932 15290 15290 I auditd : type=1400 audit(0.0:141520): avc: denied { read } for comm="NativeThread" name="unix" dev="proc" ino=4026532262 scontext=u:r:untrusted_app_27:s0:c512,c768 tcontext=u:object_r:proc_net:s0 tclass=file permissive=1 app=com.wandoujia.phoenix2
05-13 11:00:54.932 15290 15290 I auditd : type=1400 audit(0.0:141521): avc: denied { open } for comm="NativeThread" path="/proc/15290/net/unix" dev="proc" ino=4026532262 scontext=u:r:untrusted_app_27:s0:c512,c768 tcontext=u:object_r:proc_net:s0 tclass=file permissive=1 app=com.wandoujia.phoenix2
05-13 11:00:54.932 15290 15290 I auditd : type=1400 audit(0.0:141522): avc: denied { getattr } for comm="NativeThread" path="/proc/15290/net/unix" dev="proc" ino=4026532262 scontext=u:r:untrusted_app_27:s0:c512,c768 tcontext=u:object_r:proc_net:s0 tclass=file permissive=1 app=com.wandoujia.phoenix2
05-13 11:00:55.177 1525 9708 W ActivityManager: Unable to start service Intent { act=com.google.android.gms.ads.identifier.service.START pkg=com.google.android.gms } U=0: not found
05-13 11:00:55.178 15290 16179 E ActivityThread: Failed to find provider info for com.vivo.vms.IdProvider
05-13 11:00:59.105 1525 1621 I am_pss : [11231,10094,com.tencent.android.qqdownloader:live,48443392,46411776,60416,129191936,0,5,11]
05-13 11:01:04.764 1525 1623 W ProcessStats: Tracking association SourceState{6ba0e71 com.tencent.android.qqdownloader:live/10094 BTopFgs #235795} whose proc state 2 is better than process ProcessState{48ac3f8 com.tencent.android.qqdownloader:daemon/10094 pkg=com.tencent.android.qqdownloader} proc state 3 (9 skipped)
05-13 11:01:04.770 1525 1525 D CompatibilityChangeReporter: Compat change id reported: 135634846; UID 10110; state: DISABLED
05-13 11:01:04.770 1525 1525 D CompatibilityChangeReporter: Compat change id reported: 177438394; UID 10110; state: DISABLED
05-13 11:01:04.770 1525 1525 D CompatibilityChangeReporter: Compat change id reported: 135772972; UID 10110; state: DISABLED
05-13 11:01:04.771 1525 1624 D CompatibilityChangeReporter: Compat change id reported: 143937733; UID 10110; state: ENABLED
05-13 11:01:04.783 1525 1624 I am_proc_start: [0,23723,10110,com.ss.android.lark:wschannel,service,{com.ss.android.lark/com.taobao.accs.internal.AccsJobService}]
05-13 11:01:04.783 1525 1624 I ActivityManager: Start proc 23723:com.ss.android.lark:wschannel/u0a110 for service {com.ss.android.lark/com.taobao.accs.internal.AccsJobService}
05-13 11:01:04.786 1525 1894 I sync : [com.tencent.android.qqdownloader.YYBLiveAccountProvider,0,3,24220937]
05-13 11:01:04.808 1525 1894 I sync : [com.tencent.android.qqdownloader.YYBLiveAccountProvider,1,3,24220937]
05-13 11:01:04.811 1525 9708 I am_proc_bound: [0,23723,com.ss.android.lark:wschannel]
05-13 11:01:04.812 1525 1894 I commit_sys_config_file: [sync-status,168883034]
05-13 11:01:04.815 1525 9708 D CompatibilityChangeReporter: Compat change id reported: 168419799; UID 10110; state: DISABLED
05-13 11:01:04.821 1525 1894 I sync : [com.tencent.android.qqdownloader.YYBLiveAccountProvider,0,3,24220937]
05-13 11:01:04.840 1525 1894 I sync : [com.tencent.android.qqdownloader.YYBLiveAccountProvider,1,3,24220937]
05-13 11:01:04.843 1525 1894 I commit_sys_config_file: [sync-status,168883064]
05-13 11:01:05.016 845 845 I auditd : type=1400 audit(0.0:141530): avc: denied { create } for comm="perf@2.2-servic" name="cpu_min_freq" scontext=u:r:vendor_hal_perf_default:s0 tcontext=u:object_r:vendor_sysfs_msm_perf:s0 tclass=file permissive=1
05-13 11:01:05.445 1525 1829 I GameModeConfig: isGameModeOn = false
05-13 11:01:05.449 1525 1829 I GameModeConfig: isGameModeOn = false
05-13 11:01:05.449 1525 1829 I GameModeConfig: isGameModeOn = false
05-13 11:01:05.450 1525 1829 I GameModeConfig: isGameModeOn = false
05-13 11:01:05.451 1525 1829 I GameModeConfig: isGameModeOn = false
05-13 11:01:05.451 1525 1829 I GameModeConfig: isGameModeOn = false
05-13 11:01:05.451 1525 1829 I GameModeConfig: isGameModeOn = false
05-13 11:01:05.451 1525 1829 I GameModeConfig: isGameModeOn = false
05-13 11:01:05.451 1525 1829 I GameModeConfig: isGameModeOn = false
05-13 11:01:05.451 1525 1829 I GameModeConfig: isGameModeOn = false
05-13 11:01:05.451 1525 1829 I GameModeConfig: isGameModeOn = false
05-13 11:01:05.451 1525 1829 I GameModeConfig: isGameModeOn = false
05-13 11:01:05.451 1525 1829 I GameModeConfig: isGameModeOn = false
05-13 11:01:05.452 1525 1829 I GameModeConfig: isGameModeOn = false
05-13 11:01:05.452 1525 1829 I GameModeConfig: isGameModeOn = false
05-13 11:01:05.452 1525 1829 I GameModeConfig: isGameModeOn = false
05-13 11:01:05.452 1525 1829 I GameModeConfig: isGameModeOn = false
05-13 11:01:05.452 1525 1829 I GameModeConfig: isGameModeOn = false
05-13 11:01:05.452 1525 1829 I GameModeConfig: isGameModeOn = false
05-13 11:01:05.452 1525 1829 I GameModeConfig: isGameModeOn = false
05-13 11:01:05.452 1525 1829 I GameModeConfig: isGameModeOn = false
05-13 11:01:05.452 1525 1829 I GameModeConfig: isGameModeOn = false
05-13 11:01:05.452 1525 1829 I GameModeConfig: isGameModeOn = false
05-13 11:01:05.453 1525 1829 I GameModeConfig: isGameModeOn = false
05-13 11:01:05.453 1525 1829 I GameModeConfig: isGameModeOn = false
05-13 11:01:05.453 1525 1829 I GameModeConfig: isGameModeOn = false
05-13 11:01:05.576 15290 15290 I auditd : type=1400 audit(0.0:141531): avc: denied { read } for comm="NativeThread" name="unix" dev="proc" ino=4026532262 scontext=u:r:untrusted_app_27:s0:c512,c768 tcontext=u:object_r:proc_net:s0 tclass=file permissive=1 app=com.wandoujia.phoenix2
05-13 11:01:05.576 15290 15290 I auditd : type=1400 audit(0.0:141532): avc: denied { open } for comm="NativeThread" path="/proc/15290/net/unix" dev="proc" ino=4026532262 scontext=u:r:untrusted_app_27:s0:c512,c768 tcontext=u:object_r:proc_net:s0 tclass=file permissive=1 app=com.wandoujia.phoenix2
05-13 11:01:05.576 15290 15290 I auditd : type=1400 audit(0.0:141533): avc: denied { getattr } for comm="NativeThread" path="/proc/15290/net/unix" dev="proc" ino=4026532262 scontext=u:r:untrusted_app_27:s0:c512,c768 tcontext=u:object_r:proc_net:s0 tclass=file permissive=1 app=com.wandoujia.phoenix2
05-13 11:01:05.816 15290 15290 I auditd : type=1400 audit(0.0:141534): avc: denied { read } for comm="NativeThread" name="version" dev="proc" ino=4026532238 scontext=u:r:untrusted_app_27:s0:c512,c768 tcontext=u:object_r:proc_version:s0 tclass=file permissive=1 app=com.wandoujia.phoenix2
05-13 11:01:05.832 1525 15277 W ActivityManager: Unable to start service Intent { act=com.google.android.gms.ads.identifier.service.START pkg=com.google.android.gms } U=0: not found
05-13 11:01:05.833 15290 16179 E ActivityThread: Failed to find provider info for com.vivo.vms.IdProvider
05-13 11:01:06.284 0 0 I auditd : type=1400 audit(0.0:141541): avc: denied { kill } for comm="swapper/3" capability=5 scontext=u:r:kernel:s0 tcontext=u:r:kernel:s0 tclass=capability permissive=1
05-13 11:01:06.813 1525 1606 I commit_sys_config_file: [jobs,5]
05-13 11:01:07.233 1525 9708 W ActivityManager: Background start not allowed: service Intent { cmp=com.ss.android.lark/.wschannel.WschannelLaunchService } to com.ss.android.lark/.wschannel.WschannelLaunchService from pid=23723 uid=10110 pkg=com.ss.android.lark startFg?=false
05-13 11:01:07.284 20801 20801 I auditd : type=1400 audit(0.0:141542): avc: denied { kill } for comm="kworker/u16:13" capability=5 scontext=u:r:kernel:s0 tcontext=u:r:kernel:s0 tclass=capability permissive=1
05-13 11:01:09.694 1525 1525 I notification_enqueue: [10094,11210,com.tencent.android.qqdownloader,127,NULL,0,Notification(channel=channel_id_default_silent shortcut=null contentView=com.tencent.android.qqdownloader/0x7f0a01c2 vibrate=null sound=null defaults=0x0 flags=0x2a2 color=0x00000000 groupKey=com.tencent.android.qqdownloader vis=PRIVATE),1]
05-13 11:01:09.897 1525 1525 I GameModeConfig: isGameModeOn = false
05-13 11:01:10.008 678 678 I auditd : type=1400 audit(0.0:141543): avc: denied { add_name } for comm="Binder:678_4" name="globalAlert" scontext=u:r:netd:s0 tcontext=u:object_r:proc_net:s0 tclass=dir permissive=1
05-13 11:01:10.008 678 678 I auditd : type=1400 audit(0.0:141544): avc: denied { create } for comm="Binder:678_4" name="globalAlert" scontext=u:r:netd:s0 tcontext=u:object_r:proc_net:s0 tclass=file permissive=1
05-13 11:01:10.011 1525 1812 I netstats_mobile_sample: [0,0,0,0,0,0,0,0,0,0,0,0,1683946870011]
05-13 11:01:10.011 1525 1812 I netstats_wifi_sample: [9377004550,8719322,2376441903,7329749,9377004550,8719322,2376441903,7329749,11700592567,11800664,1331694198,5219224,1683946870011]
05-13 11:01:12.256 1525 29917 I netstats_mobile_sample: [0,0,0,0,0,0,0,0,0,0,0,0,1683946872256]
05-13 11:01:12.256 1525 29917 I netstats_wifi_sample: [9377025686,8719369,2376481485,7329833,9377025686,8719369,2376481485,7329833,11700662031,11800772,1331714662,5219270,1683946872256]
05-13 11:01:15.507 1525 29917 W ProcessStats: Tracking association SourceState{6ba0e71 com.tencent.android.qqdownloader:live/10094 BTopFgs #235851} whose proc state 2 is better than process ProcessState{48ac3f8 com.tencent.android.qqdownloader:daemon/10094 pkg=com.tencent.android.qqdownloader} proc state 3 (25 skipped)
05-13 11:01:15.538 1525 1621 I am_pss : [23525,10104,tv.danmaku.bili:web,152632320,110919680,211968,284573696,0,10,20]
05-13 11:01:16.064 15290 15290 I auditd : type=1400 audit(0.0:141545): avc: granted { nlmsg_readpriv } for comm="DaemonThread-6" scontext=u:r:untrusted_app_27:s0:c512,c768 tcontext=u:r:untrusted_app_27:s0:c512,c768 tclass=netlink_route_socket app=com.wandoujia.phoenix2
05-13 11:01:16.220 15290 15290 I auditd : type=1400 audit(0.0:141546): avc: granted { nlmsg_readpriv } for comm="DaemonThread-6" scontext=u:r:untrusted_app_27:s0:c512,c768 tcontext=u:r:untrusted_app_27:s0:c512,c768 tclass=netlink_route_socket app=com.wandoujia.phoenix2
05-13 11:01:16.388 15290 15290 I auditd : type=1400 audit(0.0:141547): avc: denied { read } for comm="NativeThread" name="version" dev="proc" ino=4026532238 scontext=u:r:untrusted_app_27:s0:c512,c768 tcontext=u:object_r:proc_version:s0 tclass=file permissive=1 app=com.wandoujia.phoenix2
05-13 11:01:16.388 15290 15290 I auditd : type=1400 audit(0.0:141548): avc: denied { open } for comm="NativeThread" path="/proc/version" dev="proc" ino=4026532238 scontext=u:r:untrusted_app_27:s0:c512,c768 tcontext=u:object_r:proc_version:s0 tclass=file permissive=1 app=com.wandoujia.phoenix2
05-13 11:01:16.392 15290 15290 I auditd : type=1400 audit(0.0:141549): avc: denied { ioctl } for comm="NativeThread" path="socket:[8752690]" dev="sockfs" ino=8752690 ioctlcmd=0x8927 scontext=u:r:untrusted_app_27:s0:c512,c768 tcontext=u:r:untrusted_app_27:s0:c512,c768 tclass=udp_socket permissive=1 app=com.wandoujia.phoenix2
05-13 11:01:16.392 15290 15290 I auditd : type=1400 audit(0.0:141550): avc: granted { bind } for comm="NativeThread" scontext=u:r:untrusted_app_27:s0:c512,c768 tcontext=u:r:untrusted_app_27:s0:c512,c768 tclass=netlink_route_socket app=com.wandoujia.phoenix2
05-13 11:01:16.405 1525 2055 W ActivityManager: Unable to start service Intent { act=com.google.android.gms.ads.identifier.service.START pkg=com.google.android.gms } U=0: not found
05-13 11:01:16.406 15290 16179 E ActivityThread: Failed to find provider info for com.vivo.vms.IdProvider
05-13 11:01:21.892 20705 20705 I auditd : type=1400 audit(0.0:141560): avc: denied { open } for comm="ss.android.lark" path="/proc/vmstat" dev="proc" ino=4026531858 scontext=u:r:untrusted_app:s0:c110,c256,c512,c768 tcontext=u:object_r:proc_vmstat:s0 tclass=file permissive=1 app=com.ss.android.lark
05-13 11:01:21.892 20705 20705 I auditd : type=1400 audit(0.0:141561): avc: denied { getattr } for comm="ss.android.lark" path="/proc/vmstat" dev="proc" ino=4026531858 scontext=u:r:untrusted_app:s0:c110,c256,c512,c768 tcontext=u:object_r:proc_vmstat:s0 tclass=file permissive=1 app=com.ss.android.lark
05-13 11:01:23.700 17626 17626 I auditd : type=1400 audit(0.0:141562): avc: denied { read } for comm="Thread-25" name="tcp" dev="proc" ino=4026532256 scontext=u:r:untrusted_app:s0:c104,c256,c512,c768 tcontext=u:object_r:proc_net_tcp_udp:s0 tclass=file permissive=1 app=tv.danmaku.bili
05-13 11:01:23.700 17626 17626 I auditd : type=1400 audit(0.0:141563): avc: denied { open } for comm="Thread-25" path="/proc/17626/net/tcp" dev="proc" ino=4026532256 scontext=u:r:untrusted_app:s0:c104,c256,c512,c768 tcontext=u:object_r:proc_net_tcp_udp:s0 tclass=file permissive=1 app=tv.danmaku.bili
05-13 11:01:23.700 17626 17626 I auditd : type=1400 audit(0.0:141564): avc: denied { getattr } for comm="Thread-25" path="/proc/17626/net/tcp" dev="proc" ino=4026532256 scontext=u:r:untrusted_app:s0:c104,c256,c512,c768 tcontext=u:object_r:proc_net_tcp_udp:s0 tclass=file permissive=1 app=tv.danmaku.bili
05-13 11:01:24.160 16321 16321 I auditd : type=1400 audit(0.0:141565): avc: granted { nlmsg_readpriv } for comm="DaemonThread-6" scontext=u:r:untrusted_app_27:s0:c512,c768 tcontext=u:r:untrusted_app_27:s0:c512,c768 tclass=netlink_route_socket app=com.wandoujia.phoenix2
05-13 11:01:24.288 16321 16321 I auditd : type=1400 audit(0.0:141566): avc: granted { nlmsg_readpriv } for comm="DaemonThread-6" scontext=u:r:untrusted_app_27:s0:c512,c768 tcontext=u:r:untrusted_app_27:s0:c512,c768 tclass=netlink_route_socket app=com.wandoujia.phoenix2
05-13 11:01:26.284 0 0 I auditd : type=1400 audit(0.0:141567): avc: denied { kill } for comm="swapper/3" capability=5 scontext=u:r:kernel:s0 tcontext=u:r:kernel:s0 tclass=capability permissive=1
05-13 11:01:26.948 15290 15290 I auditd : type=1400 audit(0.0:141568): avc: granted { bind } for comm="NativeThread" scontext=u:r:untrusted_app_27:s0:c512,c768 tcontext=u:r:untrusted_app_27:s0:c512,c768 tclass=netlink_route_socket app=com.wandoujia.phoenix2
05-13 11:01:26.948 15290 15290 I auditd : type=1400 audit(0.0:141569): avc: granted { nlmsg_readpriv } for comm="NativeThread" scontext=u:r:untrusted_app_27:s0:c512,c768 tcontext=u:r:untrusted_app_27:s0:c512,c768 tclass=netlink_route_socket app=com.wandoujia.phoenix2
05-13 11:01:26.948 15290 15290 I auditd : type=1400 audit(0.0:141570): avc: denied { getattr } for comm="NativeThread" path="/data/data/com.android.htmlviewer" dev="dm-10" ino=1758 scontext=u:r:untrusted_app_27:s0:c512,c768 tcontext=u:object_r:app_data_file:s0:c46,c256,c512,c768 tclass=dir permissive=1 app=com.wandoujia.phoenix2
05-13 11:01:26.948 15290 15290 I auditd : type=1400 audit(0.0:141571): avc: denied { getattr } for comm="NativeThread" path="/data/data/com.android.printspooler" dev="dm-10" ino=1894 scontext=u:r:untrusted_app_27:s0:c512,c768 tcontext=u:object_r:app_data_file:s0:c41,c256,c512,c768 tclass=dir permissive=1 app=com.wandoujia.phoenix2
05-13 11:01:26.959 1525 29917 W ActivityManager: Unable to start service Intent { act=com.google.android.gms.ads.identifier.service.START pkg=com.google.android.gms } U=0: not found
05-13 11:01:26.961 15290 16179 E ActivityThread: Failed to find provider info for com.vivo.vms.IdProvider
05-13 11:01:32.477 1525 2055 I netstats_mobile_sample: [0,0,0,0,0,0,0,0,0,0,0,0,1683946892477]
05-13 11:01:32.478 1525 2055 I netstats_wifi_sample: [9377879251,8720251,2376758611,7330596,9377879251,8720251,2376758611,7330596,11701784595,11802013,1331868528,5219782,1683946892477]
05-13 11:01:33.284 2802 2802 I auditd : type=1400 audit(0.0:141572): avc: denied { kill } for comm="dcm_main" capability=5 scontext=u:r:hht_ota_mgr:s0 tcontext=u:r:hht_ota_mgr:s0 tclass=capability permissive=1
05-13 11:01:36.416 1525 2055 I ActivityManager: Killing 7892:com.ss.android.article.news:sandboxed_process5/u0a99 (adj 925): empty for 1808s
05-13 11:01:36.416 1525 2055 I am_kill : [0,7892,com.ss.android.article.news:sandboxed_process5,925,empty for 1808s]
05-13 11:01:36.418 1525 2055 W ProcessStats: Tracking association SourceState{6ba0e71 com.tencent.android.qqdownloader:live/10094 BTopFgs #235873} whose proc state 2 is better than process ProcessState{48ac3f8 com.tencent.android.qqdownloader:daemon/10094 pkg=com.tencent.android.qqdownloader} proc state 3 (8 skipped)
05-13 11:01:36.441 1525 1621 I am_pss : [23525,10104,tv.danmaku.bili:web,152587264,110833664,189440,284540928,0,10,19]
05-13 11:01:36.458 1525 2055 I am_proc_died: [0,7892,com.ss.android.article.news:sandboxed_process5,925,19]
05-13 11:01:36.459 1525 2055 W ActivityManager: Scheduling restart of crashed service com.ss.android.article.news/com.bytedance.org.chromium.content.app.SandboxedProcessService4 in 1000ms for connection
05-13 11:01:36.459 1525 2055 I am_schedule_service_restart: [0,com.ss.android.article.news/com.bytedance.org.chromium.content.app.SandboxedProcessService4,1000]
05-13 11:01:36.477 1525 1621 I am_pss : [21078,1000,com.android.settings,125232128,114098176,3963904,210345984,0,15,14]
05-13 11:01:36.493 1525 1621 I am_pss : [23723,10110,com.ss.android.lark:wschannel,116159488,109203456,59392,211705856,0,19,14]
05-13 11:01:36.504 1525 1621 I am_pss : [23623,99016,com.android.webview:sandboxed_process0:org.chromium.content.app.SandboxedProcessService0:0,44718080,24363008,327680,132710400,0,10,9]
05-13 11:01:36.519 1525 1621 I am_pss : [16440,10096,com.ximalaya.ting.android,77481984,70488064,3641344,156762112,0,19,14]
05-13 11:01:36.552 1525 29917 D CompatibilityChangeReporter: Compat change id reported: 135634846; UID 10099; state: DISABLED
05-13 11:01:36.552 1525 1624 D CompatibilityChangeReporter: Compat change id reported: 143937733; UID 10099; state: DISABLED
05-13 11:01:36.562 1525 1624 I am_proc_start: [0,23908,10099,com.ss.android.article.news:sandboxed_process6,service,{com.ss.android.article.news/com.bytedance.org.chromium.content.app.SandboxedProcessService5}]
05-13 11:01:36.562 1525 1624 I ActivityManager: Start proc 23908:com.ss.android.article.news:sandboxed_process6/u0a99 for service {com.ss.android.article.news/com.bytedance.org.chromium.content.app.SandboxedProcessService5}
05-13 11:01:36.590 1525 29917 I am_proc_bound: [0,23908,com.ss.android.article.news:sandboxed_process6]
05-13 11:01:36.640 845 845 I auditd : type=1400 audit(0.0:141573): avc: denied { add_name } for comm="perf@2.2-servic" name="cpu_min_freq" scontext=u:r:vendor_hal_perf_default:s0 tcontext=u:object_r:vendor_sysfs_msm_perf:s0 tclass=dir permissive=1
05-13 11:01:36.640 845 845 I auditd : type=1400 audit(0.0:141574): avc: denied { create } for comm="perf@2.2-servic" name="cpu_min_freq" scontext=u:r:vendor_hal_perf_default:s0 tcontext=u:object_r:vendor_sysfs_msm_perf:s0 tclass=file permissive=1
05-13 11:01:36.936 23908 23908 I auditd : type=1400 audit(0.0:141575): avc: granted { execute } for comm="dboxed_process6" path="/data/user/0/com.ss.android.article.news/files/webview_bytedance/cfb0f2854b94bcdd1f4795222b75d38f_md5/libwebviewbytedance.so" dev="dm-10" ino=33921 scontext=u:r:untrusted_app_29:s0:c99,c256,c512,c768 tcontext=u:object_r:app_data_file:s0:c99,c256,c512,c768 tclass=file app=com.ss.android.article.news
05-13 11:01:37.284 0 0 I auditd : type=1400 audit(0.0:141576): avc: denied { kill } for comm="swapper/1" capability=5 scontext=u:r:kernel:s0 tcontext=u:r:kernel:s0 tclass=capability permissive=1
05-13 11:01:37.404 15290 15290 I auditd : type=1400 audit(0.0:141577): avc: denied { read } for comm="NativeThread" name="version" dev="proc" ino=4026532238 scontext=u:r:untrusted_app_27:s0:c512,c768 tcontext=u:object_r:proc_version:s0 tclass=file permissive=1 app=com.wandoujia.phoenix2
05-13 11:01:37.404 15290 15290 I auditd : type=1400 audit(0.0:141578): avc: denied { open } for comm="NativeThread" path="/proc/version" dev="proc" ino=4026532238 scontext=u:r:untrusted_app_27:s0:c512,c768 tcontext=u:object_r:proc_version:s0 tclass=file permissive=1 app=com.wandoujia.phoenix2
05-13 11:01:37.404 15290 15290 I auditd : type=1400 audit(0.0:141579): avc: denied { ioctl } for comm="NativeThread" path="socket:[8752808]" dev="sockfs" ino=8752808 ioctlcmd=0x8927 scontext=u:r:untrusted_app_27:s0:c512,c768 tcontext=u:r:untrusted_app_27:s0:c512,c768 tclass=udp_socket permissive=1 app=com.wandoujia.phoenix2
05-13 11:01:37.413 15290 16179 I service_manager_stats: [200,170,834895]
05-13 11:01:37.415 1525 15277 W ActivityManager: Unable to start service Intent { act=com.google.android.gms.ads.identifier.service.START pkg=com.google.android.gms } U=0: not found
05-13 11:01:37.416 15290 16179 E ActivityThread: Failed to find provider info for com.vivo.vms.IdProvider
05-13 11:01:39.773 1525 1894 I sync : [com.tencent.android.qqdownloader.YYBLiveAccountProvider,0,3,24220937]
05-13 11:01:39.796 1525 1894 I sync : [com.tencent.android.qqdownloader.YYBLiveAccountProvider,1,3,24220937]
05-13 11:01:39.801 1525 1894 I commit_sys_config_file: [sync-status,168918023]
05-13 11:01:39.808 1525 1894 I sync : [com.tencent.android.qqdownloader.YYBLiveAccountProvider,0,3,24220937]
05-13 11:01:39.826 1525 1894 I sync : [com.tencent.android.qqdownloader.YYBLiveAccountProvider,1,3,24220937]
05-13 11:01:39.829 1525 1894 I commit_sys_config_file: [sync-status,168918051]
05-13 11:01:41.800 1525 1606 I commit_sys_config_file: [jobs,4]
05-13 11:01:44.392 15409 15409 I auditd : type=1400 audit(0.0:141583): avc: granted { nlmsg_readpriv } for comm="DaemonThread-6" scontext=u:r:untrusted_app_27:s0:c512,c768 tcontext=u:r:untrusted_app_27:s0:c512,c768 tclass=netlink_route_socket app=com.wandoujia.phoenix2
05-13 11:01:44.496 15409 15409 I auditd : type=1400 audit(0.0:141584): avc: granted { nlmsg_readpriv } for comm="DaemonThread-6" scontext=u:r:untrusted_app_27:s0:c512,c768 tcontext=u:r:untrusted_app_27:s0:c512,c768 tclass=netlink_route_socket app=com.wandoujia.phoenix2
05-13 11:01:45.284 16616 16616 I auditd : type=1400 audit(0.0:141585): avc: denied { kill } for comm="kworker/u16:7" capability=5 scontext=u:r:kernel:s0 tcontext=u:r:kernel:s0 tclass=capability permissive=1
05-13 11:01:45.981 1525 1623 I am_uid_idle: 10065
05-13 11:01:48.000 15290 15290 I auditd : type=1400 audit(0.0:141586): avc: denied { read } for comm="NativeThread" name="version" dev="proc" ino=4026532238 scontext=u:r:untrusted_app_27:s0:c512,c768 tcontext=u:object_r:proc_version:s0 tclass=file permissive=1 app=com.wandoujia.phoenix2
05-13 11:01:48.000 15290 15290 I auditd : type=1400 audit(0.0:141587): avc: denied { open } for comm="NativeThread" path="/proc/version" dev="proc" ino=4026532238 scontext=u:r:untrusted_app_27:s0:c512,c768 tcontext=u:object_r:proc_version:s0 tclass=file permissive=1 app=com.wandoujia.phoenix2
05-13 11:01:48.004 15290 15290 I auditd : type=1400 audit(0.0:141588): avc: granted { bind } for comm="NativeThread" scontext=u:r:untrusted_app_27:s0:c512,c768 tcontext=u:r:untrusted_app_27:s0:c512,c768 tclass=netlink_route_socket app=com.wandoujia.phoenix2
05-13 11:01:48.004 15290 15290 I auditd : type=1400 audit(0.0:141589): avc: granted { nlmsg_readpriv } for comm="NativeThread" scontext=u:r:untrusted_app_27:s0:c512,c768 tcontext=u:r:untrusted_app_27:s0:c512,c768 tclass=netlink_route_socket app=com.wandoujia.phoenix2
05-13 11:01:48.004 15290 15290 I auditd : type=1400 audit(0.0:141590): avc: denied { getattr } for comm="NativeThread" path="/data/data/com.android.htmlviewer" dev="dm-10" ino=1758 scontext=u:r:untrusted_app_27:s0:c512,c768 tcontext=u:object_r:app_data_file:s0:c46,c256,c512,c768 tclass=dir permissive=1 app=com.wandoujia.phoenix2
05-13 11:01:48.004 15290 15290 I auditd : type=1400 audit(0.0:141591): avc: denied { getattr } for comm="NativeThread" path="/data/data/com.android.printspooler" dev="dm-10" ino=1894 scontext=u:r:untrusted_app_27:s0:c512,c768 tcontext=u:object_r:app_data_file:s0:c41,c256,c512,c768 tclass=dir permissive=1 app=com.wandoujia.phoenix2
05-13 11:01:48.018 1525 15277 W ActivityManager: Unable to start service Intent { act=com.google.android.gms.ads.identifier.service.START pkg=com.google.android.gms } U=0: not found
05-13 11:01:48.019 15290 16179 E ActivityThread: Failed to find provider info for com.vivo.vms.IdProvider
05-13 11:01:49.183 1525 3075 W ProcessStats: Tracking association SourceState{6ba0e71 com.tencent.android.qqdownloader:live/10094 BTopFgs #235915} whose proc state 2 is better than process ProcessState{48ac3f8 com.tencent.android.qqdownloader:daemon/10094 pkg=com.tencent.android.qqdownloader} proc state 3 (21 skipped)
05-13 11:01:51.688 1525 1812 I netstats_mobile_sample: [0,0,0,0,0,0,0,0,0,0,0,0,1683946911688]
05-13 11:01:51.689 1525 1812 I netstats_wifi_sample: [9378723021,8721097,2377014988,7331338,9378723021,8721097,2377014988,7331338,11702860174,11803183,1332009791,5220289,1683946911688]
