05-13 11:10:19.483 1525 2599 I Telecom : QuiescentEarpieceRoute: Processing message BLUETOOTH_DEVICE_LIST_CHANGED: BSR.oR->CARSM.pM_BLUETOOTH_DEVICE_LIST_CHANGED@ANg
05-13 11:10:19.483 1525 2599 I Telecom : Logging.Events: Non-call EVENT: AUDIO_ROUTE, Bluetooth device list changed: BSR.oR->CARSM.pM_BLUETOOTH_DEVICE_LIST_CHANGED@ANg
05-13 11:10:19.663 1525 1525 I Telecom : WiredHeadsetManager: ACTION_HEADSET_PLUG event, plugged in: false, : WHC.oADA@ANk
05-13 11:10:19.669 1525 2077 I stream_devices_changed: [3,2,128]
05-13 11:10:19.715 1525 1835 I stream_devices_changed: [6,1,128]
05-13 11:10:19.840 1525 1621 I am_pss : [6364,10067,com.android.webview:webview_service,12498944,4247552,6392832,48136192,0,4,5]
05-13 11:10:19.858 1525 1621 I am_pss : [2636,10075,com.android.launcher3,75488256,65323008,6540288,159719424,0,5,10]
05-13 11:10:19.869 1525 1621 I am_pss : [3378,10036,com.baidu.input,73062400,63901696,5384192,160374784,0,7,10]
05-13 11:10:19.879 1525 1621 I am_pss : [2996,10092,com.android.providers.media.module,27188224,23265280,1688576,106446848,0,0,7]
05-13 11:10:19.885 1525 1621 I am_pss : [2433,10093,android.ext.services,11939840,7733248,2344960,86700032,0,5,6]
05-13 11:10:19.891 1525 1621 I am_pss : [3173,10074,com.qualcomm.location.XT,5703680,970752,3221504,74711040,0,6,5]
05-13 11:10:19.897 1525 1621 I am_pss : [2765,10072,com.qualcomm.location,7481344,2134016,3463168,79818752,0,0,5]
05-13 11:10:19.904 1525 1621 I am_pss : [2201,1073,com.android.networkstack.process,12564480,8343552,2237440,87281664,0,0,6]
05-13 11:10:19.912 1525 1621 I am_pss : [2124,1001,.dataservices,7028736,2072576,3450880,75022336,0,0,6]
05-13 11:10:19.932 1525 1621 I am_pss : [1914,10079,com.android.systemui,266450944,229916672,27649024,341426176,0,0,18]
05-13 11:10:19.955 1525 1621 I am_pss : [1525,1000,system,251626496,172843008,7302144,492462080,0,0,22]
05-13 11:10:20.187 1525 1525 I notification_enqueue: [10094,11210,com.tencent.android.qqdownloader,127,NULL,0,Notification(channel=channel_id_default_silent shortcut=null contentView=com.tencent.android.qqdownloader/0x7f0a01c2 vibrate=null sound=null defaults=0x0 flags=0x2a2 color=0x00000000 groupKey=com.tencent.android.qqdownloader vis=PRIVATE),1]
05-13 11:10:20.389 1525 1525 I GameModeConfig: isGameModeOn = false
05-13 11:10:21.284 22594 22594 I auditd : type=1400 audit(0.0:142646): avc: denied { kill } for comm="kworker/u16:14" capability=5 scontext=u:r:kernel:s0 tcontext=u:r:kernel:s0 tclass=capability permissive=1
05-13 11:10:21.900 20705 20705 I auditd : type=1400 audit(0.0:142647): avc: denied { open } for comm="ss.android.lark" path="/proc/vmstat" dev="proc" ino=4026531858 scontext=u:r:untrusted_app:s0:c110,c256,c512,c768 tcontext=u:object_r:proc_vmstat:s0 tclass=file permissive=1 app=com.ss.android.lark
05-13 11:10:21.900 20705 20705 I auditd : type=1400 audit(0.0:142648): avc: denied { getattr } for comm="ss.android.lark" path="/proc/vmstat" dev="proc" ino=4026531858 scontext=u:r:untrusted_app:s0:c110,c256,c512,c768 tcontext=u:object_r:proc_vmstat:s0 tclass=file permissive=1 app=com.ss.android.lark
05-13 11:10:22.197 1525 3646 W NotificationService: Toast already killed. pkg=com.android.settings token=android.os.BinderProxy@c9d8e37
05-13 11:10:23.245 1525 1794 I input_interaction: Interaction with: f076fbc com.android.settings/com.android.settings.homepage.SettingsHomepageActivity (server), edge-swipe (server), swipe-up (server), PointerEventDispatcher0 (server),
05-13 11:10:23.275 1525 2042 I wm_task_moved: [1,0,0]
05-13 11:10:23.276 1525 2042 I wm_task_moved: [1,0,7]
05-13 11:10:23.278 1525 1607 W ProcessStats: Tracking association SourceState{6ba0e71 com.tencent.android.qqdownloader:live/10094 BTopFgs #236805} whose proc state 2 is better than process ProcessState{48ac3f8 com.tencent.android.qqdownloader:daemon/10094 pkg=com.tencent.android.qqdownloader} proc state 3 (13 skipped)
05-13 11:10:23.282 21078 21078 I view_enqueue_input_event: [Motion - Cancel,com.android.settings/com.android.settings.homepage.SettingsHomepageActivity]
05-13 11:10:23.290 1525 1603 D AutofillManagerService: Close system dialogs
05-13 11:10:23.319 2636 2636 I wm_on_restart_called: [218463797,com.android.launcher3.uioverrides.QuickstepLauncher,performRestartActivity]
05-13 11:10:23.371 2636 2636 I wm_on_start_called: [218463797,com.android.launcher3.uioverrides.QuickstepLauncher,handleStartActivity]
05-13 11:10:23.398 1525 1609 I input_focus: [Focus request recents_animation_input_consumer,reason=UpdateInputWindows]
05-13 11:10:23.410 2636 2636 I sysui_latency: [1,166]
05-13 11:10:23.418 1525 1794 I input_focus: [Focus leaving f076fbc com.android.settings/com.android.settings.homepage.SettingsHomepageActivity (server),reason=NOT_FOCUSABLE]
05-13 11:10:23.418 1525 1794 I input_focus: [Focus entering recents_animation_input_consumer (server),reason=setFocusedWindow]
05-13 11:10:23.442 1525 1603 I sysui_multi_action: [319,5,322,142,325,169463,757,761,758,9,759,5,806,com.android.launcher3,871,com.android.launcher3.uioverrides.QuickstepLauncher,905,0,1320,4,1321,1]
05-13 11:10:23.574 1525 1782 I commit_sys_config_file: [settings-1-0,8]
05-13 11:10:23.720 1525 1621 I sysui_latency: [8,166]
05-13 11:10:23.964 845 845 I auditd : type=1400 audit(0.0:142649): avc: denied { add_name } for comm="perf@2.2-servic" name="min_freq" scontext=u:r:vendor_hal_perf_default:s0 tcontext=u:object_r:vendor_sysfs_devfreq:s0 tclass=dir permissive=1
05-13 11:10:23.964 845 845 I auditd : type=1400 audit(0.0:142650): avc: denied { add_name } for comm="perf@2.2-servic" name="cpu_min_freq" scontext=u:r:vendor_hal_perf_default:s0 tcontext=u:object_r:vendor_sysfs_msm_perf:s0 tclass=dir permissive=1
05-13 11:10:24.039 1525 3316 I wm_task_moved: [1,1,8]
05-13 11:10:24.040 1525 3316 I wm_task_moved: [317,1,2147483647]
05-13 11:10:24.040 1525 3316 I wm_task_to_front: [0,317]
05-13 11:10:24.040 1525 3316 I wm_focused_root_task: [0,0,1,345,RecentsAnimation.onAnimationFinished()]
05-13 11:10:24.040 1525 3316 I wm_set_resumed_activity: [0,com.android.launcher3/.uioverrides.QuickstepLauncher,RecentsAnimation.onAnimationFinished()]
05-13 11:10:24.041 21078 21078 I wm_on_top_resumed_lost_called: [83503120,com.android.settings.homepage.SettingsHomepageActivity,topStateChangedWhenResumed]
05-13 11:10:24.042 1525 3316 I wm_pause_activity: [0,83503120,com.android.settings/.homepage.SettingsHomepageActivity,userLeaving=true,pauseBackTasks]
05-13 11:10:24.043 1525 3316 I wm_add_to_stopping: [0,83503120,com.android.settings/.homepage.SettingsHomepageActivity,makeInvisible]
05-13 11:10:24.043 1525 3316 I ActivityTaskManager: FOREGROUND_APPLICATION_CHANGED to com.android.launcher3.uioverrides.QuickstepLauncher
05-13 11:10:24.044 1525 3316 I wm_set_resumed_activity: [0,com.android.launcher3/.uioverrides.QuickstepLauncher,resumeTopActivityInnerLocked]
05-13 11:10:24.047 1525 3316 I wm_resume_activity: [0,218463797,317,com.android.launcher3/.uioverrides.QuickstepLauncher]
05-13 11:10:24.048 2636 2636 I wm_on_resume_called: [218463797,com.android.launcher3.uioverrides.QuickstepLauncher,RESUME_ACTIVITY]
05-13 11:10:24.054 1525 1609 I input_focus: [Focus request e073a01 com.android.launcher3/com.android.launcher3.uioverrides.QuickstepLauncher,reason=UpdateInputWindows]
05-13 11:10:24.057 2636 2636 I wm_on_top_resumed_gained_called: [218463797,com.android.launcher3.uioverrides.QuickstepLauncher,topStateChangedWhenResumed]
05-13 11:10:24.057 21078 21078 I sysui_multi_action: [757,35,758,2,1089,5803]
05-13 11:10:24.059 21078 21078 I sysui_multi_action: [757,747,758,2,1089,4715]
05-13 11:10:24.059 21078 21078 I wm_on_paused_called: [83503120,com.android.settings.homepage.SettingsHomepageActivity,performPause]
05-13 11:10:24.059 1525 15278 I wm_stop_activity: [0,83503120,com.android.settings/.homepage.SettingsHomepageActivity]
05-13 11:10:24.062 1525 1607 I sysui_multi_action: [757,803,799,window_time_0,802,6]
05-13 11:10:24.066 1525 1607 I am_uid_running: 10095
05-13 11:10:24.067 1525 1607 D CompatibilityChangeReporter: Compat change id reported: 135634846; UID 10095; state: DISABLED
05-13 11:10:24.067 1525 1607 D CompatibilityChangeReporter: Compat change id reported: 177438394; UID 10095; state: DISABLED
05-13 11:10:24.067 1525 1607 D CompatibilityChangeReporter: Compat change id reported: 135772972; UID 10095; state: DISABLED
05-13 11:10:24.067 1525 1607 D CompatibilityChangeReporter: Compat change id reported: 135754954; UID 10095; state: DISABLED
05-13 11:10:24.067 1525 1624 D CompatibilityChangeReporter: Compat change id reported: 143937733; UID 10095; state: DISABLED
05-13 11:10:24.067 1525 1607 I am_uid_running: 10101
05-13 11:10:24.070 1525 1607 D CompatibilityChangeReporter: Compat change id reported: 135634846; UID 10101; state: DISABLED
05-13 11:10:24.070 1525 1607 D CompatibilityChangeReporter: Compat change id reported: 177438394; UID 10101; state: DISABLED
05-13 11:10:24.070 1525 1607 D CompatibilityChangeReporter: Compat change id reported: 135772972; UID 10101; state: DISABLED
05-13 11:10:24.070 1525 1607 D CompatibilityChangeReporter: Compat change id reported: 135754954; UID 10101; state: DISABLED
05-13 11:10:24.073 1525 1607 I am_uid_running: 10109
05-13 11:10:24.073 1525 1607 D CompatibilityChangeReporter: Compat change id reported: 135634846; UID 10109; state: DISABLED
05-13 11:10:24.074 1525 1607 D CompatibilityChangeReporter: Compat change id reported: 177438394; UID 10109; state: DISABLED
05-13 11:10:24.074 1525 1607 D CompatibilityChangeReporter: Compat change id reported: 135772972; UID 10109; state: DISABLED
05-13 11:10:24.074 1525 1607 D CompatibilityChangeReporter: Compat change id reported: 135754954; UID 10109; state: ENABLED
05-13 11:10:24.075 1525 1794 I input_focus: [Focus leaving recents_animation_input_consumer (server),reason=NOT_VISIBLE]
05-13 11:10:24.075 1525 1607 D CompatibilityChangeReporter: Compat change id reported: 135634846; UID 10096; state: DISABLED
05-13 11:10:24.075 1525 1607 D CompatibilityChangeReporter: Compat change id reported: 177438394; UID 10096; state: DISABLED
05-13 11:10:24.075 1525 1794 I input_focus: [Focus entering e073a01 com.android.launcher3/com.android.launcher3.uioverrides.QuickstepLauncher (server),reason=setFocusedWindow]
05-13 11:10:24.075 1525 1607 D CompatibilityChangeReporter: Compat change id reported: 135772972; UID 10096; state: DISABLED
05-13 11:10:24.075 1525 1607 D CompatibilityChangeReporter: Compat change id reported: 135754954; UID 10096; state: DISABLED
05-13 11:10:24.075 1525 1607 I sysui_multi_action: [757,803,799,window_time_0,802,0]
05-13 11:10:24.077 1525 1624 I am_proc_start: [0,25064,10095,com.kugou.android,NULL,]
05-13 11:10:24.077 1525 1624 I ActivityManager: Start proc 25064:com.kugou.android/u0a95 for null
05-13 11:10:24.077 1525 1624 D CompatibilityChangeReporter: Compat change id reported: 143937733; UID 10101; state: DISABLED
05-13 11:10:24.087 1525 1624 I am_proc_start: [0,25065,10101,com.netease.cloudmusic,NULL,]
05-13 11:10:24.087 1525 1624 I ActivityManager: Start proc 25065:com.netease.cloudmusic/u0a101 for null
05-13 11:10:24.087 1525 1624 D CompatibilityChangeReporter: Compat change id reported: 143937733; UID 10109; state: ENABLED
05-13 11:10:24.088 21078 21078 I wm_on_stop_called: [83503120,com.android.settings.homepage.SettingsHomepageActivity,STOP_ACTIVITY_ITEM]
05-13 11:10:24.094 1525 1624 I am_proc_start: [0,25074,10109,com.sina.weibo,NULL,]
05-13 11:10:24.095 1525 1624 I ActivityManager: Start proc 25074:com.sina.weibo/u0a109 for null
05-13 11:10:24.095 1525 1624 D CompatibilityChangeReporter: Compat change id reported: 143937733; UID 10096; state: DISABLED
05-13 11:10:24.103 1525 1624 I am_proc_start: [0,25088,10096,com.ximalaya.ting.android,NULL,]
05-13 11:10:24.103 1525 1624 I ActivityManager: Start proc 25088:com.ximalaya.ting.android/u0a96 for null
05-13 11:10:24.107 1525 3316 I am_proc_bound: [0,25064,com.kugou.android]
05-13 11:10:24.115 1525 3316 D CompatibilityChangeReporter: Compat change id reported: 168419799; UID 10095; state: DISABLED
05-13 11:10:24.116 1525 9708 I am_proc_bound: [0,25065,com.netease.cloudmusic]
05-13 11:10:24.118 1525 9708 D CompatibilityChangeReporter: Compat change id reported: 168419799; UID 10101; state: DISABLED
05-13 11:10:24.124 1525 3316 I am_proc_bound: [0,25074,com.sina.weibo]
05-13 11:10:24.127 1525 3316 D CompatibilityChangeReporter: Compat change id reported: 168419799; UID 10109; state: DISABLED
05-13 11:10:24.131 1525 9708 I am_proc_bound: [0,25088,com.ximalaya.ting.android]
05-13 11:10:24.133 1525 9708 D CompatibilityChangeReporter: Compat change id reported: 168419799; UID 10096; state: DISABLED
05-13 11:10:24.168 16321 16321 I auditd : type=1400 audit(0.0:142651): avc: granted { nlmsg_readpriv } for comm="DaemonThread-6" scontext=u:r:untrusted_app_27:s0:c512,c768 tcontext=u:r:untrusted_app_27:s0:c512,c768 tclass=netlink_route_socket app=com.wandoujia.phoenix2
05-13 11:10:24.284 0 0 I auditd : type=1400 audit(0.0:142652): avc: denied { kill } for comm="swapper/2" capability=5 scontext=u:r:kernel:s0 tcontext=u:r:kernel:s0 tclass=capability permissive=1
05-13 11:10:24.284 16321 16321 I auditd : type=1400 audit(0.0:142653): avc: granted { nlmsg_readpriv } for comm="DaemonThread-6" scontext=u:r:untrusted_app_27:s0:c512,c768 tcontext=u:r:untrusted_app_27:s0:c512,c768 tclass=netlink_route_socket app=com.wandoujia.phoenix2
05-13 11:10:24.436 1525 1794 I input_interaction: Interaction with: e073a01 com.android.launcher3/com.android.launcher3.uioverrides.QuickstepLauncher (server), 4199077 com.android.systemui.ImageWallpaper (server), edge-swipe (server), swipe-up (server), PointerEventDispatcher0 (server),
05-13 11:10:24.507 1525 2042 I thunderperf: PlatormCompat.setOverrides: Uid1=10075 Pid1=2636 Uid2=10075 Pid2=2636
05-13 11:10:24.507 1525 2042 I thunderperf: PlatormCompat.setOverrides: needCheck:false
05-13 11:10:24.507 1525 2042 I thunderperf: CompatConfig.addOverrideUnsafe: bef-state=0
05-13 11:10:24.507 1525 2042 I thunderperf: CompatConfig.addOverrideUnsafe: aft-state=0
05-13 11:10:24.508 1525 2042 I thunderperf: CompatConfig.addOverrideUnsafe: bef-state=0
05-13 11:10:24.508 1525 2042 I thunderperf: CompatConfig.addOverrideUnsafe: aft-state=0
05-13 11:10:24.509 1525 2042 I thunderperf: CompatConfig.addOverrideUnsafe: bef-state=0
05-13 11:10:24.509 1525 2042 I thunderperf: CompatConfig.addOverrideUnsafe: aft-state=0
05-13 11:10:24.509 1525 2042 I thunderperf: CompatConfig.addOverrideUnsafe: bef-state=0
05-13 11:10:24.509 1525 2042 I thunderperf: CompatConfig.addOverrideUnsafe: aft-state=0
05-13 11:10:24.510 1525 2042 I thunderperf: CompatConfig.addOverrideUnsafe: bef-state=0
05-13 11:10:24.510 1525 2042 I thunderperf: CompatConfig.addOverrideUnsafe: aft-state=0
05-13 11:10:24.510 1525 2042 I thunderperf: CompatConfig.addOverrideUnsafe: bef-state=0
05-13 11:10:24.510 1525 2042 I thunderperf: CompatConfig.addOverrideUnsafe: aft-state=0
05-13 11:10:24.510 1525 2042 I thunderperf: CompatConfig.addOverrideUnsafe: bef-state=0
05-13 11:10:24.510 1525 2042 I thunderperf: CompatConfig.addOverrideUnsafe: aft-state=0
05-13 11:10:24.511 1525 2042 I thunderperf: CompatConfig.addOverrideUnsafe: bef-state=0
05-13 11:10:24.511 1525 2042 I thunderperf: CompatConfig.addOverrideUnsafe: aft-state=0
05-13 11:10:24.511 1525 2042 I thunderperf: CompatConfig.addOverrideUnsafe: bef-state=0
05-13 11:10:24.511 1525 2042 I thunderperf: CompatConfig.addOverrideUnsafe: aft-state=0
05-13 11:10:24.511 1525 2042 I thunderperf: CompatConfig.addOverrideUnsafe: bef-state=0
05-13 11:10:24.511 1525 2042 I thunderperf: CompatConfig.addOverrideUnsafe: aft-state=0
05-13 11:10:24.511 1525 2042 I thunderperf: CompatConfig.addOverrideUnsafe: bef-state=0
05-13 11:10:24.512 1525 2042 I thunderperf: CompatConfig.addOverrideUnsafe: aft-state=0
05-13 11:10:24.512 1525 2042 I thunderperf: CompatConfig.addOverrideUnsafe: bef-state=0
05-13 11:10:24.512 1525 2042 I thunderperf: CompatConfig.addOverrideUnsafe: aft-state=0
05-13 11:10:24.512 1525 2042 I thunderperf: CompatConfig.addOverrideUnsafe: bef-state=0
05-13 11:10:24.512 1525 2042 I thunderperf: CompatConfig.addOverrideUnsafe: aft-state=0
05-13 11:10:24.512 1525 2042 I thunderperf: CompatConfig.addOverrideUnsafe: bef-state=0
05-13 11:10:24.512 1525 2042 I thunderperf: CompatConfig.addOverrideUnsafe: aft-state=0
05-13 11:10:24.518 1525 2042 I ActivityTaskManager: START u0 {act=android.intent.action.MAIN cat=[android.intent.category.LAUNCHER] flg=0x10200000 cmp=tv.danmaku.bili/.MainActivityV2 bnds=[664,383][940,650]} from uid 10075
05-13 11:10:24.519 1525 2042 I wm_task_moved: [344,1,8]
05-13 11:10:24.519 1525 2042 I wm_task_to_front: [0,344]
05-13 11:10:24.519 1525 2042 I wm_focused_root_task: [0,0,344,1,bringingFoundTaskToFront]
05-13 11:10:24.520 1525 2042 I wm_set_resumed_activity: [0,tv.danmaku.bili/com.bilibili.bangumi.ui.page.detail.BangumiDetailActivityV3,bringingFoundTaskToFront]
05-13 11:10:24.520 1525 2042 D CompatibilityChangeReporter: Compat change id reported: 168419799; UID 10104; state: DISABLED
05-13 11:10:24.522 1525 2042 I wm_pause_activity: [0,218463797,com.android.launcher3/.uioverrides.QuickstepLauncher,userLeaving=true,pauseBackTasks]
05-13 11:10:24.528 845 845 I auditd : type=1400 audit(0.0:142654): avc: denied { add_name } for comm="perf@2.2-servic" name="cpu_max_freq" scontext=u:r:vendor_hal_perf_default:s0 tcontext=u:object_r:vendor_sysfs_msm_perf:s0 tclass=dir permissive=1
05-13 11:10:24.522 1914 2197 D PhoneStartingWindowTypeAlgorithm: preferredStartingWindowType newTask:false taskSwitch:true processRunning:true allowTaskSnapshot:true activityCreated:true useEmptySplashScreen:false legacySplashScreen:false topIsHome:false
05-13 11:10:24.522 1914 2197 D PhoneStartingWindowTypeAlgorithm: isSnapshotCompatible rotation 0 snapshot 0
05-13 11:10:24.528 845 845 I auditd : type=1400 audit(0.0:142655): avc: denied { create } for comm="perf@2.2-servic" name="cpu_max_freq" scontext=u:r:vendor_hal_perf_default:s0 tcontext=u:object_r:vendor_sysfs_msm_perf:s0 tclass=file permissive=1
05-13 11:10:24.526 2636 2636 I wm_on_paused_called: [218463797,com.android.launcher3.uioverrides.QuickstepLauncher,performPause]
05-13 11:10:24.529 1525 2042 I ActivityTaskManager: FOREGROUND_APPLICATION_CHANGED to com.bilibili.bangumi.ui.page.detail.BangumiDetailActivityV3
05-13 11:10:24.530 1525 2042 I wm_set_resumed_activity: [0,tv.danmaku.bili/com.bilibili.bangumi.ui.page.detail.BangumiDetailActivityV3,resumeTopActivityInnerLocked]
05-13 11:10:24.530 1525 2042 I wm_add_to_stopping: [0,218463797,com.android.launcher3/.uioverrides.QuickstepLauncher,makeInvisible]
05-13 11:10:24.533 1525 2042 D CompatibilityChangeReporter: Compat change id reported: 174042980; UID 10104; state: DISABLED
05-13 11:10:24.534 1525 2042 D CompatibilityChangeReporter: Compat change id reported: 181136395; UID 10104; state: DISABLED
05-13 11:10:24.534 1525 2042 D CompatibilityChangeReporter: Compat change id reported: 174042936; UID 10104; state: DISABLED
05-13 11:10:24.534 1525 2042 D CompatibilityChangeReporter: Compat change id reported: 184838306; UID 10104; state: DISABLED
05-13 11:10:24.534 1525 2042 D CompatibilityChangeReporter: Compat change id reported: 185004937; UID 10104; state: DISABLED
05-13 11:10:24.535 1525 2042 I wm_resume_activity: [0,240245495,344,tv.danmaku.bili/com.bilibili.bangumi.ui.page.detail.BangumiDetailActivityV3]
05-13 11:10:24.544 17626 17626 I wm_on_restart_called: [240245495,com.bilibili.bangumi.ui.page.detail.BangumiDetailActivityV3,performRestartActivity]
05-13 11:10:24.549 1525 1607 I sysui_multi_action: [757,803,799,window_time_0,802,1]
05-13 11:10:24.554 1525 1794 I input_focus: [Focus leaving e073a01 com.android.launcher3/com.android.launcher3.uioverrides.QuickstepLauncher (server),reason=NO_WINDOW]
05-13 11:10:24.572 17626 17626 I wm_on_start_called: [240245495,com.bilibili.bangumi.ui.page.detail.BangumiDetailActivityV3,handleStartActivity]
05-13 11:10:24.576 17626 17900 E ActivityThread: Failed to find provider info for com.android.badge
05-13 11:10:24.586 17626 17626 I wm_on_resume_called: [240245495,com.bilibili.bangumi.ui.page.detail.BangumiDetailActivityV3,RESUME_ACTIVITY]
05-13 11:10:24.596 17626 17626 I wm_on_top_resumed_gained_called: [240245495,com.bilibili.bangumi.ui.page.detail.BangumiDetailActivityV3,topWhenResuming]
05-13 11:10:24.604 1525 1609 I input_focus: [Focus request 3a331ef tv.danmaku.bili/com.bilibili.bangumi.ui.page.detail.BangumiDetailActivityV3,reason=UpdateInputWindows]
05-13 11:10:24.620 1914 2197 D StartingSurfaceDrawer: Task start finish, remove starting surface for task 344
05-13 11:10:24.622 1525 1794 I input_focus: [Focus entering 3a331ef tv.danmaku.bili/com.bilibili.bangumi.ui.page.detail.BangumiDetailActivityV3 (server),reason=setFocusedWindow]
05-13 11:10:24.709 1525 1603 I sysui_multi_action: [319,40,321,38,322,95,325,169465,757,761,758,9,759,4,806,tv.danmaku.bili,871,com.bilibili.bangumi.ui.page.detail.BangumiDetailActivityV3,904,tv.danmaku.bili,905,0,1320,4,1321,4]
05-13 11:10:24.801 1525 1894 I sync : [com.tencent.android.qqdownloader.YYBLiveAccountProvider,0,4,24220937]
05-13 11:10:24.803 1525 1894 D CompatibilityChangeReporter: Compat change id reported: 168419799; UID 10094; state: DISABLED
05-13 11:10:24.829 1525 1894 I sync : [com.tencent.android.qqdownloader.YYBLiveAccountProvider,1,4,24220937]
05-13 11:10:24.830 1525 1894 I commit_sys_config_file: [sync-status,169443052]
05-13 11:10:24.833 1525 1894 I sync : [com.tencent.android.qqdownloader.YYBLiveAccountProvider,0,3,24220937]
05-13 11:10:24.841 1525 1894 I sync : [com.tencent.android.qqdownloader.YYBLiveAccountProvider,1,3,24220937]
05-13 11:10:24.843 1525 1894 I sync : [com.tencent.android.qqdownloader.YYBLiveAccountProvider,0,3,24220937]
05-13 11:10:24.849 1525 1894 I sync : [com.tencent.android.qqdownloader.YYBLiveAccountProvider,1,3,24220937]
05-13 11:10:24.850 1525 1894 I commit_sys_config_file: [sync-status,169443072]
05-13 11:10:25.006 25074 25173 D ActivityThread: Loading provider com.sina.weibo.spProvider: com.sina.weibo.provider.SinaWeiboSPProvider
05-13 11:10:25.089 1525 1607 I wm_stop_activity: [0,218463797,com.android.launcher3/.uioverrides.QuickstepLauncher]
05-13 11:10:25.104 1525 9708 W ActivityManager: Background start not allowed: service Intent { cmp=com.ximalaya.ting.android/.host.manager.bundleframework.BundleManager.XMPatchService (has extras) } to com.ximalaya.ting.android/.host.manager.bundleframework.BundleManager.XMPatchService from pid=25088 uid=10096 pkg=com.ximalaya.ting.android startFg?=false
05-13 11:10:25.108 2636 2636 I wm_on_stop_called: [218463797,com.android.launcher3.uioverrides.QuickstepLauncher,STOP_ACTIVITY_ITEM]
05-13 11:10:25.215 25088 25194 D ActivityThread: Loading provider com.ximalaya.ting.android.opensdk.util.MultiProcessSharedPreferences: com.ximalaya.ting.android.opensdk.util.MultiProcessSharedPreferences
05-13 11:10:25.364 15290 15290 I auditd : type=1400 audit(0.0:142659): avc: denied { read } for comm="NativeThread" name="unix" dev="proc" ino=4026532262 scontext=u:r:untrusted_app_27:s0:c512,c768 tcontext=u:object_r:proc_net:s0 tclass=file permissive=1 app=com.wandoujia.phoenix2
05-13 11:10:25.364 15290 15290 I auditd : type=1400 audit(0.0:142660): avc: denied { open } for comm="NativeThread" path="/proc/15290/net/unix" dev="proc" ino=4026532262 scontext=u:r:untrusted_app_27:s0:c512,c768 tcontext=u:object_r:proc_net:s0 tclass=file permissive=1 app=com.wandoujia.phoenix2
05-13 11:10:25.364 15290 15290 I auditd : type=1400 audit(0.0:142661): avc: denied { getattr } for comm="NativeThread" path="/proc/15290/net/unix" dev="proc" ino=4026532262 scontext=u:r:untrusted_app_27:s0:c512,c768 tcontext=u:object_r:proc_net:s0 tclass=file permissive=1 app=com.wandoujia.phoenix2
05-13 11:10:25.520 25074 25225 E ActivityThread: Failed to find provider info for com.vivo.push.sdk.service.SystemPushConfig
05-13 11:10:25.558 1525 21112 D CompatibilityChangeReporter: Compat change id reported: 135634846; UID 10109; state: DISABLED
05-13 11:10:25.558 1525 21112 D CompatibilityChangeReporter: Compat change id reported: 177438394; UID 10109; state: DISABLED
05-13 11:10:25.558 1525 21112 D CompatibilityChangeReporter: Compat change id reported: 135772972; UID 10109; state: DISABLED
05-13 11:10:25.558 1525 21112 D CompatibilityChangeReporter: Compat change id reported: 135754954; UID 10109; state: ENABLED
05-13 11:10:25.558 1525 1624 D CompatibilityChangeReporter: Compat change id reported: 143937733; UID 10109; state: ENABLED
05-13 11:10:25.564 25074 25074 I auditd : type=1400 audit(0.0:142662): avc: denied { open } for comm="pool-2-thread-3" path="/dev/__properties__/u:object_r:vendor_default_prop:s0" dev="tmpfs" ino=12723 scontext=u:r:untrusted_app:s0:c109,c256,c512,c768 tcontext=u:object_r:vendor_default_prop:s0 tclass=file permissive=1 app=com.sina.weibo
05-13 11:10:25.564 25074 25074 I auditd : type=1400 audit(0.0:142663): avc: denied { getattr } for comm="pool-2-thread-3" path="/dev/__properties__/u:object_r:vendor_default_prop:s0" dev="tmpfs" ino=12723 scontext=u:r:untrusted_app:s0:c109,c256,c512,c768 tcontext=u:object_r:vendor_default_prop:s0 tclass=file permissive=1 app=com.sina.weibo
05-13 11:10:25.566 1525 1624 I am_proc_start: [0,25240,10109,com.sina.weibo:pushservice,service,{com.sina.weibo/com.xiaomi.push.service.XMPushService}]
05-13 11:10:25.566 1525 1624 I ActivityManager: Start proc 25240:com.sina.weibo:pushservice/u0a109 for service {com.sina.weibo/com.xiaomi.push.service.XMPushService}
05-13 11:10:25.585 1525 21112 I am_proc_bound: [0,25240,com.sina.weibo:pushservice]
05-13 11:10:25.586 1525 21112 D CompatibilityChangeReporter: Compat change id reported: 168419799; UID 10109; state: DISABLED
05-13 11:10:25.615 1525 26236 W ActivityManager: Unable to start service Intent { act=com.google.android.gms.ads.identifier.service.START pkg=com.google.android.gms } U=0: not found
05-13 11:10:25.615 15290 16179 E ActivityThread: Failed to find provider info for com.vivo.vms.IdProvider
05-13 11:10:25.765 1525 21112 W ActivityManager: Background start not allowed: service Intent { cmp=com.sina.weibo/.push.PushServiceProxy (has extras) } to com.sina.weibo/.push.PushServiceProxy from pid=25074 uid=10109 pkg=com.sina.weibo startFg?=false
05-13 11:10:25.814 1525 1829 I GameModeConfig: isGameModeOn = false
05-13 11:10:25.815 1525 1829 I GameModeConfig: isGameModeOn = false
05-13 11:10:25.815 1525 1829 I GameModeConfig: isGameModeOn = false
05-13 11:10:25.815 1525 1829 I GameModeConfig: isGameModeOn = false
05-13 11:10:25.815 1525 1829 I GameModeConfig: isGameModeOn = false
05-13 11:10:25.815 1525 1829 I GameModeConfig: isGameModeOn = false
05-13 11:10:25.815 1525 1829 I GameModeConfig: isGameModeOn = false
05-13 11:10:25.815 1525 1829 I GameModeConfig: isGameModeOn = false
05-13 11:10:25.815 1525 1829 I GameModeConfig: isGameModeOn = false
05-13 11:10:25.815 1525 1829 I GameModeConfig: isGameModeOn = false
05-13 11:10:25.816 1525 1829 I GameModeConfig: isGameModeOn = false
05-13 11:10:25.816 1525 1829 I GameModeConfig: isGameModeOn = false
05-13 11:10:25.816 1525 1829 I GameModeConfig: isGameModeOn = false
05-13 11:10:25.816 1525 1829 I GameModeConfig: isGameModeOn = false
05-13 11:10:25.816 1525 1829 I GameModeConfig: isGameModeOn = false
05-13 11:10:25.816 1525 1829 I GameModeConfig: isGameModeOn = false
05-13 11:10:25.816 1525 1829 I GameModeConfig: isGameModeOn = false
05-13 11:10:25.816 1525 1829 I GameModeConfig: isGameModeOn = false
05-13 11:10:25.816 1525 1829 I GameModeConfig: isGameModeOn = false
05-13 11:10:25.816 1525 1829 I GameModeConfig: isGameModeOn = false
05-13 11:10:25.816 1525 1829 I GameModeConfig: isGameModeOn = false
05-13 11:10:25.816 1525 1829 I GameModeConfig: isGameModeOn = false
05-13 11:10:25.817 1525 1829 I GameModeConfig: isGameModeOn = false
05-13 11:10:25.817 1525 1829 I GameModeConfig: isGameModeOn = false
05-13 11:10:25.817 1525 1829 I GameModeConfig: isGameModeOn = false
05-13 11:10:25.817 1525 1829 I GameModeConfig: isGameModeOn = false
05-13 11:10:25.817 1525 1829 I GameModeConfig: isGameModeOn = false
05-13 11:10:25.817 1525 1829 I GameModeConfig: isGameModeOn = false
05-13 11:10:25.817 1525 1829 I GameModeConfig: isGameModeOn = false
05-13 11:10:25.817 1525 1829 I GameModeConfig: isGameModeOn = false
05-13 11:10:25.817 1525 1829 I GameModeConfig: isGameModeOn = false
05-13 11:10:25.817 1525 1829 I GameModeConfig: isGameModeOn = false
05-13 11:10:25.818 1525 1829 I GameModeConfig: isGameModeOn = false
05-13 11:10:25.818 1525 1829 I GameModeConfig: isGameModeOn = false
05-13 11:10:25.818 1525 1829 I GameModeConfig: isGameModeOn = false
05-13 11:10:25.818 1525 1829 I GameModeConfig: isGameModeOn = false
05-13 11:10:25.818 1525 1829 I GameModeConfig: isGameModeOn = false
05-13 11:10:25.818 1525 1829 I GameModeConfig: isGameModeOn = false
05-13 11:10:25.818 1525 1829 I GameModeConfig: isGameModeOn = false
05-13 11:10:25.818 1525 1829 I GameModeConfig: isGameModeOn = false
05-13 11:10:25.818 1525 1829 I GameModeConfig: isGameModeOn = false
05-13 11:10:25.818 1525 1829 I GameModeConfig: isGameModeOn = false
05-13 11:10:25.819 1525 1829 I GameModeConfig: isGameModeOn = false
05-13 11:10:25.819 1525 1829 I GameModeConfig: isGameModeOn = false
05-13 11:10:25.819 1525 1829 I GameModeConfig: isGameModeOn = false
05-13 11:10:25.819 1525 1829 I GameModeConfig: isGameModeOn = false
05-13 11:10:25.819 1525 1829 I GameModeConfig: isGameModeOn = false
05-13 11:10:25.819 1525 1829 I GameModeConfig: isGameModeOn = false
05-13 11:10:25.819 1525 1829 I GameModeConfig: isGameModeOn = false
05-13 11:10:25.819 1525 1829 I GameModeConfig: isGameModeOn = false
05-13 11:10:25.819 1525 1829 I GameModeConfig: isGameModeOn = false
05-13 11:10:25.819 1525 1829 I GameModeConfig: isGameModeOn = false
05-13 11:10:25.833 25064 25064 D ActivityThread: Loading provider com.kugou.android.kugouCommonPreferences: com.kugou.common.preferences.provider.CommonSharedPreferencesProvider
05-13 11:10:26.089 1525 1525 D CompanionDeviceManagerService: TriggerDeviceDisappearedRunnable.run(address = 40:58:99:30:D1:96)
05-13 11:10:26.115 1525 21112 D CompatibilityChangeReporter: Compat change id reported: 135634846; UID 10109; state: DISABLED
05-13 11:10:26.116 1525 21112 D CompatibilityChangeReporter: Compat change id reported: 177438394; UID 10109; state: DISABLED
05-13 11:10:26.116 1525 21112 D CompatibilityChangeReporter: Compat change id reported: 135772972; UID 10109; state: DISABLED
05-13 11:10:26.116 1525 21112 D CompatibilityChangeReporter: Compat change id reported: 135754954; UID 10109; state: ENABLED
05-13 11:10:26.116 1525 1624 D CompatibilityChangeReporter: Compat change id reported: 143937733; UID 10109; state: ENABLED
05-13 11:10:26.122 1525 1624 I am_proc_start: [0,25358,10109,com.sina.weibo:remote,service,{com.sina.weibo/com.sina.weibo.HotEventService}]
05-13 11:10:26.122 1525 1624 I ActivityManager: Start proc 25358:com.sina.weibo:remote/u0a109 for service {com.sina.weibo/com.sina.weibo.HotEventService}
05-13 11:10:26.140 1525 21112 I am_proc_bound: [0,25358,com.sina.weibo:remote]
05-13 11:10:26.145 1525 21112 W ActivityManager: Unable to start service Intent { act=com.bun.msa.action.start.service cmp=com.mdid.msa/.service.MsaKlService (has extras) } U=0: not found
05-13 11:10:26.219 1525 9708 W ActivityManager: Unable to start service Intent { act=com.bun.msa.action.bindto.service cmp=com.mdid.msa/.service.MsaIdService (has extras) } U=0: not found
05-13 11:10:26.378 19415 19459 I liblog : 111
05-13 11:10:26.624 845 845 I auditd : type=1400 audit(0.0:142680): avc: denied { add_name } for comm="perf@2.2-servic" name="cpu_min_freq" scontext=u:r:vendor_hal_perf_default:s0 tcontext=u:object_r:vendor_sysfs_msm_perf:s0 tclass=dir permissive=1
05-13 11:10:26.624 845 845 I auditd : type=1400 audit(0.0:142681): avc: denied { create } for comm="perf@2.2-servic" name="cpu_min_freq" scontext=u:r:vendor_hal_perf_default:s0 tcontext=u:object_r:vendor_sysfs_msm_perf:s0 tclass=file permissive=1
05-13 11:10:26.810 1525 1606 I commit_sys_config_file: [jobs,2]
05-13 11:10:27.052 25065 25065 D ActivityThread: Loading provider com.netease.cloudmusic.treasurepreferences: org.xjy.android.treasure.provider.TreasureProvider
05-13 11:10:27.088 25088 25088 I auditd : type=1400 audit(0.0:142682): avc: granted { nlmsg_readpriv } for comm="RealTimeThreadP" scontext=u:r:untrusted_app_27:s0:c96,c256,c512,c768 tcontext=u:r:untrusted_app_27:s0:c96,c256,c512,c768 tclass=netlink_route_socket app=com.ximalaya.ting.android
05-13 11:10:27.320 25074 25074 I auditd : type=1400 audit(0.0:142683): avc: denied { search } for comm="Thread-6" name="/" dev="configfs" ino=3108 scontext=u:r:untrusted_app:s0:c109,c256,c512,c768 tcontext=u:object_r:configfs:s0 tclass=dir permissive=1 app=com.sina.weibo
05-13 11:10:27.287 19415 19494 I liblog : 12
05-13 11:10:27.816 25088 25088 I auditd : type=1400 audit(0.0:142684): avc: granted { nlmsg_readpriv } for comm="ya.ting.android" scontext=u:r:untrusted_app_27:s0:c96,c256,c512,c768 tcontext=u:r:untrusted_app_27:s0:c96,c256,c512,c768 tclass=netlink_route_socket app=com.ximalaya.ting.android
05-13 11:10:27.844 25436 25436 I auditd : type=1400 audit(0.0:142685): avc: denied { read } for comm="ps" name="pid_max" dev="proc" ino=8830944 scontext=u:r:untrusted_app:s0:c109,c256,c512,c768 tcontext=u:object_r:proc_pid_max:s0 tclass=file permissive=1 app=com.sina.weibo
05-13 11:10:27.880 25436 25436 I auditd : type=1400 audit(0.0:142686): avc: denied { open } for comm="ps" path="/proc/sys/kernel/pid_max" dev="proc" ino=8830944 scontext=u:r:untrusted_app:s0:c109,c256,c512,c768 tcontext=u:object_r:proc_pid_max:s0 tclass=file permissive=1 app=com.sina.weibo
05-13 11:10:28.032 25074 25074 I auditd : type=1400 audit(0.0:142687): avc: denied { read } for comm="Thread-7" name="tcp" dev="proc" ino=4026532256 scontext=u:r:untrusted_app:s0:c109,c256,c512,c768 tcontext=u:object_r:proc_net_tcp_udp:s0 tclass=file permissive=1 app=com.sina.weibo
05-13 11:10:28.032 25074 25074 I auditd : type=1400 audit(0.0:142688): avc: denied { open } for comm="Thread-7" path="/proc/25074/net/tcp" dev="proc" ino=4026532256 scontext=u:r:untrusted_app:s0:c109,c256,c512,c768 tcontext=u:object_r:proc_net_tcp_udp:s0 tclass=file permissive=1 app=com.sina.weibo
05-13 11:10:28.032 25074 25074 I auditd : type=1400 audit(0.0:142689): avc: denied { getattr } for comm="Thread-7" path="/proc/25074/net/tcp" dev="proc" ino=4026532256 scontext=u:r:untrusted_app:s0:c109,c256,c512,c768 tcontext=u:object_r:proc_net_tcp_udp:s0 tclass=file permissive=1 app=com.sina.weibo
05-13 11:10:28.641 19415 19459 I liblog : 114
05-13 11:10:28.660 1525 1794 I input_interaction: Interaction with: 3a331ef tv.danmaku.bili/com.bilibili.bangumi.ui.page.detail.BangumiDetailActivityV3 (server), edge-swipe (server), swipe-up (server), PointerEventDispatcher0 (server),
05-13 11:10:28.728 19415 19441 I liblog : 124
05-13 11:10:28.728 25064 25064 I liblog : 14
05-13 11:10:28.729 511 511 I liblog : 4
05-13 11:10:28.730 17626 17626 I liblog : 3
05-13 11:10:28.751 25088 25558 I liblog : 2
05-13 11:10:28.756 1525 1621 I commit_sys_config_file: [procstats,173]
05-13 11:10:28.771 20266 20455 I liblog : 62
05-13 11:10:28.825 1525 1829 I GameModeConfig: isGameModeOn = false
05-13 11:10:28.825 1525 1829 I GameModeConfig: isGameModeOn = false
05-13 11:10:28.825 1525 1829 I GameModeConfig: isGameModeOn = false
05-13 11:10:28.825 1525 1829 I GameModeConfig: isGameModeOn = false
05-13 11:10:28.825 1525 1829 I GameModeConfig: isGameModeOn = false
05-13 11:10:28.826 1525 1829 I GameModeConfig: isGameModeOn = false
05-13 11:10:28.826 1525 1829 I GameModeConfig: isGameModeOn = false
05-13 11:10:28.826 1525 1829 I GameModeConfig: isGameModeOn = false
05-13 11:10:28.826 1525 1829 I GameModeConfig: isGameModeOn = false
05-13 11:10:28.826 1525 1829 I GameModeConfig: isGameModeOn = false
05-13 11:10:28.826 1525 1829 I GameModeConfig: isGameModeOn = false
05-13 11:10:28.827 1525 1829 I GameModeConfig: isGameModeOn = false
05-13 11:10:28.827 1525 1829 I GameModeConfig: isGameModeOn = false
05-13 11:10:28.827 1525 1829 I GameModeConfig: isGameModeOn = false
05-13 11:10:28.827 1525 1829 I GameModeConfig: isGameModeOn = false
05-13 11:10:28.827 1525 1829 I GameModeConfig: isGameModeOn = false
05-13 11:10:28.828 1525 1829 I GameModeConfig: isGameModeOn = false
05-13 11:10:28.828 1525 1829 I GameModeConfig: isGameModeOn = false
05-13 11:10:28.828 1525 1829 I GameModeConfig: isGameModeOn = false
05-13 11:10:28.828 1525 1829 I GameModeConfig: isGameModeOn = false
05-13 11:10:28.828 1525 1829 I GameModeConfig: isGameModeOn = false
05-13 11:10:28.828 1525 1829 I GameModeConfig: isGameModeOn = false
05-13 11:10:28.828 1525 1829 I GameModeConfig: isGameModeOn = false
05-13 11:10:28.829 1525 1829 I GameModeConfig: isGameModeOn = false
05-13 11:10:28.829 1525 1829 I GameModeConfig: isGameModeOn = false
05-13 11:10:28.829 1525 1829 I GameModeConfig: isGameModeOn = false
05-13 11:10:28.830 1525 1829 I GameModeConfig: isGameModeOn = false
05-13 11:10:28.830 1525 1829 I GameModeConfig: isGameModeOn = false
05-13 11:10:28.830 1525 1829 I GameModeConfig: isGameModeOn = false
05-13 11:10:28.830 1525 1829 I GameModeConfig: isGameModeOn = false
05-13 11:10:28.830 1525 1829 I GameModeConfig: isGameModeOn = false
05-13 11:10:28.830 1525 1829 I GameModeConfig: isGameModeOn = false
05-13 11:10:28.831 1525 1829 I GameModeConfig: isGameModeOn = false
05-13 11:10:28.831 1525 1829 I GameModeConfig: isGameModeOn = false
05-13 11:10:28.831 1525 1829 I GameModeConfig: isGameModeOn = false
05-13 11:10:28.832 1525 1829 I GameModeConfig: isGameModeOn = false
05-13 11:10:28.832 1525 1829 I GameModeConfig: isGameModeOn = false
05-13 11:10:28.832 1525 1829 I GameModeConfig: isGameModeOn = false
05-13 11:10:28.832 1525 1829 I GameModeConfig: isGameModeOn = false
05-13 11:10:28.832 1525 1829 I GameModeConfig: isGameModeOn = false
05-13 11:10:28.832 1525 1829 I GameModeConfig: isGameModeOn = false
05-13 11:10:28.833 1525 1829 I GameModeConfig: isGameModeOn = false
05-13 11:10:28.833 1525 1829 I GameModeConfig: isGameModeOn = false
05-13 11:10:28.833 1525 1829 I GameModeConfig: isGameModeOn = false
05-13 11:10:28.833 1525 1829 I GameModeConfig: isGameModeOn = false
05-13 11:10:28.834 1525 1829 I GameModeConfig: isGameModeOn = false
05-13 11:10:28.834 1525 1829 I GameModeConfig: isGameModeOn = false
05-13 11:10:28.834 1525 1829 I GameModeConfig: isGameModeOn = false
05-13 11:10:28.834 1525 1829 I GameModeConfig: isGameModeOn = false
05-13 11:10:28.834 1525 1829 I GameModeConfig: isGameModeOn = false
05-13 11:10:28.834 1525 1829 I GameModeConfig: isGameModeOn = false
05-13 11:10:28.835 1525 1829 I GameModeConfig: isGameModeOn = false
05-13 11:10:28.855 1525 1829 I GameModeConfig: isGameModeOn = false
05-13 11:10:28.855 1525 1829 I GameModeConfig: isGameModeOn = false
05-13 11:10:28.856 1525 1829 I GameModeConfig: isGameModeOn = false
05-13 11:10:28.856 1525 1829 I GameModeConfig: isGameModeOn = false
05-13 11:10:28.856 1525 1829 I GameModeConfig: isGameModeOn = false
05-13 11:10:28.856 1525 1829 I GameModeConfig: isGameModeOn = false
05-13 11:10:28.856 1525 1829 I GameModeConfig: isGameModeOn = false
05-13 11:10:28.857 1525 1829 I GameModeConfig: isGameModeOn = false
05-13 11:10:28.857 1525 1829 I GameModeConfig: isGameModeOn = false
05-13 11:10:28.857 1525 1829 I GameModeConfig: isGameModeOn = false
05-13 11:10:28.857 1525 1829 I GameModeConfig: isGameModeOn = false
05-13 11:10:28.857 1525 1829 I GameModeConfig: isGameModeOn = false
05-13 11:10:28.858 1525 1829 I GameModeConfig: isGameModeOn = false
05-13 11:10:28.858 1525 1829 I GameModeConfig: isGameModeOn = false
05-13 11:10:28.858 1525 1829 I GameModeConfig: isGameModeOn = false
05-13 11:10:28.858 1525 1829 I GameModeConfig: isGameModeOn = false
05-13 11:10:28.858 1525 1829 I GameModeConfig: isGameModeOn = false
05-13 11:10:28.859 1525 1829 I GameModeConfig: isGameModeOn = false
05-13 11:10:28.859 1525 1829 I GameModeConfig: isGameModeOn = false
05-13 11:10:28.859 1525 1829 I GameModeConfig: isGameModeOn = false
05-13 11:10:28.859 1525 1829 I GameModeConfig: isGameModeOn = false
05-13 11:10:28.859 1525 1829 I GameModeConfig: isGameModeOn = false
05-13 11:10:28.859 1525 1829 I GameModeConfig: isGameModeOn = false
05-13 11:10:28.860 1525 1829 I GameModeConfig: isGameModeOn = false
05-13 11:10:28.860 1525 1829 I GameModeConfig: isGameModeOn = false
05-13 11:10:28.860 1525 1829 I GameModeConfig: isGameModeOn = false
05-13 11:10:29.036 845 845 I auditd : type=1400 audit(0.0:142691): avc: denied { add_name } for comm="perf@2.2-servic" name="cpu_min_freq" scontext=u:r:vendor_hal_perf_default:s0 tcontext=u:object_r:vendor_sysfs_msm_perf:s0 tclass=dir permissive=1
05-13 11:10:29.036 845 845 I auditd : type=1400 audit(0.0:142692): avc: denied { create } for comm="perf@2.2-servic" name="cpu_min_freq" scontext=u:r:vendor_hal_perf_default:s0 tcontext=u:object_r:vendor_sysfs_msm_perf:s0 tclass=file permissive=1
05-13 11:10:29.141 1525 2042 D CompatibilityChangeReporter: Compat change id reported: 171306433; UID 10109; state: ENABLED
05-13 11:10:29.155 25240 25620 I liblog : 7
05-13 11:10:29.284 0 0 I auditd : type=1400 audit(0.0:142693): avc: denied { kill } for comm="swapper/6" capability=5 scontext=u:r:kernel:s0 tcontext=u:r:kernel:s0 tclass=capability permissive=1
05-13 11:10:29.320 25074 25074 I auditd : type=1400 audit(0.0:142694): avc: denied { ptrace } for comm="Thread-12" scontext=u:r:zygote:s0 tcontext=u:r:untrusted_app:s0:c109,c256,c512,c768 tclass=process permissive=1 app=com.sina.weibo
05-13 11:10:29.226 25088 25088 W Looper : Loop again would have the queued messages be executed before this one completed.
05-13 11:10:29.231 511 511 I liblog : 1
05-13 11:10:29.247 19415 19484 I liblog : 89
05-13 11:10:29.262 20266 20455 I liblog : 14
05-13 11:10:29.342 20266 20455 I liblog : 30
05-13 11:10:29.342 20266 20455 I liblog : 4
05-13 11:10:29.371 25064 25064 I liblog : 5
05-13 11:10:29.573 20266 20455 I liblog : 154
05-13 11:10:29.573 25064 25064 I liblog : 149
05-13 11:10:29.573 19415 19500 I liblog : 254
05-13 11:10:29.601 25088 25562 I liblog : 70
05-13 11:10:29.672 25088 25088 I auditd : type=1400 audit(0.0:142695): avc: granted { execute } for comm="csj_io" path="/data/user/0/com.ximalaya.ting.android/files/pangle_p/com.byted.pangle/version-4829/lib/libkeva.so" dev="dm-10" ino=28354 scontext=u:r:untrusted_app_27:s0:c96,c256,c512,c768 tcontext=u:object_r:app_data_file:s0:c96,c256,c512,c768 tclass=file app=com.ximalaya.ting.android
05-13 11:10:29.640 25074 25502 I liblog : 5
05-13 11:10:29.879 1525 1621 I am_pss : [13537,10102,com.tencent.mm,200298496,177553408,8800256,280199168,0,19,21]
05-13 11:10:29.930 1525 21112 W ActivityManager: Unable to start service Intent { act=com.bun.msa.action.start.service cmp=com.mdid.msa/.service.MsaKlService (has extras) } U=0: not found
05-13 11:10:29.943 1525 21112 W ActivityManager: Unable to start service Intent { act=com.bun.msa.action.bindto.service cmp=com.mdid.msa/.service.MsaIdService (has extras) } U=0: not found
05-13 11:10:30.007 511 511 I liblog : 14
05-13 11:10:30.236 25240 25240 I auditd : type=1400 audit(0.0:142699): avc: denied { open } for comm="pool-2-thread-2" path="/dev/__properties__/u:object_r:vendor_default_prop:s0" dev="tmpfs" ino=12723 scontext=u:r:untrusted_app:s0:c109,c256,c512,c768 tcontext=u:object_r:vendor_default_prop:s0 tclass=file permissive=1 app=com.sina.weibo
05-13 11:10:30.230 25240 25389 E ActivityThread: Failed to find provider info for com.vivo.push.sdk.service.SystemPushConfig
05-13 11:10:30.236 25240 25240 I auditd : type=1400 audit(0.0:142700): avc: denied { getattr } for comm="pool-2-thread-2" path="/dev/__properties__/u:object_r:vendor_default_prop:s0" dev="tmpfs" ino=12723 scontext=u:r:untrusted_app:s0:c109,c256,c512,c768 tcontext=u:object_r:vendor_default_prop:s0 tclass=file permissive=1 app=com.sina.weibo
05-13 11:10:30.236 25240 25240 I auditd : type=1400 audit(0.0:142701): avc: denied { map } for comm="pool-2-thread-2" path="/dev/__properties__/u:object_r:vendor_default_prop:s0" dev="tmpfs" ino=12723 scontext=u:r:untrusted_app:s0:c109,c256,c512,c768 tcontext=u:object_r:vendor_default_prop:s0 tclass=file permissive=1 app=com.sina.weibo
05-13 11:10:30.348 25088 25088 I auditd : type=1400 audit(0.0:142702): avc: granted { execute } for comm="csj_init" path="/data/user/0/com.ximalaya.ting.android/files/pangle_p/com.byted.pangle/version-4829/lib/libmaparmor.so" dev="dm-10" ino=28342 scontext=u:r:untrusted_app_27:s0:c96,c256,c512,c768 tcontext=u:object_r:app_data_file:s0:c96,c256,c512,c768 tclass=file app=com.ximalaya.ting.android
05-13 11:10:30.464 25088 25088 I auditd : type=1400 audit(0.0:142703): avc: granted { execute } for comm="GDT_SO_LOAD_THR" path="/data/user/0/com.ximalaya.ting.android/app_adnet/dynamic/libquickjs.so" dev="dm-10" ino=96508 scontext=u:r:untrusted_app_27:s0:c96,c256,c512,c768 tcontext=u:object_r:app_data_file:s0:c96,c256,c512,c768 tclass=file app=com.ximalaya.ting.android
05-13 11:10:30.360 1525 21112 W ActivityManager: Background start not allowed: service Intent { cmp=com.ximalaya.ting.android/com.qq.e.comm.DownloadService (has extras) } to com.ximalaya.ting.android/com.qq.e.comm.DownloadService from pid=25088 uid=10096 pkg=com.ximalaya.ting.android startFg?=false
05-13 11:10:30.387 19415 19484 I liblog : 39
05-13 11:10:30.438 1525 21112 W ActivityManager: Unable to start service Intent { cmp=com.sina.weibo/.healthkit.source.StorageConfigService } U=0: not found
05-13 11:10:30.500 19415 19459 I liblog : 63
05-13 11:10:30.500 1525 1829 I GameModeConfig: isGameModeOn = false
05-13 11:10:30.500 1525 1829 I GameModeConfig: isGameModeOn = false
05-13 11:10:30.500 1525 1829 I GameModeConfig: isGameModeOn = false
05-13 11:10:30.500 1525 1829 I GameModeConfig: isGameModeOn = false
05-13 11:10:30.500 1525 1829 I GameModeConfig: isGameModeOn = false
05-13 11:10:30.500 1525 1829 I GameModeConfig: isGameModeOn = false
05-13 11:10:30.501 1525 1829 I GameModeConfig: isGameModeOn = false
05-13 11:10:30.502 1525 1829 I GameModeConfig: isGameModeOn = false
05-13 11:10:30.502 1525 1829 I GameModeConfig: isGameModeOn = false
05-13 11:10:30.502 1525 1829 I GameModeConfig: isGameModeOn = false
05-13 11:10:30.502 1525 1829 I GameModeConfig: isGameModeOn = false
05-13 11:10:30.502 1525 1829 I GameModeConfig: isGameModeOn = false
05-13 11:10:30.502 1525 1829 I GameModeConfig: isGameModeOn = false
05-13 11:10:30.502 1525 1829 I GameModeConfig: isGameModeOn = false
05-13 11:10:30.502 1525 1829 I GameModeConfig: isGameModeOn = false
05-13 11:10:30.502 1525 1829 I GameModeConfig: isGameModeOn = false
05-13 11:10:30.503 1525 1829 I GameModeConfig: isGameModeOn = false
05-13 11:10:30.503 1525 1829 I GameModeConfig: isGameModeOn = false
05-13 11:10:30.503 1525 1829 I GameModeConfig: isGameModeOn = false
05-13 11:10:30.503 1525 1829 I GameModeConfig: isGameModeOn = false
05-13 11:10:30.503 1525 1829 I GameModeConfig: isGameModeOn = false
05-13 11:10:30.503 1525 1829 I GameModeConfig: isGameModeOn = false
05-13 11:10:30.503 1525 1829 I GameModeConfig: isGameModeOn = false
05-13 11:10:30.503 1525 1829 I GameModeConfig: isGameModeOn = false
05-13 11:10:30.503 1525 1829 I GameModeConfig: isGameModeOn = false
05-13 11:10:30.504 1525 1829 I GameModeConfig: isGameModeOn = false
05-13 11:10:30.523 655 669 I liblog : 1
05-13 11:10:30.545 19415 19484 I liblog : 4
05-13 11:10:30.553 25358 25560 E ActivityThread: Failed to find provider info for com.vivo.push.sdk.service.SystemPushConfig
05-13 11:10:30.663 511 511 I liblog : 1
05-13 11:10:30.663 20266 20455 I liblog : 37
05-13 11:10:30.724 511 511 I liblog : 4
05-13 11:10:30.741 20266 20455 I liblog : 25
05-13 11:10:30.751 25358 25421 I liblog : 1
05-13 11:10:30.782 19415 19459 I liblog : 123
05-13 11:10:30.831 511 511 I liblog : 1
05-13 11:10:30.836 20266 20455 I liblog : 11
05-13 11:10:30.845 19415 19459 I liblog : 17
05-13 11:10:30.880 25074 25106 I liblog : 3
05-13 11:10:31.520 845 845 I auditd : type=1400 audit(0.0:142707): avc: denied { add_name } for comm="perf@2.2-servic" name="cpu_min_freq" scontext=u:r:vendor_hal_perf_default:s0 tcontext=u:object_r:vendor_sysfs_msm_perf:s0 tclass=dir permissive=1
05-13 11:10:31.520 845 845 I auditd : type=1400 audit(0.0:142708): avc: denied { create } for comm="perf@2.2-servic" name="cpu_min_freq" scontext=u:r:vendor_hal_perf_default:s0 tcontext=u:object_r:vendor_sysfs_msm_perf:s0 tclass=file permissive=1
05-13 11:10:31.940 25088 25088 I auditd : type=1400 audit(0.0:142709): avc: granted { nlmsg_readpriv } for comm="RealTimeThreadP" scontext=u:r:untrusted_app_27:s0:c96,c256,c512,c768 tcontext=u:r:untrusted_app_27:s0:c96,c256,c512,c768 tclass=netlink_route_socket app=com.ximalaya.ting.android
05-13 11:10:32.079 1525 26236 W ActivityManager: Background start not allowed: service Intent { cmp=com.ximalaya.ting.android/.xmpushservice.getui.XmGeTuiPushService (has extras) } to com.ximalaya.ting.android/.xmpushservice.getui.XmGeTuiPushService from pid=25088 uid=10096 pkg=com.ximalaya.ting.android startFg?=false
05-13 11:10:32.141 1525 26236 W ActivityManager: Background start not allowed: service Intent { cmp=com.ximalaya.ting.android/.xmpushservice.getui.XmGeTuiPushService (has extras) } to com.ximalaya.ting.android/.xmpushservice.getui.XmGeTuiPushService from pid=25088 uid=10096 pkg=com.ximalaya.ting.android startFg?=false
05-13 11:10:32.200 25088 25088 I auditd : type=1400 audit(0.0:142710): avc: granted { nlmsg_readpriv } for comm="xidsdk10-thread" scontext=u:r:untrusted_app_27:s0:c96,c256,c512,c768 tcontext=u:r:untrusted_app_27:s0:c96,c256,c512,c768 tclass=netlink_route_socket app=com.ximalaya.ting.android
