05-13 08:34:57.315 1525 1621 W ProcessStats: Tracking association SourceState{6ba0e71 com.tencent.android.qqdownloader:live/10094 BTopFgs #220675} whose proc state 2 is better than process ProcessState{48ac3f8 com.tencent.android.qqdownloader:daemon/10094 pkg=com.tencent.android.qqdownloader} proc state 3 (15 skipped)
05-13 08:34:57.333 1525 2512 W ActivityManager: Unable to start service Intent { act=com.google.android.gms.ads.identifier.service.START pkg=com.google.android.gms } U=0: not found
05-13 08:34:57.334 15290 16179 E ActivityThread: Failed to find provider info for com.vivo.vms.IdProvider
05-13 08:34:58.304 1525 1783 D ActivityManager: freezing 14249 com.android.webview:sandboxed_process0:org.chromium.content.app.SandboxedProcessService0:0
05-13 08:34:58.309 1525 1783 E ActivityManager: Unable to freeze binder for 14249 com.android.webview:sandboxed_process0:org.chromium.content.app.SandboxedProcessService0:0
05-13 08:34:58.310 1525 1783 D ActivityManager: froze 14249 com.android.webview:sandboxed_process0:org.chromium.content.app.SandboxedProcessService0:0
05-13 08:34:58.311 1525 1783 E ActivityManager: Unable to freeze binder for 14249 com.android.webview:sandboxed_process0:org.chromium.content.app.SandboxedProcessService0:0
05-13 08:34:58.313 1525 1783 I ActivityManager: Killing 14249:com.android.webview:sandboxed_process0:org.chromium.content.app.SandboxedProcessService0:0/u0a100i9 (adj 985): Unable to freeze binder interface
05-13 08:34:58.334 1525 9709 W ActivityManager: Scheduling restart of crashed service com.netease.newsreader.activity/org.chromium.content.app.SandboxedProcessService0:0 in 1000ms for connection
05-13 08:34:58.340 1525 1642 E KernelCpuSpeedReader: Failed to read cpu-freq: /sys/devices/system/cpu/cpu4/cpufreq/stats/time_in_state: open failed: ENOENT (No such file or directory)
05-13 08:34:58.340 1525 1642 E KernelCpuSpeedReader: Failed to read cpu-freq: /sys/devices/system/cpu/cpu0/cpufreq/stats/time_in_state: open failed: ENOENT (No such file or directory)
05-13 08:34:58.340 1525 1642 D KernelCpuUidUserSysTimeReader: Removing uids 99003-99003
05-13 08:34:59.409 1525 1783 D ActivityManager: freezing 2523 com.netease.newsreader.activity:pushservice
05-13 08:34:59.409 1525 1783 E ActivityManager: Unable to freeze binder for 2523 com.netease.newsreader.activity:pushservice
05-13 08:34:59.411 1525 1783 D ActivityManager: froze 2523 com.netease.newsreader.activity:pushservice
05-13 08:34:59.411 1525 1783 E ActivityManager: Unable to freeze binder for 2523 com.netease.newsreader.activity:pushservice
05-13 08:34:59.413 1525 1783 I ActivityManager: Killing 2523:com.netease.newsreader.activity:pushservice/u0a100 (adj 985): Unable to freeze binder interface
05-13 08:34:59.440 1525 9709 W ActivityManager: Scheduling restart of crashed service com.netease.newsreader.activity/com.xiaomi.push.service.XMPushService in 1000ms for connection
05-13 08:35:00.442 1525 1623 D CompatibilityChangeReporter: Compat change id reported: 135634846; UID 10100; state: DISABLED
05-13 08:35:00.442 1525 1623 D CompatibilityChangeReporter: Compat change id reported: 177438394; UID 10100; state: DISABLED
05-13 08:35:00.442 1525 1623 D CompatibilityChangeReporter: Compat change id reported: 135772972; UID 10100; state: DISABLED
05-13 08:35:00.442 1525 1623 D CompatibilityChangeReporter: Compat change id reported: 135754954; UID 10100; state: ENABLED
05-13 08:35:00.443 1525 1624 D CompatibilityChangeReporter: Compat change id reported: 143937733; UID 10100; state: ENABLED
05-13 08:35:00.453 1525 1624 I ActivityManager: Start proc 21697:com.netease.newsreader.activity:pushservice/u0a100 for service {com.netease.newsreader.activity/com.xiaomi.push.service.XMPushService}
05-13 08:35:00.936 1525 9708 W ActivityManager: Background start not allowed: service Intent { cmp=com.netease.newsreader.activity/com.sijla.common.HBS } to com.netease.newsreader.activity/com.sijla.common.HBS from pid=21697 uid=10100 pkg=com.netease.newsreader.activity startFg?=false
05-13 08:35:07.449 1525 9708 W ProcessStats: Tracking association SourceState{6ba0e71 com.tencent.android.qqdownloader:live/10094 BTopFgs #220692} whose proc state 2 is better than process ProcessState{48ac3f8 com.tencent.android.qqdownloader:daemon/10094 pkg=com.tencent.android.qqdownloader} proc state 3 (13 skipped)
05-13 08:35:07.881 1525 26237 W ActivityManager: Unable to start service Intent { act=com.google.android.gms.ads.identifier.service.START pkg=com.google.android.gms } U=0: not found
05-13 08:35:07.881 15290 16179 E ActivityThread: Failed to find provider info for com.vivo.vms.IdProvider
05-13 08:35:08.784 1525 26237 W ActivityManager: Background start not allowed: service Intent { cmp=tv.danmaku.bili/com.bilibili.lib.neuron.internal.NeuronLocalService (has extras) } to tv.danmaku.bili/com.bilibili.lib.neuron.internal.NeuronLocalService from pid=17626 uid=10104 pkg=tv.danmaku.bili startFg?=false
05-13 08:35:18.386 1525 9327 W ActivityManager: Unable to start service Intent { act=com.google.android.gms.ads.identifier.service.START pkg=com.google.android.gms } U=0: not found
05-13 08:35:18.387 15290 16179 E ActivityThread: Failed to find provider info for com.vivo.vms.IdProvider
05-13 08:35:19.608 1525 9327 W ProcessStats: Tracking association SourceState{6ba0e71 com.tencent.android.qqdownloader:live/10094 BTopFgs #220739} whose proc state 2 is better than process ProcessState{48ac3f8 com.tencent.android.qqdownloader:daemon/10094 pkg=com.tencent.android.qqdownloader} proc state 3 (30 skipped)
05-13 08:35:21.741 1525 1623 W ActivityManager: Stopping service due to app idle: u0a103 -3m21s83ms com.ss.android.ugc.aweme/com.ss.android.newmedia.redbadge.RedBadgePushProcessService
05-13 08:35:21.741 1525 1623 W ActivityManager: Stopping service due to app idle: u0a103 -1d20h27m31s720ms com.ss.android.ugc.aweme/com.amap.api.location.APSService
05-13 08:35:21.741 1525 1623 W ActivityManager: Stopping service due to app idle: u0a103 -1d20h27m22s106ms com.ss.android.ugc.aweme/.impl.downgrade.notice.MainProcessWsChannelService
05-13 08:35:26.608 1525 1621 W UsageStatsService: Unexpected activity event reported! (com.android.launcher3/com.android.launcher3.uioverrides.QuickstepLauncher event : 23 instanceId : 157816771)
05-13 08:35:27.098 1525 1603 D AutofillManagerService: Close system dialogs
05-13 08:35:27.726 1525 15278 I ActivityTaskManager: FOREGROUND_APPLICATION_CHANGED to com.android.launcher3.uioverrides.QuickstepLauncher
05-13 08:35:28.145 1525 9709 I thunderperf: PlatormCompat.setOverrides: Uid1=10075 Pid1=2636 Uid2=10075 Pid2=2636
05-13 08:35:28.145 1525 9709 I thunderperf: PlatormCompat.setOverrides: needCheck:false
05-13 08:35:28.145 1525 9709 I thunderperf: CompatConfig.addOverrideUnsafe: bef-state=0
05-13 08:35:28.145 1525 9709 I thunderperf: CompatConfig.addOverrideUnsafe: aft-state=0
05-13 08:35:28.145 1525 9709 I thunderperf: CompatConfig.addOverrideUnsafe: bef-state=0
05-13 08:35:28.145 1525 9709 I thunderperf: CompatConfig.addOverrideUnsafe: aft-state=0
05-13 08:35:28.146 1525 9709 I thunderperf: CompatConfig.addOverrideUnsafe: bef-state=0
05-13 08:35:28.146 1525 9709 I thunderperf: CompatConfig.addOverrideUnsafe: aft-state=0
05-13 08:35:28.147 1525 9709 I thunderperf: CompatConfig.addOverrideUnsafe: bef-state=0
05-13 08:35:28.147 1525 9709 I thunderperf: CompatConfig.addOverrideUnsafe: aft-state=0
05-13 08:35:28.147 1525 9709 I thunderperf: CompatConfig.addOverrideUnsafe: bef-state=0
05-13 08:35:28.147 1525 9709 I thunderperf: CompatConfig.addOverrideUnsafe: aft-state=0
05-13 08:35:28.147 1525 9709 I thunderperf: CompatConfig.addOverrideUnsafe: bef-state=0
05-13 08:35:28.147 1525 9709 I thunderperf: CompatConfig.addOverrideUnsafe: aft-state=0
05-13 08:35:28.148 1525 9709 I thunderperf: CompatConfig.addOverrideUnsafe: bef-state=0
05-13 08:35:28.148 1525 9709 I thunderperf: CompatConfig.addOverrideUnsafe: aft-state=0
05-13 08:35:28.148 1525 9709 I thunderperf: CompatConfig.addOverrideUnsafe: bef-state=0
05-13 08:35:28.148 1525 9709 I thunderperf: CompatConfig.addOverrideUnsafe: aft-state=0
05-13 08:35:28.148 1525 9709 I thunderperf: CompatConfig.addOverrideUnsafe: bef-state=0
05-13 08:35:28.149 1525 9709 I thunderperf: CompatConfig.addOverrideUnsafe: aft-state=0
05-13 08:35:28.149 1525 9709 I thunderperf: CompatConfig.addOverrideUnsafe: bef-state=0
05-13 08:35:28.149 1525 9709 I thunderperf: CompatConfig.addOverrideUnsafe: aft-state=0
05-13 08:35:28.149 1525 9709 I thunderperf: CompatConfig.addOverrideUnsafe: bef-state=0
05-13 08:35:28.149 1525 9709 I thunderperf: CompatConfig.addOverrideUnsafe: aft-state=0
05-13 08:35:28.149 1525 9709 I thunderperf: CompatConfig.addOverrideUnsafe: bef-state=0
05-13 08:35:28.150 1525 9709 I thunderperf: CompatConfig.addOverrideUnsafe: aft-state=0
05-13 08:35:28.150 1525 9709 I thunderperf: CompatConfig.addOverrideUnsafe: bef-state=0
05-13 08:35:28.150 1525 9709 I thunderperf: CompatConfig.addOverrideUnsafe: aft-state=0
05-13 08:35:28.150 1525 9709 I thunderperf: CompatConfig.addOverrideUnsafe: bef-state=0
05-13 08:35:28.150 1525 9709 I thunderperf: CompatConfig.addOverrideUnsafe: aft-state=0
05-13 08:35:28.156 1525 9709 I ActivityTaskManager: START u0 {act=android.intent.action.MAIN cat=[android.intent.category.LAUNCHER] flg=0x10200000 cmp=tv.danmaku.bili/.MainActivityV2 bnds=[664,383][940,650]} from uid 10075
05-13 08:35:28.191 1525 9709 D CompatibilityChangeReporter: Compat change id reported: 168419799; UID 10104; state: DISABLED
05-13 08:35:28.193 1914 2197 D PhoneStartingWindowTypeAlgorithm: preferredStartingWindowType newTask:false taskSwitch:true processRunning:true allowTaskSnapshot:true activityCreated:true useEmptySplashScreen:false legacySplashScreen:false topIsHome:false
05-13 08:35:28.193 1914 2197 D PhoneStartingWindowTypeAlgorithm: isSnapshotCompatible rotation 0 snapshot 0
05-13 08:35:28.205 1525 29917 I ActivityTaskManager: FOREGROUND_APPLICATION_CHANGED to tv.danmaku.bili.sms.SmsLoginDialogActivityV2
05-13 08:35:28.207 1525 29917 D CompatibilityChangeReporter: Compat change id reported: 174042980; UID 10104; state: DISABLED
05-13 08:35:28.207 1525 29917 D CompatibilityChangeReporter: Compat change id reported: 181136395; UID 10104; state: DISABLED
05-13 08:35:28.207 1525 29917 D CompatibilityChangeReporter: Compat change id reported: 174042936; UID 10104; state: DISABLED
05-13 08:35:28.207 1525 29917 D CompatibilityChangeReporter: Compat change id reported: 184838306; UID 10104; state: DISABLED
05-13 08:35:28.208 1525 29917 D CompatibilityChangeReporter: Compat change id reported: 185004937; UID 10104; state: DISABLED
05-13 08:35:28.302 17626 17900 E ActivityThread: Failed to find provider info for com.android.badge
05-13 08:35:28.387 1914 2197 D StartingSurfaceDrawer: Task start finish, remove starting surface for task 344
05-13 08:35:28.907 1525 9709 W ActivityManager: Unable to start service Intent { act=com.google.android.gms.ads.identifier.service.START pkg=com.google.android.gms } U=0: not found
05-13 08:35:28.907 15290 16179 E ActivityThread: Failed to find provider info for com.vivo.vms.IdProvider
05-13 08:35:29.782 1525 12148 W ProcessStats: Tracking association SourceState{6ba0e71 com.tencent.android.qqdownloader:live/10094 BTopFgs #220782} whose proc state 2 is better than process ProcessState{48ac3f8 com.tencent.android.qqdownloader:daemon/10094 pkg=com.tencent.android.qqdownloader} proc state 3 (28 skipped)
05-13 08:35:30.852 1525 9709 I ActivityTaskManager: FOREGROUND_APPLICATION_CHANGED to tv.danmaku.bili.MainActivityV2
05-13 08:35:32.382 17626 17626 E ActivityThread: Failed to find provider info for telephony
05-13 08:35:32.390 1525 26237 I thunderperf: PlatormCompat.setOverrides: Uid1=10104 Pid1=17626 Uid2=10104 Pid2=17626
05-13 08:35:32.390 1525 26237 I thunderperf: PlatormCompat.setOverrides: needCheck:false
05-13 08:35:32.390 1525 26237 I thunderperf: CompatConfig.addOverrideUnsafe: bef-state=0
05-13 08:35:32.390 1525 26237 I thunderperf: CompatConfig.addOverrideUnsafe: aft-state=0
05-13 08:35:32.390 1525 26237 W PackageManager: MATCH_ANY_USER flag requires INTERACT_ACROSS_USERS permission: UID 10104 requires android.permission.INTERACT_ACROSS_USERS_FULL or android.permission.INTERACT_ACROSS_USERS to access user 0.
05-13 08:35:32.390 1525 26237 I ActivityTaskManager: START u0 {dat=bilibili://main/login/sms/dialog?key_prompt_scene=main.my-information.0.0.pv&from=user_center cmp=tv.danmaku.bili/.sms.SmsLoginDialogActivityV2 (has extras)} from uid 10104
05-13 08:35:32.533 1525 26237 I ActivityTaskManager: FOREGROUND_APPLICATION_CHANGED to tv.danmaku.bili.sms.SmsLoginDialogActivityV2
05-13 08:35:32.533 1525 26237 I ActivityTaskManager: The Process tv.danmaku.bili Already Exists in BG. So sending its PID: 17626
05-13 08:35:32.533 1525 26237 W ActivityTaskManager: Tried to set launchTime (0) < mLastActivityLaunchTime (159846654)
05-13 08:35:32.743 1525 9709 E InputMethodManagerService: SOFT_INPUT_STATE_ALWAYS_VISIBLE is ignored because there is no focused view that also returns true from View#onCheckIsTextEditor()
05-13 08:35:35.349 1525 9709 I ActivityTaskManager: FOREGROUND_APPLICATION_CHANGED to tv.danmaku.bili.MainActivityV2
05-13 08:35:36.471 1525 9710 I thunderperf: PlatormCompat.setOverrides: Uid1=10104 Pid1=17626 Uid2=10104 Pid2=17626
05-13 08:35:36.471 1525 9710 I thunderperf: PlatormCompat.setOverrides: needCheck:false
05-13 08:35:36.471 1525 9710 I thunderperf: CompatConfig.addOverrideUnsafe: bef-state=0
05-13 08:35:36.471 1525 9710 I thunderperf: CompatConfig.addOverrideUnsafe: aft-state=0
05-13 08:35:36.471 1525 9710 W PackageManager: MATCH_ANY_USER flag requires INTERACT_ACROSS_USERS permission: UID 10104 requires android.permission.INTERACT_ACROSS_USERS_FULL or android.permission.INTERACT_ACROSS_USERS to access user 0.
05-13 08:35:36.471 1525 9710 I ActivityTaskManager: START u0 {cmp=tv.danmaku.bili/com.bilibili.lib.ui.GeneralActivity (has extras)} from uid 10104
05-13 08:35:36.482 1525 9710 I ActivityTaskManager: FOREGROUND_APPLICATION_CHANGED to com.bilibili.lib.ui.GeneralActivity
05-13 08:35:36.482 1525 9710 I ActivityTaskManager: The Process tv.danmaku.bili Already Exists in BG. So sending its PID: 17626
05-13 08:35:36.482 1525 9710 W ActivityTaskManager: Tried to set launchTime (0) < mLastActivityLaunchTime (160173064)
05-13 08:35:36.660 1525 1783 D ActivityManager: freezing 16496 com.tencent.mobileqq
05-13 08:35:36.660 1525 1783 E ActivityManager: Unable to freeze binder for 16496 com.tencent.mobileqq
05-13 08:35:36.661 1525 1783 D ActivityManager: froze 16496 com.tencent.mobileqq
05-13 08:35:36.661 1525 1783 E ActivityManager: Unable to freeze binder for 16496 com.tencent.mobileqq
05-13 08:35:36.664 1525 1783 I ActivityManager: Killing 16496:com.tencent.mobileqq/u0a108 (adj 975): Unable to freeze binder interface
05-13 08:35:39.444 1525 26237 W ActivityManager: Unable to start service Intent { act=com.google.android.gms.ads.identifier.service.START pkg=com.google.android.gms } U=0: not found
05-13 08:35:39.445 15290 16179 E ActivityThread: Failed to find provider info for com.vivo.vms.IdProvider
05-13 08:35:42.235 1525 15278 I thunderperf: PlatormCompat.setOverrides: Uid1=10104 Pid1=17626 Uid2=10104 Pid2=17626
05-13 08:35:42.235 1525 15278 I thunderperf: PlatormCompat.setOverrides: needCheck:false
05-13 08:35:42.235 1525 15278 I thunderperf: CompatConfig.addOverrideUnsafe: bef-state=0
05-13 08:35:42.235 1525 15278 I thunderperf: CompatConfig.addOverrideUnsafe: aft-state=0
05-13 08:35:42.235 1525 15278 W PackageManager: MATCH_ANY_USER flag requires INTERACT_ACROSS_USERS permission: UID 10104 requires android.permission.INTERACT_ACROSS_USERS_FULL or android.permission.INTERACT_ACROSS_USERS to access user 0.
05-13 08:35:42.235 1525 15278 I ActivityTaskManager: START u0 {dat=https://www.bilibili.com/... cmp=tv.danmaku.bili/com.bilibili.bangumi.ui.page.detail.BangumiDetailActivityV3 (has extras)} from uid 10104
05-13 08:35:42.245 1525 15278 I ActivityTaskManager: FOREGROUND_APPLICATION_CHANGED to com.bilibili.bangumi.ui.page.detail.BangumiDetailActivityV3
05-13 08:35:42.245 1525 15278 I ActivityTaskManager: The Process tv.danmaku.bili Already Exists in BG. So sending its PID: 17626
05-13 08:35:42.245 1525 15278 W ActivityTaskManager: Tried to set launchTime (0) < mLastActivityLaunchTime (160177013)
05-13 08:35:42.249 1525 1607 W ProcessStats: Tracking association SourceState{6ba0e71 com.tencent.android.qqdownloader:live/10094 BTopFgs #220837} whose proc state 2 is better than process ProcessState{48ac3f8 com.tencent.android.qqdownloader:daemon/10094 pkg=com.tencent.android.qqdownloader} proc state 3 (28 skipped)
05-13 08:35:43.672 1525 15278 D CompatibilityChangeReporter: Compat change id reported: 135634846; UID 10104; state: DISABLED
05-13 08:35:43.672 1525 1624 D CompatibilityChangeReporter: Compat change id reported: 143937733; UID 10104; state: ENABLED
05-13 08:35:43.684 1525 1624 I ActivityManager: Start proc 22142:com.android.webview:sandboxed_process0:org.chromium.content.app.SandboxedProcessService0:1/u0i11 for {tv.danmaku.bili/org.chromium.content.app.SandboxedProcessService0:1}
05-13 08:35:45.856 1525 1525 I GameModeConfig: isGameModeOn = false
05-13 08:35:49.909 1525 3316 W ActivityManager: Unable to start service Intent { act=com.google.android.gms.ads.identifier.service.START pkg=com.google.android.gms } U=0: not found
05-13 08:35:49.909 15290 16179 E ActivityThread: Failed to find provider info for com.vivo.vms.IdProvider
05-13 08:35:59.472 1525 1623 W ProcessStats: Tracking association SourceState{6ba0e71 com.tencent.android.qqdownloader:live/10094 BTopFgs #220920} whose proc state 2 is better than process ProcessState{48ac3f8 com.tencent.android.qqdownloader:daemon/10094 pkg=com.tencent.android.qqdownloader} proc state 3 (36 skipped)
05-13 08:35:59.482 1525 3316 D CompatibilityChangeReporter: Compat change id reported: 171306433; UID 10104; state: ENABLED
05-13 08:36:00.391 1525 3316 W ActivityManager: Unable to start service Intent { act=com.google.android.gms.ads.identifier.service.START pkg=com.google.android.gms } U=0: not found
05-13 08:36:00.391 15290 16179 E ActivityThread: Failed to find provider info for com.vivo.vms.IdProvider
05-13 08:36:00.810 1525 1642 W BatteryExternalStatsWorker: error reading modem stats:ERROR_PHONE_NOT_AVAILABLE
05-13 08:36:00.836 1525 1642 E KernelCpuSpeedReader: Failed to read cpu-freq: /sys/devices/system/cpu/cpu4/cpufreq/stats/time_in_state: open failed: ENOENT (No such file or directory)
05-13 08:36:00.836 1525 1642 E KernelCpuSpeedReader: Failed to read cpu-freq: /sys/devices/system/cpu/cpu0/cpufreq/stats/time_in_state: open failed: ENOENT (No such file or directory)
05-13 08:36:05.283 1525 1783 D ActivityManager: freezing 17609 com.kugou.android
05-13 08:36:05.283 1525 1783 E ActivityManager: Unable to freeze binder for 17609 com.kugou.android
05-13 08:36:05.284 1525 1783 D ActivityManager: froze 17609 com.kugou.android
05-13 08:36:05.284 1525 1783 E ActivityManager: Unable to freeze binder for 17609 com.kugou.android
05-13 08:36:05.288 1525 1783 I ActivityManager: Killing 17609:com.kugou.android/u0a95 (adj 965): Unable to freeze binder interface
05-13 08:36:09.484 1525 1771 W ProcessStats: Tracking association SourceState{6ba0e71 com.tencent.android.qqdownloader:live/10094 BTopFgs #220936} whose proc state 2 is better than process ProcessState{48ac3f8 com.tencent.android.qqdownloader:daemon/10094 pkg=com.tencent.android.qqdownloader} proc state 3 (8 skipped)
05-13 08:36:10.882 1525 15278 W ActivityManager: Unable to start service Intent { act=com.google.android.gms.ads.identifier.service.START pkg=com.google.android.gms } U=0: not found
05-13 08:36:10.883 15290 16179 E ActivityThread: Failed to find provider info for com.vivo.vms.IdProvider
05-13 08:36:21.330 1525 15278 W ActivityManager: Unable to start service Intent { act=com.google.android.gms.ads.identifier.service.START pkg=com.google.android.gms } U=0: not found
05-13 08:36:21.330 15290 16179 E ActivityThread: Failed to find provider info for com.vivo.vms.IdProvider
05-13 08:36:24.389 1525 1623 W ProcessStats: Tracking association SourceState{6ba0e71 com.tencent.android.qqdownloader:live/10094 BTopFgs #220948} whose proc state 2 is better than process ProcessState{48ac3f8 com.tencent.android.qqdownloader:daemon/10094 pkg=com.tencent.android.qqdownloader} proc state 3 (5 skipped)
05-13 08:36:25.032 1525 1629 I ActivityManager: Process PhantomProcessRecord {6153a94 22342:2195:sleep/1000} died
05-13 08:36:25.263 1525 1629 I ActivityManager: Process PhantomProcessRecord {15b393d 22322:2195:sh/1000} died
05-13 08:36:27.748 1525 1623 W ActivityManager: Stopping service due to app idle: u0a110 -1m59s549ms com.ss.android.lark/com.taobao.accs.data.MsgDistributeService
05-13 08:36:27.749 1525 1623 W ActivityManager: Stopping service due to app idle: u0a110 -1m57s256ms com.ss.android.lark/.wschannel.WschannelLaunchService
05-13 08:36:31.822 1525 15277 W ActivityManager: Unable to start service Intent { act=com.google.android.gms.ads.identifier.service.START pkg=com.google.android.gms } U=0: not found
05-13 08:36:31.822 15290 16179 E ActivityThread: Failed to find provider info for com.vivo.vms.IdProvider
05-13 08:36:34.490 1525 1623 W ProcessStats: Tracking association SourceState{6ba0e71 com.tencent.android.qqdownloader:live/10094 BTopFgs #220992} whose proc state 2 is better than process ProcessState{48ac3f8 com.tencent.android.qqdownloader:daemon/10094 pkg=com.tencent.android.qqdownloader} proc state 3 (24 skipped)
05-13 08:36:34.491 1525 1623 D CompatibilityChangeReporter: Compat change id reported: 168419799; UID 10110; state: DISABLED
05-13 08:36:34.529 1525 15278 W ActivityManager: Background start not allowed: service Intent { cmp=com.ss.android.lark/com.xiaomi.mipush.sdk.MessageHandleService } to com.ss.android.lark/com.xiaomi.mipush.sdk.MessageHandleService from pid=20705 uid=10110 pkg=com.ss.android.lark startFg?=false
05-13 08:36:34.758 1525 15277 W ActivityManager: Background start not allowed: service Intent { cmp=com.ss.android.lark/com.xiaomi.mipush.sdk.MessageHandleService } to com.ss.android.lark/com.xiaomi.mipush.sdk.MessageHandleService from pid=20705 uid=10110 pkg=com.ss.android.lark startFg?=false
05-13 08:36:42.371 1525 15278 W ActivityManager: Unable to start service Intent { act=com.google.android.gms.ads.identifier.service.START pkg=com.google.android.gms } U=0: not found
05-13 08:36:42.371 15290 16179 E ActivityThread: Failed to find provider info for com.vivo.vms.IdProvider
05-13 08:36:47.358 1525 1525 I GameModeConfig: isGameModeOn = false
05-13 08:36:52.834 1525 2042 W ActivityManager: Unable to start service Intent { act=com.google.android.gms.ads.identifier.service.START pkg=com.google.android.gms } U=0: not found
05-13 08:36:52.834 15290 16179 E ActivityThread: Failed to find provider info for com.vivo.vms.IdProvider
05-13 08:36:55.780 1525 1623 W ProcessStats: Tracking association SourceState{6ba0e71 com.tencent.android.qqdownloader:live/10094 BTopFgs #221015} whose proc state 2 is better than process ProcessState{48ac3f8 com.tencent.android.qqdownloader:daemon/10094 pkg=com.tencent.android.qqdownloader} proc state 3 (12 skipped)
05-13 08:37:03.393 1525 15277 W ActivityManager: Unable to start service Intent { act=com.google.android.gms.ads.identifier.service.START pkg=com.google.android.gms } U=0: not found
05-13 08:37:03.394 15290 16179 E ActivityThread: Failed to find provider info for com.vivo.vms.IdProvider
05-13 08:37:09.099 1525 2042 W ProcessStats: Tracking association SourceState{6ba0e71 com.tencent.android.qqdownloader:live/10094 BTopFgs #221058} whose proc state 2 is better than process ProcessState{48ac3f8 com.tencent.android.qqdownloader:daemon/10094 pkg=com.tencent.android.qqdownloader} proc state 3 (21 skipped)
05-13 08:37:13.959 1525 15277 W ActivityManager: Unable to start service Intent { act=com.google.android.gms.ads.identifier.service.START pkg=com.google.android.gms } U=0: not found
05-13 08:37:13.959 15290 16179 E ActivityThread: Failed to find provider info for com.vivo.vms.IdProvider
05-13 08:37:24.445 1525 15278 W ActivityManager: Unable to start service Intent { act=com.google.android.gms.ads.identifier.service.START pkg=com.google.android.gms } U=0: not found
05-13 08:37:24.446 15290 16179 E ActivityThread: Failed to find provider info for com.vivo.vms.IdProvider
05-13 08:37:26.387 1525 15278 W ProcessStats: Tracking association SourceState{6ba0e71 com.tencent.android.qqdownloader:live/10094 BTopFgs #221067} whose proc state 2 is better than process ProcessState{48ac3f8 com.tencent.android.qqdownloader:daemon/10094 pkg=com.tencent.android.qqdownloader} proc state 3 (1 skipped)
05-13 08:37:34.972 1525 2042 W ActivityManager: Unable to start service Intent { act=com.google.android.gms.ads.identifier.service.START pkg=com.google.android.gms } U=0: not found
05-13 08:37:34.973 15290 16179 E ActivityThread: Failed to find provider info for com.vivo.vms.IdProvider
05-13 08:37:39.200 1525 15278 W ProcessStats: Tracking association SourceState{6ba0e71 com.tencent.android.qqdownloader:live/10094 BTopFgs #221108} whose proc state 2 is better than process ProcessState{48ac3f8 com.tencent.android.qqdownloader:daemon/10094 pkg=com.tencent.android.qqdownloader} proc state 3 (19 skipped)
05-13 08:37:45.445 1525 15278 W ActivityManager: Unable to start service Intent { act=com.google.android.gms.ads.identifier.service.START pkg=com.google.android.gms } U=0: not found
05-13 08:37:45.445 15290 16179 E ActivityThread: Failed to find provider info for com.vivo.vms.IdProvider
05-13 08:37:48.859 1525 1525 I GameModeConfig: isGameModeOn = false
05-13 08:37:55.906 1525 26237 W ActivityManager: Unable to start service Intent { act=com.google.android.gms.ads.identifier.service.START pkg=com.google.android.gms } U=0: not found
05-13 08:37:55.906 15290 16179 E ActivityThread: Failed to find provider info for com.vivo.vms.IdProvider
05-13 08:38:06.394 1525 2042 W ActivityManager: Unable to start service Intent { act=com.google.android.gms.ads.identifier.service.START pkg=com.google.android.gms } U=0: not found
05-13 08:38:06.395 15290 16179 E ActivityThread: Failed to find provider info for com.vivo.vms.IdProvider
05-13 08:38:09.268 1525 9709 W ProcessStats: Tracking association SourceState{6ba0e71 com.tencent.android.qqdownloader:live/10094 BTopFgs #221125} whose proc state 2 is better than process ProcessState{48ac3f8 com.tencent.android.qqdownloader:daemon/10094 pkg=com.tencent.android.qqdownloader} proc state 3 (1 skipped)
05-13 08:38:16.966 1525 2042 W ActivityManager: Unable to start service Intent { act=com.google.android.gms.ads.identifier.service.START pkg=com.google.android.gms } U=0: not found
05-13 08:38:16.966 15290 16179 E ActivityThread: Failed to find provider info for com.vivo.vms.IdProvider
05-13 08:38:25.449 1525 26237 W ProcessStats: Tracking association SourceState{6ba0e71 com.tencent.android.qqdownloader:live/10094 BTopFgs #221161} whose proc state 2 is better than process ProcessState{48ac3f8 com.tencent.android.qqdownloader:daemon/10094 pkg=com.tencent.android.qqdownloader} proc state 3 (16 skipped)
05-13 08:38:27.548 1525 26237 W ActivityManager: Unable to start service Intent { act=com.google.android.gms.ads.identifier.service.START pkg=com.google.android.gms } U=0: not found
05-13 08:38:27.549 15290 16179 E ActivityThread: Failed to find provider info for com.vivo.vms.IdProvider
05-13 08:38:38.036 1525 9709 W ActivityManager: Unable to start service Intent { act=com.google.android.gms.ads.identifier.service.START pkg=com.google.android.gms } U=0: not found
05-13 08:38:38.036 15290 16179 E ActivityThread: Failed to find provider info for com.vivo.vms.IdProvider
05-13 08:38:39.370 1525 26237 W ProcessStats: Tracking association SourceState{6ba0e71 com.tencent.android.qqdownloader:live/10094 BTopFgs #221172} whose proc state 2 is better than process ProcessState{48ac3f8 com.tencent.android.qqdownloader:daemon/10094 pkg=com.tencent.android.qqdownloader} proc state 3 (0 skipped)
05-13 08:38:48.538 1525 2042 W ActivityManager: Unable to start service Intent { act=com.google.android.gms.ads.identifier.service.START pkg=com.google.android.gms } U=0: not found
05-13 08:38:48.538 15290 16179 E ActivityThread: Failed to find provider info for com.vivo.vms.IdProvider
05-13 08:38:48.861 1525 1525 I GameModeConfig: isGameModeOn = false
05-13 08:38:59.031 1525 2042 W ActivityManager: Unable to start service Intent { act=com.google.android.gms.ads.identifier.service.START pkg=com.google.android.gms } U=0: not found
05-13 08:38:59.031 15290 16179 E ActivityThread: Failed to find provider info for com.vivo.vms.IdProvider
05-13 08:39:09.470 1525 2042 W ProcessStats: Tracking association SourceState{6ba0e71 com.tencent.android.qqdownloader:live/10094 BTopFgs #221216} whose proc state 2 is better than process ProcessState{48ac3f8 com.tencent.android.qqdownloader:daemon/10094 pkg=com.tencent.android.qqdownloader} proc state 3 (16 skipped)
05-13 08:39:09.509 1525 9709 W ActivityManager: Unable to start service Intent { act=com.google.android.gms.ads.identifier.service.START pkg=com.google.android.gms } U=0: not found
05-13 08:39:09.510 15290 16179 E ActivityThread: Failed to find provider info for com.vivo.vms.IdProvider
05-13 08:39:19.975 1525 2042 W ActivityManager: Unable to start service Intent { act=com.google.android.gms.ads.identifier.service.START pkg=com.google.android.gms } U=0: not found
05-13 08:39:19.975 15290 16179 E ActivityThread: Failed to find provider info for com.vivo.vms.IdProvider
05-13 08:39:30.473 1525 26237 W ActivityManager: Unable to start service Intent { act=com.google.android.gms.ads.identifier.service.START pkg=com.google.android.gms } U=0: not found
05-13 08:39:30.473 15290 16179 E ActivityThread: Failed to find provider info for com.vivo.vms.IdProvider
05-13 08:39:34.064 1525 1525 W ProcessStats: Tracking association SourceState{6ba0e71 com.tencent.android.qqdownloader:live/10094 BTopFgs #221261} whose proc state 2 is better than process ProcessState{48ac3f8 com.tencent.android.qqdownloader:daemon/10094 pkg=com.tencent.android.qqdownloader} proc state 3 (17 skipped)
05-13 08:39:41.036 1525 2042 W ActivityManager: Unable to start service Intent { act=com.google.android.gms.ads.identifier.service.START pkg=com.google.android.gms } U=0: not found
05-13 08:39:41.036 15290 16179 E ActivityThread: Failed to find provider info for com.vivo.vms.IdProvider
05-13 08:39:50.373 1525 1525 I GameModeConfig: isGameModeOn = false
05-13 08:39:51.490 1525 2042 W ActivityManager: Unable to start service Intent { act=com.google.android.gms.ads.identifier.service.START pkg=com.google.android.gms } U=0: not found
05-13 08:39:51.491 15290 16179 E ActivityThread: Failed to find provider info for com.vivo.vms.IdProvider
05-13 08:39:54.394 1525 1623 W ProcessStats: Tracking association SourceState{6ba0e71 com.tencent.android.qqdownloader:live/10094 BTopFgs #221278} whose proc state 2 is better than process ProcessState{48ac3f8 com.tencent.android.qqdownloader:daemon/10094 pkg=com.tencent.android.qqdownloader} proc state 3 (3 skipped)
05-13 08:39:58.415 1525 9709 D CompatibilityChangeReporter: Compat change id reported: 149924527; UID 10097; state: ENABLED
05-13 08:39:58.415 1525 9709 D CompatibilityChangeReporter: Compat change id reported: 132649864; UID 10097; state: DISABLED
05-13 08:40:02.003 1525 2042 W ActivityManager: Unable to start service Intent { act=com.google.android.gms.ads.identifier.service.START pkg=com.google.android.gms } U=0: not found
05-13 08:40:02.004 15290 16179 E ActivityThread: Failed to find provider info for com.vivo.vms.IdProvider
05-13 08:40:09.649 1525 26237 W ProcessStats: Tracking association SourceState{6ba0e71 com.tencent.android.qqdownloader:live/10094 BTopFgs #221324} whose proc state 2 is better than process ProcessState{48ac3f8 com.tencent.android.qqdownloader:daemon/10094 pkg=com.tencent.android.qqdownloader} proc state 3 (25 skipped)
05-13 08:40:12.516 1525 2042 W ActivityManager: Unable to start service Intent { act=com.google.android.gms.ads.identifier.service.START pkg=com.google.android.gms } U=0: not found
05-13 08:40:12.516 15290 16179 E ActivityThread: Failed to find provider info for com.vivo.vms.IdProvider
05-13 08:40:22.928 1525 1623 W ProcessStats: Tracking association SourceState{6ba0e71 com.tencent.android.qqdownloader:live/10094 BTopFgs #221334} whose proc state 2 is better than process ProcessState{48ac3f8 com.tencent.android.qqdownloader:daemon/10094 pkg=com.tencent.android.qqdownloader} proc state 3 (2 skipped)
05-13 08:40:22.974 1525 2042 W ActivityManager: Unable to start service Intent { act=com.google.android.gms.ads.identifier.service.START pkg=com.google.android.gms } U=0: not found
05-13 08:40:22.975 15290 16179 E ActivityThread: Failed to find provider info for com.vivo.vms.IdProvider
05-13 08:40:26.580 1525 1783 D ActivityManager: freezing 19222 com.android.permissioncontroller
05-13 08:40:26.580 1525 1783 E ActivityManager: Unable to freeze binder for 19222 com.android.permissioncontroller
05-13 08:40:26.581 1525 1783 D ActivityManager: froze 19222 com.android.permissioncontroller
05-13 08:40:26.582 1525 1783 E ActivityManager: Unable to freeze binder for 19222 com.android.permissioncontroller
05-13 08:40:26.585 1525 1783 I ActivityManager: Killing 19222:com.android.permissioncontroller/u0a91 (adj 955): Unable to freeze binder interface
05-13 08:40:29.469 1525 9708 W ActivityManager: Background start not allowed: service Intent { flg=0x10000000 cmp=com.tencent.mm/.booter.CoreService (has extras) } to com.tencent.mm/.booter.CoreService from pid=14913 uid=10102 pkg=com.tencent.mm startFg?=false
05-13 08:40:33.427 1525 1556 W ActivityManager: Unable to start service Intent { act=com.google.android.gms.ads.identifier.service.START pkg=com.google.android.gms } U=0: not found
05-13 08:40:33.428 15290 16179 E ActivityThread: Failed to find provider info for com.vivo.vms.IdProvider
05-13 08:40:39.750 1525 26237 W ProcessStats: Tracking association SourceState{6ba0e71 com.tencent.android.qqdownloader:live/10094 BTopFgs #221386} whose proc state 2 is better than process ProcessState{48ac3f8 com.tencent.android.qqdownloader:daemon/10094 pkg=com.tencent.android.qqdownloader} proc state 3 (27 skipped)
05-13 08:40:44.016 1525 26237 W ActivityManager: Unable to start service Intent { act=com.google.android.gms.ads.identifier.service.START pkg=com.google.android.gms } U=0: not found
05-13 08:40:44.016 15290 16179 E ActivityThread: Failed to find provider info for com.vivo.vms.IdProvider
05-13 08:40:44.366 1525 1829 I GameModeConfig: isGameModeOn = false
05-13 08:40:44.367 1525 1829 I GameModeConfig: isGameModeOn = false
05-13 08:40:44.367 1525 1829 I GameModeConfig: isGameModeOn = false
05-13 08:40:44.367 1525 1829 I GameModeConfig: isGameModeOn = false
05-13 08:40:44.367 1525 1829 I GameModeConfig: isGameModeOn = false
05-13 08:40:44.367 1525 1829 I GameModeConfig: isGameModeOn = false
05-13 08:40:44.367 1525 1829 I GameModeConfig: isGameModeOn = false
05-13 08:40:44.367 1525 1829 I GameModeConfig: isGameModeOn = false
05-13 08:40:44.367 1525 1829 I GameModeConfig: isGameModeOn = false
05-13 08:40:44.367 1525 1829 I GameModeConfig: isGameModeOn = false
05-13 08:40:44.367 1525 1829 I GameModeConfig: isGameModeOn = false
05-13 08:40:44.368 1525 1829 I GameModeConfig: isGameModeOn = false
05-13 08:40:44.368 1525 1829 I GameModeConfig: isGameModeOn = false
05-13 08:40:44.368 1525 1829 I GameModeConfig: isGameModeOn = false
05-13 08:40:44.368 1525 1829 I GameModeConfig: isGameModeOn = false
05-13 08:40:44.368 1525 1829 I GameModeConfig: isGameModeOn = false
05-13 08:40:44.368 1525 1829 I GameModeConfig: isGameModeOn = false
05-13 08:40:44.368 1525 1829 I GameModeConfig: isGameModeOn = false
05-13 08:40:44.368 1525 1829 I GameModeConfig: isGameModeOn = false
05-13 08:40:44.368 1525 1829 I GameModeConfig: isGameModeOn = false
05-13 08:40:44.368 1525 1829 I GameModeConfig: isGameModeOn = false
05-13 08:40:44.368 1525 1829 I GameModeConfig: isGameModeOn = false
05-13 08:40:44.368 1525 1829 I GameModeConfig: isGameModeOn = false
05-13 08:40:44.587 1525 1525 I GameModeConfig: isGameModeOn = false
05-13 08:40:44.591 1525 1525 W NotificationHistory: Attempted to add notif for locked/gone/disabled user 0
05-13 08:40:44.798 1525 26237 W ActivityManager: Unable to start service Intent { act=com.bun.msa.action.start.service cmp=com.mdid.msa/.service.MsaKlService (has extras) } U=0: not found
05-13 08:40:44.802 1525 26237 W ActivityManager: Unable to start service Intent { act=com.bun.msa.action.bindto.service cmp=com.mdid.msa/.service.MsaIdService (has extras) } U=0: not found
05-13 08:40:45.121 1525 26237 W ActivityManager: Unable to start service Intent { act=com.bun.msa.action.start.service cmp=com.mdid.msa/.service.MsaKlService (has extras) } U=0: not found
05-13 08:40:45.124 1525 26237 W ActivityManager: Unable to start service Intent { act=com.bun.msa.action.bindto.service cmp=com.mdid.msa/.service.MsaIdService (has extras) } U=0: not found
05-13 08:40:51.859 1525 1525 I GameModeConfig: isGameModeOn = false
05-13 08:40:54.409 1525 1829 I GameModeConfig: isGameModeOn = false
05-13 08:40:54.539 1525 1556 W ActivityManager: Unable to start service Intent { act=com.google.android.gms.ads.identifier.service.START pkg=com.google.android.gms } U=0: not found
05-13 08:40:54.540 15290 16179 E ActivityThread: Failed to find provider info for com.vivo.vms.IdProvider
05-13 08:40:54.588 1525 1829 I GameModeConfig: isGameModeOn = false
05-13 08:40:54.891 1525 1623 W ProcessStats: Tracking association SourceState{6ba0e71 com.tencent.android.qqdownloader:live/10094 BTopFgs #221403} whose proc state 2 is better than process ProcessState{48ac3f8 com.tencent.android.qqdownloader:daemon/10094 pkg=com.tencent.android.qqdownloader} proc state 3 (5 skipped)
05-13 08:41:03.100 1525 1783 D ActivityManager: freezing 19514 android.process.acore
05-13 08:41:03.100 1525 1783 E ActivityManager: Unable to freeze binder for 19514 android.process.acore
05-13 08:41:03.102 1525 1783 D ActivityManager: froze 19514 android.process.acore
05-13 08:41:03.102 1525 1783 E ActivityManager: Unable to freeze binder for 19514 android.process.acore
05-13 08:41:03.107 1525 1783 D ActivityManager: freezing 8212 com.qualcomm.qti.qccauthmgr
05-13 08:41:03.108 1525 1783 E ActivityManager: Unable to freeze binder for 8212 com.qualcomm.qti.qccauthmgr
05-13 08:41:03.108 1525 1783 D ActivityManager: froze 8212 com.qualcomm.qti.qccauthmgr
05-13 08:41:03.109 1525 1783 E ActivityManager: Unable to freeze binder for 8212 com.qualcomm.qti.qccauthmgr
05-13 08:41:03.111 1525 1783 I ActivityManager: Killing 19514:android.process.acore/u0a30 (adj 955): Unable to freeze binder interface
05-13 08:41:03.112 1525 1783 I ActivityManager: Killing 8212:com.qualcomm.qti.qccauthmgr/u0a82 (adj 955): Unable to freeze binder interface
05-13 08:41:03.134 1525 26237 D CountryDetector: No listener is left
05-13 08:41:04.977 1525 25364 W ActivityManager: Unable to start service Intent { act=com.google.android.gms.ads.identifier.service.START pkg=com.google.android.gms } U=0: not found
05-13 08:41:04.978 15290 16179 E ActivityThread: Failed to find provider info for com.vivo.vms.IdProvider
05-13 08:41:09.595 1525 1623 W ProcessStats: Tracking association SourceState{6ba0e71 com.tencent.android.qqdownloader:live/10094 BTopFgs #221464} whose proc state 2 is better than process ProcessState{48ac3f8 com.tencent.android.qqdownloader:daemon/10094 pkg=com.tencent.android.qqdownloader} proc state 3 (35 skipped)
05-13 08:41:15.463 1525 25364 W ActivityManager: Unable to start service Intent { act=com.google.android.gms.ads.identifier.service.START pkg=com.google.android.gms } U=0: not found
05-13 08:41:15.464 15290 16179 E ActivityThread: Failed to find provider info for com.vivo.vms.IdProvider
05-13 08:41:19.604 1525 1623 W ProcessStats: Tracking association SourceState{6ba0e71 com.tencent.android.qqdownloader:live/10094 BTopFgs #221479} whose proc state 2 is better than process ProcessState{48ac3f8 com.tencent.android.qqdownloader:daemon/10094 pkg=com.tencent.android.qqdownloader} proc state 3 (6 skipped)
05-13 08:41:25.981 1525 25364 W ActivityManager: Unable to start service Intent { act=com.google.android.gms.ads.identifier.service.START pkg=com.google.android.gms } U=0: not found
05-13 08:41:25.982 15290 16179 E ActivityThread: Failed to find provider info for com.vivo.vms.IdProvider
05-13 08:41:36.476 1525 2055 W ActivityManager: Unable to start service Intent { act=com.google.android.gms.ads.identifier.service.START pkg=com.google.android.gms } U=0: not found
05-13 08:41:36.479 15290 16179 E ActivityThread: Failed to find provider info for com.vivo.vms.IdProvider
05-13 08:41:39.397 1525 1525 W ProcessStats: Tracking association SourceState{6ba0e71 com.tencent.android.qqdownloader:live/10094 BTopFgs #221494} whose proc state 2 is better than process ProcessState{48ac3f8 com.tencent.android.qqdownloader:daemon/10094 pkg=com.tencent.android.qqdownloader} proc state 3 (2 skipped)
05-13 08:41:46.954 1525 1556 W ActivityManager: Unable to start service Intent { act=com.google.android.gms.ads.identifier.service.START pkg=com.google.android.gms } U=0: not found
05-13 08:41:46.954 15290 16179 E ActivityThread: Failed to find provider info for com.vivo.vms.IdProvider
05-13 08:41:53.360 1525 1525 I GameModeConfig: isGameModeOn = false
05-13 08:41:57.423 1525 1556 W ActivityManager: Unable to start service Intent { act=com.google.android.gms.ads.identifier.service.START pkg=com.google.android.gms } U=0: not found
05-13 08:41:57.423 15290 16179 E ActivityThread: Failed to find provider info for com.vivo.vms.IdProvider
05-13 08:42:07.992 1525 25364 W ActivityManager: Unable to start service Intent { act=com.google.android.gms.ads.identifier.service.START pkg=com.google.android.gms } U=0: not found
05-13 08:42:07.993 15290 16179 E ActivityThread: Failed to find provider info for com.vivo.vms.IdProvider
05-13 08:42:10.047 1525 1556 W ProcessStats: Tracking association SourceState{6ba0e71 com.tencent.android.qqdownloader:live/10094 BTopFgs #221537} whose proc state 2 is better than process ProcessState{48ac3f8 com.tencent.android.qqdownloader:daemon/10094 pkg=com.tencent.android.qqdownloader} proc state 3 (16 skipped)
05-13 08:42:18.438 1525 2055 W ActivityManager: Unable to start service Intent { act=com.google.android.gms.ads.identifier.service.START pkg=com.google.android.gms } U=0: not found
05-13 08:42:18.439 15290 16179 E ActivityThread: Failed to find provider info for com.vivo.vms.IdProvider
05-13 08:42:28.964 1525 25364 W ActivityManager: Unable to start service Intent { act=com.google.android.gms.ads.identifier.service.START pkg=com.google.android.gms } U=0: not found
05-13 08:42:28.965 15290 16179 E ActivityThread: Failed to find provider info for com.vivo.vms.IdProvider
05-13 08:42:30.894 1525 1623 W ProcessStats: Tracking association SourceState{6ba0e71 com.tencent.android.qqdownloader:live/10094 BTopFgs #221579} whose proc state 2 is better than process ProcessState{48ac3f8 com.tencent.android.qqdownloader:daemon/10094 pkg=com.tencent.android.qqdownloader} proc state 3 (17 skipped)
05-13 08:42:39.413 1525 1556 W ActivityManager: Unable to start service Intent { act=com.google.android.gms.ads.identifier.service.START pkg=com.google.android.gms } U=0: not found
05-13 08:42:39.413 15290 16179 E ActivityThread: Failed to find provider info for com.vivo.vms.IdProvider
05-13 08:42:45.818 1525 1556 W ProcessStats: Tracking association SourceState{6ba0e71 com.tencent.android.qqdownloader:live/10094 BTopFgs #221590} whose proc state 2 is better than process ProcessState{48ac3f8 com.tencent.android.qqdownloader:daemon/10094 pkg=com.tencent.android.qqdownloader} proc state 3 (3 skipped)
05-13 08:42:49.949 1525 25364 W ActivityManager: Unable to start service Intent { act=com.google.android.gms.ads.identifier.service.START pkg=com.google.android.gms } U=0: not found
05-13 08:42:49.950 15290 16179 E ActivityThread: Failed to find provider info for com.vivo.vms.IdProvider
05-13 08:42:54.858 1525 1525 I GameModeConfig: isGameModeOn = false
05-13 08:43:00.460 1525 2055 W ActivityManager: Unable to start service Intent { act=com.google.android.gms.ads.identifier.service.START pkg=com.google.android.gms } U=0: not found
05-13 08:43:00.461 15290 16179 E ActivityThread: Failed to find provider info for com.vivo.vms.IdProvider
05-13 08:43:03.200 1525 1623 W ProcessStats: Tracking association SourceState{6ba0e71 com.tencent.android.qqdownloader:live/10094 BTopFgs #221629} whose proc state 2 is better than process ProcessState{48ac3f8 com.tencent.android.qqdownloader:daemon/10094 pkg=com.tencent.android.qqdownloader} proc state 3 (17 skipped)
05-13 08:43:11.059 1525 25364 W ActivityManager: Unable to start service Intent { act=com.google.android.gms.ads.identifier.service.START pkg=com.google.android.gms } U=0: not found
05-13 08:43:11.059 15290 16179 E ActivityThread: Failed to find provider info for com.vivo.vms.IdProvider
05-13 08:43:13.252 1525 1771 W ProcessStats: Tracking association SourceState{6ba0e71 com.tencent.android.qqdownloader:live/10094 BTopFgs #221638} whose proc state 2 is better than process ProcessState{48ac3f8 com.tencent.android.qqdownloader:daemon/10094 pkg=com.tencent.android.qqdownloader} proc state 3 (3 skipped)
05-13 08:43:21.524 1525 25364 W ActivityManager: Unable to start service Intent { act=com.google.android.gms.ads.identifier.service.START pkg=com.google.android.gms } U=0: not found
05-13 08:43:21.524 15290 16179 E ActivityThread: Failed to find provider info for com.vivo.vms.IdProvider
05-13 08:43:24.397 1525 1623 W ProcessStats: Tracking association SourceState{6ba0e71 com.tencent.android.qqdownloader:live/10094 BTopFgs #221645} whose proc state 2 is better than process ProcessState{48ac3f8 com.tencent.android.qqdownloader:daemon/10094 pkg=com.tencent.android.qqdownloader} proc state 3 (0 skipped)
05-13 08:43:32.044 1525 25364 W ActivityManager: Unable to start service Intent { act=com.google.android.gms.ads.identifier.service.START pkg=com.google.android.gms } U=0: not found
05-13 08:43:32.045 15290 16179 E ActivityThread: Failed to find provider info for com.vivo.vms.IdProvider
05-13 08:43:40.334 1525 25364 W ProcessStats: Tracking association SourceState{6ba0e71 com.tencent.android.qqdownloader:live/10094 BTopFgs #221682} whose proc state 2 is better than process ProcessState{48ac3f8 com.tencent.android.qqdownloader:daemon/10094 pkg=com.tencent.android.qqdownloader} proc state 3 (17 skipped)
05-13 08:43:42.510 1525 2055 W ActivityManager: Unable to start service Intent { act=com.google.android.gms.ads.identifier.service.START pkg=com.google.android.gms } U=0: not found
05-13 08:43:42.510 15290 16179 E ActivityThread: Failed to find provider info for com.vivo.vms.IdProvider
05-13 08:43:52.970 1525 25364 W ActivityManager: Unable to start service Intent { act=com.google.android.gms.ads.identifier.service.START pkg=com.google.android.gms } U=0: not found
05-13 08:43:52.971 15290 16179 E ActivityThread: Failed to find provider info for com.vivo.vms.IdProvider
05-13 08:43:55.834 1525 1623 W ProcessStats: Tracking association SourceState{6ba0e71 com.tencent.android.qqdownloader:live/10094 BTopFgs #221692} whose proc state 2 is better than process ProcessState{48ac3f8 com.tencent.android.qqdownloader:daemon/10094 pkg=com.tencent.android.qqdownloader} proc state 3 (0 skipped)
05-13 08:43:56.360 1525 1525 I GameModeConfig: isGameModeOn = false
05-13 08:44:03.462 1525 2055 W ActivityManager: Unable to start service Intent { act=com.google.android.gms.ads.identifier.service.START pkg=com.google.android.gms } U=0: not found
05-13 08:44:03.463 15290 16179 E ActivityThread: Failed to find provider info for com.vivo.vms.IdProvider
05-13 08:44:10.412 1525 1556 W ProcessStats: Tracking association SourceState{6ba0e71 com.tencent.android.qqdownloader:live/10094 BTopFgs #221732} whose proc state 2 is better than process ProcessState{48ac3f8 com.tencent.android.qqdownloader:daemon/10094 pkg=com.tencent.android.qqdownloader} proc state 3 (19 skipped)
05-13 08:44:14.024 1525 25364 W ActivityManager: Unable to start service Intent { act=com.google.android.gms.ads.identifier.service.START pkg=com.google.android.gms } U=0: not found
05-13 08:44:14.026 15290 16179 E ActivityThread: Failed to find provider info for com.vivo.vms.IdProvider
05-13 08:44:23.907 1525 1556 W ProcessStats: Tracking association SourceState{6ba0e71 com.tencent.android.qqdownloader:live/10094 BTopFgs #221742} whose proc state 2 is better than process ProcessState{48ac3f8 com.tencent.android.qqdownloader:daemon/10094 pkg=com.tencent.android.qqdownloader} proc state 3 (1 skipped)
05-13 08:44:24.538 1525 1556 W ActivityManager: Unable to start service Intent { act=com.google.android.gms.ads.identifier.service.START pkg=com.google.android.gms } U=0: not found
05-13 08:44:24.539 15290 16179 E ActivityThread: Failed to find provider info for com.vivo.vms.IdProvider
05-13 08:44:34.399 1525 1525 W ProcessStats: Tracking association SourceState{6ba0e71 com.tencent.android.qqdownloader:live/10094 BTopFgs #221750} whose proc state 2 is better than process ProcessState{48ac3f8 com.tencent.android.qqdownloader:daemon/10094 pkg=com.tencent.android.qqdownloader} proc state 3 (0 skipped)
05-13 08:44:35.660 1525 2055 W ActivityManager: Unable to start service Intent { act=com.google.android.gms.ads.identifier.service.START pkg=com.google.android.gms } U=0: not found
05-13 08:44:35.661 15290 16179 E ActivityThread: Failed to find provider info for com.vivo.vms.IdProvider
