05-13 09:05:30.267 1525 1829 I GameModeConfig: isGameModeOn = false
05-13 09:05:30.267 1525 1829 I GameModeConfig: isGameModeOn = false
05-13 09:05:30.267 1525 1829 I GameModeConfig: isGameModeOn = false
05-13 09:05:30.267 1525 1829 I GameModeConfig: isGameModeOn = false
05-13 09:05:30.267 1525 1829 I GameModeConfig: isGameModeOn = false
05-13 09:05:30.267 1525 1829 I GameModeConfig: isGameModeOn = false
05-13 09:05:30.267 1525 1829 I GameModeConfig: isGameModeOn = false
05-13 09:05:30.267 1525 1829 I GameModeConfig: isGameModeOn = false
05-13 09:05:30.268 1525 1829 I GameModeConfig: isGameModeOn = false
05-13 09:05:30.268 1525 1829 I GameModeConfig: isGameModeOn = false
05-13 09:05:30.268 1525 1829 I GameModeConfig: isGameModeOn = false
05-13 09:05:30.268 1525 1829 I GameModeConfig: isGameModeOn = false
05-13 09:05:30.268 1525 1829 I GameModeConfig: isGameModeOn = false
05-13 09:05:30.268 1525 1829 I GameModeConfig: isGameModeOn = false
05-13 09:05:30.268 1525 1829 I GameModeConfig: isGameModeOn = false
05-13 09:05:30.268 1525 1829 I GameModeConfig: isGameModeOn = false
05-13 09:05:30.268 1525 1829 I GameModeConfig: isGameModeOn = false
05-13 09:05:30.268 1525 1829 I GameModeConfig: isGameModeOn = false
05-13 09:05:30.268 1525 1829 I GameModeConfig: isGameModeOn = false
05-13 09:05:30.268 1525 1829 I GameModeConfig: isGameModeOn = false
05-13 09:05:30.268 1525 1829 I GameModeConfig: isGameModeOn = false
05-13 09:05:30.268 1525 1829 I GameModeConfig: isGameModeOn = false
05-13 09:05:30.445 1525 26237 W ActivityManager: Unable to start service Intent { cmp=com.sina.weibo/.healthkit.source.StorageConfigService } U=0: not found
05-13 09:05:30.463 1525 1829 I GameModeConfig: isGameModeOn = false
05-13 09:05:30.464 1525 1829 I GameModeConfig: isGameModeOn = false
05-13 09:05:30.464 1525 1829 I GameModeConfig: isGameModeOn = false
05-13 09:05:30.464 1525 1829 I GameModeConfig: isGameModeOn = false
05-13 09:05:30.464 1525 1829 I GameModeConfig: isGameModeOn = false
05-13 09:05:30.464 1525 1829 I GameModeConfig: isGameModeOn = false
05-13 09:05:30.464 1525 1829 I GameModeConfig: isGameModeOn = false
05-13 09:05:30.465 1525 1829 I GameModeConfig: isGameModeOn = false
05-13 09:05:30.465 1525 1829 I GameModeConfig: isGameModeOn = false
05-13 09:05:30.465 1525 1829 I GameModeConfig: isGameModeOn = false
05-13 09:05:30.466 1525 1829 I GameModeConfig: isGameModeOn = false
05-13 09:05:30.466 1525 1829 I GameModeConfig: isGameModeOn = false
05-13 09:05:30.466 1525 1829 I GameModeConfig: isGameModeOn = false
05-13 09:05:30.466 1525 1829 I GameModeConfig: isGameModeOn = false
05-13 09:05:30.466 1525 1829 I GameModeConfig: isGameModeOn = false
05-13 09:05:30.466 1525 1829 I GameModeConfig: isGameModeOn = false
05-13 09:05:30.467 1525 1829 I GameModeConfig: isGameModeOn = false
05-13 09:05:30.467 1525 1829 I GameModeConfig: isGameModeOn = false
05-13 09:05:30.467 1525 1829 I GameModeConfig: isGameModeOn = false
05-13 09:05:30.467 1525 1829 I GameModeConfig: isGameModeOn = false
05-13 09:05:30.467 1525 1829 I GameModeConfig: isGameModeOn = false
05-13 09:05:30.467 1525 1829 I GameModeConfig: isGameModeOn = false
05-13 09:05:30.467 1525 1829 I GameModeConfig: isGameModeOn = false
05-13 09:05:30.467 1525 1829 I GameModeConfig: isGameModeOn = false
05-13 09:05:30.472 28070 28172 E ActivityThread: Failed to find provider info for com.vivo.push.sdk.service.SystemPushConfig
05-13 09:05:30.478 1525 1829 I GameModeConfig: isGameModeOn = false
05-13 09:05:30.478 1525 1829 I GameModeConfig: isGameModeOn = false
05-13 09:05:30.478 1525 1829 I GameModeConfig: isGameModeOn = false
05-13 09:05:30.478 1525 1829 I GameModeConfig: isGameModeOn = false
05-13 09:05:30.478 1525 1829 I GameModeConfig: isGameModeOn = false
05-13 09:05:30.478 1525 1829 I GameModeConfig: isGameModeOn = false
05-13 09:05:30.478 1525 1829 I GameModeConfig: isGameModeOn = false
05-13 09:05:30.478 1525 1829 I GameModeConfig: isGameModeOn = false
05-13 09:05:30.478 1525 1829 I GameModeConfig: isGameModeOn = false
05-13 09:05:30.478 1525 1829 I GameModeConfig: isGameModeOn = false
05-13 09:05:30.478 1525 1829 I GameModeConfig: isGameModeOn = false
05-13 09:05:30.479 1525 1829 I GameModeConfig: isGameModeOn = false
05-13 09:05:30.479 1525 1829 I GameModeConfig: isGameModeOn = false
05-13 09:05:30.479 1525 1829 I GameModeConfig: isGameModeOn = false
05-13 09:05:30.479 1525 1829 I GameModeConfig: isGameModeOn = false
05-13 09:05:30.479 1525 1829 I GameModeConfig: isGameModeOn = false
05-13 09:05:30.479 1525 1829 I GameModeConfig: isGameModeOn = false
05-13 09:05:30.479 1525 1829 I GameModeConfig: isGameModeOn = false
05-13 09:05:30.479 1525 1829 I GameModeConfig: isGameModeOn = false
05-13 09:05:30.479 1525 1829 I GameModeConfig: isGameModeOn = false
05-13 09:05:30.479 1525 1829 I GameModeConfig: isGameModeOn = false
05-13 09:05:30.479 1525 1829 I GameModeConfig: isGameModeOn = false
05-13 09:05:30.479 1525 1829 I GameModeConfig: isGameModeOn = false
05-13 09:05:30.479 1525 1829 I GameModeConfig: isGameModeOn = false
05-13 09:05:30.480 1525 1829 I GameModeConfig: isGameModeOn = false
05-13 09:05:30.480 1525 1829 I GameModeConfig: isGameModeOn = false
05-13 09:05:30.480 1525 1829 I GameModeConfig: isGameModeOn = false
05-13 09:05:30.480 1525 1829 I GameModeConfig: isGameModeOn = false
05-13 09:05:30.480 1525 1829 I GameModeConfig: isGameModeOn = false
05-13 09:05:30.480 1525 1829 I GameModeConfig: isGameModeOn = false
05-13 09:05:30.480 1525 1829 I GameModeConfig: isGameModeOn = false
05-13 09:05:30.480 1525 1829 I GameModeConfig: isGameModeOn = false
05-13 09:05:30.480 1525 1829 I GameModeConfig: isGameModeOn = false
05-13 09:05:30.480 1525 1829 I GameModeConfig: isGameModeOn = false
05-13 09:05:30.480 1525 1829 I GameModeConfig: isGameModeOn = false
05-13 09:05:30.480 1525 1829 I GameModeConfig: isGameModeOn = false
05-13 09:05:30.480 1525 1829 I GameModeConfig: isGameModeOn = false
05-13 09:05:30.480 1525 1829 I GameModeConfig: isGameModeOn = false
05-13 09:05:30.480 1525 1829 I GameModeConfig: isGameModeOn = false
05-13 09:05:30.481 1525 1829 I GameModeConfig: isGameModeOn = false
05-13 09:05:30.481 1525 1829 I GameModeConfig: isGameModeOn = false
05-13 09:05:30.481 1525 1829 I GameModeConfig: isGameModeOn = false
05-13 09:05:30.481 1525 1829 I GameModeConfig: isGameModeOn = false
05-13 09:05:30.481 1525 1829 I GameModeConfig: isGameModeOn = false
05-13 09:05:30.481 1525 1829 I GameModeConfig: isGameModeOn = false
05-13 09:05:30.481 1525 1829 I GameModeConfig: isGameModeOn = false
05-13 09:05:30.481 1525 1829 I GameModeConfig: isGameModeOn = false
05-13 09:05:30.481 1525 1829 I GameModeConfig: isGameModeOn = false
05-13 09:05:30.697 27991 28088 E ActivityThread: Failed to find provider info for com.vivo.push.sdk.service.SystemPushConfig
05-13 09:05:32.751 1525 1783 D ActivityManager: freezing 25610 com.android.webview:sandboxed_process0:org.chromium.content.app.SandboxedProcessService0:0
05-13 09:05:32.751 1525 1783 E ActivityManager: Unable to freeze binder for 25610 com.android.webview:sandboxed_process0:org.chromium.content.app.SandboxedProcessService0:0
05-13 09:05:32.752 1525 1783 D ActivityManager: froze 25610 com.android.webview:sandboxed_process0:org.chromium.content.app.SandboxedProcessService0:0
05-13 09:05:32.752 1525 1783 E ActivityManager: Unable to freeze binder for 25610 com.android.webview:sandboxed_process0:org.chromium.content.app.SandboxedProcessService0:0
05-13 09:05:32.754 1525 1783 I ActivityManager: Killing 25610:com.android.webview:sandboxed_process0:org.chromium.content.app.SandboxedProcessService0:0/u0a100i12 (adj 965): Unable to freeze binder interface
05-13 09:05:32.787 1525 5323 W ActivityManager: Scheduling restart of crashed service com.netease.newsreader.activity/org.chromium.content.app.SandboxedProcessService0:0 in 1000ms for connection
05-13 09:05:32.791 1525 1642 E KernelCpuSpeedReader: Failed to read cpu-freq: /sys/devices/system/cpu/cpu4/cpufreq/stats/time_in_state: open failed: ENOENT (No such file or directory)
05-13 09:05:32.791 1525 1642 E KernelCpuSpeedReader: Failed to read cpu-freq: /sys/devices/system/cpu/cpu0/cpufreq/stats/time_in_state: open failed: ENOENT (No such file or directory)
05-13 09:05:33.296 1525 1783 D ActivityManager: freezing 23664 com.netease.newsreader.activity:pushservice
05-13 09:05:33.297 1525 1783 E ActivityManager: Unable to freeze binder for 23664 com.netease.newsreader.activity:pushservice
05-13 09:05:33.299 1525 1783 D ActivityManager: froze 23664 com.netease.newsreader.activity:pushservice
05-13 09:05:33.299 1525 1783 E ActivityManager: Unable to freeze binder for 23664 com.netease.newsreader.activity:pushservice
05-13 09:05:33.302 1525 1783 I ActivityManager: Killing 23664:com.netease.newsreader.activity:pushservice/u0a100 (adj 955): Unable to freeze binder interface
05-13 09:05:33.328 1525 26237 W ActivityManager: Scheduling restart of crashed service com.netease.newsreader.activity/com.xiaomi.push.service.XMPushService in 1000ms for connection
05-13 09:05:34.330 1525 1623 D CompatibilityChangeReporter: Compat change id reported: 135634846; UID 10100; state: DISABLED
05-13 09:05:34.330 1525 1623 D CompatibilityChangeReporter: Compat change id reported: 177438394; UID 10100; state: DISABLED
05-13 09:05:34.330 1525 1623 D CompatibilityChangeReporter: Compat change id reported: 135772972; UID 10100; state: DISABLED
05-13 09:05:34.330 1525 1623 D CompatibilityChangeReporter: Compat change id reported: 135754954; UID 10100; state: ENABLED
05-13 09:05:34.330 1525 1624 D CompatibilityChangeReporter: Compat change id reported: 143937733; UID 10100; state: ENABLED
05-13 09:05:34.337 1525 1624 I ActivityManager: Start proc 28297:com.netease.newsreader.activity:pushservice/u0a100 for service {com.netease.newsreader.activity/com.xiaomi.push.service.XMPushService}
05-13 09:05:34.349 1525 26237 D CompatibilityChangeReporter: Compat change id reported: 168419799; UID 10100; state: DISABLED
05-13 09:05:34.823 1525 15277 W ActivityManager: Background start not allowed: service Intent { cmp=com.netease.newsreader.activity/com.sijla.common.HBS } to com.netease.newsreader.activity/com.sijla.common.HBS from pid=28297 uid=10100 pkg=com.netease.newsreader.activity startFg?=false
05-13 09:05:36.830 1525 15277 W ActivityManager: Unable to start service Intent { act=com.google.android.gms.ads.identifier.service.START pkg=com.google.android.gms } U=0: not found
05-13 09:05:36.830 15290 16179 E ActivityThread: Failed to find provider info for com.vivo.vms.IdProvider
05-13 09:05:38.124 1525 1621 W ProcessStats: Tracking association SourceState{6ba0e71 com.tencent.android.qqdownloader:live/10094 BTopFgs #223963} whose proc state 2 is better than process ProcessState{48ac3f8 com.tencent.android.qqdownloader:daemon/10094 pkg=com.tencent.android.qqdownloader} proc state 3 (48 skipped)
05-13 09:05:47.308 1525 15277 W ActivityManager: Unable to start service Intent { act=com.google.android.gms.ads.identifier.service.START pkg=com.google.android.gms } U=0: not found
05-13 09:05:47.309 15290 16179 E ActivityThread: Failed to find provider info for com.vivo.vms.IdProvider
05-13 09:05:57.779 1525 1866 W ActivityManager: Unable to start service Intent { act=com.google.android.gms.ads.identifier.service.START pkg=com.google.android.gms } U=0: not found
05-13 09:05:57.779 15290 16179 E ActivityThread: Failed to find provider info for com.vivo.vms.IdProvider
05-13 09:05:59.472 1525 1623 W ProcessStats: Tracking association SourceState{6ba0e71 com.tencent.android.qqdownloader:live/10094 BTopFgs #223977} whose proc state 2 is better than process ProcessState{48ac3f8 com.tencent.android.qqdownloader:daemon/10094 pkg=com.tencent.android.qqdownloader} proc state 3 (2 skipped)
05-13 09:06:00.828 1525 1642 W BatteryExternalStatsWorker: error reading modem stats:ERROR_PHONE_NOT_AVAILABLE
05-13 09:06:00.840 1525 1642 E KernelCpuSpeedReader: Failed to read cpu-freq: /sys/devices/system/cpu/cpu4/cpufreq/stats/time_in_state: open failed: ENOENT (No such file or directory)
05-13 09:06:00.841 1525 1642 E KernelCpuSpeedReader: Failed to read cpu-freq: /sys/devices/system/cpu/cpu0/cpufreq/stats/time_in_state: open failed: ENOENT (No such file or directory)
05-13 09:06:08.089 1525 1606 I EntropyMixer: Writing entropy...
05-13 09:06:08.262 1525 1866 W ActivityManager: Unable to start service Intent { act=com.google.android.gms.ads.identifier.service.START pkg=com.google.android.gms } U=0: not found
05-13 09:06:08.263 15290 16179 E ActivityThread: Failed to find provider info for com.vivo.vms.IdProvider
05-13 09:06:09.474 1525 1771 W ProcessStats: Tracking association SourceState{6ba0e71 com.tencent.android.qqdownloader:live/10094 BTopFgs #224018} whose proc state 2 is better than process ProcessState{48ac3f8 com.tencent.android.qqdownloader:daemon/10094 pkg=com.tencent.android.qqdownloader} proc state 3 (23 skipped)
05-13 09:06:14.292 1525 1621 I UsageStatsService: User[0] Flushing usage stats to disk
05-13 09:06:18.720 1525 1866 W ActivityManager: Unable to start service Intent { act=com.google.android.gms.ads.identifier.service.START pkg=com.google.android.gms } U=0: not found
05-13 09:06:18.721 15290 16179 E ActivityThread: Failed to find provider info for com.vivo.vms.IdProvider
05-13 09:06:20.369 1525 1525 I GameModeConfig: isGameModeOn = false
05-13 09:06:29.200 1525 1866 W ActivityManager: Unable to start service Intent { act=com.google.android.gms.ads.identifier.service.START pkg=com.google.android.gms } U=0: not found
05-13 09:06:29.201 15290 16179 E ActivityThread: Failed to find provider info for com.vivo.vms.IdProvider
05-13 09:06:31.188 1525 26237 W ProcessStats: Tracking association SourceState{6ba0e71 com.tencent.android.qqdownloader:live/10094 BTopFgs #224038} whose proc state 2 is better than process ProcessState{48ac3f8 com.tencent.android.qqdownloader:daemon/10094 pkg=com.tencent.android.qqdownloader} proc state 3 (6 skipped)
05-13 09:06:34.225 1525 15277 E AppOps : Operation not started: uid=10102 pkg=com.tencent.mm(null) op=WAKE_LOCK
05-13 09:06:35.786 1525 15277 E AppOps : Operation not started: uid=10102 pkg=com.tencent.mm(null) op=WAKE_LOCK
05-13 09:06:35.786 1525 15277 E AppOps : Operation not started: uid=10102 pkg=com.tencent.mm(null) op=WAKE_LOCK
05-13 09:06:37.611 1525 1866 E AppOps : Operation not started: uid=10102 pkg=com.tencent.mm(null) op=WAKE_LOCK
05-13 09:06:39.690 1525 1556 W ActivityManager: Unable to start service Intent { act=com.google.android.gms.ads.identifier.service.START pkg=com.google.android.gms } U=0: not found
05-13 09:06:39.691 15290 16179 E ActivityThread: Failed to find provider info for com.vivo.vms.IdProvider
05-13 09:06:43.141 1525 1623 I ActivityManager: Killing 21410:com.ss.android.lark:wschannel/u0a110 (adj 975): empty for 1804s
05-13 09:06:43.143 1525 1623 W ProcessStats: Tracking association SourceState{6ba0e71 com.tencent.android.qqdownloader:live/10094 BTopFgs #224059} whose proc state 2 is better than process ProcessState{48ac3f8 com.tencent.android.qqdownloader:daemon/10094 pkg=com.tencent.android.qqdownloader} proc state 3 (14 skipped)
05-13 09:06:50.156 1525 3316 W ActivityManager: Unable to start service Intent { act=com.google.android.gms.ads.identifier.service.START pkg=com.google.android.gms } U=0: not found
05-13 09:06:50.156 15290 16179 E ActivityThread: Failed to find provider info for com.vivo.vms.IdProvider
05-13 09:06:56.839 1525 15277 W ProcessStats: Tracking association SourceState{6ba0e71 com.tencent.android.qqdownloader:live/10094 BTopFgs #224100} whose proc state 2 is better than process ProcessState{48ac3f8 com.tencent.android.qqdownloader:daemon/10094 pkg=com.tencent.android.qqdownloader} proc state 3 (19 skipped)
05-13 09:07:00.724 1525 3316 W ActivityManager: Unable to start service Intent { act=com.google.android.gms.ads.identifier.service.START pkg=com.google.android.gms } U=0: not found
05-13 09:07:00.724 15290 16179 E ActivityThread: Failed to find provider info for com.vivo.vms.IdProvider
05-13 09:07:11.215 1525 3316 W ActivityManager: Unable to start service Intent { act=com.google.android.gms.ads.identifier.service.START pkg=com.google.android.gms } U=0: not found
05-13 09:07:11.216 15290 16179 E ActivityThread: Failed to find provider info for com.vivo.vms.IdProvider
05-13 09:07:11.291 1525 1623 W ProcessStats: Tracking association SourceState{6ba0e71 com.tencent.android.qqdownloader:live/10094 BTopFgs #224117} whose proc state 2 is better than process ProcessState{48ac3f8 com.tencent.android.qqdownloader:daemon/10094 pkg=com.tencent.android.qqdownloader} proc state 3 (3 skipped)
05-13 09:07:21.830 1525 3316 W ActivityManager: Unable to start service Intent { act=com.google.android.gms.ads.identifier.service.START pkg=com.google.android.gms } U=0: not found
05-13 09:07:21.831 15290 16179 E ActivityThread: Failed to find provider info for com.vivo.vms.IdProvider
05-13 09:07:21.855 1525 1525 I GameModeConfig: isGameModeOn = false
05-13 09:07:32.354 1525 26237 W ActivityManager: Unable to start service Intent { act=com.google.android.gms.ads.identifier.service.START pkg=com.google.android.gms } U=0: not found
05-13 09:07:32.355 15290 16179 E ActivityThread: Failed to find provider info for com.vivo.vms.IdProvider
05-13 09:07:42.844 1525 15277 W ActivityManager: Unable to start service Intent { act=com.google.android.gms.ads.identifier.service.START pkg=com.google.android.gms } U=0: not found
05-13 09:07:42.844 15290 16179 E ActivityThread: Failed to find provider info for com.vivo.vms.IdProvider
05-13 09:07:44.669 1525 3316 W ProcessStats: Tracking association SourceState{6ba0e71 com.tencent.android.qqdownloader:live/10094 BTopFgs #224164} whose proc state 2 is better than process ProcessState{48ac3f8 com.tencent.android.qqdownloader:daemon/10094 pkg=com.tencent.android.qqdownloader} proc state 3 (18 skipped)
05-13 09:07:53.347 1525 15277 W ActivityManager: Unable to start service Intent { act=com.google.android.gms.ads.identifier.service.START pkg=com.google.android.gms } U=0: not found
05-13 09:07:53.347 15290 16179 E ActivityThread: Failed to find provider info for com.vivo.vms.IdProvider
05-13 09:08:03.899 1525 26237 W ActivityManager: Unable to start service Intent { act=com.google.android.gms.ads.identifier.service.START pkg=com.google.android.gms } U=0: not found
05-13 09:08:03.899 15290 16179 E ActivityThread: Failed to find provider info for com.vivo.vms.IdProvider
05-13 09:08:14.334 1525 3316 W ActivityManager: Unable to start service Intent { act=com.google.android.gms.ads.identifier.service.START pkg=com.google.android.gms } U=0: not found
05-13 09:08:14.335 15290 16179 E ActivityThread: Failed to find provider info for com.vivo.vms.IdProvider
05-13 09:08:14.756 1525 26237 W ProcessStats: Tracking association SourceState{6ba0e71 com.tencent.android.qqdownloader:live/10094 BTopFgs #224207} whose proc state 2 is better than process ProcessState{48ac3f8 com.tencent.android.qqdownloader:daemon/10094 pkg=com.tencent.android.qqdownloader} proc state 3 (17 skipped)
05-13 09:08:21.858 1525 1525 I GameModeConfig: isGameModeOn = false
05-13 09:08:24.789 1525 3316 W ActivityManager: Unable to start service Intent { act=com.google.android.gms.ads.identifier.service.START pkg=com.google.android.gms } U=0: not found
05-13 09:08:24.790 15290 16179 E ActivityThread: Failed to find provider info for com.vivo.vms.IdProvider
05-13 09:08:29.411 1525 1525 W ProcessStats: Tracking association SourceState{6ba0e71 com.tencent.android.qqdownloader:live/10094 BTopFgs #224217} whose proc state 2 is better than process ProcessState{48ac3f8 com.tencent.android.qqdownloader:daemon/10094 pkg=com.tencent.android.qqdownloader} proc state 3 (0 skipped)
05-13 09:08:35.230 1525 26236 W ActivityManager: Unable to start service Intent { act=com.google.android.gms.ads.identifier.service.START pkg=com.google.android.gms } U=0: not found
05-13 09:08:35.231 15290 16179 E ActivityThread: Failed to find provider info for com.vivo.vms.IdProvider
05-13 09:08:44.848 1525 2077 W ProcessStats: Tracking association SourceState{6ba0e71 com.tencent.android.qqdownloader:live/10094 BTopFgs #224255} whose proc state 2 is better than process ProcessState{48ac3f8 com.tencent.android.qqdownloader:daemon/10094 pkg=com.tencent.android.qqdownloader} proc state 3 (16 skipped)
05-13 09:08:45.800 1525 2077 W ActivityManager: Unable to start service Intent { act=com.google.android.gms.ads.identifier.service.START pkg=com.google.android.gms } U=0: not found
05-13 09:08:45.801 15290 16179 E ActivityThread: Failed to find provider info for com.vivo.vms.IdProvider
05-13 09:08:56.264 1525 2077 W ActivityManager: Unable to start service Intent { act=com.google.android.gms.ads.identifier.service.START pkg=com.google.android.gms } U=0: not found
05-13 09:08:56.265 15290 16179 E ActivityThread: Failed to find provider info for com.vivo.vms.IdProvider
05-13 09:09:04.411 1525 1525 W ProcessStats: Tracking association SourceState{6ba0e71 com.tencent.android.qqdownloader:live/10094 BTopFgs #224266} whose proc state 2 is better than process ProcessState{48ac3f8 com.tencent.android.qqdownloader:daemon/10094 pkg=com.tencent.android.qqdownloader} proc state 3 (0 skipped)
05-13 09:09:06.748 1525 2077 W ActivityManager: Unable to start service Intent { act=com.google.android.gms.ads.identifier.service.START pkg=com.google.android.gms } U=0: not found
05-13 09:09:06.748 15290 16179 E ActivityThread: Failed to find provider info for com.vivo.vms.IdProvider
05-13 09:09:14.947 1525 21112 W ProcessStats: Tracking association SourceState{6ba0e71 com.tencent.android.qqdownloader:live/10094 BTopFgs #224300} whose proc state 2 is better than process ProcessState{48ac3f8 com.tencent.android.qqdownloader:daemon/10094 pkg=com.tencent.android.qqdownloader} proc state 3 (15 skipped)
05-13 09:09:17.223 1525 2077 W ActivityManager: Unable to start service Intent { act=com.google.android.gms.ads.identifier.service.START pkg=com.google.android.gms } U=0: not found
05-13 09:09:17.223 15290 16179 E ActivityThread: Failed to find provider info for com.vivo.vms.IdProvider
05-13 09:09:21.862 1525 1525 I GameModeConfig: isGameModeOn = false
05-13 09:09:27.863 1525 2077 W ActivityManager: Unable to start service Intent { act=com.google.android.gms.ads.identifier.service.START pkg=com.google.android.gms } U=0: not found
05-13 09:09:27.864 15290 16179 E ActivityThread: Failed to find provider info for com.vivo.vms.IdProvider
05-13 09:09:38.357 1525 2087 W ActivityManager: Unable to start service Intent { act=com.google.android.gms.ads.identifier.service.START pkg=com.google.android.gms } U=0: not found
05-13 09:09:38.358 15290 16179 E ActivityThread: Failed to find provider info for com.vivo.vms.IdProvider
05-13 09:09:39.409 1525 1785 W ActivityManager: Background start not allowed: service Intent { act=com.baidu.action.SOFIRE.VIEW cat=[com.baidu.category.SOFIRE,android.intent.category.DEFAULT] flg=0x4 pkg=com.baidu.appsearch cmp=com.baidu.appsearch/com.baidu.sofire.MyService (has extras) } to com.baidu.appsearch/com.baidu.sofire.MyService from pid=-1 uid=10097 pkg=com.baidu.appsearch startFg?=false
05-13 09:09:39.410 1525 1623 W ProcessStats: Tracking association SourceState{6ba0e71 com.tencent.android.qqdownloader:live/10094 BTopFgs #224316} whose proc state 2 is better than process ProcessState{48ac3f8 com.tencent.android.qqdownloader:daemon/10094 pkg=com.tencent.android.qqdownloader} proc state 3 (1 skipped)
05-13 09:09:48.885 1525 2087 W ActivityManager: Unable to start service Intent { act=com.google.android.gms.ads.identifier.service.START pkg=com.google.android.gms } U=0: not found
05-13 09:09:48.886 15290 16179 E ActivityThread: Failed to find provider info for com.vivo.vms.IdProvider
05-13 09:09:59.352 1525 2077 W ActivityManager: Unable to start service Intent { act=com.google.android.gms.ads.identifier.service.START pkg=com.google.android.gms } U=0: not found
05-13 09:09:59.353 15290 16179 E ActivityThread: Failed to find provider info for com.vivo.vms.IdProvider
05-13 09:10:01.296 1525 2077 W ProcessStats: Tracking association SourceState{6ba0e71 com.tencent.android.qqdownloader:live/10094 BTopFgs #224357} whose proc state 2 is better than process ProcessState{48ac3f8 com.tencent.android.qqdownloader:daemon/10094 pkg=com.tencent.android.qqdownloader} proc state 3 (18 skipped)
05-13 09:10:09.814 1525 2087 W ActivityManager: Unable to start service Intent { act=com.google.android.gms.ads.identifier.service.START pkg=com.google.android.gms } U=0: not found
05-13 09:10:09.814 15290 16179 E ActivityThread: Failed to find provider info for com.vivo.vms.IdProvider
05-13 09:10:14.410 1525 1525 W ProcessStats: Tracking association SourceState{6ba0e71 com.tencent.android.qqdownloader:live/10094 BTopFgs #224367} whose proc state 2 is better than process ProcessState{48ac3f8 com.tencent.android.qqdownloader:daemon/10094 pkg=com.tencent.android.qqdownloader} proc state 3 (0 skipped)
05-13 09:10:14.427 1525 1621 I ProcessStatsService: Pruning old procstats: /data/system/procstats/state-2023-05-12-06-09-24.bin
05-13 09:10:20.306 1525 2077 W ActivityManager: Unable to start service Intent { act=com.google.android.gms.ads.identifier.service.START pkg=com.google.android.gms } U=0: not found
05-13 09:10:20.307 15290 16179 E ActivityThread: Failed to find provider info for com.vivo.vms.IdProvider
05-13 09:10:23.360 1525 1525 I GameModeConfig: isGameModeOn = false
05-13 09:10:30.804 1525 2077 W ActivityManager: Unable to start service Intent { act=com.google.android.gms.ads.identifier.service.START pkg=com.google.android.gms } U=0: not found
05-13 09:10:30.805 15290 16179 E ActivityThread: Failed to find provider info for com.vivo.vms.IdProvider
05-13 09:10:40.324 1525 2512 W ProcessStats: Tracking association SourceState{6ba0e71 com.tencent.android.qqdownloader:live/10094 BTopFgs #224412} whose proc state 2 is better than process ProcessState{48ac3f8 com.tencent.android.qqdownloader:daemon/10094 pkg=com.tencent.android.qqdownloader} proc state 3 (19 skipped)
05-13 09:10:41.263 1525 21112 W ActivityManager: Unable to start service Intent { act=com.google.android.gms.ads.identifier.service.START pkg=com.google.android.gms } U=0: not found
05-13 09:10:41.265 15290 16179 E ActivityThread: Failed to find provider info for com.vivo.vms.IdProvider
05-13 09:10:49.412 1525 1525 D CompatibilityChangeReporter: Compat change id reported: 135634846; UID 10110; state: DISABLED
05-13 09:10:49.413 1525 1525 D CompatibilityChangeReporter: Compat change id reported: 177438394; UID 10110; state: DISABLED
05-13 09:10:49.413 1525 1525 D CompatibilityChangeReporter: Compat change id reported: 135772972; UID 10110; state: DISABLED
05-13 09:10:49.413 1525 1624 D CompatibilityChangeReporter: Compat change id reported: 143937733; UID 10110; state: ENABLED
05-13 09:10:49.420 1525 1525 D CompatibilityChangeReporter: Compat change id reported: 168419799; UID 10108; state: DISABLED
05-13 09:10:49.425 1525 1624 I ActivityManager: Start proc 29120:com.ss.android.lark:wschannel/u0a110 for service {com.ss.android.lark/com.taobao.accs.internal.AccsJobService}
05-13 09:10:49.951 1525 1829 I GameModeConfig: isGameModeOn = false
05-13 09:10:49.951 1525 1829 I GameModeConfig: isGameModeOn = false
05-13 09:10:49.951 1525 1829 I GameModeConfig: isGameModeOn = false
05-13 09:10:49.951 1525 1829 I GameModeConfig: isGameModeOn = false
05-13 09:10:49.951 1525 1829 I GameModeConfig: isGameModeOn = false
05-13 09:10:49.952 1525 1829 I GameModeConfig: isGameModeOn = false
05-13 09:10:49.952 1525 1829 I GameModeConfig: isGameModeOn = false
05-13 09:10:49.952 1525 1829 I GameModeConfig: isGameModeOn = false
05-13 09:10:49.952 1525 1829 I GameModeConfig: isGameModeOn = false
05-13 09:10:49.952 1525 1829 I GameModeConfig: isGameModeOn = false
05-13 09:10:49.952 1525 1829 I GameModeConfig: isGameModeOn = false
05-13 09:10:49.952 1525 1829 I GameModeConfig: isGameModeOn = false
05-13 09:10:49.952 1525 1829 I GameModeConfig: isGameModeOn = false
05-13 09:10:49.952 1525 1829 I GameModeConfig: isGameModeOn = false
05-13 09:10:49.952 1525 1829 I GameModeConfig: isGameModeOn = false
05-13 09:10:49.952 1525 1829 I GameModeConfig: isGameModeOn = false
05-13 09:10:49.953 1525 1829 I GameModeConfig: isGameModeOn = false
05-13 09:10:49.953 1525 1829 I GameModeConfig: isGameModeOn = false
05-13 09:10:49.953 1525 1829 I GameModeConfig: isGameModeOn = false
05-13 09:10:49.953 1525 1829 I GameModeConfig: isGameModeOn = false
05-13 09:10:49.953 1525 1829 I GameModeConfig: isGameModeOn = false
05-13 09:10:49.953 1525 1829 I GameModeConfig: isGameModeOn = false
05-13 09:10:49.954 1525 1829 I GameModeConfig: isGameModeOn = false
05-13 09:10:49.954 1525 1829 I GameModeConfig: isGameModeOn = false
05-13 09:10:51.715 1525 2512 W ActivityManager: Unable to start service Intent { act=com.google.android.gms.ads.identifier.service.START pkg=com.google.android.gms } U=0: not found
05-13 09:10:51.715 15290 16179 E ActivityThread: Failed to find provider info for com.vivo.vms.IdProvider
05-13 09:10:51.796 1525 2512 W ActivityManager: Background start not allowed: service Intent { cmp=com.ss.android.lark/.wschannel.WschannelLaunchService } to com.ss.android.lark/.wschannel.WschannelLaunchService from pid=29120 uid=10110 pkg=com.ss.android.lark startFg?=false
05-13 09:10:54.911 1525 1623 W ProcessStats: Tracking association SourceState{6ba0e71 com.tencent.android.qqdownloader:live/10094 BTopFgs #224476} whose proc state 2 is better than process ProcessState{48ac3f8 com.tencent.android.qqdownloader:daemon/10094 pkg=com.tencent.android.qqdownloader} proc state 3 (31 skipped)
05-13 09:11:02.156 1525 2512 W ActivityManager: Unable to start service Intent { act=com.google.android.gms.ads.identifier.service.START pkg=com.google.android.gms } U=0: not found
05-13 09:11:02.157 15290 16179 E ActivityThread: Failed to find provider info for com.vivo.vms.IdProvider
05-13 09:11:12.313 1525 20725 W ProcessStats: Tracking association SourceState{6ba0e71 com.tencent.android.qqdownloader:live/10094 BTopFgs #224501} whose proc state 2 is better than process ProcessState{48ac3f8 com.tencent.android.qqdownloader:daemon/10094 pkg=com.tencent.android.qqdownloader} proc state 3 (12 skipped)
05-13 09:11:12.860 1525 2077 W ActivityManager: Unable to start service Intent { act=com.google.android.gms.ads.identifier.service.START pkg=com.google.android.gms } U=0: not found
05-13 09:11:12.860 15290 16179 E ActivityThread: Failed to find provider info for com.vivo.vms.IdProvider
05-13 09:11:23.312 1525 20725 W ActivityManager: Unable to start service Intent { act=com.google.android.gms.ads.identifier.service.START pkg=com.google.android.gms } U=0: not found
05-13 09:11:23.313 15290 16179 E ActivityThread: Failed to find provider info for com.vivo.vms.IdProvider
05-13 09:11:24.415 1525 1525 W ProcessStats: Tracking association SourceState{6ba0e71 com.tencent.android.qqdownloader:live/10094 BTopFgs #224513} whose proc state 2 is better than process ProcessState{48ac3f8 com.tencent.android.qqdownloader:daemon/10094 pkg=com.tencent.android.qqdownloader} proc state 3 (4 skipped)
05-13 09:11:24.858 1525 1525 I GameModeConfig: isGameModeOn = false
05-13 09:11:33.846 1525 20725 W ActivityManager: Unable to start service Intent { act=com.google.android.gms.ads.identifier.service.START pkg=com.google.android.gms } U=0: not found
05-13 09:11:33.847 15290 16179 E ActivityThread: Failed to find provider info for com.vivo.vms.IdProvider
05-13 09:11:36.356 1525 2512 W ProcessStats: Tracking association SourceState{6ba0e71 com.tencent.android.qqdownloader:live/10094 BTopFgs #224547} whose proc state 2 is better than process ProcessState{48ac3f8 com.tencent.android.qqdownloader:daemon/10094 pkg=com.tencent.android.qqdownloader} proc state 3 (16 skipped)
05-13 09:11:44.325 1525 2512 W ActivityManager: Unable to start service Intent { act=com.google.android.gms.ads.identifier.service.START pkg=com.google.android.gms } U=0: not found
05-13 09:11:44.326 15290 16179 E ActivityThread: Failed to find provider info for com.vivo.vms.IdProvider
05-13 09:11:54.387 1525 20725 W ProcessStats: Tracking association SourceState{6ba0e71 com.tencent.android.qqdownloader:live/10094 BTopFgs #224558} whose proc state 2 is better than process ProcessState{48ac3f8 com.tencent.android.qqdownloader:daemon/10094 pkg=com.tencent.android.qqdownloader} proc state 3 (1 skipped)
05-13 09:11:54.800 1525 2512 W ActivityManager: Unable to start service Intent { act=com.google.android.gms.ads.identifier.service.START pkg=com.google.android.gms } U=0: not found
05-13 09:11:54.801 15290 16179 E ActivityThread: Failed to find provider info for com.vivo.vms.IdProvider
05-13 09:12:05.278 1525 21112 W ActivityManager: Unable to start service Intent { act=com.google.android.gms.ads.identifier.service.START pkg=com.google.android.gms } U=0: not found
05-13 09:12:05.279 15290 16179 E ActivityThread: Failed to find provider info for com.vivo.vms.IdProvider
05-13 09:12:09.412 1525 2512 W ProcessStats: Tracking association SourceState{6ba0e71 com.tencent.android.qqdownloader:live/10094 BTopFgs #224600} whose proc state 2 is better than process ProcessState{48ac3f8 com.tencent.android.qqdownloader:daemon/10094 pkg=com.tencent.android.qqdownloader} proc state 3 (19 skipped)
05-13 09:12:15.793 1525 2512 W ActivityManager: Unable to start service Intent { act=com.google.android.gms.ads.identifier.service.START pkg=com.google.android.gms } U=0: not found
05-13 09:12:15.793 15290 16179 E ActivityThread: Failed to find provider info for com.vivo.vms.IdProvider
05-13 09:12:24.861 1525 1525 I GameModeConfig: isGameModeOn = false
05-13 09:12:26.261 1525 20725 W ActivityManager: Unable to start service Intent { act=com.google.android.gms.ads.identifier.service.START pkg=com.google.android.gms } U=0: not found
05-13 09:12:26.262 15290 16179 E ActivityThread: Failed to find provider info for com.vivo.vms.IdProvider
05-13 09:12:34.414 1525 1525 W ProcessStats: Tracking association SourceState{6ba0e71 com.tencent.android.qqdownloader:live/10094 BTopFgs #224617} whose proc state 2 is better than process ProcessState{48ac3f8 com.tencent.android.qqdownloader:daemon/10094 pkg=com.tencent.android.qqdownloader} proc state 3 (1 skipped)
05-13 09:12:34.453 1525 21112 W ActivityManager: Background start not allowed: service Intent { cmp=com.sina.weibo/.push.PushServiceProxy (has extras) } to com.sina.weibo/.push.PushServiceProxy from pid=27903 uid=10109 pkg=com.sina.weibo startFg?=false
05-13 09:12:34.457 1525 1829 I GameModeConfig: isGameModeOn = false
05-13 09:12:34.457 1525 1829 I GameModeConfig: isGameModeOn = false
05-13 09:12:34.457 1525 1829 I GameModeConfig: isGameModeOn = false
05-13 09:12:34.457 1525 1829 I GameModeConfig: isGameModeOn = false
05-13 09:12:34.457 1525 1829 I GameModeConfig: isGameModeOn = false
05-13 09:12:34.457 1525 1829 I GameModeConfig: isGameModeOn = false
05-13 09:12:34.457 1525 1829 I GameModeConfig: isGameModeOn = false
05-13 09:12:34.457 1525 1829 I GameModeConfig: isGameModeOn = false
05-13 09:12:34.457 1525 1829 I GameModeConfig: isGameModeOn = false
05-13 09:12:34.457 1525 1829 I GameModeConfig: isGameModeOn = false
05-13 09:12:34.457 1525 1829 I GameModeConfig: isGameModeOn = false
05-13 09:12:34.457 1525 1829 I GameModeConfig: isGameModeOn = false
05-13 09:12:34.457 1525 1829 I GameModeConfig: isGameModeOn = false
05-13 09:12:34.458 1525 1829 I GameModeConfig: isGameModeOn = false
05-13 09:12:34.458 1525 1829 I GameModeConfig: isGameModeOn = false
05-13 09:12:34.458 1525 1829 I GameModeConfig: isGameModeOn = false
05-13 09:12:34.458 1525 1829 I GameModeConfig: isGameModeOn = false
05-13 09:12:34.458 1525 1829 I GameModeConfig: isGameModeOn = false
05-13 09:12:34.458 1525 1829 I GameModeConfig: isGameModeOn = false
05-13 09:12:34.458 1525 1829 I GameModeConfig: isGameModeOn = false
05-13 09:12:34.459 1525 1829 I GameModeConfig: isGameModeOn = false
05-13 09:12:34.459 1525 1829 I GameModeConfig: isGameModeOn = false
05-13 09:12:34.459 1525 1829 I GameModeConfig: isGameModeOn = false
05-13 09:12:34.459 1525 1829 I GameModeConfig: isGameModeOn = false
05-13 09:12:34.500 1525 1525 D CompatibilityChangeReporter: Compat change id reported: 175319604; UID 1000; state: ENABLED
05-13 09:12:34.500 1525 1525 D CompatibilityChangeReporter: Compat change id reported: 175319604; UID 1000; state: DISABLED
05-13 09:12:35.096 1525 1525 I GameModeConfig: isGameModeOn = false
05-13 09:12:35.097 1525 1525 W NotificationHistory: Attempted to add notif for locked/gone/disabled user 0
05-13 09:12:36.814 1525 21112 W ActivityManager: Unable to start service Intent { act=com.google.android.gms.ads.identifier.service.START pkg=com.google.android.gms } U=0: not found
05-13 09:12:36.815 15290 16179 E ActivityThread: Failed to find provider info for com.vivo.vms.IdProvider
05-13 09:12:45.120 1525 1829 I GameModeConfig: isGameModeOn = false
05-13 09:12:45.621 1525 21112 W ProcessStats: Tracking association SourceState{6ba0e71 com.tencent.android.qqdownloader:live/10094 BTopFgs #224656} whose proc state 2 is better than process ProcessState{48ac3f8 com.tencent.android.qqdownloader:daemon/10094 pkg=com.tencent.android.qqdownloader} proc state 3 (21 skipped)
05-13 09:12:47.261 1525 21112 W ActivityManager: Unable to start service Intent { act=com.google.android.gms.ads.identifier.service.START pkg=com.google.android.gms } U=0: not found
05-13 09:12:47.261 15290 16179 E ActivityThread: Failed to find provider info for com.vivo.vms.IdProvider
05-13 09:12:57.917 1525 2512 W ActivityManager: Unable to start service Intent { act=com.google.android.gms.ads.identifier.service.START pkg=com.google.android.gms } U=0: not found
05-13 09:12:57.917 15290 16179 E ActivityThread: Failed to find provider info for com.vivo.vms.IdProvider
05-13 09:13:00.015 1525 2512 W ProcessStats: Tracking association SourceState{6ba0e71 com.tencent.android.qqdownloader:live/10094 BTopFgs #224665} whose proc state 2 is better than process ProcessState{48ac3f8 com.tencent.android.qqdownloader:daemon/10094 pkg=com.tencent.android.qqdownloader} proc state 3 (0 skipped)
05-13 09:13:08.379 1525 2512 W ActivityManager: Unable to start service Intent { act=com.google.android.gms.ads.identifier.service.START pkg=com.google.android.gms } U=0: not found
05-13 09:13:08.380 15290 16179 E ActivityThread: Failed to find provider info for com.vivo.vms.IdProvider
05-13 09:13:15.694 1525 2512 W ProcessStats: Tracking association SourceState{6ba0e71 com.tencent.android.qqdownloader:live/10094 BTopFgs #224704} whose proc state 2 is better than process ProcessState{48ac3f8 com.tencent.android.qqdownloader:daemon/10094 pkg=com.tencent.android.qqdownloader} proc state 3 (19 skipped)
05-13 09:13:18.914 1525 20725 W ActivityManager: Unable to start service Intent { act=com.google.android.gms.ads.identifier.service.START pkg=com.google.android.gms } U=0: not found
05-13 09:13:18.915 15290 16179 E ActivityThread: Failed to find provider info for com.vivo.vms.IdProvider
05-13 09:13:26.362 1525 1525 I GameModeConfig: isGameModeOn = false
05-13 09:13:29.406 1525 21112 W ActivityManager: Unable to start service Intent { act=com.google.android.gms.ads.identifier.service.START pkg=com.google.android.gms } U=0: not found
05-13 09:13:29.407 15290 16179 E ActivityThread: Failed to find provider info for com.vivo.vms.IdProvider
05-13 09:13:29.530 1525 21112 W ProcessStats: Tracking association SourceState{6ba0e71 com.tencent.android.qqdownloader:live/10094 BTopFgs #224713} whose proc state 2 is better than process ProcessState{48ac3f8 com.tencent.android.qqdownloader:daemon/10094 pkg=com.tencent.android.qqdownloader} proc state 3 (0 skipped)
05-13 09:13:39.858 1525 21112 W ActivityManager: Unable to start service Intent { act=com.google.android.gms.ads.identifier.service.START pkg=com.google.android.gms } U=0: not found
05-13 09:13:39.859 15290 16179 E ActivityThread: Failed to find provider info for com.vivo.vms.IdProvider
05-13 09:13:44.418 1525 2087 W ProcessStats: Tracking association SourceState{6ba0e71 com.tencent.android.qqdownloader:live/10094 BTopFgs #224729} whose proc state 2 is better than process ProcessState{48ac3f8 com.tencent.android.qqdownloader:daemon/10094 pkg=com.tencent.android.qqdownloader} proc state 3 (1 skipped)
05-13 09:13:50.327 1525 21112 W ActivityManager: Unable to start service Intent { act=com.google.android.gms.ads.identifier.service.START pkg=com.google.android.gms } U=0: not found
05-13 09:13:50.328 15290 16179 E ActivityThread: Failed to find provider info for com.vivo.vms.IdProvider
05-13 09:14:00.779 1525 20725 W ActivityManager: Unable to start service Intent { act=com.google.android.gms.ads.identifier.service.START pkg=com.google.android.gms } U=0: not found
05-13 09:14:00.779 15290 16179 E ActivityThread: Failed to find provider info for com.vivo.vms.IdProvider
05-13 09:14:11.285 1525 2512 W ActivityManager: Unable to start service Intent { act=com.google.android.gms.ads.identifier.service.START pkg=com.google.android.gms } U=0: not found
05-13 09:14:11.286 15290 16179 E ActivityThread: Failed to find provider info for com.vivo.vms.IdProvider
05-13 09:14:15.892 1525 2512 W ProcessStats: Tracking association SourceState{6ba0e71 com.tencent.android.qqdownloader:live/10094 BTopFgs #224782} whose proc state 2 is better than process ProcessState{48ac3f8 com.tencent.android.qqdownloader:daemon/10094 pkg=com.tencent.android.qqdownloader} proc state 3 (23 skipped)
05-13 09:14:21.780 1525 2087 W ActivityManager: Unable to start service Intent { act=com.google.android.gms.ads.identifier.service.START pkg=com.google.android.gms } U=0: not found
05-13 09:14:21.781 15290 16179 E ActivityThread: Failed to find provider info for com.vivo.vms.IdProvider
05-13 09:14:27.860 1525 1525 I GameModeConfig: isGameModeOn = false
05-13 09:14:32.243 1525 2087 W ActivityManager: Unable to start service Intent { act=com.google.android.gms.ads.identifier.service.START pkg=com.google.android.gms } U=0: not found
05-13 09:14:32.244 15290 16179 E ActivityThread: Failed to find provider info for com.vivo.vms.IdProvider
05-13 09:14:33.617 1525 2087 W ProcessStats: Tracking association SourceState{6ba0e71 com.tencent.android.qqdownloader:live/10094 BTopFgs #224824} whose proc state 2 is better than process ProcessState{48ac3f8 com.tencent.android.qqdownloader:daemon/10094 pkg=com.tencent.android.qqdownloader} proc state 3 (20 skipped)
05-13 09:14:42.740 1525 2512 W ActivityManager: Unable to start service Intent { act=com.google.android.gms.ads.identifier.service.START pkg=com.google.android.gms } U=0: not found
05-13 09:14:42.741 15290 16179 E ActivityThread: Failed to find provider info for com.vivo.vms.IdProvider
05-13 09:14:44.156 1525 1783 D ActivityManager: freezing 8366 android.process.media
05-13 09:14:44.156 1525 1783 E ActivityManager: Unable to freeze binder for 8366 android.process.media
05-13 09:14:44.157 1525 1783 D ActivityManager: froze 8366 android.process.media
05-13 09:14:44.157 1525 1783 E ActivityManager: Unable to freeze binder for 8366 android.process.media
05-13 09:14:44.160 1525 1783 I ActivityManager: Killing 8366:android.process.media/u0a18 (adj 985): Unable to freeze binder interface
05-13 09:14:44.184 1525 2512 W ActivityManager: Scheduling restart of crashed service com.android.mtp/.MtpService in 1239154688ms for start-requested
05-13 09:14:44.187 1525 2512 W ProcessStats: Tracking association SourceState{6ba0e71 com.tencent.android.qqdownloader:live/10094 BTopFgs #224834} whose proc state 2 is better than process ProcessState{48ac3f8 com.tencent.android.qqdownloader:daemon/10094 pkg=com.tencent.android.qqdownloader} proc state 3 (1 skipped)
05-13 09:14:53.369 1525 2512 W ActivityManager: Unable to start service Intent { act=com.google.android.gms.ads.identifier.service.START pkg=com.google.android.gms } U=0: not found
05-13 09:14:53.370 15290 16179 E ActivityThread: Failed to find provider info for com.vivo.vms.IdProvider
05-13 09:14:54.419 1525 1525 W ProcessStats: Tracking association SourceState{6ba0e71 com.tencent.android.qqdownloader:live/10094 BTopFgs #224842} whose proc state 2 is better than process ProcessState{48ac3f8 com.tencent.android.qqdownloader:daemon/10094 pkg=com.tencent.android.qqdownloader} proc state 3 (1 skipped)
05-13 09:15:03.860 1525 2512 W ActivityManager: Unable to start service Intent { act=com.google.android.gms.ads.identifier.service.START pkg=com.google.android.gms } U=0: not found
05-13 09:15:03.861 15290 16179 E ActivityThread: Failed to find provider info for com.vivo.vms.IdProvider
05-13 09:15:14.366 1525 20725 W ActivityManager: Unable to start service Intent { act=com.google.android.gms.ads.identifier.service.START pkg=com.google.android.gms } U=0: not found
05-13 09:15:14.367 15290 16179 E ActivityThread: Failed to find provider info for com.vivo.vms.IdProvider
05-13 09:15:14.983 1525 1623 W ProcessStats: Tracking association SourceState{6ba0e71 com.tencent.android.qqdownloader:live/10094 BTopFgs #224883} whose proc state 2 is better than process ProcessState{48ac3f8 com.tencent.android.qqdownloader:daemon/10094 pkg=com.tencent.android.qqdownloader} proc state 3 (19 skipped)
05-13 09:15:24.983 1525 2512 W ActivityManager: Unable to start service Intent { act=com.google.android.gms.ads.identifier.service.START pkg=com.google.android.gms } U=0: not found
05-13 09:15:24.983 15290 16179 E ActivityThread: Failed to find provider info for com.vivo.vms.IdProvider
05-13 09:15:27.900 1525 1525 I GameModeConfig: isGameModeOn = false
05-13 09:15:28.269 1525 1783 D ActivityManager: freezing 27887 com.kugou.android
05-13 09:15:28.269 1525 1783 E ActivityManager: Unable to freeze binder for 27887 com.kugou.android
05-13 09:15:28.271 1525 1783 D ActivityManager: froze 27887 com.kugou.android
05-13 09:15:28.271 1525 1783 E ActivityManager: Unable to freeze binder for 27887 com.kugou.android
05-13 09:15:28.273 1525 1783 I ActivityManager: Killing 27887:com.kugou.android/u0a95 (adj 945): Unable to freeze binder interface
05-13 09:15:28.279 1525 1783 D ActivityManager: freezing 27894 com.android.settings
05-13 09:15:28.279 1525 1783 E ActivityManager: Unable to freeze binder for 27894 com.android.settings
05-13 09:15:28.280 1525 1783 D ActivityManager: froze 27894 com.android.settings
05-13 09:15:28.281 1525 1783 E ActivityManager: Unable to freeze binder for 27894 com.android.settings
05-13 09:15:28.283 1525 1783 I ActivityManager: Killing 27894:com.android.settings/1000 (adj 945): Unable to freeze binder interface
05-13 09:15:28.321 1525 20725 W ProcessStats: Tracking association SourceState{6ba0e71 com.tencent.android.qqdownloader:live/10094 BTopFgs #224892} whose proc state 2 is better than process ProcessState{48ac3f8 com.tencent.android.qqdownloader:daemon/10094 pkg=com.tencent.android.qqdownloader} proc state 3 (2 skipped)
05-13 09:15:28.329 1525 1607 D CompatibilityChangeReporter: Compat change id reported: 135634846; UID 10095; state: DISABLED
05-13 09:15:28.330 1525 1607 D CompatibilityChangeReporter: Compat change id reported: 177438394; UID 10095; state: DISABLED
05-13 09:15:28.330 1525 1607 D CompatibilityChangeReporter: Compat change id reported: 135772972; UID 10095; state: DISABLED
05-13 09:15:28.330 1525 1607 D CompatibilityChangeReporter: Compat change id reported: 135754954; UID 10095; state: DISABLED
05-13 09:15:28.330 1525 1624 D CompatibilityChangeReporter: Compat change id reported: 143937733; UID 10095; state: DISABLED
05-13 09:15:28.332 1525 1607 D CompatibilityChangeReporter: Compat change id reported: 135634846; UID 1000; state: DISABLED
05-13 09:15:28.332 1525 1607 D CompatibilityChangeReporter: Compat change id reported: 177438394; UID 1000; state: DISABLED
05-13 09:15:28.332 1525 1607 D CompatibilityChangeReporter: Compat change id reported: 135772972; UID 1000; state: DISABLED
05-13 09:15:28.332 1525 1607 D CompatibilityChangeReporter: Compat change id reported: 135754954; UID 1000; state: ENABLED
05-13 09:15:28.341 1525 1624 I ActivityManager: Start proc 29967:com.kugou.android/u0a95 for null
05-13 09:15:28.352 1525 1624 I ActivityManager: Start proc 29968:com.android.settings/1000 for null
05-13 09:15:28.371 1525 20725 D CompatibilityChangeReporter: Compat change id reported: 168419799; UID 10095; state: DISABLED
05-13 09:15:28.383 1525 20725 D CompatibilityChangeReporter: Compat change id reported: 168419799; UID 1000; state: DISABLED
05-13 09:15:28.985 29967 29967 D ActivityThread: Loading provider com.kugou.android.kugouCommonPreferences: com.kugou.common.preferences.provider.CommonSharedPreferencesProvider
05-13 09:15:34.884 1525 1783 D ActivityManager: freezing 28297 com.netease.newsreader.activity:pushservice
05-13 09:15:34.885 1525 1783 E ActivityManager: Unable to freeze binder for 28297 com.netease.newsreader.activity:pushservice
05-13 09:15:34.887 1525 1783 D ActivityManager: froze 28297 com.netease.newsreader.activity:pushservice
05-13 09:15:34.887 1525 1783 E ActivityManager: Unable to freeze binder for 28297 com.netease.newsreader.activity:pushservice
05-13 09:15:34.891 1525 1783 I ActivityManager: Killing 28297:com.netease.newsreader.activity:pushservice/u0a100 (adj 965): Unable to freeze binder interface
05-13 09:15:34.933 1525 1866 W ActivityManager: Scheduling restart of crashed service com.netease.newsreader.activity/com.xiaomi.push.service.XMPushService in 1000ms for connection
05-13 09:15:35.474 1525 5323 W ActivityManager: Unable to start service Intent { act=com.google.android.gms.ads.identifier.service.START pkg=com.google.android.gms } U=0: not found
05-13 09:15:35.475 15290 16179 E ActivityThread: Failed to find provider info for com.vivo.vms.IdProvider
05-13 09:15:35.936 1525 1623 D CompatibilityChangeReporter: Compat change id reported: 135634846; UID 10100; state: DISABLED
