05-13 10:52:26.304 21113 21113 I auditd : type=1400 audit(0.0:141024): avc: denied { search } for comm="Thread-32" name="input" dev="tmpfs" ino=2101 scontext=u:r:untrusted_app:s0:c100,c256,c512,c768 tcontext=u:object_r:input_device:s0 tclass=dir permissive=1 app=com.netease.newsreader.activity
05-13 10:52:26.304 21113 21113 I auditd : type=1400 audit(0.0:141025): avc: denied { getattr } for comm="Thread-32" path="/dev/input/event0" dev="tmpfs" ino=2102 scontext=u:r:untrusted_app:s0:c100,c256,c512,c768 tcontext=u:object_r:input_device:s0 tclass=chr_file permissive=1 app=com.netease.newsreader.activity
05-13 10:52:26.495 1525 1827 D NsdService: Stop service discovery
05-13 10:52:26.495 1525 1827 D NsdService: mdnssd [stop-discover, 134]
05-13 10:52:26.498 1525 1827 D NsdService: Discover services
05-13 10:52:26.498 1525 1827 D NsdService: mdnssd [discover, 135, _leboremote._tcp.]
05-13 10:52:26.500 1525 1827 D NsdService: Discover 8 135_leboremote._tcp.
05-13 10:52:26.500 1525 1827 D NsdService: Native daemon message SERVICE_FOUND: 603 135 "高合娱乐副屏" _leboremote._tcp. local.
05-13 10:52:26.501 1525 1827 D NsdService: Native daemon message SERVICE_FOUND: 603 135 "高合娱乐副屏" _leboremote._tcp. local.
05-13 10:52:26.501 1525 1827 D NsdService: Native daemon message SERVICE_FOUND: 603 135 "高合娱乐副屏" _leboremote._tcp. local.
05-13 10:52:26.501 1525 1827 D NsdService: Native daemon message SERVICE_FOUND: 603 135 "高合娱乐副屏" _leboremote._tcp. local.
05-13 10:52:26.501 1525 1827 D NsdService: Native daemon message SERVICE_FOUND: 603 135 "高合娱乐副屏" _leboremote._tcp. local.
05-13 10:52:26.501 1525 1827 D NsdService: Native daemon message SERVICE_FOUND: 603 135 "高合娱乐副屏" _leboremote._tcp. local.
05-13 10:52:26.501 1525 1827 D NsdService: Native daemon message SERVICE_FOUND: 603 135 "高合娱乐副屏" _leboremote._tcp. local.
05-13 10:52:26.520 22040 22040 I auditd : type=1400 audit(0.0:141026): avc: denied { bind } for comm="ip" scontext=u:r:untrusted_app:s0:c100,c256,c512,c768 tcontext=u:r:untrusted_app:s0:c100,c256,c512,c768 tclass=netlink_route_socket permissive=1 bug=b/155595000 app=com.netease.newsreader.activity
05-13 10:52:27.037 1525 1827 D NsdService: Stop service discovery
05-13 10:52:27.037 1525 1827 D NsdService: mdnssd [stop-discover, 135]
05-13 10:52:27.037 1525 1827 D NsdService: Discover services
05-13 10:52:27.037 1525 1827 D NsdService: mdnssd [discover, 136, _raop._tcp.]
05-13 10:52:27.038 1525 1827 D NsdService: Discover 9 136_raop._tcp.
05-13 10:52:27.039 1525 1827 D NsdService: Native daemon message SERVICE_FOUND: 603 136 "b45e4a63b8d6@高合娱乐副屏" _raop._tcp. local.
05-13 10:52:27.039 1525 1827 D NsdService: Native daemon message SERVICE_FOUND: 603 136 "b45e4a63b8d6@高合娱乐副屏" _raop._tcp. local.
05-13 10:52:27.040 1525 1827 D NsdService: Native daemon message SERVICE_FOUND: 603 136 "b45e4a63b8d6@高合娱乐副屏" _raop._tcp. local.
05-13 10:52:27.040 1525 1827 D NsdService: Native daemon message SERVICE_FOUND: 603 136 "b45e4a63b8d6@高合娱乐副屏" _raop._tcp. local.
05-13 10:52:27.040 1525 1827 D NsdService: Native daemon message SERVICE_FOUND: 603 136 "b45e4a63b8d6@高合娱乐副屏" _raop._tcp. local.
05-13 10:52:27.040 1525 1827 D NsdService: Native daemon message SERVICE_FOUND: 603 136 "b45e4a63b8d6@高合娱乐副屏" _raop._tcp. local.
05-13 10:52:27.041 1525 1827 D NsdService: Native daemon message SERVICE_FOUND: 603 136 "b45e4a63b8d6@高合娱乐副屏" _raop._tcp. local.
05-13 10:52:27.100 22105 22105 I auditd : type=1400 audit(0.0:141032): avc: denied { read } for comm="ps" name="pid_max" dev="proc" ino=8701261 scontext=u:r:untrusted_app:s0:c100,c256,c512,c768 tcontext=u:object_r:proc_pid_max:s0 tclass=file permissive=1 app=com.netease.newsreader.activity
05-13 10:52:27.100 22105 22105 I auditd : type=1400 audit(0.0:141033): avc: denied { open } for comm="ps" path="/proc/sys/kernel/pid_max" dev="proc" ino=8701261 scontext=u:r:untrusted_app:s0:c100,c256,c512,c768 tcontext=u:object_r:proc_pid_max:s0 tclass=file permissive=1 app=com.netease.newsreader.activity
05-13 10:52:27.284 0 0 I auditd : type=1400 audit(0.0:141034): avc: denied { kill } for comm="swapper/4" capability=5 scontext=u:r:kernel:s0 tcontext=u:r:kernel:s0 tclass=capability permissive=1
05-13 10:52:27.574 1525 1827 D NsdService: Stop service discovery
05-13 10:52:27.574 1525 1827 D NsdService: mdnssd [stop-discover, 136]
05-13 10:52:27.575 1525 1827 D NsdService: Discover services
05-13 10:52:27.575 1525 1827 D NsdService: mdnssd [discover, 137, _airplay._tcp.]
05-13 10:52:27.576 1525 1827 D NsdService: Discover 10 137_airplay._tcp.
05-13 10:52:27.576 1525 1827 D NsdService: Native daemon message SERVICE_FOUND: 603 137 "高合娱乐副屏" _airplay._tcp. local.
05-13 10:52:27.576 1525 1827 D NsdService: Native daemon message SERVICE_FOUND: 603 137 "高合娱乐副屏" _airplay._tcp. local.
05-13 10:52:27.576 1525 1827 D NsdService: Native daemon message SERVICE_FOUND: 603 137 "高合娱乐副屏" _airplay._tcp. local.
05-13 10:52:27.576 1525 1827 D NsdService: Native daemon message SERVICE_FOUND: 603 137 "高合娱乐副屏" _airplay._tcp. local.
05-13 10:52:27.576 1525 1827 D NsdService: Native daemon message SERVICE_FOUND: 603 137 "高合娱乐副屏" _airplay._tcp. local.
05-13 10:52:27.576 1525 1827 D NsdService: Native daemon message SERVICE_FOUND: 603 137 "高合娱乐副屏" _airplay._tcp. local.
05-13 10:52:27.577 1525 1827 D NsdService: Native daemon message SERVICE_FOUND: 603 137 "高合娱乐副屏" _airplay._tcp. local.
05-13 10:52:28.086 1525 1623 I ActivityManager: Killing 13968:com.netease.cloudmusic/u0a101 (adj 985): empty for 1802s
05-13 10:52:28.086 1525 1623 I am_kill : [0,13968,com.netease.cloudmusic,985,empty for 1802s]
05-13 10:52:28.089 1525 1623 I ActivityManager: Killing 14222:com.netease.cloudmusic:play/u0a101 (adj 995): empty for 1802s
05-13 10:52:28.089 1525 1623 I am_kill : [0,14222,com.netease.cloudmusic:play,995,empty for 1802s]
05-13 10:52:28.116 1525 1827 D NsdService: Stop service discovery
05-13 10:52:28.116 1525 1827 D NsdService: mdnssd [stop-discover, 137]
05-13 10:52:28.117 1525 1827 D NsdService: Discover services
05-13 10:52:28.117 1525 1827 D NsdService: mdnssd [discover, 138, _leboremote._tcp.]
05-13 10:52:28.119 1525 1827 D NsdService: Discover 11 138_leboremote._tcp.
05-13 10:52:28.119 1525 1827 D NsdService: Native daemon message SERVICE_FOUND: 603 138 "高合娱乐副屏" _leboremote._tcp. local.
05-13 10:52:28.119 1525 1827 D NsdService: Native daemon message SERVICE_FOUND: 603 138 "高合娱乐副屏" _leboremote._tcp. local.
05-13 10:52:28.119 1525 1827 D NsdService: Native daemon message SERVICE_FOUND: 603 138 "高合娱乐副屏" _leboremote._tcp. local.
05-13 10:52:28.120 1525 1827 D NsdService: Native daemon message SERVICE_FOUND: 603 138 "高合娱乐副屏" _leboremote._tcp. local.
05-13 10:52:28.120 1525 1827 D NsdService: Native daemon message SERVICE_FOUND: 603 138 "高合娱乐副屏" _leboremote._tcp. local.
05-13 10:52:28.120 1525 1827 D NsdService: Native daemon message SERVICE_FOUND: 603 138 "高合娱乐副屏" _leboremote._tcp. local.
05-13 10:52:28.120 1525 1827 D NsdService: Native daemon message SERVICE_FOUND: 603 138 "高合娱乐副屏" _leboremote._tcp. local.
05-13 10:52:28.203 1525 15277 I am_proc_died: [0,14222,com.netease.cloudmusic:play,995,19]
05-13 10:52:28.204 1525 15277 W ActivityManager: Scheduling restart of crashed service com.netease.cloudmusic/.service.PlayNannyService in 1000ms for connection
05-13 10:52:28.204 1525 15277 I am_schedule_service_restart: [0,com.netease.cloudmusic/.service.PlayNannyService,1000]
05-13 10:52:28.204 1525 15277 W ActivityManager: Scheduling restart of crashed service com.netease.cloudmusic/.service.PlayService in 11000ms for connection
05-13 10:52:28.204 1525 15277 I am_schedule_service_restart: [0,com.netease.cloudmusic/.service.PlayService,11000]
05-13 10:52:28.239 1525 1866 I am_proc_died: [0,13968,com.netease.cloudmusic,985,19]
05-13 10:52:28.240 1525 1866 I am_uid_stopped: 10101
05-13 10:52:28.296 15290 15290 I auditd : type=1400 audit(0.0:141035): avc: denied { read } for comm="NativeThread" name="unix" dev="proc" ino=4026532262 scontext=u:r:untrusted_app_27:s0:c512,c768 tcontext=u:object_r:proc_net:s0 tclass=file permissive=1 app=com.wandoujia.phoenix2
05-13 10:52:28.296 15290 15290 I auditd : type=1400 audit(0.0:141036): avc: denied { open } for comm="NativeThread" path="/proc/15290/net/unix" dev="proc" ino=4026532262 scontext=u:r:untrusted_app_27:s0:c512,c768 tcontext=u:object_r:proc_net:s0 tclass=file permissive=1 app=com.wandoujia.phoenix2
05-13 10:52:28.296 15290 15290 I auditd : type=1400 audit(0.0:141037): avc: denied { getattr } for comm="NativeThread" path="/proc/15290/net/unix" dev="proc" ino=4026532262 scontext=u:r:untrusted_app_27:s0:c512,c768 tcontext=u:object_r:proc_net:s0 tclass=file permissive=1 app=com.wandoujia.phoenix2
05-13 10:52:28.532 15290 15290 I auditd : type=1400 audit(0.0:141038): avc: denied { read } for comm="NativeThread" name="version" dev="proc" ino=4026532238 scontext=u:r:untrusted_app_27:s0:c512,c768 tcontext=u:object_r:proc_version:s0 tclass=file permissive=1 app=com.wandoujia.phoenix2
05-13 10:52:28.532 15290 15290 I auditd : type=1400 audit(0.0:141039): avc: denied { open } for comm="NativeThread" path="/proc/version" dev="proc" ino=4026532238 scontext=u:r:untrusted_app_27:s0:c512,c768 tcontext=u:object_r:proc_version:s0 tclass=file permissive=1 app=com.wandoujia.phoenix2
05-13 10:52:28.532 15290 15290 I auditd : type=1400 audit(0.0:141040): avc: denied { ioctl } for comm="NativeThread" path="socket:[8680311]" dev="sockfs" ino=8680311 ioctlcmd=0x8927 scontext=u:r:untrusted_app_27:s0:c512,c768 tcontext=u:r:untrusted_app_27:s0:c512,c768 tclass=udp_socket permissive=1 app=com.wandoujia.phoenix2
05-13 10:52:28.532 15290 15290 I auditd : type=1400 audit(0.0:141041): avc: granted { bind } for comm="NativeThread" scontext=u:r:untrusted_app_27:s0:c512,c768 tcontext=u:r:untrusted_app_27:s0:c512,c768 tclass=netlink_route_socket app=com.wandoujia.phoenix2
05-13 10:52:28.545 1525 29917 W ActivityManager: Unable to start service Intent { act=com.google.android.gms.ads.identifier.service.START pkg=com.google.android.gms } U=0: not found
05-13 10:52:28.545 15290 16179 E ActivityThread: Failed to find provider info for com.vivo.vms.IdProvider
05-13 10:52:28.649 1525 1827 D NsdService: Stop service discovery
05-13 10:52:28.649 1525 1827 D NsdService: mdnssd [stop-discover, 138]
05-13 10:52:28.650 1525 1827 D NsdService: Discover services
05-13 10:52:28.650 1525 1827 D NsdService: mdnssd [discover, 139, _raop._tcp.]
05-13 10:52:28.654 1525 1827 D NsdService: Discover 12 139_raop._tcp.
05-13 10:52:28.654 1525 1827 D NsdService: Native daemon message SERVICE_FOUND: 603 139 "b45e4a63b8d6@高合娱乐副屏" _raop._tcp. local.
05-13 10:52:28.655 1525 1827 D NsdService: Native daemon message SERVICE_FOUND: 603 139 "b45e4a63b8d6@高合娱乐副屏" _raop._tcp. local.
05-13 10:52:28.655 1525 1827 D NsdService: Native daemon message SERVICE_FOUND: 603 139 "b45e4a63b8d6@高合娱乐副屏" _raop._tcp. local.
05-13 10:52:28.655 1525 1827 D NsdService: Native daemon message SERVICE_FOUND: 603 139 "b45e4a63b8d6@高合娱乐副屏" _raop._tcp. local.
05-13 10:52:28.655 1525 1827 D NsdService: Native daemon message SERVICE_FOUND: 603 139 "b45e4a63b8d6@高合娱乐副屏" _raop._tcp. local.
05-13 10:52:28.655 1525 1827 D NsdService: Native daemon message SERVICE_FOUND: 603 139 "b45e4a63b8d6@高合娱乐副屏" _raop._tcp. local.
05-13 10:52:28.655 1525 1827 D NsdService: Native daemon message SERVICE_FOUND: 603 139 "b45e4a63b8d6@高合娱乐副屏" _raop._tcp. local.
05-13 10:52:28.706 1525 1866 W ActivityManager: Unable to start service Intent { act=com.bun.msa.action.start.service cmp=com.mdid.msa/.service.MsaKlService (has extras) } U=0: not found
05-13 10:52:28.709 1525 29917 W ActivityManager: Unable to start service Intent { act=com.bun.msa.action.bindto.service cmp=com.mdid.msa/.service.MsaIdService (has extras) } U=0: not found
05-13 10:52:29.187 1525 1827 D NsdService: Stop service discovery
05-13 10:52:29.187 1525 1827 D NsdService: mdnssd [stop-discover, 139]
05-13 10:52:29.188 1525 1827 D NsdService: Discover services
05-13 10:52:29.188 1525 1827 D NsdService: mdnssd [discover, 140, _airplay._tcp.]
05-13 10:52:29.189 1525 1827 D NsdService: Discover 13 140_airplay._tcp.
05-13 10:52:29.189 1525 1827 D NsdService: Native daemon message SERVICE_FOUND: 603 140 "高合娱乐副屏" _airplay._tcp. local.
05-13 10:52:29.190 1525 1827 D NsdService: Native daemon message SERVICE_FOUND: 603 140 "高合娱乐副屏" _airplay._tcp. local.
05-13 10:52:29.190 1525 1827 D NsdService: Native daemon message SERVICE_FOUND: 603 140 "高合娱乐副屏" _airplay._tcp. local.
05-13 10:52:29.190 1525 1827 D NsdService: Native daemon message SERVICE_FOUND: 603 140 "高合娱乐副屏" _airplay._tcp. local.
05-13 10:52:29.190 1525 1827 D NsdService: Native daemon message SERVICE_FOUND: 603 140 "高合娱乐副屏" _airplay._tcp. local.
05-13 10:52:29.190 1525 1827 D NsdService: Native daemon message SERVICE_FOUND: 603 140 "高合娱乐副屏" _airplay._tcp. local.
05-13 10:52:29.190 1525 1827 D NsdService: Native daemon message SERVICE_FOUND: 603 140 "高合娱乐副屏" _airplay._tcp. local.
05-13 10:52:29.718 1525 1827 D NsdService: Stop service discovery
05-13 10:52:29.718 1525 1827 D NsdService: mdnssd [stop-discover, 140]
05-13 10:52:29.720 1525 1827 D NsdService: Discover services
05-13 10:52:29.720 1525 1827 D NsdService: mdnssd [discover, 141, _leboremote._tcp.]
05-13 10:52:29.721 1525 1827 D NsdService: Discover 14 141_leboremote._tcp.
05-13 10:52:29.723 1525 1827 D NsdService: Native daemon message SERVICE_FOUND: 603 141 "高合娱乐副屏" _leboremote._tcp. local.
05-13 10:52:29.723 1525 1827 D NsdService: Native daemon message SERVICE_FOUND: 603 141 "高合娱乐副屏" _leboremote._tcp. local.
05-13 10:52:29.723 1525 1827 D NsdService: Native daemon message SERVICE_FOUND: 603 141 "高合娱乐副屏" _leboremote._tcp. local.
05-13 10:52:29.723 1525 1827 D NsdService: Native daemon message SERVICE_FOUND: 603 141 "高合娱乐副屏" _leboremote._tcp. local.
05-13 10:52:29.724 1525 1827 D NsdService: Native daemon message SERVICE_FOUND: 603 141 "高合娱乐副屏" _leboremote._tcp. local.
05-13 10:52:29.724 1525 1827 D NsdService: Native daemon message SERVICE_FOUND: 603 141 "高合娱乐副屏" _leboremote._tcp. local.
05-13 10:52:29.724 1525 1827 D NsdService: Native daemon message SERVICE_FOUND: 603 141 "高合娱乐副屏" _leboremote._tcp. local.
05-13 10:52:29.823 1525 1621 W ProcessStats: Tracking association SourceState{6ba0e71 com.tencent.android.qqdownloader:live/10094 BTopFgs #234927} whose proc state 2 is better than process ProcessState{48ac3f8 com.tencent.android.qqdownloader:daemon/10094 pkg=com.tencent.android.qqdownloader} proc state 3 (54 skipped)
05-13 10:52:30.249 1525 1827 D NsdService: Stop service discovery
05-13 10:52:30.249 1525 1827 D NsdService: mdnssd [stop-discover, 141]
05-13 10:52:30.250 1525 1827 D NsdService: Discover services
05-13 10:52:30.250 1525 1827 D NsdService: mdnssd [discover, 142, _raop._tcp.]
05-13 10:52:30.252 1525 1827 D NsdService: Discover 15 142_raop._tcp.
05-13 10:52:30.253 1525 1827 D NsdService: Native daemon message SERVICE_FOUND: 603 142 "b45e4a63b8d6@高合娱乐副屏" _raop._tcp. local.
05-13 10:52:30.253 1525 1827 D NsdService: Native daemon message SERVICE_FOUND: 603 142 "b45e4a63b8d6@高合娱乐副屏" _raop._tcp. local.
05-13 10:52:30.254 1525 1827 D NsdService: Native daemon message SERVICE_FOUND: 603 142 "b45e4a63b8d6@高合娱乐副屏" _raop._tcp. local.
05-13 10:52:30.254 1525 1827 D NsdService: Native daemon message SERVICE_FOUND: 603 142 "b45e4a63b8d6@高合娱乐副屏" _raop._tcp. local.
05-13 10:52:30.255 1525 1827 D NsdService: Native daemon message SERVICE_FOUND: 603 142 "b45e4a63b8d6@高合娱乐副屏" _raop._tcp. local.
05-13 10:52:30.255 1525 1827 D NsdService: Native daemon message SERVICE_FOUND: 603 142 "b45e4a63b8d6@高合娱乐副屏" _raop._tcp. local.
05-13 10:52:30.256 1525 1827 D NsdService: Native daemon message SERVICE_FOUND: 603 142 "b45e4a63b8d6@高合娱乐副屏" _raop._tcp. local.
05-13 10:52:30.782 1525 1827 D NsdService: Stop service discovery
05-13 10:52:30.782 1525 1827 D NsdService: mdnssd [stop-discover, 142]
05-13 10:52:30.783 1525 1827 D NsdService: Discover services
05-13 10:52:30.783 1525 1827 D NsdService: mdnssd [discover, 143, _airplay._tcp.]
05-13 10:52:30.785 1525 1827 D NsdService: Discover 16 143_airplay._tcp.
05-13 10:52:30.786 1525 1827 D NsdService: Native daemon message SERVICE_FOUND: 603 143 "高合娱乐副屏" _airplay._tcp. local.
05-13 10:52:30.787 1525 1827 D NsdService: Native daemon message SERVICE_FOUND: 603 143 "高合娱乐副屏" _airplay._tcp. local.
05-13 10:52:30.787 1525 1827 D NsdService: Native daemon message SERVICE_FOUND: 603 143 "高合娱乐副屏" _airplay._tcp. local.
05-13 10:52:30.788 1525 1827 D NsdService: Native daemon message SERVICE_FOUND: 603 143 "高合娱乐副屏" _airplay._tcp. local.
05-13 10:52:30.788 1525 1827 D NsdService: Native daemon message SERVICE_FOUND: 603 143 "高合娱乐副屏" _airplay._tcp. local.
05-13 10:52:30.789 1525 1827 D NsdService: Native daemon message SERVICE_FOUND: 603 143 "高合娱乐副屏" _airplay._tcp. local.
05-13 10:52:30.790 1525 1827 D NsdService: Native daemon message SERVICE_FOUND: 603 143 "高合娱乐副屏" _airplay._tcp. local.
05-13 10:52:31.319 1525 1827 D NsdService: Stop service discovery
05-13 10:52:31.319 1525 1827 D NsdService: mdnssd [stop-discover, 143]
05-13 10:52:31.320 1525 1827 D NsdService: Discover services
05-13 10:52:31.320 1525 1827 D NsdService: mdnssd [discover, 144, _leboremote._tcp.]
05-13 10:52:31.323 1525 1827 D NsdService: Discover 17 144_leboremote._tcp.
05-13 10:52:31.325 1525 1827 D NsdService: Native daemon message SERVICE_FOUND: 603 144 "高合娱乐副屏" _leboremote._tcp. local.
05-13 10:52:31.326 1525 1827 D NsdService: Native daemon message SERVICE_FOUND: 603 144 "高合娱乐副屏" _leboremote._tcp. local.
05-13 10:52:31.326 1525 1827 D NsdService: Native daemon message SERVICE_FOUND: 603 144 "高合娱乐副屏" _leboremote._tcp. local.
05-13 10:52:31.326 1525 1827 D NsdService: Native daemon message SERVICE_FOUND: 603 144 "高合娱乐副屏" _leboremote._tcp. local.
05-13 10:52:31.326 1525 1827 D NsdService: Native daemon message SERVICE_FOUND: 603 144 "高合娱乐副屏" _leboremote._tcp. local.
05-13 10:52:31.326 1525 1827 D NsdService: Native daemon message SERVICE_FOUND: 603 144 "高合娱乐副屏" _leboremote._tcp. local.
05-13 10:52:31.327 1525 1827 D NsdService: Native daemon message SERVICE_FOUND: 603 144 "高合娱乐副屏" _leboremote._tcp. local.
05-13 10:52:31.851 1525 1827 D NsdService: Stop service discovery
05-13 10:52:31.851 1525 1827 D NsdService: mdnssd [stop-discover, 144]
05-13 10:52:31.852 1525 1827 D NsdService: Discover services
05-13 10:52:31.852 1525 1827 D NsdService: mdnssd [discover, 145, _raop._tcp.]
05-13 10:52:31.852 1525 1827 D NsdService: Discover 18 145_raop._tcp.
05-13 10:52:31.856 1525 1827 D NsdService: Native daemon message SERVICE_FOUND: 603 145 "b45e4a63b8d6@高合娱乐副屏" _raop._tcp. local.
05-13 10:52:31.856 1525 1827 D NsdService: Native daemon message SERVICE_FOUND: 603 145 "b45e4a63b8d6@高合娱乐副屏" _raop._tcp. local.
05-13 10:52:31.856 1525 1827 D NsdService: Native daemon message SERVICE_FOUND: 603 145 "b45e4a63b8d6@高合娱乐副屏" _raop._tcp. local.
05-13 10:52:31.856 1525 1827 D NsdService: Native daemon message SERVICE_FOUND: 603 145 "b45e4a63b8d6@高合娱乐副屏" _raop._tcp. local.
05-13 10:52:31.857 1525 1827 D NsdService: Native daemon message SERVICE_FOUND: 603 145 "b45e4a63b8d6@高合娱乐副屏" _raop._tcp. local.
05-13 10:52:31.857 1525 1827 D NsdService: Native daemon message SERVICE_FOUND: 603 145 "b45e4a63b8d6@高合娱乐副屏" _raop._tcp. local.
05-13 10:52:31.857 1525 1827 D NsdService: Native daemon message SERVICE_FOUND: 603 145 "b45e4a63b8d6@高合娱乐副屏" _raop._tcp. local.
05-13 10:52:32.389 1525 1827 D NsdService: Stop service discovery
05-13 10:52:32.389 1525 1827 D NsdService: mdnssd [stop-discover, 145]
05-13 10:52:32.390 1525 1827 D NsdService: Discover services
05-13 10:52:32.390 1525 1827 D NsdService: mdnssd [discover, 146, _airplay._tcp.]
05-13 10:52:32.393 1525 1827 D NsdService: Discover 19 146_airplay._tcp.
05-13 10:52:32.394 1525 1827 D NsdService: Native daemon message SERVICE_FOUND: 603 146 "高合娱乐副屏" _airplay._tcp. local.
05-13 10:52:32.394 1525 1827 D NsdService: Native daemon message SERVICE_FOUND: 603 146 "高合娱乐副屏" _airplay._tcp. local.
05-13 10:52:32.394 1525 1827 D NsdService: Native daemon message SERVICE_FOUND: 603 146 "高合娱乐副屏" _airplay._tcp. local.
05-13 10:52:32.395 1525 1827 D NsdService: Native daemon message SERVICE_FOUND: 603 146 "高合娱乐副屏" _airplay._tcp. local.
05-13 10:52:32.395 1525 1827 D NsdService: Native daemon message SERVICE_FOUND: 603 146 "高合娱乐副屏" _airplay._tcp. local.
05-13 10:52:32.395 1525 1827 D NsdService: Native daemon message SERVICE_FOUND: 603 146 "高合娱乐副屏" _airplay._tcp. local.
05-13 10:52:32.396 1525 1827 D NsdService: Native daemon message SERVICE_FOUND: 603 146 "高合娱乐副屏" _airplay._tcp. local.
05-13 10:52:32.930 1525 1827 D NsdService: Stop service discovery
05-13 10:52:32.930 1525 1827 D NsdService: mdnssd [stop-discover, 146]
05-13 10:52:32.932 1525 1827 D NsdService: Discover services
05-13 10:52:32.932 1525 1827 D NsdService: mdnssd [discover, 147, _leboremote._tcp.]
05-13 10:52:32.933 1525 1827 D NsdService: Discover 20 147_leboremote._tcp.
05-13 10:52:32.935 1525 1827 D NsdService: Native daemon message SERVICE_FOUND: 603 147 "高合娱乐副屏" _leboremote._tcp. local.
05-13 10:52:32.935 1525 1827 D NsdService: Native daemon message SERVICE_FOUND: 603 147 "高合娱乐副屏" _leboremote._tcp. local.
05-13 10:52:32.936 1525 1827 D NsdService: Native daemon message SERVICE_FOUND: 603 147 "高合娱乐副屏" _leboremote._tcp. local.
05-13 10:52:32.936 1525 1827 D NsdService: Native daemon message SERVICE_FOUND: 603 147 "高合娱乐副屏" _leboremote._tcp. local.
05-13 10:52:32.937 1525 1827 D NsdService: Native daemon message SERVICE_FOUND: 603 147 "高合娱乐副屏" _leboremote._tcp. local.
05-13 10:52:32.937 1525 1827 D NsdService: Native daemon message SERVICE_FOUND: 603 147 "高合娱乐副屏" _leboremote._tcp. local.
05-13 10:52:32.938 1525 1827 D NsdService: Native daemon message SERVICE_FOUND: 603 147 "高合娱乐副屏" _leboremote._tcp. local.
05-13 10:52:33.469 1525 1827 D NsdService: Stop service discovery
05-13 10:52:33.469 1525 1827 D NsdService: mdnssd [stop-discover, 147]
05-13 10:52:33.471 1525 1827 D NsdService: Discover services
05-13 10:52:33.471 1525 1827 D NsdService: mdnssd [discover, 148, _raop._tcp.]
05-13 10:52:33.473 1525 1827 D NsdService: Discover 21 148_raop._tcp.
05-13 10:52:33.474 1525 1827 D NsdService: Native daemon message SERVICE_FOUND: 603 148 "b45e4a63b8d6@高合娱乐副屏" _raop._tcp. local.
05-13 10:52:33.474 1525 1827 D NsdService: Native daemon message SERVICE_FOUND: 603 148 "b45e4a63b8d6@高合娱乐副屏" _raop._tcp. local.
05-13 10:52:33.474 1525 1827 D NsdService: Native daemon message SERVICE_FOUND: 603 148 "b45e4a63b8d6@高合娱乐副屏" _raop._tcp. local.
05-13 10:52:33.475 1525 1827 D NsdService: Native daemon message SERVICE_FOUND: 603 148 "b45e4a63b8d6@高合娱乐副屏" _raop._tcp. local.
05-13 10:52:33.475 1525 1827 D NsdService: Native daemon message SERVICE_FOUND: 603 148 "b45e4a63b8d6@高合娱乐副屏" _raop._tcp. local.
05-13 10:52:33.475 1525 1827 D NsdService: Native daemon message SERVICE_FOUND: 603 148 "b45e4a63b8d6@高合娱乐副屏" _raop._tcp. local.
05-13 10:52:33.476 1525 1827 D NsdService: Native daemon message SERVICE_FOUND: 603 148 "b45e4a63b8d6@高合娱乐副屏" _raop._tcp. local.
05-13 10:52:33.705 1525 1866 W ActivityManager: Unable to start service Intent { act=com.bun.msa.action.start.service cmp=com.mdid.msa/.service.MsaKlService (has extras) } U=0: not found
05-13 10:52:33.708 1525 1866 W ActivityManager: Unable to start service Intent { act=com.bun.msa.action.bindto.service cmp=com.mdid.msa/.service.MsaIdService (has extras) } U=0: not found
05-13 10:52:33.910 1525 1866 W ActivityManager: Unable to start service Intent { act=com.bun.msa.action.start.service cmp=com.mdid.msa/.service.MsaKlService (has extras) } U=0: not found
05-13 10:52:33.912 1525 1866 W ActivityManager: Unable to start service Intent { act=com.bun.msa.action.bindto.service cmp=com.mdid.msa/.service.MsaIdService (has extras) } U=0: not found
05-13 10:52:34.009 1525 1827 D NsdService: Stop service discovery
05-13 10:52:34.009 1525 1827 D NsdService: mdnssd [stop-discover, 148]
05-13 10:52:34.010 1525 1827 D NsdService: Discover services
05-13 10:52:34.010 1525 1827 D NsdService: mdnssd [discover, 149, _airplay._tcp.]
05-13 10:52:34.011 1525 1827 D NsdService: Discover 22 149_airplay._tcp.
05-13 10:52:34.012 1525 1827 D NsdService: Native daemon message SERVICE_FOUND: 603 149 "高合娱乐副屏" _airplay._tcp. local.
05-13 10:52:34.012 1525 1827 D NsdService: Native daemon message SERVICE_FOUND: 603 149 "高合娱乐副屏" _airplay._tcp. local.
05-13 10:52:34.012 1525 1827 D NsdService: Native daemon message SERVICE_FOUND: 603 149 "高合娱乐副屏" _airplay._tcp. local.
05-13 10:52:34.013 1525 1827 D NsdService: Native daemon message SERVICE_FOUND: 603 149 "高合娱乐副屏" _airplay._tcp. local.
05-13 10:52:34.013 1525 1827 D NsdService: Native daemon message SERVICE_FOUND: 603 149 "高合娱乐副屏" _airplay._tcp. local.
05-13 10:52:34.013 1525 1827 D NsdService: Native daemon message SERVICE_FOUND: 603 149 "高合娱乐副屏" _airplay._tcp. local.
05-13 10:52:34.013 1525 1827 D NsdService: Native daemon message SERVICE_FOUND: 603 149 "高合娱乐副屏" _airplay._tcp. local.
05-13 10:52:34.548 1525 1827 D NsdService: Stop service discovery
05-13 10:52:34.548 1525 1827 D NsdService: mdnssd [stop-discover, 149]
05-13 10:52:34.549 1525 1827 D NsdService: Discover services
05-13 10:52:34.549 1525 1827 D NsdService: mdnssd [discover, 150, _leboremote._tcp.]
05-13 10:52:34.551 1525 1827 D NsdService: Discover 23 150_leboremote._tcp.
05-13 10:52:34.553 1525 1827 D NsdService: Native daemon message SERVICE_FOUND: 603 150 "高合娱乐副屏" _leboremote._tcp. local.
05-13 10:52:34.553 1525 1827 D NsdService: Native daemon message SERVICE_FOUND: 603 150 "高合娱乐副屏" _leboremote._tcp. local.
05-13 10:52:34.553 1525 1827 D NsdService: Native daemon message SERVICE_FOUND: 603 150 "高合娱乐副屏" _leboremote._tcp. local.
05-13 10:52:34.553 1525 1827 D NsdService: Native daemon message SERVICE_FOUND: 603 150 "高合娱乐副屏" _leboremote._tcp. local.
05-13 10:52:34.554 1525 1827 D NsdService: Native daemon message SERVICE_FOUND: 603 150 "高合娱乐副屏" _leboremote._tcp. local.
05-13 10:52:34.554 1525 1827 D NsdService: Native daemon message SERVICE_FOUND: 603 150 "高合娱乐副屏" _leboremote._tcp. local.
05-13 10:52:34.555 1525 1827 D NsdService: Native daemon message SERVICE_FOUND: 603 150 "高合娱乐副屏" _leboremote._tcp. local.
05-13 10:52:35.088 1525 1827 D NsdService: Stop service discovery
05-13 10:52:35.088 1525 1827 D NsdService: mdnssd [stop-discover, 150]
05-13 10:52:35.089 1525 1827 D NsdService: Discover services
05-13 10:52:35.089 1525 1827 D NsdService: mdnssd [discover, 151, _adb._tcp.]
05-13 10:52:35.090 1525 1827 D NsdService: Discover 24 151_adb._tcp.
05-13 10:52:35.288 1525 1827 D NsdService: Native daemon message SERVICE_FOUND: 603 151 "adb-00000bb70f845f50" _adb._tcp. local.
05-13 10:52:35.628 1525 1827 D NsdService: Stop service discovery
05-13 10:52:35.629 1525 1827 D NsdService: mdnssd [stop-discover, 151]
05-13 10:52:38.792 15290 15290 I auditd : type=1400 audit(0.0:141045): avc: denied { read } for comm="NativeThread" name="unix" dev="proc" ino=4026532262 scontext=u:r:untrusted_app_27:s0:c512,c768 tcontext=u:object_r:proc_net:s0 tclass=file permissive=1 app=com.wandoujia.phoenix2
05-13 10:52:38.792 15290 15290 I auditd : type=1400 audit(0.0:141046): avc: denied { open } for comm="NativeThread" path="/proc/15290/net/unix" dev="proc" ino=4026532262 scontext=u:r:untrusted_app_27:s0:c512,c768 tcontext=u:object_r:proc_net:s0 tclass=file permissive=1 app=com.wandoujia.phoenix2
05-13 10:52:38.792 15290 15290 I auditd : type=1400 audit(0.0:141047): avc: denied { getattr } for comm="NativeThread" path="/proc/15290/net/unix" dev="proc" ino=4026532262 scontext=u:r:untrusted_app_27:s0:c512,c768 tcontext=u:object_r:proc_net:s0 tclass=file permissive=1 app=com.wandoujia.phoenix2
05-13 10:52:39.032 15290 15290 I auditd : type=1400 audit(0.0:141048): avc: denied { read } for comm="NativeThread" name="version" dev="proc" ino=4026532238 scontext=u:r:untrusted_app_27:s0:c512,c768 tcontext=u:object_r:proc_version:s0 tclass=file permissive=1 app=com.wandoujia.phoenix2
05-13 10:52:39.032 15290 15290 I auditd : type=1400 audit(0.0:141049): avc: denied { open } for comm="NativeThread" path="/proc/version" dev="proc" ino=4026532238 scontext=u:r:untrusted_app_27:s0:c512,c768 tcontext=u:object_r:proc_version:s0 tclass=file permissive=1 app=com.wandoujia.phoenix2
05-13 10:52:39.043 1525 9327 W ActivityManager: Unable to start service Intent { act=com.google.android.gms.ads.identifier.service.START pkg=com.google.android.gms } U=0: not found
05-13 10:52:39.044 15290 16179 E ActivityThread: Failed to find provider info for com.vivo.vms.IdProvider
05-13 10:52:44.504 15409 15409 I auditd : type=1400 audit(0.0:141053): avc: granted { nlmsg_readpriv } for comm="DaemonThread-6" scontext=u:r:untrusted_app_27:s0:c512,c768 tcontext=u:r:untrusted_app_27:s0:c512,c768 tclass=netlink_route_socket app=com.wandoujia.phoenix2
05-13 10:52:44.640 15409 15409 I auditd : type=1400 audit(0.0:141054): avc: granted { nlmsg_readpriv } for comm="DaemonThread-6" scontext=u:r:untrusted_app_27:s0:c512,c768 tcontext=u:r:untrusted_app_27:s0:c512,c768 tclass=netlink_route_socket app=com.wandoujia.phoenix2
05-13 10:52:45.637 1525 1827 D NsdService: mdnssd [stop-service]
05-13 10:52:48.100 17626 17626 I auditd : type=1400 audit(0.0:141055): avc: denied { read } for comm="Thread-25" name="tcp" dev="proc" ino=4026532256 scontext=u:r:untrusted_app:s0:c104,c256,c512,c768 tcontext=u:object_r:proc_net_tcp_udp:s0 tclass=file permissive=1 app=tv.danmaku.bili
05-13 10:52:48.100 17626 17626 I auditd : type=1400 audit(0.0:141056): avc: denied { open } for comm="Thread-25" path="/proc/17626/net/tcp" dev="proc" ino=4026532256 scontext=u:r:untrusted_app:s0:c104,c256,c512,c768 tcontext=u:object_r:proc_net_tcp_udp:s0 tclass=file permissive=1 app=tv.danmaku.bili
05-13 10:52:48.100 17626 17626 I auditd : type=1400 audit(0.0:141057): avc: denied { getattr } for comm="Thread-25" path="/proc/17626/net/tcp" dev="proc" ino=4026532256 scontext=u:r:untrusted_app:s0:c104,c256,c512,c768 tcontext=u:object_r:proc_net_tcp_udp:s0 tclass=file permissive=1 app=tv.danmaku.bili
05-13 10:52:49.508 15290 15290 I auditd : type=1400 audit(0.0:141058): avc: denied { ioctl } for comm="NativeThread" path="socket:[8708116]" dev="sockfs" ino=8708116 ioctlcmd=0x8927 scontext=u:r:untrusted_app_27:s0:c512,c768 tcontext=u:r:untrusted_app_27:s0:c512,c768 tclass=udp_socket permissive=1 app=com.wandoujia.phoenix2
05-13 10:52:49.508 15290 15290 I auditd : type=1400 audit(0.0:141059): avc: granted { bind } for comm="NativeThread" scontext=u:r:untrusted_app_27:s0:c512,c768 tcontext=u:r:untrusted_app_27:s0:c512,c768 tclass=netlink_route_socket app=com.wandoujia.phoenix2
05-13 10:52:49.508 15290 15290 I auditd : type=1400 audit(0.0:141060): avc: granted { nlmsg_readpriv } for comm="NativeThread" scontext=u:r:untrusted_app_27:s0:c512,c768 tcontext=u:r:untrusted_app_27:s0:c512,c768 tclass=netlink_route_socket app=com.wandoujia.phoenix2
05-13 10:52:49.508 15290 15290 I auditd : type=1400 audit(0.0:141061): avc: denied { getattr } for comm="NativeThread" path="/data/data/com.android.htmlviewer" dev="dm-10" ino=1758 scontext=u:r:untrusted_app_27:s0:c512,c768 tcontext=u:object_r:app_data_file:s0:c46,c256,c512,c768 tclass=dir permissive=1 app=com.wandoujia.phoenix2
05-13 10:52:49.508 15290 15290 I auditd : type=1400 audit(0.0:141062): avc: denied { getattr } for comm="NativeThread" path="/data/data/com.android.printspooler" dev="dm-10" ino=1894 scontext=u:r:untrusted_app_27:s0:c512,c768 tcontext=u:object_r:app_data_file:s0:c41,c256,c512,c768 tclass=dir permissive=1 app=com.wandoujia.phoenix2
05-13 10:52:49.518 1525 2055 W ActivityManager: Unable to start service Intent { act=com.google.android.gms.ads.identifier.service.START pkg=com.google.android.gms } U=0: not found
05-13 10:52:49.519 15290 16179 E ActivityThread: Failed to find provider info for com.vivo.vms.IdProvider
05-13 10:52:50.020 1525 1812 I netstats_mobile_sample: [0,0,0,0,0,0,0,0,0,0,0,0,1683946370020]
05-13 10:52:50.020 1525 1812 I netstats_wifi_sample: [9362709443,8702459,2369321040,7311017,9362709443,8702459,2369321040,7311017,11680884886,11777635,1327659926,5206763,1683946370020]
05-13 10:52:54.747 1525 2055 W ProcessStats: Tracking association SourceState{6ba0e71 com.tencent.android.qqdownloader:live/10094 BTopFgs #234952} whose proc state 2 is better than process ProcessState{48ac3f8 com.tencent.android.qqdownloader:daemon/10094 pkg=com.tencent.android.qqdownloader} proc state 3 (9 skipped)
05-13 10:52:54.756 1525 1894 I sync : [com.tencent.android.qqdownloader.YYBLiveAccountProvider,0,3,24220937]
05-13 10:52:54.774 1525 1894 I sync : [com.tencent.android.qqdownloader.YYBLiveAccountProvider,1,3,24220937]
05-13 10:52:54.777 1525 1621 I am_pss : [21113,10100,com.netease.newsreader.activity,119976960,94859264,155648,242442240,0,19,16]
05-13 10:52:54.777 1525 1894 I commit_sys_config_file: [sync-status,168392999]
05-13 10:52:54.785 1525 1894 I sync : [com.tencent.android.qqdownloader.YYBLiveAccountProvider,0,3,24220937]
05-13 10:52:54.812 1525 1894 I sync : [com.tencent.android.qqdownloader.YYBLiveAccountProvider,1,3,24220937]
05-13 10:52:54.815 1525 1894 I commit_sys_config_file: [sync-status,168393036]
05-13 10:52:56.698 1525 1832 I storage_state: [41217664-9172-527a-b3d5-edabb50a7d69,0,0,95348555776,118610538496]
05-13 10:52:56.783 1525 1606 I commit_sys_config_file: [jobs,8]
05-13 10:52:59.756 15290 15290 I auditd : type=1400 audit(0.0:141065): avc: denied { read } for comm="NativeThread" name="unix" dev="proc" ino=4026532262 scontext=u:r:untrusted_app_27:s0:c512,c768 tcontext=u:object_r:proc_net:s0 tclass=file permissive=1 app=com.wandoujia.phoenix2
05-13 10:52:59.756 15290 15290 I auditd : type=1400 audit(0.0:141066): avc: denied { open } for comm="NativeThread" path="/proc/15290/net/unix" dev="proc" ino=4026532262 scontext=u:r:untrusted_app_27:s0:c512,c768 tcontext=u:object_r:proc_net:s0 tclass=file permissive=1 app=com.wandoujia.phoenix2
05-13 10:52:59.756 15290 15290 I auditd : type=1400 audit(0.0:141067): avc: denied { getattr } for comm="NativeThread" path="/proc/15290/net/unix" dev="proc" ino=4026532262 scontext=u:r:untrusted_app_27:s0:c512,c768 tcontext=u:object_r:proc_net:s0 tclass=file permissive=1 app=com.wandoujia.phoenix2
05-13 10:52:59.972 15290 15290 I auditd : type=1400 audit(0.0:141068): avc: denied { read } for comm="NativeThread" name="version" dev="proc" ino=4026532238 scontext=u:r:untrusted_app_27:s0:c512,c768 tcontext=u:object_r:proc_version:s0 tclass=file permissive=1 app=com.wandoujia.phoenix2
05-13 10:52:59.972 15290 15290 I auditd : type=1400 audit(0.0:141069): avc: denied { open } for comm="NativeThread" path="/proc/version" dev="proc" ino=4026532238 scontext=u:r:untrusted_app_27:s0:c512,c768 tcontext=u:object_r:proc_version:s0 tclass=file permissive=1 app=com.wandoujia.phoenix2
05-13 10:52:59.981 1525 2055 W ActivityManager: Unable to start service Intent { act=com.google.android.gms.ads.identifier.service.START pkg=com.google.android.gms } U=0: not found
05-13 10:52:59.982 15290 16179 E ActivityThread: Failed to find provider info for com.vivo.vms.IdProvider
05-13 10:53:00.676 1525 1525 I notification_enqueue: [10094,11210,com.tencent.android.qqdownloader,127,NULL,0,Notification(channel=channel_id_default_silent shortcut=null contentView=com.tencent.android.qqdownloader/0x7f0a01c2 vibrate=null sound=null defaults=0x0 flags=0x2a2 color=0x00000000 groupKey=com.tencent.android.qqdownloader vis=PRIVATE),1]
05-13 10:53:00.878 1525 1525 I GameModeConfig: isGameModeOn = false
05-13 10:53:02.946 1525 1827 D NsdService: Register service
05-13 10:53:02.946 1525 1827 D NsdService: mdnssd [start-service]
05-13 10:53:03.162 1525 1827 D NsdService: registerService: 152 name: z1881306a660-17ddce57-FfdPqWUl, type: _airplay._tcp., host: null, port: 43253, txtRecord:
05-13 10:53:03.162 1525 1827 D NsdService: mdnssd [register, 152, z1881306a660-17ddce57-FfdPqWUl, _airplay._tcp., 43253, ]
05-13 10:53:03.167 1525 1827 D NsdService: Register 25 152
05-13 10:53:04.076 1525 1827 D NsdService: Native daemon message SERVICE_REGISTERED: 606 152 "z1881306a660-17ddce57-FfdPqWUl"
05-13 10:53:04.232 22219 22219 I auditd : type=1400 audit(0.0:141072): avc: denied { bind } for comm="ip" scontext=u:r:untrusted_app:s0:c100,c256,c512,c768 tcontext=u:r:untrusted_app:s0:c100,c256,c512,c768 tclass=netlink_route_socket permissive=1 bug=b/155595000 app=com.netease.newsreader.activity
05-13 10:53:04.232 22219 22219 I auditd : type=1400 audit(0.0:141073): avc: denied { nlmsg_readpriv } for comm="ip" scontext=u:r:untrusted_app:s0:c100,c256,c512,c768 tcontext=u:r:untrusted_app:s0:c100,c256,c512,c768 tclass=netlink_route_socket permissive=1 bug=b/155595000 app=com.netease.newsreader.activity
05-13 10:53:04.816 1525 2055 W ProcessStats: Tracking association SourceState{6ba0e71 com.tencent.android.qqdownloader:live/10094 BTopFgs #234989} whose proc state 2 is better than process ProcessState{48ac3f8 com.tencent.android.qqdownloader:daemon/10094 pkg=com.tencent.android.qqdownloader} proc state 3 (18 skipped)
05-13 10:53:05.284 0 0 I auditd : type=1400 audit(0.0:141074): avc: denied { kill } for comm="swapper/3" capability=5 scontext=u:r:kernel:s0 tcontext=u:r:kernel:s0 tclass=capability permissive=1
05-13 10:53:10.456 15290 15290 I auditd : type=1400 audit(0.0:141075): avc: denied { ioctl } for comm="NativeThread" path="socket:[8708244]" dev="sockfs" ino=8708244 ioctlcmd=0x8927 scontext=u:r:untrusted_app_27:s0:c512,c768 tcontext=u:r:untrusted_app_27:s0:c512,c768 tclass=udp_socket permissive=1 app=com.wandoujia.phoenix2
05-13 10:53:10.460 15290 15290 I auditd : type=1400 audit(0.0:141076): avc: granted { bind } for comm="NativeThread" scontext=u:r:untrusted_app_27:s0:c512,c768 tcontext=u:r:untrusted_app_27:s0:c512,c768 tclass=netlink_route_socket app=com.wandoujia.phoenix2
05-13 10:53:10.460 15290 15290 I auditd : type=1400 audit(0.0:141077): avc: granted { nlmsg_readpriv } for comm="NativeThread" scontext=u:r:untrusted_app_27:s0:c512,c768 tcontext=u:r:untrusted_app_27:s0:c512,c768 tclass=netlink_route_socket app=com.wandoujia.phoenix2
05-13 10:53:10.460 15290 15290 I auditd : type=1400 audit(0.0:141078): avc: denied { getattr } for comm="NativeThread" path="/data/data/com.android.htmlviewer" dev="dm-10" ino=1758 scontext=u:r:untrusted_app_27:s0:c512,c768 tcontext=u:object_r:app_data_file:s0:c46,c256,c512,c768 tclass=dir permissive=1 app=com.wandoujia.phoenix2
05-13 10:53:10.460 15290 15290 I auditd : type=1400 audit(0.0:141079): avc: denied { getattr } for comm="NativeThread" path="/data/data/com.android.printspooler" dev="dm-10" ino=1894 scontext=u:r:untrusted_app_27:s0:c512,c768 tcontext=u:object_r:app_data_file:s0:c41,c256,c512,c768 tclass=dir permissive=1 app=com.wandoujia.phoenix2
05-13 10:53:10.472 1525 29917 W ActivityManager: Unable to start service Intent { act=com.google.android.gms.ads.identifier.service.START pkg=com.google.android.gms } U=0: not found
05-13 10:53:10.473 15290 16179 E ActivityThread: Failed to find provider info for com.vivo.vms.IdProvider
05-13 10:53:12.274 1525 29917 I netstats_mobile_sample: [0,0,0,0,0,0,0,0,0,0,0,0,1683946392274]
05-13 10:53:12.274 1525 29917 I netstats_wifi_sample: [9363591468,8703380,2369654854,7311994,9363591468,8703380,2369654854,7311994,11682060836,11779045,1327849391,5207442,1683946392274]
05-13 10:53:15.500 15290 15290 I auditd : type=1400 audit(0.0:141080): avc: granted { nlmsg_readpriv } for comm="DaemonThread-6" scontext=u:r:untrusted_app_27:s0:c512,c768 tcontext=u:r:untrusted_app_27:s0:c512,c768 tclass=netlink_route_socket app=com.wandoujia.phoenix2
05-13 10:53:15.648 15290 15290 I auditd : type=1400 audit(0.0:141081): avc: granted { nlmsg_readpriv } for comm="DaemonThread-6" scontext=u:r:untrusted_app_27:s0:c512,c768 tcontext=u:r:untrusted_app_27:s0:c512,c768 tclass=netlink_route_socket app=com.wandoujia.phoenix2
05-13 10:53:16.772 15290 15290 I auditd : type=1400 audit(0.0:141082): avc: denied { open } for comm="doujia.phoenix2" path="/proc/vmstat" dev="proc" ino=4026531858 scontext=u:r:untrusted_app_27:s0:c512,c768 tcontext=u:object_r:proc_vmstat:s0 tclass=file permissive=1 app=com.wandoujia.phoenix2
05-13 10:53:16.772 15290 15290 I auditd : type=1400 audit(0.0:141083): avc: denied { getattr } for comm="doujia.phoenix2" path="/proc/vmstat" dev="proc" ino=4026531858 scontext=u:r:untrusted_app_27:s0:c512,c768 tcontext=u:object_r:proc_vmstat:s0 tclass=file permissive=1 app=com.wandoujia.phoenix2
05-13 10:53:18.228 17626 17626 I auditd : type=1400 audit(0.0:141084): avc: denied { read } for comm="Thread-25" name="tcp" dev="proc" ino=4026532256 scontext=u:r:untrusted_app:s0:c104,c256,c512,c768 tcontext=u:object_r:proc_net_tcp_udp:s0 tclass=file permissive=1 app=tv.danmaku.bili
05-13 10:53:18.228 17626 17626 I auditd : type=1400 audit(0.0:141085): avc: denied { open } for comm="Thread-25" path="/proc/17626/net/tcp" dev="proc" ino=4026532256 scontext=u:r:untrusted_app:s0:c104,c256,c512,c768 tcontext=u:object_r:proc_net_tcp_udp:s0 tclass=file permissive=1 app=tv.danmaku.bili
05-13 10:53:18.228 17626 17626 I auditd : type=1400 audit(0.0:141086): avc: denied { getattr } for comm="Thread-25" path="/proc/17626/net/tcp" dev="proc" ino=4026532256 scontext=u:r:untrusted_app:s0:c104,c256,c512,c768 tcontext=u:object_r:proc_net_tcp_udp:s0 tclass=file permissive=1 app=tv.danmaku.bili
05-13 10:53:20.816 15290 15290 I auditd : type=1400 audit(0.0:141087): avc: denied { read } for comm="NativeThread" name="unix" dev="proc" ino=4026532262 scontext=u:r:untrusted_app_27:s0:c512,c768 tcontext=u:object_r:proc_net:s0 tclass=file permissive=1 app=com.wandoujia.phoenix2
05-13 10:53:20.816 15290 15290 I auditd : type=1400 audit(0.0:141088): avc: denied { open } for comm="NativeThread" path="/proc/15290/net/unix" dev="proc" ino=4026532262 scontext=u:r:untrusted_app_27:s0:c512,c768 tcontext=u:object_r:proc_net:s0 tclass=file permissive=1 app=com.wandoujia.phoenix2
05-13 10:53:20.816 15290 15290 I auditd : type=1400 audit(0.0:141089): avc: denied { getattr } for comm="NativeThread" path="/proc/15290/net/unix" dev="proc" ino=4026532262 scontext=u:r:untrusted_app_27:s0:c512,c768 tcontext=u:object_r:proc_net:s0 tclass=file permissive=1 app=com.wandoujia.phoenix2
05-13 10:53:21.040 15290 15290 I auditd : type=1400 audit(0.0:141090): avc: denied { read } for comm="NativeThread" name="version" dev="proc" ino=4026532238 scontext=u:r:untrusted_app_27:s0:c512,c768 tcontext=u:object_r:proc_version:s0 tclass=file permissive=1 app=com.wandoujia.phoenix2
05-13 10:53:21.040 15290 15290 I auditd : type=1400 audit(0.0:141091): avc: denied { open } for comm="NativeThread" path="/proc/version" dev="proc" ino=4026532238 scontext=u:r:untrusted_app_27:s0:c512,c768 tcontext=u:object_r:proc_version:s0 tclass=file permissive=1 app=com.wandoujia.phoenix2
05-13 10:53:21.055 1525 29917 W ActivityManager: Unable to start service Intent { act=com.google.android.gms.ads.identifier.service.START pkg=com.google.android.gms } U=0: not found
05-13 10:53:21.055 15290 16179 E ActivityThread: Failed to find provider info for com.vivo.vms.IdProvider
05-13 10:53:21.880 20705 20705 I auditd : type=1400 audit(0.0:141094): avc: denied { open } for comm="ss.android.lark" path="/proc/vmstat" dev="proc" ino=4026531858 scontext=u:r:untrusted_app:s0:c110,c256,c512,c768 tcontext=u:object_r:proc_vmstat:s0 tclass=file permissive=1 app=com.ss.android.lark
05-13 10:53:21.884 20705 20705 I auditd : type=1400 audit(0.0:141095): avc: denied { getattr } for comm="ss.android.lark" path="/proc/vmstat" dev="proc" ino=4026531858 scontext=u:r:untrusted_app:s0:c110,c256,c512,c768 tcontext=u:object_r:proc_vmstat:s0 tclass=file permissive=1 app=com.ss.android.lark
05-13 10:53:23.316 16321 16321 I auditd : type=1400 audit(0.0:141096): avc: granted { nlmsg_readpriv } for comm="DaemonThread-6" scontext=u:r:untrusted_app_27:s0:c512,c768 tcontext=u:r:untrusted_app_27:s0:c512,c768 tclass=netlink_route_socket app=com.wandoujia.phoenix2
05-13 10:53:23.444 16321 16321 I auditd : type=1400 audit(0.0:141097): avc: granted { nlmsg_readpriv } for comm="DaemonThread-6" scontext=u:r:untrusted_app_27:s0:c512,c768 tcontext=u:r:untrusted_app_27:s0:c512,c768 tclass=netlink_route_socket app=com.wandoujia.phoenix2
05-13 10:53:23.493 1525 29917 W ActivityManager: Unable to start service Intent { act=com.bun.msa.action.start.service cmp=com.mdid.msa/.service.MsaKlService (has extras) } U=0: not found
05-13 10:53:23.495 1525 29917 W ActivityManager: Unable to start service Intent { act=com.bun.msa.action.bindto.service cmp=com.mdid.msa/.service.MsaIdService (has extras) } U=0: not found
05-13 10:53:23.708 1525 9327 W ProcessStats: Tracking association SourceState{6ba0e71 com.tencent.android.qqdownloader:live/10094 BTopFgs #235000} whose proc state 2 is better than process ProcessState{48ac3f8 com.tencent.android.qqdownloader:daemon/10094 pkg=com.tencent.android.qqdownloader} proc state 3 (0 skipped)
05-13 10:53:23.734 1525 1621 I am_pss : [21113,10100,com.netease.newsreader.activity,120958976,95821824,139264,243482624,0,19,20]
05-13 10:53:25.751 1525 1812 I netstats_mobile_sample: [0,0,0,0,0,0,0,0,0,0,0,0,1683946405751]
05-13 10:53:25.752 1525 1812 I netstats_wifi_sample: [9364406825,8704145,2369841378,7312560,9364406825,8704145,2369841378,7312560,11683049079,11780051,1327955587,5207844,1683946405751]
05-13 10:53:26.284 0 0 I auditd : type=1400 audit(0.0:141098): avc: denied { kill } for comm="swapper/3" capability=5 scontext=u:r:kernel:s0 tcontext=u:r:kernel:s0 tclass=capability permissive=1
05-13 10:53:29.739 1525 1894 I sync : [com.tencent.android.qqdownloader.YYBLiveAccountProvider,0,3,24220937]
05-13 10:53:29.758 1525 1894 I sync : [com.tencent.android.qqdownloader.YYBLiveAccountProvider,1,3,24220937]
05-13 10:53:29.761 1525 1894 I commit_sys_config_file: [sync-status,168427983]
05-13 10:53:29.768 1525 1894 I sync : [com.tencent.android.qqdownloader.YYBLiveAccountProvider,0,3,24220937]
05-13 10:53:29.789 1525 1894 I sync : [com.tencent.android.qqdownloader.YYBLiveAccountProvider,1,3,24220937]
05-13 10:53:29.791 1525 1894 I commit_sys_config_file: [sync-status,168428013]
05-13 10:53:31.528 15290 15290 I auditd : type=1400 audit(0.0:141099): avc: denied { ioctl } for comm="NativeThread" path="socket:[8708450]" dev="sockfs" ino=8708450 ioctlcmd=0x8927 scontext=u:r:untrusted_app_27:s0:c512,c768 tcontext=u:r:untrusted_app_27:s0:c512,c768 tclass=udp_socket permissive=1 app=com.wandoujia.phoenix2
05-13 10:53:31.532 15290 15290 I auditd : type=1400 audit(0.0:141100): avc: granted { bind } for comm="NativeThread" scontext=u:r:untrusted_app_27:s0:c512,c768 tcontext=u:r:untrusted_app_27:s0:c512,c768 tclass=netlink_route_socket app=com.wandoujia.phoenix2
05-13 10:53:31.532 15290 15290 I auditd : type=1400 audit(0.0:141101): avc: granted { nlmsg_readpriv } for comm="NativeThread" scontext=u:r:untrusted_app_27:s0:c512,c768 tcontext=u:r:untrusted_app_27:s0:c512,c768 tclass=netlink_route_socket app=com.wandoujia.phoenix2
05-13 10:53:31.532 15290 15290 I auditd : type=1400 audit(0.0:141102): avc: denied { getattr } for comm="NativeThread" path="/data/data/com.android.htmlviewer" dev="dm-10" ino=1758 scontext=u:r:untrusted_app_27:s0:c512,c768 tcontext=u:object_r:app_data_file:s0:c46,c256,c512,c768 tclass=dir permissive=1 app=com.wandoujia.phoenix2
05-13 10:53:31.532 15290 15290 I auditd : type=1400 audit(0.0:141103): avc: denied { getattr } for comm="NativeThread" path="/data/data/com.android.printspooler" dev="dm-10" ino=1894 scontext=u:r:untrusted_app_27:s0:c512,c768 tcontext=u:object_r:app_data_file:s0:c41,c256,c512,c768 tclass=dir permissive=1 app=com.wandoujia.phoenix2
05-13 10:53:31.546 1525 29917 W ActivityManager: Unable to start service Intent { act=com.google.android.gms.ads.identifier.service.START pkg=com.google.android.gms } U=0: not found
05-13 10:53:31.547 15290 16179 E ActivityThread: Failed to find provider info for com.vivo.vms.IdProvider
05-13 10:53:31.762 1525 1606 I commit_sys_config_file: [jobs,4]
05-13 10:53:34.420 5784 5784 I auditd : type=1400 audit(0.0:141104): avc: granted { nlmsg_readpriv } for comm="pool-4-thread-1" scontext=u:r:untrusted_app_27:s0:c96,c256,c512,c768 tcontext=u:r:untrusted_app_27:s0:c96,c256,c512,c768 tclass=netlink_route_socket app=com.ximalaya.ting.android
05-13 10:53:34.915 1525 2055 W ProcessStats: Tracking association SourceState{6ba0e71 com.tencent.android.qqdownloader:live/10094 BTopFgs #235036} whose proc state 2 is better than process ProcessState{48ac3f8 com.tencent.android.qqdownloader:daemon/10094 pkg=com.tencent.android.qqdownloader} proc state 3 (16 skipped)
05-13 10:53:42.032 15290 15290 I auditd : type=1400 audit(0.0:141105): avc: granted { bind } for comm="NativeThread" scontext=u:r:untrusted_app_27:s0:c512,c768 tcontext=u:r:untrusted_app_27:s0:c512,c768 tclass=netlink_route_socket app=com.wandoujia.phoenix2
05-13 10:53:42.032 15290 15290 I auditd : type=1400 audit(0.0:141106): avc: granted { nlmsg_readpriv } for comm="NativeThread" scontext=u:r:untrusted_app_27:s0:c512,c768 tcontext=u:r:untrusted_app_27:s0:c512,c768 tclass=netlink_route_socket app=com.wandoujia.phoenix2
05-13 10:53:42.044 1525 2055 W ActivityManager: Unable to start service Intent { act=com.google.android.gms.ads.identifier.service.START pkg=com.google.android.gms } U=0: not found
05-13 10:53:42.045 15290 16179 E ActivityThread: Failed to find provider info for com.vivo.vms.IdProvider
05-13 10:53:44.660 15409 15409 I auditd : type=1400 audit(0.0:141107): avc: granted { nlmsg_readpriv } for comm="DaemonThread-6" scontext=u:r:untrusted_app_27:s0:c512,c768 tcontext=u:r:untrusted_app_27:s0:c512,c768 tclass=netlink_route_socket app=com.wandoujia.phoenix2
05-13 10:53:44.784 15409 15409 I auditd : type=1400 audit(0.0:141108): avc: granted { nlmsg_readpriv } for comm="DaemonThread-6" scontext=u:r:untrusted_app_27:s0:c512,c768 tcontext=u:r:untrusted_app_27:s0:c512,c768 tclass=netlink_route_socket app=com.wandoujia.phoenix2
