05-13 09:15:35.936 1525 1623 D CompatibilityChangeReporter: Compat change id reported: 177438394; UID 10100; state: DISABLED
05-13 09:15:35.936 1525 1623 D CompatibilityChangeReporter: Compat change id reported: 135772972; UID 10100; state: DISABLED
05-13 09:15:35.937 1525 1623 D CompatibilityChangeReporter: Compat change id reported: 135754954; UID 10100; state: ENABLED
05-13 09:15:35.937 1525 1624 D CompatibilityChangeReporter: Compat change id reported: 143937733; UID 10100; state: ENABLED
05-13 09:15:35.960 1525 1624 I ActivityManager: Start proc 30078:com.netease.newsreader.activity:pushservice/u0a100 for service {com.netease.newsreader.activity/com.xiaomi.push.service.XMPushService}
05-13 09:15:35.996 1525 5323 D CompatibilityChangeReporter: Compat change id reported: 168419799; UID 10100; state: DISABLED
05-13 09:15:36.338 1525 15277 W ActivityManager: Background start not allowed: service Intent { cmp=com.netease.newsreader.activity/com.sijla.common.HBS } to com.netease.newsreader.activity/com.sijla.common.HBS from pid=30078 uid=10100 pkg=com.netease.newsreader.activity startFg?=false
05-13 09:15:41.410 1525 1623 W ProcessStats: Tracking association SourceState{6ba0e71 com.tencent.android.qqdownloader:live/10094 BTopFgs #224963} whose proc state 2 is better than process ProcessState{48ac3f8 com.tencent.android.qqdownloader:daemon/10094 pkg=com.tencent.android.qqdownloader} proc state 3 (35 skipped)
05-13 09:15:46.183 1525 25364 W ActivityManager: Unable to start service Intent { act=com.google.android.gms.ads.identifier.service.START pkg=com.google.android.gms } U=0: not found
05-13 09:15:46.184 15290 16179 E ActivityThread: Failed to find provider info for com.vivo.vms.IdProvider
05-13 09:15:56.696 1525 15277 W ActivityManager: Unable to start service Intent { act=com.google.android.gms.ads.identifier.service.START pkg=com.google.android.gms } U=0: not found
05-13 09:15:56.701 15290 16179 E ActivityThread: Failed to find provider info for com.vivo.vms.IdProvider
05-13 09:15:59.479 1525 1623 W ProcessStats: Tracking association SourceState{6ba0e71 com.tencent.android.qqdownloader:live/10094 BTopFgs #224975} whose proc state 2 is better than process ProcessState{48ac3f8 com.tencent.android.qqdownloader:daemon/10094 pkg=com.tencent.android.qqdownloader} proc state 3 (2 skipped)
05-13 09:16:04.435 1525 25364 D CompatibilityChangeReporter: Compat change id reported: 168419799; UID 10099; state: DISABLED
05-13 09:16:07.374 1525 15277 W ActivityManager: Unable to start service Intent { act=com.google.android.gms.ads.identifier.service.START pkg=com.google.android.gms } U=0: not found
05-13 09:16:07.375 15290 16179 E ActivityThread: Failed to find provider info for com.vivo.vms.IdProvider
05-13 09:16:09.484 1525 1771 W ProcessStats: Tracking association SourceState{6ba0e71 com.tencent.android.qqdownloader:live/10094 BTopFgs #225013} whose proc state 2 is better than process ProcessState{48ac3f8 com.tencent.android.qqdownloader:daemon/10094 pkg=com.tencent.android.qqdownloader} proc state 3 (21 skipped)
05-13 09:16:17.946 1525 15277 W ActivityManager: Unable to start service Intent { act=com.google.android.gms.ads.identifier.service.START pkg=com.google.android.gms } U=0: not found
05-13 09:16:17.947 15290 16179 E ActivityThread: Failed to find provider info for com.vivo.vms.IdProvider
05-13 09:16:19.674 1525 1621 W ProcessStats: Tracking association SourceState{6ba0e71 com.tencent.android.qqdownloader:live/10094 BTopFgs #225025} whose proc state 2 is better than process ProcessState{48ac3f8 com.tencent.android.qqdownloader:daemon/10094 pkg=com.tencent.android.qqdownloader} proc state 3 (4 skipped)
05-13 09:16:28.456 1525 2087 W ActivityManager: Unable to start service Intent { act=com.google.android.gms.ads.identifier.service.START pkg=com.google.android.gms } U=0: not found
05-13 09:16:28.456 15290 16179 E ActivityThread: Failed to find provider info for com.vivo.vms.IdProvider
05-13 09:16:29.366 1525 1525 I GameModeConfig: isGameModeOn = false
05-13 09:16:35.815 1525 2087 W ProcessStats: Tracking association SourceState{6ba0e71 com.tencent.android.qqdownloader:live/10094 BTopFgs #225035} whose proc state 2 is better than process ProcessState{48ac3f8 com.tencent.android.qqdownloader:daemon/10094 pkg=com.tencent.android.qqdownloader} proc state 3 (0 skipped)
05-13 09:16:39.013 1525 15277 W ActivityManager: Unable to start service Intent { act=com.google.android.gms.ads.identifier.service.START pkg=com.google.android.gms } U=0: not found
05-13 09:16:39.014 15290 16179 E ActivityThread: Failed to find provider info for com.vivo.vms.IdProvider
05-13 09:16:46.364 1525 5323 W ProcessStats: Tracking association SourceState{6ba0e71 com.tencent.android.qqdownloader:live/10094 BTopFgs #225068} whose proc state 2 is better than process ProcessState{48ac3f8 com.tencent.android.qqdownloader:daemon/10094 pkg=com.tencent.android.qqdownloader} proc state 3 (16 skipped)
05-13 09:16:49.508 1525 5323 W ActivityManager: Unable to start service Intent { act=com.google.android.gms.ads.identifier.service.START pkg=com.google.android.gms } U=0: not found
05-13 09:16:49.510 15290 16179 E ActivityThread: Failed to find provider info for com.vivo.vms.IdProvider
05-13 09:17:01.013 1525 1866 W ActivityManager: Unable to start service Intent { act=com.google.android.gms.ads.identifier.service.START pkg=com.google.android.gms } U=0: not found
05-13 09:17:01.016 15290 16179 E ActivityThread: Failed to find provider info for com.vivo.vms.IdProvider
05-13 09:17:01.862 1525 1866 W ProcessStats: Tracking association SourceState{6ba0e71 com.tencent.android.qqdownloader:live/10094 BTopFgs #225081} whose proc state 2 is better than process ProcessState{48ac3f8 com.tencent.android.qqdownloader:daemon/10094 pkg=com.tencent.android.qqdownloader} proc state 3 (2 skipped)
05-13 09:17:11.512 1525 2087 W ActivityManager: Unable to start service Intent { act=com.google.android.gms.ads.identifier.service.START pkg=com.google.android.gms } U=0: not found
05-13 09:17:11.513 15290 16179 E ActivityThread: Failed to find provider info for com.vivo.vms.IdProvider
05-13 09:17:13.925 1525 1623 W ProcessStats: Tracking association SourceState{6ba0e71 com.tencent.android.qqdownloader:live/10094 BTopFgs #225089} whose proc state 2 is better than process ProcessState{48ac3f8 com.tencent.android.qqdownloader:daemon/10094 pkg=com.tencent.android.qqdownloader} proc state 3 (0 skipped)
05-13 09:17:14.513 1525 1621 W NotificationHistory: Attempted to remove conversation for locked/gone/disabled user 0
05-13 09:17:21.978 1525 1829 I GameModeConfig: isGameModeOn = false
05-13 09:17:21.979 1525 1829 I GameModeConfig: isGameModeOn = false
05-13 09:17:21.979 1525 1829 I GameModeConfig: isGameModeOn = false
05-13 09:17:21.979 1525 1829 I GameModeConfig: isGameModeOn = false
05-13 09:17:21.979 1525 1829 I GameModeConfig: isGameModeOn = false
05-13 09:17:21.979 1525 1829 I GameModeConfig: isGameModeOn = false
05-13 09:17:21.979 1525 1829 I GameModeConfig: isGameModeOn = false
05-13 09:17:21.979 1525 1829 I GameModeConfig: isGameModeOn = false
05-13 09:17:21.979 1525 1829 I GameModeConfig: isGameModeOn = false
05-13 09:17:21.980 1525 1829 I GameModeConfig: isGameModeOn = false
05-13 09:17:21.980 1525 1829 I GameModeConfig: isGameModeOn = false
05-13 09:17:21.980 1525 1829 I GameModeConfig: isGameModeOn = false
05-13 09:17:21.980 1525 1829 I GameModeConfig: isGameModeOn = false
05-13 09:17:21.980 1525 1829 I GameModeConfig: isGameModeOn = false
05-13 09:17:21.980 1525 1829 I GameModeConfig: isGameModeOn = false
05-13 09:17:21.980 1525 1829 I GameModeConfig: isGameModeOn = false
05-13 09:17:21.980 1525 1829 I GameModeConfig: isGameModeOn = false
05-13 09:17:21.980 1525 1829 I GameModeConfig: isGameModeOn = false
05-13 09:17:21.980 1525 1829 I GameModeConfig: isGameModeOn = false
05-13 09:17:21.980 1525 1829 I GameModeConfig: isGameModeOn = false
05-13 09:17:21.980 1525 1829 I GameModeConfig: isGameModeOn = false
05-13 09:17:21.980 1525 1829 I GameModeConfig: isGameModeOn = false
05-13 09:17:21.981 1525 1829 I GameModeConfig: isGameModeOn = false
05-13 09:17:21.981 1525 1829 I GameModeConfig: isGameModeOn = false
05-13 09:17:22.123 1525 5323 W ActivityManager: Unable to start service Intent { act=com.google.android.gms.ads.identifier.service.START pkg=com.google.android.gms } U=0: not found
05-13 09:17:22.124 15290 16179 E ActivityThread: Failed to find provider info for com.vivo.vms.IdProvider
05-13 09:17:22.203 1525 1525 I GameModeConfig: isGameModeOn = false
05-13 09:17:22.207 1525 1525 W NotificationHistory: Attempted to add notif for locked/gone/disabled user 0
05-13 09:17:22.446 1525 5323 W ActivityManager: Unable to start service Intent { act=com.bun.msa.action.start.service cmp=com.mdid.msa/.service.MsaKlService (has extras) } U=0: not found
05-13 09:17:22.451 1525 5323 W ActivityManager: Unable to start service Intent { act=com.bun.msa.action.bindto.service cmp=com.mdid.msa/.service.MsaIdService (has extras) } U=0: not found
05-13 09:17:22.841 1525 2087 W ActivityManager: Unable to start service Intent { act=com.bun.msa.action.start.service cmp=com.mdid.msa/.service.MsaKlService (has extras) } U=0: not found
05-13 09:17:22.844 1525 2087 W ActivityManager: Unable to start service Intent { act=com.bun.msa.action.bindto.service cmp=com.mdid.msa/.service.MsaIdService (has extras) } U=0: not found
05-13 09:17:23.973 1525 1623 W ProcessStats: Tracking association SourceState{6ba0e71 com.tencent.android.qqdownloader:live/10094 BTopFgs #225134} whose proc state 2 is better than process ProcessState{48ac3f8 com.tencent.android.qqdownloader:daemon/10094 pkg=com.tencent.android.qqdownloader} proc state 3 (21 skipped)
05-13 09:17:29.388 1525 1525 I GameModeConfig: isGameModeOn = false
05-13 09:17:32.248 1525 1829 I GameModeConfig: isGameModeOn = false
05-13 09:17:32.603 1525 2087 W ActivityManager: Unable to start service Intent { act=com.google.android.gms.ads.identifier.service.START pkg=com.google.android.gms } U=0: not found
05-13 09:17:32.603 15290 16179 E ActivityThread: Failed to find provider info for com.vivo.vms.IdProvider
05-13 09:17:34.621 1525 5323 W ProcessStats: Tracking association SourceState{3f1603d com.tencent.android.qqdownloader/10094 BTopFgs #225143} whose proc state 2 is better than process ProcessState{48ac3f8 com.tencent.android.qqdownloader:daemon/10094 pkg=com.tencent.android.qqdownloader} proc state 3 (2 skipped)
05-13 09:17:43.089 1525 5323 W ActivityManager: Unable to start service Intent { act=com.google.android.gms.ads.identifier.service.START pkg=com.google.android.gms } U=0: not found
05-13 09:17:43.090 15290 16179 E ActivityThread: Failed to find provider info for com.vivo.vms.IdProvider
05-13 09:17:44.964 1525 2087 W ProcessStats: Tracking association SourceState{6ba0e71 com.tencent.android.qqdownloader:live/10094 BTopFgs #225150} whose proc state 2 is better than process ProcessState{48ac3f8 com.tencent.android.qqdownloader:daemon/10094 pkg=com.tencent.android.qqdownloader} proc state 3 (2 skipped)
05-13 09:17:53.572 1525 20725 W ActivityManager: Unable to start service Intent { act=com.google.android.gms.ads.identifier.service.START pkg=com.google.android.gms } U=0: not found
05-13 09:17:53.572 15290 16179 E ActivityThread: Failed to find provider info for com.vivo.vms.IdProvider
05-13 09:18:01.591 1525 1623 W ProcessStats: Tracking association SourceState{6ba0e71 com.tencent.android.qqdownloader:live/10094 BTopFgs #225192} whose proc state 2 is better than process ProcessState{48ac3f8 com.tencent.android.qqdownloader:daemon/10094 pkg=com.tencent.android.qqdownloader} proc state 3 (18 skipped)
05-13 09:18:04.071 1525 20725 W ActivityManager: Unable to start service Intent { act=com.google.android.gms.ads.identifier.service.START pkg=com.google.android.gms } U=0: not found
05-13 09:18:04.072 15290 16179 E ActivityThread: Failed to find provider info for com.vivo.vms.IdProvider
05-13 09:18:11.635 1525 1623 W ProcessStats: Tracking association SourceState{6ba0e71 com.tencent.android.qqdownloader:live/10094 BTopFgs #225200} whose proc state 2 is better than process ProcessState{48ac3f8 com.tencent.android.qqdownloader:daemon/10094 pkg=com.tencent.android.qqdownloader} proc state 3 (3 skipped)
05-13 09:18:14.559 1525 1866 W ActivityManager: Unable to start service Intent { act=com.google.android.gms.ads.identifier.service.START pkg=com.google.android.gms } U=0: not found
05-13 09:18:14.560 15290 16179 E ActivityThread: Failed to find provider info for com.vivo.vms.IdProvider
05-13 09:18:21.706 1525 1623 W ProcessStats: Tracking association SourceState{6ba0e71 com.tencent.android.qqdownloader:live/10094 BTopFgs #225215} whose proc state 2 is better than process ProcessState{48ac3f8 com.tencent.android.qqdownloader:daemon/10094 pkg=com.tencent.android.qqdownloader} proc state 3 (6 skipped)
05-13 09:18:25.068 1525 1866 W ActivityManager: Unable to start service Intent { act=com.google.android.gms.ads.identifier.service.START pkg=com.google.android.gms } U=0: not found
05-13 09:18:25.069 15290 16179 E ActivityThread: Failed to find provider info for com.vivo.vms.IdProvider
05-13 09:18:30.881 1525 1525 I GameModeConfig: isGameModeOn = false
05-13 09:18:35.552 1525 20725 W ActivityManager: Unable to start service Intent { act=com.google.android.gms.ads.identifier.service.START pkg=com.google.android.gms } U=0: not found
05-13 09:18:35.552 15290 16179 E ActivityThread: Failed to find provider info for com.vivo.vms.IdProvider
05-13 09:18:46.235 1525 2087 W ActivityManager: Unable to start service Intent { act=com.google.android.gms.ads.identifier.service.START pkg=com.google.android.gms } U=0: not found
05-13 09:18:46.236 15290 16179 E ActivityThread: Failed to find provider info for com.vivo.vms.IdProvider
05-13 09:18:46.716 1525 2087 W ProcessStats: Tracking association SourceState{6ba0e71 com.tencent.android.qqdownloader:live/10094 BTopFgs #225256} whose proc state 2 is better than process ProcessState{48ac3f8 com.tencent.android.qqdownloader:daemon/10094 pkg=com.tencent.android.qqdownloader} proc state 3 (16 skipped)
05-13 09:18:56.871 1525 25364 W ActivityManager: Unable to start service Intent { act=com.google.android.gms.ads.identifier.service.START pkg=com.google.android.gms } U=0: not found
05-13 09:18:56.872 15290 16179 E ActivityThread: Failed to find provider info for com.vivo.vms.IdProvider
05-13 09:18:59.428 1525 1525 W ProcessStats: Tracking association SourceState{6ba0e71 com.tencent.android.qqdownloader:live/10094 BTopFgs #225270} whose proc state 2 is better than process ProcessState{48ac3f8 com.tencent.android.qqdownloader:daemon/10094 pkg=com.tencent.android.qqdownloader} proc state 3 (2 skipped)
05-13 09:19:07.360 1525 20725 W ActivityManager: Unable to start service Intent { act=com.google.android.gms.ads.identifier.service.START pkg=com.google.android.gms } U=0: not found
05-13 09:19:07.360 15290 16179 E ActivityThread: Failed to find provider info for com.vivo.vms.IdProvider
05-13 09:19:16.811 1525 15277 W ProcessStats: Tracking association SourceState{6ba0e71 com.tencent.android.qqdownloader:live/10094 BTopFgs #225309} whose proc state 2 is better than process ProcessState{48ac3f8 com.tencent.android.qqdownloader:daemon/10094 pkg=com.tencent.android.qqdownloader} proc state 3 (17 skipped)
05-13 09:19:17.959 1525 20725 W ActivityManager: Unable to start service Intent { act=com.google.android.gms.ads.identifier.service.START pkg=com.google.android.gms } U=0: not found
05-13 09:19:17.960 15290 16179 E ActivityThread: Failed to find provider info for com.vivo.vms.IdProvider
05-13 09:19:28.443 1525 20725 W ActivityManager: Unable to start service Intent { act=com.google.android.gms.ads.identifier.service.START pkg=com.google.android.gms } U=0: not found
05-13 09:19:28.444 15290 16179 E ActivityThread: Failed to find provider info for com.vivo.vms.IdProvider
05-13 09:19:32.369 1525 1525 I GameModeConfig: isGameModeOn = false
05-13 09:19:34.426 1525 1525 W ProcessStats: Tracking association SourceState{6ba0e71 com.tencent.android.qqdownloader:live/10094 BTopFgs #225320} whose proc state 2 is better than process ProcessState{48ac3f8 com.tencent.android.qqdownloader:daemon/10094 pkg=com.tencent.android.qqdownloader} proc state 3 (0 skipped)
05-13 09:19:39.139 1525 15277 W ActivityManager: Unable to start service Intent { act=com.google.android.gms.ads.identifier.service.START pkg=com.google.android.gms } U=0: not found
05-13 09:19:39.140 15290 16179 E ActivityThread: Failed to find provider info for com.vivo.vms.IdProvider
05-13 09:19:46.913 1525 20725 W ProcessStats: Tracking association SourceState{6ba0e71 com.tencent.android.qqdownloader:live/10094 BTopFgs #225353} whose proc state 2 is better than process ProcessState{48ac3f8 com.tencent.android.qqdownloader:daemon/10094 pkg=com.tencent.android.qqdownloader} proc state 3 (15 skipped)
05-13 09:19:49.717 1525 15277 W ActivityManager: Unable to start service Intent { act=com.google.android.gms.ads.identifier.service.START pkg=com.google.android.gms } U=0: not found
05-13 09:19:49.718 15290 16179 E ActivityThread: Failed to find provider info for com.vivo.vms.IdProvider
05-13 09:20:00.262 1525 2512 W ActivityManager: Unable to start service Intent { act=com.google.android.gms.ads.identifier.service.START pkg=com.google.android.gms } U=0: not found
05-13 09:20:00.262 15290 16179 E ActivityThread: Failed to find provider info for com.vivo.vms.IdProvider
05-13 09:20:02.832 1525 1623 W ProcessStats: Tracking association SourceState{6ba0e71 com.tencent.android.qqdownloader:live/10094 BTopFgs #225365} whose proc state 2 is better than process ProcessState{48ac3f8 com.tencent.android.qqdownloader:daemon/10094 pkg=com.tencent.android.qqdownloader} proc state 3 (2 skipped)
05-13 09:20:10.884 1525 2512 W ActivityManager: Unable to start service Intent { act=com.google.android.gms.ads.identifier.service.START pkg=com.google.android.gms } U=0: not found
05-13 09:20:10.886 15290 16179 E ActivityThread: Failed to find provider info for com.vivo.vms.IdProvider
05-13 09:20:16.985 1525 1259 W ProcessStats: Tracking association SourceState{6ba0e71 com.tencent.android.qqdownloader:live/10094 BTopFgs #225402} whose proc state 2 is better than process ProcessState{48ac3f8 com.tencent.android.qqdownloader:daemon/10094 pkg=com.tencent.android.qqdownloader} proc state 3 (17 skipped)
05-13 09:20:21.365 1525 5323 W ActivityManager: Unable to start service Intent { act=com.google.android.gms.ads.identifier.service.START pkg=com.google.android.gms } U=0: not found
05-13 09:20:21.367 15290 16179 E ActivityThread: Failed to find provider info for com.vivo.vms.IdProvider
05-13 09:20:32.123 1525 1259 W ActivityManager: Unable to start service Intent { act=com.google.android.gms.ads.identifier.service.START pkg=com.google.android.gms } U=0: not found
05-13 09:20:32.124 15290 16179 E ActivityThread: Failed to find provider info for com.vivo.vms.IdProvider
05-13 09:20:32.383 1525 1525 I GameModeConfig: isGameModeOn = false
05-13 09:20:42.645 1525 1259 W ActivityManager: Unable to start service Intent { act=com.google.android.gms.ads.identifier.service.START pkg=com.google.android.gms } U=0: not found
05-13 09:20:42.647 15290 16179 E ActivityThread: Failed to find provider info for com.vivo.vms.IdProvider
05-13 09:20:44.423 1525 1623 W ProcessStats: Tracking association SourceState{6ba0e71 com.tencent.android.qqdownloader:live/10094 BTopFgs #225420} whose proc state 2 is better than process ProcessState{48ac3f8 com.tencent.android.qqdownloader:daemon/10094 pkg=com.tencent.android.qqdownloader} proc state 3 (2 skipped)
05-13 09:20:54.105 1525 1259 W ActivityManager: Unable to start service Intent { act=com.google.android.gms.ads.identifier.service.START pkg=com.google.android.gms } U=0: not found
05-13 09:20:54.106 15290 16179 E ActivityThread: Failed to find provider info for com.vivo.vms.IdProvider
05-13 09:21:04.608 1525 1866 W ActivityManager: Unable to start service Intent { act=com.google.android.gms.ads.identifier.service.START pkg=com.google.android.gms } U=0: not found
05-13 09:21:04.609 15290 16179 E ActivityThread: Failed to find provider info for com.vivo.vms.IdProvider
05-13 09:21:13.722 1525 26237 W ProcessStats: Tracking association SourceState{6ba0e71 com.tencent.android.qqdownloader:live/10094 BTopFgs #225465} whose proc state 2 is better than process ProcessState{48ac3f8 com.tencent.android.qqdownloader:daemon/10094 pkg=com.tencent.android.qqdownloader} proc state 3 (18 skipped)
05-13 09:21:15.101 1525 1866 W ActivityManager: Unable to start service Intent { act=com.google.android.gms.ads.identifier.service.START pkg=com.google.android.gms } U=0: not found
05-13 09:21:15.102 15290 16179 E ActivityThread: Failed to find provider info for com.vivo.vms.IdProvider
05-13 09:21:19.422 1525 1785 W ActivityManager: Background start not allowed: service Intent { act=com.baidu.action.sofire.VIEW cat=[android.intent.category.DEFAULT,com.baidu.category.sofire] flg=0x4 pkg=com.baidu.appsearch cmp=com.baidu.appsearch/com.baidu.sofire.MyService (has extras) } to com.baidu.appsearch/com.baidu.sofire.MyService from pid=-1 uid=10097 pkg=com.baidu.appsearch startFg?=false
05-13 09:21:19.422 1525 1785 W ActivityManager: Background start not allowed: service Intent { act=com.baidu.action.SOFIRE.VIEW cat=[com.baidu.category.SOFIRE,android.intent.category.DEFAULT] flg=0x4 pkg=com.baidu.appsearch cmp=com.baidu.appsearch/com.baidu.sofire.MyService (has extras) } to com.baidu.appsearch/com.baidu.sofire.MyService from pid=-1 uid=10097 pkg=com.baidu.appsearch startFg?=false
05-13 09:21:25.571 1525 15277 W ActivityManager: Unable to start service Intent { act=com.google.android.gms.ads.identifier.service.START pkg=com.google.android.gms } U=0: not found
05-13 09:21:25.573 15290 16179 E ActivityThread: Failed to find provider info for com.vivo.vms.IdProvider
05-13 09:21:27.182 1525 5323 W ProcessStats: Tracking association SourceState{6ba0e71 com.tencent.android.qqdownloader:live/10094 BTopFgs #225512} whose proc state 2 is better than process ProcessState{48ac3f8 com.tencent.android.qqdownloader:daemon/10094 pkg=com.tencent.android.qqdownloader} proc state 3 (24 skipped)
05-13 09:21:33.876 1525 1525 I GameModeConfig: isGameModeOn = false
05-13 09:21:36.188 1525 2512 W ActivityManager: Unable to start service Intent { act=com.google.android.gms.ads.identifier.service.START pkg=com.google.android.gms } U=0: not found
05-13 09:21:36.188 15290 16179 E ActivityThread: Failed to find provider info for com.vivo.vms.IdProvider
05-13 09:21:44.428 1525 1623 W ProcessStats: Tracking association SourceState{6ba0e71 com.tencent.android.qqdownloader:live/10094 BTopFgs #225529} whose proc state 2 is better than process ProcessState{48ac3f8 com.tencent.android.qqdownloader:daemon/10094 pkg=com.tencent.android.qqdownloader} proc state 3 (3 skipped)
05-13 09:21:46.787 1525 2087 W ActivityManager: Unable to start service Intent { act=com.google.android.gms.ads.identifier.service.START pkg=com.google.android.gms } U=0: not found
05-13 09:21:46.788 15290 16179 E ActivityThread: Failed to find provider info for com.vivo.vms.IdProvider
05-13 09:21:54.427 1525 1525 W ProcessStats: Tracking association SourceState{6ba0e71 com.tencent.android.qqdownloader:live/10094 BTopFgs #225538} whose proc state 2 is better than process ProcessState{48ac3f8 com.tencent.android.qqdownloader:daemon/10094 pkg=com.tencent.android.qqdownloader} proc state 3 (2 skipped)
05-13 09:21:57.393 1525 15277 W ActivityManager: Unable to start service Intent { act=com.google.android.gms.ads.identifier.service.START pkg=com.google.android.gms } U=0: not found
05-13 09:21:57.394 15290 16179 E ActivityThread: Failed to find provider info for com.vivo.vms.IdProvider
05-13 09:22:08.024 1525 1259 W ActivityManager: Unable to start service Intent { act=com.google.android.gms.ads.identifier.service.START pkg=com.google.android.gms } U=0: not found
05-13 09:22:08.024 15290 16179 E ActivityThread: Failed to find provider info for com.vivo.vms.IdProvider
05-13 09:22:09.742 1525 1623 W ProcessStats: Tracking association SourceState{6ba0e71 com.tencent.android.qqdownloader:live/10094 BTopFgs #225578} whose proc state 2 is better than process ProcessState{48ac3f8 com.tencent.android.qqdownloader:daemon/10094 pkg=com.tencent.android.qqdownloader} proc state 3 (20 skipped)
05-13 09:22:18.528 1525 1259 W ActivityManager: Unable to start service Intent { act=com.google.android.gms.ads.identifier.service.START pkg=com.google.android.gms } U=0: not found
05-13 09:22:18.529 15290 16179 E ActivityThread: Failed to find provider info for com.vivo.vms.IdProvider
05-13 09:22:29.172 1525 1259 W ActivityManager: Unable to start service Intent { act=com.google.android.gms.ads.identifier.service.START pkg=com.google.android.gms } U=0: not found
05-13 09:22:29.172 15290 16179 E ActivityThread: Failed to find provider info for com.vivo.vms.IdProvider
05-13 09:22:29.427 1525 1525 W ProcessStats: Tracking association SourceState{6ba0e71 com.tencent.android.qqdownloader:live/10094 BTopFgs #225592} whose proc state 2 is better than process ProcessState{48ac3f8 com.tencent.android.qqdownloader:daemon/10094 pkg=com.tencent.android.qqdownloader} proc state 3 (2 skipped)
05-13 09:22:34.623 1525 1783 D ActivityManager: freezing 27903 com.sina.weibo
05-13 09:22:34.623 1525 1783 E ActivityManager: Unable to freeze binder for 27903 com.sina.weibo
05-13 09:22:34.628 1525 1783 D ActivityManager: froze 27903 com.sina.weibo
05-13 09:22:34.628 1525 1783 E ActivityManager: Unable to freeze binder for 27903 com.sina.weibo
05-13 09:22:34.635 1525 1783 D ActivityManager: freezing 27991 com.sina.weibo:pushservice
05-13 09:22:34.635 1525 1783 E ActivityManager: Unable to freeze binder for 27991 com.sina.weibo:pushservice
05-13 09:22:34.636 1525 1783 D ActivityManager: froze 27991 com.sina.weibo:pushservice
05-13 09:22:34.636 1525 1783 E ActivityManager: Unable to freeze binder for 27991 com.sina.weibo:pushservice
05-13 09:22:34.640 1525 1783 D ActivityManager: freezing 28070 com.sina.weibo:remote
05-13 09:22:34.640 1525 1783 E ActivityManager: Unable to freeze binder for 28070 com.sina.weibo:remote
05-13 09:22:34.642 1525 1783 D ActivityManager: froze 28070 com.sina.weibo:remote
05-13 09:22:34.642 1525 1783 E ActivityManager: Unable to freeze binder for 28070 com.sina.weibo:remote
05-13 09:22:34.644 1525 1783 I ActivityManager: Killing 27903:com.sina.weibo/u0a109 (adj 935): Unable to freeze binder interface
05-13 09:22:34.647 1525 1783 I ActivityManager: Killing 27991:com.sina.weibo:pushservice/u0a109 (adj 935): Unable to freeze binder interface
05-13 09:22:34.648 1525 1783 I ActivityManager: Killing 28070:com.sina.weibo:remote/u0a109 (adj 935): Unable to freeze binder interface
05-13 09:22:34.719 1525 15278 W ActivityManager: Scheduling restart of crashed service com.sina.weibo/com.xiaomi.push.service.XMPushService in 1000ms for connection
05-13 09:22:34.725 1525 2512 W ActivityManager: Scheduling restart of crashed service com.sina.weibo/.HotEventService in 10994ms for connection
05-13 09:22:35.374 1525 1525 I GameModeConfig: isGameModeOn = false
05-13 09:22:39.658 1525 20725 W ActivityManager: Unable to start service Intent { act=com.google.android.gms.ads.identifier.service.START pkg=com.google.android.gms } U=0: not found
05-13 09:22:39.660 15290 16179 E ActivityThread: Failed to find provider info for com.vivo.vms.IdProvider
05-13 09:22:46.222 1525 1866 W ProcessStats: Tracking association SourceState{6ba0e71 com.tencent.android.qqdownloader:live/10094 BTopFgs #225633} whose proc state 2 is better than process ProcessState{48ac3f8 com.tencent.android.qqdownloader:daemon/10094 pkg=com.tencent.android.qqdownloader} proc state 3 (20 skipped)
05-13 09:22:50.134 1525 20725 W ActivityManager: Unable to start service Intent { act=com.google.android.gms.ads.identifier.service.START pkg=com.google.android.gms } U=0: not found
05-13 09:22:50.135 15290 16179 E ActivityThread: Failed to find provider info for com.vivo.vms.IdProvider
05-13 09:23:00.660 1525 1866 W ActivityManager: Unable to start service Intent { act=com.google.android.gms.ads.identifier.service.START pkg=com.google.android.gms } U=0: not found
05-13 09:23:00.660 15290 16179 E ActivityThread: Failed to find provider info for com.vivo.vms.IdProvider
05-13 09:23:04.431 1525 1525 W ProcessStats: Tracking association SourceState{6ba0e71 com.tencent.android.qqdownloader:live/10094 BTopFgs #225650} whose proc state 2 is better than process ProcessState{48ac3f8 com.tencent.android.qqdownloader:daemon/10094 pkg=com.tencent.android.qqdownloader} proc state 3 (3 skipped)
05-13 09:23:11.153 1525 9708 W ActivityManager: Unable to start service Intent { act=com.google.android.gms.ads.identifier.service.START pkg=com.google.android.gms } U=0: not found
05-13 09:23:11.154 15290 16179 E ActivityThread: Failed to find provider info for com.vivo.vms.IdProvider
05-13 09:23:17.594 1525 2077 W ProcessStats: Tracking association SourceState{6ba0e71 com.tencent.android.qqdownloader:live/10094 BTopFgs #225682} whose proc state 2 is better than process ProcessState{48ac3f8 com.tencent.android.qqdownloader:daemon/10094 pkg=com.tencent.android.qqdownloader} proc state 3 (14 skipped)
05-13 09:23:21.671 1525 20725 W ActivityManager: Unable to start service Intent { act=com.google.android.gms.ads.identifier.service.START pkg=com.google.android.gms } U=0: not found
05-13 09:23:21.672 15290 16179 E ActivityThread: Failed to find provider info for com.vivo.vms.IdProvider
05-13 09:23:32.168 1525 20725 W ActivityManager: Unable to start service Intent { act=com.google.android.gms.ads.identifier.service.START pkg=com.google.android.gms } U=0: not found
05-13 09:23:32.169 15290 16179 E ActivityThread: Failed to find provider info for com.vivo.vms.IdProvider
05-13 09:23:33.256 1525 1866 W ProcessStats: Tracking association SourceState{6ba0e71 com.tencent.android.qqdownloader:live/10094 BTopFgs #225694} whose proc state 2 is better than process ProcessState{48ac3f8 com.tencent.android.qqdownloader:daemon/10094 pkg=com.tencent.android.qqdownloader} proc state 3 (0 skipped)
05-13 09:23:36.880 1525 1525 I GameModeConfig: isGameModeOn = false
05-13 09:23:42.760 1525 20725 W ActivityManager: Unable to start service Intent { act=com.google.android.gms.ads.identifier.service.START pkg=com.google.android.gms } U=0: not found
05-13 09:23:42.762 15290 16179 E ActivityThread: Failed to find provider info for com.vivo.vms.IdProvider
05-13 09:23:47.690 1525 1556 W ProcessStats: Tracking association SourceState{6ba0e71 com.tencent.android.qqdownloader:live/10094 BTopFgs #225735} whose proc state 2 is better than process ProcessState{48ac3f8 com.tencent.android.qqdownloader:daemon/10094 pkg=com.tencent.android.qqdownloader} proc state 3 (18 skipped)
05-13 09:23:53.333 1525 20725 W ActivityManager: Unable to start service Intent { act=com.google.android.gms.ads.identifier.service.START pkg=com.google.android.gms } U=0: not found
05-13 09:23:53.334 15290 16179 E ActivityThread: Failed to find provider info for com.vivo.vms.IdProvider
05-13 09:24:03.859 1525 1556 W ActivityManager: Unable to start service Intent { act=com.google.android.gms.ads.identifier.service.START pkg=com.google.android.gms } U=0: not found
05-13 09:24:03.860 15290 16179 E ActivityThread: Failed to find provider info for com.vivo.vms.IdProvider
05-13 09:24:14.412 1525 2087 W ActivityManager: Unable to start service Intent { act=com.google.android.gms.ads.identifier.service.START pkg=com.google.android.gms } U=0: not found
05-13 09:24:14.413 15290 16179 E ActivityThread: Failed to find provider info for com.vivo.vms.IdProvider
05-13 09:24:14.435 1525 1525 W ProcessStats: Tracking association SourceState{6ba0e71 com.tencent.android.qqdownloader:live/10094 BTopFgs #225753} whose proc state 2 is better than process ProcessState{48ac3f8 com.tencent.android.qqdownloader:daemon/10094 pkg=com.tencent.android.qqdownloader} proc state 3 (0 skipped)
05-13 09:24:24.943 1525 2087 W ActivityManager: Unable to start service Intent { act=com.google.android.gms.ads.identifier.service.START pkg=com.google.android.gms } U=0: not found
05-13 09:24:24.945 15290 16179 E ActivityThread: Failed to find provider info for com.vivo.vms.IdProvider
05-13 09:24:28.305 1525 15277 W ProcessStats: Tracking association SourceState{6ba0e71 com.tencent.android.qqdownloader:live/10094 BTopFgs #225792} whose proc state 2 is better than process ProcessState{48ac3f8 com.tencent.android.qqdownloader:daemon/10094 pkg=com.tencent.android.qqdownloader} proc state 3 (17 skipped)
05-13 09:24:33.174 1525 1866 W ActivityManager: Background start not allowed: service Intent { cmp=com.ss.android.article.news/com.bytedance.common.wschannel.client.WsClientService } to com.ss.android.article.news/com.bytedance.common.wschannel.client.WsClientService from pid=3565 uid=10099 pkg=com.ss.android.article.news startFg?=false
05-13 09:24:33.897 1525 1525 I GameModeConfig: isGameModeOn = false
05-13 09:24:33.900 1525 1525 W NotificationHistory: Attempted to add notif for locked/gone/disabled user 0
05-13 09:24:35.438 1525 2512 W ActivityManager: Unable to start service Intent { act=com.google.android.gms.ads.identifier.service.START pkg=com.google.android.gms } U=0: not found
05-13 09:24:35.439 15290 16179 E ActivityThread: Failed to find provider info for com.vivo.vms.IdProvider
05-13 09:24:38.377 1525 1525 I GameModeConfig: isGameModeOn = false
05-13 09:24:43.248 1525 2077 W ProcessStats: Tracking association SourceState{6ba0e71 com.tencent.android.qqdownloader:live/10094 BTopFgs #225807} whose proc state 2 is better than process ProcessState{48ac3f8 com.tencent.android.qqdownloader:daemon/10094 pkg=com.tencent.android.qqdownloader} proc state 3 (3 skipped)
05-13 09:24:43.945 1525 1829 I GameModeConfig: isGameModeOn = false
05-13 09:24:45.938 1525 2077 W ActivityManager: Unable to start service Intent { act=com.google.android.gms.ads.identifier.service.START pkg=com.google.android.gms } U=0: not found
05-13 09:24:45.939 15290 16179 E ActivityThread: Failed to find provider info for com.vivo.vms.IdProvider
05-13 09:24:56.424 1525 1866 W ActivityManager: Unable to start service Intent { act=com.google.android.gms.ads.identifier.service.START pkg=com.google.android.gms } U=0: not found
05-13 09:24:56.425 15290 16179 E ActivityThread: Failed to find provider info for com.vivo.vms.IdProvider
05-13 09:25:06.904 1525 1866 W ActivityManager: Unable to start service Intent { act=com.google.android.gms.ads.identifier.service.START pkg=com.google.android.gms } U=0: not found
05-13 09:25:06.905 15290 16179 E ActivityThread: Failed to find provider info for com.vivo.vms.IdProvider
05-13 09:25:14.824 1525 20725 W ProcessStats: Tracking association SourceState{6ba0e71 com.tencent.android.qqdownloader:live/10094 BTopFgs #225861} whose proc state 2 is better than process ProcessState{48ac3f8 com.tencent.android.qqdownloader:daemon/10094 pkg=com.tencent.android.qqdownloader} proc state 3 (24 skipped)
05-13 09:25:16.685 1525 1642 W BatteryExternalStatsWorker: error reading modem stats:ERROR_PHONE_NOT_AVAILABLE
05-13 09:25:16.711 1525 1642 E KernelCpuSpeedReader: Failed to read cpu-freq: /sys/devices/system/cpu/cpu4/cpufreq/stats/time_in_state: open failed: ENOENT (No such file or directory)
05-13 09:25:16.711 1525 1642 E KernelCpuSpeedReader: Failed to read cpu-freq: /sys/devices/system/cpu/cpu0/cpufreq/stats/time_in_state: open failed: ENOENT (No such file or directory)
05-13 09:25:16.749 1525 1642 D KernelCpuUidUserSysTimeReader: Removing uids 99012-99012
05-13 09:25:17.389 1525 9327 W ActivityManager: Unable to start service Intent { act=com.google.android.gms.ads.identifier.service.START pkg=com.google.android.gms } U=0: not found
05-13 09:25:17.390 15290 16179 E ActivityThread: Failed to find provider info for com.vivo.vms.IdProvider
05-13 09:25:24.435 1525 1785 W ActivityManager: Background start not allowed: service Intent { flg=0x4 cmp=com.wandoujia.phoenix2/com.pp.assistant.worker.PPAlarmIntentService (has extras) } to com.wandoujia.phoenix2/com.pp.assistant.worker.PPAlarmIntentService from pid=-1 uid=10098 pkg=com.wandoujia.phoenix2 startFg?=false
05-13 09:25:24.441 1525 1785 W ActivityManager: Background start not allowed: service Intent { flg=0x4 cmp=com.wandoujia.phoenix2/com.pp.assistant.worker.PPAlarmIntentService (has extras) } to com.wandoujia.phoenix2/com.pp.assistant.worker.PPAlarmIntentService from pid=-1 uid=10098 pkg=com.wandoujia.phoenix2 startFg?=false
05-13 09:25:24.441 1525 1785 W ActivityManager: Background start not allowed: service Intent { flg=0x4 cmp=com.wandoujia.phoenix2/com.pp.assistant.worker.PPAlarmIntentService (has extras) } to com.wandoujia.phoenix2/com.pp.assistant.worker.PPAlarmIntentService from pid=-1 uid=10098 pkg=com.wandoujia.phoenix2 startFg?=false
05-13 09:25:24.443 1525 1785 W ActivityManager: Background start not allowed: service Intent { flg=0x4 cmp=com.wandoujia.phoenix2/com.pp.assistant.worker.PPAlarmIntentService (has extras) } to com.wandoujia.phoenix2/com.pp.assistant.worker.PPAlarmIntentService from pid=-1 uid=10098 pkg=com.wandoujia.phoenix2 startFg?=false
05-13 09:25:27.878 1525 1866 W ActivityManager: Unable to start service Intent { act=com.google.android.gms.ads.identifier.service.START pkg=com.google.android.gms } U=0: not found
05-13 09:25:27.879 15290 16179 E ActivityThread: Failed to find provider info for com.vivo.vms.IdProvider
05-13 09:25:28.424 1525 1783 D ActivityManager: freezing 29967 com.kugou.android
05-13 09:25:28.424 1525 1783 E ActivityManager: Unable to freeze binder for 29967 com.kugou.android
05-13 09:25:28.425 1525 1783 D ActivityManager: froze 29967 com.kugou.android
05-13 09:25:28.425 1525 1783 E ActivityManager: Unable to freeze binder for 29967 com.kugou.android
05-13 09:25:28.429 1525 1783 D ActivityManager: freezing 29968 com.android.settings
05-13 09:25:28.429 1525 1783 E ActivityManager: Unable to freeze binder for 29968 com.android.settings
05-13 09:25:28.430 1525 1783 D ActivityManager: froze 29968 com.android.settings
05-13 09:25:28.431 1525 1783 E ActivityManager: Unable to freeze binder for 29968 com.android.settings
05-13 09:25:28.432 1525 1783 I ActivityManager: Killing 29967:com.kugou.android/u0a95 (adj 955): Unable to freeze binder interface
05-13 09:25:28.434 1525 1783 I ActivityManager: Killing 29968:com.android.settings/1000 (adj 955): Unable to freeze binder interface
05-13 09:25:28.461 1525 1556 I ActivityManager: Killing 24963:com.ximalaya.ting.android/u0a96 (adj 995): empty for 1800s
05-13 09:25:28.467 1525 1556 W ProcessStats: Tracking association SourceState{6ba0e71 com.tencent.android.qqdownloader:live/10094 BTopFgs #225909} whose proc state 2 is better than process ProcessState{48ac3f8 com.tencent.android.qqdownloader:daemon/10094 pkg=com.tencent.android.qqdownloader} proc state 3 (23 skipped)
05-13 09:25:28.472 1525 1607 W ActivityManager: ProcessRecord{c6600d7 29967:com.kugou.android/u0a95} is attached to a previous process
05-13 09:25:28.472 1525 1607 W ActivityManager: Existing proc ProcessRecord{c6600d7 29967:com.kugou.android/u0a95} was killed 39ms ago when adding ProcessRecord{9b53075 0:com.kugou.android/u0a95}
05-13 09:25:28.473 1525 1607 D CompatibilityChangeReporter: Compat change id reported: 135634846; UID 10095; state: DISABLED
05-13 09:25:28.473 1525 1607 D CompatibilityChangeReporter: Compat change id reported: 177438394; UID 10095; state: DISABLED
05-13 09:25:28.473 1525 1607 D CompatibilityChangeReporter: Compat change id reported: 135772972; UID 10095; state: DISABLED
05-13 09:25:28.473 1525 1607 D CompatibilityChangeReporter: Compat change id reported: 135754954; UID 10095; state: DISABLED
05-13 09:25:28.474 1525 1607 W ActivityManager: ProcessRecord{20fb213 24963:com.ximalaya.ting.android/u0a96} is attached to a previous process
05-13 09:25:28.474 1525 1607 W ActivityManager: Existing proc ProcessRecord{20fb213 24963:com.ximalaya.ting.android/u0a96} was killed 8ms ago when adding ProcessRecord{667780a 0:com.ximalaya.ting.android/u0a96}
05-13 09:25:28.474 1525 1607 D CompatibilityChangeReporter: Compat change id reported: 135634846; UID 10096; state: DISABLED
05-13 09:25:28.474 1525 1607 D CompatibilityChangeReporter: Compat change id reported: 177438394; UID 10096; state: DISABLED
05-13 09:25:28.474 1525 1607 D CompatibilityChangeReporter: Compat change id reported: 135772972; UID 10096; state: DISABLED
05-13 09:25:28.474 1525 1607 D CompatibilityChangeReporter: Compat change id reported: 135754954; UID 10096; state: DISABLED
05-13 09:25:28.477 1525 1607 D CompatibilityChangeReporter: Compat change id reported: 135634846; UID 1000; state: DISABLED
05-13 09:25:28.477 1525 1607 D CompatibilityChangeReporter: Compat change id reported: 177438394; UID 1000; state: DISABLED
05-13 09:25:28.477 1525 1607 D CompatibilityChangeReporter: Compat change id reported: 135772972; UID 1000; state: DISABLED
05-13 09:25:28.477 1525 1607 D CompatibilityChangeReporter: Compat change id reported: 135754954; UID 1000; state: ENABLED
05-13 09:25:28.482 1525 1607 D CompatibilityChangeReporter: Compat change id reported: 135634846; UID 10109; state: DISABLED
05-13 09:25:28.483 1525 1607 D CompatibilityChangeReporter: Compat change id reported: 177438394; UID 10109; state: DISABLED
05-13 09:25:28.483 1525 1607 D CompatibilityChangeReporter: Compat change id reported: 135772972; UID 10109; state: DISABLED
05-13 09:25:28.483 1525 1607 D CompatibilityChangeReporter: Compat change id reported: 135754954; UID 10109; state: ENABLED
05-13 09:25:28.508 1525 1624 D CompatibilityChangeReporter: Compat change id reported: 143937733; UID 10095; state: DISABLED
05-13 09:25:28.517 1525 1624 I ActivityManager: Start proc 31212:com.kugou.android/u0a95 for null
05-13 09:25:28.577 1525 1624 W ActivityManager: Slow operation: 102ms so far, now at startProcess: asking zygote to start proc
05-13 09:25:28.577 1525 1624 D CompatibilityChangeReporter: Compat change id reported: 143937733; UID 10096; state: DISABLED
05-13 09:25:28.582 1525 1866 I ActivityManager: Killing 25001:com.baidu.appsearch/u0a97 (adj 985): empty for 1800s
05-13 09:25:28.585 1525 1624 W ActivityManager: Slow operation: 111ms so far, now at startProcess: returned from zygote!
05-13 09:25:28.585 1525 1624 W ActivityManager: Slow operation: 111ms so far, now at startProcess: done updating battery stats
05-13 09:25:28.585 1525 1624 W ActivityManager: Slow operation: 111ms so far, now at startProcess: building log message
05-13 09:25:28.585 1525 1624 I ActivityManager: Start proc 31228:com.ximalaya.ting.android/u0a96 for null
05-13 09:25:28.585 1525 1624 W ActivityManager: Slow operation: 111ms so far, now at startProcess: starting to update pids map
05-13 09:25:28.586 1525 1624 W ActivityManager: Slow operation: 111ms so far, now at startProcess: done updating pids map
05-13 09:25:28.586 1525 1624 W ActivityManager: Slow operation: 110ms so far, now at startProcess: asking zygote to start proc
05-13 09:25:28.597 1525 1624 W ActivityManager: Slow operation: 122ms so far, now at startProcess: returned from zygote!
05-13 09:25:28.598 1525 1624 W ActivityManager: Slow operation: 123ms so far, now at startProcess: done updating battery stats
05-13 09:25:28.598 1525 1624 W ActivityManager: Slow operation: 123ms so far, now at startProcess: building log message
05-13 09:25:28.598 1525 1624 I ActivityManager: Start proc 31230:com.android.settings/1000 for null
05-13 09:25:28.598 1525 1624 W ActivityManager: Slow operation: 123ms so far, now at startProcess: starting to update pids map
05-13 09:25:28.598 1525 1624 W ActivityManager: Slow operation: 123ms so far, now at startProcess: done updating pids map
05-13 09:25:28.598 1525 1624 W ActivityManager: Slow operation: 116ms so far, now at startProcess: asking zygote to start proc
05-13 09:25:28.598 1525 1624 D CompatibilityChangeReporter: Compat change id reported: 143937733; UID 10109; state: ENABLED
05-13 09:25:28.605 1525 1624 W ActivityManager: Slow operation: 123ms so far, now at startProcess: returned from zygote!
05-13 09:25:28.605 1525 1624 W ActivityManager: Slow operation: 123ms so far, now at startProcess: done updating battery stats
05-13 09:25:28.605 1525 1624 W ActivityManager: Slow operation: 123ms so far, now at startProcess: building log message
05-13 09:25:28.605 1525 1624 I ActivityManager: Start proc 31238:com.sina.weibo/u0a109 for null
05-13 09:25:28.605 1525 1624 W ActivityManager: Slow operation: 123ms so far, now at startProcess: starting to update pids map
05-13 09:25:28.605 1525 1624 W ActivityManager: Slow operation: 123ms so far, now at startProcess: done updating pids map
05-13 09:25:28.616 1525 1866 D CompatibilityChangeReporter: Compat change id reported: 168419799; UID 10096; state: DISABLED
05-13 09:25:28.629 1525 29917 D CompatibilityChangeReporter: Compat change id reported: 168419799; UID 10109; state: DISABLED
05-13 09:25:29.001 31212 31212 D ActivityThread: Loading provider com.kugou.android.kugouCommonPreferences: com.kugou.common.preferences.provider.CommonSharedPreferencesProvider
05-13 09:25:29.036 31238 31315 D ActivityThread: Loading provider com.sina.weibo.spProvider: com.sina.weibo.provider.SinaWeiboSPProvider
05-13 09:25:29.085 1525 1866 W ActivityManager: Background start not allowed: service Intent { cmp=com.ximalaya.ting.android/.host.manager.bundleframework.BundleManager.XMPatchService (has extras) } to com.ximalaya.ting.android/.host.manager.bundleframework.BundleManager.XMPatchService from pid=31228 uid=10096 pkg=com.ximalaya.ting.android startFg?=false
05-13 09:25:29.181 31228 31336 D ActivityThread: Loading provider com.ximalaya.ting.android.opensdk.util.MultiProcessSharedPreferences: com.ximalaya.ting.android.opensdk.util.MultiProcessSharedPreferences
05-13 09:25:29.442 31238 31345 E ActivityThread: Failed to find provider info for com.vivo.push.sdk.service.SystemPushConfig
05-13 09:25:29.453 1525 9327 W ActivityManager: Background start not allowed: service Intent { cmp=com.sina.weibo/.push.PushServiceProxy (has extras) } to com.sina.weibo/.push.PushServiceProxy from pid=31238 uid=10109 pkg=com.sina.weibo startFg?=false
05-13 09:25:29.521 1525 1829 I GameModeConfig: isGameModeOn = false
05-13 09:25:29.522 1525 9327 D CompatibilityChangeReporter: Compat change id reported: 135634846; UID 10109; state: DISABLED
05-13 09:25:29.522 1525 9327 D CompatibilityChangeReporter: Compat change id reported: 177438394; UID 10109; state: DISABLED
05-13 09:25:29.522 1525 9327 D CompatibilityChangeReporter: Compat change id reported: 135772972; UID 10109; state: DISABLED
05-13 09:25:29.522 1525 9327 D CompatibilityChangeReporter: Compat change id reported: 135754954; UID 10109; state: ENABLED
05-13 09:25:29.523 1525 1624 D CompatibilityChangeReporter: Compat change id reported: 143937733; UID 10109; state: ENABLED
05-13 09:25:29.524 1525 1829 I GameModeConfig: isGameModeOn = false
05-13 09:25:29.524 1525 1829 I GameModeConfig: isGameModeOn = false
05-13 09:25:29.524 1525 1829 I GameModeConfig: isGameModeOn = false
05-13 09:25:29.525 1525 1829 I GameModeConfig: isGameModeOn = false
05-13 09:25:29.525 1525 1829 I GameModeConfig: isGameModeOn = false
05-13 09:25:29.525 1525 1829 I GameModeConfig: isGameModeOn = false
05-13 09:25:29.525 1525 1829 I GameModeConfig: isGameModeOn = false
05-13 09:25:29.525 1525 1829 I GameModeConfig: isGameModeOn = false
05-13 09:25:29.526 1525 1829 I GameModeConfig: isGameModeOn = false
05-13 09:25:29.526 1525 1829 I GameModeConfig: isGameModeOn = false
05-13 09:25:29.526 1525 1829 I GameModeConfig: isGameModeOn = false
05-13 09:25:29.526 1525 1829 I GameModeConfig: isGameModeOn = false
05-13 09:25:29.527 1525 1829 I GameModeConfig: isGameModeOn = false
05-13 09:25:29.527 1525 1829 I GameModeConfig: isGameModeOn = false
05-13 09:25:29.527 1525 1829 I GameModeConfig: isGameModeOn = false
05-13 09:25:29.527 1525 1829 I GameModeConfig: isGameModeOn = false
05-13 09:25:29.527 1525 1829 I GameModeConfig: isGameModeOn = false
05-13 09:25:29.528 1525 1829 I GameModeConfig: isGameModeOn = false
05-13 09:25:29.528 1525 1829 I GameModeConfig: isGameModeOn = false
05-13 09:25:29.528 1525 1829 I GameModeConfig: isGameModeOn = false
05-13 09:25:29.528 1525 1829 I GameModeConfig: isGameModeOn = false
05-13 09:25:29.528 1525 1829 I GameModeConfig: isGameModeOn = false
05-13 09:25:29.528 1525 1829 I GameModeConfig: isGameModeOn = false
05-13 09:25:29.528 1525 1829 I GameModeConfig: isGameModeOn = false
05-13 09:25:29.529 1525 1829 I GameModeConfig: isGameModeOn = false
05-13 09:25:29.529 1525 1829 I GameModeConfig: isGameModeOn = false
05-13 09:25:29.529 1525 1829 I GameModeConfig: isGameModeOn = false
05-13 09:25:29.530 1525 1829 I GameModeConfig: isGameModeOn = false
05-13 09:25:29.530 1525 1829 I GameModeConfig: isGameModeOn = false
05-13 09:25:29.530 1525 1829 I GameModeConfig: isGameModeOn = false
05-13 09:25:29.530 1525 1829 I GameModeConfig: isGameModeOn = false
05-13 09:25:29.530 1525 1829 I GameModeConfig: isGameModeOn = false
05-13 09:25:29.530 1525 1829 I GameModeConfig: isGameModeOn = false
05-13 09:25:29.530 1525 1829 I GameModeConfig: isGameModeOn = false
05-13 09:25:29.530 1525 1829 I GameModeConfig: isGameModeOn = false
05-13 09:25:29.533 1525 1829 I GameModeConfig: isGameModeOn = false
05-13 09:25:29.533 1525 1624 I ActivityManager: Start proc 31404:com.sina.weibo:pushservice/u0a109 for service {com.sina.weibo/com.xiaomi.push.service.XMPushService}
05-13 09:25:29.533 1525 1829 I GameModeConfig: isGameModeOn = false
05-13 09:25:29.533 1525 1829 I GameModeConfig: isGameModeOn = false
05-13 09:25:29.533 1525 1829 I GameModeConfig: isGameModeOn = false
05-13 09:25:29.534 1525 1829 I GameModeConfig: isGameModeOn = false
05-13 09:25:29.534 1525 1829 I GameModeConfig: isGameModeOn = false
