05-13 10:42:14.164 845 845 I auditd : type=1400 audit(0.0:139771): avc: denied { add_name } for comm="perf@2.2-servic" name="cpu_min_freq" scontext=u:r:vendor_hal_perf_default:s0 tcontext=u:object_r:vendor_sysfs_msm_perf:s0 tclass=dir permissive=1
05-13 10:42:14.164 845 845 I auditd : type=1400 audit(0.0:139772): avc: denied { create } for comm="perf@2.2-servic" name="cpu_min_freq" scontext=u:r:vendor_hal_perf_default:s0 tcontext=u:object_r:vendor_sysfs_msm_perf:s0 tclass=file permissive=1
05-13 10:42:14.672 15290 15290 I auditd : type=1400 audit(0.0:139773): avc: denied { ioctl } for comm="NativeThread" path="socket:[8571464]" dev="sockfs" ino=8571464 ioctlcmd=0x8927 scontext=u:r:untrusted_app_27:s0:c512,c768 tcontext=u:r:untrusted_app_27:s0:c512,c768 tclass=udp_socket permissive=1 app=com.wandoujia.phoenix2
05-13 10:42:14.672 15290 15290 I auditd : type=1400 audit(0.0:139774): avc: granted { bind } for comm="NativeThread" scontext=u:r:untrusted_app_27:s0:c512,c768 tcontext=u:r:untrusted_app_27:s0:c512,c768 tclass=netlink_route_socket app=com.wandoujia.phoenix2
05-13 10:42:14.672 15290 15290 I auditd : type=1400 audit(0.0:139775): avc: granted { nlmsg_readpriv } for comm="NativeThread" scontext=u:r:untrusted_app_27:s0:c512,c768 tcontext=u:r:untrusted_app_27:s0:c512,c768 tclass=netlink_route_socket app=com.wandoujia.phoenix2
05-13 10:42:14.680 1525 1866 W ActivityManager: Unable to start service Intent { act=com.google.android.gms.ads.identifier.service.START pkg=com.google.android.gms } U=0: not found
05-13 10:42:14.680 15290 16179 E ActivityThread: Failed to find provider info for com.vivo.vms.IdProvider
05-13 10:42:15.328 15290 15290 I auditd : type=1400 audit(0.0:139776): avc: granted { nlmsg_readpriv } for comm="DaemonThread-6" scontext=u:r:untrusted_app_27:s0:c512,c768 tcontext=u:r:untrusted_app_27:s0:c512,c768 tclass=netlink_route_socket app=com.wandoujia.phoenix2
05-13 10:42:15.488 15290 15290 I auditd : type=1400 audit(0.0:139777): avc: granted { nlmsg_readpriv } for comm="DaemonThread-6" scontext=u:r:untrusted_app_27:s0:c512,c768 tcontext=u:r:untrusted_app_27:s0:c512,c768 tclass=netlink_route_socket app=com.wandoujia.phoenix2
05-13 10:42:15.524 17626 17626 I auditd : type=1400 audit(0.0:139778): avc: denied { read } for comm="Thread-25" name="tcp" dev="proc" ino=4026532256 scontext=u:r:untrusted_app:s0:c104,c256,c512,c768 tcontext=u:object_r:proc_net_tcp_udp:s0 tclass=file permissive=1 app=tv.danmaku.bili
05-13 10:42:15.524 17626 17626 I auditd : type=1400 audit(0.0:139779): avc: denied { open } for comm="Thread-25" path="/proc/17626/net/tcp" dev="proc" ino=4026532256 scontext=u:r:untrusted_app:s0:c104,c256,c512,c768 tcontext=u:object_r:proc_net_tcp_udp:s0 tclass=file permissive=1 app=tv.danmaku.bili
05-13 10:42:15.524 17626 17626 I auditd : type=1400 audit(0.0:139780): avc: denied { getattr } for comm="Thread-25" path="/proc/17626/net/tcp" dev="proc" ino=4026532256 scontext=u:r:untrusted_app:s0:c104,c256,c512,c768 tcontext=u:object_r:proc_net_tcp_udp:s0 tclass=file permissive=1 app=tv.danmaku.bili
05-13 10:42:16.772 15290 15290 I auditd : type=1400 audit(0.0:139781): avc: denied { open } for comm="doujia.phoenix2" path="/proc/vmstat" dev="proc" ino=4026531858 scontext=u:r:untrusted_app_27:s0:c512,c768 tcontext=u:object_r:proc_vmstat:s0 tclass=file permissive=1 app=com.wandoujia.phoenix2
05-13 10:42:16.772 15290 15290 I auditd : type=1400 audit(0.0:139782): avc: denied { getattr } for comm="doujia.phoenix2" path="/proc/vmstat" dev="proc" ino=4026531858 scontext=u:r:untrusted_app_27:s0:c512,c768 tcontext=u:object_r:proc_vmstat:s0 tclass=file permissive=1 app=com.wandoujia.phoenix2
05-13 10:42:20.458 1525 1783 D ActivityManager: freezing 16422 com.kugou.android
05-13 10:42:20.458 1525 1783 E ActivityManager: Unable to freeze binder for 16422 com.kugou.android
05-13 10:42:20.460 1525 1783 D ActivityManager: froze 16422 com.kugou.android
05-13 10:42:20.460 1525 1783 I am_freeze: [16422,com.kugou.android]
05-13 10:42:20.461 1525 1783 E ActivityManager: Unable to freeze binder for 16422 com.kugou.android
05-13 10:42:20.466 1525 1783 I ActivityManager: Killing 16422:com.kugou.android/u0a95 (adj 945): Unable to freeze binder interface
05-13 10:42:20.466 1525 1783 I am_kill : [0,16422,com.kugou.android,945,Unable to freeze binder interface]
05-13 10:42:20.521 1525 1866 I am_proc_died: [0,16422,com.kugou.android,945,19]
05-13 10:42:20.522 1525 1866 I am_uid_stopped: 10095
05-13 10:42:20.525 1525 1866 I ActivityManager: Killing 11460:com.baidu.appsearch/u0a97 (adj 975): empty for 1800s
05-13 10:42:20.525 1525 1866 I am_kill : [0,11460,com.baidu.appsearch,975,empty for 1800s]
05-13 10:42:20.528 1525 1866 W ProcessStats: Tracking association SourceState{6ba0e71 com.tencent.android.qqdownloader:live/10094 BTopFgs #233832} whose proc state 2 is better than process ProcessState{48ac3f8 com.tencent.android.qqdownloader:daemon/10094 pkg=com.tencent.android.qqdownloader} proc state 3 (0 skipped)
05-13 10:42:20.540 1525 1621 I am_pss : [17350,10100,com.netease.newsreader.activity:pushservice,28291072,15249408,5371904,93319168,0,19,8]
05-13 10:42:20.556 1525 1621 I am_pss : [16456,10109,com.sina.weibo,112499712,84713472,9704448,214089728,0,19,15]
05-13 10:42:20.569 1525 1621 I am_pss : [16740,10109,com.sina.weibo:remote,74483712,53477376,5395456,160350208,0,19,12]
05-13 10:42:20.577 1525 15277 I am_proc_died: [0,11460,com.baidu.appsearch,975,19]
05-13 10:42:20.578 1525 15277 I am_uid_stopped: 10097
05-13 10:42:20.583 1525 1621 I am_pss : [16623,10109,com.sina.weibo:pushservice,76686336,49999872,10646528,157614080,0,19,13]
05-13 10:42:20.590 1525 1621 I am_pss : [16446,1000,com.android.settings,18076672,9318400,7577600,58544128,0,19,7]
05-13 10:42:20.596 1525 1621 I am_pss : [15051,1000,com.qti.diagservices,15503360,1085440,13266944,43548672,0,10,4]
05-13 10:42:20.608 1525 1621 I am_pss : [14631,10110,com.ss.android.lark:wschannel,45947904,32325632,2168832,145072128,0,19,12]
05-13 10:42:20.611 1525 1783 D ActivityManager: freezing 16446 com.android.settings
05-13 10:42:20.611 1525 1783 E ActivityManager: Unable to freeze binder for 16446 com.android.settings
05-13 10:42:20.612 1525 1783 D ActivityManager: froze 16446 com.android.settings
05-13 10:42:20.612 1525 1783 I am_freeze: [16446,com.android.settings]
05-13 10:42:20.612 1525 1783 E ActivityManager: Unable to freeze binder for 16446 com.android.settings
05-13 10:42:20.614 1525 1783 I ActivityManager: Killing 16446:com.android.settings/1000 (adj 965): Unable to freeze binder interface
05-13 10:42:20.614 1525 1783 I am_kill : [0,16446,com.android.settings,965,Unable to freeze binder interface]
05-13 10:42:20.645 1525 15277 I am_proc_died: [0,16446,com.android.settings,965,19]
05-13 10:42:20.653 1525 1607 I am_uid_running: 10095
05-13 10:42:20.653 1525 1607 D CompatibilityChangeReporter: Compat change id reported: 135634846; UID 10095; state: DISABLED
05-13 10:42:20.653 1525 1607 D CompatibilityChangeReporter: Compat change id reported: 177438394; UID 10095; state: DISABLED
05-13 10:42:20.653 1525 1607 D CompatibilityChangeReporter: Compat change id reported: 135772972; UID 10095; state: DISABLED
05-13 10:42:20.653 1525 1607 D CompatibilityChangeReporter: Compat change id reported: 135754954; UID 10095; state: DISABLED
05-13 10:42:20.654 1525 1624 D CompatibilityChangeReporter: Compat change id reported: 143937733; UID 10095; state: DISABLED
05-13 10:42:20.656 1525 1607 D CompatibilityChangeReporter: Compat change id reported: 135634846; UID 1000; state: DISABLED
05-13 10:42:20.656 1525 1607 D CompatibilityChangeReporter: Compat change id reported: 177438394; UID 1000; state: DISABLED
05-13 10:42:20.656 1525 1607 D CompatibilityChangeReporter: Compat change id reported: 135772972; UID 1000; state: DISABLED
05-13 10:42:20.656 1525 1607 D CompatibilityChangeReporter: Compat change id reported: 135754954; UID 1000; state: ENABLED
05-13 10:42:20.657 1525 1607 I am_uid_running: 10097
05-13 10:42:20.657 1525 1607 D CompatibilityChangeReporter: Compat change id reported: 135634846; UID 10097; state: DISABLED
05-13 10:42:20.657 1525 1607 D CompatibilityChangeReporter: Compat change id reported: 177438394; UID 10097; state: DISABLED
05-13 10:42:20.657 1525 1607 D CompatibilityChangeReporter: Compat change id reported: 135772972; UID 10097; state: DISABLED
05-13 10:42:20.657 1525 1607 D CompatibilityChangeReporter: Compat change id reported: 135754954; UID 10097; state: DISABLED
05-13 10:42:20.669 1525 1624 I am_proc_start: [0,19414,10095,com.kugou.android,NULL,]
05-13 10:42:20.670 1525 1624 I ActivityManager: Start proc 19414:com.kugou.android/u0a95 for null
05-13 10:42:20.683 1525 1624 I am_proc_start: [0,19416,1000,com.android.settings,NULL,]
05-13 10:42:20.683 1525 1624 I ActivityManager: Start proc 19416:com.android.settings/1000 for null
05-13 10:42:20.684 1525 1624 D CompatibilityChangeReporter: Compat change id reported: 143937733; UID 10097; state: DISABLED
05-13 10:42:20.694 1525 1624 I am_proc_start: [0,19449,10097,com.baidu.appsearch,NULL,]
05-13 10:42:20.694 1525 1624 I ActivityManager: Start proc 19449:com.baidu.appsearch/u0a97 for null
05-13 10:42:20.720 1525 15277 I am_proc_bound: [0,19449,com.baidu.appsearch]
05-13 10:42:20.721 1525 15277 D CompatibilityChangeReporter: Compat change id reported: 168419799; UID 10097; state: DISABLED
05-13 10:42:20.724 1525 26237 I am_proc_bound: [0,19416,com.android.settings]
05-13 10:42:20.728 1525 9709 I am_proc_bound: [0,19414,com.kugou.android]
05-13 10:42:20.731 1525 9709 D CompatibilityChangeReporter: Compat change id reported: 168419799; UID 10095; state: DISABLED
05-13 10:42:21.381 19414 19414 D ActivityThread: Loading provider com.kugou.android.kugouCommonPreferences: com.kugou.common.preferences.provider.CommonSharedPreferencesProvider
05-13 10:42:21.411 1525 1623 W BroadcastQueue: Permission Denial: broadcasting Intent { act=android.net.conn.CONNECTIVITY_CHANGE flg=0x4200010 (has extras) } from null (pid=-1, uid=-1) requires com.baidu.appsearch.permission.sofire.RECEIVE due to registered receiver BroadcastFilter{adeeda9 10097/u0 ReceiverList{7b68d30 19449 com.baidu.appsearch/10097/u0 remote:2c86a73}}
05-13 10:42:21.416 19449 19449 I auditd : type=1400 audit(0.0:139783): avc: granted { nlmsg_readpriv } for comm="pass_pool_threa" scontext=u:r:untrusted_app_27:s0:c512,c768 tcontext=u:r:untrusted_app_27:s0:c512,c768 tclass=netlink_route_socket app=com.baidu.appsearch
05-13 10:42:21.460 845 845 I auditd : type=1400 audit(0.0:139784): avc: denied { add_name } for comm="perf@2.2-servic" name="cpu_min_freq" scontext=u:r:vendor_hal_perf_default:s0 tcontext=u:object_r:vendor_sysfs_msm_perf:s0 tclass=dir permissive=1
05-13 10:42:21.460 845 845 I auditd : type=1400 audit(0.0:139785): avc: denied { create } for comm="perf@2.2-servic" name="cpu_min_freq" scontext=u:r:vendor_hal_perf_default:s0 tcontext=u:object_r:vendor_sysfs_msm_perf:s0 tclass=file permissive=1
05-13 10:42:21.527 1525 26237 E PackageDexUsage: Unsupported context?
05-13 10:42:21.576 19449 19449 I auditd : type=1400 audit(0.0:139786): avc: granted { nlmsg_readpriv } for comm=4173796E635461736B202331 scontext=u:r:untrusted_app_27:s0:c512,c768 tcontext=u:r:untrusted_app_27:s0:c512,c768 tclass=netlink_route_socket app=com.baidu.appsearch
05-13 10:42:21.596 1525 26237 E PackageDexUsage: Unsupported context?
05-13 10:42:21.604 19449 19449 I auditd : type=1400 audit(0.0:139787): avc: granted { nlmsg_readpriv } for comm=4173796E635461736B202331 scontext=u:r:untrusted_app_27:s0:c512,c768 tcontext=u:r:untrusted_app_27:s0:c512,c768 tclass=netlink_route_socket app=com.baidu.appsearch
05-13 10:42:21.660 19449 19449 I auditd : type=1400 audit(0.0:139788): avc: denied { read } for comm="sec-1-thread-1" name="route" dev="proc" ino=4026532248 scontext=u:r:untrusted_app_27:s0:c512,c768 tcontext=u:object_r:proc_net:s0 tclass=file permissive=1 app=com.baidu.appsearch
05-13 10:42:21.660 19449 19449 I auditd : type=1400 audit(0.0:139789): avc: denied { open } for comm="sec-1-thread-1" path="/proc/19449/net/route" dev="proc" ino=4026532248 scontext=u:r:untrusted_app_27:s0:c512,c768 tcontext=u:object_r:proc_net:s0 tclass=file permissive=1 app=com.baidu.appsearch
05-13 10:42:21.660 19449 19449 I auditd : type=1400 audit(0.0:139790): avc: denied { getattr } for comm="sec-1-thread-1" path="/proc/19449/net/route" dev="proc" ino=4026532248 scontext=u:r:untrusted_app_27:s0:c512,c768 tcontext=u:object_r:proc_net:s0 tclass=file permissive=1 app=com.baidu.appsearch
05-13 10:42:21.690 1525 15278 W ActivityManager: Background start not allowed: service Intent { cmp=com.baidu.appsearch/.downloads.DownloadService (has extras) } to com.baidu.appsearch/.downloads.DownloadService from pid=19449 uid=10097 pkg=com.baidu.appsearch startFg?=false
05-13 10:42:21.725 1525 26237 E PackageDexUsage: Unsupported context?
05-13 10:42:21.791 1525 26237 W ActivityManager: Background start not allowed: service Intent { act=com.baidu.appsearch.process_launch cmp=com.baidu.appsearch/.RecvHandleService (has extras) } to com.baidu.appsearch/.RecvHandleService from pid=19449 uid=10097 pkg=com.baidu.appsearch startFg?=false
05-13 10:42:21.807 1525 26237 E PackageDexUsage: Unsupported context?
05-13 10:42:21.812 1525 1623 W BroadcastQueue: Permission Denial: broadcasting Intent { act=android.net.conn.CONNECTIVITY_CHANGE flg=0x4200010 (has extras) } from null (pid=-1, uid=-1) requires com.baidu.appsearch.permission.sofire.RECEIVE due to registered receiver BroadcastFilter{69e31b3 10097/u0 ReceiverList{4db9322 19449 com.baidu.appsearch/10097/u0 remote:6bae8ed}}
05-13 10:42:21.894 1525 1623 W BroadcastQueue: Permission Denial: broadcasting Intent { act=android.net.conn.CONNECTIVITY_CHANGE flg=0x4200010 (has extras) } from null (pid=-1, uid=-1) requires com.baidu.appsearch.permission.sofire.RECEIVE due to registered receiver BroadcastFilter{c946269 10097/u0 ReceiverList{539dcf0 19449 com.baidu.appsearch/10097/u0 remote:38c2133}}
05-13 10:42:21.903 1525 26237 D CompatibilityChangeReporter: Compat change id reported: 171306433; UID 10097; state: DISABLED
05-13 10:42:21.908 1525 26237 W ActivityManager: Receiver with filter android.content.IntentFilter@dd7d67 already registered for pid 19449, callerPackage is com.baidu.appsearch
05-13 10:42:22.114 1525 9709 W ActivityManager: Receiver with filter android.content.IntentFilter@d2b5fae already registered for pid 19449, callerPackage is com.baidu.appsearch
05-13 10:42:22.131 19449 19656 W PackageParser: Ignoring duplicate uses-permissions/uses-permissions-sdk-m: baidu.push.permission.WRITE_PUSHINFOPROVIDER.com.baidu.appsearch in package: com.baidu.appsearch at: Binary XML file line #77
05-13 10:42:22.133 19449 19656 W PackageParser: Ignoring duplicate uses-permissions/uses-permissions-sdk-m: android.permission.VIBRATE in package: com.baidu.appsearch at: Binary XML file line #163
05-13 10:42:22.133 19449 19656 W PackageParser: Ignoring duplicate uses-permissions/uses-permissions-sdk-m: android.permission.DISABLE_KEYGUARD in package: com.baidu.appsearch at: Binary XML file line #165
05-13 10:42:22.146 1525 9709 W ActivityManager: Receiver with filter android.content.IntentFilter@991ab61 already registered for pid 19449, callerPackage is com.baidu.appsearch
05-13 10:42:22.680 19449 19449 I auditd : type=1400 audit(0.0:139840): avc: granted { bind } for comm="fin-1-thread-4" scontext=u:r:untrusted_app_27:s0:c512,c768 tcontext=u:r:untrusted_app_27:s0:c512,c768 tclass=netlink_route_socket app=com.baidu.appsearch
05-13 10:42:22.680 19449 19449 I auditd : type=1400 audit(0.0:139841): avc: granted { nlmsg_readpriv } for comm="fin-1-thread-4" scontext=u:r:untrusted_app_27:s0:c512,c768 tcontext=u:r:untrusted_app_27:s0:c512,c768 tclass=netlink_route_socket app=com.baidu.appsearch
05-13 10:42:22.712 19449 19449 I auditd : type=1400 audit(0.0:139842): avc: denied { search } for comm="fin-1-thread-4" name="block" dev="tmpfs" ino=12415 scontext=u:r:untrusted_app_27:s0:c512,c768 tcontext=u:object_r:block_device:s0 tclass=dir permissive=1 app=com.baidu.appsearch
05-13 10:42:22.712 19449 19449 I auditd : type=1400 audit(0.0:139843): avc: denied { read } for comm="fin-1-thread-4" name="platform" dev="tmpfs" ino=12417 scontext=u:r:untrusted_app_27:s0:c512,c768 tcontext=u:object_r:block_device:s0 tclass=dir permissive=1 app=com.baidu.appsearch
05-13 10:42:22.712 19449 19449 I auditd : type=1400 audit(0.0:139844): avc: denied { open } for comm="fin-1-thread-4" path="/dev/block/platform" dev="tmpfs" ino=12417 scontext=u:r:untrusted_app_27:s0:c512,c768 tcontext=u:object_r:block_device:s0 tclass=dir permissive=1 app=com.baidu.appsearch
05-13 10:42:22.919 1525 1812 I netstats_mobile_sample: [0,0,0,0,0,0,0,0,0,0,0,0,1683945742919]
05-13 10:42:22.919 1525 1812 I netstats_wifi_sample: [9349462999,8684971,2360543862,7287445,9349462999,8684971,2360543862,7287445,11658401208,11743162,1322758662,5191105,1683945742919]
05-13 10:42:24.416 19785 19785 I auditd : type=1400 audit(0.0:139851): avc: denied { read } for comm="ps" name="pid_max" dev="proc" ino=8599626 scontext=u:r:untrusted_app:s0:c109,c256,c512,c768 tcontext=u:object_r:proc_pid_max:s0 tclass=file permissive=1 app=com.sina.weibo
05-13 10:42:24.416 19785 19785 I auditd : type=1400 audit(0.0:139852): avc: denied { open } for comm="ps" path="/proc/sys/kernel/pid_max" dev="proc" ino=8599626 scontext=u:r:untrusted_app:s0:c109,c256,c512,c768 tcontext=u:object_r:proc_pid_max:s0 tclass=file permissive=1 app=com.sina.weibo
05-13 10:42:24.428 16456 16456 I auditd : type=1400 audit(0.0:139853): avc: denied { read } for comm="Thread-30" name="tcp" dev="proc" ino=4026532256 scontext=u:r:untrusted_app:s0:c109,c256,c512,c768 tcontext=u:object_r:proc_net_tcp_udp:s0 tclass=file permissive=1 app=com.sina.weibo
05-13 10:42:24.428 16456 16456 I auditd : type=1400 audit(0.0:139854): avc: denied { open } for comm="Thread-30" path="/proc/16456/net/tcp" dev="proc" ino=4026532256 scontext=u:r:untrusted_app:s0:c109,c256,c512,c768 tcontext=u:object_r:proc_net_tcp_udp:s0 tclass=file permissive=1 app=com.sina.weibo
05-13 10:42:24.428 16456 16456 I auditd : type=1400 audit(0.0:139855): avc: denied { getattr } for comm="Thread-30" path="/proc/16456/net/tcp" dev="proc" ino=4026532256 scontext=u:r:untrusted_app:s0:c109,c256,c512,c768 tcontext=u:object_r:proc_net_tcp_udp:s0 tclass=file permissive=1 app=com.sina.weibo
05-13 10:42:24.649 1525 9709 W ActivityManager: Unable to start service Intent { act=com.uodis.opendevice.OPENIDS_SERVICE pkg=com.huawei.hwid } U=0: not found
05-13 10:42:24.662 1525 9709 W ActivityManager: Unable to start service Intent { act=com.uodis.opendevice.OPENIDS_SERVICE pkg=com.huawei.hwid } U=0: not found
05-13 10:42:24.700 1525 1525 I ActivityManager: Killing 11399:com.netease.newsreader.activity/u0a100 (adj 915): empty for 1801s
05-13 10:42:24.700 1525 1525 I am_kill : [0,11399,com.netease.newsreader.activity,915,empty for 1801s]
05-13 10:42:24.706 1525 1894 I sync : [com.tencent.android.qqdownloader.YYBLiveAccountProvider,0,3,24220937]
05-13 10:42:24.721 1525 1894 I sync : [com.tencent.android.qqdownloader.YYBLiveAccountProvider,1,3,24220937]
05-13 10:42:24.727 1525 1894 I commit_sys_config_file: [sync-status,167762949]
05-13 10:42:24.743 1525 1894 I sync : [com.tencent.android.qqdownloader.YYBLiveAccountProvider,0,3,24220937]
05-13 10:42:24.758 1525 1894 I sync : [com.tencent.android.qqdownloader.YYBLiveAccountProvider,1,3,24220937]
05-13 10:42:24.761 1525 1894 I commit_sys_config_file: [sync-status,167762982]
05-13 10:42:24.841 1525 1827 D NsdService: Client disconnected
05-13 10:42:24.841 1525 1827 D NsdService: Terminating client-ID 25 global-ID 128 type 393225
05-13 10:42:24.841 1525 1827 D NsdService: mdnssd [stop-register, 128]
05-13 10:42:24.843 1525 15278 I am_proc_died: [0,11399,com.netease.newsreader.activity,915,19]
05-13 10:42:25.208 1525 25364 W ActivityManager: Unable to start service Intent { act=com.google.android.gms.ads.identifier.service.START pkg=com.google.android.gms } U=0: not found
05-13 10:42:25.209 15290 16179 E ActivityThread: Failed to find provider info for com.vivo.vms.IdProvider
05-13 10:42:25.282 1525 1783 D ActivityManager: freezing 16456 com.sina.weibo
05-13 10:42:25.282 1525 1783 E ActivityManager: Unable to freeze binder for 16456 com.sina.weibo
05-13 10:42:25.284 1525 1783 D ActivityManager: froze 16456 com.sina.weibo
05-13 10:42:25.284 1525 1783 I am_freeze: [16456,com.sina.weibo]
05-13 10:42:25.284 1525 1783 E ActivityManager: Unable to freeze binder for 16456 com.sina.weibo
05-13 10:42:25.304 1525 1783 D ActivityManager: freezing 16740 com.sina.weibo:remote
05-13 10:42:25.304 1525 1783 E ActivityManager: Unable to freeze binder for 16740 com.sina.weibo:remote
05-13 10:42:25.305 1525 1783 D ActivityManager: froze 16740 com.sina.weibo:remote
05-13 10:42:25.305 1525 1783 I am_freeze: [16740,com.sina.weibo:remote]
05-13 10:42:25.305 1525 1783 E ActivityManager: Unable to freeze binder for 16740 com.sina.weibo:remote
05-13 10:42:25.313 1525 1783 D ActivityManager: freezing 16623 com.sina.weibo:pushservice
05-13 10:42:25.313 1525 1783 E ActivityManager: Unable to freeze binder for 16623 com.sina.weibo:pushservice
05-13 10:42:25.314 1525 1783 D ActivityManager: froze 16623 com.sina.weibo:pushservice
05-13 10:42:25.314 1525 1783 I am_freeze: [16623,com.sina.weibo:pushservice]
05-13 10:42:25.314 1525 1783 E ActivityManager: Unable to freeze binder for 16623 com.sina.weibo:pushservice
05-13 10:42:25.317 1525 1783 I ActivityManager: Killing 16456:com.sina.weibo/u0a109 (adj 965): Unable to freeze binder interface
05-13 10:42:25.317 1525 1783 I am_kill : [0,16456,com.sina.weibo,965,Unable to freeze binder interface]
05-13 10:42:25.320 1525 1783 I ActivityManager: Killing 16740:com.sina.weibo:remote/u0a109 (adj 965): Unable to freeze binder interface
05-13 10:42:25.320 1525 1783 I am_kill : [0,16740,com.sina.weibo:remote,965,Unable to freeze binder interface]
05-13 10:42:25.321 1525 1783 I ActivityManager: Killing 16623:com.sina.weibo:pushservice/u0a109 (adj 965): Unable to freeze binder interface
05-13 10:42:25.321 1525 1783 I am_kill : [0,16623,com.sina.weibo:pushservice,965,Unable to freeze binder interface]
05-13 10:42:25.404 1525 25364 I am_proc_died: [0,16623,com.sina.weibo:pushservice,965,19]
05-13 10:42:25.405 1525 25364 W ActivityManager: Scheduling restart of crashed service com.sina.weibo/com.xiaomi.push.service.XMPushService in 1000ms for connection
05-13 10:42:25.405 1525 25364 I am_schedule_service_restart: [0,com.sina.weibo/com.xiaomi.push.service.XMPushService,1000]
05-13 10:42:25.411 1525 9708 I am_proc_died: [0,16740,com.sina.weibo:remote,965,19]
05-13 10:42:25.412 1525 9708 W ActivityManager: Scheduling restart of crashed service com.sina.weibo/.HotEventService in 10993ms for connection
05-13 10:42:25.412 1525 9708 I am_schedule_service_restart: [0,com.sina.weibo/.HotEventService,10993]
05-13 10:42:25.464 1525 21112 I am_proc_died: [0,16456,com.sina.weibo,965,19]
05-13 10:42:25.465 1525 21112 I am_uid_stopped: 10109
05-13 10:42:26.240 1525 1756 W ActivityManager: Background start not allowed: service Intent { act=com.baidu.appsearch.process_launch cmp=com.baidu.appsearch/.manage.ManagementHandlerService (has extras) } to com.baidu.appsearch/.manage.ManagementHandlerService from pid=19449 uid=10097 pkg=com.baidu.appsearch startFg?=false
05-13 10:42:26.384 19449 19449 I auditd : type=1400 audit(0.0:139866): avc: denied { search } for comm="sec-1-thread-1" name="asound" dev="proc" ino=4026532151 scontext=u:r:untrusted_app_27:s0:c512,c768 tcontext=u:object_r:proc_asound:s0 tclass=dir permissive=1 app=com.baidu.appsearch
05-13 10:42:26.384 19449 19449 I auditd : type=1400 audit(0.0:139867): avc: denied { search } for comm="sec-1-thread-1" name="net" dev="sysfs" ino=46867 scontext=u:r:untrusted_app_27:s0:c512,c768 tcontext=u:object_r:sysfs_net:s0 tclass=dir permissive=1 app=com.baidu.appsearch
05-13 10:42:26.384 19449 19449 I auditd : type=1400 audit(0.0:139868): avc: denied { read } for comm="sec-1-thread-1" name="address" dev="sysfs" ino=57806 scontext=u:r:untrusted_app_27:s0:c512,c768 tcontext=u:object_r:sysfs_net:s0 tclass=file permissive=1 app=com.baidu.appsearch
05-13 10:42:26.384 19449 19449 I auditd : type=1400 audit(0.0:139869): avc: denied { open } for comm="sec-1-thread-1" path="/sys/devices/virtual/net/dummy0/address" dev="sysfs" ino=57806 scontext=u:r:untrusted_app_27:s0:c512,c768 tcontext=u:object_r:sysfs_net:s0 tclass=file permissive=1 app=com.baidu.appsearch
05-13 10:42:26.384 19449 19449 I auditd : type=1400 audit(0.0:139870): avc: denied { getattr } for comm="sec-1-thread-1" path="/sys/devices/virtual/net/dummy0/address" dev="sysfs" ino=57806 scontext=u:r:untrusted_app_27:s0:c512,c768 tcontext=u:object_r:sysfs_net:s0 tclass=file permissive=1 app=com.baidu.appsearch
05-13 10:42:26.731 1525 1606 I commit_sys_config_file: [jobs,6]
05-13 10:42:27.039 1525 1785 W ActivityManager: Background start not allowed: service Intent { act=com.baidu.action.SOFIRE.VIEW cat=[com.baidu.category.SOFIRE,android.intent.category.DEFAULT] flg=0x4 pkg=com.baidu.appsearch cmp=com.baidu.appsearch/com.baidu.sofire.MyService (has extras) } to com.baidu.appsearch/com.baidu.sofire.MyService from pid=-1 uid=10097 pkg=com.baidu.appsearch startFg?=false
05-13 10:42:29.284 0 0 I auditd : type=1400 audit(0.0:139904): avc: denied { kill } for comm="swapper/1" capability=5 scontext=u:r:kernel:s0 tcontext=u:r:kernel:s0 tclass=capability permissive=1
05-13 10:42:31.152 1525 1623 W ProcessStats: Tracking association SourceState{6ba0e71 com.tencent.android.qqdownloader:live/10094 BTopFgs #233888} whose proc state 2 is better than process ProcessState{48ac3f8 com.tencent.android.qqdownloader:daemon/10094 pkg=com.tencent.android.qqdownloader} proc state 3 (25 skipped)
05-13 10:42:34.865 1525 1827 D NsdService: mdnssd [stop-service]
05-13 10:42:35.772 15290 15290 I auditd : type=1400 audit(0.0:139905): avc: granted { bind } for comm="NativeThread" scontext=u:r:untrusted_app_27:s0:c512,c768 tcontext=u:r:untrusted_app_27:s0:c512,c768 tclass=netlink_route_socket app=com.wandoujia.phoenix2
05-13 10:42:35.772 15290 15290 I auditd : type=1400 audit(0.0:139906): avc: granted { nlmsg_readpriv } for comm="NativeThread" scontext=u:r:untrusted_app_27:s0:c512,c768 tcontext=u:r:untrusted_app_27:s0:c512,c768 tclass=netlink_route_socket app=com.wandoujia.phoenix2
05-13 10:42:35.772 15290 15290 I auditd : type=1400 audit(0.0:139907): avc: denied { getattr } for comm="NativeThread" path="/data/data/com.android.htmlviewer" dev="dm-10" ino=1758 scontext=u:r:untrusted_app_27:s0:c512,c768 tcontext=u:object_r:app_data_file:s0:c46,c256,c512,c768 tclass=dir permissive=1 app=com.wandoujia.phoenix2
05-13 10:42:35.772 15290 15290 I auditd : type=1400 audit(0.0:139908): avc: denied { getattr } for comm="NativeThread" path="/data/data/com.android.printspooler" dev="dm-10" ino=1894 scontext=u:r:untrusted_app_27:s0:c512,c768 tcontext=u:object_r:app_data_file:s0:c41,c256,c512,c768 tclass=dir permissive=1 app=com.wandoujia.phoenix2
05-13 10:42:35.784 1525 2512 W ActivityManager: Unable to start service Intent { act=com.google.android.gms.ads.identifier.service.START pkg=com.google.android.gms } U=0: not found
05-13 10:42:35.784 15290 16179 E ActivityThread: Failed to find provider info for com.vivo.vms.IdProvider
05-13 10:42:43.086 1525 2512 W ProcessStats: Tracking association SourceState{6ba0e71 com.tencent.android.qqdownloader:live/10094 BTopFgs #233897} whose proc state 2 is better than process ProcessState{48ac3f8 com.tencent.android.qqdownloader:daemon/10094 pkg=com.tencent.android.qqdownloader} proc state 3 (2 skipped)
05-13 10:42:44.364 15409 15409 I auditd : type=1400 audit(0.0:139909): avc: granted { nlmsg_readpriv } for comm="DaemonThread-6" scontext=u:r:untrusted_app_27:s0:c512,c768 tcontext=u:r:untrusted_app_27:s0:c512,c768 tclass=netlink_route_socket app=com.wandoujia.phoenix2
05-13 10:42:44.496 15409 15409 I auditd : type=1400 audit(0.0:139910): avc: granted { nlmsg_readpriv } for comm="DaemonThread-6" scontext=u:r:untrusted_app_27:s0:c512,c768 tcontext=u:r:untrusted_app_27:s0:c512,c768 tclass=netlink_route_socket app=com.wandoujia.phoenix2
05-13 10:42:45.652 17626 17626 I auditd : type=1400 audit(0.0:139911): avc: denied { read } for comm="Thread-25" name="tcp" dev="proc" ino=4026532256 scontext=u:r:untrusted_app:s0:c104,c256,c512,c768 tcontext=u:object_r:proc_net_tcp_udp:s0 tclass=file permissive=1 app=tv.danmaku.bili
05-13 10:42:45.652 17626 17626 I auditd : type=1400 audit(0.0:139912): avc: denied { open } for comm="Thread-25" path="/proc/17626/net/tcp" dev="proc" ino=4026532256 scontext=u:r:untrusted_app:s0:c104,c256,c512,c768 tcontext=u:object_r:proc_net_tcp_udp:s0 tclass=file permissive=1 app=tv.danmaku.bili
05-13 10:42:45.652 17626 17626 I auditd : type=1400 audit(0.0:139913): avc: denied { getattr } for comm="Thread-25" path="/proc/17626/net/tcp" dev="proc" ino=4026532256 scontext=u:r:untrusted_app:s0:c104,c256,c512,c768 tcontext=u:object_r:proc_net_tcp_udp:s0 tclass=file permissive=1 app=tv.danmaku.bili
05-13 10:42:46.272 15290 15290 I auditd : type=1400 audit(0.0:139914): avc: granted { bind } for comm="NativeThread" scontext=u:r:untrusted_app_27:s0:c512,c768 tcontext=u:r:untrusted_app_27:s0:c512,c768 tclass=netlink_route_socket app=com.wandoujia.phoenix2
05-13 10:42:46.272 15290 15290 I auditd : type=1400 audit(0.0:139915): avc: granted { nlmsg_readpriv } for comm="NativeThread" scontext=u:r:untrusted_app_27:s0:c512,c768 tcontext=u:r:untrusted_app_27:s0:c512,c768 tclass=netlink_route_socket app=com.wandoujia.phoenix2
05-13 10:42:46.284 1525 2512 W ActivityManager: Unable to start service Intent { act=com.google.android.gms.ads.identifier.service.START pkg=com.google.android.gms } U=0: not found
05-13 10:42:46.285 15290 16179 E ActivityThread: Failed to find provider info for com.vivo.vms.IdProvider
05-13 10:42:50.182 1525 1525 I notification_enqueue: [10094,11210,com.tencent.android.qqdownloader,127,NULL,0,Notification(channel=channel_id_default_silent shortcut=null contentView=com.tencent.android.qqdownloader/0x7f0a01c2 vibrate=null sound=null defaults=0x0 flags=0x2a2 color=0x00000000 groupKey=com.tencent.android.qqdownloader vis=PRIVATE),1]
05-13 10:42:50.384 1525 1525 I GameModeConfig: isGameModeOn = false
05-13 10:42:56.620 15290 15290 I auditd : type=1400 audit(0.0:139916): avc: denied { read } for comm="NativeThread" name="unix" dev="proc" ino=4026532262 scontext=u:r:untrusted_app_27:s0:c512,c768 tcontext=u:object_r:proc_net:s0 tclass=file permissive=1 app=com.wandoujia.phoenix2
05-13 10:42:56.620 15290 15290 I auditd : type=1400 audit(0.0:139917): avc: denied { open } for comm="NativeThread" path="/proc/15290/net/unix" dev="proc" ino=4026532262 scontext=u:r:untrusted_app_27:s0:c512,c768 tcontext=u:object_r:proc_net:s0 tclass=file permissive=1 app=com.wandoujia.phoenix2
05-13 10:42:56.620 15290 15290 I auditd : type=1400 audit(0.0:139918): avc: denied { getattr } for comm="NativeThread" path="/proc/15290/net/unix" dev="proc" ino=4026532262 scontext=u:r:untrusted_app_27:s0:c512,c768 tcontext=u:object_r:proc_net:s0 tclass=file permissive=1 app=com.wandoujia.phoenix2
05-13 10:42:56.856 15290 15290 I auditd : type=1400 audit(0.0:139919): avc: denied { read } for comm="NativeThread" name="version" dev="proc" ino=4026532238 scontext=u:r:untrusted_app_27:s0:c512,c768 tcontext=u:object_r:proc_version:s0 tclass=file permissive=1 app=com.wandoujia.phoenix2
05-13 10:42:56.856 15290 15290 I auditd : type=1400 audit(0.0:139920): avc: denied { open } for comm="NativeThread" path="/proc/version" dev="proc" ino=4026532238 scontext=u:r:untrusted_app_27:s0:c512,c768 tcontext=u:object_r:proc_version:s0 tclass=file permissive=1 app=com.wandoujia.phoenix2
05-13 10:42:56.860 15290 15290 I auditd : type=1400 audit(0.0:139921): avc: granted { bind } for comm="NativeThread" scontext=u:r:untrusted_app_27:s0:c512,c768 tcontext=u:r:untrusted_app_27:s0:c512,c768 tclass=netlink_route_socket app=com.wandoujia.phoenix2
05-13 10:42:56.860 15290 15290 I auditd : type=1400 audit(0.0:139922): avc: granted { nlmsg_readpriv } for comm="NativeThread" scontext=u:r:untrusted_app_27:s0:c512,c768 tcontext=u:r:untrusted_app_27:s0:c512,c768 tclass=netlink_route_socket app=com.wandoujia.phoenix2
05-13 10:42:56.874 1525 2512 W ActivityManager: Unable to start service Intent { act=com.google.android.gms.ads.identifier.service.START pkg=com.google.android.gms } U=0: not found
05-13 10:42:56.876 15290 16179 E ActivityThread: Failed to find provider info for com.vivo.vms.IdProvider
05-13 10:42:56.999 1525 1623 W ProcessStats: Tracking association SourceState{6ba0e71 com.tencent.android.qqdownloader:live/10094 BTopFgs #233905} whose proc state 2 is better than process ProcessState{48ac3f8 com.tencent.android.qqdownloader:daemon/10094 pkg=com.tencent.android.qqdownloader} proc state 3 (0 skipped)
05-13 10:42:58.097 1525 2512 I netstats_mobile_sample: [0,0,0,0,0,0,0,0,0,0,0,0,1683945778097]
05-13 10:42:58.097 1525 2512 I netstats_wifi_sample: [9349735573,8685903,2361215571,7288951,9349735573,8685903,2361215571,7288951,11659250292,11745019,1323208488,5192157,1683945778097]
05-13 10:42:59.700 1525 1785 W ActivityManager: Background start not allowed: service Intent { act=com.baidu.action.SOFIRE.VIEW cat=[com.baidu.category.SOFIRE,android.intent.category.DEFAULT] flg=0x4 pkg=com.baidu.appsearch cmp=com.baidu.appsearch/com.baidu.sofire.MyService (has extras) } to com.baidu.appsearch/com.baidu.sofire.MyService from pid=-1 uid=10097 pkg=com.baidu.appsearch startFg?=false
05-13 10:42:59.700 1525 1785 W ActivityManager: Background start not allowed: service Intent { act=com.baidu.action.SOFIRE.VIEW cat=[com.baidu.category.SOFIRE,android.intent.category.DEFAULT] flg=0x4 pkg=com.baidu.appsearch cmp=com.baidu.appsearch/com.baidu.sofire.MyService (has extras) } to com.baidu.appsearch/com.baidu.sofire.MyService from pid=-1 uid=10097 pkg=com.baidu.appsearch startFg?=false
05-13 10:42:59.721 1525 1894 I sync : [com.tencent.android.qqdownloader.YYBLiveAccountProvider,0,4,24220937]
05-13 10:42:59.745 1525 1894 I sync : [com.tencent.android.qqdownloader.YYBLiveAccountProvider,1,4,24220937]
05-13 10:42:59.749 1525 1894 I commit_sys_config_file: [sync-status,167797971]
05-13 10:42:59.755 1525 1894 I sync : [com.tencent.android.qqdownloader.YYBLiveAccountProvider,0,3,24220937]
05-13 10:42:59.771 1525 1894 I sync : [com.tencent.android.qqdownloader.YYBLiveAccountProvider,1,3,24220937]
05-13 10:42:59.780 1525 1894 I sync : [com.tencent.android.qqdownloader.YYBLiveAccountProvider,0,3,24220937]
05-13 10:42:59.806 1525 1894 I sync : [com.tencent.android.qqdownloader.YYBLiveAccountProvider,1,3,24220937]
05-13 10:42:59.808 1525 1894 I commit_sys_config_file: [sync-status,167798030]
05-13 10:43:01.738 1525 1606 I commit_sys_config_file: [jobs,6]
05-13 10:43:07.368 15290 15290 I auditd : type=1400 audit(0.0:139923): avc: granted { bind } for comm="NativeThread" scontext=u:r:untrusted_app_27:s0:c512,c768 tcontext=u:r:untrusted_app_27:s0:c512,c768 tclass=netlink_route_socket app=com.wandoujia.phoenix2
05-13 10:43:07.368 15290 15290 I auditd : type=1400 audit(0.0:139924): avc: granted { nlmsg_readpriv } for comm="NativeThread" scontext=u:r:untrusted_app_27:s0:c512,c768 tcontext=u:r:untrusted_app_27:s0:c512,c768 tclass=netlink_route_socket app=com.wandoujia.phoenix2
05-13 10:43:07.379 1525 26236 W ActivityManager: Unable to start service Intent { act=com.google.android.gms.ads.identifier.service.START pkg=com.google.android.gms } U=0: not found
05-13 10:43:07.380 15290 16179 E ActivityThread: Failed to find provider info for com.vivo.vms.IdProvider
05-13 10:43:08.091 1525 1623 W ProcessStats: Tracking association SourceState{6ba0e71 com.tencent.android.qqdownloader:live/10094 BTopFgs #233966} whose proc state 2 is better than process ProcessState{48ac3f8 com.tencent.android.qqdownloader:daemon/10094 pkg=com.tencent.android.qqdownloader} proc state 3 (32 skipped)
05-13 10:43:14.284 0 0 I auditd : type=1400 audit(0.0:139925): avc: denied { kill } for comm="swapper/3" capability=5 scontext=u:r:kernel:s0 tcontext=u:r:kernel:s0 tclass=capability permissive=1
05-13 10:43:15.512 15290 15290 I auditd : type=1400 audit(0.0:139926): avc: granted { nlmsg_readpriv } for comm="DaemonThread-6" scontext=u:r:untrusted_app_27:s0:c512,c768 tcontext=u:r:untrusted_app_27:s0:c512,c768 tclass=netlink_route_socket app=com.wandoujia.phoenix2
05-13 10:43:15.724 15290 15290 I auditd : type=1400 audit(0.0:139927): avc: granted { nlmsg_readpriv } for comm="DaemonThread-6" scontext=u:r:untrusted_app_27:s0:c512,c768 tcontext=u:r:untrusted_app_27:s0:c512,c768 tclass=netlink_route_socket app=com.wandoujia.phoenix2
05-13 10:43:15.780 17626 17626 I auditd : type=1400 audit(0.0:139928): avc: denied { read } for comm="Thread-25" name="tcp" dev="proc" ino=4026532256 scontext=u:r:untrusted_app:s0:c104,c256,c512,c768 tcontext=u:object_r:proc_net_tcp_udp:s0 tclass=file permissive=1 app=tv.danmaku.bili
05-13 10:43:15.780 17626 17626 I auditd : type=1400 audit(0.0:139929): avc: denied { open } for comm="Thread-25" path="/proc/17626/net/tcp" dev="proc" ino=4026532256 scontext=u:r:untrusted_app:s0:c104,c256,c512,c768 tcontext=u:object_r:proc_net_tcp_udp:s0 tclass=file permissive=1 app=tv.danmaku.bili
05-13 10:43:15.780 17626 17626 I auditd : type=1400 audit(0.0:139930): avc: denied { getattr } for comm="Thread-25" path="/proc/17626/net/tcp" dev="proc" ino=4026532256 scontext=u:r:untrusted_app:s0:c104,c256,c512,c768 tcontext=u:object_r:proc_net_tcp_udp:s0 tclass=file permissive=1 app=tv.danmaku.bili
05-13 10:43:16.772 15290 15290 I auditd : type=1400 audit(0.0:139931): avc: denied { open } for comm="doujia.phoenix2" path="/proc/vmstat" dev="proc" ino=4026531858 scontext=u:r:untrusted_app_27:s0:c512,c768 tcontext=u:object_r:proc_vmstat:s0 tclass=file permissive=1 app=com.wandoujia.phoenix2
05-13 10:43:16.772 15290 15290 I auditd : type=1400 audit(0.0:139932): avc: denied { getattr } for comm="doujia.phoenix2" path="/proc/vmstat" dev="proc" ino=4026531858 scontext=u:r:untrusted_app_27:s0:c512,c768 tcontext=u:object_r:proc_vmstat:s0 tclass=file permissive=1 app=com.wandoujia.phoenix2
05-13 10:43:18.056 15290 15290 I auditd : type=1400 audit(0.0:139933): avc: denied { ioctl } for comm="NativeThread" path="socket:[8604757]" dev="sockfs" ino=8604757 ioctlcmd=0x8927 scontext=u:r:untrusted_app_27:s0:c512,c768 tcontext=u:r:untrusted_app_27:s0:c512,c768 tclass=udp_socket permissive=1 app=com.wandoujia.phoenix2
05-13 10:43:18.056 15290 15290 I auditd : type=1400 audit(0.0:139934): avc: granted { bind } for comm="NativeThread" scontext=u:r:untrusted_app_27:s0:c512,c768 tcontext=u:r:untrusted_app_27:s0:c512,c768 tclass=netlink_route_socket app=com.wandoujia.phoenix2
05-13 10:43:18.056 15290 15290 I auditd : type=1400 audit(0.0:139935): avc: granted { nlmsg_readpriv } for comm="NativeThread" scontext=u:r:untrusted_app_27:s0:c512,c768 tcontext=u:r:untrusted_app_27:s0:c512,c768 tclass=netlink_route_socket app=com.wandoujia.phoenix2
05-13 10:43:18.056 15290 15290 I auditd : type=1400 audit(0.0:139936): avc: denied { getattr } for comm="NativeThread" path="/data/data/com.android.htmlviewer" dev="dm-10" ino=1758 scontext=u:r:untrusted_app_27:s0:c512,c768 tcontext=u:object_r:app_data_file:s0:c46,c256,c512,c768 tclass=dir permissive=1 app=com.wandoujia.phoenix2
05-13 10:43:18.056 15290 15290 I auditd : type=1400 audit(0.0:139937): avc: denied { getattr } for comm="NativeThread" path="/data/data/com.android.printspooler" dev="dm-10" ino=1894 scontext=u:r:untrusted_app_27:s0:c512,c768 tcontext=u:object_r:app_data_file:s0:c41,c256,c512,c768 tclass=dir permissive=1 app=com.wandoujia.phoenix2
05-13 10:43:18.068 1525 26236 W ActivityManager: Unable to start service Intent { act=com.google.android.gms.ads.identifier.service.START pkg=com.google.android.gms } U=0: not found
05-13 10:43:18.069 15290 16179 E ActivityThread: Failed to find provider info for com.vivo.vms.IdProvider
05-13 10:43:18.420 5784 5784 I auditd : type=1400 audit(0.0:139938): avc: granted { nlmsg_readpriv } for comm="pool-4-thread-1" scontext=u:r:untrusted_app_27:s0:c96,c256,c512,c768 tcontext=u:r:untrusted_app_27:s0:c96,c256,c512,c768 tclass=netlink_route_socket app=com.ximalaya.ting.android
05-13 10:43:21.880 20705 20705 I auditd : type=1400 audit(0.0:139939): avc: denied { open } for comm="ss.android.lark" path="/proc/vmstat" dev="proc" ino=4026531858 scontext=u:r:untrusted_app:s0:c110,c256,c512,c768 tcontext=u:object_r:proc_vmstat:s0 tclass=file permissive=1 app=com.ss.android.lark
05-13 10:43:21.880 20705 20705 I auditd : type=1400 audit(0.0:139940): avc: denied { getattr } for comm="ss.android.lark" path="/proc/vmstat" dev="proc" ino=4026531858 scontext=u:r:untrusted_app:s0:c110,c256,c512,c768 tcontext=u:object_r:proc_vmstat:s0 tclass=file permissive=1 app=com.ss.android.lark
05-13 10:43:22.192 19449 19449 I auditd : type=1400 audit(0.0:139941): avc: denied { open } for comm="BackgroundThrea" path="/proc/stat" dev="proc" ino=4026532236 scontext=u:r:untrusted_app_27:s0:c512,c768 tcontext=u:object_r:proc_stat:s0 tclass=file permissive=1 app=com.baidu.appsearch
05-13 10:43:22.192 19449 19449 I auditd : type=1400 audit(0.0:139942): avc: denied { getattr } for comm="BackgroundThrea" path="/proc/stat" dev="proc" ino=4026532236 scontext=u:r:untrusted_app_27:s0:c512,c768 tcontext=u:object_r:proc_stat:s0 tclass=file permissive=1 app=com.baidu.appsearch
05-13 10:43:23.548 16321 16321 I auditd : type=1400 audit(0.0:139943): avc: granted { nlmsg_readpriv } for comm="DaemonThread-6" scontext=u:r:untrusted_app_27:s0:c512,c768 tcontext=u:r:untrusted_app_27:s0:c512,c768 tclass=netlink_route_socket app=com.wandoujia.phoenix2
05-13 10:43:23.712 16321 16321 I auditd : type=1400 audit(0.0:139944): avc: granted { nlmsg_readpriv } for comm="DaemonThread-6" scontext=u:r:untrusted_app_27:s0:c512,c768 tcontext=u:r:untrusted_app_27:s0:c512,c768 tclass=netlink_route_socket app=com.wandoujia.phoenix2
05-13 10:43:28.540 15290 15290 I auditd : type=1400 audit(0.0:139945): avc: granted { bind } for comm="NativeThread" scontext=u:r:untrusted_app_27:s0:c512,c768 tcontext=u:r:untrusted_app_27:s0:c512,c768 tclass=netlink_route_socket app=com.wandoujia.phoenix2
05-13 10:43:28.540 15290 15290 I auditd : type=1400 audit(0.0:139946): avc: granted { nlmsg_readpriv } for comm="NativeThread" scontext=u:r:untrusted_app_27:s0:c512,c768 tcontext=u:r:untrusted_app_27:s0:c512,c768 tclass=netlink_route_socket app=com.wandoujia.phoenix2
05-13 10:43:28.553 1525 26236 W ActivityManager: Unable to start service Intent { act=com.google.android.gms.ads.identifier.service.START pkg=com.google.android.gms } U=0: not found
05-13 10:43:28.553 15290 16179 E ActivityThread: Failed to find provider info for com.vivo.vms.IdProvider
05-13 10:43:33.086 1525 31656 W ProcessStats: Tracking association SourceState{6ba0e71 com.tencent.android.qqdownloader:live/10094 BTopFgs #233984} whose proc state 2 is better than process ProcessState{48ac3f8 com.tencent.android.qqdownloader:daemon/10094 pkg=com.tencent.android.qqdownloader} proc state 3 (2 skipped)
05-13 10:43:34.713 1525 1894 I sync : [com.tencent.android.qqdownloader.YYBLiveAccountProvider,0,3,24220937]
05-13 10:43:34.731 1525 1894 I sync : [com.tencent.android.qqdownloader.YYBLiveAccountProvider,1,3,24220937]
05-13 10:43:34.734 1525 1894 I commit_sys_config_file: [sync-status,167832956]
05-13 10:43:34.739 1525 1894 I sync : [com.tencent.android.qqdownloader.YYBLiveAccountProvider,0,3,24220937]
05-13 10:43:34.763 1525 1894 I sync : [com.tencent.android.qqdownloader.YYBLiveAccountProvider,1,3,24220937]
05-13 10:43:34.766 1525 1894 I commit_sys_config_file: [sync-status,167832988]
05-13 10:43:36.737 1525 1606 I commit_sys_config_file: [jobs,3]
05-13 10:43:39.076 15290 15290 I auditd : type=1400 audit(0.0:139947): avc: granted { bind } for comm="NativeThread" scontext=u:r:untrusted_app_27:s0:c512,c768 tcontext=u:r:untrusted_app_27:s0:c512,c768 tclass=netlink_route_socket app=com.wandoujia.phoenix2
05-13 10:43:39.076 15290 15290 I auditd : type=1400 audit(0.0:139948): avc: granted { nlmsg_readpriv } for comm="NativeThread" scontext=u:r:untrusted_app_27:s0:c512,c768 tcontext=u:r:untrusted_app_27:s0:c512,c768 tclass=netlink_route_socket app=com.wandoujia.phoenix2
05-13 10:43:39.088 1525 21112 W ActivityManager: Unable to start service Intent { act=com.google.android.gms.ads.identifier.service.START pkg=com.google.android.gms } U=0: not found
05-13 10:43:39.089 15290 16179 E ActivityThread: Failed to find provider info for com.vivo.vms.IdProvider
05-13 10:43:44.508 15409 15409 I auditd : type=1400 audit(0.0:139949): avc: granted { nlmsg_readpriv } for comm="DaemonThread-6" scontext=u:r:untrusted_app_27:s0:c512,c768 tcontext=u:r:untrusted_app_27:s0:c512,c768 tclass=netlink_route_socket app=com.wandoujia.phoenix2
05-13 10:43:44.628 15409 15409 I auditd : type=1400 audit(0.0:139950): avc: granted { nlmsg_readpriv } for comm="DaemonThread-6" scontext=u:r:untrusted_app_27:s0:c512,c768 tcontext=u:r:untrusted_app_27:s0:c512,c768 tclass=netlink_route_socket app=com.wandoujia.phoenix2
05-13 10:43:49.312 678 678 I auditd : type=1400 audit(0.0:139951): avc: denied { add_name } for comm="Binder:678_4" name="globalAlert" scontext=u:r:netd:s0 tcontext=u:object_r:proc_net:s0 tclass=dir permissive=1
05-13 10:43:49.315 1525 1812 I netstats_mobile_sample: [0,0,0,0,0,0,0,0,0,0,0,0,1683945829315]
05-13 10:43:49.315 1525 1812 I netstats_wifi_sample: [9350089876,8686733,2361884879,7290440,9350089876,8686733,2361884879,7290440,11660349657,11747211,1323562950,5193008,1683945829315]
05-13 10:43:49.312 678 678 I auditd : type=1400 audit(0.0:139952): avc: denied { create } for comm="Binder:678_4" name="globalAlert" scontext=u:r:netd:s0 tcontext=u:object_r:proc_net:s0 tclass=file permissive=1
05-13 10:43:49.544 15290 15290 I auditd : type=1400 audit(0.0:139953): avc: granted { bind } for comm="NativeThread" scontext=u:r:untrusted_app_27:s0:c512,c768 tcontext=u:r:untrusted_app_27:s0:c512,c768 tclass=netlink_route_socket app=com.wandoujia.phoenix2
05-13 10:43:49.544 15290 15290 I auditd : type=1400 audit(0.0:139954): avc: granted { nlmsg_readpriv } for comm="NativeThread" scontext=u:r:untrusted_app_27:s0:c512,c768 tcontext=u:r:untrusted_app_27:s0:c512,c768 tclass=netlink_route_socket app=com.wandoujia.phoenix2
05-13 10:43:49.561 1525 15278 W ActivityManager: Unable to start service Intent { act=com.google.android.gms.ads.identifier.service.START pkg=com.google.android.gms } U=0: not found
05-13 10:43:49.562 15290 16179 E ActivityThread: Failed to find provider info for com.vivo.vms.IdProvider
05-13 10:43:51.668 1525 1525 I notification_enqueue: [10094,11210,com.tencent.android.qqdownloader,127,NULL,0,Notification(channel=channel_id_default_silent shortcut=null contentView=com.tencent.android.qqdownloader/0x7f0a01c2 vibrate=null sound=null defaults=0x0 flags=0x2a2 color=0x00000000 groupKey=com.tencent.android.qqdownloader vis=PRIVATE),1]
05-13 10:43:51.871 1525 1525 I GameModeConfig: isGameModeOn = false
05-13 10:44:00.020 15290 15290 I auditd : type=1400 audit(0.0:139955): avc: denied { read } for comm="NativeThread" name="unix" dev="proc" ino=4026532262 scontext=u:r:untrusted_app_27:s0:c512,c768 tcontext=u:object_r:proc_net:s0 tclass=file permissive=1 app=com.wandoujia.phoenix2
05-13 10:44:00.020 15290 15290 I auditd : type=1400 audit(0.0:139956): avc: denied { open } for comm="NativeThread" path="/proc/15290/net/unix" dev="proc" ino=4026532262 scontext=u:r:untrusted_app_27:s0:c512,c768 tcontext=u:object_r:proc_net:s0 tclass=file permissive=1 app=com.wandoujia.phoenix2
05-13 10:44:00.020 15290 15290 I auditd : type=1400 audit(0.0:139957): avc: denied { getattr } for comm="NativeThread" path="/proc/15290/net/unix" dev="proc" ino=4026532262 scontext=u:r:untrusted_app_27:s0:c512,c768 tcontext=u:object_r:proc_net:s0 tclass=file permissive=1 app=com.wandoujia.phoenix2
05-13 10:44:00.252 15290 15290 I auditd : type=1400 audit(0.0:139958): avc: granted { bind } for comm="NativeThread" scontext=u:r:untrusted_app_27:s0:c512,c768 tcontext=u:r:untrusted_app_27:s0:c512,c768 tclass=netlink_route_socket app=com.wandoujia.phoenix2
05-13 10:44:00.252 15290 15290 I auditd : type=1400 audit(0.0:139959): avc: granted { nlmsg_readpriv } for comm="NativeThread" scontext=u:r:untrusted_app_27:s0:c512,c768 tcontext=u:r:untrusted_app_27:s0:c512,c768 tclass=netlink_route_socket app=com.wandoujia.phoenix2
05-13 10:44:00.270 1525 26237 W ActivityManager: Unable to start service Intent { act=com.google.android.gms.ads.identifier.service.START pkg=com.google.android.gms } U=0: not found
05-13 10:44:00.271 15290 16179 E ActivityThread: Failed to find provider info for com.vivo.vms.IdProvider
05-13 10:44:03.188 1525 15278 W ProcessStats: Tracking association SourceState{6ba0e71 com.tencent.android.qqdownloader:live/10094 BTopFgs #234028} whose proc state 2 is better than process ProcessState{48ac3f8 com.tencent.android.qqdownloader:daemon/10094 pkg=com.tencent.android.qqdownloader} proc state 3 (16 skipped)
05-13 10:44:09.716 1525 1894 I sync : [com.tencent.android.qqdownloader.YYBLiveAccountProvider,0,3,24220937]
05-13 10:44:09.739 1525 1894 I sync : [com.tencent.android.qqdownloader.YYBLiveAccountProvider,1,3,24220937]
05-13 10:44:09.741 1525 1894 I commit_sys_config_file: [sync-status,167867963]
05-13 10:44:09.749 1525 1894 I sync : [com.tencent.android.qqdownloader.YYBLiveAccountProvider,0,3,24220937]
05-13 10:44:09.767 1525 1894 I sync : [com.tencent.android.qqdownloader.YYBLiveAccountProvider,1,3,24220937]
05-13 10:44:09.769 1525 1894 I commit_sys_config_file: [sync-status,167867991]
