05-13 10:30:48.156 15290 15290 I auditd : type=1400 audit(0.0:137853): avc: granted { bind } for comm="NativeThread" scontext=u:r:untrusted_app_27:s0:c512,c768 tcontext=u:r:untrusted_app_27:s0:c512,c768 tclass=netlink_route_socket app=com.wandoujia.phoenix2
05-13 10:30:48.156 15290 15290 I auditd : type=1400 audit(0.0:137854): avc: granted { nlmsg_readpriv } for comm="NativeThread" scontext=u:r:untrusted_app_27:s0:c512,c768 tcontext=u:r:untrusted_app_27:s0:c512,c768 tclass=netlink_route_socket app=com.wandoujia.phoenix2
05-13 10:30:48.168 1525 25364 W ActivityManager: Unable to start service Intent { act=com.google.android.gms.ads.identifier.service.START pkg=com.google.android.gms } U=0: not found
05-13 10:30:48.169 15290 16179 E ActivityThread: Failed to find provider info for com.vivo.vms.IdProvider
05-13 10:30:48.576 32753 32753 I auditd : type=1400 audit(0.0:137855): avc: granted { nlmsg_readpriv } for comm="ChromiumNet0" scontext=u:r:untrusted_app_29:s0:c99,c256,c512,c768 tcontext=u:r:untrusted_app_29:s0:c99,c256,c512,c768 tclass=netlink_route_socket app=com.ss.android.article.news
05-13 10:30:58.664 15290 15290 I auditd : type=1400 audit(0.0:137856): avc: granted { bind } for comm="NativeThread" scontext=u:r:untrusted_app_27:s0:c512,c768 tcontext=u:r:untrusted_app_27:s0:c512,c768 tclass=netlink_route_socket app=com.wandoujia.phoenix2
05-13 10:30:58.664 15290 15290 I auditd : type=1400 audit(0.0:137857): avc: granted { nlmsg_readpriv } for comm="NativeThread" scontext=u:r:untrusted_app_27:s0:c512,c768 tcontext=u:r:untrusted_app_27:s0:c512,c768 tclass=netlink_route_socket app=com.wandoujia.phoenix2
05-13 10:30:58.677 1525 25364 W ActivityManager: Unable to start service Intent { act=com.google.android.gms.ads.identifier.service.START pkg=com.google.android.gms } U=0: not found
05-13 10:30:58.677 15290 16179 E ActivityThread: Failed to find provider info for com.vivo.vms.IdProvider
05-13 10:31:00.792 1525 31656 W ProcessStats: Tracking association SourceState{6ba0e71 com.tencent.android.qqdownloader:live/10094 BTopFgs #232705} whose proc state 2 is better than process ProcessState{48ac3f8 com.tencent.android.qqdownloader:daemon/10094 pkg=com.tencent.android.qqdownloader} proc state 3 (0 skipped)
05-13 10:31:09.360 15290 15290 I auditd : type=1400 audit(0.0:137858): avc: denied { ioctl } for comm="NativeThread" path="socket:[8431158]" dev="sockfs" ino=8431158 ioctlcmd=0x8927 scontext=u:r:untrusted_app_27:s0:c512,c768 tcontext=u:r:untrusted_app_27:s0:c512,c768 tclass=udp_socket permissive=1 app=com.wandoujia.phoenix2
05-13 10:31:09.364 15290 15290 I auditd : type=1400 audit(0.0:137859): avc: granted { bind } for comm="NativeThread" scontext=u:r:untrusted_app_27:s0:c512,c768 tcontext=u:r:untrusted_app_27:s0:c512,c768 tclass=netlink_route_socket app=com.wandoujia.phoenix2
05-13 10:31:09.364 15290 15290 I auditd : type=1400 audit(0.0:137860): avc: granted { nlmsg_readpriv } for comm="NativeThread" scontext=u:r:untrusted_app_27:s0:c512,c768 tcontext=u:r:untrusted_app_27:s0:c512,c768 tclass=netlink_route_socket app=com.wandoujia.phoenix2
05-13 10:31:09.364 15290 15290 I auditd : type=1400 audit(0.0:137861): avc: denied { getattr } for comm="NativeThread" path="/data/data/com.android.htmlviewer" dev="dm-10" ino=1758 scontext=u:r:untrusted_app_27:s0:c512,c768 tcontext=u:object_r:app_data_file:s0:c46,c256,c512,c768 tclass=dir permissive=1 app=com.wandoujia.phoenix2
05-13 10:31:09.364 15290 15290 I auditd : type=1400 audit(0.0:137862): avc: denied { getattr } for comm="NativeThread" path="/data/data/com.android.printspooler" dev="dm-10" ino=1894 scontext=u:r:untrusted_app_27:s0:c512,c768 tcontext=u:object_r:app_data_file:s0:c41,c256,c512,c768 tclass=dir permissive=1 app=com.wandoujia.phoenix2
05-13 10:31:09.372 1525 25364 W ActivityManager: Unable to start service Intent { act=com.google.android.gms.ads.identifier.service.START pkg=com.google.android.gms } U=0: not found
05-13 10:31:09.373 15290 16179 E ActivityThread: Failed to find provider info for com.vivo.vms.IdProvider
05-13 10:31:12.271 1525 31656 I netstats_mobile_sample: [0,0,0,0,0,0,0,0,0,0,0,0,1683945072271]
05-13 10:31:12.272 1525 31656 I netstats_wifi_sample: [9341277156,8669787,2351087911,7264192,9341277156,8669787,2351087911,7264192,11637481447,11707931,1317430030,5176229,1683945072271]
05-13 10:31:12.708 17626 17626 I auditd : type=1400 audit(0.0:137863): avc: denied { read } for comm="Thread-25" name="tcp" dev="proc" ino=4026532256 scontext=u:r:untrusted_app:s0:c104,c256,c512,c768 tcontext=u:object_r:proc_net_tcp_udp:s0 tclass=file permissive=1 app=tv.danmaku.bili
05-13 10:31:12.708 17626 17626 I auditd : type=1400 audit(0.0:137864): avc: denied { open } for comm="Thread-25" path="/proc/17626/net/tcp" dev="proc" ino=4026532256 scontext=u:r:untrusted_app:s0:c104,c256,c512,c768 tcontext=u:object_r:proc_net_tcp_udp:s0 tclass=file permissive=1 app=tv.danmaku.bili
05-13 10:31:12.708 17626 17626 I auditd : type=1400 audit(0.0:137865): avc: denied { getattr } for comm="Thread-25" path="/proc/17626/net/tcp" dev="proc" ino=4026532256 scontext=u:r:untrusted_app:s0:c104,c256,c512,c768 tcontext=u:object_r:proc_net_tcp_udp:s0 tclass=file permissive=1 app=tv.danmaku.bili
05-13 10:31:15.196 1525 31656 W ProcessStats: Tracking association SourceState{6ba0e71 com.tencent.android.qqdownloader:live/10094 BTopFgs #232712} whose proc state 2 is better than process ProcessState{48ac3f8 com.tencent.android.qqdownloader:daemon/10094 pkg=com.tencent.android.qqdownloader} proc state 3 (0 skipped)
05-13 10:31:15.208 15290 15290 I auditd : type=1400 audit(0.0:137866): avc: granted { nlmsg_readpriv } for comm="DaemonThread-6" scontext=u:r:untrusted_app_27:s0:c512,c768 tcontext=u:r:untrusted_app_27:s0:c512,c768 tclass=netlink_route_socket app=com.wandoujia.phoenix2
05-13 10:31:15.372 15290 15290 I auditd : type=1400 audit(0.0:137867): avc: granted { nlmsg_readpriv } for comm="DaemonThread-6" scontext=u:r:untrusted_app_27:s0:c512,c768 tcontext=u:r:untrusted_app_27:s0:c512,c768 tclass=netlink_route_socket app=com.wandoujia.phoenix2
05-13 10:31:16.768 15290 15290 I auditd : type=1400 audit(0.0:137868): avc: denied { open } for comm="doujia.phoenix2" path="/proc/vmstat" dev="proc" ino=4026531858 scontext=u:r:untrusted_app_27:s0:c512,c768 tcontext=u:object_r:proc_vmstat:s0 tclass=file permissive=1 app=com.wandoujia.phoenix2
05-13 10:31:16.768 15290 15290 I auditd : type=1400 audit(0.0:137869): avc: denied { getattr } for comm="doujia.phoenix2" path="/proc/vmstat" dev="proc" ino=4026531858 scontext=u:r:untrusted_app_27:s0:c512,c768 tcontext=u:object_r:proc_vmstat:s0 tclass=file permissive=1 app=com.wandoujia.phoenix2
05-13 10:31:19.675 1525 1894 I sync : [com.tencent.android.qqdownloader.YYBLiveAccountProvider,0,3,24220937]
05-13 10:31:19.704 1525 1894 I sync : [com.tencent.android.qqdownloader.YYBLiveAccountProvider,1,3,24220937]
05-13 10:31:19.707 1525 1894 I commit_sys_config_file: [sync-status,167097928]
05-13 10:31:19.716 1525 1894 I sync : [com.tencent.android.qqdownloader.YYBLiveAccountProvider,0,3,24220937]
05-13 10:31:19.732 1525 1894 I sync : [com.tencent.android.qqdownloader.YYBLiveAccountProvider,1,3,24220937]
05-13 10:31:19.734 1525 1894 I commit_sys_config_file: [sync-status,167097956]
05-13 10:31:19.924 15290 15290 I auditd : type=1400 audit(0.0:137870): avc: granted { bind } for comm="NativeThread" scontext=u:r:untrusted_app_27:s0:c512,c768 tcontext=u:r:untrusted_app_27:s0:c512,c768 tclass=netlink_route_socket app=com.wandoujia.phoenix2
05-13 10:31:19.924 15290 15290 I auditd : type=1400 audit(0.0:137871): avc: granted { nlmsg_readpriv } for comm="NativeThread" scontext=u:r:untrusted_app_27:s0:c512,c768 tcontext=u:r:untrusted_app_27:s0:c512,c768 tclass=netlink_route_socket app=com.wandoujia.phoenix2
05-13 10:31:19.939 1525 3316 W ActivityManager: Unable to start service Intent { act=com.google.android.gms.ads.identifier.service.START pkg=com.google.android.gms } U=0: not found
05-13 10:31:19.940 15290 16179 E ActivityThread: Failed to find provider info for com.vivo.vms.IdProvider
05-13 10:31:21.696 1525 1606 I commit_sys_config_file: [jobs,4]
05-13 10:31:21.876 20705 20705 I auditd : type=1400 audit(0.0:137872): avc: denied { open } for comm="ss.android.lark" path="/proc/vmstat" dev="proc" ino=4026531858 scontext=u:r:untrusted_app:s0:c110,c256,c512,c768 tcontext=u:object_r:proc_vmstat:s0 tclass=file permissive=1 app=com.ss.android.lark
05-13 10:31:21.876 20705 20705 I auditd : type=1400 audit(0.0:137873): avc: denied { getattr } for comm="ss.android.lark" path="/proc/vmstat" dev="proc" ino=4026531858 scontext=u:r:untrusted_app:s0:c110,c256,c512,c768 tcontext=u:object_r:proc_vmstat:s0 tclass=file permissive=1 app=com.ss.android.lark
05-13 10:31:23.300 16321 16321 I auditd : type=1400 audit(0.0:137874): avc: granted { nlmsg_readpriv } for comm="DaemonThread-6" scontext=u:r:untrusted_app_27:s0:c512,c768 tcontext=u:r:untrusted_app_27:s0:c512,c768 tclass=netlink_route_socket app=com.wandoujia.phoenix2
05-13 10:31:23.440 16321 16321 I auditd : type=1400 audit(0.0:137875): avc: granted { nlmsg_readpriv } for comm="DaemonThread-6" scontext=u:r:untrusted_app_27:s0:c512,c768 tcontext=u:r:untrusted_app_27:s0:c512,c768 tclass=netlink_route_socket app=com.wandoujia.phoenix2
05-13 10:31:28.311 1525 3316 W ActivityManager: Background start not allowed: service Intent { cmp=com.ss.android.article.news/com.bytedance.common.wschannel.client.WsClientService } to com.ss.android.article.news/com.bytedance.common.wschannel.client.WsClientService from pid=3565 uid=10099 pkg=com.ss.android.article.news startFg?=false
05-13 10:31:28.317 1525 3316 W ProcessStats: Tracking association SourceState{6ba0e71 com.tencent.android.qqdownloader:live/10094 BTopFgs #232756} whose proc state 2 is better than process ProcessState{48ac3f8 com.tencent.android.qqdownloader:daemon/10094 pkg=com.tencent.android.qqdownloader} proc state 3 (22 skipped)
05-13 10:31:28.523 1525 1525 I sysui_multi_action: [757,128,758,5,759,8,793,7809839,794,0,795,7809839,796,2038352676,797,app_notify,806,com.ss.android.article.news,857,push,858,4,946,7232327958487237432,947,0,1500,7809636,1688,1,1745,2098068913]
05-13 10:31:28.523 1525 1525 I notification_canceled: [0|com.ss.android.article.news|2038352676|app_notify|10099,8,7809839,7809839,0,-1,-1,NULL]
05-13 10:31:28.537 1525 1525 I service_manager_slow: [12,platform_compat]
05-13 10:31:28.537 1525 1525 D CompatibilityChangeReporter: Compat change id reported: 175319604; UID 1000; state: ENABLED
05-13 10:31:28.537 1525 1525 D CompatibilityChangeReporter: Compat change id reported: 175319604; UID 1000; state: DISABLED
05-13 10:31:28.540 1525 1525 I notification_enqueue: [10099,32753,com.ss.android.article.news,1040091621,app_notify,0,Notification(channel=push shortcut=null contentView=null vibrate=null sound=null tick defaults=0x0 flags=0x11 color=0xffff0000 groupKey=7232503196449538871 vis=PRIVATE),0]
05-13 10:31:28.568 845 845 I auditd : type=1400 audit(0.0:137876): avc: denied { add_name } for comm="perf@2.2-servic" name="cpu_min_freq" scontext=u:r:vendor_hal_perf_default:s0 tcontext=u:object_r:vendor_sysfs_msm_perf:s0 tclass=dir permissive=1
05-13 10:31:28.568 845 845 I auditd : type=1400 audit(0.0:137877): avc: denied { create } for comm="perf@2.2-servic" name="cpu_min_freq" scontext=u:r:vendor_hal_perf_default:s0 tcontext=u:object_r:vendor_sysfs_msm_perf:s0 tclass=file permissive=1
05-13 10:31:28.741 1525 1525 I sysui_multi_action: [757,1501,758,1,793,209,794,0,795,209,796,1040091621,797,app_notify,806,com.ss.android.article.news,857,push,858,4,946,7232503196449538871,947,0,1500,0,1688,1]
05-13 10:31:28.742 1525 1525 I sysui_multi_action: [757,804,799,note_interruptive,801,0,802,1]
05-13 10:31:28.742 1525 1525 I GameModeConfig: isGameModeOn = false
05-13 10:31:28.745 1525 1525 I sysui_multi_action: [757,1501,758,1,793,212,794,0,795,212,796,1040091621,797,app_notify,806,com.ss.android.article.news,857,push,858,4,946,7232503196449538871,947,0,1500,0,1688,1]
05-13 10:31:28.745 1525 1525 I sysui_multi_action: [757,804,799,note_interruptive,801,0,802,1]
05-13 10:31:28.746 1525 1525 I sysui_multi_action: [757,199,758,1,759,1,793,213,794,0,795,213,796,1040091621,797,app_notify,806,com.ss.android.article.news,857,push,858,4,946,7232503196449538871,947,0,1500,1,1688,1]
05-13 10:31:28.746 1525 1525 I notification_alert: [0|com.ss.android.article.news|1040091621|app_notify|10099,1,0,0]
05-13 10:31:28.750 1525 1525 W NotificationHistory: Attempted to add notif for locked/gone/disabled user 0
05-13 10:31:28.844 1914 1914 I sysui_multi_action: [757,803,799,note_peek,802,1]
05-13 10:31:28.851 1525 2055 I sysui_multi_action: [757,127,758,1]
05-13 10:31:28.852 1525 2055 I sysui_multi_action: [757,804,799,note_load,801,1,802,1]
05-13 10:31:28.852 1525 2055 I notification_panel_revealed: 1
05-13 10:31:28.853 1914 1914 I sysui_heads_up_status: [0|com.ss.android.article.news|1040091621|app_notify|10099,1]
05-13 10:31:28.860 1525 2055 I sysui_multi_action: [757,128,758,1,793,7019723,794,0,795,7019723,796,2147483647,797,ranker_group,798,1,806,com.ss.android.lark,857,normal_v2,858,4,946,ranker_group,947,1,1395,9,1500,7019723,1688,1]
05-13 10:31:28.860 1525 2055 I sysui_multi_action: [757,804,799,note_freshness,801,7019723,802,1]
05-13 10:31:28.860 1525 2055 I notification_visibility: [0|com.ss.android.lark|2147483647|ranker_group|10110|ranker_group,1,7019723,7019723,0,1]
05-13 10:31:28.860 1525 2055 I sysui_multi_action: [757,128,758,1,793,167117946,794,0,795,167117946,796,26,798,0,806,android,857,DEVELOPER_IMPORTANT,858,4,947,0,1395,9,1500,167117360,1688,1]
05-13 10:31:28.860 1525 2055 I sysui_multi_action: [757,804,799,note_freshness,801,167117946,802,1]
05-13 10:31:28.860 1525 2055 I notification_visibility: [-1|android|26|null|1000,1,167117946,167117946,0,0]
05-13 10:31:28.861 1525 2055 I sysui_multi_action: [757,128,758,1,793,7020133,794,0,795,3034250,796,-3365,798,3,806,com.ss.android.lark,857,normal_v2,858,4,946,ranker_group,947,0,1395,9,1500,410211,1688,1,1745,945454168]
05-13 10:31:28.861 1525 2055 I sysui_multi_action: [757,1501,758,1,793,7020134,794,1,795,3034251,796,-3365,806,com.ss.android.lark,857,normal_v2,858,4,946,ranker_group,947,0,1500,0,1688,1,1745,945454168]
05-13 10:31:28.861 1525 2055 I sysui_multi_action: [757,804,799,note_interruptive,801,0,802,1]
05-13 10:31:28.861 1525 2055 I sysui_multi_action: [757,804,799,note_freshness,801,3034250,802,1]
05-13 10:31:28.861 1525 2055 I notification_visibility: [0|com.ss.android.lark|-3365|null|10110,1,7020133,3034250,0,3]
05-13 10:31:28.861 1525 2055 I sysui_multi_action: [757,128,758,1,793,7019926,794,0,795,7019707,796,-20444,798,4,806,com.ss.android.lark,857,normal_v2,858,4,946,ranker_group,947,0,1395,9,1500,410212,1688,1,1745,945454168]
05-13 10:31:28.861 1525 2055 I sysui_multi_action: [757,1501,758,1,793,7019926,794,0,795,7019707,796,-20444,806,com.ss.android.lark,857,normal_v2,858,4,946,ranker_group,947,0,1500,0,1688,1,1745,945454168]
05-13 10:31:28.861 1525 2055 I sysui_multi_action: [757,804,799,note_interruptive,801,0,802,1]
05-13 10:31:28.861 1525 2055 I sysui_multi_action: [757,804,799,note_freshness,801,7019707,802,1]
05-13 10:31:28.861 1525 2055 I notification_visibility: [0|com.ss.android.lark|-20444|null|10110,1,7019926,7019707,0,4]
05-13 10:31:28.861 1525 2055 I sysui_multi_action: [757,128,758,1,793,7079500,794,0,795,7079500,796,4273,798,7,806,com.android.systemui,857,screen_record,858,3,947,0,1395,9,1500,7079299,1688,1,1745,680407814]
05-13 10:31:28.862 1525 2055 I sysui_multi_action: [757,804,799,note_freshness,801,7079500,802,1]
05-13 10:31:28.862 1525 2055 I notification_visibility: [0|com.android.systemui|4273|null|10079,1,7079500,7079500,0,7]
05-13 10:31:28.862 1525 2055 I sysui_multi_action: [757,128,758,1,793,7019931,794,0,795,410601,796,-24209,798,2,806,com.ss.android.lark,857,normal_v2,858,4,946,ranker_group,947,0,1395,9,1500,410212,1688,1,1745,945454168]
05-13 10:31:28.862 1525 2055 I sysui_multi_action: [757,1501,758,1,793,7019931,794,0,795,410601,796,-24209,806,com.ss.android.lark,857,normal_v2,858,4,946,ranker_group,947,0,1500,0,1688,1,1745,945454168]
05-13 10:31:28.862 1525 2055 I sysui_multi_action: [757,804,799,note_interruptive,801,0,802,1]
05-13 10:31:28.862 1525 2055 I sysui_multi_action: [757,804,799,note_freshness,801,410601,802,1]
05-13 10:31:28.862 1525 2055 I notification_visibility: [0|com.ss.android.lark|-24209|null|10110,1,7019931,410601,0,2]
05-13 10:31:28.862 1525 2055 I sysui_multi_action: [757,128,758,1,793,167117950,794,0,795,167117950,796,27,798,8,806,android,857,USB,858,1,947,0,1395,9,1500,167117362,1688,1]
05-13 10:31:28.863 1525 2055 I sysui_multi_action: [757,804,799,note_freshness,801,167117950,802,1]
05-13 10:31:28.863 1525 2055 I notification_visibility: [-1|android|27|null|1000,1,167117950,167117950,0,8]
05-13 10:31:30.176 15290 15290 I auditd : type=1400 audit(0.0:137878): avc: denied { read } for comm="NativeThread" name="unix" dev="proc" ino=4026532262 scontext=u:r:untrusted_app_27:s0:c512,c768 tcontext=u:object_r:proc_net:s0 tclass=file permissive=1 app=com.wandoujia.phoenix2
05-13 10:31:30.176 15290 15290 I auditd : type=1400 audit(0.0:137879): avc: denied { open } for comm="NativeThread" path="/proc/15290/net/unix" dev="proc" ino=4026532262 scontext=u:r:untrusted_app_27:s0:c512,c768 tcontext=u:object_r:proc_net:s0 tclass=file permissive=1 app=com.wandoujia.phoenix2
05-13 10:31:30.176 15290 15290 I auditd : type=1400 audit(0.0:137880): avc: denied { getattr } for comm="NativeThread" path="/proc/15290/net/unix" dev="proc" ino=4026532262 scontext=u:r:untrusted_app_27:s0:c512,c768 tcontext=u:object_r:proc_net:s0 tclass=file permissive=1 app=com.wandoujia.phoenix2
05-13 10:31:30.323 1525 3316 I netstats_mobile_sample: [0,0,0,0,0,0,0,0,0,0,0,0,1683945090323]
05-13 10:31:30.323 1525 3316 I netstats_wifi_sample: [9341435731,8670123,2351327347,7264762,9341435731,8670123,2351327347,7264762,11637965958,11708799,1317559838,5176575,1683945090323]
05-13 10:31:30.388 15290 15290 I auditd : type=1400 audit(0.0:137881): avc: granted { bind } for comm="NativeThread" scontext=u:r:untrusted_app_27:s0:c512,c768 tcontext=u:r:untrusted_app_27:s0:c512,c768 tclass=netlink_route_socket app=com.wandoujia.phoenix2
05-13 10:31:30.388 15290 15290 I auditd : type=1400 audit(0.0:137882): avc: granted { nlmsg_readpriv } for comm="NativeThread" scontext=u:r:untrusted_app_27:s0:c512,c768 tcontext=u:r:untrusted_app_27:s0:c512,c768 tclass=netlink_route_socket app=com.wandoujia.phoenix2
05-13 10:31:30.404 1525 25364 W ActivityManager: Unable to start service Intent { act=com.google.android.gms.ads.identifier.service.START pkg=com.google.android.gms } U=0: not found
05-13 10:31:30.405 15290 16179 E ActivityThread: Failed to find provider info for com.vivo.vms.IdProvider
05-13 10:31:34.552 1914 1914 I sysui_heads_up_status: [0|com.ss.android.article.news|1040091621|app_notify|10099,0]
05-13 10:31:34.618 1525 1621 I commit_sys_config_file: [sync-stats,165312830]
05-13 10:31:35.021 1525 25364 I sysui_multi_action: [757,128,758,2,793,7025884,794,6161,795,7025884,796,2147483647,797,ranker_group,798,1,806,com.ss.android.lark,857,normal_v2,858,4,946,ranker_group,947,1,1395,9,1500,7025884,1688,1]
05-13 10:31:35.022 1525 25364 I notification_visibility: [0|com.ss.android.lark|2147483647|ranker_group|10110|ranker_group,0,7025884,7025884,0,1]
05-13 10:31:35.022 1525 25364 I sysui_multi_action: [757,128,758,2,793,167124108,794,6162,795,167124108,796,26,798,0,806,android,857,DEVELOPER_IMPORTANT,858,4,947,0,1395,9,1500,167123522,1688,1]
05-13 10:31:35.022 1525 25364 I notification_visibility: [-1|android|26|null|1000,0,167124108,167124108,0,0]
05-13 10:31:35.022 1525 25364 I sysui_multi_action: [757,128,758,2,793,7026295,794,6162,795,3040412,796,-3365,798,3,806,com.ss.android.lark,857,normal_v2,858,4,946,ranker_group,947,0,1395,9,1500,6161,1688,1,1745,945454168]
05-13 10:31:35.022 1525 25364 I notification_visibility: [0|com.ss.android.lark|-3365|null|10110,0,7026295,3040412,0,3]
05-13 10:31:35.022 1525 25364 I sysui_multi_action: [757,128,758,2,793,7026087,794,6161,795,7025868,796,-20444,798,4,806,com.ss.android.lark,857,normal_v2,858,4,946,ranker_group,947,0,1395,9,1500,6161,1688,1,1745,945454168]
05-13 10:31:35.023 1525 25364 I notification_visibility: [0|com.ss.android.lark|-20444|null|10110,0,7026087,7025868,0,4]
05-13 10:31:35.023 1525 25364 I sysui_multi_action: [757,128,758,2,793,7085662,794,6162,795,7085662,796,4273,798,7,806,com.android.systemui,857,screen_record,858,3,947,0,1395,9,1500,7085461,1688,1,1745,680407814]
05-13 10:31:35.023 1525 25364 I notification_visibility: [0|com.android.systemui|4273|null|10079,0,7085662,7085662,0,7]
05-13 10:31:35.023 1525 25364 I sysui_multi_action: [757,128,758,2,793,7026092,794,6161,795,416762,796,-24209,798,2,806,com.ss.android.lark,857,normal_v2,858,4,946,ranker_group,947,0,1395,9,1500,6161,1688,1,1745,945454168]
05-13 10:31:35.023 1525 25364 I notification_visibility: [0|com.ss.android.lark|-24209|null|10110,0,7026092,416762,0,2]
05-13 10:31:35.023 1525 25364 I sysui_multi_action: [757,128,758,2,793,167124111,794,6161,795,167124111,796,27,798,8,806,android,857,USB,858,1,947,0,1395,9,1500,167123523,1688,1]
05-13 10:31:35.023 1525 25364 I notification_visibility: [-1|android|27|null|1000,0,167124111,167124111,0,8]
05-13 10:31:35.025 1525 31656 I sysui_multi_action: [757,127,758,2]
05-13 10:31:35.025 1525 31656 I notification_panel_hidden:
05-13 10:31:35.170 1525 1525 I notification_enqueue: [10094,11210,com.tencent.android.qqdownloader,127,NULL,0,Notification(channel=channel_id_default_silent shortcut=null contentView=com.tencent.android.qqdownloader/0x7f0a01c2 vibrate=null sound=null defaults=0x0 flags=0x2a2 color=0x00000000 groupKey=com.tencent.android.qqdownloader vis=PRIVATE),1]
05-13 10:31:35.372 1525 1525 I GameModeConfig: isGameModeOn = false
05-13 10:31:38.373 1525 25364 W ProcessStats: Tracking association SourceState{6ba0e71 com.tencent.android.qqdownloader:live/10094 BTopFgs #232772} whose proc state 2 is better than process ProcessState{48ac3f8 com.tencent.android.qqdownloader:daemon/10094 pkg=com.tencent.android.qqdownloader} proc state 3 (4 skipped)
05-13 10:31:38.790 1525 1829 I GameModeConfig: isGameModeOn = false
05-13 10:31:41.008 15290 15290 I auditd : type=1400 audit(0.0:137883): avc: granted { bind } for comm="NativeThread" scontext=u:r:untrusted_app_27:s0:c512,c768 tcontext=u:r:untrusted_app_27:s0:c512,c768 tclass=netlink_route_socket app=com.wandoujia.phoenix2
05-13 10:31:41.008 15290 15290 I auditd : type=1400 audit(0.0:137884): avc: granted { nlmsg_readpriv } for comm="NativeThread" scontext=u:r:untrusted_app_27:s0:c512,c768 tcontext=u:r:untrusted_app_27:s0:c512,c768 tclass=netlink_route_socket app=com.wandoujia.phoenix2
05-13 10:31:41.021 1525 31656 W ActivityManager: Unable to start service Intent { act=com.google.android.gms.ads.identifier.service.START pkg=com.google.android.gms } U=0: not found
05-13 10:31:41.021 15290 16179 E ActivityThread: Failed to find provider info for com.vivo.vms.IdProvider
05-13 10:31:42.804 15409 15409 I auditd : type=1400 audit(0.0:137885): avc: granted { nlmsg_readpriv } for comm="DaemonThread-6" scontext=u:r:untrusted_app_27:s0:c512,c768 tcontext=u:r:untrusted_app_27:s0:c512,c768 tclass=netlink_route_socket app=com.wandoujia.phoenix2
05-13 10:31:42.840 17626 17626 I auditd : type=1400 audit(0.0:137886): avc: denied { read } for comm="Thread-25" name="tcp" dev="proc" ino=4026532256 scontext=u:r:untrusted_app:s0:c104,c256,c512,c768 tcontext=u:object_r:proc_net_tcp_udp:s0 tclass=file permissive=1 app=tv.danmaku.bili
05-13 10:31:42.840 17626 17626 I auditd : type=1400 audit(0.0:137887): avc: denied { open } for comm="Thread-25" path="/proc/17626/net/tcp" dev="proc" ino=4026532256 scontext=u:r:untrusted_app:s0:c104,c256,c512,c768 tcontext=u:object_r:proc_net_tcp_udp:s0 tclass=file permissive=1 app=tv.danmaku.bili
05-13 10:31:42.840 17626 17626 I auditd : type=1400 audit(0.0:137888): avc: denied { getattr } for comm="Thread-25" path="/proc/17626/net/tcp" dev="proc" ino=4026532256 scontext=u:r:untrusted_app:s0:c104,c256,c512,c768 tcontext=u:object_r:proc_net_tcp_udp:s0 tclass=file permissive=1 app=tv.danmaku.bili
05-13 10:31:42.928 15409 15409 I auditd : type=1400 audit(0.0:137889): avc: granted { nlmsg_readpriv } for comm="DaemonThread-6" scontext=u:r:untrusted_app_27:s0:c512,c768 tcontext=u:r:untrusted_app_27:s0:c512,c768 tclass=netlink_route_socket app=com.wandoujia.phoenix2
05-13 10:31:43.284 0 0 I auditd : type=1400 audit(0.0:137890): avc: denied { kill } for comm="swapper/0" capability=5 scontext=u:r:kernel:s0 tcontext=u:r:kernel:s0 tclass=capability permissive=1
05-13 10:31:43.895 1525 1812 I service_manager_stats: [100,59,391627]
05-13 10:31:43.901 1525 1812 I netstats_mobile_sample: [0,0,0,0,0,0,0,0,0,0,0,0,1683945103901]
05-13 10:31:43.901 1525 1812 I netstats_wifi_sample: [9341527575,8670337,2351494095,7265140,9341527575,8670337,2351494095,7265140,11638296656,11709399,1317647128,5176791,1683945103901]
05-13 10:31:43.900 678 678 I auditd : type=1400 audit(0.0:137891): avc: denied { add_name } for comm="Binder:678_4" name="globalAlert" scontext=u:r:netd:s0 tcontext=u:object_r:proc_net:s0 tclass=dir permissive=1
05-13 10:31:43.900 678 678 I auditd : type=1400 audit(0.0:137892): avc: denied { create } for comm="Binder:678_4" name="globalAlert" scontext=u:r:netd:s0 tcontext=u:object_r:proc_net:s0 tclass=file permissive=1
05-13 10:31:51.268 15290 15290 I auditd : type=1400 audit(0.0:137893): avc: denied { read } for comm="NativeThread" name="unix" dev="proc" ino=4026532262 scontext=u:r:untrusted_app_27:s0:c512,c768 tcontext=u:object_r:proc_net:s0 tclass=file permissive=1 app=com.wandoujia.phoenix2
05-13 10:31:51.268 15290 15290 I auditd : type=1400 audit(0.0:137894): avc: denied { open } for comm="NativeThread" path="/proc/15290/net/unix" dev="proc" ino=4026532262 scontext=u:r:untrusted_app_27:s0:c512,c768 tcontext=u:object_r:proc_net:s0 tclass=file permissive=1 app=com.wandoujia.phoenix2
05-13 10:31:51.268 15290 15290 I auditd : type=1400 audit(0.0:137895): avc: denied { getattr } for comm="NativeThread" path="/proc/15290/net/unix" dev="proc" ino=4026532262 scontext=u:r:untrusted_app_27:s0:c512,c768 tcontext=u:object_r:proc_net:s0 tclass=file permissive=1 app=com.wandoujia.phoenix2
05-13 10:31:51.524 15290 15290 I auditd : type=1400 audit(0.0:137896): avc: denied { read } for comm="NativeThread" name="version" dev="proc" ino=4026532238 scontext=u:r:untrusted_app_27:s0:c512,c768 tcontext=u:object_r:proc_version:s0 tclass=file permissive=1 app=com.wandoujia.phoenix2
05-13 10:31:51.524 15290 15290 I auditd : type=1400 audit(0.0:137897): avc: denied { open } for comm="NativeThread" path="/proc/version" dev="proc" ino=4026532238 scontext=u:r:untrusted_app_27:s0:c512,c768 tcontext=u:object_r:proc_version:s0 tclass=file permissive=1 app=com.wandoujia.phoenix2
05-13 10:31:51.524 15290 15290 I auditd : type=1400 audit(0.0:137898): avc: denied { ioctl } for comm="NativeThread" path="socket:[8450322]" dev="sockfs" ino=8450322 ioctlcmd=0x8927 scontext=u:r:untrusted_app_27:s0:c512,c768 tcontext=u:r:untrusted_app_27:s0:c512,c768 tclass=udp_socket permissive=1 app=com.wandoujia.phoenix2
05-13 10:31:51.524 15290 15290 I auditd : type=1400 audit(0.0:137899): avc: granted { bind } for comm="NativeThread" scontext=u:r:untrusted_app_27:s0:c512,c768 tcontext=u:r:untrusted_app_27:s0:c512,c768 tclass=netlink_route_socket app=com.wandoujia.phoenix2
05-13 10:31:51.524 15290 15290 I auditd : type=1400 audit(0.0:137900): avc: granted { nlmsg_readpriv } for comm="NativeThread" scontext=u:r:untrusted_app_27:s0:c512,c768 tcontext=u:r:untrusted_app_27:s0:c512,c768 tclass=netlink_route_socket app=com.wandoujia.phoenix2
05-13 10:31:51.528 15290 15290 I auditd : type=1400 audit(0.0:137901): avc: denied { getattr } for comm="NativeThread" path="/data/data/com.android.printspooler" dev="dm-10" ino=1894 scontext=u:r:untrusted_app_27:s0:c512,c768 tcontext=u:object_r:app_data_file:s0:c41,c256,c512,c768 tclass=dir permissive=1 app=com.wandoujia.phoenix2
05-13 10:31:51.536 1525 3316 W ActivityManager: Unable to start service Intent { act=com.google.android.gms.ads.identifier.service.START pkg=com.google.android.gms } U=0: not found
05-13 10:31:51.536 15290 16179 E ActivityThread: Failed to find provider info for com.vivo.vms.IdProvider
05-13 10:31:54.669 1525 1525 W ProcessStats: Tracking association SourceState{6ba0e71 com.tencent.android.qqdownloader:live/10094 BTopFgs #232788} whose proc state 2 is better than process ProcessState{48ac3f8 com.tencent.android.qqdownloader:daemon/10094 pkg=com.tencent.android.qqdownloader} proc state 3 (3 skipped)
05-13 10:31:54.677 1525 1894 I sync : [com.tencent.android.qqdownloader.YYBLiveAccountProvider,0,3,24220937]
05-13 10:31:54.702 1525 1894 I sync : [com.tencent.android.qqdownloader.YYBLiveAccountProvider,1,3,24220937]
05-13 10:31:54.705 1525 1894 I commit_sys_config_file: [sync-status,167132927]
05-13 10:31:54.712 1525 1894 I sync : [com.tencent.android.qqdownloader.YYBLiveAccountProvider,0,3,24220937]
05-13 10:31:54.736 1525 1894 I sync : [com.tencent.android.qqdownloader.YYBLiveAccountProvider,1,3,24220937]
05-13 10:31:54.738 1525 1894 I commit_sys_config_file: [sync-status,167132960]
05-13 10:31:55.132 1525 1621 I am_pss : [9202,10096,com.ximalaya.ting.android,95045632,87171072,4097024,174170112,0,19,15]
05-13 10:31:56.697 1525 1606 I commit_sys_config_file: [jobs,5]
05-13 10:32:02.064 15290 15290 I auditd : type=1400 audit(0.0:137903): avc: granted { bind } for comm="NativeThread" scontext=u:r:untrusted_app_27:s0:c512,c768 tcontext=u:r:untrusted_app_27:s0:c512,c768 tclass=netlink_route_socket app=com.wandoujia.phoenix2
05-13 10:32:02.064 15290 15290 I auditd : type=1400 audit(0.0:137904): avc: granted { nlmsg_readpriv } for comm="NativeThread" scontext=u:r:untrusted_app_27:s0:c512,c768 tcontext=u:r:untrusted_app_27:s0:c512,c768 tclass=netlink_route_socket app=com.wandoujia.phoenix2
05-13 10:32:02.064 15290 15290 I auditd : type=1400 audit(0.0:137905): avc: denied { getattr } for comm="NativeThread" path="/data/data/com.android.htmlviewer" dev="dm-10" ino=1758 scontext=u:r:untrusted_app_27:s0:c512,c768 tcontext=u:object_r:app_data_file:s0:c46,c256,c512,c768 tclass=dir permissive=1 app=com.wandoujia.phoenix2
05-13 10:32:02.064 15290 15290 I auditd : type=1400 audit(0.0:137906): avc: denied { getattr } for comm="NativeThread" path="/data/data/com.android.printspooler" dev="dm-10" ino=1894 scontext=u:r:untrusted_app_27:s0:c512,c768 tcontext=u:object_r:app_data_file:s0:c41,c256,c512,c768 tclass=dir permissive=1 app=com.wandoujia.phoenix2
05-13 10:32:02.074 1525 3316 W ActivityManager: Unable to start service Intent { act=com.google.android.gms.ads.identifier.service.START pkg=com.google.android.gms } U=0: not found
05-13 10:32:02.075 15290 16179 E ActivityThread: Failed to find provider info for com.vivo.vms.IdProvider
05-13 10:32:12.286 1525 3316 I netstats_mobile_sample: [0,0,0,0,0,0,0,0,0,0,0,0,1683945132286]
05-13 10:32:12.287 1525 3316 I netstats_wifi_sample: [9341757463,8670878,2351895860,7266071,9341757463,8670878,2351895860,7266071,11639102242,11710835,1317868319,5177358,1683945132286]
05-13 10:32:12.564 15290 15290 I auditd : type=1400 audit(0.0:137907): avc: granted { bind } for comm="NativeThread" scontext=u:r:untrusted_app_27:s0:c512,c768 tcontext=u:r:untrusted_app_27:s0:c512,c768 tclass=netlink_route_socket app=com.wandoujia.phoenix2
05-13 10:32:12.564 15290 15290 I auditd : type=1400 audit(0.0:137908): avc: granted { nlmsg_readpriv } for comm="NativeThread" scontext=u:r:untrusted_app_27:s0:c512,c768 tcontext=u:r:untrusted_app_27:s0:c512,c768 tclass=netlink_route_socket app=com.wandoujia.phoenix2
05-13 10:32:12.578 1525 2055 W ActivityManager: Unable to start service Intent { act=com.google.android.gms.ads.identifier.service.START pkg=com.google.android.gms } U=0: not found
05-13 10:32:12.579 15290 16179 E ActivityThread: Failed to find provider info for com.vivo.vms.IdProvider
05-13 10:32:12.964 17626 17626 I auditd : type=1400 audit(0.0:137909): avc: denied { read } for comm="Thread-25" name="tcp" dev="proc" ino=4026532256 scontext=u:r:untrusted_app:s0:c104,c256,c512,c768 tcontext=u:object_r:proc_net_tcp_udp:s0 tclass=file permissive=1 app=tv.danmaku.bili
05-13 10:32:12.964 17626 17626 I auditd : type=1400 audit(0.0:137910): avc: denied { open } for comm="Thread-25" path="/proc/17626/net/tcp" dev="proc" ino=4026532256 scontext=u:r:untrusted_app:s0:c104,c256,c512,c768 tcontext=u:object_r:proc_net_tcp_udp:s0 tclass=file permissive=1 app=tv.danmaku.bili
05-13 10:32:12.964 17626 17626 I auditd : type=1400 audit(0.0:137911): avc: denied { getattr } for comm="Thread-25" path="/proc/17626/net/tcp" dev="proc" ino=4026532256 scontext=u:r:untrusted_app:s0:c104,c256,c512,c768 tcontext=u:object_r:proc_net_tcp_udp:s0 tclass=file permissive=1 app=tv.danmaku.bili
05-13 10:32:15.308 15290 15290 I auditd : type=1400 audit(0.0:137912): avc: granted { nlmsg_readpriv } for comm="DaemonThread-6" scontext=u:r:untrusted_app_27:s0:c512,c768 tcontext=u:r:untrusted_app_27:s0:c512,c768 tclass=netlink_route_socket app=com.wandoujia.phoenix2
05-13 10:32:15.472 15290 15290 I auditd : type=1400 audit(0.0:137913): avc: granted { nlmsg_readpriv } for comm="DaemonThread-6" scontext=u:r:untrusted_app_27:s0:c512,c768 tcontext=u:r:untrusted_app_27:s0:c512,c768 tclass=netlink_route_socket app=com.wandoujia.phoenix2
05-13 10:32:16.768 15290 15290 I auditd : type=1400 audit(0.0:137914): avc: denied { open } for comm="doujia.phoenix2" path="/proc/vmstat" dev="proc" ino=4026531858 scontext=u:r:untrusted_app_27:s0:c512,c768 tcontext=u:object_r:proc_vmstat:s0 tclass=file permissive=1 app=com.wandoujia.phoenix2
05-13 10:32:16.768 15290 15290 I auditd : type=1400 audit(0.0:137915): avc: denied { getattr } for comm="doujia.phoenix2" path="/proc/vmstat" dev="proc" ino=4026531858 scontext=u:r:untrusted_app_27:s0:c512,c768 tcontext=u:object_r:proc_vmstat:s0 tclass=file permissive=1 app=com.wandoujia.phoenix2
05-13 10:32:20.303 1525 1783 D ActivityManager: freezing 13967 com.kugou.android
05-13 10:32:20.304 1525 1783 E ActivityManager: Unable to freeze binder for 13967 com.kugou.android
05-13 10:32:20.305 1525 1783 D ActivityManager: froze 13967 com.kugou.android
05-13 10:32:20.305 1525 1783 I am_freeze: [13967,com.kugou.android]
05-13 10:32:20.306 1525 1783 E ActivityManager: Unable to freeze binder for 13967 com.kugou.android
05-13 10:32:20.310 1525 1783 D ActivityManager: freezing 13992 com.android.settings
05-13 10:32:20.310 1525 1783 E ActivityManager: Unable to freeze binder for 13992 com.android.settings
05-13 10:32:20.311 1525 1783 D ActivityManager: froze 13992 com.android.settings
05-13 10:32:20.311 1525 1783 I am_freeze: [13992,com.android.settings]
05-13 10:32:20.311 1525 1783 E ActivityManager: Unable to freeze binder for 13992 com.android.settings
05-13 10:32:20.313 1525 1783 I ActivityManager: Killing 13967:com.kugou.android/u0a95 (adj 965): Unable to freeze binder interface
05-13 10:32:20.313 1525 1783 I am_kill : [0,13967,com.kugou.android,965,Unable to freeze binder interface]
05-13 10:32:20.315 1525 1783 I ActivityManager: Killing 13992:com.android.settings/1000 (adj 965): Unable to freeze binder interface
05-13 10:32:20.315 1525 1783 I am_kill : [0,13992,com.android.settings,965,Unable to freeze binder interface]
05-13 10:32:20.347 1525 31656 I am_proc_died: [0,13992,com.android.settings,965,19]
05-13 10:32:20.349 1525 31656 I ActivityManager: Killing 9202:com.ximalaya.ting.android/u0a96 (adj 995): empty for 1800s
05-13 10:32:20.349 1525 31656 I am_kill : [0,9202,com.ximalaya.ting.android,995,empty for 1800s]
05-13 10:32:20.353 1525 31656 W ProcessStats: Tracking association SourceState{6ba0e71 com.tencent.android.qqdownloader:live/10094 BTopFgs #232838} whose proc state 2 is better than process ProcessState{48ac3f8 com.tencent.android.qqdownloader:daemon/10094 pkg=com.tencent.android.qqdownloader} proc state 3 (23 skipped)
05-13 10:32:20.357 1525 1607 W ActivityManager: ProcessRecord{19842e 13967:com.kugou.android/u0a95} is attached to a previous process
05-13 10:32:20.357 1525 1607 I am_uid_stopped: 10095
05-13 10:32:20.357 1525 1607 W ActivityManager: Existing proc ProcessRecord{19842e 13967:com.kugou.android/u0a95} was killed 43ms ago when adding ProcessRecord{6333f26 0:com.kugou.android/u0a95}
05-13 10:32:20.357 1525 1607 I am_uid_running: 10095
05-13 10:32:20.358 1525 1607 D CompatibilityChangeReporter: Compat change id reported: 135634846; UID 10095; state: DISABLED
05-13 10:32:20.358 1525 1607 D CompatibilityChangeReporter: Compat change id reported: 177438394; UID 10095; state: DISABLED
05-13 10:32:20.358 1525 1607 D CompatibilityChangeReporter: Compat change id reported: 135772972; UID 10095; state: DISABLED
05-13 10:32:20.358 1525 1607 D CompatibilityChangeReporter: Compat change id reported: 135754954; UID 10095; state: DISABLED
05-13 10:32:20.359 1525 1607 W ActivityManager: ProcessRecord{61ad80a 9202:com.ximalaya.ting.android/u0a96} is attached to a previous process
05-13 10:32:20.359 1525 1607 W ActivityManager: Existing proc ProcessRecord{61ad80a 9202:com.ximalaya.ting.android/u0a96} was killed 7ms ago when adding ProcessRecord{e73a767 0:com.ximalaya.ting.android/u0a96}
05-13 10:32:20.359 1525 1607 D CompatibilityChangeReporter: Compat change id reported: 135634846; UID 10096; state: DISABLED
05-13 10:32:20.359 1525 1607 D CompatibilityChangeReporter: Compat change id reported: 177438394; UID 10096; state: DISABLED
05-13 10:32:20.359 1525 1607 D CompatibilityChangeReporter: Compat change id reported: 135772972; UID 10096; state: DISABLED
05-13 10:32:20.359 1525 1607 D CompatibilityChangeReporter: Compat change id reported: 135754954; UID 10096; state: DISABLED
05-13 10:32:20.361 1525 1607 D CompatibilityChangeReporter: Compat change id reported: 135634846; UID 1000; state: DISABLED
05-13 10:32:20.361 1525 1607 D CompatibilityChangeReporter: Compat change id reported: 177438394; UID 1000; state: DISABLED
05-13 10:32:20.361 1525 1607 D CompatibilityChangeReporter: Compat change id reported: 135772972; UID 1000; state: DISABLED
05-13 10:32:20.361 1525 1607 D CompatibilityChangeReporter: Compat change id reported: 135754954; UID 1000; state: ENABLED
05-13 10:32:20.363 1525 1621 I am_pss : [15051,1000,com.qti.diagservices,13991936,5468160,6883328,58155008,0,10,6]
05-13 10:32:20.365 1525 1607 I am_uid_running: 10109
05-13 10:32:20.366 1525 1607 D CompatibilityChangeReporter: Compat change id reported: 135634846; UID 10109; state: DISABLED
05-13 10:32:20.366 1525 1607 D CompatibilityChangeReporter: Compat change id reported: 177438394; UID 10109; state: DISABLED
05-13 10:32:20.366 1525 1607 D CompatibilityChangeReporter: Compat change id reported: 135772972; UID 10109; state: DISABLED
05-13 10:32:20.366 1525 1607 D CompatibilityChangeReporter: Compat change id reported: 135754954; UID 10109; state: ENABLED
05-13 10:32:20.373 1525 31656 I am_proc_died: [0,13967,com.kugou.android,965,19]
05-13 10:32:20.374 1525 1621 I am_pss : [14313,10100,com.netease.newsreader.activity:pushservice,28746752,13189120,6415360,99774464,0,19,8]
05-13 10:32:20.376 1525 1624 D CompatibilityChangeReporter: Compat change id reported: 143937733; UID 10095; state: DISABLED
05-13 10:32:20.385 1525 1621 I am_pss : [11460,10097,com.baidu.appsearch,52085760,37367808,1448960,155287552,0,19,10]
05-13 10:32:20.392 1525 1624 I am_proc_start: [0,16422,10095,com.kugou.android,NULL,]
05-13 10:32:20.392 1525 1624 I ActivityManager: Start proc 16422:com.kugou.android/u0a95 for null
05-13 10:32:20.416 1525 31656 I am_proc_bound: [0,16422,com.kugou.android]
05-13 10:32:20.417 1525 31656 D CompatibilityChangeReporter: Compat change id reported: 168419799; UID 10095; state: DISABLED
05-13 10:32:20.452 1525 31656 I am_proc_died: [0,9202,com.ximalaya.ting.android,995,19]
05-13 10:32:20.531 1525 1624 W ActivityManager: Slow operation: 171ms so far, now at startProcess: asking zygote to start proc
05-13 10:32:20.531 1525 1624 D CompatibilityChangeReporter: Compat change id reported: 143937733; UID 10096; state: DISABLED
05-13 10:32:20.546 1525 1624 W ActivityManager: Slow operation: 186ms so far, now at startProcess: returned from zygote!
05-13 10:32:20.546 1525 1624 W ActivityManager: Slow operation: 187ms so far, now at startProcess: done updating battery stats
05-13 10:32:20.546 1525 1624 I am_proc_start: [0,16440,10096,com.ximalaya.ting.android,NULL,]
05-13 10:32:20.546 1525 1624 W ActivityManager: Slow operation: 187ms so far, now at startProcess: building log message
05-13 10:32:20.546 1525 1624 I ActivityManager: Start proc 16440:com.ximalaya.ting.android/u0a96 for null
05-13 10:32:20.546 1525 1624 W ActivityManager: Slow operation: 187ms so far, now at startProcess: starting to update pids map
05-13 10:32:20.548 1525 1624 W ActivityManager: Slow operation: 189ms so far, now at startProcess: done updating pids map
05-13 10:32:20.548 1525 1624 W ActivityManager: Slow operation: 188ms so far, now at startProcess: asking zygote to start proc
05-13 10:32:20.562 1525 1624 W ActivityManager: Slow operation: 202ms so far, now at startProcess: returned from zygote!
05-13 10:32:20.562 1525 1624 W ActivityManager: Slow operation: 202ms so far, now at startProcess: done updating battery stats
05-13 10:32:20.562 1525 1624 I am_proc_start: [0,16446,1000,com.android.settings,NULL,]
05-13 10:32:20.562 1525 1624 W ActivityManager: Slow operation: 202ms so far, now at startProcess: building log message
05-13 10:32:20.562 1525 1624 I ActivityManager: Start proc 16446:com.android.settings/1000 for null
05-13 10:32:20.562 1525 1624 W ActivityManager: Slow operation: 202ms so far, now at startProcess: starting to update pids map
05-13 10:32:20.563 1525 1624 W ActivityManager: Slow operation: 203ms so far, now at startProcess: done updating pids map
05-13 10:32:20.563 1525 1624 W ActivityManager: Slow operation: 198ms so far, now at startProcess: asking zygote to start proc
05-13 10:32:20.563 1525 1624 D CompatibilityChangeReporter: Compat change id reported: 143937733; UID 10109; state: ENABLED
05-13 10:32:20.569 1525 31656 I am_proc_bound: [0,16440,com.ximalaya.ting.android]
05-13 10:32:20.571 1525 31656 D CompatibilityChangeReporter: Compat change id reported: 168419799; UID 10096; state: DISABLED
05-13 10:32:20.571 1525 1624 W ActivityManager: Slow operation: 206ms so far, now at startProcess: returned from zygote!
05-13 10:32:20.573 1525 1624 W ActivityManager: Slow operation: 208ms so far, now at startProcess: done updating battery stats
05-13 10:32:20.573 1525 1624 I am_proc_start: [0,16456,10109,com.sina.weibo,NULL,]
05-13 10:32:20.573 1525 1624 W ActivityManager: Slow operation: 208ms so far, now at startProcess: building log message
05-13 10:32:20.573 1525 1624 I ActivityManager: Start proc 16456:com.sina.weibo/u0a109 for null
05-13 10:32:20.573 1525 1624 W ActivityManager: Slow operation: 208ms so far, now at startProcess: starting to update pids map
05-13 10:32:20.573 1525 1624 W ActivityManager: Slow operation: 208ms so far, now at startProcess: done updating pids map
05-13 10:32:20.582 1525 31656 I am_proc_bound: [0,16446,com.android.settings]
05-13 10:32:20.588 1525 31656 D CompatibilityChangeReporter: Compat change id reported: 168419799; UID 1000; state: DISABLED
05-13 10:32:20.595 1525 31656 I am_proc_bound: [0,16456,com.sina.weibo]
05-13 10:32:20.598 1525 31656 D CompatibilityChangeReporter: Compat change id reported: 168419799; UID 10109; state: DISABLED
05-13 10:32:20.668 845 845 I auditd : type=1400 audit(0.0:137916): avc: denied { add_name } for comm="perf@2.2-servic" name="cpu_min_freq" scontext=u:r:vendor_hal_perf_default:s0 tcontext=u:object_r:vendor_sysfs_msm_perf:s0 tclass=dir permissive=1
05-13 10:32:20.668 845 845 I auditd : type=1400 audit(0.0:137917): avc: denied { create } for comm="perf@2.2-servic" name="cpu_min_freq" scontext=u:r:vendor_hal_perf_default:s0 tcontext=u:object_r:vendor_sysfs_msm_perf:s0 tclass=file permissive=1
05-13 10:32:20.950 16422 16422 D ActivityThread: Loading provider com.kugou.android.kugouCommonPreferences: com.kugou.common.preferences.provider.CommonSharedPreferencesProvider
05-13 10:32:20.982 1525 20725 W ActivityManager: Background start not allowed: service Intent { cmp=com.ximalaya.ting.android/.host.manager.bundleframework.BundleManager.XMPatchService (has extras) } to com.ximalaya.ting.android/.host.manager.bundleframework.BundleManager.XMPatchService from pid=16440 uid=10096 pkg=com.ximalaya.ting.android startFg?=false
05-13 10:32:21.068 16440 16549 D ActivityThread: Loading provider com.ximalaya.ting.android.opensdk.util.MultiProcessSharedPreferences: com.ximalaya.ting.android.opensdk.util.MultiProcessSharedPreferences
05-13 10:32:21.068 16456 16556 D ActivityThread: Loading provider com.sina.weibo.spProvider: com.sina.weibo.provider.SinaWeiboSPProvider
05-13 10:32:21.349 16456 16605 E ActivityThread: Failed to find provider info for com.vivo.push.sdk.service.SystemPushConfig
05-13 10:32:21.357 1525 2055 D CompatibilityChangeReporter: Compat change id reported: 135634846; UID 10109; state: DISABLED
05-13 10:32:21.357 1525 2055 D CompatibilityChangeReporter: Compat change id reported: 177438394; UID 10109; state: DISABLED
05-13 10:32:21.357 1525 2055 D CompatibilityChangeReporter: Compat change id reported: 135772972; UID 10109; state: DISABLED
05-13 10:32:21.357 1525 2055 D CompatibilityChangeReporter: Compat change id reported: 135754954; UID 10109; state: ENABLED
05-13 10:32:21.358 1525 1624 D CompatibilityChangeReporter: Compat change id reported: 143937733; UID 10109; state: ENABLED
05-13 10:32:21.366 1525 1624 I am_proc_start: [0,16623,10109,com.sina.weibo:pushservice,service,{com.sina.weibo/com.xiaomi.push.service.XMPushService}]
05-13 10:32:21.366 1525 1624 I ActivityManager: Start proc 16623:com.sina.weibo:pushservice/u0a109 for service {com.sina.weibo/com.xiaomi.push.service.XMPushService}
05-13 10:32:21.364 16456 16456 I auditd : type=1400 audit(0.0:137918): avc: denied { open } for comm="pool-2-thread-3" path="/dev/__properties__/u:object_r:vendor_default_prop:s0" dev="tmpfs" ino=12723 scontext=u:r:untrusted_app:s0:c109,c256,c512,c768 tcontext=u:object_r:vendor_default_prop:s0 tclass=file permissive=1 app=com.sina.weibo
05-13 10:32:21.364 16456 16456 I auditd : type=1400 audit(0.0:137919): avc: denied { getattr } for comm="pool-2-thread-3" path="/dev/__properties__/u:object_r:vendor_default_prop:s0" dev="tmpfs" ino=12723 scontext=u:r:untrusted_app:s0:c109,c256,c512,c768 tcontext=u:object_r:vendor_default_prop:s0 tclass=file permissive=1 app=com.sina.weibo
05-13 10:32:21.364 16456 16456 I auditd : type=1400 audit(0.0:137920): avc: denied { map } for comm="pool-2-thread-3" path="/dev/__properties__/u:object_r:vendor_default_prop:s0" dev="tmpfs" ino=12723 scontext=u:r:untrusted_app:s0:c109,c256,c512,c768 tcontext=u:object_r:vendor_default_prop:s0 tclass=file permissive=1 app=com.sina.weibo
05-13 10:32:21.403 1525 2055 I am_proc_bound: [0,16623,com.sina.weibo:pushservice]
05-13 10:32:21.457 1525 2055 W ActivityManager: Background start not allowed: service Intent { cmp=com.sina.weibo/.push.PushServiceProxy (has extras) } to com.sina.weibo/.push.PushServiceProxy from pid=16456 uid=10109 pkg=com.sina.weibo startFg?=false
05-13 10:32:21.456 845 845 I auditd : type=1400 audit(0.0:137921): avc: denied { add_name } for comm="perf@2.2-servic" name="cpu_min_freq" scontext=u:r:vendor_hal_perf_default:s0 tcontext=u:object_r:vendor_sysfs_msm_perf:s0 tclass=dir permissive=1
05-13 10:32:21.456 845 845 I auditd : type=1400 audit(0.0:137922): avc: denied { create } for comm="perf@2.2-servic" name="cpu_min_freq" scontext=u:r:vendor_hal_perf_default:s0 tcontext=u:object_r:vendor_sysfs_msm_perf:s0 tclass=file permissive=1
05-13 10:32:21.528 1525 1829 I GameModeConfig: isGameModeOn = false
05-13 10:32:21.528 1525 1829 I GameModeConfig: isGameModeOn = false
05-13 10:32:21.529 1525 1829 I GameModeConfig: isGameModeOn = false
05-13 10:32:21.529 1525 1829 I GameModeConfig: isGameModeOn = false
05-13 10:32:21.529 1525 1829 I GameModeConfig: isGameModeOn = false
05-13 10:32:21.529 1525 1829 I GameModeConfig: isGameModeOn = false
05-13 10:32:21.529 1525 1829 I GameModeConfig: isGameModeOn = false
05-13 10:32:21.530 1525 1829 I GameModeConfig: isGameModeOn = false
05-13 10:32:21.530 1525 1829 I GameModeConfig: isGameModeOn = false
05-13 10:32:21.530 1525 1829 I GameModeConfig: isGameModeOn = false
05-13 10:32:21.530 1525 1829 I GameModeConfig: isGameModeOn = false
05-13 10:32:21.530 1525 1829 I GameModeConfig: isGameModeOn = false
05-13 10:32:21.531 1525 1829 I GameModeConfig: isGameModeOn = false
05-13 10:32:21.531 1525 1829 I GameModeConfig: isGameModeOn = false
05-13 10:32:21.531 1525 1829 I GameModeConfig: isGameModeOn = false
05-13 10:32:21.531 1525 1829 I GameModeConfig: isGameModeOn = false
05-13 10:32:21.531 1525 1829 I GameModeConfig: isGameModeOn = false
05-13 10:32:21.531 1525 1829 I GameModeConfig: isGameModeOn = false
05-13 10:32:21.532 1525 1829 I GameModeConfig: isGameModeOn = false
05-13 10:32:21.532 1525 1829 I GameModeConfig: isGameModeOn = false
05-13 10:32:21.532 1525 1829 I GameModeConfig: isGameModeOn = false
05-13 10:32:21.532 1525 1829 I GameModeConfig: isGameModeOn = false
05-13 10:32:21.532 1525 1829 I GameModeConfig: isGameModeOn = false
05-13 10:32:21.532 1525 1829 I GameModeConfig: isGameModeOn = false
05-13 10:32:21.533 1525 1829 I GameModeConfig: isGameModeOn = false
05-13 10:32:21.533 1525 1829 I GameModeConfig: isGameModeOn = false
05-13 10:32:21.533 1525 1829 I GameModeConfig: isGameModeOn = false
05-13 10:32:21.533 1525 1829 I GameModeConfig: isGameModeOn = false
05-13 10:32:21.534 1525 1829 I GameModeConfig: isGameModeOn = false
05-13 10:32:21.534 1525 1829 I GameModeConfig: isGameModeOn = false
