05-13 10:32:21.534 1525 1829 I GameModeConfig: isGameModeOn = false
05-13 10:32:21.534 1525 1829 I GameModeConfig: isGameModeOn = false
05-13 10:32:21.534 1525 1829 I GameModeConfig: isGameModeOn = false
05-13 10:32:21.534 1525 1829 I GameModeConfig: isGameModeOn = false
05-13 10:32:21.535 1525 1829 I GameModeConfig: isGameModeOn = false
05-13 10:32:21.535 1525 1829 I GameModeConfig: isGameModeOn = false
05-13 10:32:21.535 1525 1829 I GameModeConfig: isGameModeOn = false
05-13 10:32:21.535 1525 1829 I GameModeConfig: isGameModeOn = false
05-13 10:32:21.535 1525 1829 I GameModeConfig: isGameModeOn = false
05-13 10:32:21.536 1525 1829 I GameModeConfig: isGameModeOn = false
05-13 10:32:21.536 1525 1829 I GameModeConfig: isGameModeOn = false
05-13 10:32:21.536 1525 1829 I GameModeConfig: isGameModeOn = false
05-13 10:32:21.536 1525 1829 I GameModeConfig: isGameModeOn = false
05-13 10:32:21.536 1525 1829 I GameModeConfig: isGameModeOn = false
05-13 10:32:21.536 1525 1829 I GameModeConfig: isGameModeOn = false
05-13 10:32:21.537 1525 1829 I GameModeConfig: isGameModeOn = false
05-13 10:32:21.537 1525 1829 I GameModeConfig: isGameModeOn = false
05-13 10:32:21.537 1525 1829 I GameModeConfig: isGameModeOn = false
05-13 10:32:21.537 1525 1829 I GameModeConfig: isGameModeOn = false
05-13 10:32:21.537 1525 1829 I GameModeConfig: isGameModeOn = false
05-13 10:32:21.537 1525 1829 I GameModeConfig: isGameModeOn = false
05-13 10:32:21.538 1525 1829 I GameModeConfig: isGameModeOn = false
05-13 10:32:21.663 1525 20725 W ActivityManager: Unable to start service Intent { act=com.bun.msa.action.start.service cmp=com.mdid.msa/.service.MsaKlService (has extras) } U=0: not found
05-13 10:32:21.708 1525 2055 D CompatibilityChangeReporter: Compat change id reported: 135634846; UID 10109; state: DISABLED
05-13 10:32:21.708 1525 2055 D CompatibilityChangeReporter: Compat change id reported: 177438394; UID 10109; state: DISABLED
05-13 10:32:21.708 1525 2055 D CompatibilityChangeReporter: Compat change id reported: 135772972; UID 10109; state: DISABLED
05-13 10:32:21.708 1525 2055 D CompatibilityChangeReporter: Compat change id reported: 135754954; UID 10109; state: ENABLED
05-13 10:32:21.708 1525 1624 D CompatibilityChangeReporter: Compat change id reported: 143937733; UID 10109; state: ENABLED
05-13 10:32:21.716 1525 1624 I am_proc_start: [0,16740,10109,com.sina.weibo:remote,service,{com.sina.weibo/com.sina.weibo.HotEventService}]
05-13 10:32:21.716 1525 1624 I ActivityManager: Start proc 16740:com.sina.weibo:remote/u0a109 for service {com.sina.weibo/com.sina.weibo.HotEventService}
05-13 10:32:21.735 1525 2055 I am_proc_bound: [0,16740,com.sina.weibo:remote]
05-13 10:32:21.755 1525 2055 W ActivityManager: Unable to start service Intent { act=com.bun.msa.action.bindto.service cmp=com.mdid.msa/.service.MsaIdService (has extras) } U=0: not found
05-13 10:32:22.464 16440 16440 I auditd : type=1400 audit(0.0:137926): avc: granted { nlmsg_readpriv } for comm="RealTimeThreadP" scontext=u:r:untrusted_app_27:s0:c96,c256,c512,c768 tcontext=u:r:untrusted_app_27:s0:c96,c256,c512,c768 tclass=netlink_route_socket app=com.ximalaya.ting.android
05-13 10:32:22.848 15290 15290 I auditd : type=1400 audit(0.0:137927): avc: denied { read } for comm="NativeThread" name="unix" dev="proc" ino=4026532262 scontext=u:r:untrusted_app_27:s0:c512,c768 tcontext=u:object_r:proc_net:s0 tclass=file permissive=1 app=com.wandoujia.phoenix2
05-13 10:32:22.848 15290 15290 I auditd : type=1400 audit(0.0:137928): avc: denied { open } for comm="NativeThread" path="/proc/15290/net/unix" dev="proc" ino=4026532262 scontext=u:r:untrusted_app_27:s0:c512,c768 tcontext=u:object_r:proc_net:s0 tclass=file permissive=1 app=com.wandoujia.phoenix2
05-13 10:32:22.848 15290 15290 I auditd : type=1400 audit(0.0:137929): avc: denied { getattr } for comm="NativeThread" path="/proc/15290/net/unix" dev="proc" ino=4026532262 scontext=u:r:untrusted_app_27:s0:c512,c768 tcontext=u:object_r:proc_net:s0 tclass=file permissive=1 app=com.wandoujia.phoenix2
05-13 10:32:23.072 15290 15290 I auditd : type=1400 audit(0.0:137930): avc: denied { read } for comm="NativeThread" name="version" dev="proc" ino=4026532238 scontext=u:r:untrusted_app_27:s0:c512,c768 tcontext=u:object_r:proc_version:s0 tclass=file permissive=1 app=com.wandoujia.phoenix2
05-13 10:32:23.089 1525 20725 W ActivityManager: Unable to start service Intent { act=com.google.android.gms.ads.identifier.service.START pkg=com.google.android.gms } U=0: not found
05-13 10:32:23.090 15290 16179 E ActivityThread: Failed to find provider info for com.vivo.vms.IdProvider
05-13 10:32:23.266 1525 1829 I GameModeConfig: isGameModeOn = false
05-13 10:32:23.266 1525 1829 I GameModeConfig: isGameModeOn = false
05-13 10:32:23.266 1525 1829 I GameModeConfig: isGameModeOn = false
05-13 10:32:23.267 1525 1829 I GameModeConfig: isGameModeOn = false
05-13 10:32:23.267 1525 1829 I GameModeConfig: isGameModeOn = false
05-13 10:32:23.267 1525 1829 I GameModeConfig: isGameModeOn = false
05-13 10:32:23.267 1525 1829 I GameModeConfig: isGameModeOn = false
05-13 10:32:23.267 1525 1829 I GameModeConfig: isGameModeOn = false
05-13 10:32:23.267 1525 1829 I GameModeConfig: isGameModeOn = false
05-13 10:32:23.268 1525 1829 I GameModeConfig: isGameModeOn = false
05-13 10:32:23.268 1525 1829 I GameModeConfig: isGameModeOn = false
05-13 10:32:23.268 1525 1829 I GameModeConfig: isGameModeOn = false
05-13 10:32:23.268 1525 1829 I GameModeConfig: isGameModeOn = false
05-13 10:32:23.268 1525 1829 I GameModeConfig: isGameModeOn = false
05-13 10:32:23.269 1525 1829 I GameModeConfig: isGameModeOn = false
05-13 10:32:23.269 1525 1829 I GameModeConfig: isGameModeOn = false
05-13 10:32:23.269 1525 1829 I GameModeConfig: isGameModeOn = false
05-13 10:32:23.269 1525 1829 I GameModeConfig: isGameModeOn = false
05-13 10:32:23.269 1525 1829 I GameModeConfig: isGameModeOn = false
05-13 10:32:23.269 1525 1829 I GameModeConfig: isGameModeOn = false
05-13 10:32:23.269 1525 1829 I GameModeConfig: isGameModeOn = false
05-13 10:32:23.270 1525 1829 I GameModeConfig: isGameModeOn = false
05-13 10:32:23.270 1525 1829 I GameModeConfig: isGameModeOn = false
05-13 10:32:23.270 1525 1829 I GameModeConfig: isGameModeOn = false
05-13 10:32:23.270 1525 1829 I GameModeConfig: isGameModeOn = false
05-13 10:32:23.271 1525 1829 I GameModeConfig: isGameModeOn = false
05-13 10:32:23.271 1525 1829 I GameModeConfig: isGameModeOn = false
05-13 10:32:23.271 1525 1829 I GameModeConfig: isGameModeOn = false
05-13 10:32:23.271 1525 1829 I GameModeConfig: isGameModeOn = false
05-13 10:32:23.272 1525 1829 I GameModeConfig: isGameModeOn = false
05-13 10:32:23.272 1525 1829 I GameModeConfig: isGameModeOn = false
05-13 10:32:23.272 1525 1829 I GameModeConfig: isGameModeOn = false
05-13 10:32:23.272 1525 1829 I GameModeConfig: isGameModeOn = false
05-13 10:32:23.272 1525 1829 I GameModeConfig: isGameModeOn = false
05-13 10:32:23.272 1525 1829 I GameModeConfig: isGameModeOn = false
05-13 10:32:23.273 1525 1829 I GameModeConfig: isGameModeOn = false
05-13 10:32:23.273 1525 1829 I GameModeConfig: isGameModeOn = false
05-13 10:32:23.273 1525 1829 I GameModeConfig: isGameModeOn = false
05-13 10:32:23.273 1525 1829 I GameModeConfig: isGameModeOn = false
05-13 10:32:23.273 1525 1829 I GameModeConfig: isGameModeOn = false
05-13 10:32:23.273 1525 1829 I GameModeConfig: isGameModeOn = false
05-13 10:32:23.274 1525 1829 I GameModeConfig: isGameModeOn = false
05-13 10:32:23.274 1525 1829 I GameModeConfig: isGameModeOn = false
05-13 10:32:23.274 1525 1829 I GameModeConfig: isGameModeOn = false
05-13 10:32:23.274 1525 1829 I GameModeConfig: isGameModeOn = false
05-13 10:32:23.274 1525 1829 I GameModeConfig: isGameModeOn = false
05-13 10:32:23.274 1525 1829 I GameModeConfig: isGameModeOn = false
05-13 10:32:23.275 1525 1829 I GameModeConfig: isGameModeOn = false
05-13 10:32:23.275 1525 1829 I GameModeConfig: isGameModeOn = false
05-13 10:32:23.275 1525 1829 I GameModeConfig: isGameModeOn = false
05-13 10:32:23.275 1525 1829 I GameModeConfig: isGameModeOn = false
05-13 10:32:23.275 1525 1829 I GameModeConfig: isGameModeOn = false
05-13 10:32:23.808 16440 16440 I auditd : type=1400 audit(0.0:137940): avc: granted { nlmsg_readpriv } for comm="ya.ting.android" scontext=u:r:untrusted_app_27:s0:c96,c256,c512,c768 tcontext=u:r:untrusted_app_27:s0:c96,c256,c512,c768 tclass=netlink_route_socket app=com.ximalaya.ting.android
05-13 10:32:24.093 16623 16812 E ActivityThread: Failed to find provider info for com.vivo.push.sdk.service.SystemPushConfig
05-13 10:32:24.100 16623 16623 I auditd : type=1400 audit(0.0:137941): avc: denied { open } for comm="pool-2-thread-2" path="/dev/__properties__/u:object_r:vendor_default_prop:s0" dev="tmpfs" ino=12723 scontext=u:r:untrusted_app:s0:c109,c256,c512,c768 tcontext=u:object_r:vendor_default_prop:s0 tclass=file permissive=1 app=com.sina.weibo
05-13 10:32:24.100 16623 16623 I auditd : type=1400 audit(0.0:137942): avc: denied { getattr } for comm="pool-2-thread-2" path="/dev/__properties__/u:object_r:vendor_default_prop:s0" dev="tmpfs" ino=12723 scontext=u:r:untrusted_app:s0:c109,c256,c512,c768 tcontext=u:object_r:vendor_default_prop:s0 tclass=file permissive=1 app=com.sina.weibo
05-13 10:32:24.100 16623 16623 I auditd : type=1400 audit(0.0:137943): avc: denied { map } for comm="pool-2-thread-2" path="/dev/__properties__/u:object_r:vendor_default_prop:s0" dev="tmpfs" ino=12723 scontext=u:r:untrusted_app:s0:c109,c256,c512,c768 tcontext=u:object_r:vendor_default_prop:s0 tclass=file permissive=1 app=com.sina.weibo
05-13 10:32:24.112 16456 16456 I auditd : type=1400 audit(0.0:137944): avc: denied { search } for comm="Thread-10" name="/" dev="configfs" ino=3108 scontext=u:r:untrusted_app:s0:c109,c256,c512,c768 tcontext=u:object_r:configfs:s0 tclass=dir permissive=1 app=com.sina.weibo
05-13 10:32:24.449 1525 1829 I GameModeConfig: isGameModeOn = false
05-13 10:32:24.449 1525 1829 I GameModeConfig: isGameModeOn = false
05-13 10:32:24.449 1525 1829 I GameModeConfig: isGameModeOn = false
05-13 10:32:24.449 1525 1829 I GameModeConfig: isGameModeOn = false
05-13 10:32:24.449 1525 1829 I GameModeConfig: isGameModeOn = false
05-13 10:32:24.450 1525 1829 I GameModeConfig: isGameModeOn = false
05-13 10:32:24.450 1525 1829 I GameModeConfig: isGameModeOn = false
05-13 10:32:24.450 1525 1829 I GameModeConfig: isGameModeOn = false
05-13 10:32:24.450 1525 1829 I GameModeConfig: isGameModeOn = false
05-13 10:32:24.450 1525 1829 I GameModeConfig: isGameModeOn = false
05-13 10:32:24.450 1525 1829 I GameModeConfig: isGameModeOn = false
05-13 10:32:24.451 1525 1829 I GameModeConfig: isGameModeOn = false
05-13 10:32:24.451 1525 1829 I GameModeConfig: isGameModeOn = false
05-13 10:32:24.451 1525 1829 I GameModeConfig: isGameModeOn = false
05-13 10:32:24.451 1525 1829 I GameModeConfig: isGameModeOn = false
05-13 10:32:24.451 1525 1829 I GameModeConfig: isGameModeOn = false
05-13 10:32:24.452 1525 1829 I GameModeConfig: isGameModeOn = false
05-13 10:32:24.452 1525 1829 I GameModeConfig: isGameModeOn = false
05-13 10:32:24.452 1525 1829 I GameModeConfig: isGameModeOn = false
05-13 10:32:24.452 1525 1829 I GameModeConfig: isGameModeOn = false
05-13 10:32:24.452 1525 1829 I GameModeConfig: isGameModeOn = false
05-13 10:32:24.452 1525 1829 I GameModeConfig: isGameModeOn = false
05-13 10:32:24.452 1525 1829 I GameModeConfig: isGameModeOn = false
05-13 10:32:24.453 1525 1829 I GameModeConfig: isGameModeOn = false
05-13 10:32:24.453 1525 1829 I GameModeConfig: isGameModeOn = false
05-13 10:32:24.453 1525 1829 I GameModeConfig: isGameModeOn = false
05-13 10:32:24.631 16456 16970 I service_manager_slow: [56,thermalservice]
05-13 10:32:24.647 1525 2055 D CompatibilityChangeReporter: Compat change id reported: 171306433; UID 10109; state: ENABLED
05-13 10:32:24.672 16440 16440 W Looper : Loop again would have the queued messages be executed before this one completed.
05-13 10:32:24.978 16740 17035 E ActivityThread: Failed to find provider info for com.vivo.push.sdk.service.SystemPushConfig
05-13 10:32:25.086 1525 20725 W ActivityManager: Unable to start service Intent { cmp=com.sina.weibo/.healthkit.source.StorageConfigService } U=0: not found
05-13 10:32:25.136 16440 16440 I auditd : type=1400 audit(0.0:137951): avc: granted { execute } for comm="csj_io" path="/data/user/0/com.ximalaya.ting.android/files/pangle_p/com.byted.pangle/version-4829/lib/libkeva.so" dev="dm-10" ino=28354 scontext=u:r:untrusted_app_27:s0:c96,c256,c512,c768 tcontext=u:object_r:app_data_file:s0:c96,c256,c512,c768 tclass=file app=com.ximalaya.ting.android
05-13 10:32:25.180 1525 1829 I GameModeConfig: isGameModeOn = false
05-13 10:32:25.181 1525 1829 I GameModeConfig: isGameModeOn = false
05-13 10:32:25.181 1525 1829 I GameModeConfig: isGameModeOn = false
05-13 10:32:25.181 1525 1829 I GameModeConfig: isGameModeOn = false
05-13 10:32:25.181 1525 1829 I GameModeConfig: isGameModeOn = false
05-13 10:32:25.181 1525 1829 I GameModeConfig: isGameModeOn = false
05-13 10:32:25.182 1525 1829 I GameModeConfig: isGameModeOn = false
05-13 10:32:25.182 1525 1829 I GameModeConfig: isGameModeOn = false
05-13 10:32:25.182 1525 1829 I GameModeConfig: isGameModeOn = false
05-13 10:32:25.183 1525 1829 I GameModeConfig: isGameModeOn = false
05-13 10:32:25.183 1525 1829 I GameModeConfig: isGameModeOn = false
05-13 10:32:25.183 1525 1829 I GameModeConfig: isGameModeOn = false
05-13 10:32:25.183 1525 1829 I GameModeConfig: isGameModeOn = false
05-13 10:32:25.183 1525 1829 I GameModeConfig: isGameModeOn = false
05-13 10:32:25.184 1525 1829 I GameModeConfig: isGameModeOn = false
05-13 10:32:25.184 1525 1829 I GameModeConfig: isGameModeOn = false
05-13 10:32:25.184 1525 1829 I GameModeConfig: isGameModeOn = false
05-13 10:32:25.184 1525 1829 I GameModeConfig: isGameModeOn = false
05-13 10:32:25.184 1525 1829 I GameModeConfig: isGameModeOn = false
05-13 10:32:25.185 1525 1829 I GameModeConfig: isGameModeOn = false
05-13 10:32:25.185 1525 1829 I GameModeConfig: isGameModeOn = false
05-13 10:32:25.185 1525 1829 I GameModeConfig: isGameModeOn = false
05-13 10:32:25.185 1525 1829 I GameModeConfig: isGameModeOn = false
05-13 10:32:25.185 1525 1829 I GameModeConfig: isGameModeOn = false
05-13 10:32:25.185 1525 1829 I GameModeConfig: isGameModeOn = false
05-13 10:32:25.185 1525 1829 I GameModeConfig: isGameModeOn = false
05-13 10:32:25.339 1525 2512 W ActivityManager: Unable to start service Intent { act=com.bun.msa.action.start.service cmp=com.mdid.msa/.service.MsaKlService (has extras) } U=0: not found
05-13 10:32:25.350 1525 2512 W ActivityManager: Unable to start service Intent { act=com.bun.msa.action.bindto.service cmp=com.mdid.msa/.service.MsaIdService (has extras) } U=0: not found
05-13 10:32:25.352 16440 16440 I auditd : type=1400 audit(0.0:137952): avc: granted { execute } for comm="csj_init" path="/data/user/0/com.ximalaya.ting.android/files/pangle_p/com.byted.pangle/version-4829/lib/libmaparmor.so" dev="dm-10" ino=28342 scontext=u:r:untrusted_app_27:s0:c96,c256,c512,c768 tcontext=u:object_r:app_data_file:s0:c96,c256,c512,c768 tclass=file app=com.ximalaya.ting.android
05-13 10:32:25.356 16440 16440 I auditd : type=1400 audit(0.0:137953): avc: granted { nlmsg_readpriv } for comm="csj_log" scontext=u:r:untrusted_app_27:s0:c96,c256,c512,c768 tcontext=u:r:untrusted_app_27:s0:c96,c256,c512,c768 tclass=netlink_route_socket app=com.ximalaya.ting.android
05-13 10:32:25.356 16440 16440 I auditd : type=1400 audit(0.0:137954): avc: granted { execute } for comm="csj_io" path="/data/user/0/com.ximalaya.ting.android/files/pangle_p/com.byted.pangle/version-4829/lib/libPglmetasec_ml.so" dev="dm-10" ino=28343 scontext=u:r:untrusted_app_27:s0:c96,c256,c512,c768 tcontext=u:object_r:app_data_file:s0:c96,c256,c512,c768 tclass=file app=com.ximalaya.ting.android
05-13 10:32:25.516 16456 16456 I auditd : type=1400 audit(0.0:137955): avc: denied { ptrace } for comm="Thread-14" scontext=u:r:zygote:s0 tcontext=u:r:untrusted_app:s0:c109,c256,c512,c768 tclass=process permissive=1 app=com.sina.weibo
05-13 10:32:25.766 1525 2512 W ActivityManager: Background start not allowed: service Intent { cmp=com.ximalaya.ting.android/com.qq.e.comm.DownloadService (has extras) } to com.ximalaya.ting.android/com.qq.e.comm.DownloadService from pid=16440 uid=10096 pkg=com.ximalaya.ting.android startFg?=false
05-13 10:32:26.184 845 845 I auditd : type=1400 audit(0.0:137962): avc: denied { add_name } for comm="perf@2.2-servic" name="cpu_min_freq" scontext=u:r:vendor_hal_perf_default:s0 tcontext=u:object_r:vendor_sysfs_msm_perf:s0 tclass=dir permissive=1
05-13 10:32:26.184 845 845 I auditd : type=1400 audit(0.0:137963): avc: denied { create } for comm="perf@2.2-servic" name="cpu_min_freq" scontext=u:r:vendor_hal_perf_default:s0 tcontext=u:object_r:vendor_sysfs_msm_perf:s0 tclass=file permissive=1
05-13 10:32:26.592 16440 16440 I auditd : type=1400 audit(0.0:137964): avc: granted { nlmsg_readpriv } for comm="xidsdk10-thread" scontext=u:r:untrusted_app_27:s0:c96,c256,c512,c768 tcontext=u:r:untrusted_app_27:s0:c96,c256,c512,c768 tclass=netlink_route_socket app=com.ximalaya.ting.android
05-13 10:32:26.604 16440 16440 I auditd : type=1400 audit(0.0:137965): avc: granted { nlmsg_readpriv } for comm="xidsdk10-thread" scontext=u:r:untrusted_app_27:s0:c96,c256,c512,c768 tcontext=u:r:untrusted_app_27:s0:c96,c256,c512,c768 tclass=netlink_route_socket app=com.ximalaya.ting.android
05-13 10:32:26.816 16440 16440 I auditd : type=1400 audit(0.0:137966): avc: granted { nlmsg_readpriv } for comm="xidsdk10-thread" scontext=u:r:untrusted_app_27:s0:c96,c256,c512,c768 tcontext=u:r:untrusted_app_27:s0:c96,c256,c512,c768 tclass=netlink_route_socket app=com.ximalaya.ting.android
05-13 10:32:27.296 16440 16440 I auditd : type=1400 audit(0.0:137973): avc: denied { read } for comm="xidsdk10-thread" name="u:object_r:qemu_hw_prop:s0" dev="tmpfs" ino=12640 scontext=u:r:untrusted_app_27:s0:c96,c256,c512,c768 tcontext=u:object_r:qemu_hw_prop:s0 tclass=file permissive=1 app=com.ximalaya.ting.android
05-13 10:32:27.296 16440 16440 I auditd : type=1400 audit(0.0:137974): avc: denied { open } for comm="xidsdk10-thread" path="/dev/__properties__/u:object_r:qemu_hw_prop:s0" dev="tmpfs" ino=12640 scontext=u:r:untrusted_app_27:s0:c96,c256,c512,c768 tcontext=u:object_r:qemu_hw_prop:s0 tclass=file permissive=1 app=com.ximalaya.ting.android
05-13 10:32:27.296 16440 16440 I auditd : type=1400 audit(0.0:137975): avc: denied { getattr } for comm="xidsdk10-thread" path="/dev/__properties__/u:object_r:qemu_hw_prop:s0" dev="tmpfs" ino=12640 scontext=u:r:untrusted_app_27:s0:c96,c256,c512,c768 tcontext=u:object_r:qemu_hw_prop:s0 tclass=file permissive=1 app=com.ximalaya.ting.android
05-13 10:32:27.296 16440 16440 I auditd : type=1400 audit(0.0:137976): avc: denied { map } for comm="xidsdk10-thread" path="/dev/__properties__/u:object_r:qemu_hw_prop:s0" dev="tmpfs" ino=12640 scontext=u:r:untrusted_app_27:s0:c96,c256,c512,c768 tcontext=u:object_r:qemu_hw_prop:s0 tclass=file permissive=1 app=com.ximalaya.ting.android
05-13 10:32:27.296 16440 16440 I auditd : type=1400 audit(0.0:137977): avc: denied { read } for comm="xidsdk10-thread" name="u:object_r:serialno_prop:s0" dev="tmpfs" ino=12652 scontext=u:r:untrusted_app_27:s0:c96,c256,c512,c768 tcontext=u:object_r:serialno_prop:s0 tclass=file permissive=1 app=com.ximalaya.ting.android
05-13 10:32:27.636 1525 1783 D ActivityManager: freezing 14313 com.netease.newsreader.activity:pushservice
05-13 10:32:27.636 1525 1783 E ActivityManager: Unable to freeze binder for 14313 com.netease.newsreader.activity:pushservice
05-13 10:32:27.638 1525 1783 D ActivityManager: froze 14313 com.netease.newsreader.activity:pushservice
05-13 10:32:27.638 1525 1783 I am_freeze: [14313,com.netease.newsreader.activity:pushservice]
05-13 10:32:27.638 1525 1783 E ActivityManager: Unable to freeze binder for 14313 com.netease.newsreader.activity:pushservice
05-13 10:32:27.640 1525 1783 I ActivityManager: Killing 14313:com.netease.newsreader.activity:pushservice/u0a100 (adj 955): Unable to freeze binder interface
05-13 10:32:27.640 1525 1783 I am_kill : [0,14313,com.netease.newsreader.activity:pushservice,955,Unable to freeze binder interface]
05-13 10:32:27.707 1525 2512 I am_proc_died: [0,14313,com.netease.newsreader.activity:pushservice,955,19]
05-13 10:32:27.708 1525 2512 W ActivityManager: Scheduling restart of crashed service com.netease.newsreader.activity/com.xiaomi.push.service.XMPushService in 1000ms for connection
05-13 10:32:27.708 1525 2512 I am_schedule_service_restart: [0,com.netease.newsreader.activity/com.xiaomi.push.service.XMPushService,1000]
05-13 10:32:27.746 1525 31656 W ActivityManager: Background start not allowed: service Intent { cmp=com.ximalaya.ting.android/.xmpushservice.getui.XmGeTuiPushService (has extras) } to com.ximalaya.ting.android/.xmpushservice.getui.XmGeTuiPushService from pid=16440 uid=10096 pkg=com.ximalaya.ting.android startFg?=false
05-13 10:32:27.785 1525 31656 W ActivityManager: Background start not allowed: service Intent { cmp=com.ximalaya.ting.android/.xmpushservice.getui.XmGeTuiPushService (has extras) } to com.ximalaya.ting.android/.xmpushservice.getui.XmGeTuiPushService from pid=16440 uid=10096 pkg=com.ximalaya.ting.android startFg?=false
05-13 10:32:27.864 1525 2055 W ActivityManager: Background start not allowed: service Intent { cmp=com.ximalaya.ting.android/.xmpushservice.getui.XmGeTuiPushService (has extras) } to com.ximalaya.ting.android/.xmpushservice.getui.XmGeTuiPushService from pid=16440 uid=10096 pkg=com.ximalaya.ting.android startFg?=false
05-13 10:32:27.965 1525 2055 W ActivityManager: Background start not allowed: service Intent { act=android.net.conn.CONNECTIVITY_CHANGE cmp=com.ximalaya.ting.android/com.ss.android.socialbase.downloader.notification.DownloadNotificationService } to com.ximalaya.ting.android/com.ss.android.socialbase.downloader.notification.DownloadNotificationService from pid=16440 uid=10096 pkg=com.ximalaya.ting.android startFg?=false
05-13 10:32:28.710 1525 1623 D CompatibilityChangeReporter: Compat change id reported: 135634846; UID 10100; state: DISABLED
05-13 10:32:28.710 1525 1623 D CompatibilityChangeReporter: Compat change id reported: 177438394; UID 10100; state: DISABLED
05-13 10:32:28.710 1525 1623 D CompatibilityChangeReporter: Compat change id reported: 135772972; UID 10100; state: DISABLED
05-13 10:32:28.710 1525 1623 D CompatibilityChangeReporter: Compat change id reported: 135754954; UID 10100; state: ENABLED
05-13 10:32:28.710 1525 1624 D CompatibilityChangeReporter: Compat change id reported: 143937733; UID 10100; state: ENABLED
05-13 10:32:28.719 1525 1624 I am_proc_start: [0,17350,10100,com.netease.newsreader.activity:pushservice,service,{com.netease.newsreader.activity/com.xiaomi.push.service.XMPushService}]
05-13 10:32:28.719 1525 1624 I ActivityManager: Start proc 17350:com.netease.newsreader.activity:pushservice/u0a100 for service {com.netease.newsreader.activity/com.xiaomi.push.service.XMPushService}
05-13 10:32:28.748 1525 31656 I am_proc_bound: [0,17350,com.netease.newsreader.activity:pushservice]
05-13 10:32:28.750 1525 31656 D CompatibilityChangeReporter: Compat change id reported: 168419799; UID 10100; state: DISABLED
05-13 10:32:28.817 1525 31656 W ActivityManager: Background start not allowed: service Intent { cmp=com.ximalaya.ting.android/.xmpushservice.jpush.XMJCommonService } to com.ximalaya.ting.android/.xmpushservice.jpush.XMJCommonService from pid=16440 uid=10096 pkg=com.ximalaya.ting.android startFg?=false
05-13 10:32:29.284 0 0 I auditd : type=1400 audit(0.0:137983): avc: denied { kill } for comm="swapper/7" capability=5 scontext=u:r:kernel:s0 tcontext=u:r:kernel:s0 tclass=capability permissive=1
05-13 10:32:29.368 16440 16440 I auditd : type=1400 audit(0.0:137984): avc: denied { read } for comm=4173796E635461736B202331 name="version" dev="proc" ino=4026532238 scontext=u:r:untrusted_app_27:s0:c96,c256,c512,c768 tcontext=u:object_r:proc_version:s0 tclass=file permissive=1 app=com.ximalaya.ting.android
05-13 10:32:29.368 16440 16440 I auditd : type=1400 audit(0.0:137985): avc: denied { open } for comm=4173796E635461736B202331 path="/proc/version" dev="proc" ino=4026532238 scontext=u:r:untrusted_app_27:s0:c96,c256,c512,c768 tcontext=u:object_r:proc_version:s0 tclass=file permissive=1 app=com.ximalaya.ting.android
05-13 10:32:29.368 16440 16440 I auditd : type=1400 audit(0.0:137986): avc: denied { getattr } for comm=4173796E635461736B202331 path="/proc/version" dev="proc" ino=4026532238 scontext=u:r:untrusted_app_27:s0:c96,c256,c512,c768 tcontext=u:object_r:proc_version:s0 tclass=file permissive=1 app=com.ximalaya.ting.android
05-13 10:32:29.492 17350 17350 I auditd : type=1400 audit(0.0:137987): avc: denied { read } for comm="ity:pushservice" name="anr" dev="dm-10" ino=22 scontext=u:r:untrusted_app:s0:c100,c256,c512,c768 tcontext=u:object_r:anr_data_file:s0 tclass=dir permissive=1 app=com.netease.newsreader.activity
05-13 10:32:29.669 1525 1894 I sync : [com.tencent.android.qqdownloader.YYBLiveAccountProvider,0,4,24220937]
05-13 10:32:29.681 1525 1894 I sync : [com.tencent.android.qqdownloader.YYBLiveAccountProvider,1,4,24220937]
05-13 10:32:29.682 1525 1894 I commit_sys_config_file: [sync-status,167167904]
05-13 10:32:29.685 1525 1894 I sync : [com.tencent.android.qqdownloader.YYBLiveAccountProvider,0,3,24220937]
05-13 10:32:29.692 1525 1894 I sync : [com.tencent.android.qqdownloader.YYBLiveAccountProvider,1,3,24220937]
05-13 10:32:29.695 1525 1894 I sync : [com.tencent.android.qqdownloader.YYBLiveAccountProvider,0,3,24220937]
05-13 10:32:29.705 1525 1894 I sync : [com.tencent.android.qqdownloader.YYBLiveAccountProvider,1,3,24220937]
05-13 10:32:29.706 1525 1894 I commit_sys_config_file: [sync-status,167167927]
05-13 10:32:29.871 1525 31656 E PackageDexUsage: Unsupported context?
05-13 10:32:29.882 1525 31656 W ActivityManager: Background start not allowed: service Intent { cmp=com.netease.newsreader.activity/com.sijla.common.HBS } to com.netease.newsreader.activity/com.sijla.common.HBS from pid=17350 uid=10100 pkg=com.netease.newsreader.activity startFg?=false
05-13 10:32:30.243 1525 9710 E ClipboardService: Denying clipboard access to com.ximalaya.ting.android, application is not in focus nor is it a system service for user 0
05-13 10:32:30.320 16440 16440 I auditd : type=1400 audit(0.0:137992): avc: granted { nlmsg_readpriv } for comm="work_thread" scontext=u:r:untrusted_app_27:s0:c96,c256,c512,c768 tcontext=u:r:untrusted_app_27:s0:c96,c256,c512,c768 tclass=netlink_route_socket app=com.ximalaya.ting.android
05-13 10:32:30.371 1525 1621 W ProcessStats: Tracking association SourceState{6ba0e71 com.tencent.android.qqdownloader:live/10094 BTopFgs #232951} whose proc state 2 is better than process ProcessState{48ac3f8 com.tencent.android.qqdownloader:daemon/10094 pkg=com.tencent.android.qqdownloader} proc state 3 (68 skipped)
05-13 10:32:30.385 1525 9710 W ActivityManager: Unable to start service Intent { act=com.tencent.soter.soterserver.ISoterService pkg=com.tencent.soter.soterserver } U=0: not found
05-13 10:32:30.636 17499 17499 I auditd : type=1400 audit(0.0:137993): avc: denied { open } for comm="getprop" path="/dev/__properties__/u:object_r:ab_update_gki_prop:s0" dev="tmpfs" ino=12470 scontext=u:r:untrusted_app_27:s0:c96,c256,c512,c768 tcontext=u:object_r:ab_update_gki_prop:s0 tclass=file permissive=1 app=com.ximalaya.ting.android
05-13 10:32:30.636 17499 17499 I auditd : type=1400 audit(0.0:137994): avc: denied { getattr } for comm="getprop" path="/dev/__properties__/u:object_r:ab_update_gki_prop:s0" dev="tmpfs" ino=12470 scontext=u:r:untrusted_app_27:s0:c96,c256,c512,c768 tcontext=u:object_r:ab_update_gki_prop:s0 tclass=file permissive=1 app=com.ximalaya.ting.android
05-13 10:32:30.636 17499 17499 I auditd : type=1400 audit(0.0:137995): avc: denied { map } for comm="getprop" path="/dev/__properties__/u:object_r:ab_update_gki_prop:s0" dev="tmpfs" ino=12470 scontext=u:r:untrusted_app_27:s0:c96,c256,c512,c768 tcontext=u:object_r:ab_update_gki_prop:s0 tclass=file permissive=1 app=com.ximalaya.ting.android
05-13 10:32:30.652 17499 17499 I auditd : type=1400 audit(0.0:137996): avc: denied { open } for comm="getprop" path="/dev/__properties__/u:object_r:adbd_prop:s0" dev="tmpfs" ino=12472 scontext=u:r:untrusted_app_27:s0:c96,c256,c512,c768 tcontext=u:object_r:adbd_prop:s0 tclass=file permissive=1 app=com.ximalaya.ting.android
05-13 10:32:31.575 1525 9710 W ActivityManager: Background start not allowed: service Intent { cmp=com.ximalaya.ting.android/.xmpushservice.getui.XmGeTuiPushService (has extras) } to com.ximalaya.ting.android/.xmpushservice.getui.XmGeTuiPushService from pid=16440 uid=10096 pkg=com.ximalaya.ting.android startFg?=false
05-13 10:32:31.679 1525 1606 I commit_sys_config_file: [jobs,3]
05-13 10:32:32.108 16440 16440 I auditd : type=1400 audit(0.0:138672): avc: denied { open } for comm="riskdata_work_t" path="/dev/__properties__/u:object_r:net_dns_prop:s0" dev="tmpfs" ino=12619 scontext=u:r:untrusted_app_27:s0:c96,c256,c512,c768 tcontext=u:object_r:net_dns_prop:s0 tclass=file permissive=1 app=com.ximalaya.ting.android
05-13 10:32:32.108 16440 16440 I auditd : type=1400 audit(0.0:138673): avc: denied { getattr } for comm="riskdata_work_t" path="/dev/__properties__/u:object_r:net_dns_prop:s0" dev="tmpfs" ino=12619 scontext=u:r:untrusted_app_27:s0:c96,c256,c512,c768 tcontext=u:object_r:net_dns_prop:s0 tclass=file permissive=1 app=com.ximalaya.ting.android
05-13 10:32:32.108 16440 16440 I auditd : type=1400 audit(0.0:138674): avc: denied { map } for comm="riskdata_work_t" path="/dev/__properties__/u:object_r:net_dns_prop:s0" dev="tmpfs" ino=12619 scontext=u:r:untrusted_app_27:s0:c96,c256,c512,c768 tcontext=u:object_r:net_dns_prop:s0 tclass=file permissive=1 app=com.ximalaya.ting.android
05-13 10:32:32.260 17549 17549 I auditd : type=1400 audit(0.0:138675): avc: denied { read } for comm="ps" name="pid_max" dev="proc" ino=8477590 scontext=u:r:untrusted_app_27:s0:c96,c256,c512,c768 tcontext=u:object_r:proc_pid_max:s0 tclass=file permissive=1 app=com.ximalaya.ting.android
05-13 10:32:32.260 17549 17549 I auditd : type=1400 audit(0.0:138676): avc: denied { open } for comm="ps" path="/proc/sys/kernel/pid_max" dev="proc" ino=8477590 scontext=u:r:untrusted_app_27:s0:c96,c256,c512,c768 tcontext=u:object_r:proc_pid_max:s0 tclass=file permissive=1 app=com.ximalaya.ting.android
05-13 10:32:33.312 15290 15290 I auditd : type=1400 audit(0.0:138679): avc: denied { read } for comm="NativeThread" name="unix" dev="proc" ino=4026532262 scontext=u:r:untrusted_app_27:s0:c512,c768 tcontext=u:object_r:proc_net:s0 tclass=file permissive=1 app=com.wandoujia.phoenix2
05-13 10:32:33.312 15290 15290 I auditd : type=1400 audit(0.0:138680): avc: denied { open } for comm="NativeThread" path="/proc/15290/net/unix" dev="proc" ino=4026532262 scontext=u:r:untrusted_app_27:s0:c512,c768 tcontext=u:object_r:proc_net:s0 tclass=file permissive=1 app=com.wandoujia.phoenix2
05-13 10:32:33.312 15290 15290 I auditd : type=1400 audit(0.0:138681): avc: denied { getattr } for comm="NativeThread" path="/proc/15290/net/unix" dev="proc" ino=4026532262 scontext=u:r:untrusted_app_27:s0:c512,c768 tcontext=u:object_r:proc_net:s0 tclass=file permissive=1 app=com.wandoujia.phoenix2
05-13 10:32:33.540 15290 15290 I auditd : type=1400 audit(0.0:138682): avc: denied { read } for comm="NativeThread" name="version" dev="proc" ino=4026532238 scontext=u:r:untrusted_app_27:s0:c512,c768 tcontext=u:object_r:proc_version:s0 tclass=file permissive=1 app=com.wandoujia.phoenix2
05-13 10:32:33.540 15290 15290 I auditd : type=1400 audit(0.0:138683): avc: denied { open } for comm="NativeThread" path="/proc/version" dev="proc" ino=4026532238 scontext=u:r:untrusted_app_27:s0:c512,c768 tcontext=u:object_r:proc_version:s0 tclass=file permissive=1 app=com.wandoujia.phoenix2
05-13 10:32:33.552 1525 3316 W ActivityManager: Unable to start service Intent { act=com.google.android.gms.ads.identifier.service.START pkg=com.google.android.gms } U=0: not found
05-13 10:32:33.554 15290 16179 E ActivityThread: Failed to find provider info for com.vivo.vms.IdProvider
05-13 10:32:35.179 1525 1525 I notification_enqueue: [10094,11210,com.tencent.android.qqdownloader,127,NULL,0,Notification(channel=channel_id_default_silent shortcut=null contentView=com.tencent.android.qqdownloader/0x7f0a01c2 vibrate=null sound=null defaults=0x0 flags=0x2a2 color=0x00000000 groupKey=com.tencent.android.qqdownloader vis=PRIVATE),1]
05-13 10:32:35.381 1525 1525 I GameModeConfig: isGameModeOn = false
05-13 10:32:42.956 15409 15409 I auditd : type=1400 audit(0.0:138689): avc: granted { nlmsg_readpriv } for comm="DaemonThread-6" scontext=u:r:untrusted_app_27:s0:c512,c768 tcontext=u:r:untrusted_app_27:s0:c512,c768 tclass=netlink_route_socket app=com.wandoujia.phoenix2
05-13 10:32:43.088 15409 15409 I auditd : type=1400 audit(0.0:138690): avc: granted { nlmsg_readpriv } for comm="DaemonThread-6" scontext=u:r:untrusted_app_27:s0:c512,c768 tcontext=u:r:untrusted_app_27:s0:c512,c768 tclass=netlink_route_socket app=com.wandoujia.phoenix2
05-13 10:32:43.092 17626 17626 I auditd : type=1400 audit(0.0:138691): avc: denied { read } for comm="Thread-25" name="tcp" dev="proc" ino=4026532256 scontext=u:r:untrusted_app:s0:c104,c256,c512,c768 tcontext=u:object_r:proc_net_tcp_udp:s0 tclass=file permissive=1 app=tv.danmaku.bili
05-13 10:32:43.092 17626 17626 I auditd : type=1400 audit(0.0:138692): avc: denied { open } for comm="Thread-25" path="/proc/17626/net/tcp" dev="proc" ino=4026532256 scontext=u:r:untrusted_app:s0:c104,c256,c512,c768 tcontext=u:object_r:proc_net_tcp_udp:s0 tclass=file permissive=1 app=tv.danmaku.bili
05-13 10:32:43.092 17626 17626 I auditd : type=1400 audit(0.0:138693): avc: denied { getattr } for comm="Thread-25" path="/proc/17626/net/tcp" dev="proc" ino=4026532256 scontext=u:r:untrusted_app:s0:c104,c256,c512,c768 tcontext=u:object_r:proc_net_tcp_udp:s0 tclass=file permissive=1 app=tv.danmaku.bili
05-13 10:32:44.112 15290 15290 I auditd : type=1400 audit(0.0:138697): avc: granted { bind } for comm="NativeThread" scontext=u:r:untrusted_app_27:s0:c512,c768 tcontext=u:r:untrusted_app_27:s0:c512,c768 tclass=netlink_route_socket app=com.wandoujia.phoenix2
05-13 10:32:44.112 15290 15290 I auditd : type=1400 audit(0.0:138698): avc: granted { nlmsg_readpriv } for comm="NativeThread" scontext=u:r:untrusted_app_27:s0:c512,c768 tcontext=u:r:untrusted_app_27:s0:c512,c768 tclass=netlink_route_socket app=com.wandoujia.phoenix2
05-13 10:32:44.127 1525 20724 W ActivityManager: Unable to start service Intent { act=com.google.android.gms.ads.identifier.service.START pkg=com.google.android.gms } U=0: not found
05-13 10:32:44.128 15290 16179 E ActivityThread: Failed to find provider info for com.vivo.vms.IdProvider
05-13 10:32:45.284 14334 14334 I auditd : type=1400 audit(0.0:138699): avc: denied { kill } for comm="kworker/u16:2" capability=5 scontext=u:r:kernel:s0 tcontext=u:r:kernel:s0 tclass=capability permissive=1
05-13 10:32:50.075 1525 1812 I netstats_mobile_sample: [0,0,0,0,0,0,0,0,0,0,0,0,1683945170075]
05-13 10:32:50.075 1525 1812 I netstats_wifi_sample: [9342291210,8672489,2352730412,7268385,9342291210,8672489,2352730412,7268385,11640333357,11713406,1318470023,5179198,1683945170075]
05-13 10:32:50.072 678 678 I auditd : type=1400 audit(0.0:138700): avc: denied { add_name } for comm="Binder:678_4" name="globalAlert" scontext=u:r:netd:s0 tcontext=u:object_r:proc_net:s0 tclass=dir permissive=1
05-13 10:32:50.072 678 678 I auditd : type=1400 audit(0.0:138701): avc: denied { create } for comm="Binder:678_4" name="globalAlert" scontext=u:r:netd:s0 tcontext=u:object_r:proc_net:s0 tclass=file permissive=1
05-13 10:32:54.612 15290 15290 I auditd : type=1400 audit(0.0:138702): avc: denied { ioctl } for comm="NativeThread" path="socket:[8487950]" dev="sockfs" ino=8487950 ioctlcmd=0x8927 scontext=u:r:untrusted_app_27:s0:c512,c768 tcontext=u:r:untrusted_app_27:s0:c512,c768 tclass=udp_socket permissive=1 app=com.wandoujia.phoenix2
05-13 10:32:54.612 15290 15290 I auditd : type=1400 audit(0.0:138703): avc: granted { bind } for comm="NativeThread" scontext=u:r:untrusted_app_27:s0:c512,c768 tcontext=u:r:untrusted_app_27:s0:c512,c768 tclass=netlink_route_socket app=com.wandoujia.phoenix2
05-13 10:32:54.612 15290 15290 I auditd : type=1400 audit(0.0:138704): avc: granted { nlmsg_readpriv } for comm="NativeThread" scontext=u:r:untrusted_app_27:s0:c512,c768 tcontext=u:r:untrusted_app_27:s0:c512,c768 tclass=netlink_route_socket app=com.wandoujia.phoenix2
05-13 10:32:54.616 15290 15290 I auditd : type=1400 audit(0.0:138705): avc: denied { getattr } for comm="NativeThread" path="/data/data/com.android.htmlviewer" dev="dm-10" ino=1758 scontext=u:r:untrusted_app_27:s0:c512,c768 tcontext=u:object_r:app_data_file:s0:c46,c256,c512,c768 tclass=dir permissive=1 app=com.wandoujia.phoenix2
05-13 10:32:54.616 15290 15290 I auditd : type=1400 audit(0.0:138706): avc: denied { getattr } for comm="NativeThread" path="/data/data/com.android.printspooler" dev="dm-10" ino=1894 scontext=u:r:untrusted_app_27:s0:c512,c768 tcontext=u:object_r:app_data_file:s0:c41,c256,c512,c768 tclass=dir permissive=1 app=com.wandoujia.phoenix2
05-13 10:32:54.623 1525 20724 W ActivityManager: Unable to start service Intent { act=com.google.android.gms.ads.identifier.service.START pkg=com.google.android.gms } U=0: not found
05-13 10:32:54.624 15290 16179 E ActivityThread: Failed to find provider info for com.vivo.vms.IdProvider
05-13 10:32:56.248 1525 20725 W ProcessStats: Tracking association SourceState{6ba0e71 com.tencent.android.qqdownloader:live/10094 BTopFgs #232975} whose proc state 2 is better than process ProcessState{48ac3f8 com.tencent.android.qqdownloader:daemon/10094 pkg=com.tencent.android.qqdownloader} proc state 3 (7 skipped)
05-13 10:33:02.420 5784 5784 I auditd : type=1400 audit(0.0:138707): avc: granted { nlmsg_readpriv } for comm="pool-4-thread-1" scontext=u:r:untrusted_app_27:s0:c96,c256,c512,c768 tcontext=u:r:untrusted_app_27:s0:c96,c256,c512,c768 tclass=netlink_route_socket app=com.ximalaya.ting.android
05-13 10:33:02.924 1525 1938 I commit_sys_config_file: [appops,167204223]
05-13 10:33:04.682 1525 1894 I sync : [com.tencent.android.qqdownloader.YYBLiveAccountProvider,0,3,24220937]
05-13 10:33:04.704 1525 1894 I sync : [com.tencent.android.qqdownloader.YYBLiveAccountProvider,1,3,24220937]
05-13 10:33:04.707 1525 1894 I commit_sys_config_file: [sync-status,167202929]
05-13 10:33:04.713 1525 1894 I sync : [com.tencent.android.qqdownloader.YYBLiveAccountProvider,0,3,24220937]
05-13 10:33:04.729 1525 1894 I sync : [com.tencent.android.qqdownloader.YYBLiveAccountProvider,1,3,24220937]
05-13 10:33:04.732 1525 1894 I commit_sys_config_file: [sync-status,167202954]
05-13 10:33:05.156 15290 15290 I auditd : type=1400 audit(0.0:138708): avc: granted { bind } for comm="NativeThread" scontext=u:r:untrusted_app_27:s0:c512,c768 tcontext=u:r:untrusted_app_27:s0:c512,c768 tclass=netlink_route_socket app=com.wandoujia.phoenix2
05-13 10:33:05.156 15290 15290 I auditd : type=1400 audit(0.0:138709): avc: granted { nlmsg_readpriv } for comm="NativeThread" scontext=u:r:untrusted_app_27:s0:c512,c768 tcontext=u:r:untrusted_app_27:s0:c512,c768 tclass=netlink_route_socket app=com.wandoujia.phoenix2
05-13 10:33:05.166 1525 20725 W ActivityManager: Unable to start service Intent { act=com.google.android.gms.ads.identifier.service.START pkg=com.google.android.gms } U=0: not found
05-13 10:33:05.167 15290 16179 E ActivityThread: Failed to find provider info for com.vivo.vms.IdProvider
05-13 10:33:06.712 1525 1606 I commit_sys_config_file: [jobs,6]
05-13 10:33:08.254 1525 20725 W ProcessStats: Tracking association SourceState{6ba0e71 com.tencent.android.qqdownloader:live/10094 BTopFgs #233011} whose proc state 2 is better than process ProcessState{48ac3f8 com.tencent.android.qqdownloader:daemon/10094 pkg=com.tencent.android.qqdownloader} proc state 3 (16 skipped)
05-13 10:33:12.289 1525 20725 I netstats_mobile_sample: [0,0,0,0,0,0,0,0,0,0,0,0,1683945192289]
05-13 10:33:12.290 1525 20725 I netstats_wifi_sample: [9342447205,8672865,2353018491,7269061,9342447205,8672865,2353018491,7269061,11640924266,11714461,1318621290,5179598,1683945192289]
05-13 10:33:15.444 15290 15290 I auditd : type=1400 audit(0.0:138710): avc: granted { nlmsg_readpriv } for comm="DaemonThread-6" scontext=u:r:untrusted_app_27:s0:c512,c768 tcontext=u:r:untrusted_app_27:s0:c512,c768 tclass=netlink_route_socket app=com.wandoujia.phoenix2
05-13 10:33:15.480 15290 15290 I auditd : type=1400 audit(0.0:138711): avc: denied { read } for comm="NativeThread" name="unix" dev="proc" ino=4026532262 scontext=u:r:untrusted_app_27:s0:c512,c768 tcontext=u:object_r:proc_net:s0 tclass=file permissive=1 app=com.wandoujia.phoenix2
05-13 10:33:15.480 15290 15290 I auditd : type=1400 audit(0.0:138712): avc: denied { open } for comm="NativeThread" path="/proc/15290/net/unix" dev="proc" ino=4026532262 scontext=u:r:untrusted_app_27:s0:c512,c768 tcontext=u:object_r:proc_net:s0 tclass=file permissive=1 app=com.wandoujia.phoenix2
05-13 10:33:15.480 15290 15290 I auditd : type=1400 audit(0.0:138713): avc: denied { getattr } for comm="NativeThread" path="/proc/15290/net/unix" dev="proc" ino=4026532262 scontext=u:r:untrusted_app_27:s0:c512,c768 tcontext=u:object_r:proc_net:s0 tclass=file permissive=1 app=com.wandoujia.phoenix2
05-13 10:33:15.596 15290 15290 I auditd : type=1400 audit(0.0:138714): avc: granted { nlmsg_readpriv } for comm="DaemonThread-6" scontext=u:r:untrusted_app_27:s0:c512,c768 tcontext=u:r:untrusted_app_27:s0:c512,c768 tclass=netlink_route_socket app=com.wandoujia.phoenix2
05-13 10:33:15.692 15290 15290 I auditd : type=1400 audit(0.0:138715): avc: denied { read } for comm="NativeThread" name="version" dev="proc" ino=4026532238 scontext=u:r:untrusted_app_27:s0:c512,c768 tcontext=u:object_r:proc_version:s0 tclass=file permissive=1 app=com.wandoujia.phoenix2
05-13 10:33:15.692 15290 15290 I auditd : type=1400 audit(0.0:138716): avc: denied { open } for comm="NativeThread" path="/proc/version" dev="proc" ino=4026532238 scontext=u:r:untrusted_app_27:s0:c512,c768 tcontext=u:object_r:proc_version:s0 tclass=file permissive=1 app=com.wandoujia.phoenix2
05-13 10:33:15.707 1525 20725 W ActivityManager: Unable to start service Intent { act=com.google.android.gms.ads.identifier.service.START pkg=com.google.android.gms } U=0: not found
05-13 10:33:15.708 15290 16179 E ActivityThread: Failed to find provider info for com.vivo.vms.IdProvider
05-13 10:33:16.768 15290 15290 I auditd : type=1400 audit(0.0:138719): avc: denied { open } for comm="doujia.phoenix2" path="/proc/vmstat" dev="proc" ino=4026531858 scontext=u:r:untrusted_app_27:s0:c512,c768 tcontext=u:object_r:proc_vmstat:s0 tclass=file permissive=1 app=com.wandoujia.phoenix2
05-13 10:33:16.768 15290 15290 I auditd : type=1400 audit(0.0:138720): avc: denied { getattr } for comm="doujia.phoenix2" path="/proc/vmstat" dev="proc" ino=4026531858 scontext=u:r:untrusted_app_27:s0:c512,c768 tcontext=u:object_r:proc_vmstat:s0 tclass=file permissive=1 app=com.wandoujia.phoenix2
05-13 10:33:18.275 1525 20725 W ProcessStats: Tracking association SourceState{6ba0e71 com.tencent.android.qqdownloader:live/10094 BTopFgs #233019} whose proc state 2 is better than process ProcessState{48ac3f8 com.tencent.android.qqdownloader:daemon/10094 pkg=com.tencent.android.qqdownloader} proc state 3 (1 skipped)
05-13 10:33:20.269 17626 17838 I service_manager_stats: [200,85,838019]
05-13 10:33:21.876 20705 20705 I auditd : type=1400 audit(0.0:138721): avc: denied { open } for comm="ss.android.lark" path="/proc/vmstat" dev="proc" ino=4026531858 scontext=u:r:untrusted_app:s0:c110,c256,c512,c768 tcontext=u:object_r:proc_vmstat:s0 tclass=file permissive=1 app=com.ss.android.lark
05-13 10:33:21.876 20705 20705 I auditd : type=1400 audit(0.0:138722): avc: denied { getattr } for comm="ss.android.lark" path="/proc/vmstat" dev="proc" ino=4026531858 scontext=u:r:untrusted_app:s0:c110,c256,c512,c768 tcontext=u:object_r:proc_vmstat:s0 tclass=file permissive=1 app=com.ss.android.lark
05-13 10:33:23.204 16321 16321 I auditd : type=1400 audit(0.0:138723): avc: granted { nlmsg_readpriv } for comm="DaemonThread-6" scontext=u:r:untrusted_app_27:s0:c512,c768 tcontext=u:r:untrusted_app_27:s0:c512,c768 tclass=netlink_route_socket app=com.wandoujia.phoenix2
05-13 10:33:23.332 16321 16321 I auditd : type=1400 audit(0.0:138724): avc: granted { nlmsg_readpriv } for comm="DaemonThread-6" scontext=u:r:untrusted_app_27:s0:c512,c768 tcontext=u:r:untrusted_app_27:s0:c512,c768 tclass=netlink_route_socket app=com.wandoujia.phoenix2
05-13 10:33:26.284 14967 14967 I auditd : type=1400 audit(0.0:138725): avc: denied { kill } for comm="kworker/1:1" capability=5 scontext=u:r:kernel:s0 tcontext=u:r:kernel:s0 tclass=capability permissive=1
05-13 10:33:26.364 15290 15290 I auditd : type=1400 audit(0.0:138726): avc: granted { bind } for comm="NativeThread" scontext=u:r:untrusted_app_27:s0:c512,c768 tcontext=u:r:untrusted_app_27:s0:c512,c768 tclass=netlink_route_socket app=com.wandoujia.phoenix2
05-13 10:33:26.364 15290 15290 I auditd : type=1400 audit(0.0:138727): avc: granted { nlmsg_readpriv } for comm="NativeThread" scontext=u:r:untrusted_app_27:s0:c512,c768 tcontext=u:r:untrusted_app_27:s0:c512,c768 tclass=netlink_route_socket app=com.wandoujia.phoenix2
05-13 10:33:26.364 15290 15290 I auditd : type=1400 audit(0.0:138728): avc: denied { getattr } for comm="NativeThread" path="/data/data/com.android.htmlviewer" dev="dm-10" ino=1758 scontext=u:r:untrusted_app_27:s0:c512,c768 tcontext=u:object_r:app_data_file:s0:c46,c256,c512,c768 tclass=dir permissive=1 app=com.wandoujia.phoenix2
05-13 10:33:26.364 15290 15290 I auditd : type=1400 audit(0.0:138729): avc: denied { getattr } for comm="NativeThread" path="/data/data/com.android.printspooler" dev="dm-10" ino=1894 scontext=u:r:untrusted_app_27:s0:c512,c768 tcontext=u:object_r:app_data_file:s0:c41,c256,c512,c768 tclass=dir permissive=1 app=com.wandoujia.phoenix2
05-13 10:33:26.373 1525 3316 W ActivityManager: Unable to start service Intent { act=com.google.android.gms.ads.identifier.service.START pkg=com.google.android.gms } U=0: not found
05-13 10:33:26.376 15290 16179 E ActivityThread: Failed to find provider info for com.vivo.vms.IdProvider
05-13 10:33:31.204 1525 20725 W ProcessStats: Tracking association SourceState{6ba0e71 com.tencent.android.qqdownloader:live/10094 BTopFgs #233031} whose proc state 2 is better than process ProcessState{48ac3f8 com.tencent.android.qqdownloader:daemon/10094 pkg=com.tencent.android.qqdownloader} proc state 3 (1 skipped)
05-13 10:33:34.524 845 845 I auditd : type=1400 audit(0.0:138730): avc: denied { add_name } for comm="perf@2.2-servic" name="cpu_min_freq" scontext=u:r:vendor_hal_perf_default:s0 tcontext=u:object_r:vendor_sysfs_msm_perf:s0 tclass=dir permissive=1
05-13 10:33:34.524 845 845 I auditd : type=1400 audit(0.0:138731): avc: denied { create } for comm="perf@2.2-servic" name="cpu_min_freq" scontext=u:r:vendor_hal_perf_default:s0 tcontext=u:object_r:vendor_sysfs_msm_perf:s0 tclass=file permissive=1
05-13 10:33:36.677 1525 1525 I notification_enqueue: [10094,11210,com.tencent.android.qqdownloader,127,NULL,0,Notification(channel=channel_id_default_silent shortcut=null contentView=com.tencent.android.qqdownloader/0x7f0a01c2 vibrate=null sound=null defaults=0x0 flags=0x2a2 color=0x00000000 groupKey=com.tencent.android.qqdownloader vis=PRIVATE),1]
05-13 10:33:36.864 15290 15290 I auditd : type=1400 audit(0.0:138732): avc: denied { ioctl } for comm="NativeThread" path="socket:[8494014]" dev="sockfs" ino=8494014 ioctlcmd=0x8927 scontext=u:r:untrusted_app_27:s0:c512,c768 tcontext=u:r:untrusted_app_27:s0:c512,c768 tclass=udp_socket permissive=1 app=com.wandoujia.phoenix2
05-13 10:33:36.864 15290 15290 I auditd : type=1400 audit(0.0:138733): avc: granted { bind } for comm="NativeThread" scontext=u:r:untrusted_app_27:s0:c512,c768 tcontext=u:r:untrusted_app_27:s0:c512,c768 tclass=netlink_route_socket app=com.wandoujia.phoenix2
05-13 10:33:36.864 15290 15290 I auditd : type=1400 audit(0.0:138734): avc: granted { nlmsg_readpriv } for comm="NativeThread" scontext=u:r:untrusted_app_27:s0:c512,c768 tcontext=u:r:untrusted_app_27:s0:c512,c768 tclass=netlink_route_socket app=com.wandoujia.phoenix2
05-13 10:33:36.875 1525 3316 W ActivityManager: Unable to start service Intent { act=com.google.android.gms.ads.identifier.service.START pkg=com.google.android.gms } U=0: not found
05-13 10:33:36.877 15290 16179 E ActivityThread: Failed to find provider info for com.vivo.vms.IdProvider
05-13 10:33:36.879 1525 1525 I GameModeConfig: isGameModeOn = false
05-13 10:33:39.680 1525 1894 I sync : [com.tencent.android.qqdownloader.YYBLiveAccountProvider,0,3,24220937]
05-13 10:33:39.702 1525 1894 I sync : [com.tencent.android.qqdownloader.YYBLiveAccountProvider,1,3,24220937]
05-13 10:33:39.705 1525 1894 I commit_sys_config_file: [sync-status,167237927]
05-13 10:33:39.713 1525 1894 I sync : [com.tencent.android.qqdownloader.YYBLiveAccountProvider,0,3,24220937]
05-13 10:33:39.734 1525 1894 I sync : [com.tencent.android.qqdownloader.YYBLiveAccountProvider,1,3,24220937]
05-13 10:33:39.736 1525 1894 I commit_sys_config_file: [sync-status,167237958]
05-13 10:33:41.709 1525 1606 I commit_sys_config_file: [jobs,6]
05-13 10:33:43.112 15409 15409 I auditd : type=1400 audit(0.0:138735): avc: granted { nlmsg_readpriv } for comm="DaemonThread-6" scontext=u:r:untrusted_app_27:s0:c512,c768 tcontext=u:r:untrusted_app_27:s0:c512,c768 tclass=netlink_route_socket app=com.wandoujia.phoenix2
