05-13 10:56:30.900 15290 15290 I auditd : type=1400 audit(0.0:141233): avc: granted { nlmsg_readpriv } for comm="NativeThread" scontext=u:r:untrusted_app_27:s0:c512,c768 tcontext=u:r:untrusted_app_27:s0:c512,c768 tclass=netlink_route_socket app=com.wandoujia.phoenix2
05-13 10:56:30.913 1525 1866 W ActivityManager: Unable to start service Intent { act=com.google.android.gms.ads.identifier.service.START pkg=com.google.android.gms } U=0: not found
05-13 10:56:30.913 15290 16179 E ActivityThread: Failed to find provider info for com.vivo.vms.IdProvider
05-13 10:56:33.284 0 0 I auditd : type=1400 audit(0.0:141234): avc: denied { kill } for comm="swapper/0" capability=5 scontext=u:r:kernel:s0 tcontext=u:r:kernel:s0 tclass=capability permissive=1
05-13 10:56:35.519 1525 29917 I ActivityManager: Killing 14631:com.ss.android.lark:wschannel/u0a110 (adj 985): empty for 1805s
05-13 10:56:35.519 1525 29917 I am_kill : [0,14631,com.ss.android.lark:wschannel,985,empty for 1805s]
05-13 10:56:35.522 1525 29917 W ProcessStats: Tracking association SourceState{6ba0e71 com.tencent.android.qqdownloader:live/10094 BTopFgs #235330} whose proc state 2 is better than process ProcessState{48ac3f8 com.tencent.android.qqdownloader:daemon/10094 pkg=com.tencent.android.qqdownloader} proc state 3 (18 skipped)
05-13 10:56:35.590 1525 29917 I am_proc_died: [0,14631,com.ss.android.lark:wschannel,985,19]
05-13 10:56:35.603 1525 1621 I am_pss : [21892,99015,com.android.webview:sandboxed_process0:org.chromium.content.app.SandboxedProcessService0:0,16226304,4702208,7240704,48848896,0,19,6]
05-13 10:56:35.624 1525 1621 I am_pss : [21121,10109,com.sina.weibo,131758080,102072320,3333120,266547200,0,19,20]
05-13 10:56:35.642 1525 1621 I am_pss : [21430,10109,com.sina.weibo:remote,81645568,55291904,2962432,206753792,0,19,15]
05-13 10:56:35.658 1525 1621 I am_pss : [21340,10109,com.sina.weibo:pushservice,82119680,55365632,2393088,211206144,0,19,14]
05-13 10:56:35.666 1525 1621 I am_pss : [21078,1000,com.android.settings,20287488,11538432,7397376,62566400,0,19,6]
05-13 10:56:35.678 1525 1621 I am_pss : [21071,10095,com.kugou.android,75598848,69947392,2914304,160579584,0,19,12]
05-13 10:56:38.475 1525 1794 I input_interaction: Interaction with: 3e1c8ff StatusBar (server), edge-swipe (server), swipe-up (server), PointerEventDispatcher0 (server),
05-13 10:56:38.482 1914 1914 I sysui_multi_action: [757,803,799,panel_open,802,1]
05-13 10:56:38.485 1914 1914 I sysui_multi_action: [757,1328,758,4,1326,88,1327,2,1329,0]
05-13 10:56:38.536 1525 9708 I sysui_multi_action: [757,127,758,1]
05-13 10:56:38.536 1525 9708 I sysui_multi_action: [757,804,799,note_load,801,9,802,1]
05-13 10:56:38.536 1525 9708 I notification_panel_revealed: 9
05-13 10:56:38.553 1525 1609 I input_focus: [Focus request 740b0d2 NotificationShade,reason=UpdateInputWindows]
05-13 10:56:38.577 1525 29917 I sysui_multi_action: [757,128,758,1,793,8529440,794,0,795,8529440,796,2147483647,797,ranker_group,798,1,806,com.ss.android.lark,857,normal_v2,858,4,946,ranker_group,947,1,1395,9,1500,8529440,1688,1]
05-13 10:56:38.577 1525 29917 I sysui_multi_action: [757,804,799,note_freshness,801,8529440,802,1]
05-13 10:56:38.577 1525 29917 I notification_visibility: [0|com.ss.android.lark|2147483647|ranker_group|10110|ranker_group,1,8529440,8529440,0,1]
05-13 10:56:38.577 1525 29917 I sysui_multi_action: [757,128,758,1,793,168627663,794,0,795,168627663,796,26,798,0,806,android,857,DEVELOPER_IMPORTANT,858,4,947,0,1395,9,1500,168627077,1688,1]
05-13 10:56:38.577 1525 29917 I sysui_multi_action: [757,804,799,note_freshness,801,168627663,802,1]
05-13 10:56:38.578 1525 29917 I notification_visibility: [-1|android|26|null|1000,1,168627663,168627663,0,0]
05-13 10:56:38.578 1525 29917 I sysui_multi_action: [757,128,758,1,793,8529851,794,0,795,4543968,796,-3365,798,3,806,com.ss.android.lark,857,normal_v2,858,4,946,ranker_group,947,0,1395,9,1500,1509717,1688,1,1745,945454168]
05-13 10:56:38.578 1525 29917 I sysui_multi_action: [757,1501,758,1,793,8529851,794,0,795,4543968,796,-3365,806,com.ss.android.lark,857,normal_v2,858,4,946,ranker_group,947,0,1500,0,1688,1,1745,945454168]
05-13 10:56:38.578 1525 29917 I sysui_multi_action: [757,804,799,note_interruptive,801,0,802,1]
05-13 10:56:38.578 1525 29917 I sysui_multi_action: [757,804,799,note_freshness,801,4543968,802,1]
05-13 10:56:38.578 1525 29917 I notification_visibility: [0|com.ss.android.lark|-3365|null|10110,1,8529851,4543968,0,3]
05-13 10:56:38.578 1525 29917 I sysui_multi_action: [757,128,758,1,793,8529643,794,0,795,8529424,796,-20444,798,4,806,com.ss.android.lark,857,normal_v2,858,4,946,ranker_group,947,0,1395,9,1500,1509717,1688,1,1745,945454168]
05-13 10:56:38.578 1525 29917 I sysui_multi_action: [757,1501,758,1,793,8529643,794,0,795,8529424,796,-20444,806,com.ss.android.lark,857,normal_v2,858,4,946,ranker_group,947,0,1500,0,1688,1,1745,945454168]
05-13 10:56:38.578 1525 29917 I sysui_multi_action: [757,804,799,note_interruptive,801,0,802,1]
05-13 10:56:38.578 1525 29917 I sysui_multi_action: [757,804,799,note_freshness,801,8529424,802,1]
05-13 10:56:38.578 1525 29917 I notification_visibility: [0|com.ss.android.lark|-20444|null|10110,1,8529643,8529424,0,4]
05-13 10:56:38.578 1525 29917 I sysui_multi_action: [757,128,758,1,793,8589217,794,0,795,8589217,796,4273,798,7,806,com.android.systemui,857,screen_record,858,3,947,0,1395,9,1500,8589016,1688,1,1745,680407814]
05-13 10:56:38.578 1525 29917 I sysui_multi_action: [757,804,799,note_freshness,801,8589217,802,1]
05-13 10:56:38.578 1525 29917 I notification_visibility: [0|com.android.systemui|4273|null|10079,1,8589217,8589217,0,7]
05-13 10:56:38.578 1525 29917 I sysui_multi_action: [757,128,758,1,793,8529647,794,0,795,1920317,796,-24209,798,2,806,com.ss.android.lark,857,normal_v2,858,4,946,ranker_group,947,0,1395,9,1500,1509716,1688,1,1745,945454168]
05-13 10:56:38.578 1525 29917 I sysui_multi_action: [757,1501,758,1,793,8529647,794,0,795,1920317,796,-24209,806,com.ss.android.lark,857,normal_v2,858,4,946,ranker_group,947,0,1500,0,1688,1,1745,945454168]
05-13 10:56:38.579 1525 29917 I sysui_multi_action: [757,804,799,note_interruptive,801,0,802,1]
05-13 10:56:38.579 1525 29917 I sysui_multi_action: [757,804,799,note_freshness,801,1920317,802,1]
05-13 10:56:38.579 1525 29917 I notification_visibility: [0|com.ss.android.lark|-24209|null|10110,1,8529647,1920317,0,2]
05-13 10:56:38.579 1525 29917 I sysui_multi_action: [757,128,758,1,793,168627667,794,0,795,168627667,796,27,798,8,806,android,857,USB,858,1,947,0,1395,9,1500,168627079,1688,1]
05-13 10:56:38.579 1525 29917 I sysui_multi_action: [757,804,799,note_freshness,801,168627667,802,1]
05-13 10:56:38.579 1525 29917 I notification_visibility: [-1|android|27|null|1000,1,168627667,168627667,0,8]
05-13 10:56:38.585 1914 1914 I sysui_multi_action: [757,111,758,1]
05-13 10:56:38.585 1914 1914 I sysui_multi_action: [757,126,758,1,759,126,927,0,928,1,1593,0]
05-13 10:56:38.585 1914 1914 I sysui_multi_action: [757,113,758,1,759,113,927,1,928,1,1593,0]
05-13 10:56:38.585 1914 1914 I sysui_multi_action: [757,0,758,1,759,0,927,2,928,0,1593,0]
05-13 10:56:38.585 1914 1914 I sysui_multi_action: [757,0,758,1,759,0,927,3,928,0,1593,0]
05-13 10:56:38.586 1914 1914 I sysui_multi_action: [757,491,758,1,759,491,927,4,928,0,1311,-1,1593,0]
05-13 10:56:38.586 1914 1914 I sysui_multi_action: [757,0,758,1,759,0,927,5,928,0,1593,0]
05-13 10:56:38.586 1914 1914 I sysui_multi_action: [757,0,758,1,759,0,927,6,1593,0]
05-13 10:56:38.587 1525 1794 I input_focus: [Focus leaving 3a331ef tv.danmaku.bili/com.bilibili.bangumi.ui.page.detail.BangumiDetailActivityV3 (server),reason=setFocusedWindow]
05-13 10:56:38.587 1525 1794 I input_focus: [Focus entering 740b0d2 NotificationShade (server),reason=setFocusedWindow]
05-13 10:56:38.599 1914 1914 I sysui_multi_action: [757,111,758,1]
05-13 10:56:38.599 1914 1914 I sysui_multi_action: [757,126,758,1,759,126,927,0,928,1,1593,0]
05-13 10:56:38.599 1914 1914 I sysui_multi_action: [757,113,758,1,759,113,927,1,928,1,1593,0]
05-13 10:56:38.599 1914 1914 I sysui_multi_action: [757,0,758,1,759,0,927,2,928,0,1593,0]
05-13 10:56:38.599 1914 1914 I sysui_multi_action: [757,0,758,1,759,0,927,3,928,0,1593,0]
05-13 10:56:40.144 845 845 I auditd : type=1400 audit(0.0:141235): avc: denied { add_name } for comm="perf@2.2-servic" name="min_freq" scontext=u:r:vendor_hal_perf_default:s0 tcontext=u:object_r:vendor_sysfs_devfreq:s0 tclass=dir permissive=1
05-13 10:56:40.144 845 845 I auditd : type=1400 audit(0.0:141236): avc: denied { create } for comm="perf@2.2-servic" name="min_freq" scontext=u:r:vendor_hal_perf_default:s0 tcontext=u:object_r:vendor_sysfs_devfreq:s0 tclass=file permissive=1
05-13 10:56:40.544 1525 1794 I input_interaction: Interaction with: 740b0d2 NotificationShade (server), edge-swipe (server), swipe-up (server), PointerEventDispatcher0 (server),
05-13 10:56:40.951 1914 1914 I sysui_multi_action: [757,366,758,4,759,113,927,1,928,1,1592,0,1593,1]
05-13 10:56:40.960 1525 26237 I ActivityTaskManager: START u0 {act=android.settings.BLUETOOTH_SETTINGS flg=0x14000000 cmp=com.android.settings/.homepage.SettingsHomepageActivity} from uid 10079
05-13 10:56:40.972 845 845 I auditd : type=1400 audit(0.0:141237): avc: denied { add_name } for comm="perf@2.2-servic" name="cpu_max_freq" scontext=u:r:vendor_hal_perf_default:s0 tcontext=u:object_r:vendor_sysfs_msm_perf:s0 tclass=dir permissive=1
05-13 10:56:40.972 845 845 I auditd : type=1400 audit(0.0:141238): avc: denied { create } for comm="perf@2.2-servic" name="cpu_max_freq" scontext=u:r:vendor_hal_perf_default:s0 tcontext=u:object_r:vendor_sysfs_msm_perf:s0 tclass=file permissive=1
05-13 10:56:40.977 1525 26237 I wm_task_moved: [345,1,8]
05-13 10:56:40.977 1525 26237 I wm_task_to_front: [0,345]
05-13 10:56:40.977 1525 26237 I wm_focused_root_task: [0,0,345,344,bringingFoundTaskToFront]
05-13 10:56:40.978 1525 26237 I wm_set_resumed_activity: [0,com.android.settings/.homepage.SettingsHomepageActivity,bringingFoundTaskToFront]
05-13 10:56:40.978 17626 17626 I wm_on_top_resumed_lost_called: [240245495,com.bilibili.bangumi.ui.page.detail.BangumiDetailActivityV3,topStateChangedWhenResumed]
05-13 10:56:40.978 1525 26237 I wm_new_intent: [0,83503120,345,com.android.settings/.homepage.SettingsHomepageActivity,android.settings.BLUETOOTH_SETTINGS,NULL,NULL,335544320]
05-13 10:56:40.979 1525 26237 I wm_pause_activity: [0,240245495,tv.danmaku.bili/com.bilibili.bangumi.ui.page.detail.BangumiDetailActivityV3,userLeaving=true,pauseBackTasks]
05-13 10:56:40.984 1914 2197 D PhoneStartingWindowTypeAlgorithm: preferredStartingWindowType newTask:true taskSwitch:true processRunning:true allowTaskSnapshot:true activityCreated:false useEmptySplashScreen:true legacySplashScreen:false topIsHome:false
05-13 10:56:40.984 1914 2197 D StartingSurfaceDrawer: addSplashScreen com.android.settings theme=7f140479 task=345 suggestType=3
05-13 10:56:40.986 1914 2202 D StartingSurfaceDrawer: window attributes color: 0 icon null duration 0 brandImage null
05-13 10:56:40.987 1914 2202 D StartingSurfaceDrawer: fillViewWithIcon surfaceWindowView android.window.SplashScreenView{4c28ee0 V.E...... ......ID 0,0-0,0}
05-13 10:56:41.012 17626 17626 I wm_on_paused_called: [240245495,com.bilibili.bangumi.ui.page.detail.BangumiDetailActivityV3,performPause]
05-13 10:56:41.013 1525 26237 I ActivityTaskManager: FOREGROUND_APPLICATION_CHANGED to com.android.settings.homepage.SettingsHomepageActivity
05-13 10:56:41.013 1525 26237 I ActivityTaskManager: The Process com.android.settings Already Exists in BG. So sending its PID: 21078
05-13 10:56:41.013 1525 26237 I wm_add_to_stopping: [0,240245495,tv.danmaku.bili/com.bilibili.bangumi.ui.page.detail.BangumiDetailActivityV3,makeInvisible]
05-13 10:56:41.014 1525 26237 D CompatibilityChangeReporter: Compat change id reported: 174042980; UID 1000; state: DISABLED
05-13 10:56:41.014 1525 26237 D CompatibilityChangeReporter: Compat change id reported: 181136395; UID 1000; state: DISABLED
05-13 10:56:41.014 1525 26237 D CompatibilityChangeReporter: Compat change id reported: 174042936; UID 1000; state: DISABLED
05-13 10:56:41.014 1525 26237 I wm_restart_activity: [0,83503120,345,com.android.settings/.homepage.SettingsHomepageActivity]
05-13 10:56:41.015 1525 26237 I wm_set_resumed_activity: [0,com.android.settings/.homepage.SettingsHomepageActivity,minimalResumeActivityLocked]
05-13 10:56:41.017 1525 1607 I sysui_multi_action: [757,803,799,window_time_0,802,282]
05-13 10:56:41.031 1525 29917 I am_uid_running: 10065
05-13 10:56:41.032 1525 29917 D CompatibilityChangeReporter: Compat change id reported: 135634846; UID 10065; state: DISABLED
05-13 10:56:41.032 1525 29917 D CompatibilityChangeReporter: Compat change id reported: 177438394; UID 10065; state: DISABLED
05-13 10:56:41.032 1525 29917 D CompatibilityChangeReporter: Compat change id reported: 135772972; UID 10065; state: DISABLED
05-13 10:56:41.032 1525 29917 D CompatibilityChangeReporter: Compat change id reported: 135754954; UID 10065; state: ENABLED
05-13 10:56:41.032 1525 1624 D CompatibilityChangeReporter: Compat change id reported: 143937733; UID 10065; state: ENABLED
05-13 10:56:41.040 1525 1624 I am_proc_start: [0,22614,10065,com.thundercomm.gamemode.provider,content provider,{com.thundercomm.gamemode.provider/com.thundercomm.gamemode.provider.SettingsProvider}]
05-13 10:56:41.040 1525 1624 I ActivityManager: Start proc 22614:com.thundercomm.gamemode.provider/u0a65 for content provider {com.thundercomm.gamemode.provider/com.thundercomm.gamemode.provider.SettingsProvider}
05-13 10:56:41.076 1525 9708 I am_proc_bound: [0,22614,com.thundercomm.gamemode.provider]
05-13 10:56:41.080 1525 9708 D CompatibilityChangeReporter: Compat change id reported: 168419799; UID 10065; state: DISABLED
05-13 10:56:41.082 1525 9708 I am_uid_active: 10065
05-13 10:56:41.131 1525 9708 E UserRestrictionsUtils: Unknown restriction queried by uid 1000 (com.qualcomm.qti.qdma et al): null
05-13 10:56:41.132 1525 29917 E UserRestrictionsUtils: Unknown restriction queried by uid 1000 (com.qualcomm.qti.qdma et al): null
05-13 10:56:41.132 1525 26237 E UserRestrictionsUtils: Unknown restriction queried by uid 1000 (com.qualcomm.qti.qdma et al): null
05-13 10:56:41.137 1525 9708 E UserRestrictionsUtils: Unknown restriction queried by uid 1000 (com.qualcomm.qti.qdma et al): null
05-13 10:56:41.138 1525 26237 E UserRestrictionsUtils: Unknown restriction queried by uid 1000 (com.qualcomm.qti.qdma et al): null
05-13 10:56:41.138 1525 9327 E UserRestrictionsUtils: Unknown restriction queried by uid 1000 (com.qualcomm.qti.qdma et al): null
05-13 10:56:41.139 1525 9708 E UserRestrictionsUtils: Unknown restriction queried by uid 1000 (com.qualcomm.qti.qdma et al): null
05-13 10:56:41.139 1525 29917 E UserRestrictionsUtils: Unknown restriction queried by uid 1000 (com.qualcomm.qti.qdma et al): null
05-13 10:56:41.140 1525 9327 E UserRestrictionsUtils: Unknown restriction queried by uid 1000 (com.qualcomm.qti.qdma et al): null
05-13 10:56:41.140 1525 26236 E UserRestrictionsUtils: Unknown restriction queried by uid 1000 (com.qualcomm.qti.qdma et al): null
05-13 10:56:41.141 1525 26237 E UserRestrictionsUtils: Unknown restriction queried by uid 1000 (com.qualcomm.qti.qdma et al): null
05-13 10:56:41.141 1525 1866 E UserRestrictionsUtils: Unknown restriction queried by uid 1000 (com.qualcomm.qti.qdma et al): null
05-13 10:56:41.142 1525 20725 E UserRestrictionsUtils: Unknown restriction queried by uid 1000 (com.qualcomm.qti.qdma et al): null
05-13 10:56:41.142 1525 9709 E UserRestrictionsUtils: Unknown restriction queried by uid 1000 (com.qualcomm.qti.qdma et al): null
05-13 10:56:41.143 1525 29917 E UserRestrictionsUtils: Unknown restriction queried by uid 1000 (com.qualcomm.qti.qdma et al): null
05-13 10:56:41.143 1525 1866 E UserRestrictionsUtils: Unknown restriction queried by uid 1000 (com.qualcomm.qti.qdma et al): null
05-13 10:56:41.144 1525 9327 E UserRestrictionsUtils: Unknown restriction queried by uid 1000 (com.qualcomm.qti.qdma et al): null
05-13 10:56:41.144 1525 26236 E UserRestrictionsUtils: Unknown restriction queried by uid 1000 (com.qualcomm.qti.qdma et al): null
05-13 10:56:41.184 1525 29917 W BluetoothManagerService: psc is not null in bindBluetoothProfileService
05-13 10:56:41.239 1525 29917 E UserRestrictionsUtils: Unknown restriction queried by uid 1000 (com.qualcomm.qti.qdma et al): null
05-13 10:56:41.268 15290 15290 I auditd : type=1400 audit(0.0:141239): avc: denied { read } for comm="NativeThread" name="unix" dev="proc" ino=4026532262 scontext=u:r:untrusted_app_27:s0:c512,c768 tcontext=u:object_r:proc_net:s0 tclass=file permissive=1 app=com.wandoujia.phoenix2
05-13 10:56:41.268 15290 15290 I auditd : type=1400 audit(0.0:141240): avc: denied { open } for comm="NativeThread" path="/proc/15290/net/unix" dev="proc" ino=4026532262 scontext=u:r:untrusted_app_27:s0:c512,c768 tcontext=u:object_r:proc_net:s0 tclass=file permissive=1 app=com.wandoujia.phoenix2
05-13 10:56:41.268 15290 15290 I auditd : type=1400 audit(0.0:141241): avc: denied { getattr } for comm="NativeThread" path="/proc/15290/net/unix" dev="proc" ino=4026532262 scontext=u:r:untrusted_app_27:s0:c512,c768 tcontext=u:object_r:proc_net:s0 tclass=file permissive=1 app=com.wandoujia.phoenix2
05-13 10:56:41.284 0 0 I auditd : type=1400 audit(0.0:141242): avc: denied { kill } for comm="swapper/1" capability=5 scontext=u:r:kernel:s0 tcontext=u:r:kernel:s0 tclass=capability permissive=1
05-13 10:56:41.401 1525 2512 I am_uid_running: 10082
05-13 10:56:41.401 1525 2512 D CompatibilityChangeReporter: Compat change id reported: 135634846; UID 10082; state: DISABLED
05-13 10:56:41.401 1525 2512 D CompatibilityChangeReporter: Compat change id reported: 177438394; UID 10082; state: DISABLED
05-13 10:56:41.401 1525 2512 D CompatibilityChangeReporter: Compat change id reported: 135772972; UID 10082; state: DISABLED
05-13 10:56:41.401 1525 2512 D CompatibilityChangeReporter: Compat change id reported: 135754954; UID 10082; state: ENABLED
05-13 10:56:41.401 1525 1624 D CompatibilityChangeReporter: Compat change id reported: 143937733; UID 10082; state: ENABLED
05-13 10:56:41.404 21078 21078 I wm_on_create_called: [83503120,com.android.settings.homepage.SettingsHomepageActivity,performCreate]
05-13 10:56:41.409 1525 1624 I am_proc_start: [0,22639,10082,com.qualcomm.qti.qccauthmgr,content provider,{com.qualcomm.qti.qccauthmgr/com.qualcomm.qti.qccauthmgr.providers.SMQContentProvider}]
05-13 10:56:41.409 1525 1624 I ActivityManager: Start proc 22639:com.qualcomm.qti.qccauthmgr/u0a82 for content provider {com.qualcomm.qti.qccauthmgr/com.qualcomm.qti.qccauthmgr.providers.SMQContentProvider}
05-13 10:56:41.424 1525 9709 I am_proc_bound: [0,22639,com.qualcomm.qti.qccauthmgr]
05-13 10:56:41.426 1525 9709 D CompatibilityChangeReporter: Compat change id reported: 168419799; UID 10082; state: DISABLED
05-13 10:56:41.426 1525 9709 I am_uid_active: 10082
05-13 10:56:41.436 1525 9709 E UserRestrictionsUtils: Unknown restriction queried by uid 1000 (com.qualcomm.qti.qdma et al): null
05-13 10:56:41.436 1525 26236 E UserRestrictionsUtils: Unknown restriction queried by uid 1000 (com.qualcomm.qti.qdma et al): null
05-13 10:56:41.436 1525 2512 E UserRestrictionsUtils: Unknown restriction queried by uid 1000 (com.qualcomm.qti.qdma et al): null
05-13 10:56:41.436 1525 26237 E UserRestrictionsUtils: Unknown restriction queried by uid 1000 (com.qualcomm.qti.qdma et al): null
05-13 10:56:41.436 1525 9709 E UserRestrictionsUtils: Unknown restriction queried by uid 1000 (com.qualcomm.qti.qdma et al): null
05-13 10:56:41.437 1525 2512 E UserRestrictionsUtils: Unknown restriction queried by uid 1000 (com.qualcomm.qti.qdma et al): null
05-13 10:56:41.437 1525 9709 E UserRestrictionsUtils: Unknown restriction queried by uid 1000 (com.qualcomm.qti.qdma et al): null
05-13 10:56:41.437 1525 9709 E UserRestrictionsUtils: Unknown restriction queried by uid 1000 (com.qualcomm.qti.qdma et al): null
05-13 10:56:41.437 1525 9709 E UserRestrictionsUtils: Unknown restriction queried by uid 1000 (com.qualcomm.qti.qdma et al): null
05-13 10:56:41.438 1525 2512 E UserRestrictionsUtils: Unknown restriction queried by uid 1000 (com.qualcomm.qti.qdma et al): null
05-13 10:56:41.438 1525 26236 E UserRestrictionsUtils: Unknown restriction queried by uid 1000 (com.qualcomm.qti.qdma et al): null
05-13 10:56:41.438 1525 26237 E UserRestrictionsUtils: Unknown restriction queried by uid 1000 (com.qualcomm.qti.qdma et al): null
05-13 10:56:41.438 1525 26236 E UserRestrictionsUtils: Unknown restriction queried by uid 1000 (com.qualcomm.qti.qdma et al): null
05-13 10:56:41.439 1525 29917 E UserRestrictionsUtils: Unknown restriction queried by uid 1000 (com.qualcomm.qti.qdma et al): null
05-13 10:56:41.439 1525 1866 E UserRestrictionsUtils: Unknown restriction queried by uid 1000 (com.qualcomm.qti.qdma et al): null
05-13 10:56:41.439 1525 1866 E UserRestrictionsUtils: Unknown restriction queried by uid 1000 (com.qualcomm.qti.qdma et al): null
05-13 10:56:41.439 1525 2512 E UserRestrictionsUtils: Unknown restriction queried by uid 1000 (com.qualcomm.qti.qdma et al): null
05-13 10:56:41.440 1525 26237 E UserRestrictionsUtils: Unknown restriction queried by uid 1000 (com.qualcomm.qti.qdma et al): null
05-13 10:56:41.455 21078 21078 E ActivityThread: Failed to find provider info for com.google.android.gms.nearby.fastpair
05-13 10:56:41.467 21078 22656 E ActivityThread: Failed to find provider info for com.google.android.gms.nearby.fastpair
05-13 10:56:41.489 21078 21078 I wm_on_start_called: [83503120,com.android.settings.homepage.SettingsHomepageActivity,handleStartActivity]
05-13 10:56:41.490 21078 21078 I snet_event_log: [120484087,-1,]
05-13 10:56:41.492 21078 21078 I wm_on_resume_called: [83503120,com.android.settings.homepage.SettingsHomepageActivity,RESUME_ACTIVITY]
05-13 10:56:41.494 21078 21078 I sysui_multi_action: [757,747,758,1,833,0,1089,317]
05-13 10:56:41.507 21078 21078 I sysui_multi_action: [757,1729,758,4,854,isParalleledControllers:false,1089,329]
05-13 10:56:41.507 21078 21078 I sysui_multi_action: [757,35,758,1,833,0,1089,74]
05-13 10:56:41.509 21078 21078 I sysui_multi_action: [757,1729,758,4,854,isParalleledControllers:false,1089,76]
05-13 10:56:41.517 21078 21078 I wm_on_top_resumed_gained_called: [83503120,com.android.settings.homepage.SettingsHomepageActivity,topStateChangedWhenResumed]
05-13 10:56:41.528 15290 15290 I auditd : type=1400 audit(0.0:141243): avc: denied { read } for comm="NativeThread" name="unix" dev="proc" ino=4026532262 scontext=u:r:untrusted_app_27:s0:c512,c768 tcontext=u:object_r:proc_net:s0 tclass=file permissive=1 app=com.wandoujia.phoenix2
05-13 10:56:41.528 15290 15290 I auditd : type=1400 audit(0.0:141244): avc: denied { open } for comm="NativeThread" path="/proc/15290/net/unix" dev="proc" ino=4026532262 scontext=u:r:untrusted_app_27:s0:c512,c768 tcontext=u:object_r:proc_net:s0 tclass=file permissive=1 app=com.wandoujia.phoenix2
05-13 10:56:41.528 15290 15290 I auditd : type=1400 audit(0.0:141245): avc: denied { getattr } for comm="NativeThread" path="/proc/15290/net/unix" dev="proc" ino=4026532262 scontext=u:r:untrusted_app_27:s0:c512,c768 tcontext=u:object_r:proc_net:s0 tclass=file permissive=1 app=com.wandoujia.phoenix2
05-13 10:56:41.551 1525 29917 W ActivityManager: Unable to start service Intent { act=com.google.android.gms.ads.identifier.service.START pkg=com.google.android.gms } U=0: not found
05-13 10:56:41.552 15290 16179 E ActivityThread: Failed to find provider info for com.vivo.vms.IdProvider
05-13 10:56:41.579 1914 1914 I sysui_multi_action: [757,111,758,2]
05-13 10:56:41.580 1914 1914 I sysui_multi_action: [757,111,758,2]
05-13 10:56:41.606 1525 3316 I sysui_multi_action: [757,128,758,2,793,8532469,794,3029,795,8532469,796,2147483647,797,ranker_group,798,1,806,com.ss.android.lark,857,normal_v2,858,4,946,ranker_group,947,1,1395,9,1500,8532469,1688,1]
05-13 10:56:41.607 1525 3316 I notification_visibility: [0|com.ss.android.lark|2147483647|ranker_group|10110|ranker_group,0,8532469,8532469,0,1]
05-13 10:56:41.607 1525 3316 I sysui_multi_action: [757,128,758,2,793,168630693,794,3030,795,168630693,796,26,798,0,806,android,857,DEVELOPER_IMPORTANT,858,4,947,0,1395,9,1500,168630107,1688,1]
05-13 10:56:41.607 1525 3316 I notification_visibility: [-1|android|26|null|1000,0,168630693,168630693,0,0]
05-13 10:56:41.607 1525 3316 I sysui_multi_action: [757,128,758,2,793,8532880,794,3029,795,4546997,796,-3365,798,3,806,com.ss.android.lark,857,normal_v2,858,4,946,ranker_group,947,0,1395,9,1500,3029,1688,1,1745,945454168]
05-13 10:56:41.607 1525 3316 I notification_visibility: [0|com.ss.android.lark|-3365|null|10110,0,8532880,4546997,0,3]
05-13 10:56:41.607 1525 3316 I sysui_multi_action: [757,128,758,2,793,8532672,794,3029,795,8532453,796,-20444,798,4,806,com.ss.android.lark,857,normal_v2,858,4,946,ranker_group,947,0,1395,9,1500,3029,1688,1,1745,945454168]
05-13 10:56:41.607 1525 3316 I notification_visibility: [0|com.ss.android.lark|-20444|null|10110,0,8532672,8532453,0,4]
05-13 10:56:41.607 1525 3316 I sysui_multi_action: [757,128,758,2,793,8592246,794,3029,795,8592246,796,4273,798,7,806,com.android.systemui,857,screen_record,858,3,947,0,1395,9,1500,8592045,1688,1,1745,680407814]
05-13 10:56:41.607 1525 3316 I notification_visibility: [0|com.android.systemui|4273|null|10079,0,8592246,8592246,0,7]
05-13 10:56:41.607 1525 3316 I sysui_multi_action: [757,128,758,2,793,8532676,794,3029,795,1923346,796,-24209,798,2,806,com.ss.android.lark,857,normal_v2,858,4,946,ranker_group,947,0,1395,9,1500,3029,1688,1,1745,945454168]
05-13 10:56:41.607 1525 3316 I notification_visibility: [0|com.ss.android.lark|-24209|null|10110,0,8532676,1923346,0,2]
05-13 10:56:41.607 1525 3316 I sysui_multi_action: [757,128,758,2,793,168630695,794,3028,795,168630695,796,27,798,8,806,android,857,USB,858,1,947,0,1395,9,1500,168630107,1688,1]
05-13 10:56:41.607 1525 3316 I notification_visibility: [-1|android|27|null|1000,0,168630695,168630695,0,8]
05-13 10:56:41.608 1525 12149 I sysui_multi_action: [757,127,758,2]
05-13 10:56:41.608 1525 12149 I notification_panel_hidden:
05-13 10:56:41.610 1525 1794 I input_focus: [Focus leaving 740b0d2 NotificationShade (server),reason=NOT_FOCUSABLE]
05-13 10:56:41.628 1525 1794 I input_interaction: Interaction with: edge-swipe (server), swipe-up (server), PointerEventDispatcher0 (server),
05-13 10:56:41.628 1914 1914 I view_enqueue_input_event: [Motion - Cancel,NotificationShade]
05-13 10:56:41.732 1525 1609 I input_focus: [Focus request f076fbc com.android.settings/com.android.settings.homepage.SettingsHomepageActivity,reason=UpdateInputWindows]
05-13 10:56:41.791 1525 1609 I sysui_multi_action: [324,1,757,1090,758,13,806,com.android.settings,871,com.android.settings.homepage.SettingsHomepageActivity,1091,831]
05-13 10:56:41.791 1914 2197 D StartingSurfaceDrawer: Task start finish, remove starting surface for task 345
05-13 10:56:41.791 1914 2197 V StartingSurfaceDrawer: Removing splash screen window for task: 345
05-13 10:56:41.795 1525 1603 I sysui_multi_action: [319,102,321,84,322,831,325,168641,757,761,758,8,759,1,806,com.android.settings,871,com.android.settings.homepage.SettingsHomepageActivity,904,com.android.systemui,905,0,1320,17,1321,1]
05-13 10:56:41.796 1525 1603 I wm_activity_launch_time: [0,83503120,com.android.settings/.homepage.SettingsHomepageActivity,831]
05-13 10:56:41.806 1525 20725 I wm_stop_activity: [0,240245495,tv.danmaku.bili/com.bilibili.bangumi.ui.page.detail.BangumiDetailActivityV3]
05-13 10:56:41.810 1525 1794 I input_focus: [Focus entering f076fbc com.android.settings/com.android.settings.homepage.SettingsHomepageActivity (server),reason=Window became focusable. Previous reason: NOT_VISIBLE]
05-13 10:56:41.861 17626 17626 I wm_on_stop_called: [240245495,com.bilibili.bangumi.ui.page.detail.BangumiDetailActivityV3,STOP_ACTIVITY_ITEM]
05-13 10:56:41.891 21078 21078 I sysui_multi_action: [757,747,758,2,1089,396]
05-13 10:56:41.902 1525 9708 E UserRestrictionsUtils: Unknown restriction queried by uid 1000 (com.qualcomm.qti.qdma et al): null
05-13 10:56:41.946 21078 21078 E ActivityThread: Failed to find provider info for com.google.android.gms.nearby.fastpair
05-13 10:56:41.947 21078 22637 E ActivityThread: Failed to find provider info for com.google.android.gms.nearby.fastpair
05-13 10:56:41.977 21078 21078 I sysui_multi_action: [757,747,758,1,833,0,1089,81]
05-13 10:56:41.979 21078 21078 I sysui_multi_action: [757,1729,758,4,854,isParalleledControllers:false,1089,83]
05-13 10:56:42.284 0 0 I auditd : type=1400 audit(0.0:141253): avc: denied { kill } for comm="swapper/1" capability=5 scontext=u:r:kernel:s0 tcontext=u:r:kernel:s0 tclass=capability permissive=1
05-13 10:56:42.980 845 845 I auditd : type=1400 audit(0.0:141254): avc: denied { add_name } for comm="perf@2.2-servic" name="force_rail_on" scontext=u:r:vendor_hal_perf_default:s0 tcontext=u:object_r:vendor_sysfs_kgsl:s0 tclass=dir permissive=1
05-13 10:56:42.980 845 845 I auditd : type=1400 audit(0.0:141255): avc: denied { create } for comm="perf@2.2-servic" name="force_rail_on" scontext=u:r:vendor_hal_perf_default:s0 tcontext=u:object_r:vendor_sysfs_kgsl:s0 tclass=file permissive=1
05-13 10:56:42.980 845 845 I auditd : type=1400 audit(0.0:141256): avc: denied { add_name } for comm="perf@2.2-servic" name="min_freq" scontext=u:r:vendor_hal_perf_default:s0 tcontext=u:object_r:vendor_sysfs_devfreq:s0 tclass=dir permissive=1
05-13 10:56:42.980 845 845 I auditd : type=1400 audit(0.0:141257): avc: denied { create } for comm="perf@2.2-servic" name="min_freq" scontext=u:r:vendor_hal_perf_default:s0 tcontext=u:object_r:vendor_sysfs_devfreq:s0 tclass=file permissive=1
05-13 10:56:44.420 15409 15409 I auditd : type=1400 audit(0.0:141262): avc: granted { nlmsg_readpriv } for comm="DaemonThread-6" scontext=u:r:untrusted_app_27:s0:c512,c768 tcontext=u:r:untrusted_app_27:s0:c512,c768 tclass=netlink_route_socket app=com.wandoujia.phoenix2
05-13 10:56:44.530 1525 1794 I input_interaction: Interaction with: f076fbc com.android.settings/com.android.settings.homepage.SettingsHomepageActivity (server), edge-swipe (server), swipe-up (server), PointerEventDispatcher0 (server),
05-13 10:56:44.544 15409 15409 I auditd : type=1400 audit(0.0:141263): avc: granted { nlmsg_readpriv } for comm="DaemonThread-6" scontext=u:r:untrusted_app_27:s0:c512,c768 tcontext=u:r:untrusted_app_27:s0:c512,c768 tclass=netlink_route_socket app=com.wandoujia.phoenix2
05-13 10:56:44.670 21078 21078 I sysui_multi_action: [757,830,758,4,833,0,854,add_bt_devices,1089,0]
05-13 10:56:44.778 21078 21078 I sysui_multi_action: [757,747,758,2,1089,2800]
05-13 10:56:44.812 1525 12149 D CompatibilityChangeReporter: Compat change id reported: 171306433; UID 1000; state: ENABLED
05-13 10:56:44.816 21078 21078 I sysui_multi_action: [757,1018,758,1,833,0,1089,31]
05-13 10:56:44.818 21078 21078 I sysui_multi_action: [757,1729,758,4,854,isParalleledControllers:false,1089,33]
05-13 10:56:46.909 1525 1621 W ProcessStats: Tracking association SourceState{6ba0e71 com.tencent.android.qqdownloader:live/10094 BTopFgs #235367} whose proc state 2 is better than process ProcessState{48ac3f8 com.tencent.android.qqdownloader:daemon/10094 pkg=com.tencent.android.qqdownloader} proc state 3 (19 skipped)
05-13 10:56:47.284 0 0 I auditd : type=1400 audit(0.0:141264): avc: denied { kill } for comm="swapper/3" capability=5 scontext=u:r:kernel:s0 tcontext=u:r:kernel:s0 tclass=capability permissive=1
05-13 10:56:49.088 17626 17626 I auditd : type=1400 audit(0.0:141265): avc: denied { read } for comm="Thread-25" name="tcp" dev="proc" ino=4026532256 scontext=u:r:untrusted_app:s0:c104,c256,c512,c768 tcontext=u:object_r:proc_net_tcp_udp:s0 tclass=file permissive=1 app=tv.danmaku.bili
05-13 10:56:49.088 17626 17626 I auditd : type=1400 audit(0.0:141266): avc: denied { open } for comm="Thread-25" path="/proc/17626/net/tcp" dev="proc" ino=4026532256 scontext=u:r:untrusted_app:s0:c104,c256,c512,c768 tcontext=u:object_r:proc_net_tcp_udp:s0 tclass=file permissive=1 app=tv.danmaku.bili
05-13 10:56:49.088 17626 17626 I auditd : type=1400 audit(0.0:141267): avc: denied { getattr } for comm="Thread-25" path="/proc/17626/net/tcp" dev="proc" ino=4026532256 scontext=u:r:untrusted_app:s0:c104,c256,c512,c768 tcontext=u:object_r:proc_net_tcp_udp:s0 tclass=file permissive=1 app=tv.danmaku.bili
05-13 10:56:51.952 15290 15290 I auditd : type=1400 audit(0.0:141268): avc: denied { read } for comm="NativeThread" name="unix" dev="proc" ino=4026532262 scontext=u:r:untrusted_app_27:s0:c512,c768 tcontext=u:object_r:proc_net:s0 tclass=file permissive=1 app=com.wandoujia.phoenix2
05-13 10:56:51.952 15290 15290 I auditd : type=1400 audit(0.0:141269): avc: denied { open } for comm="NativeThread" path="/proc/15290/net/unix" dev="proc" ino=4026532262 scontext=u:r:untrusted_app_27:s0:c512,c768 tcontext=u:object_r:proc_net:s0 tclass=file permissive=1 app=com.wandoujia.phoenix2
05-13 10:56:51.952 15290 15290 I auditd : type=1400 audit(0.0:141270): avc: denied { getattr } for comm="NativeThread" path="/proc/15290/net/unix" dev="proc" ino=4026532262 scontext=u:r:untrusted_app_27:s0:c512,c768 tcontext=u:object_r:proc_net:s0 tclass=file permissive=1 app=com.wandoujia.phoenix2
05-13 10:56:52.184 15290 15290 I auditd : type=1400 audit(0.0:141271): avc: denied { read } for comm="NativeThread" name="version" dev="proc" ino=4026532238 scontext=u:r:untrusted_app_27:s0:c512,c768 tcontext=u:object_r:proc_version:s0 tclass=file permissive=1 app=com.wandoujia.phoenix2
05-13 10:56:52.184 15290 15290 I auditd : type=1400 audit(0.0:141272): avc: denied { open } for comm="NativeThread" path="/proc/version" dev="proc" ino=4026532238 scontext=u:r:untrusted_app_27:s0:c512,c768 tcontext=u:object_r:proc_version:s0 tclass=file permissive=1 app=com.wandoujia.phoenix2
05-13 10:56:52.184 15290 15290 I auditd : type=1400 audit(0.0:141273): avc: denied { ioctl } for comm="NativeThread" path="socket:[8732943]" dev="sockfs" ino=8732943 ioctlcmd=0x8927 scontext=u:r:untrusted_app_27:s0:c512,c768 tcontext=u:r:untrusted_app_27:s0:c512,c768 tclass=udp_socket permissive=1 app=com.wandoujia.phoenix2
05-13 10:56:52.188 15290 15290 I auditd : type=1400 audit(0.0:141274): avc: granted { bind } for comm="NativeThread" scontext=u:r:untrusted_app_27:s0:c512,c768 tcontext=u:r:untrusted_app_27:s0:c512,c768 tclass=netlink_route_socket app=com.wandoujia.phoenix2
05-13 10:56:52.188 15290 15290 I auditd : type=1400 audit(0.0:141275): avc: granted { nlmsg_readpriv } for comm="NativeThread" scontext=u:r:untrusted_app_27:s0:c512,c768 tcontext=u:r:untrusted_app_27:s0:c512,c768 tclass=netlink_route_socket app=com.wandoujia.phoenix2
05-13 10:56:52.192 15290 15290 I auditd : type=1400 audit(0.0:141276): avc: denied { getattr } for comm="NativeThread" path="/data/data/com.android.htmlviewer" dev="dm-10" ino=1758 scontext=u:r:untrusted_app_27:s0:c512,c768 tcontext=u:object_r:app_data_file:s0:c46,c256,c512,c768 tclass=dir permissive=1 app=com.wandoujia.phoenix2
05-13 10:56:52.201 1525 21112 W ActivityManager: Unable to start service Intent { act=com.google.android.gms.ads.identifier.service.START pkg=com.google.android.gms } U=0: not found
05-13 10:56:52.202 15290 16179 E ActivityThread: Failed to find provider info for com.vivo.vms.IdProvider
05-13 10:56:57.120 1525 1623 W ProcessStats: Tracking association SourceState{6ba0e71 com.tencent.android.qqdownloader:live/10094 BTopFgs #235375} whose proc state 2 is better than process ProcessState{48ac3f8 com.tencent.android.qqdownloader:daemon/10094 pkg=com.tencent.android.qqdownloader} proc state 3 (7 skipped)
05-13 10:56:59.768 1525 1894 I sync : [com.tencent.android.qqdownloader.YYBLiveAccountProvider,0,3,24220937]
05-13 10:56:59.791 1525 1894 I sync : [com.tencent.android.qqdownloader.YYBLiveAccountProvider,1,3,24220937]
05-13 10:56:59.794 1525 1894 I commit_sys_config_file: [sync-status,168638016]
05-13 10:56:59.800 1525 1894 I sync : [com.tencent.android.qqdownloader.YYBLiveAccountProvider,0,3,24220937]
05-13 10:56:59.816 1525 1894 I sync : [com.tencent.android.qqdownloader.YYBLiveAccountProvider,1,3,24220937]
05-13 10:56:59.820 1525 1894 I commit_sys_config_file: [sync-status,168638042]
05-13 10:57:01.284 0 0 I auditd : type=1400 audit(0.0:141278): avc: denied { kill } for comm="swapper/0" capability=5 scontext=u:r:kernel:s0 tcontext=u:r:kernel:s0 tclass=capability permissive=1
05-13 10:57:01.797 1525 1606 I commit_sys_config_file: [jobs,4]
05-13 10:57:02.180 1525 1621 I am_pss : [22142,99011,com.android.webview:sandboxed_process0:org.chromium.content.app.SandboxedProcessService0:1,36381696,27230208,235520,98693120,0,10,8]
05-13 10:57:02.804 15290 15290 I auditd : type=1400 audit(0.0:141279): avc: denied { ioctl } for comm="NativeThread" path="socket:[8733014]" dev="sockfs" ino=8733014 ioctlcmd=0x8927 scontext=u:r:untrusted_app_27:s0:c512,c768 tcontext=u:r:untrusted_app_27:s0:c512,c768 tclass=udp_socket permissive=1 app=com.wandoujia.phoenix2
05-13 10:57:02.808 15290 15290 I auditd : type=1400 audit(0.0:141280): avc: granted { bind } for comm="NativeThread" scontext=u:r:untrusted_app_27:s0:c512,c768 tcontext=u:r:untrusted_app_27:s0:c512,c768 tclass=netlink_route_socket app=com.wandoujia.phoenix2
05-13 10:57:02.808 15290 15290 I auditd : type=1400 audit(0.0:141281): avc: granted { nlmsg_readpriv } for comm="NativeThread" scontext=u:r:untrusted_app_27:s0:c512,c768 tcontext=u:r:untrusted_app_27:s0:c512,c768 tclass=netlink_route_socket app=com.wandoujia.phoenix2
05-13 10:57:02.808 15290 15290 I auditd : type=1400 audit(0.0:141282): avc: denied { getattr } for comm="NativeThread" path="/data/data/com.android.htmlviewer" dev="dm-10" ino=1758 scontext=u:r:untrusted_app_27:s0:c512,c768 tcontext=u:object_r:app_data_file:s0:c46,c256,c512,c768 tclass=dir permissive=1 app=com.wandoujia.phoenix2
05-13 10:57:02.808 15290 15290 I auditd : type=1400 audit(0.0:141283): avc: denied { getattr } for comm="NativeThread" path="/data/data/com.android.printspooler" dev="dm-10" ino=1894 scontext=u:r:untrusted_app_27:s0:c512,c768 tcontext=u:object_r:app_data_file:s0:c41,c256,c512,c768 tclass=dir permissive=1 app=com.wandoujia.phoenix2
05-13 10:57:02.820 1525 20725 W ActivityManager: Unable to start service Intent { act=com.google.android.gms.ads.identifier.service.START pkg=com.google.android.gms } U=0: not found
05-13 10:57:02.824 15290 16179 E ActivityThread: Failed to find provider info for com.vivo.vms.IdProvider
05-13 10:57:04.604 17626 17838 I service_manager_stats: [200,101,474254]
05-13 10:57:05.173 1525 1525 I notification_enqueue: [10094,11210,com.tencent.android.qqdownloader,127,NULL,0,Notification(channel=channel_id_default_silent shortcut=null contentView=com.tencent.android.qqdownloader/0x7f0a01c2 vibrate=null sound=null defaults=0x0 flags=0x2a2 color=0x00000000 groupKey=com.tencent.android.qqdownloader vis=PRIVATE),1]
05-13 10:57:05.375 1525 1525 I GameModeConfig: isGameModeOn = false
05-13 10:57:08.277 1525 20725 W ProcessStats: Tracking association SourceState{6ba0e71 com.tencent.android.qqdownloader:live/10094 BTopFgs #235411} whose proc state 2 is better than process ProcessState{48ac3f8 com.tencent.android.qqdownloader:daemon/10094 pkg=com.tencent.android.qqdownloader} proc state 3 (23 skipped)
05-13 10:57:12.290 1525 21112 I netstats_mobile_sample: [0,0,0,0,0,0,0,0,0,0,0,0,1683946632289]
05-13 10:57:12.290 1525 21112 I netstats_wifi_sample: [9373830747,8713915,2373222241,7321703,9373830747,8713915,2373222241,7321703,11695380686,11793445,1329934658,5214143,1683946632289]
05-13 10:57:13.368 15290 15290 I auditd : type=1400 audit(0.0:141284): avc: granted { bind } for comm="NativeThread" scontext=u:r:untrusted_app_27:s0:c512,c768 tcontext=u:r:untrusted_app_27:s0:c512,c768 tclass=netlink_route_socket app=com.wandoujia.phoenix2
05-13 10:57:13.368 15290 15290 I auditd : type=1400 audit(0.0:141285): avc: granted { nlmsg_readpriv } for comm="NativeThread" scontext=u:r:untrusted_app_27:s0:c512,c768 tcontext=u:r:untrusted_app_27:s0:c512,c768 tclass=netlink_route_socket app=com.wandoujia.phoenix2
05-13 10:57:13.380 1525 21112 W ActivityManager: Unable to start service Intent { act=com.google.android.gms.ads.identifier.service.START pkg=com.google.android.gms } U=0: not found
05-13 10:57:13.381 15290 16179 E ActivityThread: Failed to find provider info for com.vivo.vms.IdProvider
05-13 10:57:15.464 15290 15290 I auditd : type=1400 audit(0.0:141286): avc: granted { nlmsg_readpriv } for comm="DaemonThread-6" scontext=u:r:untrusted_app_27:s0:c512,c768 tcontext=u:r:untrusted_app_27:s0:c512,c768 tclass=netlink_route_socket app=com.wandoujia.phoenix2
05-13 10:57:15.644 15290 15290 I auditd : type=1400 audit(0.0:141287): avc: granted { nlmsg_readpriv } for comm="DaemonThread-6" scontext=u:r:untrusted_app_27:s0:c512,c768 tcontext=u:r:untrusted_app_27:s0:c512,c768 tclass=netlink_route_socket app=com.wandoujia.phoenix2
05-13 10:57:16.776 15290 15290 I auditd : type=1400 audit(0.0:141288): avc: denied { open } for comm="doujia.phoenix2" path="/proc/vmstat" dev="proc" ino=4026531858 scontext=u:r:untrusted_app_27:s0:c512,c768 tcontext=u:object_r:proc_vmstat:s0 tclass=file permissive=1 app=com.wandoujia.phoenix2
05-13 10:57:16.776 15290 15290 I auditd : type=1400 audit(0.0:141289): avc: denied { getattr } for comm="doujia.phoenix2" path="/proc/vmstat" dev="proc" ino=4026531858 scontext=u:r:untrusted_app_27:s0:c512,c768 tcontext=u:object_r:proc_vmstat:s0 tclass=file permissive=1 app=com.wandoujia.phoenix2
05-13 10:57:19.688 17626 17626 I auditd : type=1400 audit(0.0:141290): avc: denied { read } for comm="Thread-25" name="tcp" dev="proc" ino=4026532256 scontext=u:r:untrusted_app:s0:c104,c256,c512,c768 tcontext=u:object_r:proc_net_tcp_udp:s0 tclass=file permissive=1 app=tv.danmaku.bili
05-13 10:57:19.688 17626 17626 I auditd : type=1400 audit(0.0:141291): avc: denied { open } for comm="Thread-25" path="/proc/17626/net/tcp" dev="proc" ino=4026532256 scontext=u:r:untrusted_app:s0:c104,c256,c512,c768 tcontext=u:object_r:proc_net_tcp_udp:s0 tclass=file permissive=1 app=tv.danmaku.bili
05-13 10:57:19.688 17626 17626 I auditd : type=1400 audit(0.0:141292): avc: denied { getattr } for comm="Thread-25" path="/proc/17626/net/tcp" dev="proc" ino=4026532256 scontext=u:r:untrusted_app:s0:c104,c256,c512,c768 tcontext=u:object_r:proc_net_tcp_udp:s0 tclass=file permissive=1 app=tv.danmaku.bili
05-13 10:57:20.460 1525 12149 W ProcessStats: Tracking association SourceState{6ba0e71 com.tencent.android.qqdownloader:live/10094 BTopFgs #235418} whose proc state 2 is better than process ProcessState{48ac3f8 com.tencent.android.qqdownloader:daemon/10094 pkg=com.tencent.android.qqdownloader} proc state 3 (6 skipped)
05-13 10:57:20.709 1525 1812 I netstats_mobile_sample: [0,0,0,0,0,0,0,0,0,0,0,0,1683946640709]
05-13 10:57:20.710 1525 1812 I netstats_wifi_sample: [9373924404,8714177,2373344402,7322074,9373924404,8714177,2373344402,7322074,11695538096,11793758,1330007531,5214414,1683946640709]
05-13 10:57:20.708 678 678 I auditd : type=1400 audit(0.0:141293): avc: denied { add_name } for comm="Binder:678_4" name="globalAlert" scontext=u:r:netd:s0 tcontext=u:object_r:proc_net:s0 tclass=dir permissive=1
05-13 10:57:20.708 678 678 I auditd : type=1400 audit(0.0:141294): avc: denied { create } for comm="Binder:678_4" name="globalAlert" scontext=u:r:netd:s0 tcontext=u:object_r:proc_net:s0 tclass=file permissive=1
05-13 10:57:21.888 20705 20705 I auditd : type=1400 audit(0.0:141295): avc: denied { open } for comm="ss.android.lark" path="/proc/vmstat" dev="proc" ino=4026531858 scontext=u:r:untrusted_app:s0:c110,c256,c512,c768 tcontext=u:object_r:proc_vmstat:s0 tclass=file permissive=1 app=com.ss.android.lark
05-13 10:57:21.888 20705 20705 I auditd : type=1400 audit(0.0:141296): avc: denied { getattr } for comm="ss.android.lark" path="/proc/vmstat" dev="proc" ino=4026531858 scontext=u:r:untrusted_app:s0:c110,c256,c512,c768 tcontext=u:object_r:proc_vmstat:s0 tclass=file permissive=1 app=com.ss.android.lark
05-13 10:57:22.981 21078 21078 I sysui_multi_action: [757,1018,758,2,1089,38164]
05-13 10:57:23.029 21078 21078 E ActivityThread: Failed to find provider info for com.google.android.gms.nearby.fastpair
05-13 10:57:23.030 21078 22637 E ActivityThread: Failed to find provider info for com.google.android.gms.nearby.fastpair
05-13 10:57:23.124 21078 21078 I sysui_multi_action: [757,747,758,1,833,0,1089,0]
05-13 10:57:23.496 16321 16321 I auditd : type=1400 audit(0.0:141297): avc: granted { nlmsg_readpriv } for comm="DaemonThread-6" scontext=u:r:untrusted_app_27:s0:c512,c768 tcontext=u:r:untrusted_app_27:s0:c512,c768 tclass=netlink_route_socket app=com.wandoujia.phoenix2
05-13 10:57:23.512 1525 1621 I am_pss : [22142,99011,com.android.webview:sandboxed_process0:org.chromium.content.app.SandboxedProcessService0:1,36381696,27230208,235520,98693120,0,10,13]
05-13 10:57:23.660 16321 16321 I auditd : type=1400 audit(0.0:141298): avc: granted { nlmsg_readpriv } for comm="DaemonThread-6" scontext=u:r:untrusted_app_27:s0:c512,c768 tcontext=u:r:untrusted_app_27:s0:c512,c768 tclass=netlink_route_socket app=com.wandoujia.phoenix2
05-13 10:57:23.784 15290 15290 I auditd : type=1400 audit(0.0:141299): avc: denied { read } for comm="NativeThread" name="unix" dev="proc" ino=4026532262 scontext=u:r:untrusted_app_27:s0:c512,c768 tcontext=u:object_r:proc_net:s0 tclass=file permissive=1 app=com.wandoujia.phoenix2
05-13 10:57:23.784 15290 15290 I auditd : type=1400 audit(0.0:141300): avc: denied { open } for comm="NativeThread" path="/proc/15290/net/unix" dev="proc" ino=4026532262 scontext=u:r:untrusted_app_27:s0:c512,c768 tcontext=u:object_r:proc_net:s0 tclass=file permissive=1 app=com.wandoujia.phoenix2
05-13 10:57:23.784 15290 15290 I auditd : type=1400 audit(0.0:141301): avc: denied { getattr } for comm="NativeThread" path="/proc/15290/net/unix" dev="proc" ino=4026532262 scontext=u:r:untrusted_app_27:s0:c512,c768 tcontext=u:object_r:proc_net:s0 tclass=file permissive=1 app=com.wandoujia.phoenix2
05-13 10:57:24.008 15290 15290 I auditd : type=1400 audit(0.0:141302): avc: denied { read } for comm="NativeThread" name="version" dev="proc" ino=4026532238 scontext=u:r:untrusted_app_27:s0:c512,c768 tcontext=u:object_r:proc_version:s0 tclass=file permissive=1 app=com.wandoujia.phoenix2
05-13 10:57:24.021 1525 21112 W ActivityManager: Unable to start service Intent { act=com.google.android.gms.ads.identifier.service.START pkg=com.google.android.gms } U=0: not found
05-13 10:57:24.021 15290 16179 E ActivityThread: Failed to find provider info for com.vivo.vms.IdProvider
05-13 10:57:24.534 21078 21078 I sysui_multi_action: [757,830,758,4,833,0,854,add_bt_devices,1089,0]
05-13 10:57:24.644 21078 21078 I sysui_multi_action: [757,747,758,2,1089,1520]
05-13 10:57:24.681 21078 21078 I sysui_multi_action: [757,1018,758,1,833,0,1089,23]
05-13 10:57:24.682 21078 21078 I sysui_multi_action: [757,1729,758,4,854,isParalleledControllers:false,1089,25]
05-13 10:57:32.651 1525 3316 W ProcessStats: Tracking association SourceState{6ba0e71 com.tencent.android.qqdownloader:live/10094 BTopFgs #235427} whose proc state 2 is better than process ProcessState{48ac3f8 com.tencent.android.qqdownloader:daemon/10094 pkg=com.tencent.android.qqdownloader} proc state 3 (8 skipped)
05-13 10:57:34.592 15290 15290 I auditd : type=1400 audit(0.0:141306): avc: granted { bind } for comm="NativeThread" scontext=u:r:untrusted_app_27:s0:c512,c768 tcontext=u:r:untrusted_app_27:s0:c512,c768 tclass=netlink_route_socket app=com.wandoujia.phoenix2
05-13 10:57:34.592 15290 15290 I auditd : type=1400 audit(0.0:141307): avc: granted { nlmsg_readpriv } for comm="NativeThread" scontext=u:r:untrusted_app_27:s0:c512,c768 tcontext=u:r:untrusted_app_27:s0:c512,c768 tclass=netlink_route_socket app=com.wandoujia.phoenix2
05-13 10:57:34.602 1525 3316 W ActivityManager: Unable to start service Intent { act=com.google.android.gms.ads.identifier.service.START pkg=com.google.android.gms } U=0: not found
05-13 10:57:34.604 15290 16179 E ActivityThread: Failed to find provider info for com.vivo.vms.IdProvider
05-13 10:57:34.768 1525 1894 I sync : [com.tencent.android.qqdownloader.YYBLiveAccountProvider,0,3,24220937]
05-13 10:57:34.806 1525 1894 I sync : [com.tencent.android.qqdownloader.YYBLiveAccountProvider,1,3,24220937]
05-13 10:57:34.812 1525 1894 I commit_sys_config_file: [sync-status,168673034]
05-13 10:57:34.829 1525 1894 I sync : [com.tencent.android.qqdownloader.YYBLiveAccountProvider,0,3,24220937]
05-13 10:57:34.851 1525 1894 I sync : [com.tencent.android.qqdownloader.YYBLiveAccountProvider,1,3,24220937]
05-13 10:57:34.853 1525 1894 I commit_sys_config_file: [sync-status,168673075]
05-13 10:57:36.284 40 40 I auditd : type=1400 audit(0.0:141308): avc: denied { kill } for comm="rcuop/3" capability=5 scontext=u:r:kernel:s0 tcontext=u:r:kernel:s0 tclass=capability permissive=1
05-13 10:57:36.784 1525 1606 I commit_sys_config_file: [jobs,5]
05-13 10:57:41.818 1525 1623 I am_uid_idle: 99011
05-13 10:57:41.819 1525 1623 I am_uid_idle: 10104
05-13 10:57:41.819 1525 1623 I am_stop_idle_service: [10104,tv.danmaku.bili/com.bilibili.lib.neuron.internal.NeuronLocalService]
05-13 10:57:41.819 1525 1623 W ActivityManager: Stopping service due to app idle: u0a104 -2h26m3s565ms tv.danmaku.bili/com.bilibili.lib.neuron.internal.NeuronLocalService
05-13 10:57:41.819 1525 1623 I am_stop_idle_service: [10104,tv.danmaku.bili/com.bilibili.videodownloader.service.VideoDownloadService]
05-13 10:57:41.819 1525 1623 W ActivityManager: Stopping service due to app idle: u0a104 -2h21m58s915ms tv.danmaku.bili/com.bilibili.videodownloader.service.VideoDownloadService
