05-13 08:55:28.113 1525 1624 W ActivityManager: Slow operation: 93ms so far, now at startProcess: done updating pids map
05-13 08:55:28.113 1525 1624 W ActivityManager: Slow operation: 92ms so far, now at startProcess: asking zygote to start proc
05-13 08:55:28.121 1525 1624 W ActivityManager: Slow operation: 100ms so far, now at startProcess: returned from zygote!
05-13 08:55:28.124 1525 1624 W ActivityManager: Slow operation: 103ms so far, now at startProcess: done updating battery stats
05-13 08:55:28.124 1525 1624 W ActivityManager: Slow operation: 103ms so far, now at startProcess: building log message
05-13 08:55:28.124 1525 1624 I ActivityManager: Start proc 24983:com.android.settings/1000 for null
05-13 08:55:28.124 1525 1624 W ActivityManager: Slow operation: 103ms so far, now at startProcess: starting to update pids map
05-13 08:55:28.124 1525 1624 W ActivityManager: Slow operation: 103ms so far, now at startProcess: done updating pids map
05-13 08:55:28.124 1525 1624 W ActivityManager: Slow operation: 101ms so far, now at startProcess: asking zygote to start proc
05-13 08:55:28.124 1525 1624 D CompatibilityChangeReporter: Compat change id reported: 143937733; UID 10100; state: ENABLED
05-13 08:55:28.131 1525 1624 W ActivityManager: Slow operation: 108ms so far, now at startProcess: returned from zygote!
05-13 08:55:28.131 1525 1624 W ActivityManager: Slow operation: 108ms so far, now at startProcess: done updating battery stats
05-13 08:55:28.131 1525 1624 W ActivityManager: Slow operation: 108ms so far, now at startProcess: building log message
05-13 08:55:28.131 1525 1624 I ActivityManager: Start proc 24996:com.netease.newsreader.activity/u0a100 for null
05-13 08:55:28.131 1525 1624 W ActivityManager: Slow operation: 108ms so far, now at startProcess: starting to update pids map
05-13 08:55:28.132 1525 1624 W ActivityManager: Slow operation: 108ms so far, now at startProcess: done updating pids map
05-13 08:55:28.132 1525 1624 W ActivityManager: Slow operation: 107ms so far, now at startProcess: asking zygote to start proc
05-13 08:55:28.132 1525 1624 D CompatibilityChangeReporter: Compat change id reported: 143937733; UID 10097; state: DISABLED
05-13 08:55:28.138 1525 1624 W ActivityManager: Slow operation: 114ms so far, now at startProcess: returned from zygote!
05-13 08:55:28.138 1525 1624 W ActivityManager: Slow operation: 114ms so far, now at startProcess: done updating battery stats
05-13 08:55:28.138 1525 1624 W ActivityManager: Slow operation: 114ms so far, now at startProcess: building log message
05-13 08:55:28.138 1525 1624 I ActivityManager: Start proc 25001:com.baidu.appsearch/u0a97 for null
05-13 08:55:28.138 1525 1624 W ActivityManager: Slow operation: 114ms so far, now at startProcess: starting to update pids map
05-13 08:55:28.138 1525 1624 W ActivityManager: Slow operation: 114ms so far, now at startProcess: done updating pids map
05-13 08:55:28.160 1525 9327 D CompatibilityChangeReporter: Compat change id reported: 168419799; UID 10097; state: DISABLED
05-13 08:55:28.808 1525 1866 W ActivityManager: Unable to start service Intent { act=com.bun.msa.action.start.service cmp=com.mdid.msa/.service.MsaKlService (has extras) } U=0: not found
05-13 08:55:28.814 1525 12149 W ActivityManager: Unable to start service Intent { act=com.bun.msa.action.bindto.service cmp=com.mdid.msa/.service.MsaIdService (has extras) } U=0: not found
05-13 08:55:28.869 1525 1866 W ActivityManager: Background start not allowed: service Intent { cmp=com.ximalaya.ting.android/.host.manager.bundleframework.BundleManager.XMPatchService (has extras) } to com.ximalaya.ting.android/.host.manager.bundleframework.BundleManager.XMPatchService from pid=24963 uid=10096 pkg=com.ximalaya.ting.android startFg?=false
05-13 08:55:28.974 24963 25167 D ActivityThread: Loading provider com.ximalaya.ting.android.opensdk.util.MultiProcessSharedPreferences: com.ximalaya.ting.android.opensdk.util.MultiProcessSharedPreferences
05-13 08:55:29.248 24944 24944 D ActivityThread: Loading provider com.kugou.android.kugouCommonPreferences: com.kugou.common.preferences.provider.CommonSharedPreferencesProvider
05-13 08:55:29.261 1525 1623 W BroadcastQueue: Permission Denial: broadcasting Intent { act=android.net.conn.CONNECTIVITY_CHANGE flg=0x4200010 (has extras) } from null (pid=-1, uid=-1) requires com.baidu.appsearch.permission.sofire.RECEIVE due to registered receiver BroadcastFilter{8f644a5 10097/u0 ReceiverList{7e1329c 25001 com.baidu.appsearch/10097/u0 remote:c81d20f}}
05-13 08:55:29.348 1525 9327 E PackageDexUsage: Unsupported context?
05-13 08:55:29.386 1525 1866 E PackageDexUsage: Unsupported context?
05-13 08:55:29.504 1525 1866 W ActivityManager: Background start not allowed: service Intent { cmp=com.baidu.appsearch/.downloads.DownloadService (has extras) } to com.baidu.appsearch/.downloads.DownloadService from pid=25001 uid=10097 pkg=com.baidu.appsearch startFg?=false
05-13 08:55:29.688 1525 1866 W ActivityManager: Unable to start service Intent { act=com.bun.msa.action.start.service cmp=com.mdid.msa/.service.MsaKlService (has extras) } U=0: not found
05-13 08:55:29.702 1525 1866 W ActivityManager: Unable to start service Intent { act=com.bun.msa.action.bindto.service cmp=com.mdid.msa/.service.MsaIdService (has extras) } U=0: not found
05-13 08:55:29.703 1525 1866 W ActivityManager: Background start not allowed: service Intent { cmp=com.netease.newsreader.activity/com.sijla.common.HBS } to com.netease.newsreader.activity/com.sijla.common.HBS from pid=24996 uid=10100 pkg=com.netease.newsreader.activity startFg?=false
05-13 08:55:29.808 1525 1866 W ActivityManager: Unable to start service Intent { cmp=com.netease.newsreader.activity/com.netease.newsreader.support.api.gaode.NTESAPSService (has extras) } U=0: not found
05-13 08:55:29.903 1525 12149 E PackageDexUsage: Unsupported context?
05-13 08:55:29.909 1525 12149 W ActivityManager: Unable to start service Intent { cmp=com.netease.newsreader.activity/com.netease.newsreader.support.api.gaode.NTESAPSService (has extras) } U=0: not found
05-13 08:55:29.943 1525 12149 W ActivityManager: Unable to start service Intent { act=com.bun.msa.action.start.service cmp=com.mdid.msa/.service.MsaKlService (has extras) } U=0: not found
05-13 08:55:29.952 1525 12149 W ActivityManager: Unable to start service Intent { act=com.bun.msa.action.bindto.service cmp=com.mdid.msa/.service.MsaIdService (has extras) } U=0: not found
05-13 08:55:29.985 1525 1866 W ActivityManager: Background start not allowed: service Intent { act=com.baidu.appsearch.process_launch cmp=com.baidu.appsearch/.RecvHandleService (has extras) } to com.baidu.appsearch/.RecvHandleService from pid=25001 uid=10097 pkg=com.baidu.appsearch startFg?=false
05-13 08:55:30.017 1525 1866 W ActivityManager: Unable to start service Intent { act=com.bun.msa.action.start.service cmp=com.mdid.msa/.service.MsaKlService (has extras) } U=0: not found
05-13 08:55:30.042 1525 1623 W BroadcastQueue: Permission Denial: broadcasting Intent { act=android.net.conn.CONNECTIVITY_CHANGE flg=0x4200010 (has extras) } from null (pid=-1, uid=-1) requires com.baidu.appsearch.permission.sofire.RECEIVE due to registered receiver BroadcastFilter{f8cc518 10097/u0 ReceiverList{64670fb 25001 com.baidu.appsearch/10097/u0 remote:f5ba28a}}
05-13 08:55:30.061 1525 1866 W ActivityManager: Unable to start service Intent { act=com.bun.msa.action.bindto.service cmp=com.mdid.msa/.service.MsaIdService (has extras) } U=0: not found
05-13 08:55:30.087 1525 9327 W ActivityManager: Unable to start service Intent { cmp=com.netease.newsreader.activity/com.netease.sdk.service.InitService } U=0: not found
05-13 08:55:30.331 1525 9327 E PackageDexUsage: Unsupported context?
05-13 08:55:30.372 1525 9327 W ActivityManager: Unable to start service Intent { act=com.bun.msa.action.start.service cmp=com.mdid.msa/.service.MsaKlService (has extras) } U=0: not found
05-13 08:55:30.378 1525 9327 W ActivityManager: Unable to start service Intent { act=com.bun.msa.action.bindto.service cmp=com.mdid.msa/.service.MsaIdService (has extras) } U=0: not found
05-13 08:55:30.619 1525 1623 W BroadcastQueue: Permission Denial: broadcasting Intent { act=android.net.conn.CONNECTIVITY_CHANGE flg=0x4200010 (has extras) } from null (pid=-1, uid=-1) requires com.baidu.appsearch.permission.sofire.RECEIVE due to registered receiver BroadcastFilter{1ce78e5 10097/u0 ReceiverList{f648fdc 25001 com.baidu.appsearch/10097/u0 remote:d2f5c4f}}
05-13 08:55:30.631 1525 9327 D CompatibilityChangeReporter: Compat change id reported: 171306433; UID 10097; state: DISABLED
05-13 08:55:30.635 1525 9327 W ActivityManager: Receiver with filter android.content.IntentFilter@ece4dc5 already registered for pid 25001, callerPackage is com.baidu.appsearch
05-13 08:55:30.956 1525 9327 W ActivityManager: Receiver with filter android.content.IntentFilter@f3f6bd0 already registered for pid 25001, callerPackage is com.baidu.appsearch
05-13 08:55:31.397 25001 25296 W PackageParser: Ignoring duplicate uses-permissions/uses-permissions-sdk-m: baidu.push.permission.WRITE_PUSHINFOPROVIDER.com.baidu.appsearch in package: com.baidu.appsearch at: Binary XML file line #77
05-13 08:55:31.424 25001 25296 W PackageParser: Ignoring duplicate uses-permissions/uses-permissions-sdk-m: android.permission.VIBRATE in package: com.baidu.appsearch at: Binary XML file line #163
05-13 08:55:31.424 25001 25296 W PackageParser: Ignoring duplicate uses-permissions/uses-permissions-sdk-m: android.permission.DISABLE_KEYGUARD in package: com.baidu.appsearch at: Binary XML file line #165
05-13 08:55:31.462 1525 1866 W ActivityManager: Receiver with filter android.content.IntentFilter@1241d3a already registered for pid 25001, callerPackage is com.baidu.appsearch
05-13 08:55:31.471 24962 24962 D ActivityThread: Loading provider com.netease.cloudmusic.treasurepreferences: org.xjy.android.treasure.provider.TreasureProvider
05-13 08:55:31.729 1525 1866 W ActivityManager: Unable to start service Intent { act=com.bun.msa.action.start.service cmp=com.mdid.msa/.service.MsaKlService (has extras) } U=0: not found
05-13 08:55:31.741 1525 1866 W ActivityManager: Unable to start service Intent { act=com.bun.msa.action.bindto.service cmp=com.mdid.msa/.service.MsaIdService (has extras) } U=0: not found
05-13 08:55:31.787 1525 9327 W ActivityManager: Unable to start service Intent { act=com.bun.msa.action.start.service cmp=com.mdid.msa/.service.MsaKlService (has extras) } U=0: not found
05-13 08:55:31.787 1525 9327 W ActivityManager: Unable to start service Intent { act=com.bun.msa.action.start.service cmp=com.mdid.msa/.service.MsaKlService (has extras) } U=0: not found
05-13 08:55:31.788 1525 9327 W ActivityManager: Unable to start service Intent { act=com.bun.msa.action.bindto.service cmp=com.mdid.msa/.service.MsaIdService (has extras) } U=0: not found
05-13 08:55:31.790 1525 9327 W ActivityManager: Unable to start service Intent { act=com.bun.msa.action.bindto.service cmp=com.mdid.msa/.service.MsaIdService (has extras) } U=0: not found
05-13 08:55:31.841 1525 9327 W ActivityManager: Unable to start service Intent { act=com.bun.msa.action.start.service cmp=com.mdid.msa/.service.MsaKlService (has extras) } U=0: not found
05-13 08:55:31.844 1525 9327 W ActivityManager: Unable to start service Intent { act=com.bun.msa.action.bindto.service cmp=com.mdid.msa/.service.MsaIdService (has extras) } U=0: not found
05-13 08:55:32.040 1525 1827 D NsdService: New client listening to asynchronous messages
05-13 08:55:32.040 1525 1827 D NsdService: New client, channel: com.android.internal.util.AsyncChannel@c7415c0 messenger: android.os.Messenger@e8df2f9
05-13 08:55:32.047 1525 1827 D NsdService: Discover services
05-13 08:55:32.047 1525 1827 D NsdService: mdnssd [start-service]
05-13 08:55:32.128 1525 9327 D CompatibilityChangeReporter: Compat change id reported: 135634846; UID 10100; state: DISABLED
05-13 08:55:32.128 1525 1624 D CompatibilityChangeReporter: Compat change id reported: 143937733; UID 10100; state: ENABLED
05-13 08:55:32.141 1525 1624 I ActivityManager: Start proc 25610:com.android.webview:sandboxed_process0:org.chromium.content.app.SandboxedProcessService0:0/u0i12 for {com.netease.newsreader.activity/org.chromium.content.app.SandboxedProcessService0:0}
05-13 08:55:32.256 1525 1827 D NsdService: mdnssd [discover, 57, _services._dns-sd._udp.]
05-13 08:55:32.257 1525 1827 D NsdService: Discover 2 57_services._dns-sd._udp.
05-13 08:55:32.274 1525 9327 W ActivityManager: Unable to start service Intent { act=com.bun.msa.action.start.service cmp=com.mdid.msa/.service.MsaKlService (has extras) } U=0: not found
05-13 08:55:32.279 1525 1866 W ActivityManager: Unable to start service Intent { act=com.bun.msa.action.bindto.service cmp=com.mdid.msa/.service.MsaIdService (has extras) } U=0: not found
05-13 08:55:32.350 1525 1827 D NsdService: Native daemon message SERVICE_FOUND: 603 57 "_raop" _tcp.local. .
05-13 08:55:32.350 1525 1827 D NsdService: Native daemon message SERVICE_FOUND: 603 57 "_airplay" _tcp.local. .
05-13 08:55:32.350 1525 1827 D NsdService: Native daemon message SERVICE_FOUND: 603 57 "_leboremote" _tcp.local. .
05-13 08:55:32.367 1525 1827 D NsdService: Native daemon message SERVICE_FOUND: 603 57 "_adb" _tcp.local. .
05-13 08:55:32.452 1525 1827 D NsdService: Native daemon message SERVICE_FOUND: 603 57 "_raop" _tcp.local. .
05-13 08:55:32.452 1525 1827 D NsdService: Native daemon message SERVICE_FOUND: 603 57 "_airplay" _tcp.local. .
05-13 08:55:32.452 1525 1827 D NsdService: Native daemon message SERVICE_FOUND: 603 57 "_leboremote" _tcp.local. .
05-13 08:55:32.453 1525 1827 D NsdService: Native daemon message SERVICE_FOUND: 603 57 "_raop" _tcp.local. .
05-13 08:55:32.453 1525 1827 D NsdService: Native daemon message SERVICE_FOUND: 603 57 "_airplay" _tcp.local. .
05-13 08:55:32.453 1525 1827 D NsdService: Native daemon message SERVICE_FOUND: 603 57 "_leboremote" _tcp.local. .
05-13 08:55:32.453 1525 1827 D NsdService: Native daemon message SERVICE_FOUND: 603 57 "_raop" _tcp.local. .
05-13 08:55:32.453 1525 1827 D NsdService: Native daemon message SERVICE_FOUND: 603 57 "_airplay" _tcp.local. .
05-13 08:55:32.453 1525 1827 D NsdService: Native daemon message SERVICE_FOUND: 603 57 "_leboremote" _tcp.local. .
05-13 08:55:32.453 1525 1827 D NsdService: Native daemon message SERVICE_FOUND: 603 57 "_raop" _tcp.local. .
05-13 08:55:32.454 1525 1827 D NsdService: Native daemon message SERVICE_FOUND: 603 57 "_airplay" _tcp.local. .
05-13 08:55:32.454 1525 1827 D NsdService: Native daemon message SERVICE_FOUND: 603 57 "_leboremote" _tcp.local. .
05-13 08:55:32.454 1525 1827 D NsdService: Native daemon message SERVICE_FOUND: 603 57 "_raop" _tcp.local. .
05-13 08:55:32.454 1525 1827 D NsdService: Native daemon message SERVICE_FOUND: 603 57 "_airplay" _tcp.local. .
05-13 08:55:32.454 1525 1827 D NsdService: Native daemon message SERVICE_FOUND: 603 57 "_leboremote" _tcp.local. .
05-13 08:55:32.455 1525 1827 D NsdService: Native daemon message SERVICE_FOUND: 603 57 "_raop" _tcp.local. .
05-13 08:55:32.455 1525 1827 D NsdService: Native daemon message SERVICE_FOUND: 603 57 "_airplay" _tcp.local. .
05-13 08:55:32.455 1525 1827 D NsdService: Native daemon message SERVICE_FOUND: 603 57 "_leboremote" _tcp.local. .
05-13 08:55:32.586 1525 1827 D NsdService: Stop service discovery
05-13 08:55:32.586 1525 1827 D NsdService: mdnssd [stop-discover, 57]
05-13 08:55:32.588 1525 1827 D NsdService: Discover services
05-13 08:55:32.588 1525 1827 D NsdService: mdnssd [discover, 58, _raop._tcp.]
05-13 08:55:32.589 1525 1827 D NsdService: Discover 3 58_raop._tcp.
05-13 08:55:32.776 1525 1827 D NsdService: Native daemon message SERVICE_FOUND: 603 58 "b45e4a63b8d6@高合娱乐副屏" _raop._tcp. local.
05-13 08:55:32.776 1525 1827 D NsdService: Native daemon message SERVICE_FOUND: 603 58 "b45e4a63b8d6@高合娱乐副屏" _raop._tcp. local.
05-13 08:55:32.777 1525 1827 D NsdService: Native daemon message SERVICE_FOUND: 603 58 "b45e4a63b8d6@高合娱乐副屏" _raop._tcp. local.
05-13 08:55:32.777 1525 1827 D NsdService: Native daemon message SERVICE_FOUND: 603 58 "b45e4a63b8d6@高合娱乐副屏" _raop._tcp. local.
05-13 08:55:32.777 1525 1827 D NsdService: Native daemon message SERVICE_FOUND: 603 58 "b45e4a63b8d6@高合娱乐副屏" _raop._tcp. local.
05-13 08:55:32.777 1525 1827 D NsdService: Native daemon message SERVICE_FOUND: 603 58 "b45e4a63b8d6@高合娱乐副屏" _raop._tcp. local.
05-13 08:55:32.777 1525 1827 D NsdService: Native daemon message SERVICE_FOUND: 603 58 "b45e4a63b8d6@高合娱乐副屏" _raop._tcp. local.
05-13 08:55:33.119 1525 12149 W ProcessStats: Tracking association SourceState{6ba0e71 com.tencent.android.qqdownloader:live/10094 BTopFgs #222881} whose proc state 2 is better than process ProcessState{48ac3f8 com.tencent.android.qqdownloader:daemon/10094 pkg=com.tencent.android.qqdownloader} proc state 3 (10 skipped)
05-13 08:55:33.128 1525 1827 D NsdService: Stop service discovery
05-13 08:55:33.128 1525 1827 D NsdService: mdnssd [stop-discover, 58]
05-13 08:55:33.129 1525 1827 D NsdService: Discover services
05-13 08:55:33.129 1525 1827 D NsdService: mdnssd [discover, 59, _airplay._tcp.]
05-13 08:55:33.129 1525 1827 D NsdService: Discover 4 59_airplay._tcp.
05-13 08:55:33.307 1525 1827 D NsdService: Native daemon message SERVICE_FOUND: 603 59 "高合娱乐副屏" _airplay._tcp. local.
05-13 08:55:33.308 1525 1827 D NsdService: Native daemon message SERVICE_FOUND: 603 59 "高合娱乐副屏" _airplay._tcp. local.
05-13 08:55:33.308 1525 1827 D NsdService: Native daemon message SERVICE_FOUND: 603 59 "高合娱乐副屏" _airplay._tcp. local.
05-13 08:55:33.308 1525 1827 D NsdService: Native daemon message SERVICE_FOUND: 603 59 "高合娱乐副屏" _airplay._tcp. local.
05-13 08:55:33.308 1525 1827 D NsdService: Native daemon message SERVICE_FOUND: 603 59 "高合娱乐副屏" _airplay._tcp. local.
05-13 08:55:33.308 1525 1827 D NsdService: Native daemon message SERVICE_FOUND: 603 59 "高合娱乐副屏" _airplay._tcp. local.
05-13 08:55:33.308 1525 1827 D NsdService: Native daemon message SERVICE_FOUND: 603 59 "高合娱乐副屏" _airplay._tcp. local.
05-13 08:55:33.666 1525 1827 D NsdService: Stop service discovery
05-13 08:55:33.666 1525 1827 D NsdService: mdnssd [stop-discover, 59]
05-13 08:55:33.667 1525 1827 D NsdService: Discover services
05-13 08:55:33.667 1525 1827 D NsdService: mdnssd [discover, 60, _leboremote._tcp.]
05-13 08:55:33.667 1525 1827 D NsdService: Discover 5 60_leboremote._tcp.
05-13 08:55:33.787 1525 12149 W ActivityManager: Background start not allowed: service Intent { cmp=com.netease.newsreader.activity/com.netease.newsreader.support.push.gt.PushNewGTCoreService (has extras) } to com.netease.newsreader.activity/com.netease.newsreader.support.push.gt.PushNewGTCoreService from pid=24996 uid=10100 pkg=com.netease.newsreader.activity startFg?=false
05-13 08:55:33.788 1525 1866 W ActivityManager: Background start not allowed: service Intent { cmp=com.netease.newsreader.activity/com.netease.nr.biz.push.newpush.PushGuardService } to com.netease.newsreader.activity/com.netease.nr.biz.push.newpush.PushGuardService from pid=24996 uid=10100 pkg=com.netease.newsreader.activity startFg?=false
05-13 08:55:33.789 1525 1866 W ActivityManager: Background start not allowed: service Intent { cmp=com.netease.newsreader.activity/com.netease.newsreader.support.push.gt.PushNewGTCoreService (has extras) } to com.netease.newsreader.activity/com.netease.newsreader.support.push.gt.PushNewGTCoreService from pid=24996 uid=10100 pkg=com.netease.newsreader.activity startFg?=false
05-13 08:55:33.789 1525 1866 W ActivityManager: Background start not allowed: service Intent { cmp=com.netease.newsreader.activity/com.netease.newsreader.support.push.gt.PushNewGTCoreService (has extras) } to com.netease.newsreader.activity/com.netease.newsreader.support.push.gt.PushNewGTCoreService from pid=24996 uid=10100 pkg=com.netease.newsreader.activity startFg?=false
05-13 08:55:33.790 1525 1866 W ActivityManager: Background start not allowed: service Intent { cmp=com.netease.newsreader.activity/com.netease.newsreader.support.push.gt.PushNewGTCoreService (has extras) } to com.netease.newsreader.activity/com.netease.newsreader.support.push.gt.PushNewGTCoreService from pid=24996 uid=10100 pkg=com.netease.newsreader.activity startFg?=false
05-13 08:55:33.872 1525 1866 W ActivityManager: Unable to start service Intent { act=com.uodis.opendevice.OPENIDS_SERVICE pkg=com.huawei.hwid } U=0: not found
05-13 08:55:33.878 1525 1827 D NsdService: Native daemon message SERVICE_FOUND: 603 60 "高合娱乐副屏" _leboremote._tcp. local.
05-13 08:55:33.879 1525 1827 D NsdService: Native daemon message SERVICE_FOUND: 603 60 "高合娱乐副屏" _leboremote._tcp. local.
05-13 08:55:33.879 1525 1827 D NsdService: Native daemon message SERVICE_FOUND: 603 60 "高合娱乐副屏" _leboremote._tcp. local.
05-13 08:55:33.879 1525 1827 D NsdService: Native daemon message SERVICE_FOUND: 603 60 "高合娱乐副屏" _leboremote._tcp. local.
05-13 08:55:33.879 1525 1827 D NsdService: Native daemon message SERVICE_FOUND: 603 60 "高合娱乐副屏" _leboremote._tcp. local.
05-13 08:55:33.879 1525 1827 D NsdService: Native daemon message SERVICE_FOUND: 603 60 "高合娱乐副屏" _leboremote._tcp. local.
05-13 08:55:33.879 1525 1827 D NsdService: Native daemon message SERVICE_FOUND: 603 60 "高合娱乐副屏" _leboremote._tcp. local.
05-13 08:55:33.891 1525 1866 W ActivityManager: Background start not allowed: service Intent { act=com.baidu.appsearch.process_launch cmp=com.baidu.appsearch/.manage.ManagementHandlerService (has extras) } to com.baidu.appsearch/.manage.ManagementHandlerService from pid=25001 uid=10097 pkg=com.baidu.appsearch startFg?=false
05-13 08:55:34.142 1525 9327 W ActivityManager: Unable to start service Intent { act=com.uodis.opendevice.OPENIDS_SERVICE pkg=com.huawei.hwid } U=0: not found
05-13 08:55:34.206 1525 1827 D NsdService: Stop service discovery
05-13 08:55:34.206 1525 1827 D NsdService: mdnssd [stop-discover, 60]
05-13 08:55:34.207 1525 1827 D NsdService: Discover services
05-13 08:55:34.207 1525 1827 D NsdService: mdnssd [discover, 61, _adb._tcp.]
05-13 08:55:34.207 1525 1827 D NsdService: Discover 6 61_adb._tcp.
05-13 08:55:34.464 1525 1827 D NsdService: Native daemon message SERVICE_FOUND: 603 61 "adb-00000bb70f845f50" _adb._tcp. local.
05-13 08:55:34.746 1525 1827 D NsdService: Stop service discovery
05-13 08:55:34.746 1525 1827 D NsdService: mdnssd [stop-discover, 61]
05-13 08:55:34.747 1525 1827 D NsdService: Discover services
05-13 08:55:34.747 1525 1827 D NsdService: mdnssd [discover, 62, _raop._tcp.]
05-13 08:55:34.747 1525 1827 D NsdService: Discover 7 62_raop._tcp.
05-13 08:55:34.748 1525 1827 D NsdService: Native daemon message SERVICE_FOUND: 603 62 "b45e4a63b8d6@高合娱乐副屏" _raop._tcp. local.
05-13 08:55:34.748 1525 1827 D NsdService: Native daemon message SERVICE_FOUND: 603 62 "b45e4a63b8d6@高合娱乐副屏" _raop._tcp. local.
05-13 08:55:34.748 1525 1827 D NsdService: Native daemon message SERVICE_FOUND: 603 62 "b45e4a63b8d6@高合娱乐副屏" _raop._tcp. local.
05-13 08:55:34.748 1525 1827 D NsdService: Native daemon message SERVICE_FOUND: 603 62 "b45e4a63b8d6@高合娱乐副屏" _raop._tcp. local.
05-13 08:55:34.748 1525 1827 D NsdService: Native daemon message SERVICE_FOUND: 603 62 "b45e4a63b8d6@高合娱乐副屏" _raop._tcp. local.
05-13 08:55:34.748 1525 1827 D NsdService: Native daemon message SERVICE_FOUND: 603 62 "b45e4a63b8d6@高合娱乐副屏" _raop._tcp. local.
05-13 08:55:34.748 1525 1827 D NsdService: Native daemon message SERVICE_FOUND: 603 62 "b45e4a63b8d6@高合娱乐副屏" _raop._tcp. local.
05-13 08:55:35.228 24963 24963 W Looper : Loop again would have the queued messages be executed before this one completed.
05-13 08:55:35.286 1525 1827 D NsdService: Stop service discovery
05-13 08:55:35.286 1525 1827 D NsdService: mdnssd [stop-discover, 62]
05-13 08:55:35.287 1525 1827 D NsdService: Discover services
05-13 08:55:35.287 1525 1827 D NsdService: mdnssd [discover, 63, _airplay._tcp.]
05-13 08:55:35.287 1525 1827 D NsdService: Discover 8 63_airplay._tcp.
05-13 08:55:35.287 1525 1827 D NsdService: Native daemon message SERVICE_FOUND: 603 63 "高合娱乐副屏" _airplay._tcp. local.
05-13 08:55:35.288 1525 1827 D NsdService: Native daemon message SERVICE_FOUND: 603 63 "高合娱乐副屏" _airplay._tcp. local.
05-13 08:55:35.288 1525 1827 D NsdService: Native daemon message SERVICE_FOUND: 603 63 "高合娱乐副屏" _airplay._tcp. local.
05-13 08:55:35.288 1525 1827 D NsdService: Native daemon message SERVICE_FOUND: 603 63 "高合娱乐副屏" _airplay._tcp. local.
05-13 08:55:35.288 1525 1827 D NsdService: Native daemon message SERVICE_FOUND: 603 63 "高合娱乐副屏" _airplay._tcp. local.
05-13 08:55:35.288 1525 1827 D NsdService: Native daemon message SERVICE_FOUND: 603 63 "高合娱乐副屏" _airplay._tcp. local.
05-13 08:55:35.288 1525 1827 D NsdService: Native daemon message SERVICE_FOUND: 603 63 "高合娱乐副屏" _airplay._tcp. local.
05-13 08:55:35.452 1525 9327 W ActivityManager: Unable to start service Intent { act=com.bun.msa.action.start.service cmp=com.mdid.msa/.service.MsaKlService (has extras) } U=0: not found
05-13 08:55:35.456 1525 9327 W ActivityManager: Unable to start service Intent { act=com.bun.msa.action.bindto.service cmp=com.mdid.msa/.service.MsaIdService (has extras) } U=0: not found
05-13 08:55:35.829 1525 1827 D NsdService: Stop service discovery
05-13 08:55:35.829 1525 1827 D NsdService: mdnssd [stop-discover, 63]
05-13 08:55:35.829 1525 1827 D NsdService: Discover services
05-13 08:55:35.829 1525 1827 D NsdService: mdnssd [discover, 64, _leboremote._tcp.]
05-13 08:55:35.830 1525 1827 D NsdService: Discover 9 64_leboremote._tcp.
05-13 08:55:35.830 1525 1827 D NsdService: Native daemon message SERVICE_FOUND: 603 64 "高合娱乐副屏" _leboremote._tcp. local.
05-13 08:55:35.830 1525 1827 D NsdService: Native daemon message SERVICE_FOUND: 603 64 "高合娱乐副屏" _leboremote._tcp. local.
05-13 08:55:35.831 1525 1827 D NsdService: Native daemon message SERVICE_FOUND: 603 64 "高合娱乐副屏" _leboremote._tcp. local.
05-13 08:55:35.831 1525 1827 D NsdService: Native daemon message SERVICE_FOUND: 603 64 "高合娱乐副屏" _leboremote._tcp. local.
05-13 08:55:35.831 1525 1827 D NsdService: Native daemon message SERVICE_FOUND: 603 64 "高合娱乐副屏" _leboremote._tcp. local.
05-13 08:55:35.831 1525 1827 D NsdService: Native daemon message SERVICE_FOUND: 603 64 "高合娱乐副屏" _leboremote._tcp. local.
05-13 08:55:35.831 1525 1827 D NsdService: Native daemon message SERVICE_FOUND: 603 64 "高合娱乐副屏" _leboremote._tcp. local.
05-13 08:55:36.154 1525 1866 W ActivityManager: Background start not allowed: service Intent { cmp=com.ximalaya.ting.android/com.qq.e.comm.DownloadService (has extras) } to com.ximalaya.ting.android/com.qq.e.comm.DownloadService from pid=24963 uid=10096 pkg=com.ximalaya.ting.android startFg?=false
05-13 08:55:36.289 1525 9327 W ActivityManager: Unable to start service Intent { act=com.bun.msa.action.start.service cmp=com.mdid.msa/.service.MsaKlService (has extras) } U=0: not found
05-13 08:55:36.291 1525 9327 W ActivityManager: Unable to start service Intent { act=com.bun.msa.action.bindto.service cmp=com.mdid.msa/.service.MsaIdService (has extras) } U=0: not found
05-13 08:55:36.369 1525 1827 D NsdService: Stop service discovery
05-13 08:55:36.369 1525 1827 D NsdService: mdnssd [stop-discover, 64]
05-13 08:55:36.370 1525 1827 D NsdService: Discover services
05-13 08:55:36.370 1525 1827 D NsdService: mdnssd [discover, 65, _raop._tcp.]
05-13 08:55:36.370 1525 1827 D NsdService: Discover 10 65_raop._tcp.
05-13 08:55:36.370 1525 1827 D NsdService: Native daemon message SERVICE_FOUND: 603 65 "b45e4a63b8d6@高合娱乐副屏" _raop._tcp. local.
05-13 08:55:36.371 1525 1827 D NsdService: Native daemon message SERVICE_FOUND: 603 65 "b45e4a63b8d6@高合娱乐副屏" _raop._tcp. local.
05-13 08:55:36.371 1525 1827 D NsdService: Native daemon message SERVICE_FOUND: 603 65 "b45e4a63b8d6@高合娱乐副屏" _raop._tcp. local.
05-13 08:55:36.371 1525 1827 D NsdService: Native daemon message SERVICE_FOUND: 603 65 "b45e4a63b8d6@高合娱乐副屏" _raop._tcp. local.
05-13 08:55:36.371 1525 1827 D NsdService: Native daemon message SERVICE_FOUND: 603 65 "b45e4a63b8d6@高合娱乐副屏" _raop._tcp. local.
05-13 08:55:36.371 1525 1827 D NsdService: Native daemon message SERVICE_FOUND: 603 65 "b45e4a63b8d6@高合娱乐副屏" _raop._tcp. local.
05-13 08:55:36.371 1525 1827 D NsdService: Native daemon message SERVICE_FOUND: 603 65 "b45e4a63b8d6@高合娱乐副屏" _raop._tcp. local.
05-13 08:55:36.907 1525 1827 D NsdService: Stop service discovery
05-13 08:55:36.907 1525 1827 D NsdService: mdnssd [stop-discover, 65]
05-13 08:55:36.907 1525 1827 D NsdService: Discover services
05-13 08:55:36.907 1525 1827 D NsdService: mdnssd [discover, 66, _airplay._tcp.]
05-13 08:55:36.908 1525 1827 D NsdService: Discover 11 66_airplay._tcp.
05-13 08:55:36.908 1525 1827 D NsdService: Native daemon message SERVICE_FOUND: 603 66 "高合娱乐副屏" _airplay._tcp. local.
05-13 08:55:36.908 1525 1827 D NsdService: Native daemon message SERVICE_FOUND: 603 66 "高合娱乐副屏" _airplay._tcp. local.
05-13 08:55:36.908 1525 1827 D NsdService: Native daemon message SERVICE_FOUND: 603 66 "高合娱乐副屏" _airplay._tcp. local.
05-13 08:55:36.908 1525 1827 D NsdService: Native daemon message SERVICE_FOUND: 603 66 "高合娱乐副屏" _airplay._tcp. local.
05-13 08:55:36.908 1525 1827 D NsdService: Native daemon message SERVICE_FOUND: 603 66 "高合娱乐副屏" _airplay._tcp. local.
05-13 08:55:36.908 1525 1827 D NsdService: Native daemon message SERVICE_FOUND: 603 66 "高合娱乐副屏" _airplay._tcp. local.
05-13 08:55:36.908 1525 1827 D NsdService: Native daemon message SERVICE_FOUND: 603 66 "高合娱乐副屏" _airplay._tcp. local.
05-13 08:55:37.373 1525 9327 W ActivityManager: Background start not allowed: service Intent { cmp=com.ximalaya.ting.android/.xmpushservice.getui.XmGeTuiPushService (has extras) } to com.ximalaya.ting.android/.xmpushservice.getui.XmGeTuiPushService from pid=24963 uid=10096 pkg=com.ximalaya.ting.android startFg?=false
05-13 08:55:37.382 1525 9327 W ActivityManager: Background start not allowed: service Intent { cmp=com.ximalaya.ting.android/.xmpushservice.getui.XmGeTuiPushService (has extras) } to com.ximalaya.ting.android/.xmpushservice.getui.XmGeTuiPushService from pid=24963 uid=10096 pkg=com.ximalaya.ting.android startFg?=false
05-13 08:55:37.446 1525 1827 D NsdService: Stop service discovery
05-13 08:55:37.446 1525 1827 D NsdService: mdnssd [stop-discover, 66]
05-13 08:55:37.450 1525 1827 D NsdService: Discover services
05-13 08:55:37.450 1525 1827 D NsdService: mdnssd [discover, 67, _leboremote._tcp.]
05-13 08:55:37.451 1525 1827 D NsdService: Discover 12 67_leboremote._tcp.
05-13 08:55:37.452 1525 1827 D NsdService: Native daemon message SERVICE_FOUND: 603 67 "高合娱乐副屏" _leboremote._tcp. local.
05-13 08:55:37.452 1525 1827 D NsdService: Native daemon message SERVICE_FOUND: 603 67 "高合娱乐副屏" _leboremote._tcp. local.
05-13 08:55:37.452 1525 1827 D NsdService: Native daemon message SERVICE_FOUND: 603 67 "高合娱乐副屏" _leboremote._tcp. local.
05-13 08:55:37.452 1525 1827 D NsdService: Native daemon message SERVICE_FOUND: 603 67 "高合娱乐副屏" _leboremote._tcp. local.
05-13 08:55:37.452 1525 1827 D NsdService: Native daemon message SERVICE_FOUND: 603 67 "高合娱乐副屏" _leboremote._tcp. local.
05-13 08:55:37.452 1525 1827 D NsdService: Native daemon message SERVICE_FOUND: 603 67 "高合娱乐副屏" _leboremote._tcp. local.
05-13 08:55:37.452 1525 1827 D NsdService: Native daemon message SERVICE_FOUND: 603 67 "高合娱乐副屏" _leboremote._tcp. local.
05-13 08:55:37.518 1525 1866 W ActivityManager: Background start not allowed: service Intent { cmp=com.ximalaya.ting.android/.xmpushservice.getui.XmGeTuiPushService (has extras) } to com.ximalaya.ting.android/.xmpushservice.getui.XmGeTuiPushService from pid=24963 uid=10096 pkg=com.ximalaya.ting.android startFg?=false
05-13 08:55:37.840 1525 12149 W ActivityManager: Unable to start service Intent { act=com.google.android.gms.ads.identifier.service.START pkg=com.google.android.gms } U=0: not found
05-13 08:55:37.841 15290 16179 E ActivityThread: Failed to find provider info for com.vivo.vms.IdProvider
05-13 08:55:37.986 1525 1827 D NsdService: Stop service discovery
05-13 08:55:37.986 1525 1827 D NsdService: mdnssd [stop-discover, 67]
05-13 08:55:37.986 1525 1827 D NsdService: Discover services
05-13 08:55:37.987 1525 1827 D NsdService: mdnssd [discover, 68, _raop._tcp.]
05-13 08:55:37.987 1525 1827 D NsdService: Discover 13 68_raop._tcp.
05-13 08:55:37.987 1525 1827 D NsdService: Native daemon message SERVICE_FOUND: 603 68 "b45e4a63b8d6@高合娱乐副屏" _raop._tcp. local.
05-13 08:55:37.987 1525 1827 D NsdService: Native daemon message SERVICE_FOUND: 603 68 "b45e4a63b8d6@高合娱乐副屏" _raop._tcp. local.
05-13 08:55:37.987 1525 1827 D NsdService: Native daemon message SERVICE_FOUND: 603 68 "b45e4a63b8d6@高合娱乐副屏" _raop._tcp. local.
05-13 08:55:37.987 1525 1827 D NsdService: Native daemon message SERVICE_FOUND: 603 68 "b45e4a63b8d6@高合娱乐副屏" _raop._tcp. local.
05-13 08:55:37.988 1525 1827 D NsdService: Native daemon message SERVICE_FOUND: 603 68 "b45e4a63b8d6@高合娱乐副屏" _raop._tcp. local.
05-13 08:55:37.988 1525 1827 D NsdService: Native daemon message SERVICE_FOUND: 603 68 "b45e4a63b8d6@高合娱乐副屏" _raop._tcp. local.
05-13 08:55:37.988 1525 1827 D NsdService: Native daemon message SERVICE_FOUND: 603 68 "b45e4a63b8d6@高合娱乐副屏" _raop._tcp. local.
05-13 08:55:38.124 1525 9327 W ActivityManager: Background start not allowed: service Intent { act=android.net.conn.CONNECTIVITY_CHANGE cmp=com.ximalaya.ting.android/com.ss.android.socialbase.downloader.notification.DownloadNotificationService } to com.ximalaya.ting.android/com.ss.android.socialbase.downloader.notification.DownloadNotificationService from pid=24963 uid=10096 pkg=com.ximalaya.ting.android startFg?=false
05-13 08:55:38.379 1525 1866 W ActivityManager: Background start not allowed: service Intent { cmp=com.ximalaya.ting.android/.xmpushservice.jpush.XMJCommonService } to com.ximalaya.ting.android/.xmpushservice.jpush.XMJCommonService from pid=24963 uid=10096 pkg=com.ximalaya.ting.android startFg?=false
05-13 08:55:38.526 1525 1827 D NsdService: Stop service discovery
05-13 08:55:38.526 1525 1827 D NsdService: mdnssd [stop-discover, 68]
05-13 08:55:38.527 1525 1827 D NsdService: Discover services
05-13 08:55:38.527 1525 1827 D NsdService: mdnssd [discover, 69, _airplay._tcp.]
05-13 08:55:38.527 1525 1827 D NsdService: Discover 14 69_airplay._tcp.
05-13 08:55:38.528 1525 1827 D NsdService: Native daemon message SERVICE_FOUND: 603 69 "高合娱乐副屏" _airplay._tcp. local.
05-13 08:55:38.528 1525 1827 D NsdService: Native daemon message SERVICE_FOUND: 603 69 "高合娱乐副屏" _airplay._tcp. local.
05-13 08:55:38.528 1525 1827 D NsdService: Native daemon message SERVICE_FOUND: 603 69 "高合娱乐副屏" _airplay._tcp. local.
05-13 08:55:38.528 1525 1827 D NsdService: Native daemon message SERVICE_FOUND: 603 69 "高合娱乐副屏" _airplay._tcp. local.
05-13 08:55:38.528 1525 1827 D NsdService: Native daemon message SERVICE_FOUND: 603 69 "高合娱乐副屏" _airplay._tcp. local.
05-13 08:55:38.528 1525 1827 D NsdService: Native daemon message SERVICE_FOUND: 603 69 "高合娱乐副屏" _airplay._tcp. local.
05-13 08:55:38.528 1525 1827 D NsdService: Native daemon message SERVICE_FOUND: 603 69 "高合娱乐副屏" _airplay._tcp. local.
05-13 08:55:39.066 1525 1827 D NsdService: Stop service discovery
05-13 08:55:39.066 1525 1827 D NsdService: mdnssd [stop-discover, 69]
05-13 08:55:39.067 1525 1827 D NsdService: Discover services
05-13 08:55:39.067 1525 1827 D NsdService: mdnssd [discover, 70, _leboremote._tcp.]
05-13 08:55:39.069 1525 1827 D NsdService: Discover 15 70_leboremote._tcp.
05-13 08:55:39.070 1525 1827 D NsdService: Native daemon message SERVICE_FOUND: 603 70 "高合娱乐副屏" _leboremote._tcp. local.
05-13 08:55:39.070 1525 1827 D NsdService: Native daemon message SERVICE_FOUND: 603 70 "高合娱乐副屏" _leboremote._tcp. local.
05-13 08:55:39.070 1525 1827 D NsdService: Native daemon message SERVICE_FOUND: 603 70 "高合娱乐副屏" _leboremote._tcp. local.
05-13 08:55:39.070 1525 1827 D NsdService: Native daemon message SERVICE_FOUND: 603 70 "高合娱乐副屏" _leboremote._tcp. local.
05-13 08:55:39.070 1525 1827 D NsdService: Native daemon message SERVICE_FOUND: 603 70 "高合娱乐副屏" _leboremote._tcp. local.
05-13 08:55:39.070 1525 1827 D NsdService: Native daemon message SERVICE_FOUND: 603 70 "高合娱乐副屏" _leboremote._tcp. local.
05-13 08:55:39.070 1525 1827 D NsdService: Native daemon message SERVICE_FOUND: 603 70 "高合娱乐副屏" _leboremote._tcp. local.
05-13 08:55:39.405 1525 1785 W ActivityManager: Background start not allowed: service Intent { act=com.baidu.action.SOFIRE.VIEW cat=[com.baidu.category.SOFIRE,android.intent.category.DEFAULT] flg=0x4 pkg=com.baidu.appsearch cmp=com.baidu.appsearch/com.baidu.sofire.MyService (has extras) } to com.baidu.appsearch/com.baidu.sofire.MyService from pid=-1 uid=10097 pkg=com.baidu.appsearch startFg?=false
05-13 08:55:39.601 1525 12149 E PackageDexUsage: Unsupported context?
05-13 08:55:39.606 1525 1827 D NsdService: Stop service discovery
05-13 08:55:39.607 1525 1827 D NsdService: mdnssd [stop-discover, 70]
05-13 08:55:39.607 1525 1827 D NsdService: Discover services
05-13 08:55:39.607 1525 1827 D NsdService: mdnssd [discover, 71, _raop._tcp.]
05-13 08:55:39.607 1525 1827 D NsdService: Discover 16 71_raop._tcp.
05-13 08:55:39.608 1525 1827 D NsdService: Native daemon message SERVICE_FOUND: 603 71 "b45e4a63b8d6@高合娱乐副屏" _raop._tcp. local.
05-13 08:55:39.608 1525 1827 D NsdService: Native daemon message SERVICE_FOUND: 603 71 "b45e4a63b8d6@高合娱乐副屏" _raop._tcp. local.
05-13 08:55:39.609 1525 1827 D NsdService: Native daemon message SERVICE_FOUND: 603 71 "b45e4a63b8d6@高合娱乐副屏" _raop._tcp. local.
05-13 08:55:39.609 1525 1827 D NsdService: Native daemon message SERVICE_FOUND: 603 71 "b45e4a63b8d6@高合娱乐副屏" _raop._tcp. local.
05-13 08:55:39.609 1525 1827 D NsdService: Native daemon message SERVICE_FOUND: 603 71 "b45e4a63b8d6@高合娱乐副屏" _raop._tcp. local.
05-13 08:55:39.609 1525 1827 D NsdService: Native daemon message SERVICE_FOUND: 603 71 "b45e4a63b8d6@高合娱乐副屏" _raop._tcp. local.
05-13 08:55:39.609 1525 1827 D NsdService: Native daemon message SERVICE_FOUND: 603 71 "b45e4a63b8d6@高合娱乐副屏" _raop._tcp. local.
05-13 08:55:40.146 1525 1827 D NsdService: Stop service discovery
05-13 08:55:40.146 1525 1827 D NsdService: mdnssd [stop-discover, 71]
05-13 08:55:40.147 1525 1827 D NsdService: Discover services
05-13 08:55:40.147 1525 1827 D NsdService: mdnssd [discover, 72, _airplay._tcp.]
05-13 08:55:40.147 1525 1827 D NsdService: Discover 17 72_airplay._tcp.
05-13 08:55:40.148 1525 1827 D NsdService: Native daemon message SERVICE_FOUND: 603 72 "高合娱乐副屏" _airplay._tcp. local.
05-13 08:55:40.148 1525 1827 D NsdService: Native daemon message SERVICE_FOUND: 603 72 "高合娱乐副屏" _airplay._tcp. local.
05-13 08:55:40.148 1525 1827 D NsdService: Native daemon message SERVICE_FOUND: 603 72 "高合娱乐副屏" _airplay._tcp. local.
05-13 08:55:40.148 1525 1827 D NsdService: Native daemon message SERVICE_FOUND: 603 72 "高合娱乐副屏" _airplay._tcp. local.
05-13 08:55:40.148 1525 1827 D NsdService: Native daemon message SERVICE_FOUND: 603 72 "高合娱乐副屏" _airplay._tcp. local.
05-13 08:55:40.148 1525 1827 D NsdService: Native daemon message SERVICE_FOUND: 603 72 "高合娱乐副屏" _airplay._tcp. local.
05-13 08:55:40.148 1525 1827 D NsdService: Native daemon message SERVICE_FOUND: 603 72 "高合娱乐副屏" _airplay._tcp. local.
05-13 08:55:40.246 1525 1829 I GameModeConfig: isGameModeOn = false
05-13 08:55:40.247 1525 1829 I GameModeConfig: isGameModeOn = false
05-13 08:55:40.247 1525 1829 I GameModeConfig: isGameModeOn = false
05-13 08:55:40.247 1525 1829 I GameModeConfig: isGameModeOn = false
05-13 08:55:40.247 1525 1829 I GameModeConfig: isGameModeOn = false
05-13 08:55:40.247 1525 1829 I GameModeConfig: isGameModeOn = false
05-13 08:55:40.247 1525 1829 I GameModeConfig: isGameModeOn = false
05-13 08:55:40.247 1525 1829 I GameModeConfig: isGameModeOn = false
05-13 08:55:40.247 1525 1829 I GameModeConfig: isGameModeOn = false
05-13 08:55:40.247 1525 1829 I GameModeConfig: isGameModeOn = false
05-13 08:55:40.247 1525 1829 I GameModeConfig: isGameModeOn = false
05-13 08:55:40.247 1525 1829 I GameModeConfig: isGameModeOn = false
05-13 08:55:40.247 1525 1829 I GameModeConfig: isGameModeOn = false
05-13 08:55:40.248 1525 1829 I GameModeConfig: isGameModeOn = false
05-13 08:55:40.248 1525 1829 I GameModeConfig: isGameModeOn = false
05-13 08:55:40.248 1525 1829 I GameModeConfig: isGameModeOn = false
05-13 08:55:40.248 1525 1829 I GameModeConfig: isGameModeOn = false
05-13 08:55:40.248 1525 1829 I GameModeConfig: isGameModeOn = false
05-13 08:55:40.248 1525 1829 I GameModeConfig: isGameModeOn = false
05-13 08:55:40.248 1525 1829 I GameModeConfig: isGameModeOn = false
05-13 08:55:40.248 1525 1829 I GameModeConfig: isGameModeOn = false
05-13 08:55:40.248 1525 1829 I GameModeConfig: isGameModeOn = false
05-13 08:55:40.248 1525 1829 I GameModeConfig: isGameModeOn = false
05-13 08:55:40.248 1525 1829 I GameModeConfig: isGameModeOn = false
05-13 08:55:40.249 1525 1829 I GameModeConfig: isGameModeOn = false
05-13 08:55:40.250 1525 1829 I GameModeConfig: isGameModeOn = false
05-13 08:55:40.250 1525 1829 I GameModeConfig: isGameModeOn = false
05-13 08:55:40.250 1525 1829 I GameModeConfig: isGameModeOn = false
05-13 08:55:40.250 1525 1829 I GameModeConfig: isGameModeOn = false
05-13 08:55:40.250 1525 1829 I GameModeConfig: isGameModeOn = false
05-13 08:55:40.250 1525 1829 I GameModeConfig: isGameModeOn = false
05-13 08:55:40.250 1525 1829 I GameModeConfig: isGameModeOn = false
05-13 08:55:40.250 1525 1829 I GameModeConfig: isGameModeOn = false
05-13 08:55:40.250 1525 1829 I GameModeConfig: isGameModeOn = false
05-13 08:55:40.250 1525 1829 I GameModeConfig: isGameModeOn = false
05-13 08:55:40.250 1525 1829 I GameModeConfig: isGameModeOn = false
05-13 08:55:40.250 1525 1829 I GameModeConfig: isGameModeOn = false
05-13 08:55:40.250 1525 1829 I GameModeConfig: isGameModeOn = false
05-13 08:55:40.251 1525 1829 I GameModeConfig: isGameModeOn = false
05-13 08:55:40.251 1525 1829 I GameModeConfig: isGameModeOn = false
05-13 08:55:40.251 1525 1829 I GameModeConfig: isGameModeOn = false
05-13 08:55:40.251 1525 1829 I GameModeConfig: isGameModeOn = false
05-13 08:55:40.251 1525 1829 I GameModeConfig: isGameModeOn = false
05-13 08:55:40.251 1525 1829 I GameModeConfig: isGameModeOn = false
05-13 08:55:40.251 1525 1829 I GameModeConfig: isGameModeOn = false
05-13 08:55:40.251 1525 1829 I GameModeConfig: isGameModeOn = false
05-13 08:55:40.251 1525 1829 I GameModeConfig: isGameModeOn = false
05-13 08:55:40.251 1525 1829 I GameModeConfig: isGameModeOn = false
05-13 08:55:40.372 1525 1866 E ClipboardService: Denying clipboard access to com.ximalaya.ting.android, application is not in focus nor is it a system service for user 0
05-13 08:55:40.397 1525 1866 W ActivityManager: Background start not allowed: service Intent { cmp=com.ximalaya.ting.android/.xmpushservice.getui.XmGeTuiPushService (has extras) } to com.ximalaya.ting.android/.xmpushservice.getui.XmGeTuiPushService from pid=24963 uid=10096 pkg=com.ximalaya.ting.android startFg?=false
05-13 08:55:40.599 1525 1866 W ActivityManager: Background start not allowed: service Intent { cmp=com.netease.cloudmusic/.module.webview.BrowserPreService } to com.netease.cloudmusic/.module.webview.BrowserPreService from pid=24962 uid=10101 pkg=com.netease.cloudmusic startFg?=false
05-13 08:55:40.686 1525 1827 D NsdService: Stop service discovery
05-13 08:55:40.686 1525 1827 D NsdService: mdnssd [stop-discover, 72]
05-13 08:55:40.687 1525 1827 D NsdService: Discover services
05-13 08:55:40.687 1525 1827 D NsdService: mdnssd [discover, 73, _leboremote._tcp.]
05-13 08:55:40.687 1525 1827 D NsdService: Discover 18 73_leboremote._tcp.
05-13 08:55:40.688 1525 1827 D NsdService: Native daemon message SERVICE_FOUND: 603 73 "高合娱乐副屏" _leboremote._tcp. local.
05-13 08:55:40.688 1525 1827 D NsdService: Native daemon message SERVICE_FOUND: 603 73 "高合娱乐副屏" _leboremote._tcp. local.
05-13 08:55:40.688 1525 1827 D NsdService: Native daemon message SERVICE_FOUND: 603 73 "高合娱乐副屏" _leboremote._tcp. local.
05-13 08:55:40.689 1525 1827 D NsdService: Native daemon message SERVICE_FOUND: 603 73 "高合娱乐副屏" _leboremote._tcp. local.
05-13 08:55:40.689 1525 1827 D NsdService: Native daemon message SERVICE_FOUND: 603 73 "高合娱乐副屏" _leboremote._tcp. local.
05-13 08:55:40.689 1525 1827 D NsdService: Native daemon message SERVICE_FOUND: 603 73 "高合娱乐副屏" _leboremote._tcp. local.
05-13 08:55:40.689 1525 1827 D NsdService: Native daemon message SERVICE_FOUND: 603 73 "高合娱乐副屏" _leboremote._tcp. local.
05-13 08:55:40.931 1525 20724 W ActivityManager: Background start not allowed: service Intent { cmp=com.netease.cloudmusic/.service.PlayService } to com.netease.cloudmusic/.service.PlayService from pid=24962 uid=10101 pkg=com.netease.cloudmusic startFg?=false
05-13 08:55:40.934 1525 20724 D CompatibilityChangeReporter: Compat change id reported: 135634846; UID 10101; state: DISABLED
05-13 08:55:40.934 1525 20724 D CompatibilityChangeReporter: Compat change id reported: 177438394; UID 10101; state: DISABLED
05-13 08:55:40.934 1525 20724 D CompatibilityChangeReporter: Compat change id reported: 135772972; UID 10101; state: DISABLED
05-13 08:55:40.934 1525 20724 D CompatibilityChangeReporter: Compat change id reported: 135754954; UID 10101; state: DISABLED
05-13 08:55:40.934 1525 1624 D CompatibilityChangeReporter: Compat change id reported: 143937733; UID 10101; state: DISABLED
05-13 08:55:40.935 1525 20724 W ActivityManager: Background start not allowed: service Intent { cmp=com.netease.cloudmusic/.service.PlayNannyService } to com.netease.cloudmusic/.service.PlayNannyService from pid=24962 uid=10101 pkg=com.netease.cloudmusic startFg?=false
05-13 08:55:40.941 1525 1624 I ActivityManager: Start proc 26493:com.netease.cloudmusic:play/u0a101 for service {com.netease.cloudmusic/com.netease.cloudmusic.service.PlayService}
05-13 08:55:41.227 1525 1827 D NsdService: Stop service discovery
05-13 08:55:41.227 1525 1866 W ActivityManager: Unable to start service Intent { act=com.bun.msa.action.start.service cmp=com.mdid.msa/.service.MsaKlService (has extras) } U=0: not found
05-13 08:55:41.227 1525 1827 D NsdService: mdnssd [stop-discover, 73]
05-13 08:55:41.228 1525 1827 D NsdService: Discover services
05-13 08:55:41.228 1525 1827 D NsdService: mdnssd [discover, 74, _raop._tcp.]
05-13 08:55:41.228 1525 1827 D NsdService: Discover 19 74_raop._tcp.
05-13 08:55:41.229 1525 1827 D NsdService: Native daemon message SERVICE_FOUND: 603 74 "b45e4a63b8d6@高合娱乐副屏" _raop._tcp. local.
05-13 08:55:41.230 1525 1827 D NsdService: Native daemon message SERVICE_FOUND: 603 74 "b45e4a63b8d6@高合娱乐副屏" _raop._tcp. local.
05-13 08:55:41.230 1525 1866 W ActivityManager: Unable to start service Intent { act=com.bun.msa.action.bindto.service cmp=com.mdid.msa/.service.MsaIdService (has extras) } U=0: not found
05-13 08:55:41.230 1525 1827 D NsdService: Native daemon message SERVICE_FOUND: 603 74 "b45e4a63b8d6@高合娱乐副屏" _raop._tcp. local.
05-13 08:55:41.230 1525 1827 D NsdService: Native daemon message SERVICE_FOUND: 603 74 "b45e4a63b8d6@高合娱乐副屏" _raop._tcp. local.
05-13 08:55:41.230 1525 1827 D NsdService: Native daemon message SERVICE_FOUND: 603 74 "b45e4a63b8d6@高合娱乐副屏" _raop._tcp. local.
05-13 08:55:41.231 1525 1827 D NsdService: Native daemon message SERVICE_FOUND: 603 74 "b45e4a63b8d6@高合娱乐副屏" _raop._tcp. local.
05-13 08:55:41.231 1525 1827 D NsdService: Native daemon message SERVICE_FOUND: 603 74 "b45e4a63b8d6@高合娱乐副屏" _raop._tcp. local.
05-13 08:55:41.454 1525 1866 W ActivityManager: Unable to start service Intent { act=com.bun.msa.action.start.service cmp=com.mdid.msa/.service.MsaKlService (has extras) } U=0: not found
05-13 08:55:41.457 1525 1866 W ActivityManager: Unable to start service Intent { act=com.bun.msa.action.bindto.service cmp=com.mdid.msa/.service.MsaIdService (has extras) } U=0: not found
05-13 08:55:41.767 1525 1827 D NsdService: Stop service discovery
05-13 08:55:41.767 1525 1827 D NsdService: mdnssd [stop-discover, 74]
05-13 08:55:41.768 1525 1827 D NsdService: Discover services
05-13 08:55:41.768 1525 1827 D NsdService: mdnssd [discover, 75, _airplay._tcp.]
05-13 08:55:41.768 1525 1827 D NsdService: Discover 20 75_airplay._tcp.
05-13 08:55:41.769 1525 1827 D NsdService: Native daemon message SERVICE_FOUND: 603 75 "高合娱乐副屏" _airplay._tcp. local.
05-13 08:55:41.769 1525 1827 D NsdService: Native daemon message SERVICE_FOUND: 603 75 "高合娱乐副屏" _airplay._tcp. local.
05-13 08:55:41.769 1525 1827 D NsdService: Native daemon message SERVICE_FOUND: 603 75 "高合娱乐副屏" _airplay._tcp. local.
05-13 08:55:41.769 1525 1827 D NsdService: Native daemon message SERVICE_FOUND: 603 75 "高合娱乐副屏" _airplay._tcp. local.
05-13 08:55:41.769 1525 1827 D NsdService: Native daemon message SERVICE_FOUND: 603 75 "高合娱乐副屏" _airplay._tcp. local.
05-13 08:55:41.769 1525 1827 D NsdService: Native daemon message SERVICE_FOUND: 603 75 "高合娱乐副屏" _airplay._tcp. local.
05-13 08:55:41.769 1525 1827 D NsdService: Native daemon message SERVICE_FOUND: 603 75 "高合娱乐副屏" _airplay._tcp. local.
05-13 08:55:42.306 1525 1827 D NsdService: Stop service discovery
05-13 08:55:42.306 1525 1827 D NsdService: mdnssd [stop-discover, 75]
05-13 08:55:42.307 1525 1827 D NsdService: Discover services
05-13 08:55:42.307 1525 1827 D NsdService: mdnssd [discover, 76, _leboremote._tcp.]
05-13 08:55:42.308 1525 1827 D NsdService: Discover 21 76_leboremote._tcp.
05-13 08:55:42.308 1525 1827 D NsdService: Native daemon message SERVICE_FOUND: 603 76 "高合娱乐副屏" _leboremote._tcp. local.
05-13 08:55:42.308 1525 1827 D NsdService: Native daemon message SERVICE_FOUND: 603 76 "高合娱乐副屏" _leboremote._tcp. local.
05-13 08:55:42.309 1525 1827 D NsdService: Native daemon message SERVICE_FOUND: 603 76 "高合娱乐副屏" _leboremote._tcp. local.
05-13 08:55:42.309 1525 1827 D NsdService: Native daemon message SERVICE_FOUND: 603 76 "高合娱乐副屏" _leboremote._tcp. local.
05-13 08:55:42.309 1525 1827 D NsdService: Native daemon message SERVICE_FOUND: 603 76 "高合娱乐副屏" _leboremote._tcp. local.
05-13 08:55:42.309 1525 1827 D NsdService: Native daemon message SERVICE_FOUND: 603 76 "高合娱乐副屏" _leboremote._tcp. local.
