05-13 10:12:27.867 1525 1827 D NsdService: Native daemon message SERVICE_FOUND: 603 113 "b45e4a63b8d6@高合娱乐副屏" _raop._tcp. local.
05-13 10:12:27.867 1525 1827 D NsdService: Native daemon message SERVICE_FOUND: 603 113 "b45e4a63b8d6@高合娱乐副屏" _raop._tcp. local.
05-13 10:12:27.867 1525 1827 D NsdService: Native daemon message SERVICE_FOUND: 603 113 "b45e4a63b8d6@高合娱乐副屏" _raop._tcp. local.
05-13 10:12:27.868 1525 1827 D NsdService: Native daemon message SERVICE_FOUND: 603 113 "b45e4a63b8d6@高合娱乐副屏" _raop._tcp. local.
05-13 10:12:27.868 1525 1827 D NsdService: Native daemon message SERVICE_FOUND: 603 113 "b45e4a63b8d6@高合娱乐副屏" _raop._tcp. local.
05-13 10:12:27.933 1525 3316 W ActivityManager: Unable to start service Intent { act=com.google.android.gms.ads.identifier.service.START pkg=com.google.android.gms } U=0: not found
05-13 10:12:27.934 15290 16179 E ActivityThread: Failed to find provider info for com.vivo.vms.IdProvider
05-13 10:12:28.049 1525 1623 D CompatibilityChangeReporter: Compat change id reported: 135634846; UID 10094; state: DISABLED
05-13 10:12:28.049 1525 1623 D CompatibilityChangeReporter: Compat change id reported: 177438394; UID 10094; state: DISABLED
05-13 10:12:28.049 1525 1623 D CompatibilityChangeReporter: Compat change id reported: 135772972; UID 10094; state: DISABLED
05-13 10:12:28.049 1525 1623 D CompatibilityChangeReporter: Compat change id reported: 135754954; UID 10094; state: DISABLED
05-13 10:12:28.050 1525 1624 D CompatibilityChangeReporter: Compat change id reported: 143937733; UID 10094; state: DISABLED
05-13 10:12:28.058 1525 1624 I ActivityManager: Start proc 12807:com.tencent.ilink.ServiceProcess/u0a94 for service {com.tencent.android.qqdownloader/com.tencent.luggage.services.WxaStartUpService}
05-13 10:12:28.234 1525 1785 W ActivityManager: Background start not allowed: service Intent { act=com.baidu.action.SOFIRE.VIEW cat=[com.baidu.category.SOFIRE,android.intent.category.DEFAULT] flg=0x4 pkg=com.baidu.appsearch cmp=com.baidu.appsearch/com.baidu.sofire.MyService (has extras) } to com.baidu.appsearch/com.baidu.sofire.MyService from pid=-1 uid=10097 pkg=com.baidu.appsearch startFg?=false
05-13 10:12:28.336 1525 26236 W ActivityManager: Unable to start service Intent { act=com.bun.msa.action.start.service cmp=com.mdid.msa/.service.MsaKlService (has extras) } U=0: not found
05-13 10:12:28.338 1525 26236 W ActivityManager: Unable to start service Intent { act=com.bun.msa.action.bindto.service cmp=com.mdid.msa/.service.MsaIdService (has extras) } U=0: not found
05-13 10:12:28.402 1525 1827 D NsdService: Stop service discovery
05-13 10:12:28.402 1525 1827 D NsdService: mdnssd [stop-discover, 113]
05-13 10:12:28.403 1525 1827 D NsdService: Discover services
05-13 10:12:28.403 1525 1827 D NsdService: mdnssd [discover, 114, _airplay._tcp.]
05-13 10:12:28.404 1525 1827 D NsdService: Discover 11 114_airplay._tcp.
05-13 10:12:28.405 1525 1827 D NsdService: Native daemon message SERVICE_FOUND: 603 114 "高合娱乐副屏" _airplay._tcp. local.
05-13 10:12:28.405 1525 1827 D NsdService: Native daemon message SERVICE_FOUND: 603 114 "高合娱乐副屏" _airplay._tcp. local.
05-13 10:12:28.405 1525 1827 D NsdService: Native daemon message SERVICE_FOUND: 603 114 "高合娱乐副屏" _airplay._tcp. local.
05-13 10:12:28.406 1525 1827 D NsdService: Native daemon message SERVICE_FOUND: 603 114 "高合娱乐副屏" _airplay._tcp. local.
05-13 10:12:28.406 1525 1827 D NsdService: Native daemon message SERVICE_FOUND: 603 114 "高合娱乐副屏" _airplay._tcp. local.
05-13 10:12:28.406 1525 1827 D NsdService: Native daemon message SERVICE_FOUND: 603 114 "高合娱乐副屏" _airplay._tcp. local.
05-13 10:12:28.406 1525 1827 D NsdService: Native daemon message SERVICE_FOUND: 603 114 "高合娱乐副屏" _airplay._tcp. local.
05-13 10:12:28.704 1525 15277 E PackageDexUsage: Unsupported context?
05-13 10:12:28.942 1525 1827 D NsdService: Stop service discovery
05-13 10:12:28.943 1525 1827 D NsdService: mdnssd [stop-discover, 114]
05-13 10:12:28.943 1525 1827 D NsdService: Discover services
05-13 10:12:28.943 1525 1827 D NsdService: mdnssd [discover, 115, _leboremote._tcp.]
05-13 10:12:28.944 1525 1827 D NsdService: Discover 12 115_leboremote._tcp.
05-13 10:12:28.944 1525 1827 D NsdService: Native daemon message SERVICE_FOUND: 603 115 "高合娱乐副屏" _leboremote._tcp. local.
05-13 10:12:28.944 1525 1827 D NsdService: Native daemon message SERVICE_FOUND: 603 115 "高合娱乐副屏" _leboremote._tcp. local.
05-13 10:12:28.944 1525 1827 D NsdService: Native daemon message SERVICE_FOUND: 603 115 "高合娱乐副屏" _leboremote._tcp. local.
05-13 10:12:28.944 1525 1827 D NsdService: Native daemon message SERVICE_FOUND: 603 115 "高合娱乐副屏" _leboremote._tcp. local.
05-13 10:12:28.944 1525 1827 D NsdService: Native daemon message SERVICE_FOUND: 603 115 "高合娱乐副屏" _leboremote._tcp. local.
05-13 10:12:28.944 1525 1827 D NsdService: Native daemon message SERVICE_FOUND: 603 115 "高合娱乐副屏" _leboremote._tcp. local.
05-13 10:12:28.944 1525 1827 D NsdService: Native daemon message SERVICE_FOUND: 603 115 "高合娱乐副屏" _leboremote._tcp. local.
05-13 10:12:29.483 1525 1827 D NsdService: Stop service discovery
05-13 10:12:29.483 1525 1827 D NsdService: mdnssd [stop-discover, 115]
05-13 10:12:29.485 1525 1827 D NsdService: Discover services
05-13 10:12:29.485 1525 1827 D NsdService: mdnssd [discover, 116, _raop._tcp.]
05-13 10:12:29.491 1525 1827 D NsdService: Discover 13 116_raop._tcp.
05-13 10:12:29.491 1525 1827 D NsdService: Native daemon message SERVICE_FOUND: 603 116 "b45e4a63b8d6@高合娱乐副屏" _raop._tcp. local.
05-13 10:12:29.491 1525 1827 D NsdService: Native daemon message SERVICE_FOUND: 603 116 "b45e4a63b8d6@高合娱乐副屏" _raop._tcp. local.
05-13 10:12:29.492 1525 1827 D NsdService: Native daemon message SERVICE_FOUND: 603 116 "b45e4a63b8d6@高合娱乐副屏" _raop._tcp. local.
05-13 10:12:29.492 1525 1827 D NsdService: Native daemon message SERVICE_FOUND: 603 116 "b45e4a63b8d6@高合娱乐副屏" _raop._tcp. local.
05-13 10:12:29.492 1525 1827 D NsdService: Native daemon message SERVICE_FOUND: 603 116 "b45e4a63b8d6@高合娱乐副屏" _raop._tcp. local.
05-13 10:12:29.492 1525 1827 D NsdService: Native daemon message SERVICE_FOUND: 603 116 "b45e4a63b8d6@高合娱乐副屏" _raop._tcp. local.
05-13 10:12:29.492 1525 1827 D NsdService: Native daemon message SERVICE_FOUND: 603 116 "b45e4a63b8d6@高合娱乐副屏" _raop._tcp. local.
05-13 10:12:30.023 1525 1827 D NsdService: Stop service discovery
05-13 10:12:30.023 1525 1827 D NsdService: mdnssd [stop-discover, 116]
05-13 10:12:30.024 1525 1827 D NsdService: Discover services
05-13 10:12:30.024 1525 1827 D NsdService: mdnssd [discover, 117, _airplay._tcp.]
05-13 10:12:30.026 1525 1827 D NsdService: Discover 14 117_airplay._tcp.
05-13 10:12:30.026 1525 1827 D NsdService: Native daemon message SERVICE_FOUND: 603 117 "高合娱乐副屏" _airplay._tcp. local.
05-13 10:12:30.027 1525 1827 D NsdService: Native daemon message SERVICE_FOUND: 603 117 "高合娱乐副屏" _airplay._tcp. local.
05-13 10:12:30.027 1525 1827 D NsdService: Native daemon message SERVICE_FOUND: 603 117 "高合娱乐副屏" _airplay._tcp. local.
05-13 10:12:30.027 1525 1827 D NsdService: Native daemon message SERVICE_FOUND: 603 117 "高合娱乐副屏" _airplay._tcp. local.
05-13 10:12:30.027 1525 1827 D NsdService: Native daemon message SERVICE_FOUND: 603 117 "高合娱乐副屏" _airplay._tcp. local.
05-13 10:12:30.027 1525 1827 D NsdService: Native daemon message SERVICE_FOUND: 603 117 "高合娱乐副屏" _airplay._tcp. local.
05-13 10:12:30.027 1525 1827 D NsdService: Native daemon message SERVICE_FOUND: 603 117 "高合娱乐副屏" _airplay._tcp. local.
05-13 10:12:30.564 1525 1827 D NsdService: Stop service discovery
05-13 10:12:30.564 1525 1827 D NsdService: mdnssd [stop-discover, 117]
05-13 10:12:30.565 1525 1827 D NsdService: Discover services
05-13 10:12:30.565 1525 1827 D NsdService: mdnssd [discover, 118, _leboremote._tcp.]
05-13 10:12:30.565 1525 1827 D NsdService: Discover 15 118_leboremote._tcp.
05-13 10:12:30.566 1525 1827 D NsdService: Native daemon message SERVICE_FOUND: 603 118 "高合娱乐副屏" _leboremote._tcp. local.
05-13 10:12:30.566 1525 1827 D NsdService: Native daemon message SERVICE_FOUND: 603 118 "高合娱乐副屏" _leboremote._tcp. local.
05-13 10:12:30.566 1525 1827 D NsdService: Native daemon message SERVICE_FOUND: 603 118 "高合娱乐副屏" _leboremote._tcp. local.
05-13 10:12:30.566 1525 1827 D NsdService: Native daemon message SERVICE_FOUND: 603 118 "高合娱乐副屏" _leboremote._tcp. local.
05-13 10:12:30.567 1525 1827 D NsdService: Native daemon message SERVICE_FOUND: 603 118 "高合娱乐副屏" _leboremote._tcp. local.
05-13 10:12:30.567 1525 1827 D NsdService: Native daemon message SERVICE_FOUND: 603 118 "高合娱乐副屏" _leboremote._tcp. local.
05-13 10:12:30.567 1525 1827 D NsdService: Native daemon message SERVICE_FOUND: 603 118 "高合娱乐副屏" _leboremote._tcp. local.
05-13 10:12:31.105 1525 1827 D NsdService: Stop service discovery
05-13 10:12:31.105 1525 1827 D NsdService: mdnssd [stop-discover, 118]
05-13 10:12:31.106 1525 1827 D NsdService: Discover services
05-13 10:12:31.106 1525 1827 D NsdService: mdnssd [discover, 119, _raop._tcp.]
05-13 10:12:31.107 1525 1827 D NsdService: Discover 16 119_raop._tcp.
05-13 10:12:31.108 1525 1827 D NsdService: Native daemon message SERVICE_FOUND: 603 119 "b45e4a63b8d6@高合娱乐副屏" _raop._tcp. local.
05-13 10:12:31.108 1525 1827 D NsdService: Native daemon message SERVICE_FOUND: 603 119 "b45e4a63b8d6@高合娱乐副屏" _raop._tcp. local.
05-13 10:12:31.108 1525 1827 D NsdService: Native daemon message SERVICE_FOUND: 603 119 "b45e4a63b8d6@高合娱乐副屏" _raop._tcp. local.
05-13 10:12:31.109 1525 1827 D NsdService: Native daemon message SERVICE_FOUND: 603 119 "b45e4a63b8d6@高合娱乐副屏" _raop._tcp. local.
05-13 10:12:31.109 1525 1827 D NsdService: Native daemon message SERVICE_FOUND: 603 119 "b45e4a63b8d6@高合娱乐副屏" _raop._tcp. local.
05-13 10:12:31.109 1525 1827 D NsdService: Native daemon message SERVICE_FOUND: 603 119 "b45e4a63b8d6@高合娱乐副屏" _raop._tcp. local.
05-13 10:12:31.109 1525 1827 D NsdService: Native daemon message SERVICE_FOUND: 603 119 "b45e4a63b8d6@高合娱乐副屏" _raop._tcp. local.
05-13 10:12:31.641 1525 1827 D NsdService: Stop service discovery
05-13 10:12:31.642 1525 1827 D NsdService: mdnssd [stop-discover, 119]
05-13 10:12:31.644 1525 1827 D NsdService: Discover services
05-13 10:12:31.644 1525 1827 D NsdService: mdnssd [discover, 120, _airplay._tcp.]
05-13 10:12:31.645 1525 1827 D NsdService: Discover 17 120_airplay._tcp.
05-13 10:12:31.647 1525 1827 D NsdService: Native daemon message SERVICE_FOUND: 603 120 "高合娱乐副屏" _airplay._tcp. local.
05-13 10:12:31.647 1525 1827 D NsdService: Native daemon message SERVICE_FOUND: 603 120 "高合娱乐副屏" _airplay._tcp. local.
05-13 10:12:31.648 1525 1827 D NsdService: Native daemon message SERVICE_FOUND: 603 120 "高合娱乐副屏" _airplay._tcp. local.
05-13 10:12:31.648 1525 1827 D NsdService: Native daemon message SERVICE_FOUND: 603 120 "高合娱乐副屏" _airplay._tcp. local.
05-13 10:12:31.648 1525 1827 D NsdService: Native daemon message SERVICE_FOUND: 603 120 "高合娱乐副屏" _airplay._tcp. local.
05-13 10:12:31.649 1525 1827 D NsdService: Native daemon message SERVICE_FOUND: 603 120 "高合娱乐副屏" _airplay._tcp. local.
05-13 10:12:31.649 1525 1827 D NsdService: Native daemon message SERVICE_FOUND: 603 120 "高合娱乐副屏" _airplay._tcp. local.
05-13 10:12:32.182 1525 1827 D NsdService: Stop service discovery
05-13 10:12:32.182 1525 1827 D NsdService: mdnssd [stop-discover, 120]
05-13 10:12:32.182 1525 1827 D NsdService: Discover services
05-13 10:12:32.182 1525 1827 D NsdService: mdnssd [discover, 121, _leboremote._tcp.]
05-13 10:12:32.183 1525 1827 D NsdService: Discover 18 121_leboremote._tcp.
05-13 10:12:32.183 1525 1827 D NsdService: Native daemon message SERVICE_FOUND: 603 121 "高合娱乐副屏" _leboremote._tcp. local.
05-13 10:12:32.184 1525 1827 D NsdService: Native daemon message SERVICE_FOUND: 603 121 "高合娱乐副屏" _leboremote._tcp. local.
05-13 10:12:32.184 1525 1827 D NsdService: Native daemon message SERVICE_FOUND: 603 121 "高合娱乐副屏" _leboremote._tcp. local.
05-13 10:12:32.184 1525 1827 D NsdService: Native daemon message SERVICE_FOUND: 603 121 "高合娱乐副屏" _leboremote._tcp. local.
05-13 10:12:32.184 1525 1827 D NsdService: Native daemon message SERVICE_FOUND: 603 121 "高合娱乐副屏" _leboremote._tcp. local.
05-13 10:12:32.184 1525 1827 D NsdService: Native daemon message SERVICE_FOUND: 603 121 "高合娱乐副屏" _leboremote._tcp. local.
05-13 10:12:32.184 1525 1827 D NsdService: Native daemon message SERVICE_FOUND: 603 121 "高合娱乐副屏" _leboremote._tcp. local.
05-13 10:12:32.720 1525 1827 D NsdService: Stop service discovery
05-13 10:12:32.721 1525 1827 D NsdService: mdnssd [stop-discover, 121]
05-13 10:12:32.722 1525 1827 D NsdService: Discover services
05-13 10:12:32.722 1525 1827 D NsdService: mdnssd [discover, 122, _raop._tcp.]
05-13 10:12:32.726 1525 1827 D NsdService: Discover 19 122_raop._tcp.
05-13 10:12:32.727 1525 1827 D NsdService: Native daemon message SERVICE_FOUND: 603 122 "b45e4a63b8d6@高合娱乐副屏" _raop._tcp. local.
05-13 10:12:32.728 1525 1827 D NsdService: Native daemon message SERVICE_FOUND: 603 122 "b45e4a63b8d6@高合娱乐副屏" _raop._tcp. local.
05-13 10:12:32.728 1525 1827 D NsdService: Native daemon message SERVICE_FOUND: 603 122 "b45e4a63b8d6@高合娱乐副屏" _raop._tcp. local.
05-13 10:12:32.728 1525 1827 D NsdService: Native daemon message SERVICE_FOUND: 603 122 "b45e4a63b8d6@高合娱乐副屏" _raop._tcp. local.
05-13 10:12:32.729 1525 1827 D NsdService: Native daemon message SERVICE_FOUND: 603 122 "b45e4a63b8d6@高合娱乐副屏" _raop._tcp. local.
05-13 10:12:32.729 1525 1827 D NsdService: Native daemon message SERVICE_FOUND: 603 122 "b45e4a63b8d6@高合娱乐副屏" _raop._tcp. local.
05-13 10:12:32.730 1525 1827 D NsdService: Native daemon message SERVICE_FOUND: 603 122 "b45e4a63b8d6@高合娱乐副屏" _raop._tcp. local.
05-13 10:12:32.862 1525 26236 D CompatibilityChangeReporter: Compat change id reported: 171306433; UID 10094; state: DISABLED
05-13 10:12:33.261 1525 1827 D NsdService: Stop service discovery
05-13 10:12:33.262 1525 1827 D NsdService: mdnssd [stop-discover, 122]
05-13 10:12:33.263 1525 1827 D NsdService: Discover services
05-13 10:12:33.263 1525 1827 D NsdService: mdnssd [discover, 123, _airplay._tcp.]
05-13 10:12:33.267 1525 1827 D NsdService: Discover 20 123_airplay._tcp.
05-13 10:12:33.267 1525 1827 D NsdService: Native daemon message SERVICE_FOUND: 603 123 "高合娱乐副屏" _airplay._tcp. local.
05-13 10:12:33.268 1525 1827 D NsdService: Native daemon message SERVICE_FOUND: 603 123 "高合娱乐副屏" _airplay._tcp. local.
05-13 10:12:33.269 1525 1827 D NsdService: Native daemon message SERVICE_FOUND: 603 123 "高合娱乐副屏" _airplay._tcp. local.
05-13 10:12:33.269 1525 1827 D NsdService: Native daemon message SERVICE_FOUND: 603 123 "高合娱乐副屏" _airplay._tcp. local.
05-13 10:12:33.270 1525 1827 D NsdService: Native daemon message SERVICE_FOUND: 603 123 "高合娱乐副屏" _airplay._tcp. local.
05-13 10:12:33.270 1525 1827 D NsdService: Native daemon message SERVICE_FOUND: 603 123 "高合娱乐副屏" _airplay._tcp. local.
05-13 10:12:33.271 1525 1827 D NsdService: Native daemon message SERVICE_FOUND: 603 123 "高合娱乐副屏" _airplay._tcp. local.
05-13 10:12:33.326 1525 15277 W ActivityManager: Unable to start service Intent { act=com.bun.msa.action.start.service cmp=com.mdid.msa/.service.MsaKlService (has extras) } U=0: not found
05-13 10:12:33.330 1525 26236 W ActivityManager: Unable to start service Intent { act=com.bun.msa.action.bindto.service cmp=com.mdid.msa/.service.MsaIdService (has extras) } U=0: not found
05-13 10:12:33.511 1525 26236 W ActivityManager: Unable to start service Intent { act=com.bun.msa.action.start.service cmp=com.mdid.msa/.service.MsaKlService (has extras) } U=0: not found
05-13 10:12:33.513 1525 26236 W ActivityManager: Unable to start service Intent { act=com.bun.msa.action.bindto.service cmp=com.mdid.msa/.service.MsaIdService (has extras) } U=0: not found
05-13 10:12:33.802 1525 1827 D NsdService: Stop service discovery
05-13 10:12:33.802 1525 1827 D NsdService: mdnssd [stop-discover, 123]
05-13 10:12:33.803 1525 1827 D NsdService: Discover services
05-13 10:12:33.803 1525 1827 D NsdService: mdnssd [discover, 124, _leboremote._tcp.]
05-13 10:12:33.804 1525 1827 D NsdService: Discover 21 124_leboremote._tcp.
05-13 10:12:33.805 1525 1827 D NsdService: Native daemon message SERVICE_FOUND: 603 124 "高合娱乐副屏" _leboremote._tcp. local.
05-13 10:12:33.805 1525 1827 D NsdService: Native daemon message SERVICE_FOUND: 603 124 "高合娱乐副屏" _leboremote._tcp. local.
05-13 10:12:33.805 1525 1827 D NsdService: Native daemon message SERVICE_FOUND: 603 124 "高合娱乐副屏" _leboremote._tcp. local.
05-13 10:12:33.805 1525 1827 D NsdService: Native daemon message SERVICE_FOUND: 603 124 "高合娱乐副屏" _leboremote._tcp. local.
05-13 10:12:33.805 1525 1827 D NsdService: Native daemon message SERVICE_FOUND: 603 124 "高合娱乐副屏" _leboremote._tcp. local.
05-13 10:12:33.806 1525 1827 D NsdService: Native daemon message SERVICE_FOUND: 603 124 "高合娱乐副屏" _leboremote._tcp. local.
05-13 10:12:33.808 1525 1827 D NsdService: Native daemon message SERVICE_FOUND: 603 124 "高合娱乐副屏" _leboremote._tcp. local.
05-13 10:12:34.303 1525 1827 D NsdService: Stop service discovery
05-13 10:12:34.303 1525 1827 D NsdService: mdnssd [stop-discover, 124]
05-13 10:12:34.304 1525 1827 D NsdService: Discover services
05-13 10:12:34.304 1525 1827 D NsdService: mdnssd [discover, 125, _raop._tcp.]
05-13 10:12:34.305 1525 1827 D NsdService: Discover 22 125_raop._tcp.
05-13 10:12:34.306 1525 1827 D NsdService: Native daemon message SERVICE_FOUND: 603 125 "b45e4a63b8d6@高合娱乐副屏" _raop._tcp. local.
05-13 10:12:34.306 1525 1827 D NsdService: Native daemon message SERVICE_FOUND: 603 125 "b45e4a63b8d6@高合娱乐副屏" _raop._tcp. local.
05-13 10:12:34.306 1525 1827 D NsdService: Native daemon message SERVICE_FOUND: 603 125 "b45e4a63b8d6@高合娱乐副屏" _raop._tcp. local.
05-13 10:12:34.306 1525 1827 D NsdService: Native daemon message SERVICE_FOUND: 603 125 "b45e4a63b8d6@高合娱乐副屏" _raop._tcp. local.
05-13 10:12:34.307 1525 1827 D NsdService: Native daemon message SERVICE_FOUND: 603 125 "b45e4a63b8d6@高合娱乐副屏" _raop._tcp. local.
05-13 10:12:34.307 1525 1827 D NsdService: Native daemon message SERVICE_FOUND: 603 125 "b45e4a63b8d6@高合娱乐副屏" _raop._tcp. local.
05-13 10:12:34.307 1525 1827 D NsdService: Native daemon message SERVICE_FOUND: 603 125 "b45e4a63b8d6@高合娱乐副屏" _raop._tcp. local.
05-13 10:12:34.457 1525 1621 W ProcessStats: Tracking association SourceState{6ba0e71 com.tencent.android.qqdownloader:live/10094 BTopFgs #230872} whose proc state 2 is better than process ProcessState{48ac3f8 com.tencent.android.qqdownloader:daemon/10094 pkg=com.tencent.android.qqdownloader} proc state 3 (160 skipped)
05-13 10:12:34.840 1525 1827 D NsdService: Stop service discovery
05-13 10:12:34.840 1525 1827 D NsdService: mdnssd [stop-discover, 125]
05-13 10:12:34.841 1525 1827 D NsdService: Discover services
05-13 10:12:34.841 1525 1827 D NsdService: mdnssd [discover, 126, _airplay._tcp.]
05-13 10:12:34.842 1525 1827 D NsdService: Discover 23 126_airplay._tcp.
05-13 10:12:34.843 1525 1827 D NsdService: Native daemon message SERVICE_FOUND: 603 126 "高合娱乐副屏" _airplay._tcp. local.
05-13 10:12:34.843 1525 1827 D NsdService: Native daemon message SERVICE_FOUND: 603 126 "高合娱乐副屏" _airplay._tcp. local.
05-13 10:12:34.843 1525 1827 D NsdService: Native daemon message SERVICE_FOUND: 603 126 "高合娱乐副屏" _airplay._tcp. local.
05-13 10:12:34.843 1525 1827 D NsdService: Native daemon message SERVICE_FOUND: 603 126 "高合娱乐副屏" _airplay._tcp. local.
05-13 10:12:34.843 1525 1827 D NsdService: Native daemon message SERVICE_FOUND: 603 126 "高合娱乐副屏" _airplay._tcp. local.
05-13 10:12:34.844 1525 1827 D NsdService: Native daemon message SERVICE_FOUND: 603 126 "高合娱乐副屏" _airplay._tcp. local.
05-13 10:12:34.844 1525 1827 D NsdService: Native daemon message SERVICE_FOUND: 603 126 "高合娱乐副屏" _airplay._tcp. local.
05-13 10:12:35.380 1525 1827 D NsdService: Stop service discovery
05-13 10:12:35.380 1525 1827 D NsdService: mdnssd [stop-discover, 126]
05-13 10:12:35.381 1525 1827 D NsdService: Discover services
05-13 10:12:35.382 1525 1827 D NsdService: mdnssd [discover, 127, _leboremote._tcp.]
05-13 10:12:35.384 1525 1827 D NsdService: Discover 24 127_leboremote._tcp.
05-13 10:12:35.385 1525 1827 D NsdService: Native daemon message SERVICE_FOUND: 603 127 "高合娱乐副屏" _leboremote._tcp. local.
05-13 10:12:35.386 1525 1525 I GameModeConfig: isGameModeOn = false
05-13 10:12:35.391 1525 1827 D NsdService: Native daemon message SERVICE_FOUND: 603 127 "高合娱乐副屏" _leboremote._tcp. local.
05-13 10:12:35.392 1525 1827 D NsdService: Native daemon message SERVICE_FOUND: 603 127 "高合娱乐副屏" _leboremote._tcp. local.
05-13 10:12:35.392 1525 1827 D NsdService: Native daemon message SERVICE_FOUND: 603 127 "高合娱乐副屏" _leboremote._tcp. local.
05-13 10:12:35.392 1525 1827 D NsdService: Native daemon message SERVICE_FOUND: 603 127 "高合娱乐副屏" _leboremote._tcp. local.
05-13 10:12:35.393 1525 1827 D NsdService: Native daemon message SERVICE_FOUND: 603 127 "高合娱乐副屏" _leboremote._tcp. local.
05-13 10:12:35.393 1525 1827 D NsdService: Native daemon message SERVICE_FOUND: 603 127 "高合娱乐副屏" _leboremote._tcp. local.
05-13 10:12:35.922 1525 1827 D NsdService: Stop service discovery
05-13 10:12:35.922 1525 1827 D NsdService: mdnssd [stop-discover, 127]
05-13 10:12:38.420 1525 15277 W ActivityManager: Unable to start service Intent { act=com.google.android.gms.ads.identifier.service.START pkg=com.google.android.gms } U=0: not found
05-13 10:12:38.422 15290 16179 E ActivityThread: Failed to find provider info for com.vivo.vms.IdProvider
05-13 10:12:39.622 1525 1785 W ActivityManager: Background start not allowed: service Intent { act=com.baidu.action.SOFIRE.VIEW cat=[com.baidu.category.SOFIRE,android.intent.category.DEFAULT] flg=0x4 pkg=com.baidu.appsearch cmp=com.baidu.appsearch/com.baidu.sofire.MyService (has extras) } to com.baidu.appsearch/com.baidu.sofire.MyService from pid=-1 uid=10097 pkg=com.baidu.appsearch startFg?=false
05-13 10:12:45.933 1525 1827 D NsdService: mdnssd [stop-service]
05-13 10:12:48.922 1525 15277 W ActivityManager: Unable to start service Intent { act=com.google.android.gms.ads.identifier.service.START pkg=com.google.android.gms } U=0: not found
05-13 10:12:48.922 15290 16179 E ActivityThread: Failed to find provider info for com.vivo.vms.IdProvider
05-13 10:12:57.247 1525 3316 W ProcessStats: Tracking association SourceState{6ba0e71 com.tencent.android.qqdownloader:live/10094 BTopFgs #230914} whose proc state 2 is better than process ProcessState{48ac3f8 com.tencent.android.qqdownloader:daemon/10094 pkg=com.tencent.android.qqdownloader} proc state 3 (17 skipped)
05-13 10:12:59.405 1525 3316 W ActivityManager: Unable to start service Intent { act=com.google.android.gms.ads.identifier.service.START pkg=com.google.android.gms } U=0: not found
05-13 10:12:59.406 15290 16179 E ActivityThread: Failed to find provider info for com.vivo.vms.IdProvider
05-13 10:13:03.079 1525 1827 D NsdService: Register service
05-13 10:13:03.079 1525 1827 D NsdService: mdnssd [start-service]
05-13 10:13:03.290 1525 1827 D NsdService: registerService: 128 name: z18812e207e5-17ddce57-FfdPqWUl, type: _airplay._tcp., host: null, port: 59554, txtRecord:
05-13 10:13:03.290 1525 1827 D NsdService: mdnssd [register, 128, z18812e207e5-17ddce57-FfdPqWUl, _airplay._tcp., 59554, ]
05-13 10:13:03.292 1525 1827 D NsdService: Register 25 128
05-13 10:13:04.199 1525 1827 D NsdService: Native daemon message SERVICE_REGISTERED: 606 128 "z18812e207e5-17ddce57-FfdPqWUl"
05-13 10:13:09.876 1525 26236 W ActivityManager: Unable to start service Intent { act=com.google.android.gms.ads.identifier.service.START pkg=com.google.android.gms } U=0: not found
05-13 10:13:09.877 15290 16179 E ActivityThread: Failed to find provider info for com.vivo.vms.IdProvider
05-13 10:13:13.436 1525 1785 W ActivityManager: Background start not allowed: service Intent { act=com.baidu.action.SOFIRE.VIEW cat=[com.baidu.category.SOFIRE,android.intent.category.DEFAULT] flg=0x4 pkg=com.baidu.appsearch cmp=com.baidu.appsearch/com.baidu.sofire.MyService (has extras) } to com.baidu.appsearch/com.baidu.sofire.MyService from pid=-1 uid=10097 pkg=com.baidu.appsearch startFg?=false
05-13 10:13:13.453 1525 1525 W ProcessStats: Tracking association SourceState{6ba0e71 com.tencent.android.qqdownloader:live/10094 BTopFgs #230925} whose proc state 2 is better than process ProcessState{48ac3f8 com.tencent.android.qqdownloader:daemon/10094 pkg=com.tencent.android.qqdownloader} proc state 3 (0 skipped)
05-13 10:13:20.368 1525 31656 W ActivityManager: Unable to start service Intent { act=com.google.android.gms.ads.identifier.service.START pkg=com.google.android.gms } U=0: not found
05-13 10:13:20.369 15290 16179 E ActivityThread: Failed to find provider info for com.vivo.vms.IdProvider
05-13 10:13:23.504 1525 5323 W ActivityManager: Unable to start service Intent { act=com.bun.msa.action.start.service cmp=com.mdid.msa/.service.MsaKlService (has extras) } U=0: not found
05-13 10:13:23.507 1525 5323 W ActivityManager: Unable to start service Intent { act=com.bun.msa.action.bindto.service cmp=com.mdid.msa/.service.MsaIdService (has extras) } U=0: not found
05-13 10:13:27.348 1525 26236 W ProcessStats: Tracking association SourceState{6ba0e71 com.tencent.android.qqdownloader:live/10094 BTopFgs #230961} whose proc state 2 is better than process ProcessState{48ac3f8 com.tencent.android.qqdownloader:daemon/10094 pkg=com.tencent.android.qqdownloader} proc state 3 (16 skipped)
05-13 10:13:30.904 1525 31656 W ActivityManager: Unable to start service Intent { act=com.google.android.gms.ads.identifier.service.START pkg=com.google.android.gms } U=0: not found
05-13 10:13:30.904 15290 16179 E ActivityThread: Failed to find provider info for com.vivo.vms.IdProvider
05-13 10:13:36.886 1525 1525 I GameModeConfig: isGameModeOn = false
05-13 10:13:41.404 1525 26236 W ActivityManager: Unable to start service Intent { act=com.google.android.gms.ads.identifier.service.START pkg=com.google.android.gms } U=0: not found
05-13 10:13:41.404 15290 16179 E ActivityThread: Failed to find provider info for com.vivo.vms.IdProvider
05-13 10:13:49.632 1525 1525 W ProcessStats: Tracking association SourceState{6ba0e71 com.tencent.android.qqdownloader:live/10094 BTopFgs #230976} whose proc state 2 is better than process ProcessState{48ac3f8 com.tencent.android.qqdownloader:daemon/10094 pkg=com.tencent.android.qqdownloader} proc state 3 (0 skipped)
05-13 10:13:51.882 1525 31656 W ActivityManager: Unable to start service Intent { act=com.google.android.gms.ads.identifier.service.START pkg=com.google.android.gms } U=0: not found
05-13 10:13:51.883 15290 16179 E ActivityThread: Failed to find provider info for com.vivo.vms.IdProvider
05-13 10:14:02.380 1525 9710 W ActivityManager: Unable to start service Intent { act=com.google.android.gms.ads.identifier.service.START pkg=com.google.android.gms } U=0: not found
05-13 10:14:02.381 15290 16179 E ActivityThread: Failed to find provider info for com.vivo.vms.IdProvider
05-13 10:14:06.999 1525 31656 W ProcessStats: Tracking association SourceState{6ba0e71 com.tencent.android.qqdownloader:live/10094 BTopFgs #231017} whose proc state 2 is better than process ProcessState{48ac3f8 com.tencent.android.qqdownloader:daemon/10094 pkg=com.tencent.android.qqdownloader} proc state 3 (17 skipped)
05-13 10:14:13.094 1525 2087 W ActivityManager: Unable to start service Intent { act=com.google.android.gms.ads.identifier.service.START pkg=com.google.android.gms } U=0: not found
05-13 10:14:13.095 15290 16179 E ActivityThread: Failed to find provider info for com.vivo.vms.IdProvider
05-13 10:14:23.580 1525 9327 W ActivityManager: Unable to start service Intent { act=com.google.android.gms.ads.identifier.service.START pkg=com.google.android.gms } U=0: not found
05-13 10:14:23.581 15290 16179 E ActivityThread: Failed to find provider info for com.vivo.vms.IdProvider
05-13 10:14:24.629 1525 1525 W ProcessStats: Tracking association SourceState{6ba0e71 com.tencent.android.qqdownloader:live/10094 BTopFgs #231028} whose proc state 2 is better than process ProcessState{48ac3f8 com.tencent.android.qqdownloader:daemon/10094 pkg=com.tencent.android.qqdownloader} proc state 3 (0 skipped)
05-13 10:14:34.157 1525 31656 W ActivityManager: Unable to start service Intent { act=com.google.android.gms.ads.identifier.service.START pkg=com.google.android.gms } U=0: not found
05-13 10:14:34.158 15290 16179 E ActivityThread: Failed to find provider info for com.vivo.vms.IdProvider
05-13 10:14:38.394 1525 1525 I GameModeConfig: isGameModeOn = false
05-13 10:14:44.769 1525 9327 W ActivityManager: Unable to start service Intent { act=com.google.android.gms.ads.identifier.service.START pkg=com.google.android.gms } U=0: not found
05-13 10:14:44.769 15290 16179 E ActivityThread: Failed to find provider info for com.vivo.vms.IdProvider
05-13 10:14:55.298 1525 9709 W ActivityManager: Unable to start service Intent { act=com.google.android.gms.ads.identifier.service.START pkg=com.google.android.gms } U=0: not found
05-13 10:14:55.300 15290 16179 E ActivityThread: Failed to find provider info for com.vivo.vms.IdProvider
05-13 10:14:56.667 1525 1623 W ProcessStats: Tracking association SourceState{6ba0e71 com.tencent.android.qqdownloader:live/10094 BTopFgs #231072} whose proc state 2 is better than process ProcessState{48ac3f8 com.tencent.android.qqdownloader:daemon/10094 pkg=com.tencent.android.qqdownloader} proc state 3 (16 skipped)
05-13 10:15:05.778 1525 2087 W ActivityManager: Unable to start service Intent { act=com.google.android.gms.ads.identifier.service.START pkg=com.google.android.gms } U=0: not found
05-13 10:15:05.779 15290 16179 E ActivityThread: Failed to find provider info for com.vivo.vms.IdProvider
05-13 10:15:15.145 1525 1623 W ProcessStats: Tracking association SourceState{6ba0e71 com.tencent.android.qqdownloader:live/10094 BTopFgs #231113} whose proc state 2 is better than process ProcessState{48ac3f8 com.tencent.android.qqdownloader:daemon/10094 pkg=com.tencent.android.qqdownloader} proc state 3 (18 skipped)
05-13 10:15:16.309 1525 31656 W ActivityManager: Unable to start service Intent { act=com.google.android.gms.ads.identifier.service.START pkg=com.google.android.gms } U=0: not found
05-13 10:15:16.310 15290 16179 E ActivityThread: Failed to find provider info for com.vivo.vms.IdProvider
05-13 10:15:26.459 1525 1623 W ProcessStats: Tracking association SourceState{6ba0e71 com.tencent.android.qqdownloader:live/10094 BTopFgs #231121} whose proc state 2 is better than process ProcessState{48ac3f8 com.tencent.android.qqdownloader:daemon/10094 pkg=com.tencent.android.qqdownloader} proc state 3 (1 skipped)
05-13 10:15:26.933 1525 15278 W ActivityManager: Unable to start service Intent { act=com.google.android.gms.ads.identifier.service.START pkg=com.google.android.gms } U=0: not found
05-13 10:15:26.934 15290 16179 E ActivityThread: Failed to find provider info for com.vivo.vms.IdProvider
05-13 10:15:37.432 1525 9710 W ActivityManager: Unable to start service Intent { act=com.google.android.gms.ads.identifier.service.START pkg=com.google.android.gms } U=0: not found
05-13 10:15:37.433 15290 16179 E ActivityThread: Failed to find provider info for com.vivo.vms.IdProvider
05-13 10:15:39.879 1525 1525 I GameModeConfig: isGameModeOn = false
05-13 10:15:48.123 1525 9710 W ActivityManager: Unable to start service Intent { act=com.google.android.gms.ads.identifier.service.START pkg=com.google.android.gms } U=0: not found
05-13 10:15:48.125 15290 16179 E ActivityThread: Failed to find provider info for com.vivo.vms.IdProvider
05-13 10:15:57.856 1525 15278 W ProcessStats: Tracking association SourceState{6ba0e71 com.tencent.android.qqdownloader:live/10094 BTopFgs #231172} whose proc state 2 is better than process ProcessState{48ac3f8 com.tencent.android.qqdownloader:daemon/10094 pkg=com.tencent.android.qqdownloader} proc state 3 (21 skipped)
05-13 10:15:58.651 1525 9710 W ActivityManager: Unable to start service Intent { act=com.google.android.gms.ads.identifier.service.START pkg=com.google.android.gms } U=0: not found
05-13 10:15:58.651 15290 16179 E ActivityThread: Failed to find provider info for com.vivo.vms.IdProvider
05-13 10:16:09.160 1525 15278 W ProcessStats: Tracking association SourceState{6ba0e71 com.tencent.android.qqdownloader:live/10094 BTopFgs #231186} whose proc state 2 is better than process ProcessState{48ac3f8 com.tencent.android.qqdownloader:daemon/10094 pkg=com.tencent.android.qqdownloader} proc state 3 (5 skipped)
05-13 10:16:09.219 1525 20725 W ActivityManager: Unable to start service Intent { act=com.google.android.gms.ads.identifier.service.START pkg=com.google.android.gms } U=0: not found
05-13 10:16:09.220 15290 16179 E ActivityThread: Failed to find provider info for com.vivo.vms.IdProvider
05-13 10:16:09.636 1525 1623 D CompatibilityChangeReporter: Compat change id reported: 168419799; UID 10099; state: DISABLED
05-13 10:16:19.819 1525 9710 W ActivityManager: Unable to start service Intent { act=com.google.android.gms.ads.identifier.service.START pkg=com.google.android.gms } U=0: not found
05-13 10:16:19.820 15290 16179 E ActivityThread: Failed to find provider info for com.vivo.vms.IdProvider
05-13 10:16:20.918 1525 1621 W ProcessStats: Tracking association SourceState{6ba0e71 com.tencent.android.qqdownloader:live/10094 BTopFgs #231229} whose proc state 2 is better than process ProcessState{48ac3f8 com.tencent.android.qqdownloader:daemon/10094 pkg=com.tencent.android.qqdownloader} proc state 3 (22 skipped)
05-13 10:16:30.362 1525 15278 W ActivityManager: Unable to start service Intent { act=com.google.android.gms.ads.identifier.service.START pkg=com.google.android.gms } U=0: not found
05-13 10:16:30.362 15290 16179 E ActivityThread: Failed to find provider info for com.vivo.vms.IdProvider
05-13 10:16:39.882 1525 1525 I GameModeConfig: isGameModeOn = false
05-13 10:16:40.987 1525 20725 W ActivityManager: Unable to start service Intent { act=com.google.android.gms.ads.identifier.service.START pkg=com.google.android.gms } U=0: not found
05-13 10:16:40.989 15290 16179 E ActivityThread: Failed to find provider info for com.vivo.vms.IdProvider
05-13 10:16:44.638 1525 1525 W ProcessStats: Tracking association SourceState{6ba0e71 com.tencent.android.qqdownloader:live/10094 BTopFgs #231245} whose proc state 2 is better than process ProcessState{48ac3f8 com.tencent.android.qqdownloader:daemon/10094 pkg=com.tencent.android.qqdownloader} proc state 3 (1 skipped)
05-13 10:16:51.486 1525 2087 W ActivityManager: Unable to start service Intent { act=com.google.android.gms.ads.identifier.service.START pkg=com.google.android.gms } U=0: not found
05-13 10:16:51.487 15290 16179 E ActivityThread: Failed to find provider info for com.vivo.vms.IdProvider
05-13 10:16:55.002 1525 1623 W ProcessStats: Tracking association SourceState{6ba0e71 com.tencent.android.qqdownloader:live/10094 BTopFgs #231295} whose proc state 2 is better than process ProcessState{48ac3f8 com.tencent.android.qqdownloader:daemon/10094 pkg=com.tencent.android.qqdownloader} proc state 3 (26 skipped)
05-13 10:17:02.148 1525 20725 W ActivityManager: Unable to start service Intent { act=com.google.android.gms.ads.identifier.service.START pkg=com.google.android.gms } U=0: not found
05-13 10:17:02.149 15290 16179 E ActivityThread: Failed to find provider info for com.vivo.vms.IdProvider
05-13 10:17:12.808 1525 20725 W ActivityManager: Unable to start service Intent { act=com.google.android.gms.ads.identifier.service.START pkg=com.google.android.gms } U=0: not found
05-13 10:17:12.809 15290 16179 E ActivityThread: Failed to find provider info for com.vivo.vms.IdProvider
05-13 10:17:19.644 1525 1525 W ProcessStats: Tracking association SourceState{6ba0e71 com.tencent.android.qqdownloader:live/10094 BTopFgs #231312} whose proc state 2 is better than process ProcessState{48ac3f8 com.tencent.android.qqdownloader:daemon/10094 pkg=com.tencent.android.qqdownloader} proc state 3 (2 skipped)
05-13 10:17:23.337 1525 9710 W ActivityManager: Unable to start service Intent { act=com.google.android.gms.ads.identifier.service.START pkg=com.google.android.gms } U=0: not found
05-13 10:17:23.338 15290 16179 E ActivityThread: Failed to find provider info for com.vivo.vms.IdProvider
05-13 10:17:33.917 1525 9708 W ActivityManager: Unable to start service Intent { act=com.google.android.gms.ads.identifier.service.START pkg=com.google.android.gms } U=0: not found
05-13 10:17:33.918 15290 16179 E ActivityThread: Failed to find provider info for com.vivo.vms.IdProvider
05-13 10:17:37.898 1525 1623 W ProcessStats: Tracking association SourceState{6ba0e71 com.tencent.android.qqdownloader:live/10094 BTopFgs #231352} whose proc state 2 is better than process ProcessState{48ac3f8 com.tencent.android.qqdownloader:daemon/10094 pkg=com.tencent.android.qqdownloader} proc state 3 (18 skipped)
05-13 10:17:41.369 1525 1525 I GameModeConfig: isGameModeOn = false
05-13 10:17:44.415 1525 1866 W ActivityManager: Unable to start service Intent { act=com.google.android.gms.ads.identifier.service.START pkg=com.google.android.gms } U=0: not found
05-13 10:17:44.416 15290 16179 E ActivityThread: Failed to find provider info for com.vivo.vms.IdProvider
05-13 10:17:54.643 1525 1525 W ProcessStats: Tracking association SourceState{6ba0e71 com.tencent.android.qqdownloader:live/10094 BTopFgs #231364} whose proc state 2 is better than process ProcessState{48ac3f8 com.tencent.android.qqdownloader:daemon/10094 pkg=com.tencent.android.qqdownloader} proc state 3 (1 skipped)
05-13 10:17:55.091 1525 9708 W ActivityManager: Unable to start service Intent { act=com.google.android.gms.ads.identifier.service.START pkg=com.google.android.gms } U=0: not found
05-13 10:17:55.091 15290 16179 E ActivityThread: Failed to find provider info for com.vivo.vms.IdProvider
05-13 10:18:05.211 1525 1866 W ProcessStats: Tracking association SourceState{6ba0e71 com.tencent.android.qqdownloader:live/10094 BTopFgs #231401} whose proc state 2 is better than process ProcessState{48ac3f8 com.tencent.android.qqdownloader:daemon/10094 pkg=com.tencent.android.qqdownloader} proc state 3 (16 skipped)
05-13 10:18:05.614 1525 9709 W ActivityManager: Unable to start service Intent { act=com.google.android.gms.ads.identifier.service.START pkg=com.google.android.gms } U=0: not found
05-13 10:18:05.615 15290 16179 E ActivityThread: Failed to find provider info for com.vivo.vms.IdProvider
05-13 10:18:16.316 1525 12148 W ActivityManager: Unable to start service Intent { act=com.google.android.gms.ads.identifier.service.START pkg=com.google.android.gms } U=0: not found
05-13 10:18:16.318 15290 16179 E ActivityThread: Failed to find provider info for com.vivo.vms.IdProvider
05-13 10:18:27.036 1525 9709 W ActivityManager: Unable to start service Intent { act=com.google.android.gms.ads.identifier.service.START pkg=com.google.android.gms } U=0: not found
05-13 10:18:27.036 15290 16179 E ActivityThread: Failed to find provider info for com.vivo.vms.IdProvider
05-13 10:18:28.347 1525 9709 W ProcessStats: Tracking association SourceState{6ba0e71 com.tencent.android.qqdownloader:live/10094 BTopFgs #231415} whose proc state 2 is better than process ProcessState{48ac3f8 com.tencent.android.qqdownloader:daemon/10094 pkg=com.tencent.android.qqdownloader} proc state 3 (0 skipped)
05-13 10:18:29.639 1525 1785 W ActivityManager: Background start not allowed: service Intent { act=com.baidu.action.SOFIRE.VIEW cat=[com.baidu.category.SOFIRE,android.intent.category.DEFAULT] flg=0x4 pkg=com.baidu.appsearch cmp=com.baidu.appsearch/com.baidu.sofire.MyService (has extras) } to com.baidu.appsearch/com.baidu.sofire.MyService from pid=-1 uid=10097 pkg=com.baidu.appsearch startFg?=false
05-13 10:18:37.518 1525 9709 W ActivityManager: Unable to start service Intent { act=com.google.android.gms.ads.identifier.service.START pkg=com.google.android.gms } U=0: not found
05-13 10:18:37.519 15290 16179 E ActivityThread: Failed to find provider info for com.vivo.vms.IdProvider
05-13 10:18:41.374 1525 1525 I GameModeConfig: isGameModeOn = false
05-13 10:18:44.230 1525 2087 W ProcessStats: Tracking association SourceState{6ba0e71 com.tencent.android.qqdownloader:live/10094 BTopFgs #231453} whose proc state 2 is better than process ProcessState{48ac3f8 com.tencent.android.qqdownloader:daemon/10094 pkg=com.tencent.android.qqdownloader} proc state 3 (16 skipped)
05-13 10:18:48.169 1525 9709 W ActivityManager: Unable to start service Intent { act=com.google.android.gms.ads.identifier.service.START pkg=com.google.android.gms } U=0: not found
05-13 10:18:48.170 15290 16179 E ActivityThread: Failed to find provider info for com.vivo.vms.IdProvider
05-13 10:18:58.448 1525 2087 W ProcessStats: Tracking association SourceState{6ba0e71 com.tencent.android.qqdownloader:live/10094 BTopFgs #231462} whose proc state 2 is better than process ProcessState{48ac3f8 com.tencent.android.qqdownloader:daemon/10094 pkg=com.tencent.android.qqdownloader} proc state 3 (0 skipped)
05-13 10:18:58.635 1525 9708 W ActivityManager: Unable to start service Intent { act=com.google.android.gms.ads.identifier.service.START pkg=com.google.android.gms } U=0: not found
05-13 10:18:58.636 15290 16179 E ActivityThread: Failed to find provider info for com.vivo.vms.IdProvider
05-13 10:19:09.294 1525 2087 W ActivityManager: Unable to start service Intent { act=com.google.android.gms.ads.identifier.service.START pkg=com.google.android.gms } U=0: not found
05-13 10:19:09.294 15290 16179 E ActivityThread: Failed to find provider info for com.vivo.vms.IdProvider
05-13 10:19:19.939 1525 9710 W ActivityManager: Unable to start service Intent { act=com.google.android.gms.ads.identifier.service.START pkg=com.google.android.gms } U=0: not found
05-13 10:19:19.940 15290 16179 E ActivityThread: Failed to find provider info for com.vivo.vms.IdProvider
05-13 10:19:23.260 1525 9710 W ProcessStats: Tracking association SourceState{6ba0e71 com.tencent.android.qqdownloader:live/10094 BTopFgs #231509} whose proc state 2 is better than process ProcessState{48ac3f8 com.tencent.android.qqdownloader:daemon/10094 pkg=com.tencent.android.qqdownloader} proc state 3 (17 skipped)
05-13 10:19:30.414 1525 2087 W ActivityManager: Unable to start service Intent { act=com.google.android.gms.ads.identifier.service.START pkg=com.google.android.gms } U=0: not found
05-13 10:19:30.415 15290 16179 E ActivityThread: Failed to find provider info for com.vivo.vms.IdProvider
05-13 10:19:39.647 1525 1525 W ProcessStats: Tracking association SourceState{6ba0e71 com.tencent.android.qqdownloader:live/10094 BTopFgs #231527} whose proc state 2 is better than process ProcessState{48ac3f8 com.tencent.android.qqdownloader:daemon/10094 pkg=com.tencent.android.qqdownloader} proc state 3 (2 skipped)
05-13 10:19:41.122 1525 2087 W ActivityManager: Unable to start service Intent { act=com.google.android.gms.ads.identifier.service.START pkg=com.google.android.gms } U=0: not found
05-13 10:19:41.123 15290 16179 E ActivityThread: Failed to find provider info for com.vivo.vms.IdProvider
05-13 10:19:42.892 1525 1525 I GameModeConfig: isGameModeOn = false
05-13 10:19:51.614 1525 1866 W ActivityManager: Unable to start service Intent { act=com.google.android.gms.ads.identifier.service.START pkg=com.google.android.gms } U=0: not found
05-13 10:19:51.614 15290 16179 E ActivityThread: Failed to find provider info for com.vivo.vms.IdProvider
05-13 10:19:58.653 1525 9710 I ActivityManager: Killing 6360:com.ss.android.lark:wschannel/u0a110 (adj 975): empty for 1813s
05-13 10:19:58.659 1525 9710 W ProcessStats: Tracking association SourceState{6ba0e71 com.tencent.android.qqdownloader:live/10094 BTopFgs #231563} whose proc state 2 is better than process ProcessState{48ac3f8 com.tencent.android.qqdownloader:daemon/10094 pkg=com.tencent.android.qqdownloader} proc state 3 (15 skipped)
05-13 10:20:02.216 1525 9709 W ActivityManager: Unable to start service Intent { act=com.google.android.gms.ads.identifier.service.START pkg=com.google.android.gms } U=0: not found
05-13 10:20:02.216 15290 16179 E ActivityThread: Failed to find provider info for com.vivo.vms.IdProvider
05-13 10:20:10.304 1525 31656 W ProcessStats: Tracking association SourceState{6ba0e71 com.tencent.android.qqdownloader:live/10094 BTopFgs #231574} whose proc state 2 is better than process ProcessState{48ac3f8 com.tencent.android.qqdownloader:daemon/10094 pkg=com.tencent.android.qqdownloader} proc state 3 (1 skipped)
05-13 10:20:12.850 1525 20725 W ActivityManager: Unable to start service Intent { act=com.google.android.gms.ads.identifier.service.START pkg=com.google.android.gms } U=0: not found
05-13 10:20:12.852 15290 16179 E ActivityThread: Failed to find provider info for com.vivo.vms.IdProvider
05-13 10:20:21.315 1525 15278 W ProcessStats: Tracking association SourceState{6ba0e71 com.tencent.android.qqdownloader:live/10094 BTopFgs #231607} whose proc state 2 is better than process ProcessState{48ac3f8 com.tencent.android.qqdownloader:daemon/10094 pkg=com.tencent.android.qqdownloader} proc state 3 (16 skipped)
05-13 10:20:23.390 1525 2087 W ActivityManager: Unable to start service Intent { act=com.google.android.gms.ads.identifier.service.START pkg=com.google.android.gms } U=0: not found
05-13 10:20:23.391 15290 16179 E ActivityThread: Failed to find provider info for com.vivo.vms.IdProvider
05-13 10:20:34.066 1525 15278 W ActivityManager: Unable to start service Intent { act=com.google.android.gms.ads.identifier.service.START pkg=com.google.android.gms } U=0: not found
05-13 10:20:34.067 15290 16179 E ActivityThread: Failed to find provider info for com.vivo.vms.IdProvider
05-13 10:20:44.378 1525 1525 I GameModeConfig: isGameModeOn = false
05-13 10:20:44.564 1525 12148 W ActivityManager: Unable to start service Intent { act=com.google.android.gms.ads.identifier.service.START pkg=com.google.android.gms } U=0: not found
05-13 10:20:44.565 15290 16179 E ActivityThread: Failed to find provider info for com.vivo.vms.IdProvider
05-13 10:20:49.642 1525 1623 W ProcessStats: Tracking association SourceState{6ba0e71 com.tencent.android.qqdownloader:live/10094 BTopFgs #231628} whose proc state 2 is better than process ProcessState{48ac3f8 com.tencent.android.qqdownloader:daemon/10094 pkg=com.tencent.android.qqdownloader} proc state 3 (3 skipped)
05-13 10:20:55.221 1525 2087 W ActivityManager: Unable to start service Intent { act=com.google.android.gms.ads.identifier.service.START pkg=com.google.android.gms } U=0: not found
05-13 10:20:55.221 15290 16179 E ActivityThread: Failed to find provider info for com.vivo.vms.IdProvider
05-13 10:21:05.821 1525 2087 W ActivityManager: Unable to start service Intent { act=com.google.android.gms.ads.identifier.service.START pkg=com.google.android.gms } U=0: not found
05-13 10:21:05.821 15290 16179 E ActivityThread: Failed to find provider info for com.vivo.vms.IdProvider
05-13 10:21:14.978 1525 2087 W ProcessStats: Tracking association SourceState{6ba0e71 com.tencent.android.qqdownloader:live/10094 BTopFgs #231674} whose proc state 2 is better than process ProcessState{48ac3f8 com.tencent.android.qqdownloader:daemon/10094 pkg=com.tencent.android.qqdownloader} proc state 3 (19 skipped)
05-13 10:21:16.399 1525 2087 W ActivityManager: Unable to start service Intent { act=com.google.android.gms.ads.identifier.service.START pkg=com.google.android.gms } U=0: not found
05-13 10:21:16.400 15290 16179 E ActivityThread: Failed to find provider info for com.vivo.vms.IdProvider
05-13 10:21:26.978 1525 12148 W ActivityManager: Unable to start service Intent { act=com.google.android.gms.ads.identifier.service.START pkg=com.google.android.gms } U=0: not found
05-13 10:21:26.978 15290 16179 E ActivityThread: Failed to find provider info for com.vivo.vms.IdProvider
05-13 10:21:28.955 1525 12148 W ProcessStats: Tracking association SourceState{6ba0e71 com.tencent.android.qqdownloader:live/10094 BTopFgs #231720} whose proc state 2 is better than process ProcessState{48ac3f8 com.tencent.android.qqdownloader:daemon/10094 pkg=com.tencent.android.qqdownloader} proc state 3 (23 skipped)
05-13 10:21:37.459 1525 12148 W ActivityManager: Unable to start service Intent { act=com.google.android.gms.ads.identifier.service.START pkg=com.google.android.gms } U=0: not found
05-13 10:21:37.460 15290 16179 E ActivityThread: Failed to find provider info for com.vivo.vms.IdProvider
05-13 10:21:45.882 1525 1525 I GameModeConfig: isGameModeOn = false
05-13 10:21:47.828 1525 20725 W ProcessStats: Tracking association SourceState{6ba0e71 com.tencent.android.qqdownloader:live/10094 BTopFgs #231732} whose proc state 2 is better than process ProcessState{48ac3f8 com.tencent.android.qqdownloader:daemon/10094 pkg=com.tencent.android.qqdownloader} proc state 3 (2 skipped)
05-13 10:21:48.090 1525 20725 W ActivityManager: Unable to start service Intent { act=com.google.android.gms.ads.identifier.service.START pkg=com.google.android.gms } U=0: not found
05-13 10:21:48.091 15290 16179 E ActivityThread: Failed to find provider info for com.vivo.vms.IdProvider
05-13 10:21:58.608 1525 20725 W ActivityManager: Unable to start service Intent { act=com.google.android.gms.ads.identifier.service.START pkg=com.google.android.gms } U=0: not found
05-13 10:21:58.609 15290 16179 E ActivityThread: Failed to find provider info for com.vivo.vms.IdProvider
05-13 10:21:59.057 1525 20725 W ProcessStats: Tracking association SourceState{6ba0e71 com.tencent.android.qqdownloader:live/10094 BTopFgs #231745} whose proc state 2 is better than process ProcessState{48ac3f8 com.tencent.android.qqdownloader:daemon/10094 pkg=com.tencent.android.qqdownloader} proc state 3 (2 skipped)
05-13 10:22:09.273 1525 15278 W ActivityManager: Unable to start service Intent { act=com.google.android.gms.ads.identifier.service.START pkg=com.google.android.gms } U=0: not found
05-13 10:22:09.276 15290 16179 E ActivityThread: Failed to find provider info for com.vivo.vms.IdProvider
