05-13 10:52:04.284 0 0 I auditd : type=1400 audit(0.0:140274): avc: denied { kill } for comm="swapper/0" capability=5 scontext=u:r:kernel:s0 tcontext=u:r:kernel:s0 tclass=capability permissive=1
05-13 10:52:07.224 15290 15290 I auditd : type=1400 audit(0.0:140275): avc: denied { read } for comm="NativeThread" name="unix" dev="proc" ino=4026532262 scontext=u:r:untrusted_app_27:s0:c512,c768 tcontext=u:object_r:proc_net:s0 tclass=file permissive=1 app=com.wandoujia.phoenix2
05-13 10:52:07.224 15290 15290 I auditd : type=1400 audit(0.0:140276): avc: denied { open } for comm="NativeThread" path="/proc/15290/net/unix" dev="proc" ino=4026532262 scontext=u:r:untrusted_app_27:s0:c512,c768 tcontext=u:object_r:proc_net:s0 tclass=file permissive=1 app=com.wandoujia.phoenix2
05-13 10:52:07.224 15290 15290 I auditd : type=1400 audit(0.0:140277): avc: denied { getattr } for comm="NativeThread" path="/proc/15290/net/unix" dev="proc" ino=4026532262 scontext=u:r:untrusted_app_27:s0:c512,c768 tcontext=u:object_r:proc_net:s0 tclass=file permissive=1 app=com.wandoujia.phoenix2
05-13 10:52:07.456 15290 15290 I auditd : type=1400 audit(0.0:140278): avc: denied { read } for comm="NativeThread" name="version" dev="proc" ino=4026532238 scontext=u:r:untrusted_app_27:s0:c512,c768 tcontext=u:object_r:proc_version:s0 tclass=file permissive=1 app=com.wandoujia.phoenix2
05-13 10:52:07.456 15290 15290 I auditd : type=1400 audit(0.0:140279): avc: denied { open } for comm="NativeThread" path="/proc/version" dev="proc" ino=4026532238 scontext=u:r:untrusted_app_27:s0:c512,c768 tcontext=u:object_r:proc_version:s0 tclass=file permissive=1 app=com.wandoujia.phoenix2
05-13 10:52:07.460 15290 15290 I auditd : type=1400 audit(0.0:140280): avc: granted { bind } for comm="NativeThread" scontext=u:r:untrusted_app_27:s0:c512,c768 tcontext=u:r:untrusted_app_27:s0:c512,c768 tclass=netlink_route_socket app=com.wandoujia.phoenix2
05-13 10:52:07.460 15290 15290 I auditd : type=1400 audit(0.0:140281): avc: granted { nlmsg_readpriv } for comm="NativeThread" scontext=u:r:untrusted_app_27:s0:c512,c768 tcontext=u:r:untrusted_app_27:s0:c512,c768 tclass=netlink_route_socket app=com.wandoujia.phoenix2
05-13 10:52:07.470 1525 20724 W ActivityManager: Unable to start service Intent { act=com.google.android.gms.ads.identifier.service.START pkg=com.google.android.gms } U=0: not found
05-13 10:52:07.470 15290 16179 E ActivityThread: Failed to find provider info for com.vivo.vms.IdProvider
05-13 10:52:12.291 1525 9327 I netstats_mobile_sample: [0,0,0,0,0,0,0,0,0,0,0,0,1683946332291]
05-13 10:52:12.291 1525 9327 I netstats_wifi_sample: [9358028735,8698419,2368662466,7307554,9358028735,8698419,2368662466,7307554,11675592250,11772308,1327243459,5203836,1683946332291]
05-13 10:52:15.352 15290 15290 I auditd : type=1400 audit(0.0:140283): avc: granted { nlmsg_readpriv } for comm="DaemonThread-6" scontext=u:r:untrusted_app_27:s0:c512,c768 tcontext=u:r:untrusted_app_27:s0:c512,c768 tclass=netlink_route_socket app=com.wandoujia.phoenix2
05-13 10:52:15.504 15290 15290 I auditd : type=1400 audit(0.0:140284): avc: granted { nlmsg_readpriv } for comm="DaemonThread-6" scontext=u:r:untrusted_app_27:s0:c512,c768 tcontext=u:r:untrusted_app_27:s0:c512,c768 tclass=netlink_route_socket app=com.wandoujia.phoenix2
05-13 10:52:16.772 15290 15290 I auditd : type=1400 audit(0.0:140285): avc: denied { open } for comm="doujia.phoenix2" path="/proc/vmstat" dev="proc" ino=4026531858 scontext=u:r:untrusted_app_27:s0:c512,c768 tcontext=u:object_r:proc_vmstat:s0 tclass=file permissive=1 app=com.wandoujia.phoenix2
05-13 10:52:16.772 15290 15290 I auditd : type=1400 audit(0.0:140286): avc: denied { getattr } for comm="doujia.phoenix2" path="/proc/vmstat" dev="proc" ino=4026531858 scontext=u:r:untrusted_app_27:s0:c512,c768 tcontext=u:object_r:proc_vmstat:s0 tclass=file permissive=1 app=com.wandoujia.phoenix2
05-13 10:52:17.988 17626 17626 I auditd : type=1400 audit(0.0:140287): avc: denied { read } for comm="Thread-25" name="tcp" dev="proc" ino=4026532256 scontext=u:r:untrusted_app:s0:c104,c256,c512,c768 tcontext=u:object_r:proc_net_tcp_udp:s0 tclass=file permissive=1 app=tv.danmaku.bili
05-13 10:52:17.988 17626 17626 I auditd : type=1400 audit(0.0:140288): avc: denied { open } for comm="Thread-25" path="/proc/17626/net/tcp" dev="proc" ino=4026532256 scontext=u:r:untrusted_app:s0:c104,c256,c512,c768 tcontext=u:object_r:proc_net_tcp_udp:s0 tclass=file permissive=1 app=tv.danmaku.bili
05-13 10:52:17.988 17626 17626 I auditd : type=1400 audit(0.0:140289): avc: denied { getattr } for comm="Thread-25" path="/proc/17626/net/tcp" dev="proc" ino=4026532256 scontext=u:r:untrusted_app:s0:c104,c256,c512,c768 tcontext=u:object_r:proc_net_tcp_udp:s0 tclass=file permissive=1 app=tv.danmaku.bili
05-13 10:52:18.040 15290 15290 I auditd : type=1400 audit(0.0:140290): avc: granted { bind } for comm="NativeThread" scontext=u:r:untrusted_app_27:s0:c512,c768 tcontext=u:r:untrusted_app_27:s0:c512,c768 tclass=netlink_route_socket app=com.wandoujia.phoenix2
05-13 10:52:18.040 15290 15290 I auditd : type=1400 audit(0.0:140291): avc: granted { nlmsg_readpriv } for comm="NativeThread" scontext=u:r:untrusted_app_27:s0:c512,c768 tcontext=u:r:untrusted_app_27:s0:c512,c768 tclass=netlink_route_socket app=com.wandoujia.phoenix2
05-13 10:52:18.052 1525 9327 W ActivityManager: Unable to start service Intent { act=com.google.android.gms.ads.identifier.service.START pkg=com.google.android.gms } U=0: not found
05-13 10:52:18.053 15290 16179 E ActivityThread: Failed to find provider info for com.vivo.vms.IdProvider
05-13 10:52:19.729 1525 1525 W ProcessStats: Tracking association SourceState{6ba0e71 com.tencent.android.qqdownloader:live/10094 BTopFgs #234835} whose proc state 2 is better than process ProcessState{48ac3f8 com.tencent.android.qqdownloader:daemon/10094 pkg=com.tencent.android.qqdownloader} proc state 3 (12 skipped)
05-13 10:52:19.734 1525 1894 I sync : [com.tencent.android.qqdownloader.YYBLiveAccountProvider,0,3,24220937]
05-13 10:52:19.760 1525 1894 I sync : [com.tencent.android.qqdownloader.YYBLiveAccountProvider,1,3,24220937]
05-13 10:52:19.763 1525 1894 I commit_sys_config_file: [sync-status,168357985]
05-13 10:52:19.770 1525 1894 I sync : [com.tencent.android.qqdownloader.YYBLiveAccountProvider,0,3,24220937]
05-13 10:52:19.790 1525 1894 I sync : [com.tencent.android.qqdownloader.YYBLiveAccountProvider,1,3,24220937]
05-13 10:52:19.793 1525 1894 I commit_sys_config_file: [sync-status,168358015]
05-13 10:52:20.752 1525 1783 D ActivityManager: freezing 19416 com.android.settings
05-13 10:52:20.753 1525 1783 E ActivityManager: Unable to freeze binder for 19416 com.android.settings
05-13 10:52:20.755 1525 1783 D ActivityManager: froze 19416 com.android.settings
05-13 10:52:20.755 1525 1783 I am_freeze: [19416,com.android.settings]
05-13 10:52:20.756 1525 1783 E ActivityManager: Unable to freeze binder for 19416 com.android.settings
05-13 10:52:20.767 1525 1783 D ActivityManager: freezing 19414 com.kugou.android
05-13 10:52:20.767 1525 1783 E ActivityManager: Unable to freeze binder for 19414 com.kugou.android
05-13 10:52:20.769 1525 1783 D ActivityManager: froze 19414 com.kugou.android
05-13 10:52:20.769 1525 1783 I am_freeze: [19414,com.kugou.android]
05-13 10:52:20.769 1525 1783 E ActivityManager: Unable to freeze binder for 19414 com.kugou.android
05-13 10:52:20.771 1525 1783 I ActivityManager: Killing 19416:com.android.settings/1000 (adj 965): Unable to freeze binder interface
05-13 10:52:20.771 1525 1783 I am_kill : [0,19416,com.android.settings,965,Unable to freeze binder interface]
05-13 10:52:20.773 1525 1783 I ActivityManager: Killing 19414:com.kugou.android/u0a95 (adj 955): Unable to freeze binder interface
05-13 10:52:20.773 1525 1783 I am_kill : [0,19414,com.kugou.android,955,Unable to freeze binder interface]
05-13 10:52:20.801 1525 20724 I am_proc_died: [0,19416,com.android.settings,965,19]
05-13 10:52:20.808 1525 1607 W ActivityManager: ProcessRecord{2cd61a5 19414:com.kugou.android/u0a95} is attached to a previous process
05-13 10:52:20.808 1525 1607 I am_uid_stopped: 10095
05-13 10:52:20.808 1525 1607 W ActivityManager: Existing proc ProcessRecord{2cd61a5 19414:com.kugou.android/u0a95} was killed 35ms ago when adding ProcessRecord{8c860e1 0:com.kugou.android/u0a95}
05-13 10:52:20.808 1525 1607 I am_uid_running: 10095
05-13 10:52:20.808 1525 1607 D CompatibilityChangeReporter: Compat change id reported: 135634846; UID 10095; state: DISABLED
05-13 10:52:20.809 1525 1607 D CompatibilityChangeReporter: Compat change id reported: 177438394; UID 10095; state: DISABLED
05-13 10:52:20.809 1525 1607 D CompatibilityChangeReporter: Compat change id reported: 135772972; UID 10095; state: DISABLED
05-13 10:52:20.809 1525 1607 D CompatibilityChangeReporter: Compat change id reported: 135754954; UID 10095; state: DISABLED
05-13 10:52:20.811 1525 1607 D CompatibilityChangeReporter: Compat change id reported: 135634846; UID 1000; state: DISABLED
05-13 10:52:20.811 1525 1607 D CompatibilityChangeReporter: Compat change id reported: 177438394; UID 1000; state: DISABLED
05-13 10:52:20.811 1525 1607 D CompatibilityChangeReporter: Compat change id reported: 135772972; UID 1000; state: DISABLED
05-13 10:52:20.811 1525 1607 D CompatibilityChangeReporter: Compat change id reported: 135754954; UID 1000; state: ENABLED
05-13 10:52:20.811 1525 1607 D CompatibilityChangeReporter: Compat change id reported: 135634846; UID 10100; state: DISABLED
05-13 10:52:20.811 1525 1607 D CompatibilityChangeReporter: Compat change id reported: 177438394; UID 10100; state: DISABLED
05-13 10:52:20.811 1525 1607 D CompatibilityChangeReporter: Compat change id reported: 135772972; UID 10100; state: DISABLED
05-13 10:52:20.811 1525 1607 D CompatibilityChangeReporter: Compat change id reported: 135754954; UID 10100; state: ENABLED
05-13 10:52:20.814 1525 1607 I am_uid_running: 10109
05-13 10:52:20.815 1525 1607 D CompatibilityChangeReporter: Compat change id reported: 135634846; UID 10109; state: DISABLED
05-13 10:52:20.815 1525 1607 D CompatibilityChangeReporter: Compat change id reported: 177438394; UID 10109; state: DISABLED
05-13 10:52:20.815 1525 1607 D CompatibilityChangeReporter: Compat change id reported: 135772972; UID 10109; state: DISABLED
05-13 10:52:20.815 1525 1607 D CompatibilityChangeReporter: Compat change id reported: 135754954; UID 10109; state: ENABLED
05-13 10:52:20.828 1525 3075 I am_proc_died: [0,19414,com.kugou.android,955,19]
05-13 10:52:20.829 1525 1624 D CompatibilityChangeReporter: Compat change id reported: 143937733; UID 10095; state: DISABLED
05-13 10:52:20.844 1525 1624 I am_proc_start: [0,21071,10095,com.kugou.android,NULL,]
05-13 10:52:20.844 1525 1624 I ActivityManager: Start proc 21071:com.kugou.android/u0a95 for null
05-13 10:52:20.857 1525 1624 I am_proc_start: [0,21078,1000,com.android.settings,NULL,]
05-13 10:52:20.857 1525 1624 I ActivityManager: Start proc 21078:com.android.settings/1000 for null
05-13 10:52:20.857 1525 1624 D CompatibilityChangeReporter: Compat change id reported: 143937733; UID 10100; state: ENABLED
05-13 10:52:20.865 1525 1624 W ActivityManager: Slow operation: 54ms so far, now at startProcess: returned from zygote!
05-13 10:52:20.865 1525 1624 W ActivityManager: Slow operation: 54ms so far, now at startProcess: done updating battery stats
05-13 10:52:20.865 1525 1624 I am_proc_start: [0,21113,10100,com.netease.newsreader.activity,NULL,]
05-13 10:52:20.865 1525 1624 W ActivityManager: Slow operation: 54ms so far, now at startProcess: building log message
05-13 10:52:20.865 1525 1624 I ActivityManager: Start proc 21113:com.netease.newsreader.activity/u0a100 for null
05-13 10:52:20.865 1525 1624 W ActivityManager: Slow operation: 54ms so far, now at startProcess: starting to update pids map
05-13 10:52:20.865 1525 1624 W ActivityManager: Slow operation: 54ms so far, now at startProcess: done updating pids map
05-13 10:52:20.865 1525 1624 W ActivityManager: Slow operation: 52ms so far, now at startProcess: asking zygote to start proc
05-13 10:52:20.865 1525 1624 D CompatibilityChangeReporter: Compat change id reported: 143937733; UID 10109; state: ENABLED
05-13 10:52:20.871 1525 3075 I am_proc_bound: [0,21071,com.kugou.android]
05-13 10:52:20.872 1525 3075 D CompatibilityChangeReporter: Compat change id reported: 168419799; UID 10095; state: DISABLED
05-13 10:52:20.873 1525 1624 W ActivityManager: Slow operation: 59ms so far, now at startProcess: returned from zygote!
05-13 10:52:20.876 1525 1624 W ActivityManager: Slow operation: 63ms so far, now at startProcess: done updating battery stats
05-13 10:52:20.876 1525 1624 I am_proc_start: [0,21121,10109,com.sina.weibo,NULL,]
05-13 10:52:20.876 1525 1624 W ActivityManager: Slow operation: 63ms so far, now at startProcess: building log message
05-13 10:52:20.877 1525 1624 I ActivityManager: Start proc 21121:com.sina.weibo/u0a109 for null
05-13 10:52:20.877 1525 1624 W ActivityManager: Slow operation: 63ms so far, now at startProcess: starting to update pids map
05-13 10:52:20.877 1525 1624 W ActivityManager: Slow operation: 64ms so far, now at startProcess: done updating pids map
05-13 10:52:20.881 1525 3075 I am_proc_bound: [0,21078,com.android.settings]
05-13 10:52:20.882 1525 3075 D CompatibilityChangeReporter: Compat change id reported: 168419799; UID 1000; state: DISABLED
05-13 10:52:20.888 1525 3075 I am_proc_bound: [0,21113,com.netease.newsreader.activity]
05-13 10:52:20.890 1525 3075 D CompatibilityChangeReporter: Compat change id reported: 168419799; UID 10100; state: DISABLED
05-13 10:52:20.892 1525 20724 I am_proc_bound: [0,21121,com.sina.weibo]
05-13 10:52:20.894 1525 20724 D CompatibilityChangeReporter: Compat change id reported: 168419799; UID 10109; state: DISABLED
05-13 10:52:20.956 845 845 I auditd : type=1400 audit(0.0:140292): avc: denied { add_name } for comm="perf@2.2-servic" name="cpu_min_freq" scontext=u:r:vendor_hal_perf_default:s0 tcontext=u:object_r:vendor_sysfs_msm_perf:s0 tclass=dir permissive=1
05-13 10:52:20.956 845 845 I auditd : type=1400 audit(0.0:140293): avc: denied { create } for comm="perf@2.2-servic" name="cpu_min_freq" scontext=u:r:vendor_hal_perf_default:s0 tcontext=u:object_r:vendor_sysfs_msm_perf:s0 tclass=file permissive=1
05-13 10:52:21.309 21121 21260 D ActivityThread: Loading provider com.sina.weibo.spProvider: com.sina.weibo.provider.SinaWeiboSPProvider
05-13 10:52:21.360 21071 21071 D ActivityThread: Loading provider com.kugou.android.kugouCommonPreferences: com.kugou.common.preferences.provider.CommonSharedPreferencesProvider
05-13 10:52:21.437 1525 3075 W ActivityManager: Unable to start service Intent { act=com.bun.msa.action.start.service cmp=com.mdid.msa/.service.MsaKlService (has extras) } U=0: not found
05-13 10:52:21.452 1525 15277 W ActivityManager: Unable to start service Intent { act=com.bun.msa.action.bindto.service cmp=com.mdid.msa/.service.MsaIdService (has extras) } U=0: not found
05-13 10:52:21.587 21121 21300 E ActivityThread: Failed to find provider info for com.vivo.push.sdk.service.SystemPushConfig
05-13 10:52:21.612 1525 15277 D CompatibilityChangeReporter: Compat change id reported: 135634846; UID 10109; state: DISABLED
05-13 10:52:21.612 1525 15277 D CompatibilityChangeReporter: Compat change id reported: 177438394; UID 10109; state: DISABLED
05-13 10:52:21.613 1525 15277 D CompatibilityChangeReporter: Compat change id reported: 135772972; UID 10109; state: DISABLED
05-13 10:52:21.613 1525 15277 D CompatibilityChangeReporter: Compat change id reported: 135754954; UID 10109; state: ENABLED
05-13 10:52:21.613 1525 1624 D CompatibilityChangeReporter: Compat change id reported: 143937733; UID 10109; state: ENABLED
05-13 10:52:21.608 21113 21113 I auditd : type=1400 audit(0.0:140294): avc: denied { read } for comm="reader.activity" name="anr" dev="dm-10" ino=22 scontext=u:r:untrusted_app:s0:c100,c256,c512,c768 tcontext=u:object_r:anr_data_file:s0 tclass=dir permissive=1 app=com.netease.newsreader.activity
05-13 10:52:21.625 1525 1624 I am_proc_start: [0,21340,10109,com.sina.weibo:pushservice,service,{com.sina.weibo/com.xiaomi.push.service.XMPushService}]
05-13 10:52:21.625 1525 1624 I ActivityManager: Start proc 21340:com.sina.weibo:pushservice/u0a109 for service {com.sina.weibo/com.xiaomi.push.service.XMPushService}
05-13 10:52:21.632 21121 21121 I auditd : type=1400 audit(0.0:140295): avc: denied { open } for comm="pool-2-thread-3" path="/dev/__properties__/u:object_r:vendor_default_prop:s0" dev="tmpfs" ino=12723 scontext=u:r:untrusted_app:s0:c109,c256,c512,c768 tcontext=u:object_r:vendor_default_prop:s0 tclass=file permissive=1 app=com.sina.weibo
05-13 10:52:21.632 21121 21121 I auditd : type=1400 audit(0.0:140296): avc: denied { getattr } for comm="pool-2-thread-3" path="/dev/__properties__/u:object_r:vendor_default_prop:s0" dev="tmpfs" ino=12723 scontext=u:r:untrusted_app:s0:c109,c256,c512,c768 tcontext=u:object_r:vendor_default_prop:s0 tclass=file permissive=1 app=com.sina.weibo
05-13 10:52:21.632 21121 21121 I auditd : type=1400 audit(0.0:140297): avc: denied { map } for comm="pool-2-thread-3" path="/dev/__properties__/u:object_r:vendor_default_prop:s0" dev="tmpfs" ino=12723 scontext=u:r:untrusted_app:s0:c109,c256,c512,c768 tcontext=u:object_r:vendor_default_prop:s0 tclass=file permissive=1 app=com.sina.weibo
05-13 10:52:21.653 1525 15277 I am_proc_bound: [0,21340,com.sina.weibo:pushservice]
05-13 10:52:21.704 1525 15277 W ActivityManager: Background start not allowed: service Intent { cmp=com.sina.weibo/.push.PushServiceProxy (has extras) } to com.sina.weibo/.push.PushServiceProxy from pid=21121 uid=10109 pkg=com.sina.weibo startFg?=false
05-13 10:52:21.752 1525 1829 I GameModeConfig: isGameModeOn = false
05-13 10:52:21.753 1525 1829 I GameModeConfig: isGameModeOn = false
05-13 10:52:21.753 1525 1829 I GameModeConfig: isGameModeOn = false
05-13 10:52:21.753 1525 1829 I GameModeConfig: isGameModeOn = false
05-13 10:52:21.753 1525 1829 I GameModeConfig: isGameModeOn = false
05-13 10:52:21.753 1525 1829 I GameModeConfig: isGameModeOn = false
05-13 10:52:21.753 1525 1829 I GameModeConfig: isGameModeOn = false
05-13 10:52:21.753 1525 1829 I GameModeConfig: isGameModeOn = false
05-13 10:52:21.753 1525 1829 I GameModeConfig: isGameModeOn = false
05-13 10:52:21.753 1525 1829 I GameModeConfig: isGameModeOn = false
05-13 10:52:21.753 1525 1829 I GameModeConfig: isGameModeOn = false
05-13 10:52:21.753 1525 1829 I GameModeConfig: isGameModeOn = false
05-13 10:52:21.754 1525 1829 I GameModeConfig: isGameModeOn = false
05-13 10:52:21.754 1525 1829 I GameModeConfig: isGameModeOn = false
05-13 10:52:21.754 1525 1829 I GameModeConfig: isGameModeOn = false
05-13 10:52:21.754 1525 1829 I GameModeConfig: isGameModeOn = false
05-13 10:52:21.754 1525 1829 I GameModeConfig: isGameModeOn = false
05-13 10:52:21.754 1525 1829 I GameModeConfig: isGameModeOn = false
05-13 10:52:21.754 1525 1829 I GameModeConfig: isGameModeOn = false
05-13 10:52:21.754 1525 1829 I GameModeConfig: isGameModeOn = false
05-13 10:52:21.754 1525 1829 I GameModeConfig: isGameModeOn = false
05-13 10:52:21.754 1525 1829 I GameModeConfig: isGameModeOn = false
05-13 10:52:21.755 1525 1829 I GameModeConfig: isGameModeOn = false
05-13 10:52:21.755 1525 1829 I GameModeConfig: isGameModeOn = false
05-13 10:52:21.755 1525 1829 I GameModeConfig: isGameModeOn = false
05-13 10:52:21.755 1525 1829 I GameModeConfig: isGameModeOn = false
05-13 10:52:21.755 1525 1829 I GameModeConfig: isGameModeOn = false
05-13 10:52:21.755 1525 1829 I GameModeConfig: isGameModeOn = false
05-13 10:52:21.755 1525 1829 I GameModeConfig: isGameModeOn = false
05-13 10:52:21.755 1525 1829 I GameModeConfig: isGameModeOn = false
05-13 10:52:21.756 1525 1829 I GameModeConfig: isGameModeOn = false
05-13 10:52:21.756 1525 1829 I GameModeConfig: isGameModeOn = false
05-13 10:52:21.756 1525 1829 I GameModeConfig: isGameModeOn = false
05-13 10:52:21.756 1525 1829 I GameModeConfig: isGameModeOn = false
05-13 10:52:21.756 1525 1829 I GameModeConfig: isGameModeOn = false
05-13 10:52:21.756 1525 1829 I GameModeConfig: isGameModeOn = false
05-13 10:52:21.756 1525 1829 I GameModeConfig: isGameModeOn = false
05-13 10:52:21.756 1525 1829 I GameModeConfig: isGameModeOn = false
05-13 10:52:21.756 1525 1829 I GameModeConfig: isGameModeOn = false
05-13 10:52:21.756 1525 1829 I GameModeConfig: isGameModeOn = false
05-13 10:52:21.756 1525 1829 I GameModeConfig: isGameModeOn = false
05-13 10:52:21.757 1525 1829 I GameModeConfig: isGameModeOn = false
05-13 10:52:21.757 1525 1829 I GameModeConfig: isGameModeOn = false
05-13 10:52:21.757 1525 1829 I GameModeConfig: isGameModeOn = false
05-13 10:52:21.757 1525 1829 I GameModeConfig: isGameModeOn = false
05-13 10:52:21.757 1525 1829 I GameModeConfig: isGameModeOn = false
05-13 10:52:21.757 1525 1829 I GameModeConfig: isGameModeOn = false
05-13 10:52:21.757 1525 1829 I GameModeConfig: isGameModeOn = false
05-13 10:52:21.757 1525 1829 I GameModeConfig: isGameModeOn = false
05-13 10:52:21.757 1525 1829 I GameModeConfig: isGameModeOn = false
05-13 10:52:21.757 1525 1829 I GameModeConfig: isGameModeOn = false
05-13 10:52:21.757 1525 1829 I GameModeConfig: isGameModeOn = false
05-13 10:52:21.768 1525 1606 I commit_sys_config_file: [jobs,4]
05-13 10:52:21.775 1525 15277 W ActivityManager: Unable to start service Intent { act=com.bun.msa.action.start.service cmp=com.mdid.msa/.service.MsaKlService (has extras) } U=0: not found
05-13 10:52:21.810 1525 20724 W ActivityManager: Unable to start service Intent { act=com.bun.msa.action.bindto.service cmp=com.mdid.msa/.service.MsaIdService (has extras) } U=0: not found
05-13 10:52:21.853 1525 20724 D CompatibilityChangeReporter: Compat change id reported: 135634846; UID 10109; state: DISABLED
05-13 10:52:21.853 1525 20724 D CompatibilityChangeReporter: Compat change id reported: 177438394; UID 10109; state: DISABLED
05-13 10:52:21.853 1525 20724 D CompatibilityChangeReporter: Compat change id reported: 135772972; UID 10109; state: DISABLED
05-13 10:52:21.853 1525 20724 D CompatibilityChangeReporter: Compat change id reported: 135754954; UID 10109; state: ENABLED
05-13 10:52:21.853 1525 1624 D CompatibilityChangeReporter: Compat change id reported: 143937733; UID 10109; state: ENABLED
05-13 10:52:21.864 1525 1624 I am_proc_start: [0,21430,10109,com.sina.weibo:remote,service,{com.sina.weibo/com.sina.weibo.HotEventService}]
05-13 10:52:21.864 1525 1624 I ActivityManager: Start proc 21430:com.sina.weibo:remote/u0a109 for service {com.sina.weibo/com.sina.weibo.HotEventService}
05-13 10:52:21.882 1525 20724 I am_proc_bound: [0,21430,com.sina.weibo:remote]
05-13 10:52:22.047 1525 15277 W ActivityManager: Unable to start service Intent { act=com.bun.msa.action.start.service cmp=com.mdid.msa/.service.MsaKlService (has extras) } U=0: not found
05-13 10:52:22.079 1525 20724 W ActivityManager: Unable to start service Intent { act=com.bun.msa.action.bindto.service cmp=com.mdid.msa/.service.MsaIdService (has extras) } U=0: not found
05-13 10:52:22.080 21430 21430 I service_manager_slow: [74,vendor.perfservice]
05-13 10:52:22.097 1525 3075 W ActivityManager: Background start not allowed: service Intent { cmp=com.netease.newsreader.activity/com.sijla.common.HBS } to com.netease.newsreader.activity/com.sijla.common.HBS from pid=21113 uid=10100 pkg=com.netease.newsreader.activity startFg?=false
05-13 10:52:22.156 1525 3075 W ActivityManager: Unable to start service Intent { cmp=com.netease.newsreader.activity/com.netease.sdk.service.InitService } U=0: not found
05-13 10:52:22.192 21113 21113 I auditd : type=1400 audit(0.0:140300): avc: denied { read } for comm="Thread-13" name="u:object_r:serialno_prop:s0" dev="tmpfs" ino=12652 scontext=u:r:untrusted_app:s0:c100,c256,c512,c768 tcontext=u:object_r:serialno_prop:s0 tclass=file permissive=1 app=com.netease.newsreader.activity
05-13 10:52:22.192 21113 21113 I auditd : type=1400 audit(0.0:140301): avc: denied { open } for comm="Thread-13" path="/dev/__properties__/u:object_r:serialno_prop:s0" dev="tmpfs" ino=12652 scontext=u:r:untrusted_app:s0:c100,c256,c512,c768 tcontext=u:object_r:serialno_prop:s0 tclass=file permissive=1 app=com.netease.newsreader.activity
05-13 10:52:22.192 21113 21113 I auditd : type=1400 audit(0.0:140302): avc: denied { getattr } for comm="Thread-13" path="/dev/__properties__/u:object_r:serialno_prop:s0" dev="tmpfs" ino=12652 scontext=u:r:untrusted_app:s0:c100,c256,c512,c768 tcontext=u:object_r:serialno_prop:s0 tclass=file permissive=1 app=com.netease.newsreader.activity
05-13 10:52:22.192 21113 21113 I auditd : type=1400 audit(0.0:140303): avc: denied { map } for comm="Thread-13" path="/dev/__properties__/u:object_r:serialno_prop:s0" dev="tmpfs" ino=12652 scontext=u:r:untrusted_app:s0:c100,c256,c512,c768 tcontext=u:object_r:serialno_prop:s0 tclass=file permissive=1 app=com.netease.newsreader.activity
05-13 10:52:22.266 1525 3075 W ActivityManager: Unable to start service Intent { cmp=com.netease.newsreader.activity/com.netease.newsreader.support.api.gaode.NTESAPSService (has extras) } U=0: not found
05-13 10:52:22.296 1525 20724 W ActivityManager: Unable to start service Intent { act=com.bun.msa.action.start.service cmp=com.mdid.msa/.service.MsaKlService (has extras) } U=0: not found
05-13 10:52:22.337 1525 20724 W ActivityManager: Unable to start service Intent { cmp=com.netease.newsreader.activity/com.netease.newsreader.support.api.gaode.NTESAPSService (has extras) } U=0: not found
05-13 10:52:22.340 21533 21533 I auditd : type=1400 audit(0.0:140304): avc: denied { open } for comm="getprop" path="/dev/__properties__/u:object_r:ab_update_gki_prop:s0" dev="tmpfs" ino=12470 scontext=u:r:untrusted_app:s0:c100,c256,c512,c768 tcontext=u:object_r:ab_update_gki_prop:s0 tclass=file permissive=1 app=com.netease.newsreader.activity
05-13 10:52:22.343 1525 3075 W ActivityManager: Unable to start service Intent { act=com.bun.msa.action.bindto.service cmp=com.mdid.msa/.service.MsaIdService (has extras) } U=0: not found
05-13 10:52:22.391 1525 3075 W ActivityManager: Unable to start service Intent { act=com.bun.msa.action.start.service cmp=com.mdid.msa/.service.MsaKlService (has extras) } U=0: not found
05-13 10:52:22.394 1525 3075 W ActivityManager: Unable to start service Intent { act=com.bun.msa.action.bindto.service cmp=com.mdid.msa/.service.MsaIdService (has extras) } U=0: not found
05-13 10:52:22.481 1525 15277 W ActivityManager: Unable to start service Intent { act=com.bun.msa.action.start.service cmp=com.mdid.msa/.service.MsaKlService (has extras) } U=0: not found
05-13 10:52:22.483 1525 15277 W ActivityManager: Unable to start service Intent { act=com.bun.msa.action.bindto.service cmp=com.mdid.msa/.service.MsaIdService (has extras) } U=0: not found
05-13 10:52:23.196 16321 16321 I auditd : type=1400 audit(0.0:140996): avc: granted { nlmsg_readpriv } for comm="DaemonThread-6" scontext=u:r:untrusted_app_27:s0:c512,c768 tcontext=u:r:untrusted_app_27:s0:c512,c768 tclass=netlink_route_socket app=com.wandoujia.phoenix2
05-13 10:52:23.247 1525 1827 D NsdService: New client listening to asynchronous messages
05-13 10:52:23.247 1525 1827 D NsdService: New client, channel: com.android.internal.util.AsyncChannel@49b3c7a messenger: android.os.Messenger@2e21c2b
05-13 10:52:23.249 1525 1827 D NsdService: Discover services
05-13 10:52:23.249 1525 1827 D NsdService: mdnssd [start-service]
05-13 10:52:23.300 16321 16321 I auditd : type=1400 audit(0.0:140997): avc: granted { nlmsg_readpriv } for comm="DaemonThread-6" scontext=u:r:untrusted_app_27:s0:c512,c768 tcontext=u:r:untrusted_app_27:s0:c512,c768 tclass=netlink_route_socket app=com.wandoujia.phoenix2
05-13 10:52:23.465 1525 1827 D NsdService: mdnssd [discover, 129, _services._dns-sd._udp.]
05-13 10:52:23.465 1525 1827 D NsdService: Discover 2 129_services._dns-sd._udp.
05-13 10:52:23.512 1525 15277 D CompatibilityChangeReporter: Compat change id reported: 171306433; UID 10109; state: ENABLED
05-13 10:52:23.536 1525 1827 D NsdService: Native daemon message SERVICE_FOUND: 603 129 "_raop" _tcp.local. .
05-13 10:52:23.536 1525 1827 D NsdService: Native daemon message SERVICE_FOUND: 603 129 "_airplay" _tcp.local. .
05-13 10:52:23.536 1525 1827 D NsdService: Native daemon message SERVICE_FOUND: 603 129 "_leboremote" _tcp.local. .
05-13 10:52:23.554 1525 15277 W ActivityManager: Unable to start service Intent { act=com.bun.msa.action.start.service cmp=com.mdid.msa/.service.MsaKlService (has extras) } U=0: not found
05-13 10:52:23.560 1525 15277 W ActivityManager: Unable to start service Intent { act=com.bun.msa.action.start.service cmp=com.mdid.msa/.service.MsaKlService (has extras) } U=0: not found
05-13 10:52:23.564 1525 15277 W ActivityManager: Unable to start service Intent { act=com.bun.msa.action.bindto.service cmp=com.mdid.msa/.service.MsaIdService (has extras) } U=0: not found
05-13 10:52:23.566 1525 15277 W ActivityManager: Unable to start service Intent { act=com.bun.msa.action.start.service cmp=com.mdid.msa/.service.MsaKlService (has extras) } U=0: not found
05-13 10:52:23.566 1525 15277 W ActivityManager: Unable to start service Intent { act=com.bun.msa.action.bindto.service cmp=com.mdid.msa/.service.MsaIdService (has extras) } U=0: not found
05-13 10:52:23.567 1525 15277 W ActivityManager: Unable to start service Intent { act=com.bun.msa.action.bindto.service cmp=com.mdid.msa/.service.MsaIdService (has extras) } U=0: not found
05-13 10:52:23.634 1525 1827 D NsdService: Native daemon message SERVICE_FOUND: 603 129 "_raop" _tcp.local. .
05-13 10:52:23.635 1525 1827 D NsdService: Native daemon message SERVICE_FOUND: 603 129 "_airplay" _tcp.local. .
05-13 10:52:23.635 1525 1827 D NsdService: Native daemon message SERVICE_FOUND: 603 129 "_leboremote" _tcp.local. .
05-13 10:52:23.635 1525 1827 D NsdService: Native daemon message SERVICE_FOUND: 603 129 "_raop" _tcp.local. .
05-13 10:52:23.636 1525 1827 D NsdService: Native daemon message SERVICE_FOUND: 603 129 "_airplay" _tcp.local. .
05-13 10:52:23.636 1525 1827 D NsdService: Native daemon message SERVICE_FOUND: 603 129 "_leboremote" _tcp.local. .
05-13 10:52:23.636 1525 1827 D NsdService: Native daemon message SERVICE_FOUND: 603 129 "_raop" _tcp.local. .
05-13 10:52:23.636 1525 1827 D NsdService: Native daemon message SERVICE_FOUND: 603 129 "_airplay" _tcp.local. .
05-13 10:52:23.637 1525 1827 D NsdService: Native daemon message SERVICE_FOUND: 603 129 "_leboremote" _tcp.local. .
05-13 10:52:23.637 1525 1827 D NsdService: Native daemon message SERVICE_FOUND: 603 129 "_raop" _tcp.local. .
05-13 10:52:23.638 1525 1827 D NsdService: Native daemon message SERVICE_FOUND: 603 129 "_airplay" _tcp.local. .
05-13 10:52:23.638 1525 1827 D NsdService: Native daemon message SERVICE_FOUND: 603 129 "_leboremote" _tcp.local. .
05-13 10:52:23.638 1525 1827 D NsdService: Native daemon message SERVICE_FOUND: 603 129 "_raop" _tcp.local. .
05-13 10:52:23.638 1525 1827 D NsdService: Native daemon message SERVICE_FOUND: 603 129 "_airplay" _tcp.local. .
05-13 10:52:23.639 1525 1827 D NsdService: Native daemon message SERVICE_FOUND: 603 129 "_leboremote" _tcp.local. .
05-13 10:52:23.639 1525 1827 D NsdService: Native daemon message SERVICE_FOUND: 603 129 "_raop" _tcp.local. .
05-13 10:52:23.639 1525 1827 D NsdService: Native daemon message SERVICE_FOUND: 603 129 "_airplay" _tcp.local. .
05-13 10:52:23.640 1525 1827 D NsdService: Native daemon message SERVICE_FOUND: 603 129 "_leboremote" _tcp.local. .
05-13 10:52:23.649 1525 2039 W ActivityManager: Unable to start service Intent { act=com.bun.msa.action.start.service cmp=com.mdid.msa/.service.MsaKlService (has extras) } U=0: not found
05-13 10:52:23.652 1525 2039 W ActivityManager: Unable to start service Intent { act=com.bun.msa.action.bindto.service cmp=com.mdid.msa/.service.MsaIdService (has extras) } U=0: not found
05-13 10:52:23.661 1525 1829 I GameModeConfig: isGameModeOn = false
05-13 10:52:23.661 1525 1829 I GameModeConfig: isGameModeOn = false
05-13 10:52:23.661 1525 1829 I GameModeConfig: isGameModeOn = false
05-13 10:52:23.662 1525 1829 I GameModeConfig: isGameModeOn = false
05-13 10:52:23.662 1525 1829 I GameModeConfig: isGameModeOn = false
05-13 10:52:23.662 1525 1829 I GameModeConfig: isGameModeOn = false
05-13 10:52:23.662 1525 1829 I GameModeConfig: isGameModeOn = false
05-13 10:52:23.662 1525 1829 I GameModeConfig: isGameModeOn = false
05-13 10:52:23.663 1525 1829 I GameModeConfig: isGameModeOn = false
05-13 10:52:23.663 1525 1829 I GameModeConfig: isGameModeOn = false
05-13 10:52:23.663 1525 1829 I GameModeConfig: isGameModeOn = false
05-13 10:52:23.663 1525 1829 I GameModeConfig: isGameModeOn = false
05-13 10:52:23.663 1525 1829 I GameModeConfig: isGameModeOn = false
05-13 10:52:23.664 1525 1829 I GameModeConfig: isGameModeOn = false
05-13 10:52:23.664 1525 1829 I GameModeConfig: isGameModeOn = false
05-13 10:52:23.664 1525 1829 I GameModeConfig: isGameModeOn = false
05-13 10:52:23.664 1525 1829 I GameModeConfig: isGameModeOn = false
05-13 10:52:23.664 1525 1829 I GameModeConfig: isGameModeOn = false
05-13 10:52:23.664 1525 1829 I GameModeConfig: isGameModeOn = false
05-13 10:52:23.665 1525 1829 I GameModeConfig: isGameModeOn = false
05-13 10:52:23.665 1525 1829 I GameModeConfig: isGameModeOn = false
05-13 10:52:23.665 1525 1829 I GameModeConfig: isGameModeOn = false
05-13 10:52:23.665 1525 1829 I GameModeConfig: isGameModeOn = false
05-13 10:52:23.665 1525 1829 I GameModeConfig: isGameModeOn = false
05-13 10:52:23.665 1525 1829 I GameModeConfig: isGameModeOn = false
05-13 10:52:23.666 1525 1829 I GameModeConfig: isGameModeOn = false
05-13 10:52:23.666 1525 1829 I GameModeConfig: isGameModeOn = false
05-13 10:52:23.666 1525 1829 I GameModeConfig: isGameModeOn = false
05-13 10:52:23.667 1525 1829 I GameModeConfig: isGameModeOn = false
05-13 10:52:23.667 1525 1829 I GameModeConfig: isGameModeOn = false
05-13 10:52:23.667 1525 1829 I GameModeConfig: isGameModeOn = false
05-13 10:52:23.667 1525 1829 I GameModeConfig: isGameModeOn = false
05-13 10:52:23.667 1525 1829 I GameModeConfig: isGameModeOn = false
05-13 10:52:23.667 1525 1829 I GameModeConfig: isGameModeOn = false
05-13 10:52:23.668 1525 1829 I GameModeConfig: isGameModeOn = false
05-13 10:52:23.668 1525 1829 I GameModeConfig: isGameModeOn = false
05-13 10:52:23.668 1525 1829 I GameModeConfig: isGameModeOn = false
05-13 10:52:23.668 1525 1829 I GameModeConfig: isGameModeOn = false
05-13 10:52:23.668 1525 1829 I GameModeConfig: isGameModeOn = false
05-13 10:52:23.668 1525 1829 I GameModeConfig: isGameModeOn = false
05-13 10:52:23.669 1525 1829 I GameModeConfig: isGameModeOn = false
05-13 10:52:23.669 1525 1829 I GameModeConfig: isGameModeOn = false
05-13 10:52:23.669 1525 1829 I GameModeConfig: isGameModeOn = false
05-13 10:52:23.669 1525 1829 I GameModeConfig: isGameModeOn = false
05-13 10:52:23.669 1525 1829 I GameModeConfig: isGameModeOn = false
05-13 10:52:23.670 1525 1829 I GameModeConfig: isGameModeOn = false
05-13 10:52:23.670 1525 1829 I GameModeConfig: isGameModeOn = false
05-13 10:52:23.670 1525 1829 I GameModeConfig: isGameModeOn = false
05-13 10:52:23.670 1525 1829 I GameModeConfig: isGameModeOn = false
05-13 10:52:23.671 1525 1829 I GameModeConfig: isGameModeOn = false
05-13 10:52:23.671 1525 1829 I GameModeConfig: isGameModeOn = false
05-13 10:52:23.671 1525 1829 I GameModeConfig: isGameModeOn = false
05-13 10:52:23.714 1525 1827 D NsdService: Native daemon message SERVICE_FOUND: 603 129 "_adb" _tcp.local. .
05-13 10:52:23.716 21121 21121 I auditd : type=1400 audit(0.0:140998): avc: denied { ptrace } for comm="Thread-13" scontext=u:r:zygote:s0 tcontext=u:r:untrusted_app:s0:c109,c256,c512,c768 tclass=process permissive=1 app=com.sina.weibo
05-13 10:52:23.795 1525 1827 D NsdService: Stop service discovery
05-13 10:52:23.795 1525 1827 D NsdService: mdnssd [stop-discover, 129]
05-13 10:52:23.797 1525 1827 D NsdService: Discover services
05-13 10:52:23.797 1525 1827 D NsdService: mdnssd [discover, 130, _raop._tcp.]
05-13 10:52:23.798 1525 1827 D NsdService: Discover 3 130_raop._tcp.
05-13 10:52:23.944 21340 21340 I auditd : type=1400 audit(0.0:140999): avc: denied { open } for comm="pool-2-thread-2" path="/dev/__properties__/u:object_r:vendor_default_prop:s0" dev="tmpfs" ino=12723 scontext=u:r:untrusted_app:s0:c109,c256,c512,c768 tcontext=u:object_r:vendor_default_prop:s0 tclass=file permissive=1 app=com.sina.weibo
05-13 10:52:23.944 21340 21340 I auditd : type=1400 audit(0.0:141000): avc: denied { getattr } for comm="pool-2-thread-2" path="/dev/__properties__/u:object_r:vendor_default_prop:s0" dev="tmpfs" ino=12723 scontext=u:r:untrusted_app:s0:c109,c256,c512,c768 tcontext=u:object_r:vendor_default_prop:s0 tclass=file permissive=1 app=com.sina.weibo
05-13 10:52:23.939 21340 21479 E ActivityThread: Failed to find provider info for com.vivo.push.sdk.service.SystemPushConfig
05-13 10:52:24.053 1525 1827 D NsdService: Native daemon message SERVICE_FOUND: 603 130 "b45e4a63b8d6@高合娱乐副屏" _raop._tcp. local.
05-13 10:52:24.053 1525 1827 D NsdService: Native daemon message SERVICE_FOUND: 603 130 "b45e4a63b8d6@高合娱乐副屏" _raop._tcp. local.
05-13 10:52:24.053 1525 1827 D NsdService: Native daemon message SERVICE_FOUND: 603 130 "b45e4a63b8d6@高合娱乐副屏" _raop._tcp. local.
05-13 10:52:24.054 1525 1827 D NsdService: Native daemon message SERVICE_FOUND: 603 130 "b45e4a63b8d6@高合娱乐副屏" _raop._tcp. local.
05-13 10:52:24.054 1525 1827 D NsdService: Native daemon message SERVICE_FOUND: 603 130 "b45e4a63b8d6@高合娱乐副屏" _raop._tcp. local.
05-13 10:52:24.054 1525 1827 D NsdService: Native daemon message SERVICE_FOUND: 603 130 "b45e4a63b8d6@高合娱乐副屏" _raop._tcp. local.
05-13 10:52:24.054 1525 1827 D NsdService: Native daemon message SERVICE_FOUND: 603 130 "b45e4a63b8d6@高合娱乐副屏" _raop._tcp. local.
05-13 10:52:24.149 1525 2039 W ActivityManager: Unable to start service Intent { act=com.bun.msa.action.start.service cmp=com.mdid.msa/.service.MsaKlService (has extras) } U=0: not found
05-13 10:52:24.152 1525 2039 W ActivityManager: Unable to start service Intent { act=com.bun.msa.action.bindto.service cmp=com.mdid.msa/.service.MsaIdService (has extras) } U=0: not found
05-13 10:52:24.284 0 0 I auditd : type=1400 audit(0.0:141006): avc: denied { kill } for comm="swapper/5" capability=5 scontext=u:r:kernel:s0 tcontext=u:r:kernel:s0 tclass=capability permissive=1
05-13 10:52:24.334 1525 1827 D NsdService: Stop service discovery
05-13 10:52:24.335 1525 1827 D NsdService: mdnssd [stop-discover, 130]
05-13 10:52:24.335 1525 1827 D NsdService: Discover services
05-13 10:52:24.335 1525 1827 D NsdService: mdnssd [discover, 131, _airplay._tcp.]
05-13 10:52:24.336 1525 1827 D NsdService: Discover 4 131_airplay._tcp.
05-13 10:52:24.343 1525 15277 I am_uid_running: 99015
05-13 10:52:24.343 1525 15277 D CompatibilityChangeReporter: Compat change id reported: 135634846; UID 10100; state: DISABLED
05-13 10:52:24.343 1525 1624 D CompatibilityChangeReporter: Compat change id reported: 143937733; UID 10100; state: ENABLED
05-13 10:52:24.356 1525 1624 I am_proc_start: [0,21892,99015,com.android.webview:sandboxed_process0:org.chromium.content.app.SandboxedProcessService0:0,,{com.netease.newsreader.activity/org.chromium.content.app.SandboxedProcessService0:0}]
05-13 10:52:24.356 1525 1624 I ActivityManager: Start proc 21892:com.android.webview:sandboxed_process0:org.chromium.content.app.SandboxedProcessService0:0/u0i15 for {com.netease.newsreader.activity/org.chromium.content.app.SandboxedProcessService0:0}
05-13 10:52:24.414 1525 1827 D NsdService: Native daemon message SERVICE_FOUND: 603 131 "高合娱乐副屏" _airplay._tcp. local.
05-13 10:52:24.415 1525 1827 D NsdService: Native daemon message SERVICE_FOUND: 603 131 "高合娱乐副屏" _airplay._tcp. local.
05-13 10:52:24.415 1525 1827 D NsdService: Native daemon message SERVICE_FOUND: 603 131 "高合娱乐副屏" _airplay._tcp. local.
05-13 10:52:24.415 1525 1827 D NsdService: Native daemon message SERVICE_FOUND: 603 131 "高合娱乐副屏" _airplay._tcp. local.
05-13 10:52:24.416 1525 15277 I am_proc_bound: [0,21892,com.android.webview:sandboxed_process0:org.chromium.content.app.SandboxedProcessService0:0]
05-13 10:52:24.416 1525 1827 D NsdService: Native daemon message SERVICE_FOUND: 603 131 "高合娱乐副屏" _airplay._tcp. local.
05-13 10:52:24.416 1525 1827 D NsdService: Native daemon message SERVICE_FOUND: 603 131 "高合娱乐副屏" _airplay._tcp. local.
05-13 10:52:24.416 1525 1827 D NsdService: Native daemon message SERVICE_FOUND: 603 131 "高合娱乐副屏" _airplay._tcp. local.
05-13 10:52:24.432 21113 21113 I auditd : type=1400 audit(0.0:141007): avc: granted { execute } for comm="bd_tracker_n" path="/data/data/com.netease.newsreader.activity/files/pangle_p/com.byted.pangle/version-5305/lib/libtobEmbedEncrypt.so" dev="dm-10" ino=148833 scontext=u:r:untrusted_app:s0:c100,c256,c512,c768 tcontext=u:object_r:app_data_file:s0:c100,c256,c512,c768 tclass=file app=com.netease.newsreader.activity
05-13 10:52:24.468 678 678 I auditd : type=1400 audit(0.0:141008): avc: denied { add_name } for comm="Binder:678_4" name="globalAlert" scontext=u:r:netd:s0 tcontext=u:object_r:proc_net:s0 tclass=dir permissive=1
05-13 10:52:24.468 678 678 I auditd : type=1400 audit(0.0:141009): avc: denied { create } for comm="Binder:678_4" name="globalAlert" scontext=u:r:netd:s0 tcontext=u:object_r:proc_net:s0 tclass=file permissive=1
05-13 10:52:24.471 1525 1812 I netstats_mobile_sample: [0,0,0,0,0,0,0,0,0,0,0,0,1683946344471]
05-13 10:52:24.472 1525 1812 I netstats_wifi_sample: [9361099771,8700882,2368917705,7309354,9361099771,8700882,2368917705,7309354,11678888837,11775215,1327420128,5205470,1683946344471]
05-13 10:52:24.676 845 845 I auditd : type=1400 audit(0.0:141010): avc: denied { add_name } for comm="perf@2.2-servic" name="cpu_min_freq" scontext=u:r:vendor_hal_perf_default:s0 tcontext=u:object_r:vendor_sysfs_msm_perf:s0 tclass=dir permissive=1
05-13 10:52:24.655 1525 15277 W ActivityManager: Unable to start service Intent { cmp=com.sina.weibo/.healthkit.source.StorageConfigService } U=0: not found
05-13 10:52:24.752 1525 1829 I GameModeConfig: isGameModeOn = false
05-13 10:52:24.752 1525 1829 I GameModeConfig: isGameModeOn = false
05-13 10:52:24.752 1525 1829 I GameModeConfig: isGameModeOn = false
05-13 10:52:24.752 1525 1829 I GameModeConfig: isGameModeOn = false
05-13 10:52:24.752 1525 1829 I GameModeConfig: isGameModeOn = false
05-13 10:52:24.752 1525 1829 I GameModeConfig: isGameModeOn = false
05-13 10:52:24.752 1525 1829 I GameModeConfig: isGameModeOn = false
05-13 10:52:24.752 1525 1829 I GameModeConfig: isGameModeOn = false
05-13 10:52:24.752 1525 1829 I GameModeConfig: isGameModeOn = false
05-13 10:52:24.752 1525 1829 I GameModeConfig: isGameModeOn = false
05-13 10:52:24.752 1525 1829 I GameModeConfig: isGameModeOn = false
05-13 10:52:24.752 1525 1829 I GameModeConfig: isGameModeOn = false
05-13 10:52:24.753 1525 1829 I GameModeConfig: isGameModeOn = false
05-13 10:52:24.753 1525 1829 I GameModeConfig: isGameModeOn = false
05-13 10:52:24.753 1525 1829 I GameModeConfig: isGameModeOn = false
05-13 10:52:24.753 1525 1829 I GameModeConfig: isGameModeOn = false
05-13 10:52:24.753 1525 1829 I GameModeConfig: isGameModeOn = false
05-13 10:52:24.753 1525 1829 I GameModeConfig: isGameModeOn = false
05-13 10:52:24.753 1525 1829 I GameModeConfig: isGameModeOn = false
05-13 10:52:24.753 1525 1829 I GameModeConfig: isGameModeOn = false
05-13 10:52:24.753 1525 1829 I GameModeConfig: isGameModeOn = false
05-13 10:52:24.753 1525 1829 I GameModeConfig: isGameModeOn = false
05-13 10:52:24.753 1525 1829 I GameModeConfig: isGameModeOn = false
05-13 10:52:24.753 1525 1829 I GameModeConfig: isGameModeOn = false
05-13 10:52:24.753 1525 1829 I GameModeConfig: isGameModeOn = false
05-13 10:52:24.753 1525 1829 I GameModeConfig: isGameModeOn = false
05-13 10:52:24.795 21430 21711 E ActivityThread: Failed to find provider info for com.vivo.push.sdk.service.SystemPushConfig
05-13 10:52:24.875 1525 1827 D NsdService: Stop service discovery
05-13 10:52:24.875 1525 1827 D NsdService: mdnssd [stop-discover, 131]
05-13 10:52:24.876 1525 1827 D NsdService: Discover services
05-13 10:52:24.876 1525 1827 D NsdService: mdnssd [discover, 132, _leboremote._tcp.]
05-13 10:52:24.878 1525 1827 D NsdService: Discover 5 132_leboremote._tcp.
05-13 10:52:24.878 1525 1827 D NsdService: Native daemon message SERVICE_FOUND: 603 132 "高合娱乐副屏" _leboremote._tcp. local.
05-13 10:52:24.878 1525 1827 D NsdService: Native daemon message SERVICE_FOUND: 603 132 "高合娱乐副屏" _leboremote._tcp. local.
05-13 10:52:24.879 1525 1827 D NsdService: Native daemon message SERVICE_FOUND: 603 132 "高合娱乐副屏" _leboremote._tcp. local.
05-13 10:52:24.879 1525 1827 D NsdService: Native daemon message SERVICE_FOUND: 603 132 "高合娱乐副屏" _leboremote._tcp. local.
05-13 10:52:24.879 1525 1827 D NsdService: Native daemon message SERVICE_FOUND: 603 132 "高合娱乐副屏" _leboremote._tcp. local.
05-13 10:52:24.879 1525 1827 D NsdService: Native daemon message SERVICE_FOUND: 603 132 "高合娱乐副屏" _leboremote._tcp. local.
05-13 10:52:24.879 1525 1827 D NsdService: Native daemon message SERVICE_FOUND: 603 132 "高合娱乐副屏" _leboremote._tcp. local.
05-13 10:52:25.184 1525 15277 W ActivityManager: Background start not allowed: service Intent { cmp=com.netease.newsreader.activity/com.netease.nr.biz.push.newpush.PushGuardService } to com.netease.newsreader.activity/com.netease.nr.biz.push.newpush.PushGuardService from pid=21113 uid=10100 pkg=com.netease.newsreader.activity startFg?=false
05-13 10:52:25.187 1525 15277 W ActivityManager: Background start not allowed: service Intent { cmp=com.netease.newsreader.activity/com.netease.newsreader.support.push.gt.PushNewGTCoreService (has extras) } to com.netease.newsreader.activity/com.netease.newsreader.support.push.gt.PushNewGTCoreService from pid=21113 uid=10100 pkg=com.netease.newsreader.activity startFg?=false
05-13 10:52:25.190 1525 15277 W ActivityManager: Background start not allowed: service Intent { cmp=com.netease.newsreader.activity/com.netease.newsreader.support.push.gt.PushNewGTCoreService (has extras) } to com.netease.newsreader.activity/com.netease.newsreader.support.push.gt.PushNewGTCoreService from pid=21113 uid=10100 pkg=com.netease.newsreader.activity startFg?=false
05-13 10:52:25.192 1525 15277 W ActivityManager: Background start not allowed: service Intent { cmp=com.netease.newsreader.activity/com.netease.newsreader.support.push.gt.PushNewGTCoreService (has extras) } to com.netease.newsreader.activity/com.netease.newsreader.support.push.gt.PushNewGTCoreService from pid=21113 uid=10100 pkg=com.netease.newsreader.activity startFg?=false
05-13 10:52:25.195 1525 15277 W ActivityManager: Background start not allowed: service Intent { cmp=com.netease.newsreader.activity/com.netease.newsreader.support.push.gt.PushNewGTCoreService (has extras) } to com.netease.newsreader.activity/com.netease.newsreader.support.push.gt.PushNewGTCoreService from pid=21113 uid=10100 pkg=com.netease.newsreader.activity startFg?=false
05-13 10:52:25.414 1525 1827 D NsdService: Stop service discovery
05-13 10:52:25.414 1525 1827 D NsdService: mdnssd [stop-discover, 132]
05-13 10:52:25.415 1525 1827 D NsdService: Discover services
05-13 10:52:25.415 1525 1827 D NsdService: mdnssd [discover, 133, _raop._tcp.]
05-13 10:52:25.416 1525 1827 D NsdService: Discover 6 133_raop._tcp.
05-13 10:52:25.416 1525 1827 D NsdService: Native daemon message SERVICE_FOUND: 603 133 "b45e4a63b8d6@高合娱乐副屏" _raop._tcp. local.
05-13 10:52:25.416 1525 1827 D NsdService: Native daemon message SERVICE_FOUND: 603 133 "b45e4a63b8d6@高合娱乐副屏" _raop._tcp. local.
05-13 10:52:25.416 1525 1827 D NsdService: Native daemon message SERVICE_FOUND: 603 133 "b45e4a63b8d6@高合娱乐副屏" _raop._tcp. local.
05-13 10:52:25.417 1525 1827 D NsdService: Native daemon message SERVICE_FOUND: 603 133 "b45e4a63b8d6@高合娱乐副屏" _raop._tcp. local.
05-13 10:52:25.417 1525 1827 D NsdService: Native daemon message SERVICE_FOUND: 603 133 "b45e4a63b8d6@高合娱乐副屏" _raop._tcp. local.
05-13 10:52:25.417 1525 1827 D NsdService: Native daemon message SERVICE_FOUND: 603 133 "b45e4a63b8d6@高合娱乐副屏" _raop._tcp. local.
05-13 10:52:25.417 1525 1827 D NsdService: Native daemon message SERVICE_FOUND: 603 133 "b45e4a63b8d6@高合娱乐副屏" _raop._tcp. local.
05-13 10:52:25.936 845 845 I auditd : type=1400 audit(0.0:141022): avc: denied { add_name } for comm="perf@2.2-servic" name="cpu_min_freq" scontext=u:r:vendor_hal_perf_default:s0 tcontext=u:object_r:vendor_sysfs_msm_perf:s0 tclass=dir permissive=1
05-13 10:52:25.936 845 845 I auditd : type=1400 audit(0.0:141023): avc: denied { create } for comm="perf@2.2-servic" name="cpu_min_freq" scontext=u:r:vendor_hal_perf_default:s0 tcontext=u:object_r:vendor_sysfs_msm_perf:s0 tclass=file permissive=1
05-13 10:52:25.954 1525 1827 D NsdService: Stop service discovery
05-13 10:52:25.954 1525 1827 D NsdService: mdnssd [stop-discover, 133]
05-13 10:52:25.956 1525 1827 D NsdService: Discover services
05-13 10:52:25.956 1525 1827 D NsdService: mdnssd [discover, 134, _airplay._tcp.]
05-13 10:52:25.957 1525 1827 D NsdService: Discover 7 134_airplay._tcp.
05-13 10:52:25.957 1525 1827 D NsdService: Native daemon message SERVICE_FOUND: 603 134 "高合娱乐副屏" _airplay._tcp. local.
05-13 10:52:25.958 1525 1827 D NsdService: Native daemon message SERVICE_FOUND: 603 134 "高合娱乐副屏" _airplay._tcp. local.
05-13 10:52:25.958 1525 1827 D NsdService: Native daemon message SERVICE_FOUND: 603 134 "高合娱乐副屏" _airplay._tcp. local.
05-13 10:52:25.958 1525 1827 D NsdService: Native daemon message SERVICE_FOUND: 603 134 "高合娱乐副屏" _airplay._tcp. local.
05-13 10:52:25.958 1525 1827 D NsdService: Native daemon message SERVICE_FOUND: 603 134 "高合娱乐副屏" _airplay._tcp. local.
05-13 10:52:25.959 1525 1827 D NsdService: Native daemon message SERVICE_FOUND: 603 134 "高合娱乐副屏" _airplay._tcp. local.
05-13 10:52:25.959 1525 1827 D NsdService: Native daemon message SERVICE_FOUND: 603 134 "高合娱乐副屏" _airplay._tcp. local.
