05-13 11:03:59.797 1525 1894 I sync : [com.tencent.android.qqdownloader.YYBLiveAccountProvider,1,3,24220937]
05-13 11:03:59.800 1525 1894 I commit_sys_config_file: [sync-status,169058022]
05-13 11:03:59.806 1525 1894 I sync : [com.tencent.android.qqdownloader.YYBLiveAccountProvider,0,3,24220937]
05-13 11:03:59.824 1525 1894 I sync : [com.tencent.android.qqdownloader.YYBLiveAccountProvider,1,3,24220937]
05-13 11:03:59.827 1525 1894 I commit_sys_config_file: [sync-status,169058049]
05-13 11:04:01.805 1525 1606 I commit_sys_config_file: [jobs,5]
05-13 11:04:04.872 15290 15290 I auditd : type=1400 audit(0.0:141698): avc: denied { read } for comm="NativeThread" name="unix" dev="proc" ino=4026532262 scontext=u:r:untrusted_app_27:s0:c512,c768 tcontext=u:object_r:proc_net:s0 tclass=file permissive=1 app=com.wandoujia.phoenix2
05-13 11:04:04.872 15290 15290 I auditd : type=1400 audit(0.0:141699): avc: denied { open } for comm="NativeThread" path="/proc/15290/net/unix" dev="proc" ino=4026532262 scontext=u:r:untrusted_app_27:s0:c512,c768 tcontext=u:object_r:proc_net:s0 tclass=file permissive=1 app=com.wandoujia.phoenix2
05-13 11:04:04.872 15290 15290 I auditd : type=1400 audit(0.0:141700): avc: denied { getattr } for comm="NativeThread" path="/proc/15290/net/unix" dev="proc" ino=4026532262 scontext=u:r:untrusted_app_27:s0:c512,c768 tcontext=u:object_r:proc_net:s0 tclass=file permissive=1 app=com.wandoujia.phoenix2
05-13 11:04:05.084 15290 15290 I auditd : type=1400 audit(0.0:141701): avc: denied { read } for comm="NativeThread" name="version" dev="proc" ino=4026532238 scontext=u:r:untrusted_app_27:s0:c512,c768 tcontext=u:object_r:proc_version:s0 tclass=file permissive=1 app=com.wandoujia.phoenix2
05-13 11:04:05.084 15290 15290 I auditd : type=1400 audit(0.0:141702): avc: denied { open } for comm="NativeThread" path="/proc/version" dev="proc" ino=4026532238 scontext=u:r:untrusted_app_27:s0:c512,c768 tcontext=u:object_r:proc_version:s0 tclass=file permissive=1 app=com.wandoujia.phoenix2
05-13 11:04:05.084 15290 15290 I auditd : type=1400 audit(0.0:141703): avc: granted { bind } for comm="NativeThread" scontext=u:r:untrusted_app_27:s0:c512,c768 tcontext=u:r:untrusted_app_27:s0:c512,c768 tclass=netlink_route_socket app=com.wandoujia.phoenix2
05-13 11:04:05.084 15290 15290 I auditd : type=1400 audit(0.0:141704): avc: granted { nlmsg_readpriv } for comm="NativeThread" scontext=u:r:untrusted_app_27:s0:c512,c768 tcontext=u:r:untrusted_app_27:s0:c512,c768 tclass=netlink_route_socket app=com.wandoujia.phoenix2
05-13 11:04:05.100 1525 2042 W ActivityManager: Unable to start service Intent { act=com.google.android.gms.ads.identifier.service.START pkg=com.google.android.gms } U=0: not found
05-13 11:04:05.100 15290 16179 E ActivityThread: Failed to find provider info for com.vivo.vms.IdProvider
05-13 11:04:12.262 1525 2042 I netstats_mobile_sample: [0,0,0,0,0,0,0,0,0,0,0,0,1683947052262]
05-13 11:04:12.263 1525 2042 I netstats_wifi_sample: [9383479039,8726138,2378907598,7336542,9383479039,8726138,2378907598,7336542,11709537918,11810805,1333031795,5223729,1683947052262]
05-13 11:04:12.284 655 655 I auditd : type=1400 audit(0.0:141705): avc: denied { kill } for comm="vendor.ts.uart@" capability=5 scontext=u:r:uart_service_deamon:s0 tcontext=u:r:uart_service_deamon:s0 tclass=capability permissive=1
05-13 11:04:12.680 1525 1525 I notification_enqueue: [10094,11210,com.tencent.android.qqdownloader,127,NULL,0,Notification(channel=channel_id_default_silent shortcut=null contentView=com.tencent.android.qqdownloader/0x7f0a01c2 vibrate=null sound=null defaults=0x0 flags=0x2a2 color=0x00000000 groupKey=com.tencent.android.qqdownloader vis=PRIVATE),1]
05-13 11:04:12.882 1525 1525 I GameModeConfig: isGameModeOn = false
05-13 11:04:15.580 15290 15290 I auditd : type=1400 audit(0.0:141706): avc: granted { bind } for comm="NativeThread" scontext=u:r:untrusted_app_27:s0:c512,c768 tcontext=u:r:untrusted_app_27:s0:c512,c768 tclass=netlink_route_socket app=com.wandoujia.phoenix2
05-13 11:04:15.580 15290 15290 I auditd : type=1400 audit(0.0:141707): avc: granted { nlmsg_readpriv } for comm="NativeThread" scontext=u:r:untrusted_app_27:s0:c512,c768 tcontext=u:r:untrusted_app_27:s0:c512,c768 tclass=netlink_route_socket app=com.wandoujia.phoenix2
05-13 11:04:15.589 1525 2055 W ActivityManager: Unable to start service Intent { act=com.google.android.gms.ads.identifier.service.START pkg=com.google.android.gms } U=0: not found
05-13 11:04:15.590 15290 16179 E ActivityThread: Failed to find provider info for com.vivo.vms.IdProvider
05-13 11:04:16.448 15290 15290 I auditd : type=1400 audit(0.0:141708): avc: granted { nlmsg_readpriv } for comm="DaemonThread-6" scontext=u:r:untrusted_app_27:s0:c512,c768 tcontext=u:r:untrusted_app_27:s0:c512,c768 tclass=netlink_route_socket app=com.wandoujia.phoenix2
05-13 11:04:16.608 15290 15290 I auditd : type=1400 audit(0.0:141709): avc: granted { nlmsg_readpriv } for comm="DaemonThread-6" scontext=u:r:untrusted_app_27:s0:c512,c768 tcontext=u:r:untrusted_app_27:s0:c512,c768 tclass=netlink_route_socket app=com.wandoujia.phoenix2
05-13 11:04:16.780 15290 15290 I auditd : type=1400 audit(0.0:141710): avc: denied { open } for comm="doujia.phoenix2" path="/proc/vmstat" dev="proc" ino=4026531858 scontext=u:r:untrusted_app_27:s0:c512,c768 tcontext=u:object_r:proc_vmstat:s0 tclass=file permissive=1 app=com.wandoujia.phoenix2
05-13 11:04:16.780 15290 15290 I auditd : type=1400 audit(0.0:141711): avc: denied { getattr } for comm="doujia.phoenix2" path="/proc/vmstat" dev="proc" ino=4026531858 scontext=u:r:untrusted_app_27:s0:c512,c768 tcontext=u:object_r:proc_vmstat:s0 tclass=file permissive=1 app=com.wandoujia.phoenix2
05-13 11:04:21.276 1525 2042 W ProcessStats: Tracking association SourceState{6ba0e71 com.tencent.android.qqdownloader:live/10094 BTopFgs #236193} whose proc state 2 is better than process ProcessState{48ac3f8 com.tencent.android.qqdownloader:daemon/10094 pkg=com.tencent.android.qqdownloader} proc state 3 (16 skipped)
05-13 11:04:21.900 20705 20705 I auditd : type=1400 audit(0.0:141712): avc: denied { open } for comm="ss.android.lark" path="/proc/vmstat" dev="proc" ino=4026531858 scontext=u:r:untrusted_app:s0:c110,c256,c512,c768 tcontext=u:object_r:proc_vmstat:s0 tclass=file permissive=1 app=com.ss.android.lark
05-13 11:04:21.900 20705 20705 I auditd : type=1400 audit(0.0:141713): avc: denied { getattr } for comm="ss.android.lark" path="/proc/vmstat" dev="proc" ino=4026531858 scontext=u:r:untrusted_app:s0:c110,c256,c512,c768 tcontext=u:object_r:proc_vmstat:s0 tclass=file permissive=1 app=com.ss.android.lark
05-13 11:04:22.098 1525 1812 I service_manager_stats: [100,52,273606]
05-13 11:04:22.098 1525 1812 I netstats_mobile_sample: [0,0,0,0,0,0,0,0,0,0,0,0,1683947062098]
05-13 11:04:22.099 1525 1812 I netstats_wifi_sample: [9384252184,8726772,2379041335,7337007,9384252184,8726772,2379041335,7337007,11710429751,11811608,1333105192,5224070,1683947062098]
05-13 11:04:24.396 17626 17626 I auditd : type=1400 audit(0.0:141714): avc: denied { read } for comm="Thread-25" name="tcp" dev="proc" ino=4026532256 scontext=u:r:untrusted_app:s0:c104,c256,c512,c768 tcontext=u:object_r:proc_net_tcp_udp:s0 tclass=file permissive=1 app=tv.danmaku.bili
05-13 11:04:24.396 17626 17626 I auditd : type=1400 audit(0.0:141715): avc: denied { open } for comm="Thread-25" path="/proc/17626/net/tcp" dev="proc" ino=4026532256 scontext=u:r:untrusted_app:s0:c104,c256,c512,c768 tcontext=u:object_r:proc_net_tcp_udp:s0 tclass=file permissive=1 app=tv.danmaku.bili
05-13 11:04:24.396 17626 17626 I auditd : type=1400 audit(0.0:141716): avc: denied { getattr } for comm="Thread-25" path="/proc/17626/net/tcp" dev="proc" ino=4026532256 scontext=u:r:untrusted_app:s0:c104,c256,c512,c768 tcontext=u:object_r:proc_net_tcp_udp:s0 tclass=file permissive=1 app=tv.danmaku.bili
05-13 11:04:24.524 16321 16321 I auditd : type=1400 audit(0.0:141717): avc: granted { nlmsg_readpriv } for comm="DaemonThread-6" scontext=u:r:untrusted_app_27:s0:c512,c768 tcontext=u:r:untrusted_app_27:s0:c512,c768 tclass=netlink_route_socket app=com.wandoujia.phoenix2
05-13 11:04:24.664 16321 16321 I auditd : type=1400 audit(0.0:141718): avc: granted { nlmsg_readpriv } for comm="DaemonThread-6" scontext=u:r:untrusted_app_27:s0:c512,c768 tcontext=u:r:untrusted_app_27:s0:c512,c768 tclass=netlink_route_socket app=com.wandoujia.phoenix2
05-13 11:04:26.136 15290 15290 I auditd : type=1400 audit(0.0:141719): avc: granted { bind } for comm="NativeThread" scontext=u:r:untrusted_app_27:s0:c512,c768 tcontext=u:r:untrusted_app_27:s0:c512,c768 tclass=netlink_route_socket app=com.wandoujia.phoenix2
05-13 11:04:26.136 15290 15290 I auditd : type=1400 audit(0.0:141720): avc: granted { nlmsg_readpriv } for comm="NativeThread" scontext=u:r:untrusted_app_27:s0:c512,c768 tcontext=u:r:untrusted_app_27:s0:c512,c768 tclass=netlink_route_socket app=com.wandoujia.phoenix2
05-13 11:04:26.147 1525 2042 W ActivityManager: Unable to start service Intent { act=com.google.android.gms.ads.identifier.service.START pkg=com.google.android.gms } U=0: not found
05-13 11:04:26.147 15290 16179 E ActivityThread: Failed to find provider info for com.vivo.vms.IdProvider
05-13 11:04:28.284 0 0 I auditd : type=1400 audit(0.0:141721): avc: denied { kill } for comm="swapper/1" capability=5 scontext=u:r:kernel:s0 tcontext=u:r:kernel:s0 tclass=capability permissive=1
05-13 11:04:34.777 1525 1525 W ProcessStats: Tracking association SourceState{6ba0e71 com.tencent.android.qqdownloader:live/10094 BTopFgs #236205} whose proc state 2 is better than process ProcessState{48ac3f8 com.tencent.android.qqdownloader:daemon/10094 pkg=com.tencent.android.qqdownloader} proc state 3 (0 skipped)
05-13 11:04:34.783 1525 1894 I sync : [com.tencent.android.qqdownloader.YYBLiveAccountProvider,0,3,24220937]
05-13 11:04:34.804 1525 1894 I sync : [com.tencent.android.qqdownloader.YYBLiveAccountProvider,1,3,24220937]
05-13 11:04:34.807 1525 1894 I commit_sys_config_file: [sync-status,169093028]
05-13 11:04:34.823 1525 1894 I sync : [com.tencent.android.qqdownloader.YYBLiveAccountProvider,0,3,24220937]
05-13 11:04:34.845 1525 1894 I sync : [com.tencent.android.qqdownloader.YYBLiveAccountProvider,1,3,24220937]
05-13 11:04:34.848 1525 1894 I commit_sys_config_file: [sync-status,169093070]
05-13 11:04:36.600 15290 15290 I auditd : type=1400 audit(0.0:141722): avc: granted { bind } for comm="NativeThread" scontext=u:r:untrusted_app_27:s0:c512,c768 tcontext=u:r:untrusted_app_27:s0:c512,c768 tclass=netlink_route_socket app=com.wandoujia.phoenix2
05-13 11:04:36.600 15290 15290 I auditd : type=1400 audit(0.0:141723): avc: granted { nlmsg_readpriv } for comm="NativeThread" scontext=u:r:untrusted_app_27:s0:c512,c768 tcontext=u:r:untrusted_app_27:s0:c512,c768 tclass=netlink_route_socket app=com.wandoujia.phoenix2
05-13 11:04:36.600 15290 15290 I auditd : type=1400 audit(0.0:141724): avc: denied { getattr } for comm="NativeThread" path="/data/data/com.android.htmlviewer" dev="dm-10" ino=1758 scontext=u:r:untrusted_app_27:s0:c512,c768 tcontext=u:object_r:app_data_file:s0:c46,c256,c512,c768 tclass=dir permissive=1 app=com.wandoujia.phoenix2
05-13 11:04:36.600 15290 15290 I auditd : type=1400 audit(0.0:141725): avc: denied { getattr } for comm="NativeThread" path="/data/data/com.android.printspooler" dev="dm-10" ino=1894 scontext=u:r:untrusted_app_27:s0:c512,c768 tcontext=u:object_r:app_data_file:s0:c41,c256,c512,c768 tclass=dir permissive=1 app=com.wandoujia.phoenix2
05-13 11:04:36.610 1525 9280 W ActivityManager: Unable to start service Intent { act=com.google.android.gms.ads.identifier.service.START pkg=com.google.android.gms } U=0: not found
05-13 11:04:36.610 15290 16179 E ActivityThread: Failed to find provider info for com.vivo.vms.IdProvider
05-13 11:04:36.813 1525 1606 I commit_sys_config_file: [jobs,6]
05-13 11:04:44.148 15409 15409 I auditd : type=1400 audit(0.0:141726): avc: granted { nlmsg_readpriv } for comm="DaemonThread-6" scontext=u:r:untrusted_app_27:s0:c512,c768 tcontext=u:r:untrusted_app_27:s0:c512,c768 tclass=netlink_route_socket app=com.wandoujia.phoenix2
05-13 11:04:44.280 15409 15409 I auditd : type=1400 audit(0.0:141727): avc: granted { nlmsg_readpriv } for comm="DaemonThread-6" scontext=u:r:untrusted_app_27:s0:c512,c768 tcontext=u:r:untrusted_app_27:s0:c512,c768 tclass=netlink_route_socket app=com.wandoujia.phoenix2
05-13 11:04:47.236 15290 15290 I auditd : type=1400 audit(0.0:141728): avc: granted { bind } for comm="NativeThread" scontext=u:r:untrusted_app_27:s0:c512,c768 tcontext=u:r:untrusted_app_27:s0:c512,c768 tclass=netlink_route_socket app=com.wandoujia.phoenix2
05-13 11:04:47.236 15290 15290 I auditd : type=1400 audit(0.0:141729): avc: granted { nlmsg_readpriv } for comm="NativeThread" scontext=u:r:untrusted_app_27:s0:c512,c768 tcontext=u:r:untrusted_app_27:s0:c512,c768 tclass=netlink_route_socket app=com.wandoujia.phoenix2
05-13 11:04:47.250 1525 2042 W ActivityManager: Unable to start service Intent { act=com.google.android.gms.ads.identifier.service.START pkg=com.google.android.gms } U=0: not found
05-13 11:04:47.252 15290 16179 E ActivityThread: Failed to find provider info for com.vivo.vms.IdProvider
05-13 11:04:49.303 1525 2042 W ProcessStats: Tracking association SourceState{6ba0e71 com.tencent.android.qqdownloader:live/10094 BTopFgs #236242} whose proc state 2 is better than process ProcessState{48ac3f8 com.tencent.android.qqdownloader:daemon/10094 pkg=com.tencent.android.qqdownloader} proc state 3 (17 skipped)
05-13 11:04:50.620 1525 2042 I netstats_mobile_sample: [0,0,0,0,0,0,0,0,0,0,0,0,1683947090620]
05-13 11:04:50.621 1525 2042 I netstats_wifi_sample: [9385166261,8727779,2379437617,7338083,9385166261,8727779,2379437617,7338083,11711720686,11813123,1333328966,5224796,1683947090620]
05-13 11:04:57.748 15290 15290 I auditd : type=1400 audit(0.0:141730): avc: granted { bind } for comm="NativeThread" scontext=u:r:untrusted_app_27:s0:c512,c768 tcontext=u:r:untrusted_app_27:s0:c512,c768 tclass=netlink_route_socket app=com.wandoujia.phoenix2
05-13 11:04:57.748 15290 15290 I auditd : type=1400 audit(0.0:141731): avc: granted { nlmsg_readpriv } for comm="NativeThread" scontext=u:r:untrusted_app_27:s0:c512,c768 tcontext=u:r:untrusted_app_27:s0:c512,c768 tclass=netlink_route_socket app=com.wandoujia.phoenix2
05-13 11:04:57.758 1525 2042 W ActivityManager: Unable to start service Intent { act=com.google.android.gms.ads.identifier.service.START pkg=com.google.android.gms } U=0: not found
05-13 11:04:57.758 15290 16179 E ActivityThread: Failed to find provider info for com.vivo.vms.IdProvider
05-13 11:05:05.317 1525 2055 W ProcessStats: Tracking association SourceState{6ba0e71 com.tencent.android.qqdownloader:live/10094 BTopFgs #236258} whose proc state 2 is better than process ProcessState{48ac3f8 com.tencent.android.qqdownloader:daemon/10094 pkg=com.tencent.android.qqdownloader} proc state 3 (4 skipped)
05-13 11:05:08.096 15290 15290 I auditd : type=1400 audit(0.0:141732): avc: denied { read } for comm="NativeThread" name="unix" dev="proc" ino=4026532262 scontext=u:r:untrusted_app_27:s0:c512,c768 tcontext=u:object_r:proc_net:s0 tclass=file permissive=1 app=com.wandoujia.phoenix2
05-13 11:05:08.096 15290 15290 I auditd : type=1400 audit(0.0:141733): avc: denied { open } for comm="NativeThread" path="/proc/15290/net/unix" dev="proc" ino=4026532262 scontext=u:r:untrusted_app_27:s0:c512,c768 tcontext=u:object_r:proc_net:s0 tclass=file permissive=1 app=com.wandoujia.phoenix2
05-13 11:05:08.096 15290 15290 I auditd : type=1400 audit(0.0:141734): avc: denied { getattr } for comm="NativeThread" path="/proc/15290/net/unix" dev="proc" ino=4026532262 scontext=u:r:untrusted_app_27:s0:c512,c768 tcontext=u:object_r:proc_net:s0 tclass=file permissive=1 app=com.wandoujia.phoenix2
05-13 11:05:08.328 15290 15290 I auditd : type=1400 audit(0.0:141735): avc: denied { read } for comm="NativeThread" name="version" dev="proc" ino=4026532238 scontext=u:r:untrusted_app_27:s0:c512,c768 tcontext=u:object_r:proc_version:s0 tclass=file permissive=1 app=com.wandoujia.phoenix2
05-13 11:05:08.328 15290 15290 I auditd : type=1400 audit(0.0:141736): avc: denied { open } for comm="NativeThread" path="/proc/version" dev="proc" ino=4026532238 scontext=u:r:untrusted_app_27:s0:c512,c768 tcontext=u:object_r:proc_version:s0 tclass=file permissive=1 app=com.wandoujia.phoenix2
05-13 11:05:08.332 15290 15290 I auditd : type=1400 audit(0.0:141737): avc: granted { bind } for comm="NativeThread" scontext=u:r:untrusted_app_27:s0:c512,c768 tcontext=u:r:untrusted_app_27:s0:c512,c768 tclass=netlink_route_socket app=com.wandoujia.phoenix2
05-13 11:05:08.332 15290 15290 I auditd : type=1400 audit(0.0:141738): avc: granted { nlmsg_readpriv } for comm="NativeThread" scontext=u:r:untrusted_app_27:s0:c512,c768 tcontext=u:r:untrusted_app_27:s0:c512,c768 tclass=netlink_route_socket app=com.wandoujia.phoenix2
05-13 11:05:08.344 1525 5323 W ActivityManager: Unable to start service Intent { act=com.google.android.gms.ads.identifier.service.START pkg=com.google.android.gms } U=0: not found
05-13 11:05:08.345 15290 16179 E ActivityThread: Failed to find provider info for com.vivo.vms.IdProvider
05-13 11:05:09.785 1525 1894 I sync : [com.tencent.android.qqdownloader.YYBLiveAccountProvider,0,3,24220937]
05-13 11:05:09.811 1525 1894 I sync : [com.tencent.android.qqdownloader.YYBLiveAccountProvider,1,3,24220937]
05-13 11:05:09.815 1525 1894 I commit_sys_config_file: [sync-status,169128037]
05-13 11:05:09.823 1525 1894 I sync : [com.tencent.android.qqdownloader.YYBLiveAccountProvider,0,3,24220937]
05-13 11:05:09.849 1525 1894 I sync : [com.tencent.android.qqdownloader.YYBLiveAccountProvider,1,3,24220937]
05-13 11:05:09.852 1525 1894 I commit_sys_config_file: [sync-status,169128074]
05-13 11:05:10.388 1525 1812 I netstats_mobile_sample: [0,0,0,0,0,0,0,0,0,0,0,0,1683947110388]
05-13 11:05:10.389 1525 1812 I netstats_wifi_sample: [9386025733,8728628,2379702328,7338783,9386025733,8728628,2379702328,7338783,11712849348,11814335,1333470457,5225246,1683947110388]
05-13 11:05:11.284 2802 2802 I auditd : type=1400 audit(0.0:141739): avc: denied { kill } for comm="dcm_main" capability=5 scontext=u:r:hht_ota_mgr:s0 tcontext=u:r:hht_ota_mgr:s0 tclass=capability permissive=1
05-13 11:05:11.820 1525 1606 I commit_sys_config_file: [jobs,7]
05-13 11:05:14.189 1525 1525 I notification_enqueue: [10094,11210,com.tencent.android.qqdownloader,127,NULL,0,Notification(channel=channel_id_default_silent shortcut=null contentView=com.tencent.android.qqdownloader/0x7f0a01c2 vibrate=null sound=null defaults=0x0 flags=0x2a2 color=0x00000000 groupKey=com.tencent.android.qqdownloader vis=PRIVATE),1]
05-13 11:05:14.391 1525 1525 I GameModeConfig: isGameModeOn = false
05-13 11:05:16.076 15290 15290 I auditd : type=1400 audit(0.0:141740): avc: granted { nlmsg_readpriv } for comm="DaemonThread-6" scontext=u:r:untrusted_app_27:s0:c512,c768 tcontext=u:r:untrusted_app_27:s0:c512,c768 tclass=netlink_route_socket app=com.wandoujia.phoenix2
05-13 11:05:16.236 15290 15290 I auditd : type=1400 audit(0.0:141741): avc: granted { nlmsg_readpriv } for comm="DaemonThread-6" scontext=u:r:untrusted_app_27:s0:c512,c768 tcontext=u:r:untrusted_app_27:s0:c512,c768 tclass=netlink_route_socket app=com.wandoujia.phoenix2
05-13 11:05:16.780 15290 15290 I auditd : type=1400 audit(0.0:141742): avc: denied { open } for comm="doujia.phoenix2" path="/proc/vmstat" dev="proc" ino=4026531858 scontext=u:r:untrusted_app_27:s0:c512,c768 tcontext=u:object_r:proc_vmstat:s0 tclass=file permissive=1 app=com.wandoujia.phoenix2
05-13 11:05:16.780 15290 15290 I auditd : type=1400 audit(0.0:141743): avc: denied { getattr } for comm="doujia.phoenix2" path="/proc/vmstat" dev="proc" ino=4026531858 scontext=u:r:untrusted_app_27:s0:c512,c768 tcontext=u:object_r:proc_vmstat:s0 tclass=file permissive=1 app=com.wandoujia.phoenix2
05-13 11:05:17.728 1525 1642 W BatteryExternalStatsWorker: error reading modem stats:ERROR_PHONE_NOT_AVAILABLE
05-13 11:05:17.753 1525 1642 E KernelCpuSpeedReader: Failed to read cpu-freq: /sys/devices/system/cpu/cpu4/cpufreq/stats/time_in_state: open failed: ENOENT (No such file or directory)
05-13 11:05:17.753 1525 1642 E KernelCpuSpeedReader: Failed to read cpu-freq: /sys/devices/system/cpu/cpu0/cpufreq/stats/time_in_state: open failed: ENOENT (No such file or directory)
05-13 11:05:17.752 578 578 I auditd : type=1400 audit(0.0:141744): avc: denied { read } for comm="Binder:578_2" name="wakeup58" dev="sysfs" ino=71977 scontext=u:r:system_suspend:s0 tcontext=u:object_r:sysfs:s0 tclass=dir permissive=1
05-13 11:05:17.752 578 578 I auditd : type=1400 audit(0.0:141745): avc: denied { open } for comm="Binder:578_2" path="/sys/devices/virtual/misc/msm_g711alaw/wakeup58" dev="sysfs" ino=71977 scontext=u:r:system_suspend:s0 tcontext=u:object_r:sysfs:s0 tclass=dir permissive=1
05-13 11:05:17.752 578 578 I auditd : type=1400 audit(0.0:141746): avc: denied { read } for comm="Binder:578_2" name="event_count" dev="sysfs" ino=71984 scontext=u:r:system_suspend:s0 tcontext=u:object_r:sysfs:s0 tclass=file permissive=1
05-13 11:05:17.752 578 578 I auditd : type=1400 audit(0.0:141747): avc: denied { open } for comm="Binder:578_2" path="/sys/devices/virtual/misc/msm_g711alaw/wakeup58/event_count" dev="sysfs" ino=71984 scontext=u:r:system_suspend:s0 tcontext=u:object_r:sysfs:s0 tclass=file permissive=1
05-13 11:05:17.752 578 578 I auditd : type=1400 audit(0.0:141748): avc: denied { getattr } for comm="Binder:578_2" path="/sys/devices/virtual/misc/msm_g711alaw/wakeup58/event_count" dev="sysfs" ino=71984 scontext=u:r:system_suspend:s0 tcontext=u:object_r:sysfs:s0 tclass=file permissive=1
05-13 11:05:18.972 15290 15290 I auditd : type=1400 audit(0.0:141749): avc: granted { bind } for comm="NativeThread" scontext=u:r:untrusted_app_27:s0:c512,c768 tcontext=u:r:untrusted_app_27:s0:c512,c768 tclass=netlink_route_socket app=com.wandoujia.phoenix2
05-13 11:05:18.972 15290 15290 I auditd : type=1400 audit(0.0:141750): avc: granted { nlmsg_readpriv } for comm="NativeThread" scontext=u:r:untrusted_app_27:s0:c512,c768 tcontext=u:r:untrusted_app_27:s0:c512,c768 tclass=netlink_route_socket app=com.wandoujia.phoenix2
05-13 11:05:18.972 15290 15290 I auditd : type=1400 audit(0.0:141751): avc: denied { getattr } for comm="NativeThread" path="/data/data/com.android.htmlviewer" dev="dm-10" ino=1758 scontext=u:r:untrusted_app_27:s0:c512,c768 tcontext=u:object_r:app_data_file:s0:c46,c256,c512,c768 tclass=dir permissive=1 app=com.wandoujia.phoenix2
05-13 11:05:18.983 1525 2055 W ActivityManager: Unable to start service Intent { act=com.google.android.gms.ads.identifier.service.START pkg=com.google.android.gms } U=0: not found
05-13 11:05:18.984 15290 16179 E ActivityThread: Failed to find provider info for com.vivo.vms.IdProvider
05-13 11:05:20.284 0 0 I auditd : type=1400 audit(0.0:141752): avc: denied { kill } for comm="swapper/2" capability=5 scontext=u:r:kernel:s0 tcontext=u:r:kernel:s0 tclass=capability permissive=1
05-13 11:05:21.339 1525 2042 W ProcessStats: Tracking association SourceState{6ba0e71 com.tencent.android.qqdownloader:live/10094 BTopFgs #236300} whose proc state 2 is better than process ProcessState{48ac3f8 com.tencent.android.qqdownloader:daemon/10094 pkg=com.tencent.android.qqdownloader} proc state 3 (21 skipped)
05-13 11:05:21.900 20705 20705 I auditd : type=1400 audit(0.0:141753): avc: denied { open } for comm="ss.android.lark" path="/proc/vmstat" dev="proc" ino=4026531858 scontext=u:r:untrusted_app:s0:c110,c256,c512,c768 tcontext=u:object_r:proc_vmstat:s0 tclass=file permissive=1 app=com.ss.android.lark
05-13 11:05:21.900 20705 20705 I auditd : type=1400 audit(0.0:141754): avc: denied { getattr } for comm="ss.android.lark" path="/proc/vmstat" dev="proc" ino=4026531858 scontext=u:r:untrusted_app:s0:c110,c256,c512,c768 tcontext=u:object_r:proc_vmstat:s0 tclass=file permissive=1 app=com.ss.android.lark
05-13 11:05:24.164 16321 16321 I auditd : type=1400 audit(0.0:141755): avc: granted { nlmsg_readpriv } for comm="DaemonThread-6" scontext=u:r:untrusted_app_27:s0:c512,c768 tcontext=u:r:untrusted_app_27:s0:c512,c768 tclass=netlink_route_socket app=com.wandoujia.phoenix2
05-13 11:05:24.304 16321 16321 I auditd : type=1400 audit(0.0:141756): avc: granted { nlmsg_readpriv } for comm="DaemonThread-6" scontext=u:r:untrusted_app_27:s0:c512,c768 tcontext=u:r:untrusted_app_27:s0:c512,c768 tclass=netlink_route_socket app=com.wandoujia.phoenix2
05-13 11:05:24.628 17626 17626 I auditd : type=1400 audit(0.0:141757): avc: denied { read } for comm="Thread-25" name="tcp" dev="proc" ino=4026532256 scontext=u:r:untrusted_app:s0:c104,c256,c512,c768 tcontext=u:object_r:proc_net_tcp_udp:s0 tclass=file permissive=1 app=tv.danmaku.bili
05-13 11:05:24.628 17626 17626 I auditd : type=1400 audit(0.0:141758): avc: denied { open } for comm="Thread-25" path="/proc/17626/net/tcp" dev="proc" ino=4026532256 scontext=u:r:untrusted_app:s0:c104,c256,c512,c768 tcontext=u:object_r:proc_net_tcp_udp:s0 tclass=file permissive=1 app=tv.danmaku.bili
05-13 11:05:24.628 17626 17626 I auditd : type=1400 audit(0.0:141759): avc: denied { getattr } for comm="Thread-25" path="/proc/17626/net/tcp" dev="proc" ino=4026532256 scontext=u:r:untrusted_app:s0:c104,c256,c512,c768 tcontext=u:object_r:proc_net_tcp_udp:s0 tclass=file permissive=1 app=tv.danmaku.bili
05-13 11:05:29.484 15290 15290 I auditd : type=1400 audit(0.0:141760): avc: denied { ioctl } for comm="NativeThread" path="socket:[8768339]" dev="sockfs" ino=8768339 ioctlcmd=0x8927 scontext=u:r:untrusted_app_27:s0:c512,c768 tcontext=u:r:untrusted_app_27:s0:c512,c768 tclass=udp_socket permissive=1 app=com.wandoujia.phoenix2
05-13 11:05:29.488 15290 15290 I auditd : type=1400 audit(0.0:141761): avc: granted { bind } for comm="NativeThread" scontext=u:r:untrusted_app_27:s0:c512,c768 tcontext=u:r:untrusted_app_27:s0:c512,c768 tclass=netlink_route_socket app=com.wandoujia.phoenix2
05-13 11:05:29.488 15290 15290 I auditd : type=1400 audit(0.0:141762): avc: granted { nlmsg_readpriv } for comm="NativeThread" scontext=u:r:untrusted_app_27:s0:c512,c768 tcontext=u:r:untrusted_app_27:s0:c512,c768 tclass=netlink_route_socket app=com.wandoujia.phoenix2
05-13 11:05:29.488 15290 15290 I auditd : type=1400 audit(0.0:141763): avc: denied { getattr } for comm="NativeThread" path="/data/data/com.android.printspooler" dev="dm-10" ino=1894 scontext=u:r:untrusted_app_27:s0:c512,c768 tcontext=u:object_r:app_data_file:s0:c41,c256,c512,c768 tclass=dir permissive=1 app=com.wandoujia.phoenix2
05-13 11:05:29.497 1525 2512 W ActivityManager: Unable to start service Intent { act=com.google.android.gms.ads.identifier.service.START pkg=com.google.android.gms } U=0: not found
05-13 11:05:29.498 15290 16179 E ActivityThread: Failed to find provider info for com.vivo.vms.IdProvider
05-13 11:05:29.960 1525 2512 E AppOps : Operation not started: uid=10102 pkg=com.tencent.mm(null) op=WAKE_LOCK
05-13 11:05:29.960 1525 2512 E AppOps : Operation not started: uid=10102 pkg=com.tencent.mm(null) op=WAKE_LOCK
05-13 11:05:29.960 1525 2512 E AppOps : Operation not started: uid=10102 pkg=com.tencent.mm(null) op=WAKE_LOCK
05-13 11:05:31.312 1525 1812 I netstats_mobile_sample: [0,0,0,0,0,0,0,0,0,0,0,0,1683947131312]
05-13 11:05:31.313 1525 1812 I netstats_wifi_sample: [9388215421,8730415,2380017813,7339823,9388215421,8730415,2380017813,7339823,11715313832,11816499,1333657196,5226024,1683947131312]
05-13 11:05:37.230 1525 2512 W ProcessStats: Tracking association SourceState{6ba0e71 com.tencent.android.qqdownloader:live/10094 BTopFgs #236321} whose proc state 2 is better than process ProcessState{48ac3f8 com.tencent.android.qqdownloader:daemon/10094 pkg=com.tencent.android.qqdownloader} proc state 3 (11 skipped)
05-13 11:05:40.008 15290 15290 I auditd : type=1400 audit(0.0:141764): avc: denied { read } for comm="NativeThread" name="unix" dev="proc" ino=4026532262 scontext=u:r:untrusted_app_27:s0:c512,c768 tcontext=u:object_r:proc_net:s0 tclass=file permissive=1 app=com.wandoujia.phoenix2
05-13 11:05:40.008 15290 15290 I auditd : type=1400 audit(0.0:141765): avc: denied { open } for comm="NativeThread" path="/proc/15290/net/unix" dev="proc" ino=4026532262 scontext=u:r:untrusted_app_27:s0:c512,c768 tcontext=u:object_r:proc_net:s0 tclass=file permissive=1 app=com.wandoujia.phoenix2
05-13 11:05:40.008 15290 15290 I auditd : type=1400 audit(0.0:141766): avc: denied { getattr } for comm="NativeThread" path="/proc/15290/net/unix" dev="proc" ino=4026532262 scontext=u:r:untrusted_app_27:s0:c512,c768 tcontext=u:object_r:proc_net:s0 tclass=file permissive=1 app=com.wandoujia.phoenix2
05-13 11:05:40.052 24406 24406 I auditd : type=1400 audit(0.0:141767): avc: denied { read } for comm="top" name="pid_max" dev="proc" ino=8772388 scontext=u:r:untrusted_app_27:s0:c512,c768 tcontext=u:object_r:proc_pid_max:s0 tclass=file permissive=1 app=com.tencent.mobileqq
05-13 11:05:40.052 24406 24406 I auditd : type=1400 audit(0.0:141768): avc: denied { open } for comm="top" path="/proc/sys/kernel/pid_max" dev="proc" ino=8772388 scontext=u:r:untrusted_app_27:s0:c512,c768 tcontext=u:object_r:proc_pid_max:s0 tclass=file permissive=1 app=com.tencent.mobileqq
05-13 11:05:40.056 24406 24406 I auditd : type=1400 audit(0.0:141769): avc: denied { open } for comm="top" path="/proc/stat" dev="proc" ino=4026532236 scontext=u:r:untrusted_app_27:s0:c512,c768 tcontext=u:object_r:proc_stat:s0 tclass=file permissive=1 app=com.tencent.mobileqq
05-13 11:05:40.257 1525 2042 W ActivityManager: Unable to start service Intent { act=com.google.android.gms.ads.identifier.service.START pkg=com.google.android.gms } U=0: not found
05-13 11:05:40.259 15290 16179 E ActivityThread: Failed to find provider info for com.vivo.vms.IdProvider
05-13 11:05:44.304 15409 15409 I auditd : type=1400 audit(0.0:141774): avc: granted { nlmsg_readpriv } for comm="DaemonThread-6" scontext=u:r:untrusted_app_27:s0:c512,c768 tcontext=u:r:untrusted_app_27:s0:c512,c768 tclass=netlink_route_socket app=com.wandoujia.phoenix2
05-13 11:05:44.432 15409 15409 I auditd : type=1400 audit(0.0:141775): avc: granted { nlmsg_readpriv } for comm="DaemonThread-6" scontext=u:r:untrusted_app_27:s0:c512,c768 tcontext=u:r:untrusted_app_27:s0:c512,c768 tclass=netlink_route_socket app=com.wandoujia.phoenix2
05-13 11:05:44.794 1525 1894 I sync : [com.tencent.android.qqdownloader.YYBLiveAccountProvider,0,3,24220937]
05-13 11:05:44.809 1525 2512 I netstats_mobile_sample: [0,0,0,0,0,0,0,0,0,0,0,0,1683947144809]
05-13 11:05:44.809 1525 2512 I netstats_wifi_sample: [9389113336,8731219,2380209081,7340396,9389113336,8731219,2380209081,7340396,11716410545,11817558,1333766466,5226433,1683947144809]
05-13 11:05:44.827 1525 1894 I sync : [com.tencent.android.qqdownloader.YYBLiveAccountProvider,1,3,24220937]
05-13 11:05:44.830 1525 1894 I commit_sys_config_file: [sync-status,169163051]
05-13 11:05:44.843 1525 1894 I sync : [com.tencent.android.qqdownloader.YYBLiveAccountProvider,0,3,24220937]
05-13 11:05:44.863 1525 1894 I sync : [com.tencent.android.qqdownloader.YYBLiveAccountProvider,1,3,24220937]
05-13 11:05:44.867 1525 1894 I commit_sys_config_file: [sync-status,169163089]
05-13 11:05:46.834 1525 1606 I commit_sys_config_file: [jobs,4]
05-13 11:05:48.284 0 0 I auditd : type=1400 audit(0.0:141776): avc: denied { kill } for comm="swapper/3" capability=5 scontext=u:r:kernel:s0 tcontext=u:r:kernel:s0 tclass=capability permissive=1
05-13 11:05:50.904 15290 15290 I auditd : type=1400 audit(0.0:141777): avc: granted { bind } for comm="NativeThread" scontext=u:r:untrusted_app_27:s0:c512,c768 tcontext=u:r:untrusted_app_27:s0:c512,c768 tclass=netlink_route_socket app=com.wandoujia.phoenix2
05-13 11:05:50.908 15290 15290 I auditd : type=1400 audit(0.0:141778): avc: granted { nlmsg_readpriv } for comm="NativeThread" scontext=u:r:untrusted_app_27:s0:c512,c768 tcontext=u:r:untrusted_app_27:s0:c512,c768 tclass=netlink_route_socket app=com.wandoujia.phoenix2
05-13 11:05:50.908 15290 15290 I auditd : type=1400 audit(0.0:141779): avc: denied { getattr } for comm="NativeThread" path="/data/data/com.android.htmlviewer" dev="dm-10" ino=1758 scontext=u:r:untrusted_app_27:s0:c512,c768 tcontext=u:object_r:app_data_file:s0:c46,c256,c512,c768 tclass=dir permissive=1 app=com.wandoujia.phoenix2
05-13 11:05:50.908 15290 15290 I auditd : type=1400 audit(0.0:141780): avc: denied { getattr } for comm="NativeThread" path="/data/data/com.android.printspooler" dev="dm-10" ino=1894 scontext=u:r:untrusted_app_27:s0:c512,c768 tcontext=u:object_r:app_data_file:s0:c41,c256,c512,c768 tclass=dir permissive=1 app=com.wandoujia.phoenix2
05-13 11:05:50.916 1525 29917 W ActivityManager: Unable to start service Intent { act=com.google.android.gms.ads.identifier.service.START pkg=com.google.android.gms } U=0: not found
05-13 11:05:50.917 15290 16179 E ActivityThread: Failed to find provider info for com.vivo.vms.IdProvider
05-13 11:05:54.740 17626 17626 I auditd : type=1400 audit(0.0:141781): avc: denied { read } for comm="Thread-25" name="tcp" dev="proc" ino=4026532256 scontext=u:r:untrusted_app:s0:c104,c256,c512,c768 tcontext=u:object_r:proc_net_tcp_udp:s0 tclass=file permissive=1 app=tv.danmaku.bili
05-13 11:05:54.740 17626 17626 I auditd : type=1400 audit(0.0:141782): avc: denied { open } for comm="Thread-25" path="/proc/17626/net/tcp" dev="proc" ino=4026532256 scontext=u:r:untrusted_app:s0:c104,c256,c512,c768 tcontext=u:object_r:proc_net_tcp_udp:s0 tclass=file permissive=1 app=tv.danmaku.bili
05-13 11:05:54.740 17626 17626 I auditd : type=1400 audit(0.0:141783): avc: denied { getattr } for comm="Thread-25" path="/proc/17626/net/tcp" dev="proc" ino=4026532256 scontext=u:r:untrusted_app:s0:c104,c256,c512,c768 tcontext=u:object_r:proc_net_tcp_udp:s0 tclass=file permissive=1 app=tv.danmaku.bili
05-13 11:05:56.306 1525 1812 I netstats_mobile_sample: [0,0,0,0,0,0,0,0,0,0,0,0,1683947156306]
05-13 11:05:56.306 1525 1812 I netstats_wifi_sample: [9390523684,8732331,2380375168,7340963,9390523684,8732331,2380375168,7340963,11717982455,11818889,1333858621,5226850,1683947156306]
05-13 11:05:59.474 1525 1623 W ProcessStats: Tracking association SourceState{6ba0e71 com.tencent.android.qqdownloader:live/10094 BTopFgs #236369} whose proc state 2 is better than process ProcessState{48ac3f8 com.tencent.android.qqdownloader:daemon/10094 pkg=com.tencent.android.qqdownloader} proc state 3 (21 skipped)
05-13 11:05:59.491 1525 1621 I am_pss : [24056,10100,com.netease.newsreader.activity:pushservice,39303168,30081024,65536,134791168,0,19,13]
05-13 11:05:59.494 1525 2042 D CompatibilityChangeReporter: Compat change id reported: 171306433; UID 10104; state: ENABLED
05-13 11:06:01.012 1525 1642 W BatteryExternalStatsWorker: error reading modem stats:ERROR_PHONE_NOT_AVAILABLE
05-13 11:06:01.042 1525 1642 E KernelCpuSpeedReader: Failed to read cpu-freq: /sys/devices/system/cpu/cpu4/cpufreq/stats/time_in_state: open failed: ENOENT (No such file or directory)
05-13 11:06:01.042 1525 1642 E KernelCpuSpeedReader: Failed to read cpu-freq: /sys/devices/system/cpu/cpu0/cpufreq/stats/time_in_state: open failed: ENOENT (No such file or directory)
05-13 11:06:01.040 578 578 I auditd : type=1400 audit(0.0:141784): avc: denied { read } for comm="Binder:578_2" name="wakeup58" dev="sysfs" ino=71977 scontext=u:r:system_suspend:s0 tcontext=u:object_r:sysfs:s0 tclass=dir permissive=1
05-13 11:06:01.040 578 578 I auditd : type=1400 audit(0.0:141785): avc: denied { open } for comm="Binder:578_2" path="/sys/devices/virtual/misc/msm_g711alaw/wakeup58" dev="sysfs" ino=71977 scontext=u:r:system_suspend:s0 tcontext=u:object_r:sysfs:s0 tclass=dir permissive=1
05-13 11:06:01.040 578 578 I auditd : type=1400 audit(0.0:141786): avc: denied { read } for comm="Binder:578_2" name="event_count" dev="sysfs" ino=71984 scontext=u:r:system_suspend:s0 tcontext=u:object_r:sysfs:s0 tclass=file permissive=1
05-13 11:06:01.040 578 578 I auditd : type=1400 audit(0.0:141787): avc: denied { open } for comm="Binder:578_2" path="/sys/devices/virtual/misc/msm_g711alaw/wakeup58/event_count" dev="sysfs" ino=71984 scontext=u:r:system_suspend:s0 tcontext=u:object_r:sysfs:s0 tclass=file permissive=1
05-13 11:06:01.040 578 578 I auditd : type=1400 audit(0.0:141788): avc: denied { getattr } for comm="Binder:578_2" path="/sys/devices/virtual/misc/msm_g711alaw/wakeup58/event_count" dev="sysfs" ino=71984 scontext=u:r:system_suspend:s0 tcontext=u:object_r:sysfs:s0 tclass=file permissive=1
05-13 11:06:01.076 1525 1621 I commit_sys_config_file: [batterystats,6]
05-13 11:06:01.078 1525 1621 I commit_sys_config_file: [batterystats,1]
05-13 11:06:01.411 1525 5323 W ActivityManager: Unable to start service Intent { act=com.google.android.gms.ads.identifier.service.START pkg=com.google.android.gms } U=0: not found
05-13 11:06:01.412 15290 16179 E ActivityThread: Failed to find provider info for com.vivo.vms.IdProvider
05-13 11:06:04.284 20798 20798 I auditd : type=1400 audit(0.0:141794): avc: denied { kill } for comm="kworker/u16:6" capability=5 scontext=u:r:kernel:s0 tcontext=u:r:kernel:s0 tclass=capability permissive=1
05-13 11:06:09.526 1525 1771 W ProcessStats: Tracking association SourceState{6ba0e71 com.tencent.android.qqdownloader:live/10094 BTopFgs #236381} whose proc state 2 is better than process ProcessState{48ac3f8 com.tencent.android.qqdownloader:daemon/10094 pkg=com.tencent.android.qqdownloader} proc state 3 (4 skipped)
05-13 11:06:09.566 1525 1783 D ActivityManager: freezing 15051 com.qti.diagservices
05-13 11:06:09.566 1525 1783 E ActivityManager: Unable to freeze binder for 15051 com.qti.diagservices
05-13 11:06:09.568 1525 1783 D ActivityManager: froze 15051 com.qti.diagservices
05-13 11:06:09.568 1525 1783 I am_freeze: [15051,com.qti.diagservices]
05-13 11:06:09.569 1525 1783 E ActivityManager: Unable to freeze binder for 15051 com.qti.diagservices
05-13 11:06:09.573 1525 1783 I ActivityManager: Killing 15051:com.qti.diagservices/1000 (adj 995): Unable to freeze binder interface
05-13 11:06:09.573 1525 1783 I am_kill : [0,15051,com.qti.diagservices,995,Unable to freeze binder interface]
05-13 11:06:09.602 1525 5323 I am_proc_died: [0,15051,com.qti.diagservices,995,10]
05-13 11:06:09.603 1525 5323 W ActivityManager: Scheduling restart of crashed service com.qti.diagservices/.QTIDiagServices in 1000ms for start-requested
05-13 11:06:09.603 1525 5323 I am_schedule_service_restart: [0,com.qti.diagservices/.QTIDiagServices,1000]
05-13 11:06:10.607 1525 1623 D CompatibilityChangeReporter: Compat change id reported: 135634846; UID 1000; state: DISABLED
05-13 11:06:10.608 1525 1623 D CompatibilityChangeReporter: Compat change id reported: 177438394; UID 1000; state: DISABLED
05-13 11:06:10.608 1525 1623 D CompatibilityChangeReporter: Compat change id reported: 135772972; UID 1000; state: DISABLED
05-13 11:06:10.608 1525 1623 D CompatibilityChangeReporter: Compat change id reported: 135754954; UID 1000; state: ENABLED
05-13 11:06:10.637 1525 1624 I am_proc_start: [0,24456,1000,com.qti.diagservices,service,{com.qti.diagservices/com.qti.diagservices.QTIDiagServices}]
05-13 11:06:10.638 1525 1624 I ActivityManager: Start proc 24456:com.qti.diagservices/1000 for service {com.qti.diagservices/com.qti.diagservices.QTIDiagServices}
05-13 11:06:10.670 1525 2042 I am_proc_bound: [0,24456,com.qti.diagservices]
05-13 11:06:10.776 24456 24456 I auditd : type=1400 audit(0.0:141795): avc: denied { read write } for comm="ti.diagservices" name="diag" dev="tmpfs" ino=3208 scontext=u:r:system_app:s0 tcontext=u:object_r:vendor_diag_device:s0 tclass=chr_file permissive=1
05-13 11:06:10.776 24456 24456 I auditd : type=1400 audit(0.0:141796): avc: denied { open } for comm="ti.diagservices" path="/dev/diag" dev="tmpfs" ino=3208 scontext=u:r:system_app:s0 tcontext=u:object_r:vendor_diag_device:s0 tclass=chr_file permissive=1
05-13 11:06:10.776 24456 24456 I auditd : type=1400 audit(0.0:141797): avc: denied { ioctl } for comm="ti.diagservices" path="/dev/diag" dev="tmpfs" ino=3208 ioctlcmd=0x2d scontext=u:r:system_app:s0 tcontext=u:object_r:vendor_diag_device:s0 tclass=chr_file permissive=1
05-13 11:06:11.284 0 0 I auditd : type=1400 audit(0.0:141798): avc: denied { kill } for comm="swapper/0" capability=5 scontext=u:r:kernel:s0 tcontext=u:r:kernel:s0 tclass=capability permissive=1
05-13 11:06:11.704 15290 15290 I auditd : type=1400 audit(0.0:141799): avc: denied { read } for comm="NativeThread" name="unix" dev="proc" ino=4026532262 scontext=u:r:untrusted_app_27:s0:c512,c768 tcontext=u:object_r:proc_net:s0 tclass=file permissive=1 app=com.wandoujia.phoenix2
05-13 11:06:11.704 15290 15290 I auditd : type=1400 audit(0.0:141800): avc: denied { open } for comm="NativeThread" path="/proc/15290/net/unix" dev="proc" ino=4026532262 scontext=u:r:untrusted_app_27:s0:c512,c768 tcontext=u:object_r:proc_net:s0 tclass=file permissive=1 app=com.wandoujia.phoenix2
05-13 11:06:11.704 15290 15290 I auditd : type=1400 audit(0.0:141801): avc: denied { getattr } for comm="NativeThread" path="/proc/15290/net/unix" dev="proc" ino=4026532262 scontext=u:r:untrusted_app_27:s0:c512,c768 tcontext=u:object_r:proc_net:s0 tclass=file permissive=1 app=com.wandoujia.phoenix2
05-13 11:06:11.952 15290 15290 I auditd : type=1400 audit(0.0:141802): avc: denied { read } for comm="NativeThread" name="version" dev="proc" ino=4026532238 scontext=u:r:untrusted_app_27:s0:c512,c768 tcontext=u:object_r:proc_version:s0 tclass=file permissive=1 app=com.wandoujia.phoenix2
05-13 11:06:11.952 15290 15290 I auditd : type=1400 audit(0.0:141803): avc: denied { open } for comm="NativeThread" path="/proc/version" dev="proc" ino=4026532238 scontext=u:r:untrusted_app_27:s0:c512,c768 tcontext=u:object_r:proc_version:s0 tclass=file permissive=1 app=com.wandoujia.phoenix2
05-13 11:06:11.969 1525 2042 W ActivityManager: Unable to start service Intent { act=com.google.android.gms.ads.identifier.service.START pkg=com.google.android.gms } U=0: not found
05-13 11:06:11.970 15290 16179 E ActivityThread: Failed to find provider info for com.vivo.vms.IdProvider
05-13 11:06:12.264 1525 2042 I netstats_mobile_sample: [0,0,0,0,0,0,0,0,0,0,0,0,1683947172264]
05-13 11:06:12.264 1525 2042 I netstats_wifi_sample: [9391434775,8733158,2380602834,7341661,9391434775,8733158,2380602834,7341661,11719108922,11820007,1333987711,5227348,1683947172264]
05-13 11:06:14.552 1525 1621 I UsageStatsService: User[0] Flushing usage stats to disk
05-13 11:06:15.683 1525 1525 I notification_enqueue: [10094,11210,com.tencent.android.qqdownloader,127,NULL,0,Notification(channel=channel_id_default_silent shortcut=null contentView=com.tencent.android.qqdownloader/0x7f0a01c2 vibrate=null sound=null defaults=0x0 flags=0x2a2 color=0x00000000 groupKey=com.tencent.android.qqdownloader vis=PRIVATE),1]
05-13 11:06:15.885 1525 1525 I GameModeConfig: isGameModeOn = false
05-13 11:06:16.196 15290 15290 I auditd : type=1400 audit(0.0:141809): avc: granted { nlmsg_readpriv } for comm="DaemonThread-6" scontext=u:r:untrusted_app_27:s0:c512,c768 tcontext=u:r:untrusted_app_27:s0:c512,c768 tclass=netlink_route_socket app=com.wandoujia.phoenix2
05-13 11:06:16.284 655 655 I auditd : type=1400 audit(0.0:141810): avc: denied { kill } for comm="vendor.ts.uart@" capability=5 scontext=u:r:uart_service_deamon:s0 tcontext=u:r:uart_service_deamon:s0 tclass=capability permissive=1
05-13 11:06:16.344 15290 15290 I auditd : type=1400 audit(0.0:141811): avc: granted { nlmsg_readpriv } for comm="DaemonThread-6" scontext=u:r:untrusted_app_27:s0:c512,c768 tcontext=u:r:untrusted_app_27:s0:c512,c768 tclass=netlink_route_socket app=com.wandoujia.phoenix2
05-13 11:06:16.780 15290 15290 I auditd : type=1400 audit(0.0:141812): avc: denied { open } for comm="doujia.phoenix2" path="/proc/vmstat" dev="proc" ino=4026531858 scontext=u:r:untrusted_app_27:s0:c512,c768 tcontext=u:object_r:proc_vmstat:s0 tclass=file permissive=1 app=com.wandoujia.phoenix2
05-13 11:06:16.780 15290 15290 I auditd : type=1400 audit(0.0:141813): avc: denied { getattr } for comm="doujia.phoenix2" path="/proc/vmstat" dev="proc" ino=4026531858 scontext=u:r:untrusted_app_27:s0:c512,c768 tcontext=u:object_r:proc_vmstat:s0 tclass=file permissive=1 app=com.wandoujia.phoenix2
05-13 11:06:19.284 0 0 I auditd : type=1400 audit(0.0:141814): avc: denied { kill } for comm="swapper/2" capability=5 scontext=u:r:kernel:s0 tcontext=u:r:kernel:s0 tclass=capability permissive=1
05-13 11:06:19.780 1525 1623 W ProcessStats: Tracking association SourceState{6ba0e71 com.tencent.android.qqdownloader:live/10094 BTopFgs #236397} whose proc state 2 is better than process ProcessState{48ac3f8 com.tencent.android.qqdownloader:daemon/10094 pkg=com.tencent.android.qqdownloader} proc state 3 (8 skipped)
05-13 11:06:19.808 678 678 I auditd : type=1400 audit(0.0:141815): avc: denied { add_name } for comm="Binder:678_4" name="globalAlert" scontext=u:r:netd:s0 tcontext=u:object_r:proc_net:s0 tclass=dir permissive=1
05-13 11:06:19.808 678 678 I auditd : type=1400 audit(0.0:141816): avc: denied { create } for comm="Binder:678_4" name="globalAlert" scontext=u:r:netd:s0 tcontext=u:object_r:proc_net:s0 tclass=file permissive=1
05-13 11:06:19.811 1525 1812 I netstats_mobile_sample: [0,0,0,0,0,0,0,0,0,0,0,0,1683947179811]
05-13 11:06:19.811 1525 1812 I netstats_wifi_sample: [9391766885,8733497,2380725767,7342100,9391766885,8733497,2380725767,7342100,11719544484,11820481,1334066752,5227697,1683947179811]
05-13 11:06:19.813 1525 1894 I sync : [com.tencent.android.qqdownloader.YYBLiveAccountProvider,0,3,24220937]
05-13 11:06:19.837 1525 1894 I sync : [com.tencent.android.qqdownloader.YYBLiveAccountProvider,1,3,24220937]
05-13 11:06:19.840 1525 1894 I commit_sys_config_file: [sync-status,169198061]
05-13 11:06:19.847 1525 1894 I sync : [com.tencent.android.qqdownloader.YYBLiveAccountProvider,0,3,24220937]
05-13 11:06:19.877 1525 1894 I sync : [com.tencent.android.qqdownloader.YYBLiveAccountProvider,1,3,24220937]
05-13 11:06:19.880 1525 1894 I commit_sys_config_file: [sync-status,169198101]
05-13 11:06:21.756 24561 24561 I auditd : type=1400 audit(0.0:141817): avc: denied { map } for comm="getprop" path="/dev/__properties__/u:object_r:adbd_prop:s0" dev="tmpfs" ino=12472 scontext=u:r:system_app:s0 tcontext=u:object_r:adbd_prop:s0 tclass=file permissive=1
05-13 11:06:21.756 24561 24561 I auditd : type=1400 audit(0.0:141818): avc: denied { open } for comm="getprop" path="/dev/__properties__/u:object_r:apexd_config_prop:s0" dev="tmpfs" ino=12473 scontext=u:r:system_app:s0 tcontext=u:object_r:apexd_config_prop:s0 tclass=file permissive=1
05-13 11:06:21.756 24561 24561 I auditd : type=1400 audit(0.0:141819): avc: denied { getattr } for comm="getprop" path="/dev/__properties__/u:object_r:apexd_config_prop:s0" dev="tmpfs" ino=12473 scontext=u:r:system_app:s0 tcontext=u:object_r:apexd_config_prop:s0 tclass=file permissive=1
05-13 11:06:21.756 24561 24561 I auditd : type=1400 audit(0.0:141820): avc: denied { map } for comm="getprop" path="/dev/__properties__/u:object_r:apexd_config_prop:s0" dev="tmpfs" ino=12473 scontext=u:r:system_app:s0 tcontext=u:object_r:apexd_config_prop:s0 tclass=file permissive=1
05-13 11:06:21.756 24561 24561 I auditd : type=1400 audit(0.0:141821): avc: denied { open } for comm="getprop" path="/dev/__properties__/u:object_r:apexd_prop:s0" dev="tmpfs" ino=12474 scontext=u:r:system_app:s0 tcontext=u:object_r:apexd_prop:s0 tclass=file permissive=1
05-13 11:06:21.756 24561 24561 I auditd : type=1400 audit(0.0:141822): avc: denied { getattr } for comm="getprop" path="/dev/__properties__/u:object_r:apexd_prop:s0" dev="tmpfs" ino=12474 scontext=u:r:system_app:s0 tcontext=u:object_r:apexd_prop:s0 tclass=file permissive=1
05-13 11:06:21.756 24561 24561 I auditd : type=1400 audit(0.0:141823): avc: denied { map } for comm="getprop" path="/dev/__properties__/u:object_r:apexd_prop:s0" dev="tmpfs" ino=12474 scontext=u:r:system_app:s0 tcontext=u:object_r:apexd_prop:s0 tclass=file permissive=1
05-13 11:06:21.842 1525 1606 I commit_sys_config_file: [jobs,3]
05-13 11:06:22.418 1525 2042 W ActivityManager: Unable to start service Intent { act=com.google.android.gms.ads.identifier.service.START pkg=com.google.android.gms } U=0: not found
05-13 11:06:22.418 15290 16179 E ActivityThread: Failed to find provider info for com.vivo.vms.IdProvider
05-13 11:06:24.292 16321 16321 I auditd : type=1400 audit(0.0:142453): avc: granted { nlmsg_readpriv } for comm="DaemonThread-6" scontext=u:r:untrusted_app_27:s0:c512,c768 tcontext=u:r:untrusted_app_27:s0:c512,c768 tclass=netlink_route_socket app=com.wandoujia.phoenix2
05-13 11:06:24.416 16321 16321 I auditd : type=1400 audit(0.0:142454): avc: granted { nlmsg_readpriv } for comm="DaemonThread-6" scontext=u:r:untrusted_app_27:s0:c512,c768 tcontext=u:r:untrusted_app_27:s0:c512,c768 tclass=netlink_route_socket app=com.wandoujia.phoenix2
05-13 11:06:24.420 5784 5784 I auditd : type=1400 audit(0.0:142455): avc: granted { nlmsg_readpriv } for comm="pool-4-thread-2" scontext=u:r:untrusted_app_27:s0:c96,c256,c512,c768 tcontext=u:r:untrusted_app_27:s0:c96,c256,c512,c768 tclass=netlink_route_socket app=com.ximalaya.ting.android
05-13 11:06:24.852 17626 17626 I auditd : type=1400 audit(0.0:142456): avc: denied { read } for comm="Thread-25" name="tcp" dev="proc" ino=4026532256 scontext=u:r:untrusted_app:s0:c104,c256,c512,c768 tcontext=u:object_r:proc_net_tcp_udp:s0 tclass=file permissive=1 app=tv.danmaku.bili
05-13 11:06:24.852 17626 17626 I auditd : type=1400 audit(0.0:142457): avc: denied { open } for comm="Thread-25" path="/proc/17626/net/tcp" dev="proc" ino=4026532256 scontext=u:r:untrusted_app:s0:c104,c256,c512,c768 tcontext=u:object_r:proc_net_tcp_udp:s0 tclass=file permissive=1 app=tv.danmaku.bili
05-13 11:06:28.284 18711 18711 I auditd : type=1400 audit(0.0:142459): avc: denied { kill } for comm="kworker/u16:5" capability=5 scontext=u:r:kernel:s0 tcontext=u:r:kernel:s0 tclass=capability permissive=1
