05-13 10:50:44.352 15409 15409 I auditd : type=1400 audit(0.0:140205): avc: granted { nlmsg_readpriv } for comm="DaemonThread-6" scontext=u:r:untrusted_app_27:s0:c512,c768 tcontext=u:r:untrusted_app_27:s0:c512,c768 tclass=netlink_route_socket app=com.wandoujia.phoenix2
05-13 10:50:47.620 17626 17626 I auditd : type=1400 audit(0.0:140206): avc: denied { read } for comm="Thread-25" name="tcp" dev="proc" ino=4026532256 scontext=u:r:untrusted_app:s0:c104,c256,c512,c768 tcontext=u:object_r:proc_net_tcp_udp:s0 tclass=file permissive=1 app=tv.danmaku.bili
05-13 10:50:47.620 17626 17626 I auditd : type=1400 audit(0.0:140207): avc: denied { open } for comm="Thread-25" path="/proc/17626/net/tcp" dev="proc" ino=4026532256 scontext=u:r:untrusted_app:s0:c104,c256,c512,c768 tcontext=u:object_r:proc_net_tcp_udp:s0 tclass=file permissive=1 app=tv.danmaku.bili
05-13 10:50:47.620 17626 17626 I auditd : type=1400 audit(0.0:140208): avc: denied { getattr } for comm="Thread-25" path="/proc/17626/net/tcp" dev="proc" ino=4026532256 scontext=u:r:untrusted_app:s0:c104,c256,c512,c768 tcontext=u:object_r:proc_net_tcp_udp:s0 tclass=file permissive=1 app=tv.danmaku.bili
05-13 10:50:48.624 32753 32753 I auditd : type=1400 audit(0.0:140209): avc: granted { nlmsg_readpriv } for comm="ChromiumNet0" scontext=u:r:untrusted_app_29:s0:c99,c256,c512,c768 tcontext=u:r:untrusted_app_29:s0:c99,c256,c512,c768 tclass=netlink_route_socket app=com.ss.android.article.news
05-13 10:50:50.450 1525 2077 W ProcessStats: Tracking association SourceState{6ba0e71 com.tencent.android.qqdownloader:live/10094 BTopFgs #234656} whose proc state 2 is better than process ProcessState{48ac3f8 com.tencent.android.qqdownloader:daemon/10094 pkg=com.tencent.android.qqdownloader} proc state 3 (22 skipped)
05-13 10:50:53.872 15290 15290 I auditd : type=1400 audit(0.0:140210): avc: granted { bind } for comm="NativeThread" scontext=u:r:untrusted_app_27:s0:c512,c768 tcontext=u:r:untrusted_app_27:s0:c512,c768 tclass=netlink_route_socket app=com.wandoujia.phoenix2
05-13 10:50:53.872 15290 15290 I auditd : type=1400 audit(0.0:140211): avc: granted { nlmsg_readpriv } for comm="NativeThread" scontext=u:r:untrusted_app_27:s0:c512,c768 tcontext=u:r:untrusted_app_27:s0:c512,c768 tclass=netlink_route_socket app=com.wandoujia.phoenix2
05-13 10:50:53.886 1525 2077 W ActivityManager: Unable to start service Intent { act=com.google.android.gms.ads.identifier.service.START pkg=com.google.android.gms } U=0: not found
05-13 10:50:53.887 15290 16179 E ActivityThread: Failed to find provider info for com.vivo.vms.IdProvider
05-13 10:50:56.519 1525 1832 I storage_state: [41217664-9172-527a-b3d5-edabb50a7d69,0,0,94933008384,118610538496]
05-13 10:50:59.171 1525 1525 I notification_enqueue: [10094,11210,com.tencent.android.qqdownloader,127,NULL,0,Notification(channel=channel_id_default_silent shortcut=null contentView=com.tencent.android.qqdownloader/0x7f0a01c2 vibrate=null sound=null defaults=0x0 flags=0x2a2 color=0x00000000 groupKey=com.tencent.android.qqdownloader vis=PRIVATE),1]
05-13 10:50:59.372 1525 1525 I GameModeConfig: isGameModeOn = false
05-13 10:51:00.420 5784 5784 I auditd : type=1400 audit(0.0:140212): avc: granted { nlmsg_readpriv } for comm="pool-4-thread-1" scontext=u:r:untrusted_app_27:s0:c96,c256,c512,c768 tcontext=u:r:untrusted_app_27:s0:c96,c256,c512,c768 tclass=netlink_route_socket app=com.ximalaya.ting.android
05-13 10:51:04.388 15290 15290 I auditd : type=1400 audit(0.0:140213): avc: denied { ioctl } for comm="NativeThread" path="socket:[8666040]" dev="sockfs" ino=8666040 ioctlcmd=0x8927 scontext=u:r:untrusted_app_27:s0:c512,c768 tcontext=u:r:untrusted_app_27:s0:c512,c768 tclass=udp_socket permissive=1 app=com.wandoujia.phoenix2
05-13 10:51:04.388 15290 15290 I auditd : type=1400 audit(0.0:140214): avc: granted { bind } for comm="NativeThread" scontext=u:r:untrusted_app_27:s0:c512,c768 tcontext=u:r:untrusted_app_27:s0:c512,c768 tclass=netlink_route_socket app=com.wandoujia.phoenix2
05-13 10:51:04.388 15290 15290 I auditd : type=1400 audit(0.0:140215): avc: granted { nlmsg_readpriv } for comm="NativeThread" scontext=u:r:untrusted_app_27:s0:c512,c768 tcontext=u:r:untrusted_app_27:s0:c512,c768 tclass=netlink_route_socket app=com.wandoujia.phoenix2
05-13 10:51:04.388 15290 15290 I auditd : type=1400 audit(0.0:140216): avc: denied { getattr } for comm="NativeThread" path="/data/data/com.android.htmlviewer" dev="dm-10" ino=1758 scontext=u:r:untrusted_app_27:s0:c512,c768 tcontext=u:object_r:app_data_file:s0:c46,c256,c512,c768 tclass=dir permissive=1 app=com.wandoujia.phoenix2
05-13 10:51:04.388 15290 15290 I auditd : type=1400 audit(0.0:140217): avc: denied { getattr } for comm="NativeThread" path="/data/data/com.android.printspooler" dev="dm-10" ino=1894 scontext=u:r:untrusted_app_27:s0:c512,c768 tcontext=u:object_r:app_data_file:s0:c41,c256,c512,c768 tclass=dir permissive=1 app=com.wandoujia.phoenix2
05-13 10:51:04.405 1525 12149 W ActivityManager: Unable to start service Intent { act=com.google.android.gms.ads.identifier.service.START pkg=com.google.android.gms } U=0: not found
05-13 10:51:04.406 15290 16179 E ActivityThread: Failed to find provider info for com.vivo.vms.IdProvider
05-13 10:51:04.501 1525 12149 W ProcessStats: Tracking association SourceState{6ba0e71 com.tencent.android.qqdownloader:live/10094 BTopFgs #234666} whose proc state 2 is better than process ProcessState{48ac3f8 com.tencent.android.qqdownloader:daemon/10094 pkg=com.tencent.android.qqdownloader} proc state 3 (1 skipped)
05-13 10:51:09.737 1525 1894 I sync : [com.tencent.android.qqdownloader.YYBLiveAccountProvider,0,3,24220937]
05-13 10:51:09.768 1525 1894 I sync : [com.tencent.android.qqdownloader.YYBLiveAccountProvider,1,3,24220937]
05-13 10:51:09.771 1525 1894 I commit_sys_config_file: [sync-status,168287992]
05-13 10:51:09.777 1525 1894 I sync : [com.tencent.android.qqdownloader.YYBLiveAccountProvider,0,3,24220937]
05-13 10:51:09.795 1525 1894 I sync : [com.tencent.android.qqdownloader.YYBLiveAccountProvider,1,3,24220937]
05-13 10:51:09.797 1525 1894 I commit_sys_config_file: [sync-status,168288019]
05-13 10:51:11.775 1525 1606 I commit_sys_config_file: [jobs,5]
05-13 10:51:12.272 1525 9709 I netstats_mobile_sample: [0,0,0,0,0,0,0,0,0,0,0,0,1683946272271]
05-13 10:51:12.272 1525 9709 I netstats_wifi_sample: [9356012843,8696081,2367757110,7304962,9356012843,8696081,2367757110,7304962,11672703944,11768370,1326707763,5201994,1683946272271]
05-13 10:51:14.868 15290 15290 I auditd : type=1400 audit(0.0:140218): avc: granted { bind } for comm="NativeThread" scontext=u:r:untrusted_app_27:s0:c512,c768 tcontext=u:r:untrusted_app_27:s0:c512,c768 tclass=netlink_route_socket app=com.wandoujia.phoenix2
05-13 10:51:14.868 15290 15290 I auditd : type=1400 audit(0.0:140219): avc: granted { nlmsg_readpriv } for comm="NativeThread" scontext=u:r:untrusted_app_27:s0:c512,c768 tcontext=u:r:untrusted_app_27:s0:c512,c768 tclass=netlink_route_socket app=com.wandoujia.phoenix2
05-13 10:51:14.878 1525 2077 W ActivityManager: Unable to start service Intent { act=com.google.android.gms.ads.identifier.service.START pkg=com.google.android.gms } U=0: not found
05-13 10:51:14.879 15290 16179 E ActivityThread: Failed to find provider info for com.vivo.vms.IdProvider
05-13 10:51:15.272 15290 15290 I auditd : type=1400 audit(0.0:140220): avc: granted { nlmsg_readpriv } for comm="DaemonThread-6" scontext=u:r:untrusted_app_27:s0:c512,c768 tcontext=u:r:untrusted_app_27:s0:c512,c768 tclass=netlink_route_socket app=com.wandoujia.phoenix2
05-13 10:51:15.424 15290 15290 I auditd : type=1400 audit(0.0:140221): avc: granted { nlmsg_readpriv } for comm="DaemonThread-6" scontext=u:r:untrusted_app_27:s0:c512,c768 tcontext=u:r:untrusted_app_27:s0:c512,c768 tclass=netlink_route_socket app=com.wandoujia.phoenix2
05-13 10:51:15.613 1525 12149 W ProcessStats: Tracking association SourceState{6ba0e71 com.tencent.android.qqdownloader:live/10094 BTopFgs #234702} whose proc state 2 is better than process ProcessState{48ac3f8 com.tencent.android.qqdownloader:daemon/10094 pkg=com.tencent.android.qqdownloader} proc state 3 (16 skipped)
05-13 10:51:16.772 15290 15290 I auditd : type=1400 audit(0.0:140222): avc: denied { open } for comm="doujia.phoenix2" path="/proc/vmstat" dev="proc" ino=4026531858 scontext=u:r:untrusted_app_27:s0:c512,c768 tcontext=u:object_r:proc_vmstat:s0 tclass=file permissive=1 app=com.wandoujia.phoenix2
05-13 10:51:16.772 15290 15290 I auditd : type=1400 audit(0.0:140223): avc: denied { getattr } for comm="doujia.phoenix2" path="/proc/vmstat" dev="proc" ino=4026531858 scontext=u:r:untrusted_app_27:s0:c512,c768 tcontext=u:object_r:proc_vmstat:s0 tclass=file permissive=1 app=com.wandoujia.phoenix2
05-13 10:51:21.880 20705 20705 I auditd : type=1400 audit(0.0:140224): avc: denied { open } for comm="ss.android.lark" path="/proc/vmstat" dev="proc" ino=4026531858 scontext=u:r:untrusted_app:s0:c110,c256,c512,c768 tcontext=u:object_r:proc_vmstat:s0 tclass=file permissive=1 app=com.ss.android.lark
05-13 10:51:21.880 20705 20705 I auditd : type=1400 audit(0.0:140225): avc: denied { getattr } for comm="ss.android.lark" path="/proc/vmstat" dev="proc" ino=4026531858 scontext=u:r:untrusted_app:s0:c110,c256,c512,c768 tcontext=u:object_r:proc_vmstat:s0 tclass=file permissive=1 app=com.ss.android.lark
05-13 10:51:23.048 16321 16321 I auditd : type=1400 audit(0.0:140226): avc: granted { nlmsg_readpriv } for comm="DaemonThread-6" scontext=u:r:untrusted_app_27:s0:c512,c768 tcontext=u:r:untrusted_app_27:s0:c512,c768 tclass=netlink_route_socket app=com.wandoujia.phoenix2
05-13 10:51:23.184 16321 16321 I auditd : type=1400 audit(0.0:140227): avc: granted { nlmsg_readpriv } for comm="DaemonThread-6" scontext=u:r:untrusted_app_27:s0:c512,c768 tcontext=u:r:untrusted_app_27:s0:c512,c768 tclass=netlink_route_socket app=com.wandoujia.phoenix2
05-13 10:51:25.376 15290 15290 I auditd : type=1400 audit(0.0:140228): avc: denied { read } for comm="NativeThread" name="version" dev="proc" ino=4026532238 scontext=u:r:untrusted_app_27:s0:c512,c768 tcontext=u:object_r:proc_version:s0 tclass=file permissive=1 app=com.wandoujia.phoenix2
05-13 10:51:25.376 15290 15290 I auditd : type=1400 audit(0.0:140229): avc: denied { open } for comm="NativeThread" path="/proc/version" dev="proc" ino=4026532238 scontext=u:r:untrusted_app_27:s0:c512,c768 tcontext=u:object_r:proc_version:s0 tclass=file permissive=1 app=com.wandoujia.phoenix2
05-13 10:51:25.380 15290 15290 I auditd : type=1400 audit(0.0:140230): avc: granted { bind } for comm="NativeThread" scontext=u:r:untrusted_app_27:s0:c512,c768 tcontext=u:r:untrusted_app_27:s0:c512,c768 tclass=netlink_route_socket app=com.wandoujia.phoenix2
05-13 10:51:25.380 15290 15290 I auditd : type=1400 audit(0.0:140231): avc: granted { nlmsg_readpriv } for comm="NativeThread" scontext=u:r:untrusted_app_27:s0:c512,c768 tcontext=u:r:untrusted_app_27:s0:c512,c768 tclass=netlink_route_socket app=com.wandoujia.phoenix2
05-13 10:51:25.391 1525 9709 W ActivityManager: Unable to start service Intent { act=com.google.android.gms.ads.identifier.service.START pkg=com.google.android.gms } U=0: not found
05-13 10:51:25.392 15290 16179 E ActivityThread: Failed to find provider info for com.vivo.vms.IdProvider
05-13 10:51:31.791 1525 2077 I netstats_mobile_sample: [0,0,0,0,0,0,0,0,0,0,0,0,1683946291791]
05-13 10:51:31.792 1525 2077 I netstats_wifi_sample: [9356154468,8696425,2368016811,7305550,9356154468,8696425,2368016811,7305550,11673125407,11769225,1326849770,5202344,1683946291791]
05-13 10:51:34.603 1525 2077 W ProcessStats: Tracking association SourceState{6ba0e71 com.tencent.android.qqdownloader:live/10094 BTopFgs #234713} whose proc state 2 is better than process ProcessState{48ac3f8 com.tencent.android.qqdownloader:daemon/10094 pkg=com.tencent.android.qqdownloader} proc state 3 (1 skipped)
05-13 10:51:35.700 15290 15290 I auditd : type=1400 audit(0.0:140232): avc: denied { read } for comm="NativeThread" name="unix" dev="proc" ino=4026532262 scontext=u:r:untrusted_app_27:s0:c512,c768 tcontext=u:object_r:proc_net:s0 tclass=file permissive=1 app=com.wandoujia.phoenix2
05-13 10:51:35.700 15290 15290 I auditd : type=1400 audit(0.0:140233): avc: denied { open } for comm="NativeThread" path="/proc/15290/net/unix" dev="proc" ino=4026532262 scontext=u:r:untrusted_app_27:s0:c512,c768 tcontext=u:object_r:proc_net:s0 tclass=file permissive=1 app=com.wandoujia.phoenix2
05-13 10:51:35.700 15290 15290 I auditd : type=1400 audit(0.0:140234): avc: denied { getattr } for comm="NativeThread" path="/proc/15290/net/unix" dev="proc" ino=4026532262 scontext=u:r:untrusted_app_27:s0:c512,c768 tcontext=u:object_r:proc_net:s0 tclass=file permissive=1 app=com.wandoujia.phoenix2
05-13 10:51:35.944 15290 15290 I auditd : type=1400 audit(0.0:140235): avc: granted { bind } for comm="NativeThread" scontext=u:r:untrusted_app_27:s0:c512,c768 tcontext=u:r:untrusted_app_27:s0:c512,c768 tclass=netlink_route_socket app=com.wandoujia.phoenix2
05-13 10:51:35.944 15290 15290 I auditd : type=1400 audit(0.0:140236): avc: granted { nlmsg_readpriv } for comm="NativeThread" scontext=u:r:untrusted_app_27:s0:c512,c768 tcontext=u:r:untrusted_app_27:s0:c512,c768 tclass=netlink_route_socket app=com.wandoujia.phoenix2
05-13 10:51:35.957 1525 12149 W ActivityManager: Unable to start service Intent { act=com.google.android.gms.ads.identifier.service.START pkg=com.google.android.gms } U=0: not found
05-13 10:51:35.958 15290 16179 E ActivityThread: Failed to find provider info for com.vivo.vms.IdProvider
05-13 10:51:44.368 15409 15409 I auditd : type=1400 audit(0.0:140237): avc: granted { nlmsg_readpriv } for comm="DaemonThread-6" scontext=u:r:untrusted_app_27:s0:c512,c768 tcontext=u:r:untrusted_app_27:s0:c512,c768 tclass=netlink_route_socket app=com.wandoujia.phoenix2
05-13 10:51:44.484 15409 15409 I auditd : type=1400 audit(0.0:140238): avc: granted { nlmsg_readpriv } for comm="DaemonThread-6" scontext=u:r:untrusted_app_27:s0:c512,c768 tcontext=u:r:untrusted_app_27:s0:c512,c768 tclass=netlink_route_socket app=com.wandoujia.phoenix2
05-13 10:51:44.730 1525 1525 W ProcessStats: Tracking association SourceState{6ba0e71 com.tencent.android.qqdownloader:live/10094 BTopFgs #234722} whose proc state 2 is better than process ProcessState{48ac3f8 com.tencent.android.qqdownloader:daemon/10094 pkg=com.tencent.android.qqdownloader} proc state 3 (0 skipped)
05-13 10:51:44.734 1525 1894 I sync : [com.tencent.android.qqdownloader.YYBLiveAccountProvider,0,3,24220937]
05-13 10:51:44.750 1525 1894 I sync : [com.tencent.android.qqdownloader.YYBLiveAccountProvider,1,3,24220937]
05-13 10:51:44.753 1525 1894 I commit_sys_config_file: [sync-status,168322975]
05-13 10:51:44.758 1525 1894 I sync : [com.tencent.android.qqdownloader.YYBLiveAccountProvider,0,3,24220937]
05-13 10:51:44.776 1525 1894 I sync : [com.tencent.android.qqdownloader.YYBLiveAccountProvider,1,3,24220937]
05-13 10:51:44.778 1525 1894 I commit_sys_config_file: [sync-status,168323000]
05-13 10:51:45.284 0 0 I auditd : type=1400 audit(0.0:140239): avc: denied { kill } for comm="swapper/2" capability=5 scontext=u:r:kernel:s0 tcontext=u:r:kernel:s0 tclass=capability permissive=1
05-13 10:51:46.432 15290 15290 I auditd : type=1400 audit(0.0:140240): avc: denied { ioctl } for comm="NativeThread" path="socket:[8643303]" dev="sockfs" ino=8643303 ioctlcmd=0x8927 scontext=u:r:untrusted_app_27:s0:c512,c768 tcontext=u:r:untrusted_app_27:s0:c512,c768 tclass=udp_socket permissive=1 app=com.wandoujia.phoenix2
05-13 10:51:46.436 15290 15290 I auditd : type=1400 audit(0.0:140241): avc: granted { bind } for comm="NativeThread" scontext=u:r:untrusted_app_27:s0:c512,c768 tcontext=u:r:untrusted_app_27:s0:c512,c768 tclass=netlink_route_socket app=com.wandoujia.phoenix2
05-13 10:51:46.436 15290 15290 I auditd : type=1400 audit(0.0:140242): avc: granted { nlmsg_readpriv } for comm="NativeThread" scontext=u:r:untrusted_app_27:s0:c512,c768 tcontext=u:r:untrusted_app_27:s0:c512,c768 tclass=netlink_route_socket app=com.wandoujia.phoenix2
05-13 10:51:46.436 15290 15290 I auditd : type=1400 audit(0.0:140243): avc: denied { getattr } for comm="NativeThread" path="/data/data/com.android.htmlviewer" dev="dm-10" ino=1758 scontext=u:r:untrusted_app_27:s0:c512,c768 tcontext=u:object_r:app_data_file:s0:c46,c256,c512,c768 tclass=dir permissive=1 app=com.wandoujia.phoenix2
05-13 10:51:46.436 15290 15290 I auditd : type=1400 audit(0.0:140244): avc: denied { getattr } for comm="NativeThread" path="/data/data/com.android.printspooler" dev="dm-10" ino=1894 scontext=u:r:untrusted_app_27:s0:c512,c768 tcontext=u:object_r:app_data_file:s0:c41,c256,c512,c768 tclass=dir permissive=1 app=com.wandoujia.phoenix2
05-13 10:51:46.451 1525 2077 W ActivityManager: Unable to start service Intent { act=com.google.android.gms.ads.identifier.service.START pkg=com.google.android.gms } U=0: not found
05-13 10:51:46.454 15290 16179 E ActivityThread: Failed to find provider info for com.vivo.vms.IdProvider
05-13 10:51:46.755 1525 1606 I commit_sys_config_file: [jobs,3]
05-13 10:51:47.864 17626 17626 I auditd : type=1400 audit(0.0:140245): avc: denied { read } for comm="Thread-25" name="tcp" dev="proc" ino=4026532256 scontext=u:r:untrusted_app:s0:c104,c256,c512,c768 tcontext=u:object_r:proc_net_tcp_udp:s0 tclass=file permissive=1 app=tv.danmaku.bili
05-13 10:51:47.864 17626 17626 I auditd : type=1400 audit(0.0:140246): avc: denied { open } for comm="Thread-25" path="/proc/17626/net/tcp" dev="proc" ino=4026532256 scontext=u:r:untrusted_app:s0:c104,c256,c512,c768 tcontext=u:object_r:proc_net_tcp_udp:s0 tclass=file permissive=1 app=tv.danmaku.bili
05-13 10:51:47.864 17626 17626 I auditd : type=1400 audit(0.0:140247): avc: denied { getattr } for comm="Thread-25" path="/proc/17626/net/tcp" dev="proc" ino=4026532256 scontext=u:r:untrusted_app:s0:c104,c256,c512,c768 tcontext=u:object_r:proc_net_tcp_udp:s0 tclass=file permissive=1 app=tv.danmaku.bili
05-13 10:51:51.861 1525 1525 I service_manager_stats: [100,57,421330]
05-13 10:51:51.910 1525 2077 I wm_task_moved: [1,0,0]
05-13 10:51:51.911 1525 2077 I wm_task_moved: [1,0,7]
05-13 10:51:51.954 2636 2636 I wm_on_restart_called: [218463797,com.android.launcher3.uioverrides.QuickstepLauncher,performRestartActivity]
05-13 10:51:51.954 2636 2636 I wm_on_start_called: [218463797,com.android.launcher3.uioverrides.QuickstepLauncher,handleStartActivity]
05-13 10:51:52.026 1525 1603 I sysui_multi_action: [319,12,322,82,325,168352,757,761,758,9,759,5,806,com.android.launcher3,871,com.android.launcher3.uioverrides.QuickstepLauncher,905,0,1320,4,1321,1]
05-13 10:51:52.054 1525 9709 I wm_task_moved: [1,0,7]
05-13 10:51:52.055 1525 9709 I wm_add_to_stopping: [0,218463797,com.android.launcher3/.uioverrides.QuickstepLauncher,makeInvisible]
05-13 10:51:52.062 1525 1607 I wm_stop_activity: [0,218463797,com.android.launcher3/.uioverrides.QuickstepLauncher]
05-13 10:51:52.083 2636 2636 I wm_on_stop_called: [218463797,com.android.launcher3.uioverrides.QuickstepLauncher,STOP_ACTIVITY_ITEM]
05-13 10:51:52.086 1525 1621 I am_pss : [19414,10095,com.kugou.android,78544896,72552448,3136512,163012608,0,19,9]
05-13 10:51:52.092 1525 1621 I am_pss : [19416,1000,com.android.settings,19195904,11173888,6569984,63000576,0,19,5]
05-13 10:51:52.088 845 845 I auditd : type=1400 audit(0.0:140248): avc: denied { add_name } for comm="perf@2.2-servic" name="cpu_min_freq" scontext=u:r:vendor_hal_perf_default:s0 tcontext=u:object_r:vendor_sysfs_msm_perf:s0 tclass=dir permissive=1
05-13 10:51:52.088 845 845 I auditd : type=1400 audit(0.0:140249): avc: denied { create } for comm="perf@2.2-servic" name="cpu_min_freq" scontext=u:r:vendor_hal_perf_default:s0 tcontext=u:object_r:vendor_sysfs_msm_perf:s0 tclass=file permissive=1
05-13 10:51:52.104 1525 1621 I am_pss : [19449,10097,com.baidu.appsearch,83542016,73547776,3857408,177405952,0,19,10]
05-13 10:51:52.109 1525 1621 I am_pss : [15051,1000,com.qti.diagservices,18513920,651264,16797696,42029056,0,10,5]
05-13 10:51:52.124 1525 1621 I am_pss : [13968,10101,com.netease.cloudmusic,95143936,60755968,2091008,199569408,0,19,13]
05-13 10:51:52.138 1525 1621 I am_pss : [14222,10101,com.netease.cloudmusic:play,89676800,57032704,117760,210145280,0,19,13]
05-13 10:51:52.141 1525 1621 W UsageStatsService: Unexpected activity event reported! (com.android.launcher3/com.android.launcher3.uioverrides.QuickstepLauncher event : 23 instanceId : 157816771)
05-13 10:51:53.101 1525 1609 W DisplayManagerService: Display DisplayDeviceInfo{"virtual_display_ls": uniqueId="virtual:com.tencent.android.qqdownloader,10094,virtual_display_ls,0", 5 x 5, modeId 5, defaultModeId 5, supportedModes [{id=5, width=5, height=5, fps=60.0, alternativeRefreshRates=[]}], colorMode 0, supportedColorModes [0], hdrCapabilities null, allmSupported false, gameContentTypeSupported false, density 240, 240.0 x 240.0 dpi, appVsyncOff 0, presDeadline 16666666, touch NONE, rotation 0, type VIRTUAL, deviceProductInfo null, state OFF, owner com.tencent.android.qqdownloader (uid 10094), frameRateOverride , brightnessMinimum 0.0, brightnessMaximum 0.0, brightnessDefault 0.0, FLAG_PRIVATE, FLAG_NEVER_BLANK, FLAG_OWN_CONTENT_ONLY} does not support input device matching.
05-13 10:51:53.284 0 0 I auditd : type=1400 audit(0.0:140250): avc: denied { kill } for comm="swapper/2" capability=5 scontext=u:r:kernel:s0 tcontext=u:r:kernel:s0 tclass=capability permissive=1
05-13 10:51:53.315 1525 12149 I ActivityTaskManager: START u0 {act=android.intent.action.MAIN cat=[android.intent.category.LAUNCHER] flg=0x10200000 cmp=com.tencent.android.qqdownloader/com.tencent.pangu.link.SplashActivity} from uid 1000
05-13 10:51:53.337 1525 12149 I wm_task_created: [353,-1]
05-13 10:51:53.337 1525 12149 W ActivityTaskManager: Can't find TaskDisplayArea to determine support for multi window. Task id=353 attached=false
05-13 10:51:53.339 1525 12149 D CompatibilityChangeReporter: Compat change id reported: 174042980; UID 10094; state: DISABLED
05-13 10:51:53.339 1525 12149 D CompatibilityChangeReporter: Compat change id reported: 184838306; UID 10094; state: DISABLED
05-13 10:51:53.340 1525 12149 D CompatibilityChangeReporter: Compat change id reported: 185004937; UID 10094; state: DISABLED
05-13 10:51:53.340 1525 12149 D CompatibilityChangeReporter: Compat change id reported: 181136395; UID 10094; state: DISABLED
05-13 10:51:53.340 1525 12149 D CompatibilityChangeReporter: Compat change id reported: 174042936; UID 10094; state: DISABLED
05-13 10:51:53.341 1525 12149 I wm_task_moved: [353,1,9]
05-13 10:51:53.341 1525 12149 I wm_task_to_front: [0,353]
05-13 10:51:53.341 1525 12149 I wm_create_task: [0,353]
05-13 10:51:53.341 1525 12149 I wm_create_activity: [0,228158375,353,com.tencent.android.qqdownloader/com.tencent.pangu.link.SplashActivity,android.intent.action.MAIN,NULL,NULL,270532608]
05-13 10:51:53.341 1525 12149 I wm_task_moved: [353,1,9]
05-13 10:51:53.341 17626 17626 I wm_on_top_resumed_lost_called: [240245495,com.bilibili.bangumi.ui.page.detail.BangumiDetailActivityV3,topStateChangedWhenResumed]
05-13 10:51:53.342 1525 12149 V SplashScreenExceptionList: SplashScreen checking exception for package com.tencent.android.qqdownloader (target sdk:26) -> false
05-13 10:51:53.347 1525 12149 I ActivityTaskManager: FOREGROUND_APPLICATION_CHANGED to com.tencent.pangu.link.SplashActivity
05-13 10:51:53.347 1525 12149 I ActivityTaskManager: The Process com.tencent.android.qqdownloader:daemon Already Exists in BG. So sending its PID: 11210
05-13 10:51:53.347 1525 12149 W ActivityTaskManager: Tried to set launchTime (0) < mLastActivityLaunchTime (159959824)
05-13 10:51:53.348 1525 12149 I wm_restart_activity: [0,228158375,353,com.tencent.android.qqdownloader/com.tencent.pangu.link.SplashActivity]
05-13 10:51:53.349 1525 12149 I wm_set_resumed_activity: [0,com.tencent.android.qqdownloader/com.tencent.pangu.link.SplashActivity,minimalResumeActivityLocked]
05-13 10:51:53.375 1525 12149 I ActivityTaskManager: START u0 {flg=0x10020000 cmp=com.tencent.android.qqdownloader/com.tencent.pangu.module.desktopwin.template.container.PhotonWindowSupportActivity (has extras)} from uid 10094
05-13 10:51:53.377 1525 12149 I wm_task_created: [354,-1]
05-13 10:51:53.377 1525 12149 W ActivityTaskManager: Can't find TaskDisplayArea to determine support for multi window. Task id=354 attached=false
05-13 10:51:53.379 1525 12149 I wm_task_moved: [354,1,10]
05-13 10:51:53.379 1525 12149 I wm_task_to_front: [0,354]
05-13 10:51:53.379 1525 12149 I wm_create_task: [0,354]
05-13 10:51:53.379 1525 12149 I wm_create_activity: [0,181807263,354,com.tencent.android.qqdownloader/com.tencent.pangu.module.desktopwin.template.container.PhotonWindowSupportActivity,NULL,NULL,NULL,276955136]
05-13 10:51:53.379 1525 12149 I wm_task_moved: [354,1,10]
05-13 10:51:53.380 1525 12149 V SplashScreenExceptionList: SplashScreen checking exception for package com.tencent.android.qqdownloader (target sdk:26) -> false
05-13 10:51:53.380 1525 12149 I ActivityTaskManager: FOREGROUND_APPLICATION_CHANGED to com.tencent.pangu.module.desktopwin.template.container.PhotonWindowSupportActivity
05-13 10:51:53.380 1525 12149 I ActivityTaskManager: The Process com.tencent.android.qqdownloader Already Exists in BG. So sending its PID: 11301
05-13 10:51:53.380 1525 12149 W ActivityTaskManager: Tried to set launchTime (0) < mLastActivityLaunchTime (159959873)
05-13 10:51:53.381 1525 12149 I wm_restart_activity: [0,181807263,354,com.tencent.android.qqdownloader/com.tencent.pangu.module.desktopwin.template.container.PhotonWindowSupportActivity]
05-13 10:51:53.381 1525 12149 I wm_set_resumed_activity: [0,com.tencent.android.qqdownloader/com.tencent.pangu.module.desktopwin.template.container.PhotonWindowSupportActivity,minimalResumeActivityLocked]
05-13 10:51:53.381 1525 12149 I wm_add_to_stopping: [0,228158375,com.tencent.android.qqdownloader/com.tencent.pangu.link.SplashActivity,makeInvisible]
05-13 10:51:53.383 1525 12149 I wm_finish_activity: [0,228158375,353,com.tencent.android.qqdownloader/com.tencent.pangu.link.SplashActivity,app-request]
05-13 10:51:53.383 1525 12149 I wm_pause_activity: [0,228158375,com.tencent.android.qqdownloader/com.tencent.pangu.link.SplashActivity,userLeaving=false,finish]
05-13 10:51:53.384 11210 11210 I wm_on_create_called: [228158375,com.tencent.pangu.link.SplashActivity,performCreate]
05-13 10:51:53.397 1525 1607 I wm_destroy_activity: [0,228158375,353,com.tencent.android.qqdownloader/com.tencent.pangu.link.SplashActivity,finish-imm:idle]
05-13 10:51:53.398 11210 11210 I wm_on_destroy_called: [228158375,com.tencent.pangu.link.SplashActivity,performDestroy]
05-13 10:51:53.399 1525 2077 I wm_task_removed: [353,removeChild:removeChild last r=ActivityRecord{d996ba7 u0 com.tencent.android.qqdownloader/com.tencent.pangu.link.SplashActivity taskAffinity=10094:com.tencent.android.qqdownloader t-1 f}} in t=Task{349e854 #353 type=standard A=10094:com.tencent.android.qqdownloader U=0 visible=false mode=freeform translucent=true sz=0 visible freeform task=false rootAffinity=10094:com.tencent.android.qqdownloader}]
05-13 10:51:53.399 1525 2077 I wm_task_removed: [353,removeChild]
05-13 10:51:53.400 1525 1607 I sysui_multi_action: [757,803,799,window_time_0,802,8171]
05-13 10:51:53.408 11301 11301 I wm_on_create_called: [181807263,com.tencent.pangu.module.desktopwin.template.container.PhotonWindowSupportActivity,performCreate]
05-13 10:51:53.428 11301 11301 I wm_on_start_called: [181807263,com.tencent.pangu.module.desktopwin.template.container.PhotonWindowSupportActivity,handleStartActivity]
05-13 10:51:53.430 11301 11301 I wm_on_resume_called: [181807263,com.tencent.pangu.module.desktopwin.template.container.PhotonWindowSupportActivity,RESUME_ACTIVITY]
05-13 10:51:53.433 11301 11301 I wm_on_top_resumed_gained_called: [181807263,com.tencent.pangu.module.desktopwin.template.container.PhotonWindowSupportActivity,topStateChangedWhenResumed]
05-13 10:51:53.438 1525 2077 I wm_task_moved: [1,0,0]
05-13 10:51:53.439 1525 2077 I wm_task_moved: [1,0,7]
05-13 10:51:53.448 2636 2636 I wm_on_restart_called: [218463797,com.android.launcher3.uioverrides.QuickstepLauncher,performRestartActivity]
05-13 10:51:53.449 1525 1609 I input_focus: [Focus request 2c4966d com.tencent.android.qqdownloader/com.tencent.pangu.module.desktopwin.template.container.PhotonWindowSupportActivity,reason=UpdateInputWindows]
05-13 10:51:53.463 1525 9709 W DisplayManagerService: Display DisplayDeviceInfo{"virtual_display_ls": uniqueId="virtual:com.tencent.android.qqdownloader,10094,virtual_display_ls,0", 5 x 5, modeId 5, defaultModeId 5, supportedModes [{id=5, width=5, height=5, fps=60.0, alternativeRefreshRates=[]}], colorMode 0, supportedColorModes [0], hdrCapabilities null, allmSupported false, gameContentTypeSupported false, density 240, 240.0 x 240.0 dpi, appVsyncOff 0, presDeadline 16666666, touch NONE, rotation 0, type VIRTUAL, deviceProductInfo null, state OFF, owner com.tencent.android.qqdownloader (uid 10094), frameRateOverride , brightnessMinimum 0.0, brightnessMaximum 0.0, brightnessDefault 0.0, FLAG_PRIVATE, FLAG_NEVER_BLANK, FLAG_OWN_CONTENT_ONLY} does not support input device matching.
05-13 10:51:53.483 1525 1794 I input_focus: [Focus leaving 3a331ef tv.danmaku.bili/com.bilibili.bangumi.ui.page.detail.BangumiDetailActivityV3 (server),reason=Waiting for window because NOT_VISIBLE]
05-13 10:51:53.556 1525 2986 V BackupManagerConstants: getKeyValueBackupIntervalMilliseconds(...) returns 14400000
05-13 10:51:53.556 1525 2986 V BackupManagerConstants: getKeyValueBackupFuzzMilliseconds(...) returns 600000
05-13 10:51:53.556 1525 2986 V BackupManagerConstants: getKeyValueBackupRequiredNetworkType(...) returns 1
05-13 10:51:53.556 1525 2986 V BackupManagerConstants: getKeyValueBackupRequireCharging(...) returns true
05-13 10:51:53.556 1525 2986 V KeyValueBackupJob: Scheduling k/v pass in 249 minutes
05-13 10:51:53.559 2636 2636 I wm_on_start_called: [218463797,com.android.launcher3.uioverrides.QuickstepLauncher,handleStartActivity]
05-13 10:51:53.577 1525 1603 I sysui_multi_action: [319,4,322,135,325,168353,757,761,758,9,759,5,806,com.android.launcher3,871,com.android.launcher3.uioverrides.QuickstepLauncher,905,0,1320,4,1321,1]
05-13 10:51:53.582 1525 1603 I sysui_multi_action: [319,259,322,153,325,168353,757,761,758,8,759,2,806,com.tencent.android.qqdownloader,871,com.tencent.pangu.module.desktopwin.template.container.PhotonWindowSupportActivity,904,com.tencent.android.qqdownloader,905,0,1320,4,1321,1]
05-13 10:51:53.584 1525 1794 I input_focus: [Focus entering 2c4966d com.tencent.android.qqdownloader/com.tencent.pangu.module.desktopwin.template.container.PhotonWindowSupportActivity (server),reason=Window became focusable. Previous reason: NOT_VISIBLE]
05-13 10:51:53.586 1525 1603 I wm_activity_launch_time: [0,181807263,com.tencent.android.qqdownloader/com.tencent.pangu.module.desktopwin.template.container.PhotonWindowSupportActivity,153]
05-13 10:51:53.584 845 845 I auditd : type=1400 audit(0.0:140251): avc: denied { add_name } for comm="perf@2.2-servic" name="clkscale_enable" scontext=u:r:vendor_hal_perf_default:s0 tcontext=u:object_r:sysfs:s0 tclass=dir permissive=1
05-13 10:51:53.584 845 845 I auditd : type=1400 audit(0.0:140252): avc: denied { create } for comm="perf@2.2-servic" name="clkscale_enable" scontext=u:r:vendor_hal_perf_default:s0 tcontext=u:object_r:sysfs:s0 tclass=file permissive=1
05-13 10:51:53.663 1525 31656 I wm_task_moved: [1,0,7]
05-13 10:51:53.663 1525 31656 I wm_add_to_stopping: [0,218463797,com.android.launcher3/.uioverrides.QuickstepLauncher,makeInvisible]
05-13 10:51:53.667 1525 1607 I wm_stop_activity: [0,218463797,com.android.launcher3/.uioverrides.QuickstepLauncher]
05-13 10:51:53.670 2636 2636 I wm_on_stop_called: [218463797,com.android.launcher3.uioverrides.QuickstepLauncher,STOP_ACTIVITY_ITEM]
05-13 10:51:53.683 1525 1621 W UsageStatsService: Unexpected activity event reported! (com.android.launcher3/com.android.launcher3.uioverrides.QuickstepLauncher event : 23 instanceId : 157816771)
05-13 10:51:53.758 1525 1782 I commit_sys_config_file: [settings-1-0,2]
05-13 10:51:54.100 3378 3378 I auditd : type=1400 audit(0.0:140253): avc: denied { open } for comm="pool-21-thread-" path="/proc/3378/net/dev" dev="proc" ino=4026532156 scontext=u:r:priv_app:s0:c512,c768 tcontext=u:object_r:proc_net:s0 tclass=file permissive=1 app=com.baidu.input
05-13 10:51:54.100 3378 3378 I auditd : type=1400 audit(0.0:140254): avc: denied { getattr } for comm="pool-21-thread-" path="/proc/3378/net/dev" dev="proc" ino=4026532156 scontext=u:r:priv_app:s0:c512,c768 tcontext=u:object_r:proc_net:s0 tclass=file permissive=1 app=com.baidu.input
05-13 10:51:55.263 1525 1607 I wm_task_moved: [344,1,9]
05-13 10:51:55.263 1525 1607 I wm_task_to_front: [0,344]
05-13 10:51:55.265 1525 1607 I wm_set_resumed_activity: [0,tv.danmaku.bili/com.bilibili.bangumi.ui.page.detail.BangumiDetailActivityV3,positionChildAt]
05-13 10:51:55.265 1525 1607 I wm_focused_root_task: [0,0,344,354,setFocusedTask]
05-13 10:51:55.265 1525 1607 I wm_set_resumed_activity: [0,tv.danmaku.bili/com.bilibili.bangumi.ui.page.detail.BangumiDetailActivityV3,setFocusedTask]
05-13 10:51:55.266 1525 1607 I ActivityTaskManager: FOREGROUND_APPLICATION_CHANGED to com.bilibili.bangumi.ui.page.detail.BangumiDetailActivityV3
05-13 10:51:55.266 1525 1609 I input_focus: [Focus request 3a331ef tv.danmaku.bili/com.bilibili.bangumi.ui.page.detail.BangumiDetailActivityV3,reason=UpdateInputWindows]
05-13 10:51:55.269 11301 11301 I wm_on_top_resumed_lost_called: [181807263,com.tencent.pangu.module.desktopwin.template.container.PhotonWindowSupportActivity,topStateChangedWhenResumed]
05-13 10:51:55.271 1525 29917 I wm_task_moved: [1,0,0]
05-13 10:51:55.271 1525 29917 I wm_task_moved: [1,0,8]
05-13 10:51:55.273 17626 17626 I wm_on_top_resumed_gained_called: [240245495,com.bilibili.bangumi.ui.page.detail.BangumiDetailActivityV3,topStateChangedWhenResumed]
05-13 10:51:55.273 1525 1794 I input_focus: [Focus leaving 2c4966d com.tencent.android.qqdownloader/com.tencent.pangu.module.desktopwin.template.container.PhotonWindowSupportActivity (server),reason=setFocusedWindow]
05-13 10:51:55.274 1525 1794 I input_focus: [Focus entering 3a331ef tv.danmaku.bili/com.bilibili.bangumi.ui.page.detail.BangumiDetailActivityV3 (server),reason=setFocusedWindow]
05-13 10:51:55.286 2636 2636 I wm_on_restart_called: [218463797,com.android.launcher3.uioverrides.QuickstepLauncher,performRestartActivity]
05-13 10:51:55.311 2636 2636 I wm_on_start_called: [218463797,com.android.launcher3.uioverrides.QuickstepLauncher,handleStartActivity]
05-13 10:51:55.324 1525 1603 I sysui_multi_action: [319,10,322,49,325,168355,757,761,758,9,759,5,806,com.android.launcher3,871,com.android.launcher3.uioverrides.QuickstepLauncher,905,0,1320,4,1321,1]
05-13 10:51:55.376 845 845 I auditd : type=1400 audit(0.0:140255): avc: denied { add_name } for comm="perf@2.2-servic" name="force_rail_on" scontext=u:r:vendor_hal_perf_default:s0 tcontext=u:object_r:vendor_sysfs_kgsl:s0 tclass=dir permissive=1
05-13 10:51:55.376 845 845 I auditd : type=1400 audit(0.0:140256): avc: denied { create } for comm="perf@2.2-servic" name="force_rail_on" scontext=u:r:vendor_hal_perf_default:s0 tcontext=u:object_r:vendor_sysfs_kgsl:s0 tclass=file permissive=1
05-13 10:51:55.376 845 845 I auditd : type=1400 audit(0.0:140257): avc: denied { add_name } for comm="perf@2.2-servic" name="min_freq" scontext=u:r:vendor_hal_perf_default:s0 tcontext=u:object_r:vendor_sysfs_devfreq:s0 tclass=dir permissive=1
05-13 10:51:55.376 845 845 I auditd : type=1400 audit(0.0:140258): avc: denied { create } for comm="perf@2.2-servic" name="min_freq" scontext=u:r:vendor_hal_perf_default:s0 tcontext=u:object_r:vendor_sysfs_devfreq:s0 tclass=file permissive=1
05-13 10:51:55.376 845 845 I auditd : type=1400 audit(0.0:140259): avc: denied { add_name } for comm="perf@2.2-servic" name="cpu_min_freq" scontext=u:r:vendor_hal_perf_default:s0 tcontext=u:object_r:vendor_sysfs_msm_perf:s0 tclass=dir permissive=1
05-13 10:51:55.445 1525 20725 I wm_task_moved: [1,0,7]
05-13 10:51:55.446 1525 20725 I wm_add_to_stopping: [0,218463797,com.android.launcher3/.uioverrides.QuickstepLauncher,makeInvisible]
05-13 10:51:55.453 1525 1607 I wm_stop_activity: [0,218463797,com.android.launcher3/.uioverrides.QuickstepLauncher]
05-13 10:51:55.465 2636 2636 I wm_on_stop_called: [218463797,com.android.launcher3.uioverrides.QuickstepLauncher,STOP_ACTIVITY_ITEM]
05-13 10:51:55.473 1525 1621 W UsageStatsService: Unexpected activity event reported! (com.android.launcher3/com.android.launcher3.uioverrides.QuickstepLauncher event : 23 instanceId : 157816771)
05-13 10:51:55.515 1525 1782 I commit_sys_config_file: [settings-1-0,5]
05-13 10:51:55.904 1525 20725 I wm_task_moved: [1,0,0]
05-13 10:51:55.904 1525 20725 I wm_task_moved: [1,0,8]
05-13 10:51:55.921 2636 2636 I wm_on_restart_called: [218463797,com.android.launcher3.uioverrides.QuickstepLauncher,performRestartActivity]
05-13 10:51:55.937 2636 2636 I wm_on_start_called: [218463797,com.android.launcher3.uioverrides.QuickstepLauncher,handleStartActivity]
05-13 10:51:55.975 1525 1603 I sysui_multi_action: [319,8,322,63,325,168356,757,761,758,9,759,5,806,com.android.launcher3,871,com.android.launcher3.uioverrides.QuickstepLauncher,905,0,1320,4,1321,1]
05-13 10:51:56.089 1525 3316 I wm_task_moved: [1,0,7]
05-13 10:51:56.089 1525 3316 I wm_add_to_stopping: [0,218463797,com.android.launcher3/.uioverrides.QuickstepLauncher,makeInvisible]
05-13 10:51:56.094 1525 1607 I wm_stop_activity: [0,218463797,com.android.launcher3/.uioverrides.QuickstepLauncher]
05-13 10:51:56.115 2636 2636 I wm_on_stop_called: [218463797,com.android.launcher3.uioverrides.QuickstepLauncher,STOP_ACTIVITY_ITEM]
05-13 10:51:56.125 1525 1621 W UsageStatsService: Unexpected activity event reported! (com.android.launcher3/com.android.launcher3.uioverrides.QuickstepLauncher event : 23 instanceId : 157816771)
05-13 10:51:56.141 1525 1782 I commit_sys_config_file: [settings-1-0,6]
05-13 10:51:56.573 1525 3316 I wm_task_moved: [1,0,0]
05-13 10:51:56.573 1525 3316 I wm_task_moved: [1,0,8]
05-13 10:51:56.589 2636 2636 I wm_on_restart_called: [218463797,com.android.launcher3.uioverrides.QuickstepLauncher,performRestartActivity]
05-13 10:51:56.607 2636 2636 I wm_on_start_called: [218463797,com.android.launcher3.uioverrides.QuickstepLauncher,handleStartActivity]
05-13 10:51:56.633 1525 1603 I sysui_multi_action: [319,9,322,49,325,168357,757,761,758,9,759,5,806,com.android.launcher3,871,com.android.launcher3.uioverrides.QuickstepLauncher,905,0,1320,4,1321,1]
05-13 10:51:56.716 15290 15290 I auditd : type=1400 audit(0.0:140261): avc: denied { read } for comm="NativeThread" name="unix" dev="proc" ino=4026532262 scontext=u:r:untrusted_app_27:s0:c512,c768 tcontext=u:object_r:proc_net:s0 tclass=file permissive=1 app=com.wandoujia.phoenix2
05-13 10:51:56.716 15290 15290 I auditd : type=1400 audit(0.0:140262): avc: denied { open } for comm="NativeThread" path="/proc/15290/net/unix" dev="proc" ino=4026532262 scontext=u:r:untrusted_app_27:s0:c512,c768 tcontext=u:object_r:proc_net:s0 tclass=file permissive=1 app=com.wandoujia.phoenix2
05-13 10:51:56.716 15290 15290 I auditd : type=1400 audit(0.0:140263): avc: denied { getattr } for comm="NativeThread" path="/proc/15290/net/unix" dev="proc" ino=4026532262 scontext=u:r:untrusted_app_27:s0:c512,c768 tcontext=u:object_r:proc_net:s0 tclass=file permissive=1 app=com.wandoujia.phoenix2
05-13 10:51:56.760 1525 12148 I wm_task_moved: [1,0,7]
05-13 10:51:56.761 1525 12148 I wm_add_to_stopping: [0,218463797,com.android.launcher3/.uioverrides.QuickstepLauncher,makeInvisible]
05-13 10:51:56.766 1525 1607 I wm_stop_activity: [0,218463797,com.android.launcher3/.uioverrides.QuickstepLauncher]
05-13 10:51:56.785 2636 2636 I wm_on_stop_called: [218463797,com.android.launcher3.uioverrides.QuickstepLauncher,STOP_ACTIVITY_ITEM]
05-13 10:51:56.792 1525 1621 W UsageStatsService: Unexpected activity event reported! (com.android.launcher3/com.android.launcher3.uioverrides.QuickstepLauncher event : 23 instanceId : 157816771)
05-13 10:51:56.823 1525 1782 I commit_sys_config_file: [settings-1-0,17]
05-13 10:51:56.952 15290 15290 I auditd : type=1400 audit(0.0:140264): avc: denied { read } for comm="NativeThread" name="version" dev="proc" ino=4026532238 scontext=u:r:untrusted_app_27:s0:c512,c768 tcontext=u:object_r:proc_version:s0 tclass=file permissive=1 app=com.wandoujia.phoenix2
05-13 10:51:56.952 15290 15290 I auditd : type=1400 audit(0.0:140265): avc: denied { open } for comm="NativeThread" path="/proc/version" dev="proc" ino=4026532238 scontext=u:r:untrusted_app_27:s0:c512,c768 tcontext=u:object_r:proc_version:s0 tclass=file permissive=1 app=com.wandoujia.phoenix2
05-13 10:51:56.964 1525 20724 W ActivityManager: Unable to start service Intent { act=com.google.android.gms.ads.identifier.service.START pkg=com.google.android.gms } U=0: not found
05-13 10:51:56.964 15290 16179 E ActivityThread: Failed to find provider info for com.vivo.vms.IdProvider
05-13 10:51:58.819 1525 1794 I input_interaction: Interaction with: 2c4966d com.tencent.android.qqdownloader/com.tencent.pangu.module.desktopwin.template.container.PhotonWindowSupportActivity (server), edge-swipe (server), swipe-up (server), PointerEventDispatcher0 (server),
05-13 10:51:58.821 1525 1607 I wm_task_moved: [354,1,9]
05-13 10:51:58.821 1525 1607 I wm_task_to_front: [0,354]
05-13 10:51:58.827 1525 1607 I wm_set_resumed_activity: [0,com.tencent.android.qqdownloader/com.tencent.pangu.module.desktopwin.template.container.PhotonWindowSupportActivity,positionChildAt]
05-13 10:51:58.828 1525 1607 I wm_focused_root_task: [0,0,354,344,setFocusedTask]
05-13 10:51:58.828 1525 1607 I wm_set_resumed_activity: [0,com.tencent.android.qqdownloader/com.tencent.pangu.module.desktopwin.template.container.PhotonWindowSupportActivity,setFocusedTask]
05-13 10:51:58.828 1525 1607 I ActivityTaskManager: FOREGROUND_APPLICATION_CHANGED to com.tencent.pangu.module.desktopwin.template.container.PhotonWindowSupportActivity
05-13 10:51:58.829 1525 1609 I input_focus: [Focus request 2c4966d com.tencent.android.qqdownloader/com.tencent.pangu.module.desktopwin.template.container.PhotonWindowSupportActivity,reason=UpdateInputWindows]
05-13 10:51:58.832 17626 17626 I wm_on_top_resumed_lost_called: [240245495,com.bilibili.bangumi.ui.page.detail.BangumiDetailActivityV3,topStateChangedWhenResumed]
05-13 10:51:58.834 11301 11301 I wm_on_top_resumed_gained_called: [181807263,com.tencent.pangu.module.desktopwin.template.container.PhotonWindowSupportActivity,topStateChangedWhenResumed]
05-13 10:51:58.849 1525 1794 I input_focus: [Focus leaving 3a331ef tv.danmaku.bili/com.bilibili.bangumi.ui.page.detail.BangumiDetailActivityV3 (server),reason=setFocusedWindow]
05-13 10:51:58.849 1525 1794 I input_focus: [Focus entering 2c4966d com.tencent.android.qqdownloader/com.tencent.pangu.module.desktopwin.template.container.PhotonWindowSupportActivity (server),reason=setFocusedWindow]
05-13 10:51:58.930 1525 31656 I wm_finish_activity: [0,181807263,354,com.tencent.android.qqdownloader/com.tencent.pangu.module.desktopwin.template.container.PhotonWindowSupportActivity,finish-activity]
05-13 10:51:58.931 1525 31656 I wm_task_moved: [344,1,9]
05-13 10:51:58.931 1525 31656 I wm_task_to_front: [0,344]
05-13 10:51:58.935 1525 31656 I wm_set_resumed_activity: [0,tv.danmaku.bili/com.bilibili.bangumi.ui.page.detail.BangumiDetailActivityV3,positionChildAt]
05-13 10:51:58.935 1525 31656 I wm_focused_root_task: [0,0,344,354,finish-top adjustFocusToNextFocusableTask]
05-13 10:51:58.935 1525 31656 I wm_set_resumed_activity: [0,tv.danmaku.bili/com.bilibili.bangumi.ui.page.detail.BangumiDetailActivityV3,finish-top]
05-13 10:51:58.941 1525 31656 I wm_pause_activity: [0,181807263,com.tencent.android.qqdownloader/com.tencent.pangu.module.desktopwin.template.container.PhotonWindowSupportActivity,userLeaving=false,finish]
05-13 10:51:58.946 1525 1609 I input_focus: [Focus request 3a331ef tv.danmaku.bili/com.bilibili.bangumi.ui.page.detail.BangumiDetailActivityV3,reason=UpdateInputWindows]
05-13 10:51:58.947 11301 11301 I wm_on_top_resumed_lost_called: [181807263,com.tencent.pangu.module.desktopwin.template.container.PhotonWindowSupportActivity,topStateChangedWhenResumed]
05-13 10:51:58.953 1525 1607 I sysui_multi_action: [757,803,799,window_time_2,802,6]
05-13 10:51:58.954 11301 11301 I wm_on_paused_called: [181807263,com.tencent.pangu.module.desktopwin.template.container.PhotonWindowSupportActivity,performPause]
05-13 10:51:58.955 1525 31656 I ActivityTaskManager: FOREGROUND_APPLICATION_CHANGED to com.bilibili.bangumi.ui.page.detail.BangumiDetailActivityV3
05-13 10:51:58.955 1525 31656 I wm_destroy_activity: [0,181807263,354,com.tencent.android.qqdownloader/com.tencent.pangu.module.desktopwin.template.container.PhotonWindowSupportActivity,finish-imm:completePausedLocked]
05-13 10:51:58.957 1525 1607 W ProcessStats: Tracking association SourceState{6ba0e71 com.tencent.android.qqdownloader:live/10094 BTopFgs #234802} whose proc state 2 is better than process ProcessState{48ac3f8 com.tencent.android.qqdownloader:daemon/10094 pkg=com.tencent.android.qqdownloader} proc state 3 (19 skipped)
05-13 10:51:58.961 1525 1607 I sysui_multi_action: [757,803,799,window_time_0,802,0]
05-13 10:51:58.966 1525 1794 I input_focus: [Focus leaving 2c4966d com.tencent.android.qqdownloader/com.tencent.pangu.module.desktopwin.template.container.PhotonWindowSupportActivity (server),reason=NO_WINDOW]
05-13 10:51:58.966 1525 1794 I input_focus: [Focus entering 3a331ef tv.danmaku.bili/com.bilibili.bangumi.ui.page.detail.BangumiDetailActivityV3 (server),reason=setFocusedWindow]
05-13 10:51:58.968 17626 17626 I wm_on_top_resumed_gained_called: [240245495,com.bilibili.bangumi.ui.page.detail.BangumiDetailActivityV3,topStateChangedWhenResumed]
05-13 10:51:58.976 1525 20724 W ActivityTaskManager: Finishing task with all activities already finished
05-13 10:51:58.976 1525 20724 W ActivityTaskManager: Duplicate finish request for r=ActivityRecord{ad6289f u0 com.tencent.android.qqdownloader/com.tencent.pangu.module.desktopwin.template.container.PhotonWindowSupportActivity taskAffinity=10094:com.tencent.android.qqdownloader.desktopwin t354 f}}
05-13 10:51:58.977 11301 11301 I wm_on_stop_called: [181807263,com.tencent.pangu.module.desktopwin.template.container.PhotonWindowSupportActivity,LIFECYCLER_STOP_ACTIVITY]
05-13 10:51:58.978 11301 11301 I wm_on_destroy_called: [181807263,com.tencent.pangu.module.desktopwin.template.container.PhotonWindowSupportActivity,performDestroy]
05-13 10:51:58.985 1525 31656 I wm_task_removed: [354,removeChild:removeChild last r=ActivityRecord{ad6289f u0 com.tencent.android.qqdownloader/com.tencent.pangu.module.desktopwin.template.container.PhotonWindowSupportActivity taskAffinity=10094:com.tencent.android.qqdownloader.desktopwin t-1 f}} in t=Task{cc065b5 #354 type=standard A=10094:com.tencent.android.qqdownloader.desktopwin U=0 visible=false mode=freeform translucent=true sz=0 visible freeform task=true rootAffinity=10094:com.tencent.android.qqdownloader.desktopwin}]
05-13 10:51:58.985 1525 31656 I wm_task_removed: [354,removeChild]
05-13 10:51:59.192 1525 1525 I notification_enqueue: [10094,11210,com.tencent.android.qqdownloader,127,NULL,0,Notification(channel=channel_id_default_silent shortcut=null contentView=com.tencent.android.qqdownloader/0x7f0a01c2 vibrate=null sound=null defaults=0x0 flags=0x2a2 color=0x00000000 groupKey=com.tencent.android.qqdownloader vis=PRIVATE),1]
05-13 10:51:59.394 1525 1525 I GameModeConfig: isGameModeOn = false
05-13 10:52:00.129 1525 1794 I input_interaction: Interaction with: 3a331ef tv.danmaku.bili/com.bilibili.bangumi.ui.page.detail.BangumiDetailActivityV3 (server), edge-swipe (server), swipe-up (server), PointerEventDispatcher0 (server),
05-13 10:52:00.156 1525 31656 I wm_task_moved: [1,0,0]
05-13 10:52:00.156 1525 31656 I wm_task_moved: [1,0,7]
05-13 10:52:00.160 2636 2636 I wm_on_restart_called: [218463797,com.android.launcher3.uioverrides.QuickstepLauncher,performRestartActivity]
05-13 10:52:00.175 2636 2636 I wm_on_start_called: [218463797,com.android.launcher3.uioverrides.QuickstepLauncher,handleStartActivity]
05-13 10:52:00.194 1525 1603 I sysui_multi_action: [319,10,322,31,325,168360,757,761,758,9,759,5,806,com.android.launcher3,871,com.android.launcher3.uioverrides.QuickstepLauncher,905,0,1320,4,1321,1]
05-13 10:52:00.327 1525 3316 I wm_task_moved: [1,0,7]
05-13 10:52:00.327 1525 3316 I wm_add_to_stopping: [0,218463797,com.android.launcher3/.uioverrides.QuickstepLauncher,makeInvisible]
05-13 10:52:00.330 1525 1607 I wm_stop_activity: [0,218463797,com.android.launcher3/.uioverrides.QuickstepLauncher]
05-13 10:52:00.340 2636 2636 I wm_on_stop_called: [218463797,com.android.launcher3.uioverrides.QuickstepLauncher,STOP_ACTIVITY_ITEM]
05-13 10:52:00.350 1525 1621 W UsageStatsService: Unexpected activity event reported! (com.android.launcher3/com.android.launcher3.uioverrides.QuickstepLauncher event : 23 instanceId : 157816771)
05-13 10:52:00.375 1525 1782 I commit_sys_config_file: [settings-1-0,2]
05-13 10:52:01.838 1525 1812 I netstats_mobile_sample: [0,0,0,0,0,0,0,0,0,0,0,0,1683946321838]
05-13 10:52:01.839 1525 1812 I netstats_wifi_sample: [9357242556,8697732,2368511230,7307025,9357242556,8697732,2368511230,7307025,11674656695,11771337,1327158089,5203443,1683946321838]
05-13 10:52:01.836 678 678 I auditd : type=1400 audit(0.0:140272): avc: denied { add_name } for comm="Binder:678_4" name="globalAlert" scontext=u:r:netd:s0 tcontext=u:object_r:proc_net:s0 tclass=dir permissive=1
05-13 10:52:01.836 678 678 I auditd : type=1400 audit(0.0:140273): avc: denied { create } for comm="Binder:678_4" name="globalAlert" scontext=u:r:netd:s0 tcontext=u:object_r:proc_net:s0 tclass=file permissive=1
