05-13 10:53:48.356 17626 17626 I auditd : type=1400 audit(0.0:141109): avc: denied { read } for comm="Thread-25" name="tcp" dev="proc" ino=4026532256 scontext=u:r:untrusted_app:s0:c104,c256,c512,c768 tcontext=u:object_r:proc_net_tcp_udp:s0 tclass=file permissive=1 app=tv.danmaku.bili
05-13 10:53:48.356 17626 17626 I auditd : type=1400 audit(0.0:141110): avc: denied { open } for comm="Thread-25" path="/proc/17626/net/tcp" dev="proc" ino=4026532256 scontext=u:r:untrusted_app:s0:c104,c256,c512,c768 tcontext=u:object_r:proc_net_tcp_udp:s0 tclass=file permissive=1 app=tv.danmaku.bili
05-13 10:53:48.356 17626 17626 I auditd : type=1400 audit(0.0:141111): avc: denied { getattr } for comm="Thread-25" path="/proc/17626/net/tcp" dev="proc" ino=4026532256 scontext=u:r:untrusted_app:s0:c104,c256,c512,c768 tcontext=u:object_r:proc_net_tcp_udp:s0 tclass=file permissive=1 app=tv.danmaku.bili
05-13 10:53:52.508 15290 15290 I auditd : type=1400 audit(0.0:141112): avc: granted { bind } for comm="NativeThread" scontext=u:r:untrusted_app_27:s0:c512,c768 tcontext=u:r:untrusted_app_27:s0:c512,c768 tclass=netlink_route_socket app=com.wandoujia.phoenix2
05-13 10:53:52.508 15290 15290 I auditd : type=1400 audit(0.0:141113): avc: granted { nlmsg_readpriv } for comm="NativeThread" scontext=u:r:untrusted_app_27:s0:c512,c768 tcontext=u:r:untrusted_app_27:s0:c512,c768 tclass=netlink_route_socket app=com.wandoujia.phoenix2
05-13 10:53:52.520 1525 21112 W ActivityManager: Unable to start service Intent { act=com.google.android.gms.ads.identifier.service.START pkg=com.google.android.gms } U=0: not found
05-13 10:53:52.521 15290 16179 E ActivityThread: Failed to find provider info for com.vivo.vms.IdProvider
05-13 10:53:54.721 1525 21112 W ProcessStats: Tracking association SourceState{6ba0e71 com.tencent.android.qqdownloader:live/10094 BTopFgs #235050} whose proc state 2 is better than process ProcessState{48ac3f8 com.tencent.android.qqdownloader:daemon/10094 pkg=com.tencent.android.qqdownloader} proc state 3 (1 skipped)
05-13 10:53:59.263 1525 1812 I netstats_mobile_sample: [0,0,0,0,0,0,0,0,0,0,0,0,1683946439263]
05-13 10:53:59.263 1525 1812 I netstats_wifi_sample: [9366057205,8705716,2370305723,7313982,9366057205,8705716,2370305723,7313982,11685147153,11782240,1328210858,5208840,1683946439263]
05-13 10:54:00.678 1525 1525 I notification_enqueue: [10094,11210,com.tencent.android.qqdownloader,127,NULL,0,Notification(channel=channel_id_default_silent shortcut=null contentView=com.tencent.android.qqdownloader/0x7f0a01c2 vibrate=null sound=null defaults=0x0 flags=0x2a2 color=0x00000000 groupKey=com.tencent.android.qqdownloader vis=PRIVATE),1]
05-13 10:54:00.880 1525 1525 I GameModeConfig: isGameModeOn = false
05-13 10:54:02.872 15290 15290 I auditd : type=1400 audit(0.0:141114): avc: denied { read } for comm="NativeThread" name="unix" dev="proc" ino=4026532262 scontext=u:r:untrusted_app_27:s0:c512,c768 tcontext=u:object_r:proc_net:s0 tclass=file permissive=1 app=com.wandoujia.phoenix2
05-13 10:54:02.872 15290 15290 I auditd : type=1400 audit(0.0:141115): avc: denied { open } for comm="NativeThread" path="/proc/15290/net/unix" dev="proc" ino=4026532262 scontext=u:r:untrusted_app_27:s0:c512,c768 tcontext=u:object_r:proc_net:s0 tclass=file permissive=1 app=com.wandoujia.phoenix2
05-13 10:54:02.872 15290 15290 I auditd : type=1400 audit(0.0:141116): avc: denied { getattr } for comm="NativeThread" path="/proc/15290/net/unix" dev="proc" ino=4026532262 scontext=u:r:untrusted_app_27:s0:c512,c768 tcontext=u:object_r:proc_net:s0 tclass=file permissive=1 app=com.wandoujia.phoenix2
05-13 10:54:03.112 15290 15290 I auditd : type=1400 audit(0.0:141117): avc: denied { read } for comm="NativeThread" name="version" dev="proc" ino=4026532238 scontext=u:r:untrusted_app_27:s0:c512,c768 tcontext=u:object_r:proc_version:s0 tclass=file permissive=1 app=com.wandoujia.phoenix2
05-13 10:54:03.112 15290 15290 I auditd : type=1400 audit(0.0:141118): avc: denied { open } for comm="NativeThread" path="/proc/version" dev="proc" ino=4026532238 scontext=u:r:untrusted_app_27:s0:c512,c768 tcontext=u:object_r:proc_version:s0 tclass=file permissive=1 app=com.wandoujia.phoenix2
05-13 10:54:03.125 1525 9708 W ActivityManager: Unable to start service Intent { act=com.google.android.gms.ads.identifier.service.START pkg=com.google.android.gms } U=0: not found
05-13 10:54:03.126 15290 16179 E ActivityThread: Failed to find provider info for com.vivo.vms.IdProvider
05-13 10:54:04.739 1525 1525 W ProcessStats: Tracking association SourceState{6ba0e71 com.tencent.android.qqdownloader:live/10094 BTopFgs #235058} whose proc state 2 is better than process ProcessState{48ac3f8 com.tencent.android.qqdownloader:daemon/10094 pkg=com.tencent.android.qqdownloader} proc state 3 (0 skipped)
05-13 10:54:04.743 1525 1894 I sync : [com.tencent.android.qqdownloader.YYBLiveAccountProvider,0,3,24220937]
05-13 10:54:04.766 1525 1894 I sync : [com.tencent.android.qqdownloader.YYBLiveAccountProvider,1,3,24220937]
05-13 10:54:04.770 1525 1894 I commit_sys_config_file: [sync-status,168462992]
05-13 10:54:04.777 1525 1894 I sync : [com.tencent.android.qqdownloader.YYBLiveAccountProvider,0,3,24220937]
05-13 10:54:04.799 1525 1894 I sync : [com.tencent.android.qqdownloader.YYBLiveAccountProvider,1,3,24220937]
05-13 10:54:04.803 1525 1894 I commit_sys_config_file: [sync-status,168463025]
05-13 10:54:06.775 1525 1606 I commit_sys_config_file: [jobs,6]
05-13 10:54:12.280 1525 21112 I netstats_mobile_sample: [0,0,0,0,0,0,0,0,0,0,0,0,1683946452280]
05-13 10:54:12.280 1525 21112 I netstats_wifi_sample: [9366148960,8705932,2370478362,7314369,9366148960,8705932,2370478362,7314369,11685443716,11782726,1328300629,5209061,1683946452280]
05-13 10:54:13.632 15290 15290 I auditd : type=1400 audit(0.0:141121): avc: granted { bind } for comm="NativeThread" scontext=u:r:untrusted_app_27:s0:c512,c768 tcontext=u:r:untrusted_app_27:s0:c512,c768 tclass=netlink_route_socket app=com.wandoujia.phoenix2
05-13 10:54:13.632 15290 15290 I auditd : type=1400 audit(0.0:141122): avc: granted { nlmsg_readpriv } for comm="NativeThread" scontext=u:r:untrusted_app_27:s0:c512,c768 tcontext=u:r:untrusted_app_27:s0:c512,c768 tclass=netlink_route_socket app=com.wandoujia.phoenix2
05-13 10:54:13.642 1525 21112 W ActivityManager: Unable to start service Intent { act=com.google.android.gms.ads.identifier.service.START pkg=com.google.android.gms } U=0: not found
05-13 10:54:13.643 15290 16179 E ActivityThread: Failed to find provider info for com.vivo.vms.IdProvider
05-13 10:54:15.560 15290 15290 I auditd : type=1400 audit(0.0:141123): avc: granted { nlmsg_readpriv } for comm="DaemonThread-6" scontext=u:r:untrusted_app_27:s0:c512,c768 tcontext=u:r:untrusted_app_27:s0:c512,c768 tclass=netlink_route_socket app=com.wandoujia.phoenix2
05-13 10:54:15.724 15290 15290 I auditd : type=1400 audit(0.0:141124): avc: granted { nlmsg_readpriv } for comm="DaemonThread-6" scontext=u:r:untrusted_app_27:s0:c512,c768 tcontext=u:r:untrusted_app_27:s0:c512,c768 tclass=netlink_route_socket app=com.wandoujia.phoenix2
05-13 10:54:16.772 15290 15290 I auditd : type=1400 audit(0.0:141125): avc: denied { open } for comm="doujia.phoenix2" path="/proc/vmstat" dev="proc" ino=4026531858 scontext=u:r:untrusted_app_27:s0:c512,c768 tcontext=u:object_r:proc_vmstat:s0 tclass=file permissive=1 app=com.wandoujia.phoenix2
05-13 10:54:16.772 15290 15290 I auditd : type=1400 audit(0.0:141126): avc: denied { getattr } for comm="doujia.phoenix2" path="/proc/vmstat" dev="proc" ino=4026531858 scontext=u:r:untrusted_app_27:s0:c512,c768 tcontext=u:object_r:proc_vmstat:s0 tclass=file permissive=1 app=com.wandoujia.phoenix2
05-13 10:54:17.674 1525 1623 W ProcessStats: Tracking association SourceState{6ba0e71 com.tencent.android.qqdownloader:live/10094 BTopFgs #235094} whose proc state 2 is better than process ProcessState{48ac3f8 com.tencent.android.qqdownloader:daemon/10094 pkg=com.tencent.android.qqdownloader} proc state 3 (16 skipped)
05-13 10:54:18.404 845 845 I auditd : type=1400 audit(0.0:141127): avc: denied { add_name } for comm="perf@2.2-servic" name="cpu_min_freq" scontext=u:r:vendor_hal_perf_default:s0 tcontext=u:object_r:vendor_sysfs_msm_perf:s0 tclass=dir permissive=1
05-13 10:54:18.404 845 845 I auditd : type=1400 audit(0.0:141128): avc: denied { create } for comm="perf@2.2-servic" name="cpu_min_freq" scontext=u:r:vendor_hal_perf_default:s0 tcontext=u:object_r:vendor_sysfs_msm_perf:s0 tclass=file permissive=1
05-13 10:54:18.492 17626 17626 I auditd : type=1400 audit(0.0:141129): avc: denied { read } for comm="Thread-25" name="tcp" dev="proc" ino=4026532256 scontext=u:r:untrusted_app:s0:c104,c256,c512,c768 tcontext=u:object_r:proc_net_tcp_udp:s0 tclass=file permissive=1 app=tv.danmaku.bili
05-13 10:54:18.492 17626 17626 I auditd : type=1400 audit(0.0:141130): avc: denied { open } for comm="Thread-25" path="/proc/17626/net/tcp" dev="proc" ino=4026532256 scontext=u:r:untrusted_app:s0:c104,c256,c512,c768 tcontext=u:object_r:proc_net_tcp_udp:s0 tclass=file permissive=1 app=tv.danmaku.bili
05-13 10:54:18.492 17626 17626 I auditd : type=1400 audit(0.0:141131): avc: denied { getattr } for comm="Thread-25" path="/proc/17626/net/tcp" dev="proc" ino=4026532256 scontext=u:r:untrusted_app:s0:c104,c256,c512,c768 tcontext=u:object_r:proc_net_tcp_udp:s0 tclass=file permissive=1 app=tv.danmaku.bili
05-13 10:54:20.284 17543 17543 I auditd : type=1400 audit(0.0:141132): avc: denied { kill } for comm="kworker/u16:10" capability=5 scontext=u:r:kernel:s0 tcontext=u:r:kernel:s0 tclass=capability permissive=1
05-13 10:54:21.884 20705 20705 I auditd : type=1400 audit(0.0:141133): avc: denied { open } for comm="ss.android.lark" path="/proc/vmstat" dev="proc" ino=4026531858 scontext=u:r:untrusted_app:s0:c110,c256,c512,c768 tcontext=u:object_r:proc_vmstat:s0 tclass=file permissive=1 app=com.ss.android.lark
05-13 10:54:21.884 20705 20705 I auditd : type=1400 audit(0.0:141134): avc: denied { getattr } for comm="ss.android.lark" path="/proc/vmstat" dev="proc" ino=4026531858 scontext=u:r:untrusted_app:s0:c110,c256,c512,c768 tcontext=u:object_r:proc_vmstat:s0 tclass=file permissive=1 app=com.ss.android.lark
05-13 10:54:23.460 16321 16321 I auditd : type=1400 audit(0.0:141135): avc: granted { nlmsg_readpriv } for comm="DaemonThread-6" scontext=u:r:untrusted_app_27:s0:c512,c768 tcontext=u:r:untrusted_app_27:s0:c512,c768 tclass=netlink_route_socket app=com.wandoujia.phoenix2
05-13 10:54:23.600 16321 16321 I auditd : type=1400 audit(0.0:141136): avc: granted { nlmsg_readpriv } for comm="DaemonThread-6" scontext=u:r:untrusted_app_27:s0:c512,c768 tcontext=u:r:untrusted_app_27:s0:c512,c768 tclass=netlink_route_socket app=com.wandoujia.phoenix2
05-13 10:54:24.184 15290 15290 I auditd : type=1400 audit(0.0:141137): avc: denied { ioctl } for comm="NativeThread" path="socket:[8708779]" dev="sockfs" ino=8708779 ioctlcmd=0x8927 scontext=u:r:untrusted_app_27:s0:c512,c768 tcontext=u:r:untrusted_app_27:s0:c512,c768 tclass=udp_socket permissive=1 app=com.wandoujia.phoenix2
05-13 10:54:24.188 15290 15290 I auditd : type=1400 audit(0.0:141138): avc: granted { bind } for comm="NativeThread" scontext=u:r:untrusted_app_27:s0:c512,c768 tcontext=u:r:untrusted_app_27:s0:c512,c768 tclass=netlink_route_socket app=com.wandoujia.phoenix2
05-13 10:54:24.188 15290 15290 I auditd : type=1400 audit(0.0:141139): avc: granted { nlmsg_readpriv } for comm="NativeThread" scontext=u:r:untrusted_app_27:s0:c512,c768 tcontext=u:r:untrusted_app_27:s0:c512,c768 tclass=netlink_route_socket app=com.wandoujia.phoenix2
05-13 10:54:24.188 15290 15290 I auditd : type=1400 audit(0.0:141140): avc: denied { getattr } for comm="NativeThread" path="/data/data/com.android.printspooler" dev="dm-10" ino=1894 scontext=u:r:untrusted_app_27:s0:c512,c768 tcontext=u:object_r:app_data_file:s0:c41,c256,c512,c768 tclass=dir permissive=1 app=com.wandoujia.phoenix2
05-13 10:54:24.197 1525 2055 W ActivityManager: Unable to start service Intent { act=com.google.android.gms.ads.identifier.service.START pkg=com.google.android.gms } U=0: not found
05-13 10:54:24.198 15290 16179 E ActivityThread: Failed to find provider info for com.vivo.vms.IdProvider
05-13 10:54:27.721 1525 1623 W ProcessStats: Tracking association SourceState{6ba0e71 com.tencent.android.qqdownloader:live/10094 BTopFgs #235102} whose proc state 2 is better than process ProcessState{48ac3f8 com.tencent.android.qqdownloader:daemon/10094 pkg=com.tencent.android.qqdownloader} proc state 3 (1 skipped)
05-13 10:54:34.020 678 678 I auditd : type=1400 audit(0.0:141141): avc: denied { add_name } for comm="Binder:678_4" name="globalAlert" scontext=u:r:netd:s0 tcontext=u:object_r:proc_net:s0 tclass=dir permissive=1
05-13 10:54:34.020 678 678 I auditd : type=1400 audit(0.0:141142): avc: denied { create } for comm="Binder:678_4" name="globalAlert" scontext=u:r:netd:s0 tcontext=u:object_r:proc_net:s0 tclass=file permissive=1
05-13 10:54:34.023 1525 1812 I netstats_mobile_sample: [0,0,0,0,0,0,0,0,0,0,0,0,1683946474023]
05-13 10:54:34.024 1525 1812 I netstats_wifi_sample: [9367639728,8707251,2370769133,7315305,9367639728,8707251,2370769133,7315305,11687211843,11784423,1328459891,5209729,1683946474023]
05-13 10:54:34.812 15290 15290 I auditd : type=1400 audit(0.0:141143): avc: denied { read } for comm="NativeThread" name="version" dev="proc" ino=4026532238 scontext=u:r:untrusted_app_27:s0:c512,c768 tcontext=u:object_r:proc_version:s0 tclass=file permissive=1 app=com.wandoujia.phoenix2
05-13 10:54:34.812 15290 15290 I auditd : type=1400 audit(0.0:141144): avc: denied { open } for comm="NativeThread" path="/proc/version" dev="proc" ino=4026532238 scontext=u:r:untrusted_app_27:s0:c512,c768 tcontext=u:object_r:proc_version:s0 tclass=file permissive=1 app=com.wandoujia.phoenix2
05-13 10:54:34.816 15290 15290 I auditd : type=1400 audit(0.0:141145): avc: granted { bind } for comm="NativeThread" scontext=u:r:untrusted_app_27:s0:c512,c768 tcontext=u:r:untrusted_app_27:s0:c512,c768 tclass=netlink_route_socket app=com.wandoujia.phoenix2
05-13 10:54:34.829 1525 9708 W ActivityManager: Unable to start service Intent { act=com.google.android.gms.ads.identifier.service.START pkg=com.google.android.gms } U=0: not found
05-13 10:54:34.830 15290 16179 E ActivityThread: Failed to find provider info for com.vivo.vms.IdProvider
05-13 10:54:39.738 1525 1525 W ProcessStats: Tracking association SourceState{6ba0e71 com.tencent.android.qqdownloader:live/10094 BTopFgs #235114} whose proc state 2 is better than process ProcessState{48ac3f8 com.tencent.android.qqdownloader:daemon/10094 pkg=com.tencent.android.qqdownloader} proc state 3 (2 skipped)
05-13 10:54:39.744 1525 1894 I sync : [com.tencent.android.qqdownloader.YYBLiveAccountProvider,0,3,24220937]
05-13 10:54:39.772 1525 1894 I sync : [com.tencent.android.qqdownloader.YYBLiveAccountProvider,1,3,24220937]
05-13 10:54:39.775 1525 1894 I commit_sys_config_file: [sync-status,168497997]
05-13 10:54:39.788 1525 1894 I sync : [com.tencent.android.qqdownloader.YYBLiveAccountProvider,0,3,24220937]
05-13 10:54:39.804 1525 1894 I sync : [com.tencent.android.qqdownloader.YYBLiveAccountProvider,1,3,24220937]
05-13 10:54:39.812 1525 1894 I commit_sys_config_file: [sync-status,168498033]
05-13 10:54:41.780 1525 1606 I commit_sys_config_file: [jobs,7]
05-13 10:54:44.108 15409 15409 I auditd : type=1400 audit(0.0:141147): avc: granted { nlmsg_readpriv } for comm="DaemonThread-6" scontext=u:r:untrusted_app_27:s0:c512,c768 tcontext=u:r:untrusted_app_27:s0:c512,c768 tclass=netlink_route_socket app=com.wandoujia.phoenix2
05-13 10:54:44.224 15409 15409 I auditd : type=1400 audit(0.0:141148): avc: granted { nlmsg_readpriv } for comm="DaemonThread-6" scontext=u:r:untrusted_app_27:s0:c512,c768 tcontext=u:r:untrusted_app_27:s0:c512,c768 tclass=netlink_route_socket app=com.wandoujia.phoenix2
05-13 10:54:45.144 15290 15290 I auditd : type=1400 audit(0.0:141149): avc: denied { read } for comm="NativeThread" name="unix" dev="proc" ino=4026532262 scontext=u:r:untrusted_app_27:s0:c512,c768 tcontext=u:object_r:proc_net:s0 tclass=file permissive=1 app=com.wandoujia.phoenix2
05-13 10:54:45.144 15290 15290 I auditd : type=1400 audit(0.0:141150): avc: denied { open } for comm="NativeThread" path="/proc/15290/net/unix" dev="proc" ino=4026532262 scontext=u:r:untrusted_app_27:s0:c512,c768 tcontext=u:object_r:proc_net:s0 tclass=file permissive=1 app=com.wandoujia.phoenix2
05-13 10:54:45.144 15290 15290 I auditd : type=1400 audit(0.0:141151): avc: denied { getattr } for comm="NativeThread" path="/proc/15290/net/unix" dev="proc" ino=4026532262 scontext=u:r:untrusted_app_27:s0:c512,c768 tcontext=u:object_r:proc_net:s0 tclass=file permissive=1 app=com.wandoujia.phoenix2
05-13 10:54:45.376 15290 15290 I auditd : type=1400 audit(0.0:141152): avc: granted { bind } for comm="NativeThread" scontext=u:r:untrusted_app_27:s0:c512,c768 tcontext=u:r:untrusted_app_27:s0:c512,c768 tclass=netlink_route_socket app=com.wandoujia.phoenix2
05-13 10:54:45.376 15290 15290 I auditd : type=1400 audit(0.0:141153): avc: granted { nlmsg_readpriv } for comm="NativeThread" scontext=u:r:untrusted_app_27:s0:c512,c768 tcontext=u:r:untrusted_app_27:s0:c512,c768 tclass=netlink_route_socket app=com.wandoujia.phoenix2
05-13 10:54:45.385 1525 26237 W ActivityManager: Unable to start service Intent { act=com.google.android.gms.ads.identifier.service.START pkg=com.google.android.gms } U=0: not found
05-13 10:54:45.386 15290 16179 E ActivityThread: Failed to find provider info for com.vivo.vms.IdProvider
05-13 10:54:48.600 17626 17626 I auditd : type=1400 audit(0.0:141154): avc: denied { read } for comm="Thread-25" name="tcp" dev="proc" ino=4026532256 scontext=u:r:untrusted_app:s0:c104,c256,c512,c768 tcontext=u:object_r:proc_net_tcp_udp:s0 tclass=file permissive=1 app=tv.danmaku.bili
05-13 10:54:48.600 17626 17626 I auditd : type=1400 audit(0.0:141155): avc: denied { open } for comm="Thread-25" path="/proc/17626/net/tcp" dev="proc" ino=4026532256 scontext=u:r:untrusted_app:s0:c104,c256,c512,c768 tcontext=u:object_r:proc_net_tcp_udp:s0 tclass=file permissive=1 app=tv.danmaku.bili
05-13 10:54:48.600 17626 17626 I auditd : type=1400 audit(0.0:141156): avc: denied { getattr } for comm="Thread-25" path="/proc/17626/net/tcp" dev="proc" ino=4026532256 scontext=u:r:untrusted_app:s0:c104,c256,c512,c768 tcontext=u:object_r:proc_net_tcp_udp:s0 tclass=file permissive=1 app=tv.danmaku.bili
05-13 10:54:49.854 1525 1866 W ProcessStats: Tracking association SourceState{6ba0e71 com.tencent.android.qqdownloader:live/10094 BTopFgs #235146} whose proc state 2 is better than process ProcessState{48ac3f8 com.tencent.android.qqdownloader:daemon/10094 pkg=com.tencent.android.qqdownloader} proc state 3 (16 skipped)
05-13 10:54:50.588 1525 1866 I netstats_mobile_sample: [0,0,0,0,0,0,0,0,0,0,0,0,1683946490588]
05-13 10:54:50.588 1525 1866 I netstats_wifi_sample: [9368458296,8707992,2370986560,7315877,9368458296,8707992,2370986560,7315877,11688248382,11785458,1328575979,5210095,1683946490588]
05-13 10:54:55.888 15290 15290 I auditd : type=1400 audit(0.0:141157): avc: granted { bind } for comm="NativeThread" scontext=u:r:untrusted_app_27:s0:c512,c768 tcontext=u:r:untrusted_app_27:s0:c512,c768 tclass=netlink_route_socket app=com.wandoujia.phoenix2
05-13 10:54:55.888 15290 15290 I auditd : type=1400 audit(0.0:141158): avc: granted { nlmsg_readpriv } for comm="NativeThread" scontext=u:r:untrusted_app_27:s0:c512,c768 tcontext=u:r:untrusted_app_27:s0:c512,c768 tclass=netlink_route_socket app=com.wandoujia.phoenix2
05-13 10:54:55.888 15290 15290 I auditd : type=1400 audit(0.0:141159): avc: denied { getattr } for comm="NativeThread" path="/data/data/com.android.printspooler" dev="dm-10" ino=1894 scontext=u:r:untrusted_app_27:s0:c512,c768 tcontext=u:object_r:app_data_file:s0:c41,c256,c512,c768 tclass=dir permissive=1 app=com.wandoujia.phoenix2
05-13 10:54:55.904 1525 1866 W ActivityManager: Unable to start service Intent { act=com.google.android.gms.ads.identifier.service.START pkg=com.google.android.gms } U=0: not found
05-13 10:54:55.905 15290 16179 E ActivityThread: Failed to find provider info for com.vivo.vms.IdProvider
05-13 10:54:57.847 1525 1812 I netstats_mobile_sample: [0,0,0,0,0,0,0,0,0,0,0,0,1683946497847]
05-13 10:54:57.848 1525 1812 I netstats_wifi_sample: [9369230130,8708869,2371329288,7316583,9369230130,8708869,2371329288,7316583,11689115078,11786286,1328874945,5210713,1683946497847]
05-13 10:55:02.180 1525 1525 I notification_enqueue: [10094,11210,com.tencent.android.qqdownloader,127,NULL,0,Notification(channel=channel_id_default_silent shortcut=null contentView=com.tencent.android.qqdownloader/0x7f0a01c2 vibrate=null sound=null defaults=0x0 flags=0x2a2 color=0x00000000 groupKey=com.tencent.android.qqdownloader vis=PRIVATE),1]
05-13 10:55:02.381 1525 1525 I GameModeConfig: isGameModeOn = false
05-13 10:55:05.219 1525 2055 W ProcessStats: Tracking association SourceState{6ba0e71 com.tencent.android.qqdownloader:live/10094 BTopFgs #235157} whose proc state 2 is better than process ProcessState{48ac3f8 com.tencent.android.qqdownloader:daemon/10094 pkg=com.tencent.android.qqdownloader} proc state 3 (0 skipped)
05-13 10:55:06.400 15290 15290 I auditd : type=1400 audit(0.0:141160): avc: granted { bind } for comm="NativeThread" scontext=u:r:untrusted_app_27:s0:c512,c768 tcontext=u:r:untrusted_app_27:s0:c512,c768 tclass=netlink_route_socket app=com.wandoujia.phoenix2
05-13 10:55:06.400 15290 15290 I auditd : type=1400 audit(0.0:141161): avc: granted { nlmsg_readpriv } for comm="NativeThread" scontext=u:r:untrusted_app_27:s0:c512,c768 tcontext=u:r:untrusted_app_27:s0:c512,c768 tclass=netlink_route_socket app=com.wandoujia.phoenix2
05-13 10:55:06.415 1525 2055 W ActivityManager: Unable to start service Intent { act=com.google.android.gms.ads.identifier.service.START pkg=com.google.android.gms } U=0: not found
05-13 10:55:06.415 15290 16179 E ActivityThread: Failed to find provider info for com.vivo.vms.IdProvider
05-13 10:55:12.268 1525 2055 I netstats_mobile_sample: [0,0,0,0,0,0,0,0,0,0,0,0,1683946512268]
05-13 10:55:12.269 1525 2055 I netstats_wifi_sample: [9369331342,8709093,2371519562,7316994,9369331342,8709093,2371519562,7316994,11689432110,11786803,1328971299,5210934,1683946512268]
05-13 10:55:12.284 13537 13537 I auditd : type=1400 audit(0.0:141162): avc: denied { getattr } for comm="[GT]HotPool#1" path="/sys/kernel/tracing/trace_marker" dev="tracefs" ino=12320 scontext=u:r:untrusted_app_29:s0:c102,c256,c512,c768 tcontext=u:object_r:debugfs_trace_marker:s0 tclass=file permissive=1 app=com.tencent.mm
05-13 10:55:13.024 14913 14913 I auditd : type=1400 audit(0.0:141163): avc: denied { getattr } for comm="[GT]HotPool#0" path="/sys/kernel/tracing/trace_marker" dev="tracefs" ino=12320 scontext=u:r:untrusted_app_29:s0:c102,c256,c512,c768 tcontext=u:object_r:debugfs_trace_marker:s0 tclass=file permissive=1 app=com.tencent.mm
05-13 10:55:14.433 1525 2055 I service_manager_stats: [100,64,202572]
05-13 10:55:14.747 1525 1894 I sync : [com.tencent.android.qqdownloader.YYBLiveAccountProvider,0,3,24220937]
05-13 10:55:14.770 1525 1894 I sync : [com.tencent.android.qqdownloader.YYBLiveAccountProvider,1,3,24220937]
05-13 10:55:14.773 1525 1894 I commit_sys_config_file: [sync-status,168532995]
05-13 10:55:14.779 1525 1894 I sync : [com.tencent.android.qqdownloader.YYBLiveAccountProvider,0,3,24220937]
05-13 10:55:14.800 1525 1894 I sync : [com.tencent.android.qqdownloader.YYBLiveAccountProvider,1,3,24220937]
05-13 10:55:14.803 1525 1894 I commit_sys_config_file: [sync-status,168533024]
05-13 10:55:15.568 15290 15290 I auditd : type=1400 audit(0.0:141164): avc: granted { nlmsg_readpriv } for comm="DaemonThread-6" scontext=u:r:untrusted_app_27:s0:c512,c768 tcontext=u:r:untrusted_app_27:s0:c512,c768 tclass=netlink_route_socket app=com.wandoujia.phoenix2
05-13 10:55:15.728 15290 15290 I auditd : type=1400 audit(0.0:141165): avc: granted { nlmsg_readpriv } for comm="DaemonThread-6" scontext=u:r:untrusted_app_27:s0:c512,c768 tcontext=u:r:untrusted_app_27:s0:c512,c768 tclass=netlink_route_socket app=com.wandoujia.phoenix2
05-13 10:55:16.775 1525 1606 I commit_sys_config_file: [jobs,4]
05-13 10:55:16.772 15290 15290 I auditd : type=1400 audit(0.0:141166): avc: denied { open } for comm="doujia.phoenix2" path="/proc/vmstat" dev="proc" ino=4026531858 scontext=u:r:untrusted_app_27:s0:c512,c768 tcontext=u:object_r:proc_vmstat:s0 tclass=file permissive=1 app=com.wandoujia.phoenix2
05-13 10:55:16.772 15290 15290 I auditd : type=1400 audit(0.0:141167): avc: denied { getattr } for comm="doujia.phoenix2" path="/proc/vmstat" dev="proc" ino=4026531858 scontext=u:r:untrusted_app_27:s0:c512,c768 tcontext=u:object_r:proc_vmstat:s0 tclass=file permissive=1 app=com.wandoujia.phoenix2
05-13 10:55:17.020 15290 15290 I auditd : type=1400 audit(0.0:141168): avc: granted { bind } for comm="NativeThread" scontext=u:r:untrusted_app_27:s0:c512,c768 tcontext=u:r:untrusted_app_27:s0:c512,c768 tclass=netlink_route_socket app=com.wandoujia.phoenix2
05-13 10:55:17.020 15290 15290 I auditd : type=1400 audit(0.0:141169): avc: granted { nlmsg_readpriv } for comm="NativeThread" scontext=u:r:untrusted_app_27:s0:c512,c768 tcontext=u:r:untrusted_app_27:s0:c512,c768 tclass=netlink_route_socket app=com.wandoujia.phoenix2
05-13 10:55:17.031 1525 2055 W ActivityManager: Unable to start service Intent { act=com.google.android.gms.ads.identifier.service.START pkg=com.google.android.gms } U=0: not found
05-13 10:55:17.033 15290 16179 E ActivityThread: Failed to find provider info for com.vivo.vms.IdProvider
05-13 10:55:17.581 1525 1642 W BatteryExternalStatsWorker: error reading modem stats:ERROR_PHONE_NOT_AVAILABLE
05-13 10:55:17.621 1525 1642 E KernelCpuSpeedReader: Failed to read cpu-freq: /sys/devices/system/cpu/cpu4/cpufreq/stats/time_in_state: open failed: ENOENT (No such file or directory)
05-13 10:55:17.622 1525 1642 E KernelCpuSpeedReader: Failed to read cpu-freq: /sys/devices/system/cpu/cpu0/cpufreq/stats/time_in_state: open failed: ENOENT (No such file or directory)
05-13 10:55:17.624 578 578 I auditd : type=1400 audit(0.0:141170): avc: denied { read } for comm="Binder:578_2" name="wakeup58" dev="sysfs" ino=71977 scontext=u:r:system_suspend:s0 tcontext=u:object_r:sysfs:s0 tclass=dir permissive=1
05-13 10:55:17.624 578 578 I auditd : type=1400 audit(0.0:141171): avc: denied { open } for comm="Binder:578_2" path="/sys/devices/virtual/misc/msm_g711alaw/wakeup58" dev="sysfs" ino=71977 scontext=u:r:system_suspend:s0 tcontext=u:object_r:sysfs:s0 tclass=dir permissive=1
05-13 10:55:21.888 20705 20705 I auditd : type=1400 audit(0.0:141175): avc: denied { open } for comm="ss.android.lark" path="/proc/vmstat" dev="proc" ino=4026531858 scontext=u:r:untrusted_app:s0:c110,c256,c512,c768 tcontext=u:object_r:proc_vmstat:s0 tclass=file permissive=1 app=com.ss.android.lark
05-13 10:55:21.888 20705 20705 I auditd : type=1400 audit(0.0:141176): avc: denied { getattr } for comm="ss.android.lark" path="/proc/vmstat" dev="proc" ino=4026531858 scontext=u:r:untrusted_app:s0:c110,c256,c512,c768 tcontext=u:object_r:proc_vmstat:s0 tclass=file permissive=1 app=com.ss.android.lark
05-13 10:55:23.248 16321 16321 I auditd : type=1400 audit(0.0:141177): avc: granted { nlmsg_readpriv } for comm="DaemonThread-6" scontext=u:r:untrusted_app_27:s0:c512,c768 tcontext=u:r:untrusted_app_27:s0:c512,c768 tclass=netlink_route_socket app=com.wandoujia.phoenix2
05-13 10:55:23.392 16321 16321 I auditd : type=1400 audit(0.0:141178): avc: granted { nlmsg_readpriv } for comm="DaemonThread-6" scontext=u:r:untrusted_app_27:s0:c512,c768 tcontext=u:r:untrusted_app_27:s0:c512,c768 tclass=netlink_route_socket app=com.wandoujia.phoenix2
05-13 10:55:25.923 1525 2512 W ProcessStats: Tracking association SourceState{6ba0e71 com.tencent.android.qqdownloader:live/10094 BTopFgs #235202} whose proc state 2 is better than process ProcessState{48ac3f8 com.tencent.android.qqdownloader:daemon/10094 pkg=com.tencent.android.qqdownloader} proc state 3 (17 skipped)
05-13 10:55:27.284 15290 15290 I auditd : type=1400 audit(0.0:141179): avc: denied { read } for comm="NativeThread" name="unix" dev="proc" ino=4026532262 scontext=u:r:untrusted_app_27:s0:c512,c768 tcontext=u:object_r:proc_net:s0 tclass=file permissive=1 app=com.wandoujia.phoenix2
05-13 10:55:27.284 15290 15290 I auditd : type=1400 audit(0.0:141180): avc: denied { open } for comm="NativeThread" path="/proc/15290/net/unix" dev="proc" ino=4026532262 scontext=u:r:untrusted_app_27:s0:c512,c768 tcontext=u:object_r:proc_net:s0 tclass=file permissive=1 app=com.wandoujia.phoenix2
05-13 10:55:27.284 15290 15290 I auditd : type=1400 audit(0.0:141181): avc: denied { getattr } for comm="NativeThread" path="/proc/15290/net/unix" dev="proc" ino=4026532262 scontext=u:r:untrusted_app_27:s0:c512,c768 tcontext=u:object_r:proc_net:s0 tclass=file permissive=1 app=com.wandoujia.phoenix2
05-13 10:55:27.508 15290 15290 I auditd : type=1400 audit(0.0:141182): avc: denied { read } for comm="NativeThread" name="version" dev="proc" ino=4026532238 scontext=u:r:untrusted_app_27:s0:c512,c768 tcontext=u:object_r:proc_version:s0 tclass=file permissive=1 app=com.wandoujia.phoenix2
05-13 10:55:27.508 15290 15290 I auditd : type=1400 audit(0.0:141183): avc: denied { open } for comm="NativeThread" path="/proc/version" dev="proc" ino=4026532238 scontext=u:r:untrusted_app_27:s0:c512,c768 tcontext=u:object_r:proc_version:s0 tclass=file permissive=1 app=com.wandoujia.phoenix2
05-13 10:55:27.512 15290 15290 I auditd : type=1400 audit(0.0:141184): avc: granted { bind } for comm="NativeThread" scontext=u:r:untrusted_app_27:s0:c512,c768 tcontext=u:r:untrusted_app_27:s0:c512,c768 tclass=netlink_route_socket app=com.wandoujia.phoenix2
05-13 10:55:27.521 1525 2055 W ActivityManager: Unable to start service Intent { act=com.google.android.gms.ads.identifier.service.START pkg=com.google.android.gms } U=0: not found
05-13 10:55:27.522 15290 16179 E ActivityThread: Failed to find provider info for com.vivo.vms.IdProvider
05-13 10:55:30.284 0 0 I auditd : type=1400 audit(0.0:141186): avc: denied { kill } for comm="swapper/3" capability=5 scontext=u:r:kernel:s0 tcontext=u:r:kernel:s0 tclass=capability permissive=1
05-13 10:55:32.705 1525 1812 I netstats_mobile_sample: [0,0,0,0,0,0,0,0,0,0,0,0,1683946532705]
05-13 10:55:32.705 1525 1812 I netstats_wifi_sample: [9370805637,8710394,2371834412,7317939,9370805637,8710394,2371834412,7317939,11691175675,11788469,1329162929,5211629,1683946532705]
05-13 10:55:38.052 15290 15290 I auditd : type=1400 audit(0.0:141187): avc: denied { ioctl } for comm="NativeThread" path="socket:[8723700]" dev="sockfs" ino=8723700 ioctlcmd=0x8927 scontext=u:r:untrusted_app_27:s0:c512,c768 tcontext=u:r:untrusted_app_27:s0:c512,c768 tclass=udp_socket permissive=1 app=com.wandoujia.phoenix2
05-13 10:55:38.056 15290 15290 I auditd : type=1400 audit(0.0:141188): avc: granted { bind } for comm="NativeThread" scontext=u:r:untrusted_app_27:s0:c512,c768 tcontext=u:r:untrusted_app_27:s0:c512,c768 tclass=netlink_route_socket app=com.wandoujia.phoenix2
05-13 10:55:38.056 15290 15290 I auditd : type=1400 audit(0.0:141189): avc: granted { nlmsg_readpriv } for comm="NativeThread" scontext=u:r:untrusted_app_27:s0:c512,c768 tcontext=u:r:untrusted_app_27:s0:c512,c768 tclass=netlink_route_socket app=com.wandoujia.phoenix2
05-13 10:55:38.056 15290 15290 I auditd : type=1400 audit(0.0:141190): avc: denied { getattr } for comm="NativeThread" path="/data/data/com.android.htmlviewer" dev="dm-10" ino=1758 scontext=u:r:untrusted_app_27:s0:c512,c768 tcontext=u:object_r:app_data_file:s0:c46,c256,c512,c768 tclass=dir permissive=1 app=com.wandoujia.phoenix2
05-13 10:55:38.056 15290 15290 I auditd : type=1400 audit(0.0:141191): avc: denied { getattr } for comm="NativeThread" path="/data/data/com.android.printspooler" dev="dm-10" ino=1894 scontext=u:r:untrusted_app_27:s0:c512,c768 tcontext=u:object_r:app_data_file:s0:c41,c256,c512,c768 tclass=dir permissive=1 app=com.wandoujia.phoenix2
05-13 10:55:38.064 1525 1866 W ActivityManager: Unable to start service Intent { act=com.google.android.gms.ads.identifier.service.START pkg=com.google.android.gms } U=0: not found
05-13 10:55:38.065 15290 16179 E ActivityThread: Failed to find provider info for com.vivo.vms.IdProvider
05-13 10:55:41.953 1525 1866 W ProcessStats: Tracking association SourceState{6ba0e71 com.tencent.android.qqdownloader:live/10094 BTopFgs #235217} whose proc state 2 is better than process ProcessState{48ac3f8 com.tencent.android.qqdownloader:daemon/10094 pkg=com.tencent.android.qqdownloader} proc state 3 (3 skipped)
05-13 10:55:44.248 15409 15409 I auditd : type=1400 audit(0.0:141192): avc: granted { nlmsg_readpriv } for comm="DaemonThread-6" scontext=u:r:untrusted_app_27:s0:c512,c768 tcontext=u:r:untrusted_app_27:s0:c512,c768 tclass=netlink_route_socket app=com.wandoujia.phoenix2
05-13 10:55:44.396 15409 15409 I auditd : type=1400 audit(0.0:141193): avc: granted { nlmsg_readpriv } for comm="DaemonThread-6" scontext=u:r:untrusted_app_27:s0:c512,c768 tcontext=u:r:untrusted_app_27:s0:c512,c768 tclass=netlink_route_socket app=com.wandoujia.phoenix2
05-13 10:55:48.588 15290 15290 I auditd : type=1400 audit(0.0:141194): avc: granted { bind } for comm="NativeThread" scontext=u:r:untrusted_app_27:s0:c512,c768 tcontext=u:r:untrusted_app_27:s0:c512,c768 tclass=netlink_route_socket app=com.wandoujia.phoenix2
05-13 10:55:48.588 15290 15290 I auditd : type=1400 audit(0.0:141195): avc: granted { nlmsg_readpriv } for comm="NativeThread" scontext=u:r:untrusted_app_27:s0:c512,c768 tcontext=u:r:untrusted_app_27:s0:c512,c768 tclass=netlink_route_socket app=com.wandoujia.phoenix2
05-13 10:55:48.602 1525 2055 W ActivityManager: Unable to start service Intent { act=com.google.android.gms.ads.identifier.service.START pkg=com.google.android.gms } U=0: not found
05-13 10:55:48.603 15290 16179 E ActivityThread: Failed to find provider info for com.vivo.vms.IdProvider
05-13 10:55:48.832 17626 17626 I auditd : type=1400 audit(0.0:141196): avc: denied { read } for comm="Thread-25" name="tcp" dev="proc" ino=4026532256 scontext=u:r:untrusted_app:s0:c104,c256,c512,c768 tcontext=u:object_r:proc_net_tcp_udp:s0 tclass=file permissive=1 app=tv.danmaku.bili
05-13 10:55:48.832 17626 17626 I auditd : type=1400 audit(0.0:141197): avc: denied { open } for comm="Thread-25" path="/proc/17626/net/tcp" dev="proc" ino=4026532256 scontext=u:r:untrusted_app:s0:c104,c256,c512,c768 tcontext=u:object_r:proc_net_tcp_udp:s0 tclass=file permissive=1 app=tv.danmaku.bili
05-13 10:55:48.832 17626 17626 I auditd : type=1400 audit(0.0:141198): avc: denied { getattr } for comm="Thread-25" path="/proc/17626/net/tcp" dev="proc" ino=4026532256 scontext=u:r:untrusted_app:s0:c104,c256,c512,c768 tcontext=u:object_r:proc_net_tcp_udp:s0 tclass=file permissive=1 app=tv.danmaku.bili
05-13 10:55:49.758 1525 1894 I sync : [com.tencent.android.qqdownloader.YYBLiveAccountProvider,0,3,24220937]
05-13 10:55:49.777 1525 1894 I sync : [com.tencent.android.qqdownloader.YYBLiveAccountProvider,1,3,24220937]
05-13 10:55:49.781 1525 1894 I commit_sys_config_file: [sync-status,168568003]
05-13 10:55:49.791 1525 1894 I sync : [com.tencent.android.qqdownloader.YYBLiveAccountProvider,0,3,24220937]
05-13 10:55:49.813 1525 1894 I sync : [com.tencent.android.qqdownloader.YYBLiveAccountProvider,1,3,24220937]
05-13 10:55:49.816 1525 1894 I commit_sys_config_file: [sync-status,168568038]
05-13 10:55:49.818 1525 2055 I netstats_mobile_sample: [0,0,0,0,0,0,0,0,0,0,0,0,1683946549818]
05-13 10:55:49.819 1525 2055 I netstats_wifi_sample: [9371011053,8710713,2372051845,7318442,9371011053,8710713,2372051845,7318442,11691602033,11789092,1329276260,5211920,1683946549818]
05-13 10:55:51.783 1525 1606 I commit_sys_config_file: [jobs,5]
05-13 10:55:58.984 15290 15290 I auditd : type=1400 audit(0.0:141199): avc: denied { read } for comm="NativeThread" name="unix" dev="proc" ino=4026532262 scontext=u:r:untrusted_app_27:s0:c512,c768 tcontext=u:object_r:proc_net:s0 tclass=file permissive=1 app=com.wandoujia.phoenix2
05-13 10:55:58.984 15290 15290 I auditd : type=1400 audit(0.0:141200): avc: denied { open } for comm="NativeThread" path="/proc/15290/net/unix" dev="proc" ino=4026532262 scontext=u:r:untrusted_app_27:s0:c512,c768 tcontext=u:object_r:proc_net:s0 tclass=file permissive=1 app=com.wandoujia.phoenix2
05-13 10:55:58.984 15290 15290 I auditd : type=1400 audit(0.0:141201): avc: denied { getattr } for comm="NativeThread" path="/proc/15290/net/unix" dev="proc" ino=4026532262 scontext=u:r:untrusted_app_27:s0:c512,c768 tcontext=u:object_r:proc_net:s0 tclass=file permissive=1 app=com.wandoujia.phoenix2
05-13 10:55:59.220 15290 15290 I auditd : type=1400 audit(0.0:141202): avc: denied { read } for comm="NativeThread" name="version" dev="proc" ino=4026532238 scontext=u:r:untrusted_app_27:s0:c512,c768 tcontext=u:object_r:proc_version:s0 tclass=file permissive=1 app=com.wandoujia.phoenix2
05-13 10:55:59.220 15290 15290 I auditd : type=1400 audit(0.0:141203): avc: denied { open } for comm="NativeThread" path="/proc/version" dev="proc" ino=4026532238 scontext=u:r:untrusted_app_27:s0:c512,c768 tcontext=u:object_r:proc_version:s0 tclass=file permissive=1 app=com.wandoujia.phoenix2
05-13 10:55:59.224 15290 15290 I auditd : type=1400 audit(0.0:141204): avc: granted { bind } for comm="NativeThread" scontext=u:r:untrusted_app_27:s0:c512,c768 tcontext=u:r:untrusted_app_27:s0:c512,c768 tclass=netlink_route_socket app=com.wandoujia.phoenix2
05-13 10:55:59.224 15290 15290 I auditd : type=1400 audit(0.0:141205): avc: granted { nlmsg_readpriv } for comm="NativeThread" scontext=u:r:untrusted_app_27:s0:c512,c768 tcontext=u:r:untrusted_app_27:s0:c512,c768 tclass=netlink_route_socket app=com.wandoujia.phoenix2
05-13 10:55:59.236 1525 20725 W ActivityManager: Unable to start service Intent { act=com.google.android.gms.ads.identifier.service.START pkg=com.google.android.gms } U=0: not found
05-13 10:55:59.237 15290 16179 E ActivityThread: Failed to find provider info for com.vivo.vms.IdProvider
05-13 10:55:59.474 1525 1623 W ProcessStats: Tracking association SourceState{6ba0e71 com.tencent.android.qqdownloader:live/10094 BTopFgs #235267} whose proc state 2 is better than process ProcessState{48ac3f8 com.tencent.android.qqdownloader:daemon/10094 pkg=com.tencent.android.qqdownloader} proc state 3 (25 skipped)
05-13 10:55:59.482 1525 1621 I am_pss : [21892,99015,com.android.webview:sandboxed_process0:org.chromium.content.app.SandboxedProcessService0:0,16186368,4702208,7205888,48848896,0,19,6]
05-13 10:55:59.503 1525 1621 I am_pss : [21121,10109,com.sina.weibo,131611648,101998592,3331072,266473472,0,19,19]
05-13 10:55:59.520 1525 1621 I am_pss : [21430,10109,com.sina.weibo:remote,81570816,55279616,2961408,206741504,0,19,16]
05-13 10:55:59.536 1525 1621 I am_pss : [21340,10109,com.sina.weibo:pushservice,82041856,55353344,2392064,211193856,0,19,15]
05-13 10:55:59.544 1525 1621 I am_pss : [21078,1000,com.android.settings,20237312,11538432,7375872,62566400,0,19,7]
05-13 10:55:59.556 1525 1621 I am_pss : [21071,10095,com.kugou.android,75529216,69947392,2909184,160579584,0,19,12]
05-13 10:55:59.565 1525 1621 I am_pss : [7892,10099,com.ss.android.article.news:sandboxed_process5,29573120,5591040,17326080,62181376,0,19,7]
05-13 10:56:03.686 1525 1525 I notification_enqueue: [10094,11210,com.tencent.android.qqdownloader,127,NULL,0,Notification(channel=channel_id_default_silent shortcut=null contentView=com.tencent.android.qqdownloader/0x7f0a01c2 vibrate=null sound=null defaults=0x0 flags=0x2a2 color=0x00000000 groupKey=com.tencent.android.qqdownloader vis=PRIVATE),1]
05-13 10:56:03.888 1525 1525 I GameModeConfig: isGameModeOn = false
05-13 10:56:08.284 0 0 I auditd : type=1400 audit(0.0:141206): avc: denied { kill } for comm="swapper/1" capability=5 scontext=u:r:kernel:s0 tcontext=u:r:kernel:s0 tclass=capability permissive=1
05-13 10:56:08.420 5784 5784 I auditd : type=1400 audit(0.0:141207): avc: granted { nlmsg_readpriv } for comm="pool-4-thread-1" scontext=u:r:untrusted_app_27:s0:c96,c256,c512,c768 tcontext=u:r:untrusted_app_27:s0:c96,c256,c512,c768 tclass=netlink_route_socket app=com.ximalaya.ting.android
05-13 10:56:08.616 5784 5784 I auditd : type=1400 audit(0.0:141208): avc: granted { nlmsg_readpriv } for comm="pool-6-thread-1" scontext=u:r:untrusted_app_27:s0:c96,c256,c512,c768 tcontext=u:r:untrusted_app_27:s0:c96,c256,c512,c768 tclass=netlink_route_socket app=com.ximalaya.ting.android
05-13 10:56:08.696 22524 22524 I auditd : type=1400 audit(0.0:141209): avc: granted { bind } for comm="ip" scontext=u:r:untrusted_app_27:s0:c96,c256,c512,c768 tcontext=u:r:untrusted_app_27:s0:c96,c256,c512,c768 tclass=netlink_route_socket app=com.ximalaya.ting.android
05-13 10:56:08.696 22524 22524 I auditd : type=1400 audit(0.0:141210): avc: granted { nlmsg_readpriv } for comm="ip" scontext=u:r:untrusted_app_27:s0:c96,c256,c512,c768 tcontext=u:r:untrusted_app_27:s0:c96,c256,c512,c768 tclass=netlink_route_socket app=com.ximalaya.ting.android
05-13 10:56:09.527 1525 1771 W ProcessStats: Tracking association SourceState{6ba0e71 com.tencent.android.qqdownloader:live/10094 BTopFgs #235280} whose proc state 2 is better than process ProcessState{48ac3f8 com.tencent.android.qqdownloader:daemon/10094 pkg=com.tencent.android.qqdownloader} proc state 3 (4 skipped)
05-13 10:56:09.892 15290 15290 I auditd : type=1400 audit(0.0:141211): avc: denied { ioctl } for comm="NativeThread" path="socket:[8696683]" dev="sockfs" ino=8696683 ioctlcmd=0x8927 scontext=u:r:untrusted_app_27:s0:c512,c768 tcontext=u:r:untrusted_app_27:s0:c512,c768 tclass=udp_socket permissive=1 app=com.wandoujia.phoenix2
05-13 10:56:09.892 15290 15290 I auditd : type=1400 audit(0.0:141212): avc: granted { bind } for comm="NativeThread" scontext=u:r:untrusted_app_27:s0:c512,c768 tcontext=u:r:untrusted_app_27:s0:c512,c768 tclass=netlink_route_socket app=com.wandoujia.phoenix2
05-13 10:56:09.892 15290 15290 I auditd : type=1400 audit(0.0:141213): avc: granted { nlmsg_readpriv } for comm="NativeThread" scontext=u:r:untrusted_app_27:s0:c512,c768 tcontext=u:r:untrusted_app_27:s0:c512,c768 tclass=netlink_route_socket app=com.wandoujia.phoenix2
05-13 10:56:09.896 15290 15290 I auditd : type=1400 audit(0.0:141214): avc: denied { getattr } for comm="NativeThread" path="/data/data/com.android.htmlviewer" dev="dm-10" ino=1758 scontext=u:r:untrusted_app_27:s0:c512,c768 tcontext=u:object_r:app_data_file:s0:c46,c256,c512,c768 tclass=dir permissive=1 app=com.wandoujia.phoenix2
05-13 10:56:09.896 15290 15290 I auditd : type=1400 audit(0.0:141215): avc: denied { getattr } for comm="NativeThread" path="/data/data/com.android.printspooler" dev="dm-10" ino=1894 scontext=u:r:untrusted_app_27:s0:c512,c768 tcontext=u:object_r:app_data_file:s0:c41,c256,c512,c768 tclass=dir permissive=1 app=com.wandoujia.phoenix2
05-13 10:56:09.904 1525 1866 W ActivityManager: Unable to start service Intent { act=com.google.android.gms.ads.identifier.service.START pkg=com.google.android.gms } U=0: not found
05-13 10:56:09.905 15290 16179 E ActivityThread: Failed to find provider info for com.vivo.vms.IdProvider
05-13 10:56:12.268 1525 1866 I netstats_mobile_sample: [0,0,0,0,0,0,0,0,0,0,0,0,1683946572268]
05-13 10:56:12.268 1525 1866 I netstats_wifi_sample: [9371909103,8711665,2372372860,7319378,9371909103,8711665,2372372860,7319378,11692817561,11790467,1329454937,5212568,1683946572268]
05-13 10:56:15.272 15290 15290 I auditd : type=1400 audit(0.0:141216): avc: granted { nlmsg_readpriv } for comm="DaemonThread-6" scontext=u:r:untrusted_app_27:s0:c512,c768 tcontext=u:r:untrusted_app_27:s0:c512,c768 tclass=netlink_route_socket app=com.wandoujia.phoenix2
05-13 10:56:15.424 15290 15290 I auditd : type=1400 audit(0.0:141217): avc: granted { nlmsg_readpriv } for comm="DaemonThread-6" scontext=u:r:untrusted_app_27:s0:c512,c768 tcontext=u:r:untrusted_app_27:s0:c512,c768 tclass=netlink_route_socket app=com.wandoujia.phoenix2
05-13 10:56:16.776 15290 15290 I auditd : type=1400 audit(0.0:141218): avc: denied { open } for comm="doujia.phoenix2" path="/proc/vmstat" dev="proc" ino=4026531858 scontext=u:r:untrusted_app_27:s0:c512,c768 tcontext=u:object_r:proc_vmstat:s0 tclass=file permissive=1 app=com.wandoujia.phoenix2
05-13 10:56:16.776 15290 15290 I auditd : type=1400 audit(0.0:141219): avc: denied { getattr } for comm="doujia.phoenix2" path="/proc/vmstat" dev="proc" ino=4026531858 scontext=u:r:untrusted_app_27:s0:c512,c768 tcontext=u:object_r:proc_vmstat:s0 tclass=file permissive=1 app=com.wandoujia.phoenix2
05-13 10:56:18.956 17626 17626 I auditd : type=1400 audit(0.0:141220): avc: denied { read } for comm="Thread-25" name="tcp" dev="proc" ino=4026532256 scontext=u:r:untrusted_app:s0:c104,c256,c512,c768 tcontext=u:object_r:proc_net_tcp_udp:s0 tclass=file permissive=1 app=tv.danmaku.bili
05-13 10:56:18.956 17626 17626 I auditd : type=1400 audit(0.0:141221): avc: denied { open } for comm="Thread-25" path="/proc/17626/net/tcp" dev="proc" ino=4026532256 scontext=u:r:untrusted_app:s0:c104,c256,c512,c768 tcontext=u:object_r:proc_net_tcp_udp:s0 tclass=file permissive=1 app=tv.danmaku.bili
05-13 10:56:18.956 17626 17626 I auditd : type=1400 audit(0.0:141222): avc: denied { getattr } for comm="Thread-25" path="/proc/17626/net/tcp" dev="proc" ino=4026532256 scontext=u:r:untrusted_app:s0:c104,c256,c512,c768 tcontext=u:object_r:proc_net_tcp_udp:s0 tclass=file permissive=1 app=tv.danmaku.bili
05-13 10:56:20.152 15290 15290 I auditd : type=1400 audit(0.0:141223): avc: denied { read } for comm="NativeThread" name="unix" dev="proc" ino=4026532262 scontext=u:r:untrusted_app_27:s0:c512,c768 tcontext=u:object_r:proc_net:s0 tclass=file permissive=1 app=com.wandoujia.phoenix2
05-13 10:56:20.152 15290 15290 I auditd : type=1400 audit(0.0:141224): avc: denied { open } for comm="NativeThread" path="/proc/15290/net/unix" dev="proc" ino=4026532262 scontext=u:r:untrusted_app_27:s0:c512,c768 tcontext=u:object_r:proc_net:s0 tclass=file permissive=1 app=com.wandoujia.phoenix2
05-13 10:56:20.152 15290 15290 I auditd : type=1400 audit(0.0:141225): avc: denied { getattr } for comm="NativeThread" path="/proc/15290/net/unix" dev="proc" ino=4026532262 scontext=u:r:untrusted_app_27:s0:c512,c768 tcontext=u:object_r:proc_net:s0 tclass=file permissive=1 app=com.wandoujia.phoenix2
05-13 10:56:20.396 15290 15290 I auditd : type=1400 audit(0.0:141226): avc: granted { bind } for comm="NativeThread" scontext=u:r:untrusted_app_27:s0:c512,c768 tcontext=u:r:untrusted_app_27:s0:c512,c768 tclass=netlink_route_socket app=com.wandoujia.phoenix2
05-13 10:56:20.396 15290 15290 I auditd : type=1400 audit(0.0:141227): avc: granted { nlmsg_readpriv } for comm="NativeThread" scontext=u:r:untrusted_app_27:s0:c512,c768 tcontext=u:r:untrusted_app_27:s0:c512,c768 tclass=netlink_route_socket app=com.wandoujia.phoenix2
05-13 10:56:20.406 1525 20725 W ActivityManager: Unable to start service Intent { act=com.google.android.gms.ads.identifier.service.START pkg=com.google.android.gms } U=0: not found
05-13 10:56:20.407 15290 16179 E ActivityThread: Failed to find provider info for com.vivo.vms.IdProvider
05-13 10:56:21.107 1525 1812 I netstats_mobile_sample: [0,0,0,0,0,0,0,0,0,0,0,0,1683946581107]
05-13 10:56:21.108 1525 1812 I netstats_wifi_sample: [9372704474,8712328,2372497870,7319758,9372704474,8712328,2372497870,7319758,11693726166,11791288,1329525133,5212836,1683946581107]
05-13 10:56:21.888 20705 20705 I auditd : type=1400 audit(0.0:141228): avc: denied { open } for comm="ss.android.lark" path="/proc/vmstat" dev="proc" ino=4026531858 scontext=u:r:untrusted_app:s0:c110,c256,c512,c768 tcontext=u:object_r:proc_vmstat:s0 tclass=file permissive=1 app=com.ss.android.lark
05-13 10:56:21.888 20705 20705 I auditd : type=1400 audit(0.0:141229): avc: denied { getattr } for comm="ss.android.lark" path="/proc/vmstat" dev="proc" ino=4026531858 scontext=u:r:untrusted_app:s0:c110,c256,c512,c768 tcontext=u:object_r:proc_vmstat:s0 tclass=file permissive=1 app=com.ss.android.lark
05-13 10:56:22.436 1525 1621 W ProcessStats: Tracking association SourceState{6ba0e71 com.tencent.android.qqdownloader:live/10094 BTopFgs #235291} whose proc state 2 is better than process ProcessState{48ac3f8 com.tencent.android.qqdownloader:daemon/10094 pkg=com.tencent.android.qqdownloader} proc state 3 (2 skipped)
05-13 10:56:23.344 16321 16321 I auditd : type=1400 audit(0.0:141230): avc: granted { nlmsg_readpriv } for comm="DaemonThread-6" scontext=u:r:untrusted_app_27:s0:c512,c768 tcontext=u:r:untrusted_app_27:s0:c512,c768 tclass=netlink_route_socket app=com.wandoujia.phoenix2
05-13 10:56:23.472 16321 16321 I auditd : type=1400 audit(0.0:141231): avc: granted { nlmsg_readpriv } for comm="DaemonThread-6" scontext=u:r:untrusted_app_27:s0:c512,c768 tcontext=u:r:untrusted_app_27:s0:c512,c768 tclass=netlink_route_socket app=com.wandoujia.phoenix2
05-13 10:56:24.773 1525 1894 I sync : [com.tencent.android.qqdownloader.YYBLiveAccountProvider,0,3,24220937]
05-13 10:56:24.791 1525 1894 I sync : [com.tencent.android.qqdownloader.YYBLiveAccountProvider,1,3,24220937]
05-13 10:56:24.793 1525 1894 I commit_sys_config_file: [sync-status,168603015]
05-13 10:56:24.799 1525 1894 I sync : [com.tencent.android.qqdownloader.YYBLiveAccountProvider,0,3,24220937]
05-13 10:56:24.827 1525 1894 I sync : [com.tencent.android.qqdownloader.YYBLiveAccountProvider,1,3,24220937]
05-13 10:56:24.830 1525 1894 I commit_sys_config_file: [sync-status,168603052]
05-13 10:56:26.798 1525 1606 I commit_sys_config_file: [jobs,4]
05-13 10:56:30.900 15290 15290 I auditd : type=1400 audit(0.0:141232): avc: granted { bind } for comm="NativeThread" scontext=u:r:untrusted_app_27:s0:c512,c768 tcontext=u:r:untrusted_app_27:s0:c512,c768 tclass=netlink_route_socket app=com.wandoujia.phoenix2
