05-13 08:32:49.228 1525 2599 W Telecom : QuiescentEarpieceRoute: Ignoring switch to bluetooth command. Not available.: BSR.oR->CARSM.pM_BT_ACTIVE_DEVICE_PRESENT->CARSM.pM_SWITCH_BLUETOOTH@AMc
05-13 08:32:49.228 1525 2599 I Telecom : CallAudioRouteStateMachine: Message received: BLUETOOTH_DEVICE_LIST_CHANGED=7, arg1=0: BSR.oR->CARSM.pM_BLUETOOTH_DEVICE_LIST_CHANGED@AMg
05-13 08:32:49.228 1525 2599 I Telecom : QuiescentEarpieceRoute: Processing message BLUETOOTH_DEVICE_LIST_CHANGED: BSR.oR->CARSM.pM_BLUETOOTH_DEVICE_LIST_CHANGED@AMg
05-13 08:32:49.228 1525 2599 I Telecom : Logging.Events: Non-call EVENT: AUDIO_ROUTE, Bluetooth device list changed: BSR.oR->CARSM.pM_BLUETOOTH_DEVICE_LIST_CHANGED@AMg
05-13 08:32:49.228 1525 2588 I Telecom : BluetoothRouteManager: Message received: NEW_DEVICE_CONNECTED.: BSR.oR->BRM.pM_1@AMg
05-13 08:32:49.229 1525 1525 I Telecom : WiredHeadsetManager: ACTION_HEADSET_PLUG event, plugged in: false, : WHC.oADR@AMk
05-13 08:32:49.229 1525 1525 I Telecom : WiredHeadsetManager: ACTION_HEADSET_PLUG event, plugged in: false, : WHC.oADA@AMo
05-13 08:32:49.328 1525 1623 W BroadcastQueue: Permission Denial: receiving Intent { act=android.bluetooth.a2dp.profile.action.CONNECTION_STATE_CHANGED flg=0x5000010 (has extras) } to ProcessRecord{1486586 15458:com.netease.cloudmusic:play/u0a101} (pid=15458, uid=10101) requires android.permission.BLUETOOTH_CONNECT due to sender com.android.bluetooth (uid 1002)
05-13 08:32:50.785 1525 1621 W ProcessStats: Tracking association SourceState{6ba0e71 com.tencent.android.qqdownloader:live/10094 BTopFgs #220039} whose proc state 2 is better than process ProcessState{48ac3f8 com.tencent.android.qqdownloader:daemon/10094 pkg=com.tencent.android.qqdownloader} proc state 3 (9 skipped)
05-13 08:32:51.414 1525 2055 W ActivityManager: Unable to start service Intent { act=com.google.android.gms.ads.identifier.service.START pkg=com.google.android.gms } U=0: not found
05-13 08:32:51.415 15290 16179 E ActivityThread: Failed to find provider info for com.vivo.vms.IdProvider
05-13 08:32:51.446 1525 2055 W NotificationService: Toast already killed. pkg=com.android.settings token=android.os.BinderProxy@b5f6a5e
05-13 08:32:51.464 1525 1623 W BroadcastQueue: Permission Denial: receiving Intent { act=android.bluetooth.a2dp.profile.action.CONNECTION_STATE_CHANGED flg=0x5000010 (has extras) } to ProcessRecord{1486586 15458:com.netease.cloudmusic:play/u0a101} (pid=15458, uid=10101) requires android.permission.BLUETOOTH_CONNECT due to sender com.android.bluetooth (uid 1002)
05-13 08:32:51.534 1525 1525 I Telecom : WiredHeadsetManager: ACTION_HEADSET_PLUG event, plugged in: false, : WHC.oADA@AMs
05-13 08:32:51.588 1525 1829 I GameModeConfig: isGameModeOn = false
05-13 08:32:54.071 1525 3075 W NotificationService: Toast already killed. pkg=com.android.settings token=android.os.BinderProxy@7d7873c
05-13 08:32:54.815 1525 1607 I ActivityTaskManager: FOREGROUND_APPLICATION_CHANGED to com.ss.android.ugc.aweme.main.MainActivity
05-13 08:32:58.870 1525 1525 D CompanionDeviceManagerService: TriggerDeviceDisappearedRunnable.run(address = 60:F4:3A:B2:E8:8D)
05-13 08:33:00.423 1525 1623 W BroadcastQueue: Permission Denial: receiving Intent { act=android.bluetooth.a2dp.profile.action.CONNECTION_STATE_CHANGED flg=0x5000010 (has extras) } to ProcessRecord{1486586 15458:com.netease.cloudmusic:play/u0a101} (pid=15458, uid=10101) requires android.permission.BLUETOOTH_CONNECT due to sender com.android.bluetooth (uid 1002)
05-13 08:33:00.443 1525 1623 W BroadcastQueue: Permission Denial: receiving Intent { act=android.bluetooth.device.action.ACL_DISCONNECTED flg=0x5000010 (has extras) } to ProcessRecord{1486586 15458:com.netease.cloudmusic:play/u0a101} (pid=15458, uid=10101) requires android.permission.BLUETOOTH_CONNECT due to sender com.android.bluetooth (uid 1002)
05-13 08:33:00.444 1525 1525 D CompanionDeviceManagerService: 60:F4:3A:B2:E8:8D disconnected w/ reason: (1104) Timeout
05-13 08:33:00.444 1525 1525 D CompanionDeviceManagerService: onDeviceDisconnected(address = 60:F4:3A:B2:E8:8D)
05-13 08:33:00.446 1525 1525 I Telecom : BluetoothStateReceiver: Device null is now the preferred BT device for HFP: BSR.oR@AMw
05-13 08:33:00.446 1525 2599 I Telecom : CallAudioRouteStateMachine: Message received: BT_ACTIVE_DEVICE_GONE=9, arg1=0: BSR.oR->CARSM.pM_BT_ACTIVE_DEVICE_GONE@AMw
05-13 08:33:00.446 1525 2599 I Telecom : QuiescentEarpieceRoute: Processing message BT_ACTIVE_DEVICE_GONE: BSR.oR->CARSM.pM_BT_ACTIVE_DEVICE_GONE@AMw
05-13 08:33:00.446 1525 2599 I Telecom : Logging.Events: Non-call EVENT: AUDIO_ROUTE, Bluetooth active device gone: BSR.oR->CARSM.pM_BT_ACTIVE_DEVICE_GONE@AMw
05-13 08:33:00.447 1525 1525 I Telecom : BluetoothStateReceiver: Device 60:F4:3A:B2:E8:8D changed state to 0: BSR.oR@AM0
05-13 08:33:00.447 1525 2588 I Telecom : BluetoothRouteManager: Message received: LOST_DEVICE.: BSR.oR->BRM.pM_2@AM0
05-13 08:33:00.447 1525 2599 I Telecom : CallAudioRouteStateMachine: Message received: BLUETOOTH_DEVICE_LIST_CHANGED=7, arg1=0: BSR.oR->CARSM.pM_BLUETOOTH_DEVICE_LIST_CHANGED@AM0
05-13 08:33:00.447 1525 2599 I Telecom : QuiescentEarpieceRoute: Processing message BLUETOOTH_DEVICE_LIST_CHANGED: BSR.oR->CARSM.pM_BLUETOOTH_DEVICE_LIST_CHANGED@AM0
05-13 08:33:00.447 1525 1623 W BroadcastQueue: Permission Denial: broadcasting Intent { act=android.bluetooth.headset.profile.action.CONNECTION_STATE_CHANGED flg=0x1000010 (has extras) } from com.android.bluetooth (pid=19415, uid=1002) requires com.baidu.input.permission.REGISTERRECEIVE due to registered receiver BroadcastFilter{dcb3fde 10036/u0 ReceiverList{34ef260 3378 com.baidu.input/10036/u0 remote:a7b6663}}
05-13 08:33:00.447 1525 2599 I Telecom : Logging.Events: Non-call EVENT: AUDIO_ROUTE, Bluetooth device list changed: BSR.oR->CARSM.pM_BLUETOOTH_DEVICE_LIST_CHANGED@AM0
05-13 08:33:00.451 1525 1623 W BroadcastQueue: Permission Denial: receiving Intent { act=android.bluetooth.adapter.action.CONNECTION_STATE_CHANGED flg=0x4000010 (has extras) } to ProcessRecord{1486586 15458:com.netease.cloudmusic:play/u0a101} (pid=15458, uid=10101) requires android.permission.BLUETOOTH_CONNECT due to sender com.android.bluetooth (uid 1002)
05-13 08:33:01.429 1525 1525 I Telecom : WiredHeadsetManager: ACTION_HEADSET_PLUG event, plugged in: false, : WHC.oADR@AM4
05-13 08:33:01.857 1525 3646 W ActivityManager: Unable to start service Intent { act=com.google.android.gms.ads.identifier.service.START pkg=com.google.android.gms } U=0: not found
05-13 08:33:01.858 15290 16179 E ActivityThread: Failed to find provider info for com.vivo.vms.IdProvider
05-13 08:33:02.192 1525 1525 W WindowManager: removeWindowToken: Attempted to remove non-existing token: android.os.Binder@a7e030a
05-13 08:33:02.902 1525 1621 W ProcessStats: Tracking association SourceState{6ba0e71 com.tencent.android.qqdownloader:live/10094 BTopFgs #220079} whose proc state 2 is better than process ProcessState{48ac3f8 com.tencent.android.qqdownloader:daemon/10094 pkg=com.tencent.android.qqdownloader} proc state 3 (25 skipped)
05-13 08:33:04.814 1525 1525 W WindowManager: removeWindowToken: Attempted to remove non-existing token: android.os.Binder@fb3ce6a
05-13 08:33:08.463 1525 3646 W ActivityManager: Background start not allowed: service Intent { cmp=tv.danmaku.bili/com.bilibili.lib.neuron.internal.NeuronLocalService (has extras) } to tv.danmaku.bili/com.bilibili.lib.neuron.internal.NeuronLocalService from pid=17626 uid=10104 pkg=tv.danmaku.bili startFg?=false
05-13 08:33:10.623 1525 1525 D CompanionDeviceManagerService: onDeviceConnected(address = 60:F4:3A:B2:E8:8D)
05-13 08:33:10.623 1525 1623 W BroadcastQueue: Permission Denial: receiving Intent { act=android.bluetooth.device.action.ACL_CONNECTED flg=0x5000010 (has extras) } to ProcessRecord{1486586 15458:com.netease.cloudmusic:play/u0a101} (pid=15458, uid=10101) requires android.permission.BLUETOOTH_CONNECT due to sender com.android.bluetooth (uid 1002)
05-13 08:33:10.624 1525 1525 I CompanionDeviceManagerService: onDeviceNearby(justAppeared, address = 60:F4:3A:B2:E8:8D)
05-13 08:33:10.735 1525 1525 I Telecom : BluetoothStateReceiver: Device 60:F4:3A:B2:E8:8D changed state to 1: BSR.oR@AM8
05-13 08:33:10.735 1525 1623 W BroadcastQueue: Permission Denial: broadcasting Intent { act=android.bluetooth.headset.profile.action.CONNECTION_STATE_CHANGED flg=0x1000010 (has extras) } from com.android.bluetooth (pid=19415, uid=1002) requires com.baidu.input.permission.REGISTERRECEIVE due to registered receiver BroadcastFilter{dcb3fde 10036/u0 ReceiverList{34ef260 3378 com.baidu.input/10036/u0 remote:a7b6663}}
05-13 08:33:10.741 1525 1623 W BroadcastQueue: Permission Denial: receiving Intent { act=android.bluetooth.adapter.action.CONNECTION_STATE_CHANGED flg=0x4000010 (has extras) } to ProcessRecord{1486586 15458:com.netease.cloudmusic:play/u0a101} (pid=15458, uid=10101) requires android.permission.BLUETOOTH_CONNECT due to sender com.android.bluetooth (uid 1002)
05-13 08:33:10.909 1525 1525 I Telecom : BluetoothStateReceiver: Device 60:F4:3A:B2:E8:8D is now the preferred BT device for HFP: BSR.oR@ANA
05-13 08:33:10.914 1525 2599 I Telecom : CallAudioRouteStateMachine: Message received: BT_ACTIVE_DEVICE_PRESENT=8, arg1=0: BSR.oR->CARSM.pM_BT_ACTIVE_DEVICE_PRESENT@ANA
05-13 08:33:10.914 1525 2599 I Telecom : QuiescentEarpieceRoute: Processing message BT_ACTIVE_DEVICE_PRESENT: BSR.oR->CARSM.pM_BT_ACTIVE_DEVICE_PRESENT@ANA
05-13 08:33:10.914 1525 2599 I Telecom : Logging.Events: Non-call EVENT: AUDIO_ROUTE, Bluetooth active device present: BSR.oR->CARSM.pM_BT_ACTIVE_DEVICE_PRESENT@ANA
05-13 08:33:10.915 1525 2599 I Telecom : CallAudioRouteStateMachine: Message received: SWITCH_BLUETOOTH=1002, arg1=0: BSR.oR->CARSM.pM_BT_ACTIVE_DEVICE_PRESENT->CARSM.pM_SWITCH_BLUETOOTH@ANA
05-13 08:33:10.915 1525 2599 I Telecom : QuiescentEarpieceRoute: Processing message SWITCH_BLUETOOTH: BSR.oR->CARSM.pM_BT_ACTIVE_DEVICE_PRESENT->CARSM.pM_SWITCH_BLUETOOTH@ANA
05-13 08:33:10.915 1525 2599 W Telecom : QuiescentEarpieceRoute: Ignoring switch to bluetooth command. Not available.: BSR.oR->CARSM.pM_BT_ACTIVE_DEVICE_PRESENT->CARSM.pM_SWITCH_BLUETOOTH@ANA
05-13 08:33:10.917 1525 1623 W BroadcastQueue: Permission Denial: broadcasting Intent { act=android.bluetooth.headset.profile.action.CONNECTION_STATE_CHANGED flg=0x1000010 (has extras) } from com.android.bluetooth (pid=19415, uid=1002) requires com.baidu.input.permission.REGISTERRECEIVE due to registered receiver BroadcastFilter{dcb3fde 10036/u0 ReceiverList{34ef260 3378 com.baidu.input/10036/u0 remote:a7b6663}}
05-13 08:33:10.918 1525 1525 I Telecom : BluetoothStateReceiver: Device 60:F4:3A:B2:E8:8D changed state to 2: BSR.oR@ANE
05-13 08:33:10.918 1525 2599 I Telecom : CallAudioRouteStateMachine: Message received: BLUETOOTH_DEVICE_LIST_CHANGED=7, arg1=0: BSR.oR->CARSM.pM_BLUETOOTH_DEVICE_LIST_CHANGED@ANE
05-13 08:33:10.918 1525 2599 I Telecom : QuiescentEarpieceRoute: Processing message BLUETOOTH_DEVICE_LIST_CHANGED: BSR.oR->CARSM.pM_BLUETOOTH_DEVICE_LIST_CHANGED@ANE
05-13 08:33:10.918 1525 2599 I Telecom : Logging.Events: Non-call EVENT: AUDIO_ROUTE, Bluetooth device list changed: BSR.oR->CARSM.pM_BLUETOOTH_DEVICE_LIST_CHANGED@ANE
05-13 08:33:10.919 1525 2588 I Telecom : BluetoothRouteManager: Message received: NEW_DEVICE_CONNECTED.: BSR.oR->BRM.pM_1@ANE
05-13 08:33:10.922 1525 1623 W BroadcastQueue: Permission Denial: receiving Intent { act=android.bluetooth.adapter.action.CONNECTION_STATE_CHANGED flg=0x4000010 (has extras) } to ProcessRecord{1486586 15458:com.netease.cloudmusic:play/u0a101} (pid=15458, uid=10101) requires android.permission.BLUETOOTH_CONNECT due to sender com.android.bluetooth (uid 1002)
05-13 08:33:11.040 1525 1623 W BroadcastQueue: Permission Denial: receiving Intent { act=android.bluetooth.a2dp.profile.action.CONNECTION_STATE_CHANGED flg=0x5000010 (has extras) } to ProcessRecord{1486586 15458:com.netease.cloudmusic:play/u0a101} (pid=15458, uid=10101) requires android.permission.BLUETOOTH_CONNECT due to sender com.android.bluetooth (uid 1002)
05-13 08:33:12.337 1525 9327 W ActivityManager: Unable to start service Intent { act=com.google.android.gms.ads.identifier.service.START pkg=com.google.android.gms } U=0: not found
05-13 08:33:12.338 15290 16179 E ActivityThread: Failed to find provider info for com.vivo.vms.IdProvider
05-13 08:33:13.189 1525 1623 W BroadcastQueue: Permission Denial: receiving Intent { act=android.bluetooth.a2dp.profile.action.CONNECTION_STATE_CHANGED flg=0x5000010 (has extras) } to ProcessRecord{1486586 15458:com.netease.cloudmusic:play/u0a101} (pid=15458, uid=10101) requires android.permission.BLUETOOTH_CONNECT due to sender com.android.bluetooth (uid 1002)
05-13 08:33:13.504 1525 1525 I Telecom : WiredHeadsetManager: ACTION_HEADSET_PLUG event, plugged in: false, : WHC.oADA@ANI
05-13 08:33:15.084 1525 1621 W ProcessStats: Tracking association SourceState{6ba0e71 com.tencent.android.qqdownloader:live/10094 BTopFgs #220084} whose proc state 2 is better than process ProcessState{48ac3f8 com.tencent.android.qqdownloader:daemon/10094 pkg=com.tencent.android.qqdownloader} proc state 3 (4 skipped)
05-13 08:33:15.817 1525 2087 W NotificationService: Toast already killed. pkg=com.android.settings token=android.os.BinderProxy@f1e8c8d
05-13 08:33:20.624 1525 1525 D CompanionDeviceManagerService: TriggerDeviceDisappearedRunnable.run(address = 60:F4:3A:B2:E8:8D)
05-13 08:33:22.056 1525 1623 W BroadcastQueue: Permission Denial: receiving Intent { act=android.bluetooth.a2dp.profile.action.CONNECTION_STATE_CHANGED flg=0x5000010 (has extras) } to ProcessRecord{1486586 15458:com.netease.cloudmusic:play/u0a101} (pid=15458, uid=10101) requires android.permission.BLUETOOTH_CONNECT due to sender com.android.bluetooth (uid 1002)
05-13 08:33:22.066 1525 1525 I Telecom : BluetoothStateReceiver: Device null is now the preferred BT device for HFP: BSR.oR@ANM
05-13 08:33:22.067 1525 2599 I Telecom : CallAudioRouteStateMachine: Message received: BT_ACTIVE_DEVICE_GONE=9, arg1=0: BSR.oR->CARSM.pM_BT_ACTIVE_DEVICE_GONE@ANM
05-13 08:33:22.067 1525 2599 I Telecom : QuiescentEarpieceRoute: Processing message BT_ACTIVE_DEVICE_GONE: BSR.oR->CARSM.pM_BT_ACTIVE_DEVICE_GONE@ANM
05-13 08:33:22.067 1525 2599 I Telecom : Logging.Events: Non-call EVENT: AUDIO_ROUTE, Bluetooth active device gone: BSR.oR->CARSM.pM_BT_ACTIVE_DEVICE_GONE@ANM
05-13 08:33:22.069 1525 1525 I Telecom : BluetoothStateReceiver: Device 60:F4:3A:B2:E8:8D changed state to 0: BSR.oR@ANQ
05-13 08:33:22.069 1525 2588 I Telecom : BluetoothRouteManager: Message received: LOST_DEVICE.: BSR.oR->BRM.pM_2@ANQ
05-13 08:33:22.069 1525 2599 I Telecom : CallAudioRouteStateMachine: Message received: BLUETOOTH_DEVICE_LIST_CHANGED=7, arg1=0: BSR.oR->CARSM.pM_BLUETOOTH_DEVICE_LIST_CHANGED@ANQ
05-13 08:33:22.069 1525 2599 I Telecom : QuiescentEarpieceRoute: Processing message BLUETOOTH_DEVICE_LIST_CHANGED: BSR.oR->CARSM.pM_BLUETOOTH_DEVICE_LIST_CHANGED@ANQ
05-13 08:33:22.069 1525 2599 I Telecom : Logging.Events: Non-call EVENT: AUDIO_ROUTE, Bluetooth device list changed: BSR.oR->CARSM.pM_BLUETOOTH_DEVICE_LIST_CHANGED@ANQ
05-13 08:33:22.069 1525 1623 W BroadcastQueue: Permission Denial: broadcasting Intent { act=android.bluetooth.headset.profile.action.CONNECTION_STATE_CHANGED flg=0x1000010 (has extras) } from com.android.bluetooth (pid=19415, uid=1002) requires com.baidu.input.permission.REGISTERRECEIVE due to registered receiver BroadcastFilter{dcb3fde 10036/u0 ReceiverList{34ef260 3378 com.baidu.input/10036/u0 remote:a7b6663}}
05-13 08:33:22.072 1525 1525 D CompanionDeviceManagerService: 60:F4:3A:B2:E8:8D disconnected w/ reason: (1104) Timeout
05-13 08:33:22.072 1525 1525 D CompanionDeviceManagerService: onDeviceDisconnected(address = 60:F4:3A:B2:E8:8D)
05-13 08:33:22.072 1525 1623 W BroadcastQueue: Permission Denial: receiving Intent { act=android.bluetooth.device.action.ACL_DISCONNECTED flg=0x5000010 (has extras) } to ProcessRecord{1486586 15458:com.netease.cloudmusic:play/u0a101} (pid=15458, uid=10101) requires android.permission.BLUETOOTH_CONNECT due to sender com.android.bluetooth (uid 1002)
05-13 08:33:22.074 1525 1623 W BroadcastQueue: Permission Denial: receiving Intent { act=android.bluetooth.adapter.action.CONNECTION_STATE_CHANGED flg=0x4000010 (has extras) } to ProcessRecord{1486586 15458:com.netease.cloudmusic:play/u0a101} (pid=15458, uid=10101) requires android.permission.BLUETOOTH_CONNECT due to sender com.android.bluetooth (uid 1002)
05-13 08:33:22.875 1525 1525 I Telecom : WiredHeadsetManager: ACTION_HEADSET_PLUG event, plugged in: false, : WHC.oADR@ANU
05-13 08:33:22.953 1525 9327 W ActivityManager: Unable to start service Intent { act=com.google.android.gms.ads.identifier.service.START pkg=com.google.android.gms } U=0: not found
05-13 08:33:22.953 15290 16179 E ActivityThread: Failed to find provider info for com.vivo.vms.IdProvider
05-13 08:33:26.547 1525 1525 W WindowManager: removeWindowToken: Attempted to remove non-existing token: android.os.Binder@2198319
05-13 08:33:27.202 1525 1621 W ProcessStats: Tracking association SourceState{6ba0e71 com.tencent.android.qqdownloader:live/10094 BTopFgs #220090} whose proc state 2 is better than process ProcessState{48ac3f8 com.tencent.android.qqdownloader:daemon/10094 pkg=com.tencent.android.qqdownloader} proc state 3 (5 skipped)
05-13 08:33:29.086 1525 9327 I DisplayDeviceRepository: Display device removed: DisplayDeviceInfo{"Recording Display": uniqueId="virtual:com.android.systemui,10079,Recording Display,0", 2380 x 1020, modeId 6, defaultModeId 6, supportedModes [{id=6, width=2380, height=1020, fps=60.0, alternativeRefreshRates=[]}], colorMode 0, supportedColorModes [0], hdrCapabilities null, allmSupported false, gameContentTypeSupported false, density 240, 240.0 x 240.0 dpi, appVsyncOff 0, presDeadline 16666666, touch NONE, rotation 0, type VIRTUAL, deviceProductInfo null, state ON, owner com.android.systemui (uid 10079), frameRateOverride , brightnessMinimum 0.0, brightnessMaximum 0.0, brightnessDefault 0.0, FLAG_PRIVATE, FLAG_PRESENTATION}
05-13 08:33:29.086 1525 9327 I LogicalDisplayMapper: Removing display: 4
05-13 08:33:29.089 1525 1605 W DisplayManagerService: Display DisplayDeviceInfo{"virtual_display_ls": uniqueId="virtual:com.tencent.android.qqdownloader,10094,virtual_display_ls,0", 5 x 5, modeId 5, defaultModeId 5, supportedModes [{id=5, width=5, height=5, fps=60.0, alternativeRefreshRates=[]}], colorMode 0, supportedColorModes [0], hdrCapabilities null, allmSupported false, gameContentTypeSupported false, density 240, 240.0 x 240.0 dpi, appVsyncOff 0, presDeadline 16666666, touch NONE, rotation 0, type VIRTUAL, deviceProductInfo null, state OFF, owner com.tencent.android.qqdownloader (uid 10094), frameRateOverride , brightnessMinimum 0.0, brightnessMaximum 0.0, brightnessDefault 0.0, FLAG_PRIVATE, FLAG_NEVER_BLANK, FLAG_OWN_CONTENT_ONLY} does not support input device matching.
05-13 08:33:29.093 1525 1623 I DropBoxManagerService: add tag=system_server_wtf isTagEnabled=true flags=0x2
05-13 08:33:29.095 1525 1623 I DropBoxManagerService: add tag=system_server_wtf isTagEnabled=true flags=0x2
05-13 08:33:29.097 1525 9327 D CompatibilityChangeReporter: Compat change id reported: 149924527; UID 10079; state: ENABLED
05-13 08:33:29.098 1525 9327 D CompatibilityChangeReporter: Compat change id reported: 132649864; UID 10079; state: DISABLED
05-13 08:33:29.098 1525 9327 D CompatibilityChangeReporter: Compat change id reported: 182734110; UID 10079; state: ENABLED
05-13 08:33:29.101 1525 9327 W WindowManager: Failed looking up window session=Session{beedbae 1914:u0a10079} callers=com.android.server.wm.WindowManagerService.windowForClientLocked:5628 com.android.server.wm.WindowManagerService.removeWindow:2033 com.android.server.wm.Session.remove:218
05-13 08:33:29.103 1525 1555 D CompatibilityChangeReporter: Compat change id reported: 172100307; UID 10079; state: ENABLED
05-13 08:33:29.292 1525 1525 I GameModeConfig: isGameModeOn = false
05-13 08:33:29.294 1525 1525 W NotificationHistory: Attempted to add notif for locked/gone/disabled user 0
05-13 08:33:29.562 1525 1525 I GameModeConfig: isGameModeOn = false
05-13 08:33:29.563 1525 1525 E NotificationService: Muting recently noisy 0|com.android.systemui|4273|null|10079
05-13 08:33:29.564 1525 1525 W NotificationHistory: Attempted to add notif for locked/gone/disabled user 0
05-13 08:33:29.793 1525 20626 E NotificationService: No vibration for canceled notification : 0|com.android.systemui|4275|null|10079
05-13 08:33:31.694 1525 9280 W NotificationService: Toast already killed. pkg=com.android.systemui token=android.os.BinderProxy@ad28741
05-13 08:33:33.440 1525 1555 W ActivityManager: Unable to start service Intent { act=com.google.android.gms.ads.identifier.service.START pkg=com.google.android.gms } U=0: not found
05-13 08:33:33.440 15290 16179 E ActivityThread: Failed to find provider info for com.vivo.vms.IdProvider
05-13 08:33:38.526 1525 9280 W ActivityManager: Background start not allowed: service Intent { cmp=tv.danmaku.bili/com.bilibili.lib.neuron.internal.NeuronLocalService (has extras) } to tv.danmaku.bili/com.bilibili.lib.neuron.internal.NeuronLocalService from pid=17626 uid=10104 pkg=tv.danmaku.bili startFg?=false
05-13 08:33:38.531 1525 9280 W ProcessStats: Tracking association SourceState{6ba0e71 com.tencent.android.qqdownloader:live/10094 BTopFgs #220130} whose proc state 2 is better than process ProcessState{48ac3f8 com.tencent.android.qqdownloader:daemon/10094 pkg=com.tencent.android.qqdownloader} proc state 3 (24 skipped)
05-13 08:33:39.563 1525 1829 I GameModeConfig: isGameModeOn = false
05-13 08:33:42.434 1525 1525 W WindowManager: removeWindowToken: Attempted to remove non-existing token: android.os.Binder@796f238
05-13 08:33:43.954 1525 1555 W ActivityManager: Unable to start service Intent { act=com.google.android.gms.ads.identifier.service.START pkg=com.google.android.gms } U=0: not found
05-13 08:33:43.955 15290 16179 E ActivityThread: Failed to find provider info for com.vivo.vms.IdProvider
05-13 08:33:44.360 1525 1525 I GameModeConfig: isGameModeOn = false
05-13 08:33:51.472 1525 1621 W ProcessStats: Tracking association SourceState{6ba0e71 com.tencent.android.qqdownloader:live/10094 BTopFgs #220144} whose proc state 2 is better than process ProcessState{48ac3f8 com.tencent.android.qqdownloader:daemon/10094 pkg=com.tencent.android.qqdownloader} proc state 3 (13 skipped)
05-13 08:33:54.436 1525 9327 W ActivityManager: Unable to start service Intent { act=com.google.android.gms.ads.identifier.service.START pkg=com.google.android.gms } U=0: not found
05-13 08:33:54.437 15290 16179 E ActivityThread: Failed to find provider info for com.vivo.vms.IdProvider
05-13 08:34:03.092 1525 1623 W ProcessStats: Tracking association SourceState{6ba0e71 com.tencent.android.qqdownloader:live/10094 BTopFgs #220150} whose proc state 2 is better than process ProcessState{48ac3f8 com.tencent.android.qqdownloader:daemon/10094 pkg=com.tencent.android.qqdownloader} proc state 3 (5 skipped)
05-13 08:34:04.944 1525 1555 W ActivityManager: Unable to start service Intent { act=com.google.android.gms.ads.identifier.service.START pkg=com.google.android.gms } U=0: not found
05-13 08:34:04.945 15290 16179 E ActivityThread: Failed to find provider info for com.vivo.vms.IdProvider
05-13 08:34:08.573 1525 9280 W ActivityManager: Background start not allowed: service Intent { cmp=tv.danmaku.bili/com.bilibili.lib.neuron.internal.NeuronLocalService (has extras) } to tv.danmaku.bili/com.bilibili.lib.neuron.internal.NeuronLocalService from pid=17626 uid=10104 pkg=tv.danmaku.bili startFg?=false
05-13 08:34:13.138 1525 1771 W ProcessStats: Tracking association SourceState{6ba0e71 com.tencent.android.qqdownloader:live/10094 BTopFgs #220188} whose proc state 2 is better than process ProcessState{48ac3f8 com.tencent.android.qqdownloader:daemon/10094 pkg=com.tencent.android.qqdownloader} proc state 3 (25 skipped)
05-13 08:34:15.385 1525 9280 W ActivityManager: Unable to start service Intent { act=com.google.android.gms.ads.identifier.service.START pkg=com.google.android.gms } U=0: not found
05-13 08:34:15.386 15290 16179 E ActivityThread: Failed to find provider info for com.vivo.vms.IdProvider
05-13 08:34:17.705 1525 1607 I ActivityTaskManager: FOREGROUND_APPLICATION_CHANGED to com.android.settings.homepage.SettingsHomepageActivity
05-13 08:34:17.882 1525 1603 D AutofillManagerService: Close system dialogs
05-13 08:34:17.888 1525 5323 W ActivityTaskManager: getTaskSnapshot: taskId=693 not found
05-13 08:34:18.277 1525 9708 I ActivityTaskManager: FOREGROUND_APPLICATION_CHANGED to com.android.launcher3.uioverrides.QuickstepLauncher
05-13 08:34:18.298 1525 25364 I ActivityTaskManager: START u0 {flg=0x10010000 cmp=com.android.launcher3/com.android.quickstep.RecentsActivity} from uid 10075
05-13 08:34:18.311 1525 25364 W ActivityTaskManager: Can't find TaskDisplayArea to determine support for multi window. Task id=350 attached=false
05-13 08:34:18.318 1525 25364 I ActivityTaskManager: The Process com.android.launcher3 Already Exists in BG. So sending its PID: 2636
05-13 08:34:18.318 1525 25364 W ActivityTaskManager: Tried to set launchTime (0) < mLastActivityLaunchTime (159600951)
05-13 08:34:18.329 1525 9708 W ActivityTaskManager: Request to remove task ignored for non-existent task 349
05-13 08:34:18.341 1525 29917 I ActivityTaskManager: FOREGROUND_APPLICATION_CHANGED to com.android.quickstep.RecentsActivity
05-13 08:34:18.357 1525 15278 I ActivityTaskManager: FOREGROUND_APPLICATION_CHANGED to com.android.launcher3.uioverrides.QuickstepLauncher
05-13 08:34:19.529 1525 15278 I thunderperf: PlatormCompat.setOverrides: Uid1=10075 Pid1=2636 Uid2=10075 Pid2=2636
05-13 08:34:19.529 1525 15278 I thunderperf: PlatormCompat.setOverrides: needCheck:false
05-13 08:34:19.529 1525 15278 I thunderperf: CompatConfig.addOverrideUnsafe: bef-state=0
05-13 08:34:19.529 1525 15278 I thunderperf: CompatConfig.addOverrideUnsafe: aft-state=0
05-13 08:34:19.529 1525 15278 I thunderperf: CompatConfig.addOverrideUnsafe: bef-state=0
05-13 08:34:19.529 1525 15278 I thunderperf: CompatConfig.addOverrideUnsafe: aft-state=0
05-13 08:34:19.529 1525 15278 I thunderperf: CompatConfig.addOverrideUnsafe: bef-state=0
05-13 08:34:19.529 1525 15278 I thunderperf: CompatConfig.addOverrideUnsafe: aft-state=0
05-13 08:34:19.529 1525 15278 I thunderperf: CompatConfig.addOverrideUnsafe: bef-state=0
05-13 08:34:19.529 1525 15278 I thunderperf: CompatConfig.addOverrideUnsafe: aft-state=0
05-13 08:34:19.529 1525 15278 I thunderperf: CompatConfig.addOverrideUnsafe: bef-state=0
05-13 08:34:19.529 1525 15278 I thunderperf: CompatConfig.addOverrideUnsafe: aft-state=0
05-13 08:34:19.530 1525 15278 I thunderperf: CompatConfig.addOverrideUnsafe: bef-state=0
05-13 08:34:19.530 1525 15278 I thunderperf: CompatConfig.addOverrideUnsafe: aft-state=0
05-13 08:34:19.530 1525 15278 I thunderperf: CompatConfig.addOverrideUnsafe: bef-state=0
05-13 08:34:19.530 1525 15278 I thunderperf: CompatConfig.addOverrideUnsafe: aft-state=0
05-13 08:34:19.530 1525 15278 I thunderperf: CompatConfig.addOverrideUnsafe: bef-state=0
05-13 08:34:19.530 1525 15278 I thunderperf: CompatConfig.addOverrideUnsafe: aft-state=0
05-13 08:34:19.530 1525 15278 I thunderperf: CompatConfig.addOverrideUnsafe: bef-state=0
05-13 08:34:19.530 1525 15278 I thunderperf: CompatConfig.addOverrideUnsafe: aft-state=0
05-13 08:34:19.530 1525 15278 I thunderperf: CompatConfig.addOverrideUnsafe: bef-state=0
05-13 08:34:19.530 1525 15278 I thunderperf: CompatConfig.addOverrideUnsafe: aft-state=0
05-13 08:34:19.531 1525 15278 I thunderperf: CompatConfig.addOverrideUnsafe: bef-state=0
05-13 08:34:19.531 1525 15278 I thunderperf: CompatConfig.addOverrideUnsafe: aft-state=0
05-13 08:34:19.531 1525 15278 I thunderperf: CompatConfig.addOverrideUnsafe: bef-state=0
05-13 08:34:19.531 1525 15278 I thunderperf: CompatConfig.addOverrideUnsafe: aft-state=0
05-13 08:34:19.531 1525 15278 I thunderperf: CompatConfig.addOverrideUnsafe: bef-state=0
05-13 08:34:19.531 1525 15278 I thunderperf: CompatConfig.addOverrideUnsafe: aft-state=0
05-13 08:34:19.531 1525 15278 I thunderperf: CompatConfig.addOverrideUnsafe: bef-state=0
05-13 08:34:19.531 1525 15278 I thunderperf: CompatConfig.addOverrideUnsafe: aft-state=0
05-13 08:34:19.533 1525 15278 I ActivityTaskManager: START u0 {act=android.intent.action.MAIN cat=[android.intent.category.LAUNCHER] flg=0x10200000 cmp=com.ss.android.lark/.main.app.MainActivity bnds=[940,383][1216,650]} from uid 10075
05-13 08:34:19.535 1525 15278 W ActivityTaskManager: Can't find TaskDisplayArea to determine support for multi window. Task id=352 attached=false
05-13 08:34:19.536 1525 15278 D CompatibilityChangeReporter: Compat change id reported: 174042980; UID 10110; state: DISABLED
05-13 08:34:19.536 1525 15278 D CompatibilityChangeReporter: Compat change id reported: 184838306; UID 10110; state: DISABLED
05-13 08:34:19.537 1525 15278 D CompatibilityChangeReporter: Compat change id reported: 185004937; UID 10110; state: DISABLED
05-13 08:34:19.537 1525 15278 D CompatibilityChangeReporter: Compat change id reported: 181136395; UID 10110; state: DISABLED
05-13 08:34:19.537 1525 15278 D CompatibilityChangeReporter: Compat change id reported: 174042936; UID 10110; state: DISABLED
05-13 08:34:19.538 1525 15278 D CompatibilityChangeReporter: Compat change id reported: 168419799; UID 10110; state: DISABLED
05-13 08:34:19.538 1914 2197 D PhoneStartingWindowTypeAlgorithm: preferredStartingWindowType newTask:true taskSwitch:true processRunning:false allowTaskSnapshot:true activityCreated:false useEmptySplashScreen:false legacySplashScreen:false topIsHome:false
05-13 08:34:19.539 1914 2197 D StartingSurfaceDrawer: addSplashScreen com.ss.android.lark theme=7f1202fb task=352 suggestType=1
05-13 08:34:19.541 1914 2202 D StartingSurfaceDrawer: window attributes color: 0 icon null duration 0 brandImage null
05-13 08:34:19.544 1525 9710 I ActivityTaskManager: FOREGROUND_APPLICATION_CHANGED to com.ss.android.lark.main.app.MainActivity
05-13 08:34:19.547 1914 2202 D StartingSurfaceDrawer: replace drawable with bottom layer drawable
05-13 08:34:19.548 1525 1607 D CompatibilityChangeReporter: Compat change id reported: 135634846; UID 10110; state: DISABLED
05-13 08:34:19.548 1525 1607 D CompatibilityChangeReporter: Compat change id reported: 177438394; UID 10110; state: DISABLED
05-13 08:34:19.548 1525 1607 D CompatibilityChangeReporter: Compat change id reported: 135772972; UID 10110; state: DISABLED
05-13 08:34:19.548 1525 1624 D CompatibilityChangeReporter: Compat change id reported: 143937733; UID 10110; state: ENABLED
05-13 08:34:19.550 1914 2202 D StartingSurfaceDrawer: FgMainColor=ff05a7e6 BgMainColor=ffffffff IsBgComplex=false FromCache=false ThemeColor=ffffffff
05-13 08:34:19.550 1914 2202 D StartingSurfaceDrawer: makeSplashScreenContentView: choose fg icon
05-13 08:34:19.551 1914 2202 D StartingSurfaceDrawer: fillViewWithIcon surfaceWindowView android.window.SplashScreenView{7918cc5 V.E...... ......ID 0,0-0,0}
05-13 08:34:19.555 1525 1624 I ActivityManager: Start proc 20705:com.ss.android.lark/u0a110 for pre-top-activity {com.ss.android.lark/com.ss.android.lark.main.app.MainActivity}
05-13 08:34:19.556 1525 20706 W ContextImpl: Calling a method in the system process without a qualified user: android.app.ContextImpl.sendBroadcast:1173 com.qualcomm.qti.Performance$SendGameLaunchBroadcast.run:217 java.lang.Thread.run:920
05-13 08:34:19.888 20705 20798 D ActivityThread: Loading provider com.ss.android.lark.ttnet.share: com.ss.android.lark.framework.assembly.ttnet.MultiProcessSharedProvider
05-13 08:34:19.918 1525 29917 W ActivityManager: Unable to start service Intent { act=com.bun.msa.action.start.service cmp=com.mdid.msa/.service.MsaKlService (has extras) } U=0: not found
05-13 08:34:19.919 1525 29917 W ActivityManager: Unable to start service Intent { act=com.bun.msa.action.bindto.service cmp=com.mdid.msa/.service.MsaIdService (has extras) } U=0: not found
05-13 08:34:20.447 1525 9708 D CompatibilityChangeReporter: Compat change id reported: 149924527; UID 10110; state: ENABLED
05-13 08:34:20.447 1525 9708 D CompatibilityChangeReporter: Compat change id reported: 132649864; UID 10110; state: DISABLED
05-13 08:34:20.654 1525 21112 E ClipboardService: Denying clipboard access to com.ss.android.ugc.aweme, application is not in focus nor is it a system service for user 0
05-13 08:34:20.738 1914 2197 D StartingSurfaceDrawer: Task start finish, remove starting surface for task 352
05-13 08:34:20.738 1914 2197 V StartingSurfaceDrawer: Removing splash screen window for task: 352
05-13 08:34:21.512 1525 1607 I ActivityTaskManager: FOREGROUND_APPLICATION_CHANGED to com.ss.android.ugc.aweme.main.MainActivity
05-13 08:34:21.606 1525 26237 D CompatibilityChangeReporter: Compat change id reported: 135634846; UID 10110; state: DISABLED
05-13 08:34:21.606 1525 26237 D CompatibilityChangeReporter: Compat change id reported: 177438394; UID 10110; state: DISABLED
05-13 08:34:21.606 1525 26237 D CompatibilityChangeReporter: Compat change id reported: 135772972; UID 10110; state: DISABLED
05-13 08:34:21.606 1525 1624 D CompatibilityChangeReporter: Compat change id reported: 143937733; UID 10110; state: ENABLED
05-13 08:34:21.614 1525 1624 I ActivityManager: Start proc 21075:com.ss.android.lark:sandboxed_process1/u0a110 for service {com.ss.android.lark/com.bytedance.org.chromium.content.app.SandboxedProcessService0}
05-13 08:34:21.659 1525 1607 I ActivityManager: Stopping service com.ss.android.ugc.aweme/com.bytedance.common.wschannel.client.WsClientService: remove task
05-13 08:34:21.729 1525 29917 I ActivityTaskManager: FOREGROUND_APPLICATION_CHANGED to com.ss.android.lark.main.app.MainActivity
05-13 08:34:21.940 1525 26237 W ActivityManager: Unable to start service Intent { act=com.bun.msa.action.start.service cmp=com.mdid.msa/.service.MsaKlService (has extras) } U=0: not found
05-13 08:34:21.942 1525 26237 W ActivityManager: Unable to start service Intent { act=com.bun.msa.action.bindto.service cmp=com.mdid.msa/.service.MsaIdService (has extras) } U=0: not found
05-13 08:34:23.836 1525 21112 E PackageDexUsage: Unsupported context?
05-13 08:34:24.311 1525 1621 W ProcessStats: Tracking association SourceState{6ba0e71 com.tencent.android.qqdownloader:live/10094 BTopFgs #220257} whose proc state 2 is better than process ProcessState{48ac3f8 com.tencent.android.qqdownloader:daemon/10094 pkg=com.tencent.android.qqdownloader} proc state 3 (43 skipped)
05-13 08:34:24.320 1525 25364 I thunderperf: PlatormCompat.setOverrides: Uid1=10110 Pid1=20705 Uid2=10110 Pid2=20705
05-13 08:34:24.320 1525 25364 I thunderperf: PlatormCompat.setOverrides: needCheck:false
05-13 08:34:24.321 1525 25364 I thunderperf: CompatConfig.addOverrideUnsafe: bef-state=0
05-13 08:34:24.321 1525 25364 I thunderperf: CompatConfig.addOverrideUnsafe: aft-state=0
05-13 08:34:24.321 1525 25364 W PackageManager: MATCH_ANY_USER flag requires INTERACT_ACROSS_USERS permission: UID 10110 requires android.permission.INTERACT_ACROSS_USERS_FULL or android.permission.INTERACT_ACROSS_USERS to access user 0.
05-13 08:34:24.321 1525 25364 I ActivityTaskManager: START u0 {cmp=com.ss.android.lark/.chatwindow.ChatWindowActivity (has extras)} from uid 10110
05-13 08:34:24.336 1525 25364 I ActivityTaskManager: FOREGROUND_APPLICATION_CHANGED to com.ss.android.lark.chatwindow.ChatWindowActivity
05-13 08:34:24.336 1525 25364 I ActivityTaskManager: The Process com.ss.android.lark Already Exists in BG. So sending its PID: 20705
05-13 08:34:24.336 1525 25364 W ActivityTaskManager: Tried to set launchTime (0) < mLastActivityLaunchTime (160100102)
05-13 08:34:24.493 1525 9708 D CompatibilityChangeReporter: Compat change id reported: 171306433; UID 10110; state: ENABLED
05-13 08:34:25.862 1525 9708 W ActivityManager: Unable to start service Intent { act=com.google.android.gms.ads.identifier.service.START pkg=com.google.android.gms } U=0: not found
05-13 08:34:25.863 15290 16179 E ActivityThread: Failed to find provider info for com.vivo.vms.IdProvider
05-13 08:34:27.954 1525 1829 I GameModeConfig: isGameModeOn = false
05-13 08:34:27.954 1525 1829 I GameModeConfig: isGameModeOn = false
05-13 08:34:27.954 1525 1829 I GameModeConfig: isGameModeOn = false
05-13 08:34:27.954 1525 1829 I GameModeConfig: isGameModeOn = false
05-13 08:34:27.954 1525 1829 I GameModeConfig: isGameModeOn = false
05-13 08:34:27.954 1525 1829 I GameModeConfig: isGameModeOn = false
05-13 08:34:27.954 1525 1829 I GameModeConfig: isGameModeOn = false
05-13 08:34:27.954 1525 1829 I GameModeConfig: isGameModeOn = false
05-13 08:34:27.954 1525 1829 I GameModeConfig: isGameModeOn = false
05-13 08:34:27.954 1525 1829 I GameModeConfig: isGameModeOn = false
05-13 08:34:27.954 1525 1829 I GameModeConfig: isGameModeOn = false
05-13 08:34:27.954 1525 1829 I GameModeConfig: isGameModeOn = false
05-13 08:34:27.954 1525 1829 I GameModeConfig: isGameModeOn = false
05-13 08:34:27.954 1525 1829 I GameModeConfig: isGameModeOn = false
05-13 08:34:27.954 1525 1829 I GameModeConfig: isGameModeOn = false
05-13 08:34:27.956 1525 1829 I GameModeConfig: isGameModeOn = false
05-13 08:34:27.956 1525 1829 I GameModeConfig: isGameModeOn = false
05-13 08:34:28.366 1525 9709 D CompatibilityChangeReporter: Compat change id reported: 135634846; UID 10110; state: DISABLED
05-13 08:34:28.366 1525 9709 D CompatibilityChangeReporter: Compat change id reported: 177438394; UID 10110; state: DISABLED
05-13 08:34:28.366 1525 9709 D CompatibilityChangeReporter: Compat change id reported: 135772972; UID 10110; state: DISABLED
05-13 08:34:28.367 1525 1624 D CompatibilityChangeReporter: Compat change id reported: 143937733; UID 10110; state: ENABLED
05-13 08:34:28.373 1525 1624 I ActivityManager: Start proc 21410:com.ss.android.lark:wschannel/u0a110 for service {com.ss.android.lark/com.umeng.message.UmengIntentService}
05-13 08:34:28.607 1525 1829 I GameModeConfig: isGameModeOn = false
05-13 08:34:28.607 1525 1829 I GameModeConfig: isGameModeOn = false
05-13 08:34:28.607 1525 1829 I GameModeConfig: isGameModeOn = false
05-13 08:34:28.607 1525 1829 I GameModeConfig: isGameModeOn = false
05-13 08:34:28.607 1525 1829 I GameModeConfig: isGameModeOn = false
05-13 08:34:28.608 1525 1829 I GameModeConfig: isGameModeOn = false
05-13 08:34:28.612 1525 1829 I GameModeConfig: isGameModeOn = false
05-13 08:34:28.612 1525 1829 I GameModeConfig: isGameModeOn = false
05-13 08:34:28.612 1525 1829 I GameModeConfig: isGameModeOn = false
05-13 08:34:28.612 1525 1829 I GameModeConfig: isGameModeOn = false
05-13 08:34:28.612 1525 1829 I GameModeConfig: isGameModeOn = false
05-13 08:34:28.613 1525 1829 I GameModeConfig: isGameModeOn = false
05-13 08:34:28.613 1525 1829 I GameModeConfig: isGameModeOn = false
05-13 08:34:28.613 1525 1829 I GameModeConfig: isGameModeOn = false
05-13 08:34:28.613 1525 1829 I GameModeConfig: isGameModeOn = false
05-13 08:34:28.613 1525 1829 I GameModeConfig: isGameModeOn = false
05-13 08:34:28.614 1525 1829 I GameModeConfig: isGameModeOn = false
05-13 08:34:28.927 1525 1525 I GameModeConfig: isGameModeOn = false
05-13 08:34:28.928 1525 1525 W NotificationHistory: Attempted to add notif for locked/gone/disabled user 0
05-13 08:34:28.931 1525 1525 I GameModeConfig: isGameModeOn = false
05-13 08:34:28.931 1525 1525 E NotificationService: Muting recently noisy 0|com.ss.android.lark|18616|null|10110
05-13 08:34:28.931 1525 1525 W NotificationHistory: Attempted to add notif for locked/gone/disabled user 0
05-13 08:34:29.132 1525 1525 I GameModeConfig: isGameModeOn = false
05-13 08:34:29.133 1525 1525 E NotificationService: Muting recently noisy 0|com.ss.android.lark|-24209|null|10110
05-13 08:34:29.133 1525 1525 W NotificationHistory: Attempted to add notif for locked/gone/disabled user 0
05-13 08:34:29.136 1525 1525 I GameModeConfig: isGameModeOn = false
05-13 08:34:29.136 1525 1525 E NotificationService: Muting recently noisy 0|com.ss.android.lark|-20444|null|10110
05-13 08:34:29.136 1525 1525 W NotificationHistory: Attempted to add notif for locked/gone/disabled user 0
05-13 08:34:29.138 1525 1829 I GameModeConfig: isGameModeOn = false
05-13 08:34:29.138 1525 1829 I GameModeConfig: isGameModeOn = false
05-13 08:34:29.138 1525 1829 I GameModeConfig: isGameModeOn = false
05-13 08:34:29.138 1525 1829 I GameModeConfig: isGameModeOn = false
05-13 08:34:29.138 1525 1829 I GameModeConfig: isGameModeOn = false
05-13 08:34:29.138 1525 1829 I GameModeConfig: isGameModeOn = false
05-13 08:34:29.138 1525 1829 I GameModeConfig: isGameModeOn = false
05-13 08:34:29.138 1525 1829 I GameModeConfig: isGameModeOn = false
05-13 08:34:29.138 1525 1829 I GameModeConfig: isGameModeOn = false
05-13 08:34:29.138 1525 1829 I GameModeConfig: isGameModeOn = false
05-13 08:34:29.138 1525 1829 I GameModeConfig: isGameModeOn = false
05-13 08:34:29.139 1525 1829 I GameModeConfig: isGameModeOn = false
05-13 08:34:29.139 1525 1829 I GameModeConfig: isGameModeOn = false
05-13 08:34:29.139 1525 1829 I GameModeConfig: isGameModeOn = false
05-13 08:34:29.139 1525 1829 I GameModeConfig: isGameModeOn = false
05-13 08:34:29.139 1525 1829 I GameModeConfig: isGameModeOn = false
05-13 08:34:29.139 1525 1829 I GameModeConfig: isGameModeOn = false
05-13 08:34:29.139 1525 1829 I GameModeConfig: isGameModeOn = false
05-13 08:34:29.139 1525 1829 I GameModeConfig: isGameModeOn = false
05-13 08:34:29.139 1525 1829 I GameModeConfig: isGameModeOn = false
05-13 08:34:29.139 1525 1829 I GameModeConfig: isGameModeOn = false
05-13 08:34:29.140 1525 1525 I GameModeConfig: isGameModeOn = false
05-13 08:34:29.141 1525 1525 E NotificationService: Muting recently noisy 0|com.ss.android.lark|-8934|null|10110
05-13 08:34:29.141 1525 1525 W NotificationHistory: Attempted to add notif for locked/gone/disabled user 0
05-13 08:34:29.142 1525 1525 I GameModeConfig: isGameModeOn = false
05-13 08:34:29.142 1525 1525 E NotificationService: Muting recently noisy 0|com.ss.android.lark|-3365|null|10110
05-13 08:34:29.142 1525 1525 W NotificationHistory: Attempted to add notif for locked/gone/disabled user 0
05-13 08:34:29.143 1525 1829 I GameModeConfig: isGameModeOn = false
05-13 08:34:29.143 1525 1829 I GameModeConfig: isGameModeOn = false
05-13 08:34:29.143 1525 1829 I GameModeConfig: isGameModeOn = false
05-13 08:34:29.143 1525 1829 I GameModeConfig: isGameModeOn = false
05-13 08:34:29.143 1525 1829 I GameModeConfig: isGameModeOn = false
05-13 08:34:29.143 1525 1829 I GameModeConfig: isGameModeOn = false
05-13 08:34:29.143 1525 1829 I GameModeConfig: isGameModeOn = false
05-13 08:34:29.144 1525 1829 I GameModeConfig: isGameModeOn = false
05-13 08:34:29.144 1525 1829 I GameModeConfig: isGameModeOn = false
05-13 08:34:29.144 1525 1829 I GameModeConfig: isGameModeOn = false
05-13 08:34:29.144 1525 1829 I GameModeConfig: isGameModeOn = false
05-13 08:34:29.144 1525 1829 I GameModeConfig: isGameModeOn = false
05-13 08:34:29.144 1525 1829 I GameModeConfig: isGameModeOn = false
05-13 08:34:29.144 1525 1829 I GameModeConfig: isGameModeOn = false
05-13 08:34:29.144 1525 1829 I GameModeConfig: isGameModeOn = false
05-13 08:34:29.144 1525 1829 I GameModeConfig: isGameModeOn = false
05-13 08:34:29.144 1525 1829 I GameModeConfig: isGameModeOn = false
05-13 08:34:29.144 1525 1829 I GameModeConfig: isGameModeOn = false
05-13 08:34:29.144 1525 1829 I GameModeConfig: isGameModeOn = false
05-13 08:34:29.144 1525 1829 I GameModeConfig: isGameModeOn = false
05-13 08:34:29.144 1525 1829 I GameModeConfig: isGameModeOn = false
05-13 08:34:29.144 1525 1829 I GameModeConfig: isGameModeOn = false
05-13 08:34:29.145 1525 1829 I GameModeConfig: isGameModeOn = false
05-13 08:34:29.145 1525 1829 I GameModeConfig: isGameModeOn = false
05-13 08:34:29.145 1525 1829 I GameModeConfig: isGameModeOn = false
05-13 08:34:29.145 1525 1829 I GameModeConfig: isGameModeOn = false
05-13 08:34:29.145 1525 1829 I GameModeConfig: isGameModeOn = false
05-13 08:34:29.145 1525 1829 I GameModeConfig: isGameModeOn = false
05-13 08:34:29.145 1525 1829 I GameModeConfig: isGameModeOn = false
05-13 08:34:29.145 1525 1829 I GameModeConfig: isGameModeOn = false
05-13 08:34:29.145 1525 1829 I GameModeConfig: isGameModeOn = false
05-13 08:34:29.145 1525 1829 I GameModeConfig: isGameModeOn = false
05-13 08:34:29.145 1525 1829 I GameModeConfig: isGameModeOn = false
05-13 08:34:29.145 1525 1829 I GameModeConfig: isGameModeOn = false
05-13 08:34:29.146 1525 1829 I GameModeConfig: isGameModeOn = false
05-13 08:34:29.147 1525 1829 I GameModeConfig: isGameModeOn = false
05-13 08:34:29.148 1525 1829 I GameModeConfig: isGameModeOn = false
05-13 08:34:29.148 1525 1829 I GameModeConfig: isGameModeOn = false
05-13 08:34:29.148 1525 1829 I GameModeConfig: isGameModeOn = false
05-13 08:34:29.148 1525 1829 I GameModeConfig: isGameModeOn = false
05-13 08:34:29.148 1525 1829 I GameModeConfig: isGameModeOn = false
05-13 08:34:29.148 1525 1829 I GameModeConfig: isGameModeOn = false
05-13 08:34:29.148 1525 1829 I GameModeConfig: isGameModeOn = false
05-13 08:34:29.148 1525 1829 I GameModeConfig: isGameModeOn = false
05-13 08:34:29.337 1525 1525 I GameModeConfig: isGameModeOn = false
05-13 08:34:29.350 1525 1525 I GameModeConfig: isGameModeOn = false
05-13 08:34:29.350 1525 1525 E NotificationService: Muting recently noisy 0|com.ss.android.lark|-24209|null|10110
05-13 08:34:29.351 1525 1525 W NotificationHistory: Attempted to add notif for locked/gone/disabled user 0
05-13 08:34:29.355 1525 1525 I GameModeConfig: isGameModeOn = false
05-13 08:34:29.355 1525 1525 E NotificationService: Muting recently noisy 0|com.ss.android.lark|-20444|null|10110
05-13 08:34:29.356 1525 1525 W NotificationHistory: Attempted to add notif for locked/gone/disabled user 0
05-13 08:34:29.560 1525 1525 I GameModeConfig: isGameModeOn = false
05-13 08:34:29.561 1525 1525 E NotificationService: Muting recently noisy 0|com.ss.android.lark|-3365|null|10110
05-13 08:34:29.561 1525 1525 W NotificationHistory: Attempted to add notif for locked/gone/disabled user 0
05-13 08:34:29.924 1525 26237 D CompatibilityChangeReporter: Compat change id reported: 182734110; UID 10110; state: ENABLED
05-13 08:34:36.245 1525 1785 W ProcessStats: Tracking association SourceState{6ba0e71 com.tencent.android.qqdownloader:live/10094 BTopFgs #220590} whose proc state 2 is better than process ProcessState{48ac3f8 com.tencent.android.qqdownloader:daemon/10094 pkg=com.tencent.android.qqdownloader} proc state 3 (189 skipped)
05-13 08:34:36.246 1525 1785 D CompatibilityChangeReporter: Compat change id reported: 168419799; UID 10099; state: DISABLED
05-13 08:34:36.300 1525 26237 D CompatibilityChangeReporter: Compat change id reported: 171306433; UID 10099; state: DISABLED
05-13 08:34:36.323 1525 26237 W ActivityManager: Unable to start service Intent { act=com.google.android.gms.ads.identifier.service.START pkg=com.google.android.gms } U=0: not found
05-13 08:34:36.324 15290 16179 E ActivityThread: Failed to find provider info for com.vivo.vms.IdProvider
05-13 08:34:38.666 1525 9709 W ActivityManager: Background start not allowed: service Intent { cmp=tv.danmaku.bili/com.bilibili.lib.neuron.internal.NeuronLocalService (has extras) } to tv.danmaku.bili/com.bilibili.lib.neuron.internal.NeuronLocalService from pid=17626 uid=10104 pkg=tv.danmaku.bili startFg?=false
05-13 08:34:38.962 1525 1829 I GameModeConfig: isGameModeOn = false
05-13 08:34:38.962 1525 1829 I GameModeConfig: isGameModeOn = false
05-13 08:34:39.133 1525 1829 I GameModeConfig: isGameModeOn = false
05-13 08:34:39.137 1525 1829 I GameModeConfig: isGameModeOn = false
05-13 08:34:39.137 1525 1829 I GameModeConfig: isGameModeOn = false
05-13 08:34:39.139 1525 1829 I GameModeConfig: isGameModeOn = false
05-13 08:34:39.139 1525 1829 I GameModeConfig: isGameModeOn = false
05-13 08:34:39.139 1525 1829 I GameModeConfig: isGameModeOn = false
05-13 08:34:39.141 1525 1829 I GameModeConfig: isGameModeOn = false
05-13 08:34:39.142 1525 1829 I GameModeConfig: isGameModeOn = false
05-13 08:34:39.142 1525 1829 I GameModeConfig: isGameModeOn = false
05-13 08:34:39.143 1525 1829 I GameModeConfig: isGameModeOn = false
05-13 08:34:39.143 1525 1829 I GameModeConfig: isGameModeOn = false
05-13 08:34:39.143 1525 1829 I GameModeConfig: isGameModeOn = false
05-13 08:34:39.144 1525 1829 I GameModeConfig: isGameModeOn = false
05-13 08:34:39.144 1525 1829 I GameModeConfig: isGameModeOn = false
05-13 08:34:39.144 1525 1829 I GameModeConfig: isGameModeOn = false
05-13 08:34:39.146 1525 1829 I GameModeConfig: isGameModeOn = false
05-13 08:34:39.146 1525 1829 I GameModeConfig: isGameModeOn = false
05-13 08:34:39.147 1525 1829 I GameModeConfig: isGameModeOn = false
05-13 08:34:39.337 1525 1829 I GameModeConfig: isGameModeOn = false
05-13 08:34:39.350 1525 1829 I GameModeConfig: isGameModeOn = false
05-13 08:34:39.355 1525 1829 I GameModeConfig: isGameModeOn = false
05-13 08:34:39.562 1525 1829 I GameModeConfig: isGameModeOn = false
05-13 08:34:44.368 1525 1525 I GameModeConfig: isGameModeOn = false
05-13 08:34:45.495 1525 1623 I ActivityManager: Waited long enough for: ServiceRecord{1fcf7e0 u0 com.ss.android.lark/.wschannel.WschannelLaunchService}
05-13 08:34:46.287 1525 1621 W ProcessStats: Tracking association SourceState{6ba0e71 com.tencent.android.qqdownloader:live/10094 BTopFgs #220657} whose proc state 2 is better than process ProcessState{48ac3f8 com.tencent.android.qqdownloader:daemon/10094 pkg=com.tencent.android.qqdownloader} proc state 3 (45 skipped)
05-13 08:34:46.802 1525 9709 W ActivityManager: Unable to start service Intent { act=com.google.android.gms.ads.identifier.service.START pkg=com.google.android.gms } U=0: not found
05-13 08:34:46.803 15290 16179 E ActivityThread: Failed to find provider info for com.vivo.vms.IdProvider
