05-24 11:48:31.608 1528 1675 I DropBoxManagerService: add tag=system_server_wtf isTagEnabled=true flags=0x2
05-24 11:48:31.609 1528 1675 I DropBoxManagerService: add tag=system_server_wtf isTagEnabled=true flags=0x2
05-24 11:48:31.624 1528 2225 E DisplayDeviceConfig: requesting nits when no mapping exists.
05-24 11:48:31.625 1528 2225 E DisplayDeviceConfig: requesting nits when no mapping exists.
05-24 11:48:31.626 1528 1675 I DropBoxManagerService: add tag=system_server_wtf isTagEnabled=true flags=0x2
05-24 11:48:31.641 1528 2225 E DisplayDeviceConfig: requesting nits when no mapping exists.
05-24 11:48:31.642 1528 2225 E DisplayDeviceConfig: requesting nits when no mapping exists.
05-24 11:48:31.658 1528 2225 E DisplayDeviceConfig: requesting nits when no mapping exists.
05-24 11:48:31.658 1528 2225 E DisplayDeviceConfig: requesting nits when no mapping exists.
05-24 11:48:31.674 1528 2225 E DisplayDeviceConfig: requesting nits when no mapping exists.
05-24 11:48:31.675 1528 2225 E DisplayDeviceConfig: requesting nits when no mapping exists.
05-24 11:48:31.691 1528 2225 E DisplayDeviceConfig: requesting nits when no mapping exists.
05-24 11:48:31.692 1528 2225 E DisplayDeviceConfig: requesting nits when no mapping exists.
05-24 11:48:31.708 1528 2225 E DisplayDeviceConfig: requesting nits when no mapping exists.
05-24 11:48:31.709 1528 2225 E DisplayDeviceConfig: requesting nits when no mapping exists.
05-24 11:48:31.724 1528 2225 E DisplayDeviceConfig: requesting nits when no mapping exists.
05-24 11:48:31.725 1528 2225 E DisplayDeviceConfig: requesting nits when no mapping exists.
05-24 11:48:31.741 1528 2225 E DisplayDeviceConfig: requesting nits when no mapping exists.
05-24 11:48:31.742 1528 2225 E DisplayDeviceConfig: requesting nits when no mapping exists.
05-24 11:48:31.758 1528 2225 E DisplayDeviceConfig: requesting nits when no mapping exists.
05-24 11:48:31.759 1528 2225 E DisplayDeviceConfig: requesting nits when no mapping exists.
05-24 11:48:31.774 1528 2225 E DisplayDeviceConfig: requesting nits when no mapping exists.
05-24 11:48:31.775 1528 2225 E DisplayDeviceConfig: requesting nits when no mapping exists.
05-24 11:48:31.792 1528 2225 E DisplayDeviceConfig: requesting nits when no mapping exists.
05-24 11:48:31.792 1528 2225 E DisplayDeviceConfig: requesting nits when no mapping exists.
05-24 11:48:31.808 1528 2225 E DisplayDeviceConfig: requesting nits when no mapping exists.
05-24 11:48:31.809 1528 2225 E DisplayDeviceConfig: requesting nits when no mapping exists.
05-24 11:48:31.825 1528 2225 E DisplayDeviceConfig: requesting nits when no mapping exists.
05-24 11:48:31.825 1528 2225 E DisplayDeviceConfig: requesting nits when no mapping exists.
05-24 11:48:31.842 1528 2225 E DisplayDeviceConfig: requesting nits when no mapping exists.
05-24 11:48:31.842 1528 2225 E DisplayDeviceConfig: requesting nits when no mapping exists.
05-24 11:48:31.858 1528 2225 E DisplayDeviceConfig: requesting nits when no mapping exists.
05-24 11:48:31.858 1528 2225 E DisplayDeviceConfig: requesting nits when no mapping exists.
05-24 11:48:31.875 1528 2225 E DisplayDeviceConfig: requesting nits when no mapping exists.
05-24 11:48:31.876 1528 2225 E DisplayDeviceConfig: requesting nits when no mapping exists.
05-24 11:48:31.892 1528 2225 E DisplayDeviceConfig: requesting nits when no mapping exists.
05-24 11:48:31.892 1528 2225 E DisplayDeviceConfig: requesting nits when no mapping exists.
05-24 11:48:31.908 1528 2225 E DisplayDeviceConfig: requesting nits when no mapping exists.
05-24 11:48:31.909 1528 2225 E DisplayDeviceConfig: requesting nits when no mapping exists.
05-24 11:48:31.925 1528 2225 E DisplayDeviceConfig: requesting nits when no mapping exists.
05-24 11:48:31.925 1528 2225 E DisplayDeviceConfig: requesting nits when no mapping exists.
05-24 11:48:31.941 1528 2225 E DisplayDeviceConfig: requesting nits when no mapping exists.
05-24 11:48:31.942 1528 2225 E DisplayDeviceConfig: requesting nits when no mapping exists.
05-24 11:48:31.958 1528 2225 E DisplayDeviceConfig: requesting nits when no mapping exists.
05-24 11:48:31.959 1528 2225 E DisplayDeviceConfig: requesting nits when no mapping exists.
05-24 11:48:31.975 1528 2225 E DisplayDeviceConfig: requesting nits when no mapping exists.
05-24 11:48:31.975 1528 2225 E DisplayDeviceConfig: requesting nits when no mapping exists.
05-24 11:48:31.991 1528 2225 E DisplayDeviceConfig: requesting nits when no mapping exists.
05-24 11:48:31.992 1528 2225 E DisplayDeviceConfig: requesting nits when no mapping exists.
05-24 11:48:32.007 1528 2225 E DisplayDeviceConfig: requesting nits when no mapping exists.
05-24 11:48:32.008 1528 2225 E DisplayDeviceConfig: requesting nits when no mapping exists.
05-24 11:48:32.024 1528 2225 E DisplayDeviceConfig: requesting nits when no mapping exists.
05-24 11:48:32.025 1528 2225 E DisplayDeviceConfig: requesting nits when no mapping exists.
05-24 11:48:32.041 1528 2225 E DisplayDeviceConfig: requesting nits when no mapping exists.
05-24 11:48:32.041 1528 2225 E DisplayDeviceConfig: requesting nits when no mapping exists.
05-24 11:48:32.059 1528 2225 E DisplayDeviceConfig: requesting nits when no mapping exists.
05-24 11:48:32.059 1528 2225 E DisplayDeviceConfig: requesting nits when no mapping exists.
05-24 11:48:32.074 1528 2225 E DisplayDeviceConfig: requesting nits when no mapping exists.
05-24 11:48:32.074 1528 2225 E DisplayDeviceConfig: requesting nits when no mapping exists.
05-24 11:48:32.091 1528 2225 E DisplayDeviceConfig: requesting nits when no mapping exists.
05-24 11:48:32.091 1528 2225 E DisplayDeviceConfig: requesting nits when no mapping exists.
05-24 11:48:32.108 1528 2225 E DisplayDeviceConfig: requesting nits when no mapping exists.
05-24 11:48:32.108 1528 2225 E DisplayDeviceConfig: requesting nits when no mapping exists.
05-24 11:48:32.124 1528 2225 E DisplayDeviceConfig: requesting nits when no mapping exists.
05-24 11:48:32.125 1528 2225 E DisplayDeviceConfig: requesting nits when no mapping exists.
05-24 11:48:32.141 1528 2225 E DisplayDeviceConfig: requesting nits when no mapping exists.
05-24 11:48:32.141 1528 2225 E DisplayDeviceConfig: requesting nits when no mapping exists.
05-24 11:48:32.158 1528 2225 E DisplayDeviceConfig: requesting nits when no mapping exists.
05-24 11:48:32.158 1528 2225 E DisplayDeviceConfig: requesting nits when no mapping exists.
05-24 11:48:32.174 1528 2225 E DisplayDeviceConfig: requesting nits when no mapping exists.
05-24 11:48:32.175 1528 2225 E DisplayDeviceConfig: requesting nits when no mapping exists.
05-24 11:48:38.576 1528 1694 I PowerManagerService: Napping display group (groupId=0, uid=1000)...
05-24 11:48:38.576 1528 1694 I PowerManagerService: Nap time (uid 1000)...
05-24 11:48:38.578 1528 1694 I DreamManagerService: Entering dreamland.
05-24 11:48:38.582 1528 1694 I PowerManagerService: Dreaming...
05-24 11:48:38.586 1528 1663 I DreamController: Starting dream: name=ComponentInfo{com.thundercomm.screensaver/com.thundercomm.screensaver.service.SystemDream}, isTest=false, canDoze=false, userId=0
05-24 11:48:38.603 1528 10039 I ActivityTaskManager: START u0 {flg=0x10000000 pkg=com.thundercomm.screensaver cmp=com.thundercomm.screensaver/android.service.dreams.DreamActivity (has extras)} from uid 10042
05-24 11:48:38.612 1528 10039 W ActivityTaskManager: Can't find TaskDisplayArea to determine support for multi window. Task id=39 attached=false
05-24 11:48:38.643 1528 2684 I ActivityTaskManager: FOREGROUND_APPLICATION_CHANGED to android.service.dreams.DreamActivity
05-24 11:48:38.643 1528 2684 I ActivityTaskManager: The Process com.thundercomm.screensaver Already Exists in BG. So sending its PID: 6116
05-24 11:48:38.643 1528 2684 W ActivityTaskManager: Tried to set launchTime (0) < mLastActivityLaunchTime (3255913)
05-24 11:48:38.679 1528 1694 V DisplayPowerController[0]: Brightness [0.6363636] reason changing to: 'manual', previous reason: 'manual [ dim ]'.
05-24 11:48:38.690 1528 2225 E DisplayDeviceConfig: requesting nits when no mapping exists.
05-24 11:48:38.691 1528 2225 E DisplayDeviceConfig: requesting nits when no mapping exists.
05-24 11:48:38.707 1528 2225 E DisplayDeviceConfig: requesting nits when no mapping exists.
05-24 11:48:38.707 1528 2225 E DisplayDeviceConfig: requesting nits when no mapping exists.
05-24 11:48:38.724 1528 2225 E DisplayDeviceConfig: requesting nits when no mapping exists.
05-24 11:48:38.724 1528 2225 E DisplayDeviceConfig: requesting nits when no mapping exists.
05-24 11:48:38.740 1528 2225 E DisplayDeviceConfig: requesting nits when no mapping exists.
05-24 11:48:38.740 1528 2225 E DisplayDeviceConfig: requesting nits when no mapping exists.
05-24 11:48:38.757 1528 2225 E DisplayDeviceConfig: requesting nits when no mapping exists.
05-24 11:48:38.757 1528 2225 E DisplayDeviceConfig: requesting nits when no mapping exists.
05-24 11:48:38.773 1528 2225 E DisplayDeviceConfig: requesting nits when no mapping exists.
05-24 11:48:38.774 1528 2225 E DisplayDeviceConfig: requesting nits when no mapping exists.
05-24 11:48:38.790 1528 2225 E DisplayDeviceConfig: requesting nits when no mapping exists.
05-24 11:48:38.790 1528 2225 E DisplayDeviceConfig: requesting nits when no mapping exists.
05-24 11:48:38.807 1528 2225 E DisplayDeviceConfig: requesting nits when no mapping exists.
05-24 11:48:38.807 1528 2225 E DisplayDeviceConfig: requesting nits when no mapping exists.
05-24 11:48:38.823 1528 2225 E DisplayDeviceConfig: requesting nits when no mapping exists.
05-24 11:48:38.824 1528 2225 E DisplayDeviceConfig: requesting nits when no mapping exists.
05-24 11:48:38.840 1528 2225 E DisplayDeviceConfig: requesting nits when no mapping exists.
05-24 11:48:38.840 1528 2225 E DisplayDeviceConfig: requesting nits when no mapping exists.
05-24 11:48:38.857 1528 2225 E DisplayDeviceConfig: requesting nits when no mapping exists.
05-24 11:48:38.857 1528 2225 E DisplayDeviceConfig: requesting nits when no mapping exists.
05-24 11:48:38.874 1528 2225 E DisplayDeviceConfig: requesting nits when no mapping exists.
05-24 11:48:38.874 1528 2225 E DisplayDeviceConfig: requesting nits when no mapping exists.
05-24 11:48:38.890 1528 2225 E DisplayDeviceConfig: requesting nits when no mapping exists.
05-24 11:48:38.890 1528 2225 E DisplayDeviceConfig: requesting nits when no mapping exists.
05-24 11:48:38.907 1528 2225 E DisplayDeviceConfig: requesting nits when no mapping exists.
05-24 11:48:38.907 1528 2225 E DisplayDeviceConfig: requesting nits when no mapping exists.
05-24 11:48:38.923 1528 2225 E DisplayDeviceConfig: requesting nits when no mapping exists.
05-24 11:48:38.923 1528 2225 E DisplayDeviceConfig: requesting nits when no mapping exists.
05-24 11:48:38.940 1528 2225 E DisplayDeviceConfig: requesting nits when no mapping exists.
05-24 11:48:38.940 1528 2225 E DisplayDeviceConfig: requesting nits when no mapping exists.
05-24 11:48:38.957 1528 2225 E DisplayDeviceConfig: requesting nits when no mapping exists.
05-24 11:48:38.957 1528 2225 E DisplayDeviceConfig: requesting nits when no mapping exists.
05-24 11:48:38.973 1528 2225 E DisplayDeviceConfig: requesting nits when no mapping exists.
05-24 11:48:38.973 1528 2225 E DisplayDeviceConfig: requesting nits when no mapping exists.
05-24 11:48:38.990 1528 2225 E DisplayDeviceConfig: requesting nits when no mapping exists.
05-24 11:48:38.990 1528 2225 E DisplayDeviceConfig: requesting nits when no mapping exists.
05-24 11:48:39.007 1528 2225 E DisplayDeviceConfig: requesting nits when no mapping exists.
05-24 11:48:39.007 1528 2225 E DisplayDeviceConfig: requesting nits when no mapping exists.
05-24 11:48:39.023 1528 2225 E DisplayDeviceConfig: requesting nits when no mapping exists.
05-24 11:48:39.023 1528 2225 E DisplayDeviceConfig: requesting nits when no mapping exists.
05-24 11:48:39.040 1528 2225 E DisplayDeviceConfig: requesting nits when no mapping exists.
05-24 11:48:39.040 1528 2225 E DisplayDeviceConfig: requesting nits when no mapping exists.
05-24 11:48:39.057 1528 2225 E DisplayDeviceConfig: requesting nits when no mapping exists.
05-24 11:48:39.057 1528 2225 E DisplayDeviceConfig: requesting nits when no mapping exists.
05-24 11:48:39.073 1528 2225 E DisplayDeviceConfig: requesting nits when no mapping exists.
05-24 11:48:39.073 1528 2225 E DisplayDeviceConfig: requesting nits when no mapping exists.
05-24 11:48:39.090 1528 2225 E DisplayDeviceConfig: requesting nits when no mapping exists.
05-24 11:48:39.090 1528 2225 E DisplayDeviceConfig: requesting nits when no mapping exists.
05-24 11:48:39.107 1528 2225 E DisplayDeviceConfig: requesting nits when no mapping exists.
05-24 11:48:39.107 1528 2225 E DisplayDeviceConfig: requesting nits when no mapping exists.
05-24 11:48:39.123 1528 2225 E DisplayDeviceConfig: requesting nits when no mapping exists.
05-24 11:48:39.123 1528 2225 E DisplayDeviceConfig: requesting nits when no mapping exists.
05-24 11:48:39.140 1528 2225 E DisplayDeviceConfig: requesting nits when no mapping exists.
05-24 11:48:39.140 1528 2225 E DisplayDeviceConfig: requesting nits when no mapping exists.
05-24 11:48:39.157 1528 2225 E DisplayDeviceConfig: requesting nits when no mapping exists.
05-24 11:48:39.157 1528 2225 E DisplayDeviceConfig: requesting nits when no mapping exists.
05-24 11:48:39.173 1528 2225 E DisplayDeviceConfig: requesting nits when no mapping exists.
05-24 11:48:39.173 1528 2225 E DisplayDeviceConfig: requesting nits when no mapping exists.
05-24 11:48:39.190 1528 2225 E DisplayDeviceConfig: requesting nits when no mapping exists.
05-24 11:48:39.190 1528 2225 E DisplayDeviceConfig: requesting nits when no mapping exists.
05-24 11:48:39.207 1528 2225 E DisplayDeviceConfig: requesting nits when no mapping exists.
05-24 11:48:39.207 1528 2225 E DisplayDeviceConfig: requesting nits when no mapping exists.
05-24 11:48:39.224 1528 2225 E DisplayDeviceConfig: requesting nits when no mapping exists.
05-24 11:48:39.224 1528 2225 E DisplayDeviceConfig: requesting nits when no mapping exists.
05-24 11:48:39.240 1528 2225 E DisplayDeviceConfig: requesting nits when no mapping exists.
05-24 11:48:39.240 1528 2225 E DisplayDeviceConfig: requesting nits when no mapping exists.
05-24 11:48:39.257 1528 2225 E DisplayDeviceConfig: requesting nits when no mapping exists.
05-24 11:48:39.257 1528 2225 E DisplayDeviceConfig: requesting nits when no mapping exists.
05-24 11:48:39.274 1528 2225 E DisplayDeviceConfig: requesting nits when no mapping exists.
05-24 11:48:39.274 1528 2225 E DisplayDeviceConfig: requesting nits when no mapping exists.
05-24 11:50:27.006 2571 21195 W ContextImpl: Calling a method in the system process without a qualified user: android.app.ContextImpl.sendBroadcast:1173 android.content.ContextWrapper.sendBroadcast:479 com.thundercomm.microsettings.action.SetTimeAction.timeUpdated:212 com.thundercomm.microsettings.action.SetTimeAction.update24HourFormat:194 com.thundercomm.microsettings.action.SetTimeAction.doActualAction:154
05-24 11:50:27.018 1528 1528 D DevicePolicyManager: updateSystemUpdateFreezePeriodsRecord
05-24 11:50:27.018 1528 1528 D ConditionProviders.SCP: onReceive android.intent.action.TIME_SET
05-24 11:50:27.019 1528 1528 D ConditionProviders.SCP: evaluateSubscriptionLocked cal=ScheduleCalendar[mDays={1, 2, 3, 4, 5, 6, 7}, mSchedule=ScheduleInfo{days=[1, 2, 3, 4, 5, 6, 7], startHour=22, startMinute=0, endHour=7, endMinute=0, exitAtAlarm=true, nextAlarm=Thu Jan 01 08:00:00 GMT+08:00 1970 (0)}], now=Wed May 24 11:50:27 GMT+08:00 2023 (1684900227018), nextUserAlarmTime=Thu Jan 01 08:00:00 GMT+08:00 1970 (0)
05-24 11:50:27.019 1528 1528 D ConditionProviders.SCP: notifyCondition condition://android/schedule?days=1.2.3.4.5.6.7&start=22.0&end=7.0&exitAtAlarm=true STATE_FALSE reason=!meetsSchedule
05-24 11:50:27.021 1528 1528 D ConditionProviders.SCP: Scheduling evaluate for Wed May 24 22:00:00 GMT+08:00 2023 (1684936800000), in +10h9m32s982ms, now=Wed May 24 11:50:27 GMT+08:00 2023 (1684900227018)
05-24 11:52:27.007 2571 21512 W ContextImpl: Calling a method in the system process without a qualified user: android.app.ContextImpl.sendBroadcast:1173 android.content.ContextWrapper.sendBroadcast:479 com.thundercomm.microsettings.action.SetTimeAction.timeUpdated:212 com.thundercomm.microsettings.action.SetTimeAction.update24HourFormat:194 com.thundercomm.microsettings.action.SetTimeAction.doActualAction:154
05-24 11:52:27.016 1528 1528 D DevicePolicyManager: updateSystemUpdateFreezePeriodsRecord
05-24 11:52:27.017 1528 1528 D ConditionProviders.SCP: onReceive android.intent.action.TIME_SET
05-24 11:52:27.018 1528 1528 D ConditionProviders.SCP: evaluateSubscriptionLocked cal=ScheduleCalendar[mDays={1, 2, 3, 4, 5, 6, 7}, mSchedule=ScheduleInfo{days=[1, 2, 3, 4, 5, 6, 7], startHour=22, startMinute=0, endHour=7, endMinute=0, exitAtAlarm=true, nextAlarm=Thu Jan 01 08:00:00 GMT+08:00 1970 (0)}], now=Wed May 24 11:52:27 GMT+08:00 2023 (1684900347017), nextUserAlarmTime=Thu Jan 01 08:00:00 GMT+08:00 1970 (0)
05-24 11:52:27.018 1528 1528 D ConditionProviders.SCP: notifyCondition condition://android/schedule?days=1.2.3.4.5.6.7&start=22.0&end=7.0&exitAtAlarm=true STATE_FALSE reason=!meetsSchedule
05-24 11:52:27.019 1528 1528 D ConditionProviders.SCP: Scheduling evaluate for Wed May 24 22:00:00 GMT+08:00 2023 (1684936800000), in +10h7m32s983ms, now=Wed May 24 11:52:27 GMT+08:00 2023 (1684900347017)
05-24 11:54:27.006 2571 21808 W ContextImpl: Calling a method in the system process without a qualified user: android.app.ContextImpl.sendBroadcast:1173 android.content.ContextWrapper.sendBroadcast:479 com.thundercomm.microsettings.action.SetTimeAction.timeUpdated:212 com.thundercomm.microsettings.action.SetTimeAction.update24HourFormat:194 com.thundercomm.microsettings.action.SetTimeAction.doActualAction:154
05-24 11:54:27.016 1528 1528 D DevicePolicyManager: updateSystemUpdateFreezePeriodsRecord
05-24 11:54:27.016 1528 1528 D ConditionProviders.SCP: onReceive android.intent.action.TIME_SET
05-24 11:54:27.017 1528 1528 D ConditionProviders.SCP: evaluateSubscriptionLocked cal=ScheduleCalendar[mDays={1, 2, 3, 4, 5, 6, 7}, mSchedule=ScheduleInfo{days=[1, 2, 3, 4, 5, 6, 7], startHour=22, startMinute=0, endHour=7, endMinute=0, exitAtAlarm=true, nextAlarm=Thu Jan 01 08:00:00 GMT+08:00 1970 (0)}], now=Wed May 24 11:54:27 GMT+08:00 2023 (1684900467016), nextUserAlarmTime=Thu Jan 01 08:00:00 GMT+08:00 1970 (0)
05-24 11:54:27.018 1528 1528 D ConditionProviders.SCP: notifyCondition condition://android/schedule?days=1.2.3.4.5.6.7&start=22.0&end=7.0&exitAtAlarm=true STATE_FALSE reason=!meetsSchedule
05-24 11:54:27.019 1528 1528 D ConditionProviders.SCP: Scheduling evaluate for Wed May 24 22:00:00 GMT+08:00 2023 (1684936800000), in +10h5m32s984ms, now=Wed May 24 11:54:27 GMT+08:00 2023 (1684900467016)
05-24 11:55:49.434 6116 6116 V DreamService[SystemDream]: mActionDownY = 683.0
05-24 11:55:49.434 6116 6116 V DreamService[SystemDream]: mActionUpY = 683.0
05-24 11:55:50.973 6116 6116 V DreamService[SystemDream]: mActionDownY = 1046.0
05-24 11:55:50.973 6116 6116 V DreamService[SystemDream]: mActionUpY = 565.0
05-24 11:55:50.989 1528 9633 I DreamManagerService: Gently waking up from dream.
05-24 11:55:50.991 1528 1663 I DreamManagerService: Performing gentle wake from dream.
05-24 11:55:50.995 1528 19621 I ActivityTaskManager: FOREGROUND_APPLICATION_CHANGED to org.chromium.chrome.browser.ChromeTabbedActivity
05-24 11:55:51.050 1528 1694 I PowerManagerService: Powering on display group fromDreaming (groupId=0, uid=1000, reason=WAKE_REASON_UNKNOWN, details=android.server.power:DREAM_FINISHED)...
05-24 11:55:51.050 1528 1694 I PowerManagerService: Waking up from Dreaming (uid=1000, reason=WAKE_REASON_UNKNOWN, details=android.server.power:DREAM_FINISHED)...
05-24 11:55:51.629 1528 19621 I DreamManagerService: Leaving dreamland.
05-24 11:55:51.633 1528 1663 I DreamManagerService: Performing gentle wake from dream.
05-24 11:55:51.634 1528 1663 I DreamController: Stopping dream: name=ComponentInfo{com.thundercomm.screensaver/com.thundercomm.screensaver.service.SystemDream}, isTest=false, canDoze=false, userId=0, reason='finished self'(from 'finished self')
05-24 11:55:51.645 1528 1667 W ActivityTaskManager: Can't find TaskDisplayArea to determine support for multi window. Task id=39 attached=false
05-24 11:56:04.043 1528 7362 W ActivityTaskManager: getTaskSnapshot: taskId=985 not found
05-24 11:56:04.054 1528 2699 W ActivityTaskManager: getTaskSnapshot: taskId=985 not found
05-24 11:56:04.054 1528 2699 W ActivityTaskManager: getTaskSnapshot: taskId=985 not found
05-24 11:56:04.060 1528 2699 W ActivityTaskManager: getTaskSnapshot: taskId=25 not found
05-24 11:56:04.062 1528 2699 W ActivityTaskManager: getTaskSnapshot: taskId=25 not found
05-24 11:56:04.062 1528 2699 W ActivityTaskManager: getTaskSnapshot: taskId=25 not found
05-24 11:56:04.794 1528 2699 I ActivityTaskManager: FOREGROUND_APPLICATION_CHANGED to com.android.launcher3.uioverrides.QuickstepLauncher
05-24 11:56:04.836 1528 7362 I thunderperf: PlatormCompat.setOverrides: Uid1=10074 Pid1=2838 Uid2=10074 Pid2=2838
05-24 11:56:04.836 1528 7362 I thunderperf: PlatormCompat.setOverrides: needCheck:false
05-24 11:56:04.836 1528 7362 I thunderperf: CompatConfig.addOverrideUnsafe: bef-state=1
05-24 11:56:04.836 1528 7362 E thunderperf: CompatConfig.addOverrideUnsafe: exception:java.lang.SecurityException: Cannot override a change on a non-debuggable app and user build.
05-24 11:56:04.836 1528 7362 I thunderperf: CompatConfig.addOverrideUnsafe: aft-state=1
05-24 11:56:04.838 1528 7362 I thunderperf: CompatConfig.addOverrideUnsafe: bef-state=1
05-24 11:56:04.839 1528 7362 E thunderperf: CompatConfig.addOverrideUnsafe: exception:java.lang.SecurityException: Cannot override a change on a non-debuggable app and user build.
05-24 11:56:04.839 1528 7362 I thunderperf: CompatConfig.addOverrideUnsafe: aft-state=1
05-24 11:56:04.839 1528 7362 I thunderperf: CompatConfig.addOverrideUnsafe: bef-state=1
05-24 11:56:04.839 1528 7362 E thunderperf: CompatConfig.addOverrideUnsafe: exception:java.lang.SecurityException: Cannot override a change on a non-debuggable app and user build.
05-24 11:56:04.839 1528 7362 I thunderperf: CompatConfig.addOverrideUnsafe: aft-state=1
05-24 11:56:04.840 1528 7362 I thunderperf: CompatConfig.addOverrideUnsafe: bef-state=1
05-24 11:56:04.840 1528 7362 E thunderperf: CompatConfig.addOverrideUnsafe: exception:java.lang.SecurityException: Cannot override a change on a non-debuggable app and user build.
05-24 11:56:04.840 1528 7362 I thunderperf: CompatConfig.addOverrideUnsafe: aft-state=1
05-24 11:56:04.841 1528 7362 I thunderperf: CompatConfig.addOverrideUnsafe: bef-state=1
05-24 11:56:04.841 1528 7362 E thunderperf: CompatConfig.addOverrideUnsafe: exception:java.lang.SecurityException: Cannot override a change on a non-debuggable app and user build.
05-24 11:56:04.841 1528 7362 I thunderperf: CompatConfig.addOverrideUnsafe: aft-state=1
05-24 11:56:04.841 1528 7362 I thunderperf: CompatConfig.addOverrideUnsafe: bef-state=1
05-24 11:56:04.842 1528 7362 E thunderperf: CompatConfig.addOverrideUnsafe: exception:java.lang.SecurityException: Cannot override a change on a non-debuggable app and user build.
05-24 11:56:04.842 1528 7362 I thunderperf: CompatConfig.addOverrideUnsafe: aft-state=1
05-24 11:56:04.842 1528 7362 I thunderperf: CompatConfig.addOverrideUnsafe: bef-state=1
05-24 11:56:04.842 1528 7362 E thunderperf: CompatConfig.addOverrideUnsafe: exception:java.lang.SecurityException: Cannot override a change on a non-debuggable app and user build.
05-24 11:56:04.842 1528 7362 I thunderperf: CompatConfig.addOverrideUnsafe: aft-state=1
05-24 11:56:04.844 1528 7362 I thunderperf: CompatConfig.addOverrideUnsafe: bef-state=1
05-24 11:56:04.847 1528 7362 E thunderperf: CompatConfig.addOverrideUnsafe: exception:java.lang.SecurityException: Cannot override a change on a non-debuggable app and user build.
05-24 11:56:04.847 1528 7362 I thunderperf: CompatConfig.addOverrideUnsafe: aft-state=1
05-24 11:56:04.848 1528 7362 I thunderperf: CompatConfig.addOverrideUnsafe: bef-state=1
05-24 11:56:04.849 1528 7362 E thunderperf: CompatConfig.addOverrideUnsafe: exception:java.lang.SecurityException: Cannot override a change on a non-debuggable app and user build.
05-24 11:56:04.849 1528 7362 I thunderperf: CompatConfig.addOverrideUnsafe: aft-state=1
05-24 11:56:04.849 1528 7362 I thunderperf: CompatConfig.addOverrideUnsafe: bef-state=1
05-24 11:56:04.849 1528 7362 E thunderperf: CompatConfig.addOverrideUnsafe: exception:java.lang.SecurityException: Cannot override a change on a non-debuggable app and user build.
05-24 11:56:04.849 1528 7362 I thunderperf: CompatConfig.addOverrideUnsafe: aft-state=1
05-24 11:56:04.850 1528 7362 I thunderperf: CompatConfig.addOverrideUnsafe: bef-state=1
05-24 11:56:04.850 1528 7362 E thunderperf: CompatConfig.addOverrideUnsafe: exception:java.lang.SecurityException: Cannot override a change on a non-debuggable app and user build.
05-24 11:56:04.850 1528 7362 I thunderperf: CompatConfig.addOverrideUnsafe: aft-state=1
05-24 11:56:04.850 1528 7362 I thunderperf: CompatConfig.addOverrideUnsafe: bef-state=1
05-24 11:56:04.850 1528 7362 E thunderperf: CompatConfig.addOverrideUnsafe: exception:java.lang.SecurityException: Cannot override a change on a non-debuggable app and user build.
05-24 11:56:04.850 1528 7362 I thunderperf: CompatConfig.addOverrideUnsafe: aft-state=1
05-24 11:56:04.851 1528 7362 I thunderperf: CompatConfig.addOverrideUnsafe: bef-state=1
05-24 11:56:04.851 1528 7362 E thunderperf: CompatConfig.addOverrideUnsafe: exception:java.lang.SecurityException: Cannot override a change on a non-debuggable app and user build.
05-24 11:56:04.851 1528 7362 I thunderperf: CompatConfig.addOverrideUnsafe: aft-state=1
05-24 11:56:04.851 1528 7362 I thunderperf: CompatConfig.addOverrideUnsafe: bef-state=1
05-24 11:56:04.851 1528 7362 E thunderperf: CompatConfig.addOverrideUnsafe: exception:java.lang.SecurityException: Cannot override a change on a non-debuggable app and user build.
05-24 11:56:04.851 1528 7362 I thunderperf: CompatConfig.addOverrideUnsafe: aft-state=1
05-24 11:56:04.853 1528 7362 I ActivityTaskManager: START u0 {act=android.intent.action.MAIN cat=[android.intent.category.LAUNCHER] flg=0x10200000 cmp=com.android.settings/.Settings bnds=[2306,740][2508,940]} from uid 10074
05-24 11:56:04.859 1528 9633 I ActivityTaskManager: FOREGROUND_APPLICATION_CHANGED to com.android.settings.homepage.SettingsHomepageActivity
05-24 11:56:04.897 1528 1682 W BatteryExternalStatsWorker: error reading modem stats:ERROR_PHONE_NOT_AVAILABLE
05-24 11:56:04.918 1528 1682 E KernelCpuSpeedReader: Failed to read cpu-freq: /sys/devices/system/cpu/cpu4/cpufreq/stats/time_in_state: open failed: ENOENT (No such file or directory)
05-24 11:56:04.918 1528 1682 E KernelCpuSpeedReader: Failed to read cpu-freq: /sys/devices/system/cpu/cpu0/cpufreq/stats/time_in_state: open failed: ENOENT (No such file or directory)
05-24 11:56:04.934 1528 1682 D KernelCpuUidUserSysTimeReader: Removing uids 90003-90003
05-24 11:56:05.005 1528 1682 W BatteryExternalStatsWorker: error reading modem stats:ERROR_PHONE_NOT_AVAILABLE
05-24 11:56:05.006 1528 1682 E KernelCpuSpeedReader: Failed to read cpu-freq: /sys/devices/system/cpu/cpu4/cpufreq/stats/time_in_state: open failed: ENOENT (No such file or directory)
05-24 11:56:05.006 1528 1682 E KernelCpuSpeedReader: Failed to read cpu-freq: /sys/devices/system/cpu/cpu0/cpufreq/stats/time_in_state: open failed: ENOENT (No such file or directory)
05-24 11:56:06.740 1528 2682 E UserRestrictionsUtils: Unknown restriction queried by uid 1000 (com.thundercomm.debugtools et al): null
05-24 11:56:06.741 1528 2682 E UserRestrictionsUtils: Unknown restriction queried by uid 1000 (com.thundercomm.debugtools et al): null
05-24 11:56:06.741 1528 2682 E UserRestrictionsUtils: Unknown restriction queried by uid 1000 (com.thundercomm.debugtools et al): null
05-24 11:56:06.741 1528 2682 E UserRestrictionsUtils: Unknown restriction queried by uid 1000 (com.thundercomm.debugtools et al): null
05-24 11:56:06.742 1528 2682 E UserRestrictionsUtils: Unknown restriction queried by uid 1000 (com.thundercomm.debugtools et al): null
05-24 11:56:06.757 1528 1675 W BroadcastQueue: Permission Denial: broadcasting Intent { act=android.net.conn.CONNECTIVITY_CHANGE flg=0x4200010 (has extras) } from null (pid=-1, uid=-1) requires android.permission.CHANGE_NETWORK_STATE due to registered receiver BroadcastFilter{f284ebd 1000/u0 ReceiverList{43b3614 2957 com.android.settings/1000/u0 remote:eec5867}}
05-24 11:56:06.757 1528 1675 W BroadcastQueue: Permission Denial: broadcasting Intent { act=android.net.wifi.STATE_CHANGE flg=0x4000010 (has extras) } from null (pid=-1, uid=-1) requires android.permission.CHANGE_NETWORK_STATE due to registered receiver BroadcastFilter{f284ebd 1000/u0 ReceiverList{43b3614 2957 com.android.settings/1000/u0 remote:eec5867}}
05-24 11:56:07.870 1528 3876 E TaskPersister: File error accessing recents directory (directory doesn't exist?).
05-24 11:56:27.009 2571 22174 W ContextImpl: Calling a method in the system process without a qualified user: android.app.ContextImpl.sendBroadcast:1173 android.content.ContextWrapper.sendBroadcast:479 com.thundercomm.microsettings.action.SetTimeAction.timeUpdated:212 com.thundercomm.microsettings.action.SetTimeAction.update24HourFormat:194 com.thundercomm.microsettings.action.SetTimeAction.doActualAction:154
05-24 11:56:27.023 1528 1528 D DevicePolicyManager: updateSystemUpdateFreezePeriodsRecord
05-24 11:56:27.023 1528 1528 D ConditionProviders.SCP: onReceive android.intent.action.TIME_SET
05-24 11:56:27.024 1528 1528 D ConditionProviders.SCP: evaluateSubscriptionLocked cal=ScheduleCalendar[mDays={1, 2, 3, 4, 5, 6, 7}, mSchedule=ScheduleInfo{days=[1, 2, 3, 4, 5, 6, 7], startHour=22, startMinute=0, endHour=7, endMinute=0, exitAtAlarm=true, nextAlarm=Thu Jan 01 08:00:00 GMT+08:00 1970 (0)}], now=Wed May 24 11:56:27 GMT+08:00 2023 (1684900587023), nextUserAlarmTime=Thu Jan 01 08:00:00 GMT+08:00 1970 (0)
05-24 11:56:27.024 1528 1528 D ConditionProviders.SCP: notifyCondition condition://android/schedule?days=1.2.3.4.5.6.7&start=22.0&end=7.0&exitAtAlarm=true STATE_FALSE reason=!meetsSchedule
05-24 11:56:27.026 1528 1528 D ConditionProviders.SCP: Scheduling evaluate for Wed May 24 22:00:00 GMT+08:00 2023 (1684936800000), in +10h3m32s977ms, now=Wed May 24 11:56:27 GMT+08:00 2023 (1684900587023)
05-24 11:56:32.077 1528 1801 D ActivityManager: freezing 19853 com.android.externalstorage
05-24 11:56:32.077 1528 1801 E ActivityManager: Unable to freeze binder for 19853 com.android.externalstorage
05-24 11:56:32.078 1528 1801 D ActivityManager: froze 19853 com.android.externalstorage
05-24 11:56:32.079 1528 1801 E ActivityManager: Unable to freeze binder for 19853 com.android.externalstorage
05-24 11:56:32.082 1528 1801 I ActivityManager: Killing 19853:com.android.externalstorage/u0a31 (adj 955): Unable to freeze binder interface
05-24 11:56:55.253 1528 1801 D ActivityManager: freezing 13067 com.android.settings.intelligence
05-24 11:56:55.254 1528 1801 E ActivityManager: Unable to freeze binder for 13067 com.android.settings.intelligence
05-24 11:56:55.256 1528 1801 D ActivityManager: froze 13067 com.android.settings.intelligence
05-24 11:56:55.256 1528 1801 E ActivityManager: Unable to freeze binder for 13067 com.android.settings.intelligence
05-24 11:56:55.258 1528 1801 I ActivityManager: Killing 13067:com.android.settings.intelligence/u0a61 (adj 945): Unable to freeze binder interface
05-24 11:56:55.322 1528 1666 W ActivityManager: setHasOverlayUi called on unknown pid: 13067
05-24 11:56:55.876 1528 1801 D ActivityManager: freezing 19800 com.android.documentsui
05-24 11:56:55.877 1528 1801 E ActivityManager: Unable to freeze binder for 19800 com.android.documentsui
05-24 11:56:55.878 1528 1801 D ActivityManager: froze 19800 com.android.documentsui
05-24 11:56:55.878 1528 1801 E ActivityManager: Unable to freeze binder for 19800 com.android.documentsui
05-24 11:56:55.880 1528 1801 I ActivityManager: Killing 19800:com.android.documentsui/u0a18 (adj 920): Unable to freeze binder interface
05-24 11:56:55.919 1528 1766 I WindowManager: WIN DEATH: Window{887f2fc u0 com.android.documentsui/com.android.documentsui.files.FilesActivity}
05-24 11:56:55.927 1528 1666 W ActivityManager: setHasOverlayUi called on unknown pid: 19800
05-24 11:56:55.927 1528 1674 W UsageStatsService: Unexpected activity event reported! (com.android.documentsui/com.android.documentsui.files.FilesActivity event : 23 instanceId : 255961692)
05-24 11:57:00.465 1528 1694 V DisplayPowerController[0]: Brightness [0.05] reason changing to: 'manual [ dim ]', previous reason: 'manual'.
05-24 11:57:00.466 1528 1694 W PowerManagerService: Screen on took 69424 ms
05-24 11:57:00.475 1528 2225 E DisplayDeviceConfig: requesting nits when no mapping exists.
05-24 11:57:00.476 1528 2225 E DisplayDeviceConfig: requesting nits when no mapping exists.
05-24 11:57:00.479 1528 1675 I DropBoxManagerService: add tag=system_server_wtf isTagEnabled=true flags=0x2
05-24 11:57:00.483 1528 1675 I DropBoxManagerService: add tag=system_server_wtf isTagEnabled=true flags=0x2
05-24 11:57:00.491 1528 2225 E DisplayDeviceConfig: requesting nits when no mapping exists.
05-24 11:57:00.491 1528 2225 E DisplayDeviceConfig: requesting nits when no mapping exists.
05-24 11:57:00.492 1528 1675 I DropBoxManagerService: add tag=system_server_wtf isTagEnabled=true flags=0x2
05-24 11:57:00.494 1528 1675 I DropBoxManagerService: add tag=system_server_wtf isTagEnabled=true flags=0x2
05-24 11:57:00.508 1528 2225 E DisplayDeviceConfig: requesting nits when no mapping exists.
05-24 11:57:00.509 1528 2225 E DisplayDeviceConfig: requesting nits when no mapping exists.
05-24 11:57:00.511 1528 1675 I DropBoxManagerService: add tag=system_server_wtf isTagEnabled=true flags=0x2
05-24 11:57:00.524 1528 2225 E DisplayDeviceConfig: requesting nits when no mapping exists.
05-24 11:57:00.525 1528 2225 E DisplayDeviceConfig: requesting nits when no mapping exists.
05-24 11:57:00.541 1528 2225 E DisplayDeviceConfig: requesting nits when no mapping exists.
05-24 11:57:00.541 1528 2225 E DisplayDeviceConfig: requesting nits when no mapping exists.
05-24 11:57:00.557 1528 2225 E DisplayDeviceConfig: requesting nits when no mapping exists.
05-24 11:57:00.558 1528 2225 E DisplayDeviceConfig: requesting nits when no mapping exists.
05-24 11:57:00.575 1528 2225 E DisplayDeviceConfig: requesting nits when no mapping exists.
05-24 11:57:00.575 1528 2225 E DisplayDeviceConfig: requesting nits when no mapping exists.
05-24 11:57:00.591 1528 2225 E DisplayDeviceConfig: requesting nits when no mapping exists.
05-24 11:57:00.592 1528 2225 E DisplayDeviceConfig: requesting nits when no mapping exists.
05-24 11:57:00.608 1528 2225 E DisplayDeviceConfig: requesting nits when no mapping exists.
05-24 11:57:00.608 1528 2225 E DisplayDeviceConfig: requesting nits when no mapping exists.
05-24 11:57:00.625 1528 2225 E DisplayDeviceConfig: requesting nits when no mapping exists.
05-24 11:57:00.625 1528 2225 E DisplayDeviceConfig: requesting nits when no mapping exists.
05-24 11:57:00.641 1528 2225 E DisplayDeviceConfig: requesting nits when no mapping exists.
05-24 11:57:00.641 1528 2225 E DisplayDeviceConfig: requesting nits when no mapping exists.
05-24 11:57:00.658 1528 2225 E DisplayDeviceConfig: requesting nits when no mapping exists.
05-24 11:57:00.659 1528 2225 E DisplayDeviceConfig: requesting nits when no mapping exists.
05-24 11:57:00.674 1528 2225 E DisplayDeviceConfig: requesting nits when no mapping exists.
05-24 11:57:00.675 1528 2225 E DisplayDeviceConfig: requesting nits when no mapping exists.
05-24 11:57:00.691 1528 2225 E DisplayDeviceConfig: requesting nits when no mapping exists.
05-24 11:57:00.692 1528 2225 E DisplayDeviceConfig: requesting nits when no mapping exists.
05-24 11:57:00.709 1528 2225 E DisplayDeviceConfig: requesting nits when no mapping exists.
05-24 11:57:00.709 1528 2225 E DisplayDeviceConfig: requesting nits when no mapping exists.
05-24 11:57:00.724 1528 2225 E DisplayDeviceConfig: requesting nits when no mapping exists.
05-24 11:57:00.725 1528 2225 E DisplayDeviceConfig: requesting nits when no mapping exists.
05-24 11:57:00.741 1528 2225 E DisplayDeviceConfig: requesting nits when no mapping exists.
05-24 11:57:00.742 1528 2225 E DisplayDeviceConfig: requesting nits when no mapping exists.
05-24 11:57:00.758 1528 2225 E DisplayDeviceConfig: requesting nits when no mapping exists.
05-24 11:57:00.759 1528 2225 E DisplayDeviceConfig: requesting nits when no mapping exists.
05-24 11:57:00.775 1528 2225 E DisplayDeviceConfig: requesting nits when no mapping exists.
05-24 11:57:00.775 1528 2225 E DisplayDeviceConfig: requesting nits when no mapping exists.
05-24 11:57:00.791 1528 2225 E DisplayDeviceConfig: requesting nits when no mapping exists.
05-24 11:57:00.792 1528 2225 E DisplayDeviceConfig: requesting nits when no mapping exists.
05-24 11:57:00.808 1528 2225 E DisplayDeviceConfig: requesting nits when no mapping exists.
05-24 11:57:00.809 1528 2225 E DisplayDeviceConfig: requesting nits when no mapping exists.
05-24 11:57:00.825 1528 2225 E DisplayDeviceConfig: requesting nits when no mapping exists.
05-24 11:57:00.825 1528 2225 E DisplayDeviceConfig: requesting nits when no mapping exists.
05-24 11:57:00.841 1528 2225 E DisplayDeviceConfig: requesting nits when no mapping exists.
05-24 11:57:00.841 1528 2225 E DisplayDeviceConfig: requesting nits when no mapping exists.
05-24 11:57:00.858 1528 2225 E DisplayDeviceConfig: requesting nits when no mapping exists.
05-24 11:57:00.859 1528 2225 E DisplayDeviceConfig: requesting nits when no mapping exists.
05-24 11:57:00.874 1528 2225 E DisplayDeviceConfig: requesting nits when no mapping exists.
05-24 11:57:00.875 1528 2225 E DisplayDeviceConfig: requesting nits when no mapping exists.
05-24 11:57:00.891 1528 2225 E DisplayDeviceConfig: requesting nits when no mapping exists.
05-24 11:57:00.892 1528 2225 E DisplayDeviceConfig: requesting nits when no mapping exists.
05-24 11:57:00.908 1528 2225 E DisplayDeviceConfig: requesting nits when no mapping exists.
05-24 11:57:00.909 1528 2225 E DisplayDeviceConfig: requesting nits when no mapping exists.
05-24 11:57:00.924 1528 2225 E DisplayDeviceConfig: requesting nits when no mapping exists.
05-24 11:57:00.925 1528 2225 E DisplayDeviceConfig: requesting nits when no mapping exists.
05-24 11:57:00.941 1528 2225 E DisplayDeviceConfig: requesting nits when no mapping exists.
05-24 11:57:00.941 1528 2225 E DisplayDeviceConfig: requesting nits when no mapping exists.
05-24 11:57:00.958 1528 2225 E DisplayDeviceConfig: requesting nits when no mapping exists.
05-24 11:57:00.958 1528 2225 E DisplayDeviceConfig: requesting nits when no mapping exists.
05-24 11:57:00.977 1528 2225 E DisplayDeviceConfig: requesting nits when no mapping exists.
05-24 11:57:00.983 1528 2225 E DisplayDeviceConfig: requesting nits when no mapping exists.
05-24 11:57:00.994 1528 2225 E DisplayDeviceConfig: requesting nits when no mapping exists.
05-24 11:57:00.994 1528 2225 E DisplayDeviceConfig: requesting nits when no mapping exists.
05-24 11:57:01.008 1528 2225 E DisplayDeviceConfig: requesting nits when no mapping exists.
05-24 11:57:01.009 1528 2225 E DisplayDeviceConfig: requesting nits when no mapping exists.
05-24 11:57:01.024 1528 2225 E DisplayDeviceConfig: requesting nits when no mapping exists.
05-24 11:57:01.025 1528 2225 E DisplayDeviceConfig: requesting nits when no mapping exists.
05-24 11:57:01.041 1528 2225 E DisplayDeviceConfig: requesting nits when no mapping exists.
05-24 11:57:01.042 1528 2225 E DisplayDeviceConfig: requesting nits when no mapping exists.
05-24 11:57:01.057 1528 2225 E DisplayDeviceConfig: requesting nits when no mapping exists.
05-24 11:57:01.058 1528 2225 E DisplayDeviceConfig: requesting nits when no mapping exists.
05-24 11:57:07.469 1528 1694 I PowerManagerService: Napping display group (groupId=0, uid=1000)...
05-24 11:57:07.469 1528 1694 I PowerManagerService: Nap time (uid 1000)...
05-24 11:57:07.471 1528 1694 I DreamManagerService: Entering dreamland.
05-24 11:57:07.475 1528 1694 I PowerManagerService: Dreaming...
05-24 11:57:07.485 1528 1663 I DreamController: Starting dream: name=ComponentInfo{com.thundercomm.screensaver/com.thundercomm.screensaver.service.SystemDream}, isTest=false, canDoze=false, userId=0
05-24 11:57:07.498 1528 1766 I ActivityTaskManager: START u0 {flg=0x10000000 pkg=com.thundercomm.screensaver cmp=com.thundercomm.screensaver/android.service.dreams.DreamActivity (has extras)} from uid 10042
05-24 11:57:07.506 1528 1766 W ActivityTaskManager: Can't find TaskDisplayArea to determine support for multi window. Task id=40 attached=false
05-24 11:57:07.518 1528 22252 I ActivityTaskManager: FOREGROUND_APPLICATION_CHANGED to android.service.dreams.DreamActivity
05-24 11:57:07.518 1528 22252 I ActivityTaskManager: The Process com.thundercomm.screensaver Already Exists in BG. So sending its PID: 6116
05-24 11:57:07.518 1528 22252 W ActivityTaskManager: Tried to set launchTime (0) < mLastActivityLaunchTime (3889441)
05-24 11:57:07.524 1528 2698 W WindowManager: Failed looking up window session=Session{772c90c 6116:u0a10042} callers=com.android.server.wm.WindowManagerService.windowForClientLocked:5628 com.android.server.wm.Session.insetsModified:629 android.view.IWindowSession$Stub.onTransact:1151
05-24 11:57:07.555 1528 1694 V DisplayPowerController[0]: Brightness [0.6363636] reason changing to: 'manual', previous reason: 'manual [ dim ]'.
05-24 11:57:07.558 1528 2225 E DisplayDeviceConfig: requesting nits when no mapping exists.
05-24 11:57:07.558 1528 2225 E DisplayDeviceConfig: requesting nits when no mapping exists.
05-24 11:57:07.573 1528 2225 E DisplayDeviceConfig: requesting nits when no mapping exists.
05-24 11:57:07.574 1528 2225 E DisplayDeviceConfig: requesting nits when no mapping exists.
05-24 11:57:07.590 1528 2225 E DisplayDeviceConfig: requesting nits when no mapping exists.
05-24 11:57:07.590 1528 2225 E DisplayDeviceConfig: requesting nits when no mapping exists.
05-24 11:57:07.607 1528 2225 E DisplayDeviceConfig: requesting nits when no mapping exists.
05-24 11:57:07.607 1528 2225 E DisplayDeviceConfig: requesting nits when no mapping exists.
05-24 11:57:07.623 1528 2225 E DisplayDeviceConfig: requesting nits when no mapping exists.
05-24 11:57:07.623 1528 2225 E DisplayDeviceConfig: requesting nits when no mapping exists.
05-24 11:57:07.640 1528 2225 E DisplayDeviceConfig: requesting nits when no mapping exists.
05-24 11:57:07.640 1528 2225 E DisplayDeviceConfig: requesting nits when no mapping exists.
05-24 11:57:07.657 1528 2225 E DisplayDeviceConfig: requesting nits when no mapping exists.
05-24 11:57:07.658 1528 2225 E DisplayDeviceConfig: requesting nits when no mapping exists.
05-24 11:57:07.673 1528 2225 E DisplayDeviceConfig: requesting nits when no mapping exists.
05-24 11:57:07.673 1528 2225 E DisplayDeviceConfig: requesting nits when no mapping exists.
05-24 11:57:07.690 1528 2225 E DisplayDeviceConfig: requesting nits when no mapping exists.
05-24 11:57:07.691 1528 2225 E DisplayDeviceConfig: requesting nits when no mapping exists.
05-24 11:57:07.707 1528 2225 E DisplayDeviceConfig: requesting nits when no mapping exists.
05-24 11:57:07.707 1528 2225 E DisplayDeviceConfig: requesting nits when no mapping exists.
05-24 11:57:07.723 1528 2225 E DisplayDeviceConfig: requesting nits when no mapping exists.
05-24 11:57:07.724 1528 2225 E DisplayDeviceConfig: requesting nits when no mapping exists.
05-24 11:57:07.740 1528 2225 E DisplayDeviceConfig: requesting nits when no mapping exists.
05-24 11:57:07.740 1528 2225 E DisplayDeviceConfig: requesting nits when no mapping exists.
05-24 11:57:07.756 1528 2225 E DisplayDeviceConfig: requesting nits when no mapping exists.
05-24 11:57:07.756 1528 2225 E DisplayDeviceConfig: requesting nits when no mapping exists.
05-24 11:57:07.773 1528 2225 E DisplayDeviceConfig: requesting nits when no mapping exists.
05-24 11:57:07.773 1528 2225 E DisplayDeviceConfig: requesting nits when no mapping exists.
05-24 11:57:07.790 1528 2225 E DisplayDeviceConfig: requesting nits when no mapping exists.
05-24 11:57:07.790 1528 2225 E DisplayDeviceConfig: requesting nits when no mapping exists.
05-24 11:57:07.806 1528 2225 E DisplayDeviceConfig: requesting nits when no mapping exists.
05-24 11:57:07.807 1528 2225 E DisplayDeviceConfig: requesting nits when no mapping exists.
05-24 11:57:07.823 1528 2225 E DisplayDeviceConfig: requesting nits when no mapping exists.
05-24 11:57:07.823 1528 2225 E DisplayDeviceConfig: requesting nits when no mapping exists.
05-24 11:57:07.840 1528 2225 E DisplayDeviceConfig: requesting nits when no mapping exists.
05-24 11:57:07.840 1528 2225 E DisplayDeviceConfig: requesting nits when no mapping exists.
05-24 11:57:07.856 1528 2225 E DisplayDeviceConfig: requesting nits when no mapping exists.
05-24 11:57:07.856 1528 2225 E DisplayDeviceConfig: requesting nits when no mapping exists.
05-24 11:57:07.873 1528 2225 E DisplayDeviceConfig: requesting nits when no mapping exists.
05-24 11:57:07.873 1528 2225 E DisplayDeviceConfig: requesting nits when no mapping exists.
05-24 11:57:07.890 1528 2225 E DisplayDeviceConfig: requesting nits when no mapping exists.
05-24 11:57:07.890 1528 2225 E DisplayDeviceConfig: requesting nits when no mapping exists.
05-24 11:57:07.906 1528 2225 E DisplayDeviceConfig: requesting nits when no mapping exists.
05-24 11:57:07.906 1528 2225 E DisplayDeviceConfig: requesting nits when no mapping exists.
05-24 11:57:07.923 1528 2225 E DisplayDeviceConfig: requesting nits when no mapping exists.
05-24 11:57:07.923 1528 2225 E DisplayDeviceConfig: requesting nits when no mapping exists.
05-24 11:57:07.940 1528 2225 E DisplayDeviceConfig: requesting nits when no mapping exists.
05-24 11:57:07.940 1528 2225 E DisplayDeviceConfig: requesting nits when no mapping exists.
05-24 11:57:07.958 1528 2225 E DisplayDeviceConfig: requesting nits when no mapping exists.
05-24 11:57:07.958 1528 2225 E DisplayDeviceConfig: requesting nits when no mapping exists.
05-24 11:57:07.973 1528 2225 E DisplayDeviceConfig: requesting nits when no mapping exists.
05-24 11:57:07.973 1528 2225 E DisplayDeviceConfig: requesting nits when no mapping exists.
05-24 11:57:07.990 1528 2225 E DisplayDeviceConfig: requesting nits when no mapping exists.
05-24 11:57:07.990 1528 2225 E DisplayDeviceConfig: requesting nits when no mapping exists.
05-24 11:57:08.006 1528 2225 E DisplayDeviceConfig: requesting nits when no mapping exists.
05-24 11:57:08.006 1528 2225 E DisplayDeviceConfig: requesting nits when no mapping exists.
05-24 11:57:08.023 1528 2225 E DisplayDeviceConfig: requesting nits when no mapping exists.
05-24 11:57:08.023 1528 2225 E DisplayDeviceConfig: requesting nits when no mapping exists.
05-24 11:57:08.040 1528 2225 E DisplayDeviceConfig: requesting nits when no mapping exists.
05-24 11:57:08.040 1528 2225 E DisplayDeviceConfig: requesting nits when no mapping exists.
05-24 11:57:08.056 1528 2225 E DisplayDeviceConfig: requesting nits when no mapping exists.
05-24 11:57:08.056 1528 2225 E DisplayDeviceConfig: requesting nits when no mapping exists.
05-24 11:57:08.073 1528 2225 E DisplayDeviceConfig: requesting nits when no mapping exists.
05-24 11:57:08.073 1528 2225 E DisplayDeviceConfig: requesting nits when no mapping exists.
05-24 11:57:08.090 1528 2225 E DisplayDeviceConfig: requesting nits when no mapping exists.
05-24 11:57:08.090 1528 2225 E DisplayDeviceConfig: requesting nits when no mapping exists.
05-24 11:57:08.106 1528 2225 E DisplayDeviceConfig: requesting nits when no mapping exists.
05-24 11:57:08.107 1528 2225 E DisplayDeviceConfig: requesting nits when no mapping exists.
05-24 11:57:08.123 1528 2225 E DisplayDeviceConfig: requesting nits when no mapping exists.
05-24 11:57:08.123 1528 2225 E DisplayDeviceConfig: requesting nits when no mapping exists.
05-24 11:57:08.140 1528 2225 E DisplayDeviceConfig: requesting nits when no mapping exists.
05-24 11:57:08.140 1528 2225 E DisplayDeviceConfig: requesting nits when no mapping exists.
05-24 11:57:08.156 1528 2225 E DisplayDeviceConfig: requesting nits when no mapping exists.
05-24 11:57:08.156 1528 2225 E DisplayDeviceConfig: requesting nits when no mapping exists.
05-24 11:58:27.007 2571 22496 W ContextImpl: Calling a method in the system process without a qualified user: android.app.ContextImpl.sendBroadcast:1173 android.content.ContextWrapper.sendBroadcast:479 com.thundercomm.microsettings.action.SetTimeAction.timeUpdated:212 com.thundercomm.microsettings.action.SetTimeAction.update24HourFormat:194 com.thundercomm.microsettings.action.SetTimeAction.doActualAction:154
05-24 11:58:27.019 1528 1528 D DevicePolicyManager: updateSystemUpdateFreezePeriodsRecord
05-24 11:58:27.020 1528 1528 D ConditionProviders.SCP: onReceive android.intent.action.TIME_SET
05-24 11:58:27.021 1528 1528 D ConditionProviders.SCP: evaluateSubscriptionLocked cal=ScheduleCalendar[mDays={1, 2, 3, 4, 5, 6, 7}, mSchedule=ScheduleInfo{days=[1, 2, 3, 4, 5, 6, 7], startHour=22, startMinute=0, endHour=7, endMinute=0, exitAtAlarm=true, nextAlarm=Thu Jan 01 08:00:00 GMT+08:00 1970 (0)}], now=Wed May 24 11:58:27 GMT+08:00 2023 (1684900707020), nextUserAlarmTime=Thu Jan 01 08:00:00 GMT+08:00 1970 (0)
05-24 11:58:27.021 1528 1528 D ConditionProviders.SCP: notifyCondition condition://android/schedule?days=1.2.3.4.5.6.7&start=22.0&end=7.0&exitAtAlarm=true STATE_FALSE reason=!meetsSchedule
05-24 11:58:27.022 1528 1528 D ConditionProviders.SCP: Scheduling evaluate for Wed May 24 22:00:00 GMT+08:00 2023 (1684936800000), in +10h1m32s980ms, now=Wed May 24 11:58:27 GMT+08:00 2023 (1684900707020)
