05-24 11:38:05.523 1528 2225 E DisplayDeviceConfig: requesting nits when no mapping exists.
05-24 11:38:05.523 1528 2225 E DisplayDeviceConfig: requesting nits when no mapping exists.
05-24 11:38:05.540 1528 2225 E DisplayDeviceConfig: requesting nits when no mapping exists.
05-24 11:38:05.540 1528 2225 E DisplayDeviceConfig: requesting nits when no mapping exists.
05-24 11:38:05.557 1528 2225 E DisplayDeviceConfig: requesting nits when no mapping exists.
05-24 11:38:05.557 1528 2225 E DisplayDeviceConfig: requesting nits when no mapping exists.
05-24 11:38:05.573 1528 2225 E DisplayDeviceConfig: requesting nits when no mapping exists.
05-24 11:38:05.573 1528 2225 E DisplayDeviceConfig: requesting nits when no mapping exists.
05-24 11:38:05.590 1528 2225 E DisplayDeviceConfig: requesting nits when no mapping exists.
05-24 11:38:05.590 1528 2225 E DisplayDeviceConfig: requesting nits when no mapping exists.
05-24 11:38:05.607 1528 2225 E DisplayDeviceConfig: requesting nits when no mapping exists.
05-24 11:38:05.607 1528 2225 E DisplayDeviceConfig: requesting nits when no mapping exists.
05-24 11:38:05.623 1528 2225 E DisplayDeviceConfig: requesting nits when no mapping exists.
05-24 11:38:05.623 1528 2225 E DisplayDeviceConfig: requesting nits when no mapping exists.
05-24 11:38:05.640 1528 2225 E DisplayDeviceConfig: requesting nits when no mapping exists.
05-24 11:38:05.640 1528 2225 E DisplayDeviceConfig: requesting nits when no mapping exists.
05-24 11:38:05.657 1528 2225 E DisplayDeviceConfig: requesting nits when no mapping exists.
05-24 11:38:05.657 1528 2225 E DisplayDeviceConfig: requesting nits when no mapping exists.
05-24 11:38:05.673 1528 2225 E DisplayDeviceConfig: requesting nits when no mapping exists.
05-24 11:38:05.673 1528 2225 E DisplayDeviceConfig: requesting nits when no mapping exists.
05-24 11:38:05.690 1528 2225 E DisplayDeviceConfig: requesting nits when no mapping exists.
05-24 11:38:05.690 1528 2225 E DisplayDeviceConfig: requesting nits when no mapping exists.
05-24 11:38:05.707 1528 2225 E DisplayDeviceConfig: requesting nits when no mapping exists.
05-24 11:38:05.707 1528 2225 E DisplayDeviceConfig: requesting nits when no mapping exists.
05-24 11:38:05.723 1528 2225 E DisplayDeviceConfig: requesting nits when no mapping exists.
05-24 11:38:05.723 1528 2225 E DisplayDeviceConfig: requesting nits when no mapping exists.
05-24 11:38:05.740 1528 2225 E DisplayDeviceConfig: requesting nits when no mapping exists.
05-24 11:38:05.740 1528 2225 E DisplayDeviceConfig: requesting nits when no mapping exists.
05-24 11:38:05.757 1528 2225 E DisplayDeviceConfig: requesting nits when no mapping exists.
05-24 11:38:05.757 1528 2225 E DisplayDeviceConfig: requesting nits when no mapping exists.
05-24 11:38:05.773 1528 2225 E DisplayDeviceConfig: requesting nits when no mapping exists.
05-24 11:38:05.774 1528 2225 E DisplayDeviceConfig: requesting nits when no mapping exists.
05-24 11:38:05.790 1528 2225 E DisplayDeviceConfig: requesting nits when no mapping exists.
05-24 11:38:05.790 1528 2225 E DisplayDeviceConfig: requesting nits when no mapping exists.
05-24 11:38:05.807 1528 2225 E DisplayDeviceConfig: requesting nits when no mapping exists.
05-24 11:38:05.807 1528 2225 E DisplayDeviceConfig: requesting nits when no mapping exists.
05-24 11:38:27.009 2571 18565 W ContextImpl: Calling a method in the system process without a qualified user: android.app.ContextImpl.sendBroadcast:1173 android.content.ContextWrapper.sendBroadcast:479 com.thundercomm.microsettings.action.SetTimeAction.timeUpdated:212 com.thundercomm.microsettings.action.SetTimeAction.update24HourFormat:194 com.thundercomm.microsettings.action.SetTimeAction.doActualAction:154
05-24 11:38:27.022 1528 1528 D DevicePolicyManager: updateSystemUpdateFreezePeriodsRecord
05-24 11:38:27.022 1528 1528 D ConditionProviders.SCP: onReceive android.intent.action.TIME_SET
05-24 11:38:27.023 1528 1528 D ConditionProviders.SCP: evaluateSubscriptionLocked cal=ScheduleCalendar[mDays={1, 2, 3, 4, 5, 6, 7}, mSchedule=ScheduleInfo{days=[1, 2, 3, 4, 5, 6, 7], startHour=22, startMinute=0, endHour=7, endMinute=0, exitAtAlarm=true, nextAlarm=Thu Jan 01 08:00:00 GMT+08:00 1970 (0)}], now=Wed May 24 11:38:27 GMT+08:00 2023 (1684899507022), nextUserAlarmTime=Thu Jan 01 08:00:00 GMT+08:00 1970 (0)
05-24 11:38:27.023 1528 1528 D ConditionProviders.SCP: notifyCondition condition://android/schedule?days=1.2.3.4.5.6.7&start=22.0&end=7.0&exitAtAlarm=true STATE_FALSE reason=!meetsSchedule
05-24 11:38:27.025 1528 1528 D ConditionProviders.SCP: Scheduling evaluate for Wed May 24 22:00:00 GMT+08:00 2023 (1684936800000), in +10h21m32s978ms, now=Wed May 24 11:38:27 GMT+08:00 2023 (1684899507022)
05-24 11:40:20.272 1528 1801 D ActivityManager: freezing 15949 com.android.permissioncontroller
05-24 11:40:20.272 1528 1801 E ActivityManager: Unable to freeze binder for 15949 com.android.permissioncontroller
05-24 11:40:20.274 1528 1801 D ActivityManager: froze 15949 com.android.permissioncontroller
05-24 11:40:20.274 1528 1801 E ActivityManager: Unable to freeze binder for 15949 com.android.permissioncontroller
05-24 11:40:20.277 1528 1801 I ActivityManager: Killing 15949:com.android.permissioncontroller/u0a91 (adj 965): Unable to freeze binder interface
05-24 11:40:27.009 2571 18885 W ContextImpl: Calling a method in the system process without a qualified user: android.app.ContextImpl.sendBroadcast:1173 android.content.ContextWrapper.sendBroadcast:479 com.thundercomm.microsettings.action.SetTimeAction.timeUpdated:212 com.thundercomm.microsettings.action.SetTimeAction.update24HourFormat:194 com.thundercomm.microsettings.action.SetTimeAction.doActualAction:154
05-24 11:40:27.017 1528 1528 D DevicePolicyManager: updateSystemUpdateFreezePeriodsRecord
05-24 11:40:27.017 1528 1528 D ConditionProviders.SCP: onReceive android.intent.action.TIME_SET
05-24 11:40:27.018 1528 1528 D ConditionProviders.SCP: evaluateSubscriptionLocked cal=ScheduleCalendar[mDays={1, 2, 3, 4, 5, 6, 7}, mSchedule=ScheduleInfo{days=[1, 2, 3, 4, 5, 6, 7], startHour=22, startMinute=0, endHour=7, endMinute=0, exitAtAlarm=true, nextAlarm=Thu Jan 01 08:00:00 GMT+08:00 1970 (0)}], now=Wed May 24 11:40:27 GMT+08:00 2023 (1684899627017), nextUserAlarmTime=Thu Jan 01 08:00:00 GMT+08:00 1970 (0)
05-24 11:40:27.019 1528 1528 D ConditionProviders.SCP: notifyCondition condition://android/schedule?days=1.2.3.4.5.6.7&start=22.0&end=7.0&exitAtAlarm=true STATE_FALSE reason=!meetsSchedule
05-24 11:40:27.021 1528 1528 D ConditionProviders.SCP: Scheduling evaluate for Wed May 24 22:00:00 GMT+08:00 2023 (1684936800000), in +10h19m32s983ms, now=Wed May 24 11:40:27 GMT+08:00 2023 (1684899627017)
05-24 11:42:02.683 1528 1801 D ActivityManager: freezing 17203 android.process.media
05-24 11:42:02.683 1528 1801 E ActivityManager: Unable to freeze binder for 17203 android.process.media
05-24 11:42:02.685 1528 1801 D ActivityManager: froze 17203 android.process.media
05-24 11:42:02.685 1528 1801 E ActivityManager: Unable to freeze binder for 17203 android.process.media
05-24 11:42:02.688 1528 1801 I ActivityManager: Killing 17203:android.process.media/u0a17 (adj 955): Unable to freeze binder interface
05-24 11:42:27.008 2571 19200 W ContextImpl: Calling a method in the system process without a qualified user: android.app.ContextImpl.sendBroadcast:1173 android.content.ContextWrapper.sendBroadcast:479 com.thundercomm.microsettings.action.SetTimeAction.timeUpdated:212 com.thundercomm.microsettings.action.SetTimeAction.update24HourFormat:194 com.thundercomm.microsettings.action.SetTimeAction.doActualAction:154
05-24 11:42:27.016 1528 1528 D DevicePolicyManager: updateSystemUpdateFreezePeriodsRecord
05-24 11:42:27.017 1528 1528 D ConditionProviders.SCP: onReceive android.intent.action.TIME_SET
05-24 11:42:27.018 1528 1528 D ConditionProviders.SCP: evaluateSubscriptionLocked cal=ScheduleCalendar[mDays={1, 2, 3, 4, 5, 6, 7}, mSchedule=ScheduleInfo{days=[1, 2, 3, 4, 5, 6, 7], startHour=22, startMinute=0, endHour=7, endMinute=0, exitAtAlarm=true, nextAlarm=Thu Jan 01 08:00:00 GMT+08:00 1970 (0)}], now=Wed May 24 11:42:27 GMT+08:00 2023 (1684899747017), nextUserAlarmTime=Thu Jan 01 08:00:00 GMT+08:00 1970 (0)
05-24 11:42:27.018 1528 1528 D ConditionProviders.SCP: notifyCondition condition://android/schedule?days=1.2.3.4.5.6.7&start=22.0&end=7.0&exitAtAlarm=true STATE_FALSE reason=!meetsSchedule
05-24 11:42:27.019 1528 1528 D ConditionProviders.SCP: Scheduling evaluate for Wed May 24 22:00:00 GMT+08:00 2023 (1684936800000), in +10h17m32s983ms, now=Wed May 24 11:42:27 GMT+08:00 2023 (1684899747017)
05-24 11:42:32.019 1528 1801 D ActivityManager: freezing 17191 com.android.externalstorage
05-24 11:42:32.020 1528 1801 E ActivityManager: Unable to freeze binder for 17191 com.android.externalstorage
05-24 11:42:32.021 1528 1801 D ActivityManager: froze 17191 com.android.externalstorage
05-24 11:42:32.022 1528 1801 E ActivityManager: Unable to freeze binder for 17191 com.android.externalstorage
05-24 11:42:32.025 1528 1801 I ActivityManager: Killing 17191:com.android.externalstorage/u0a31 (adj 955): Unable to freeze binder interface
05-24 11:42:36.833 6116 6116 V DreamService[SystemDream]: mActionDownY = 835.0
05-24 11:42:36.833 6116 6116 V DreamService[SystemDream]: mActionUpY = 835.0
05-24 11:42:37.607 6116 6116 V DreamService[SystemDream]: mActionDownY = 1054.0
05-24 11:42:37.607 6116 6116 V DreamService[SystemDream]: mActionUpY = 1019.0
05-24 11:42:37.616 1528 2682 I DreamManagerService: Gently waking up from dream.
05-24 11:42:37.616 1528 1663 I DreamManagerService: Performing gentle wake from dream.
05-24 11:42:37.618 1528 2363 I ActivityTaskManager: FOREGROUND_APPLICATION_CHANGED to com.android.settings.homepage.SettingsHomepageActivity
05-24 11:42:37.648 1528 1682 W BatteryExternalStatsWorker: error reading modem stats:ERROR_PHONE_NOT_AVAILABLE
05-24 11:42:37.661 1528 1682 E KernelCpuSpeedReader: Failed to read cpu-freq: /sys/devices/system/cpu/cpu4/cpufreq/stats/time_in_state: open failed: ENOENT (No such file or directory)
05-24 11:42:37.661 1528 1682 E KernelCpuSpeedReader: Failed to read cpu-freq: /sys/devices/system/cpu/cpu0/cpufreq/stats/time_in_state: open failed: ENOENT (No such file or directory)
05-24 11:42:37.734 1528 1694 I PowerManagerService: Powering on display group fromDreaming (groupId=0, uid=1000, reason=WAKE_REASON_UNKNOWN, details=android.server.power:DREAM_FINISHED)...
05-24 11:42:37.734 1528 1694 I PowerManagerService: Waking up from Dreaming (uid=1000, reason=WAKE_REASON_UNKNOWN, details=android.server.power:DREAM_FINISHED)...
05-24 11:42:38.233 1528 2699 I DreamManagerService: Leaving dreamland.
05-24 11:42:38.236 1528 1663 I DreamManagerService: Performing gentle wake from dream.
05-24 11:42:38.236 1528 1663 I DreamController: Stopping dream: name=ComponentInfo{com.thundercomm.screensaver/com.thundercomm.screensaver.service.SystemDream}, isTest=false, canDoze=false, userId=0, reason='finished self'(from 'finished self')
05-24 11:42:38.252 1528 1667 W ActivityTaskManager: Can't find TaskDisplayArea to determine support for multi window. Task id=36 attached=false
05-24 11:42:39.109 1528 10045 I ActivityTaskManager: START u0 {act=android.settings.APP_SEARCH_SETTINGS pkg=com.android.settings.intelligence cmp=com.android.settings.intelligence/.search.SearchActivity (has extras)} from uid 1000
05-24 11:42:39.122 1528 2363 I ActivityTaskManager: FOREGROUND_APPLICATION_CHANGED to com.android.settings.intelligence.search.SearchActivity
05-24 11:42:39.122 1528 2363 I ActivityTaskManager: The Process com.android.settings.intelligence Already Exists in BG. So sending its PID: 13067
05-24 11:42:39.122 1528 2363 W ActivityTaskManager: Tried to set launchTime (0) < mLastActivityLaunchTime (2855444)
05-24 11:42:42.126 1528 3876 E TaskPersister: File error accessing recents directory (directory doesn't exist?).
05-24 11:43:32.096 1528 1694 V DisplayPowerController[0]: Brightness [0.05] reason changing to: 'manual [ dim ]', previous reason: 'manual'.
05-24 11:43:32.097 1528 1694 W PowerManagerService: Screen on took 54363 ms
05-24 11:43:32.103 1528 2225 E DisplayDeviceConfig: requesting nits when no mapping exists.
05-24 11:43:32.104 1528 2225 E DisplayDeviceConfig: requesting nits when no mapping exists.
05-24 11:43:32.105 1528 1675 I DropBoxManagerService: add tag=system_server_wtf isTagEnabled=true flags=0x2
05-24 11:43:32.109 1528 1675 I DropBoxManagerService: add tag=system_server_wtf isTagEnabled=true flags=0x2
05-24 11:43:32.118 1528 2225 E DisplayDeviceConfig: requesting nits when no mapping exists.
05-24 11:43:32.118 1528 2225 E DisplayDeviceConfig: requesting nits when no mapping exists.
05-24 11:43:32.119 1528 1675 I DropBoxManagerService: add tag=system_server_wtf isTagEnabled=true flags=0x2
05-24 11:43:32.121 1528 1675 I DropBoxManagerService: add tag=system_server_wtf isTagEnabled=true flags=0x2
05-24 11:43:32.134 1528 2225 E DisplayDeviceConfig: requesting nits when no mapping exists.
05-24 11:43:32.135 1528 2225 E DisplayDeviceConfig: requesting nits when no mapping exists.
05-24 11:43:32.137 1528 1675 I DropBoxManagerService: add tag=system_server_wtf isTagEnabled=true flags=0x2
05-24 11:43:32.152 1528 2225 E DisplayDeviceConfig: requesting nits when no mapping exists.
05-24 11:43:32.152 1528 2225 E DisplayDeviceConfig: requesting nits when no mapping exists.
05-24 11:43:32.173 1528 2225 E DisplayDeviceConfig: requesting nits when no mapping exists.
05-24 11:43:32.173 1528 2225 E DisplayDeviceConfig: requesting nits when no mapping exists.
05-24 11:43:32.184 1528 2225 E DisplayDeviceConfig: requesting nits when no mapping exists.
05-24 11:43:32.185 1528 2225 E DisplayDeviceConfig: requesting nits when no mapping exists.
05-24 11:43:32.201 1528 2225 E DisplayDeviceConfig: requesting nits when no mapping exists.
05-24 11:43:32.203 1528 2225 E DisplayDeviceConfig: requesting nits when no mapping exists.
05-24 11:43:32.218 1528 2225 E DisplayDeviceConfig: requesting nits when no mapping exists.
05-24 11:43:32.218 1528 2225 E DisplayDeviceConfig: requesting nits when no mapping exists.
05-24 11:43:32.234 1528 2225 E DisplayDeviceConfig: requesting nits when no mapping exists.
05-24 11:43:32.235 1528 2225 E DisplayDeviceConfig: requesting nits when no mapping exists.
05-24 11:43:32.251 1528 2225 E DisplayDeviceConfig: requesting nits when no mapping exists.
05-24 11:43:32.252 1528 2225 E DisplayDeviceConfig: requesting nits when no mapping exists.
05-24 11:43:32.268 1528 2225 E DisplayDeviceConfig: requesting nits when no mapping exists.
05-24 11:43:32.269 1528 2225 E DisplayDeviceConfig: requesting nits when no mapping exists.
05-24 11:43:32.285 1528 2225 E DisplayDeviceConfig: requesting nits when no mapping exists.
05-24 11:43:32.285 1528 2225 E DisplayDeviceConfig: requesting nits when no mapping exists.
05-24 11:43:32.301 1528 2225 E DisplayDeviceConfig: requesting nits when no mapping exists.
05-24 11:43:32.302 1528 2225 E DisplayDeviceConfig: requesting nits when no mapping exists.
05-24 11:43:32.318 1528 2225 E DisplayDeviceConfig: requesting nits when no mapping exists.
05-24 11:43:32.319 1528 2225 E DisplayDeviceConfig: requesting nits when no mapping exists.
05-24 11:43:32.335 1528 2225 E DisplayDeviceConfig: requesting nits when no mapping exists.
05-24 11:43:32.336 1528 2225 E DisplayDeviceConfig: requesting nits when no mapping exists.
05-24 11:43:32.352 1528 2225 E DisplayDeviceConfig: requesting nits when no mapping exists.
05-24 11:43:32.352 1528 2225 E DisplayDeviceConfig: requesting nits when no mapping exists.
05-24 11:43:32.368 1528 2225 E DisplayDeviceConfig: requesting nits when no mapping exists.
05-24 11:43:32.368 1528 2225 E DisplayDeviceConfig: requesting nits when no mapping exists.
05-24 11:43:32.385 1528 2225 E DisplayDeviceConfig: requesting nits when no mapping exists.
05-24 11:43:32.385 1528 2225 E DisplayDeviceConfig: requesting nits when no mapping exists.
05-24 11:43:32.401 1528 2225 E DisplayDeviceConfig: requesting nits when no mapping exists.
05-24 11:43:32.401 1528 2225 E DisplayDeviceConfig: requesting nits when no mapping exists.
05-24 11:43:32.418 1528 2225 E DisplayDeviceConfig: requesting nits when no mapping exists.
05-24 11:43:32.418 1528 2225 E DisplayDeviceConfig: requesting nits when no mapping exists.
05-24 11:43:32.434 1528 2225 E DisplayDeviceConfig: requesting nits when no mapping exists.
05-24 11:43:32.435 1528 2225 E DisplayDeviceConfig: requesting nits when no mapping exists.
05-24 11:43:32.451 1528 2225 E DisplayDeviceConfig: requesting nits when no mapping exists.
05-24 11:43:32.452 1528 2225 E DisplayDeviceConfig: requesting nits when no mapping exists.
05-24 11:43:32.468 1528 2225 E DisplayDeviceConfig: requesting nits when no mapping exists.
05-24 11:43:32.469 1528 2225 E DisplayDeviceConfig: requesting nits when no mapping exists.
05-24 11:43:32.485 1528 2225 E DisplayDeviceConfig: requesting nits when no mapping exists.
05-24 11:43:32.485 1528 2225 E DisplayDeviceConfig: requesting nits when no mapping exists.
05-24 11:43:32.501 1528 2225 E DisplayDeviceConfig: requesting nits when no mapping exists.
05-24 11:43:32.502 1528 2225 E DisplayDeviceConfig: requesting nits when no mapping exists.
05-24 11:43:32.518 1528 2225 E DisplayDeviceConfig: requesting nits when no mapping exists.
05-24 11:43:32.518 1528 2225 E DisplayDeviceConfig: requesting nits when no mapping exists.
05-24 11:43:32.535 1528 2225 E DisplayDeviceConfig: requesting nits when no mapping exists.
05-24 11:43:32.535 1528 2225 E DisplayDeviceConfig: requesting nits when no mapping exists.
05-24 11:43:32.551 1528 2225 E DisplayDeviceConfig: requesting nits when no mapping exists.
05-24 11:43:32.552 1528 2225 E DisplayDeviceConfig: requesting nits when no mapping exists.
05-24 11:43:32.568 1528 2225 E DisplayDeviceConfig: requesting nits when no mapping exists.
05-24 11:43:32.569 1528 2225 E DisplayDeviceConfig: requesting nits when no mapping exists.
05-24 11:43:32.585 1528 2225 E DisplayDeviceConfig: requesting nits when no mapping exists.
05-24 11:43:32.585 1528 2225 E DisplayDeviceConfig: requesting nits when no mapping exists.
05-24 11:43:32.601 1528 2225 E DisplayDeviceConfig: requesting nits when no mapping exists.
05-24 11:43:32.601 1528 2225 E DisplayDeviceConfig: requesting nits when no mapping exists.
05-24 11:43:32.618 1528 2225 E DisplayDeviceConfig: requesting nits when no mapping exists.
05-24 11:43:32.618 1528 2225 E DisplayDeviceConfig: requesting nits when no mapping exists.
05-24 11:43:32.634 1528 2225 E DisplayDeviceConfig: requesting nits when no mapping exists.
05-24 11:43:32.635 1528 2225 E DisplayDeviceConfig: requesting nits when no mapping exists.
05-24 11:43:32.651 1528 2225 E DisplayDeviceConfig: requesting nits when no mapping exists.
05-24 11:43:32.652 1528 2225 E DisplayDeviceConfig: requesting nits when no mapping exists.
05-24 11:43:32.668 1528 2225 E DisplayDeviceConfig: requesting nits when no mapping exists.
05-24 11:43:32.668 1528 2225 E DisplayDeviceConfig: requesting nits when no mapping exists.
05-24 11:43:32.684 1528 2225 E DisplayDeviceConfig: requesting nits when no mapping exists.
05-24 11:43:32.685 1528 2225 E DisplayDeviceConfig: requesting nits when no mapping exists.
05-24 11:43:34.494 1528 1694 V DisplayPowerController[0]: Brightness [0.6363636] reason changing to: 'manual', previous reason: 'manual [ dim ]'.
05-24 11:43:34.501 1528 2225 E DisplayDeviceConfig: requesting nits when no mapping exists.
05-24 11:43:34.501 1528 2225 E DisplayDeviceConfig: requesting nits when no mapping exists.
05-24 11:43:34.518 1528 2225 E DisplayDeviceConfig: requesting nits when no mapping exists.
05-24 11:43:34.518 1528 2225 E DisplayDeviceConfig: requesting nits when no mapping exists.
05-24 11:43:34.534 1528 2225 E DisplayDeviceConfig: requesting nits when no mapping exists.
05-24 11:43:34.534 1528 2225 E DisplayDeviceConfig: requesting nits when no mapping exists.
05-24 11:43:34.551 1528 2225 E DisplayDeviceConfig: requesting nits when no mapping exists.
05-24 11:43:34.551 1528 2225 E DisplayDeviceConfig: requesting nits when no mapping exists.
05-24 11:43:34.568 1528 2225 E DisplayDeviceConfig: requesting nits when no mapping exists.
05-24 11:43:34.568 1528 2225 E DisplayDeviceConfig: requesting nits when no mapping exists.
05-24 11:43:34.585 1528 2225 E DisplayDeviceConfig: requesting nits when no mapping exists.
05-24 11:43:34.585 1528 2225 E DisplayDeviceConfig: requesting nits when no mapping exists.
05-24 11:43:34.601 1528 2225 E DisplayDeviceConfig: requesting nits when no mapping exists.
05-24 11:43:34.601 1528 2225 E DisplayDeviceConfig: requesting nits when no mapping exists.
05-24 11:43:34.618 1528 2225 E DisplayDeviceConfig: requesting nits when no mapping exists.
05-24 11:43:34.624 1528 2225 E DisplayDeviceConfig: requesting nits when no mapping exists.
05-24 11:43:34.634 1528 2225 E DisplayDeviceConfig: requesting nits when no mapping exists.
05-24 11:43:34.635 1528 2225 E DisplayDeviceConfig: requesting nits when no mapping exists.
05-24 11:43:34.652 1528 2225 E DisplayDeviceConfig: requesting nits when no mapping exists.
05-24 11:43:34.652 1528 2225 E DisplayDeviceConfig: requesting nits when no mapping exists.
05-24 11:43:34.668 1528 2225 E DisplayDeviceConfig: requesting nits when no mapping exists.
05-24 11:43:34.669 1528 2225 E DisplayDeviceConfig: requesting nits when no mapping exists.
05-24 11:43:34.685 1528 2225 E DisplayDeviceConfig: requesting nits when no mapping exists.
05-24 11:43:34.686 1528 2225 E DisplayDeviceConfig: requesting nits when no mapping exists.
05-24 11:43:34.704 1528 2225 E DisplayDeviceConfig: requesting nits when no mapping exists.
05-24 11:43:34.705 1528 2225 E DisplayDeviceConfig: requesting nits when no mapping exists.
05-24 11:43:34.721 1528 2225 E DisplayDeviceConfig: requesting nits when no mapping exists.
05-24 11:43:34.722 1528 2225 E DisplayDeviceConfig: requesting nits when no mapping exists.
05-24 11:43:34.736 1528 2225 E DisplayDeviceConfig: requesting nits when no mapping exists.
05-24 11:43:34.737 1528 2225 E DisplayDeviceConfig: requesting nits when no mapping exists.
05-24 11:43:34.751 1528 2225 E DisplayDeviceConfig: requesting nits when no mapping exists.
05-24 11:43:34.752 1528 2225 E DisplayDeviceConfig: requesting nits when no mapping exists.
05-24 11:43:34.767 1528 2225 E DisplayDeviceConfig: requesting nits when no mapping exists.
05-24 11:43:34.768 1528 2225 E DisplayDeviceConfig: requesting nits when no mapping exists.
05-24 11:43:34.785 1528 2225 E DisplayDeviceConfig: requesting nits when no mapping exists.
05-24 11:43:34.785 1528 2225 E DisplayDeviceConfig: requesting nits when no mapping exists.
05-24 11:43:34.801 1528 2225 E DisplayDeviceConfig: requesting nits when no mapping exists.
05-24 11:43:34.802 1528 2225 E DisplayDeviceConfig: requesting nits when no mapping exists.
05-24 11:43:34.817 1528 2225 E DisplayDeviceConfig: requesting nits when no mapping exists.
05-24 11:43:34.818 1528 2225 E DisplayDeviceConfig: requesting nits when no mapping exists.
05-24 11:43:34.834 1528 2225 E DisplayDeviceConfig: requesting nits when no mapping exists.
05-24 11:43:34.835 1528 2225 E DisplayDeviceConfig: requesting nits when no mapping exists.
05-24 11:43:34.855 1528 2225 E DisplayDeviceConfig: requesting nits when no mapping exists.
05-24 11:43:34.855 1528 2225 E DisplayDeviceConfig: requesting nits when no mapping exists.
05-24 11:43:34.867 1528 2225 E DisplayDeviceConfig: requesting nits when no mapping exists.
05-24 11:43:34.868 1528 2225 E DisplayDeviceConfig: requesting nits when no mapping exists.
05-24 11:43:34.884 1528 2225 E DisplayDeviceConfig: requesting nits when no mapping exists.
05-24 11:43:34.885 1528 2225 E DisplayDeviceConfig: requesting nits when no mapping exists.
05-24 11:43:34.902 1528 2225 E DisplayDeviceConfig: requesting nits when no mapping exists.
05-24 11:43:34.902 1528 2225 E DisplayDeviceConfig: requesting nits when no mapping exists.
05-24 11:43:34.917 1528 2225 E DisplayDeviceConfig: requesting nits when no mapping exists.
05-24 11:43:34.918 1528 2225 E DisplayDeviceConfig: requesting nits when no mapping exists.
05-24 11:43:34.934 1528 2225 E DisplayDeviceConfig: requesting nits when no mapping exists.
05-24 11:43:34.934 1528 2225 E DisplayDeviceConfig: requesting nits when no mapping exists.
05-24 11:43:34.951 1528 2225 E DisplayDeviceConfig: requesting nits when no mapping exists.
05-24 11:43:34.952 1528 2225 E DisplayDeviceConfig: requesting nits when no mapping exists.
05-24 11:43:34.968 1528 2225 E DisplayDeviceConfig: requesting nits when no mapping exists.
05-24 11:43:34.968 1528 2225 E DisplayDeviceConfig: requesting nits when no mapping exists.
05-24 11:43:34.984 1528 2225 E DisplayDeviceConfig: requesting nits when no mapping exists.
05-24 11:43:34.985 1528 2225 E DisplayDeviceConfig: requesting nits when no mapping exists.
05-24 11:43:35.001 1528 2225 E DisplayDeviceConfig: requesting nits when no mapping exists.
05-24 11:43:35.002 1528 2225 E DisplayDeviceConfig: requesting nits when no mapping exists.
05-24 11:43:35.018 1528 2225 E DisplayDeviceConfig: requesting nits when no mapping exists.
05-24 11:43:35.018 1528 2225 E DisplayDeviceConfig: requesting nits when no mapping exists.
05-24 11:43:35.034 1528 2225 E DisplayDeviceConfig: requesting nits when no mapping exists.
05-24 11:43:35.035 1528 2225 E DisplayDeviceConfig: requesting nits when no mapping exists.
05-24 11:43:35.051 1528 2225 E DisplayDeviceConfig: requesting nits when no mapping exists.
05-24 11:43:35.051 1528 2225 E DisplayDeviceConfig: requesting nits when no mapping exists.
05-24 11:43:35.069 1528 2225 E DisplayDeviceConfig: requesting nits when no mapping exists.
05-24 11:43:35.069 1528 2225 E DisplayDeviceConfig: requesting nits when no mapping exists.
05-24 11:43:35.084 1528 2225 E DisplayDeviceConfig: requesting nits when no mapping exists.
05-24 11:43:35.085 1528 2225 E DisplayDeviceConfig: requesting nits when no mapping exists.
05-24 11:43:38.035 1528 2682 I thunderperf: PlatormCompat.setOverrides: Uid1=10061 Pid1=13067 Uid2=10061 Pid2=13067
05-24 11:43:38.035 1528 2682 I thunderperf: PlatormCompat.setOverrides: needCheck:false
05-24 11:43:38.035 1528 2682 W PackageManager: MATCH_ANY_USER flag requires INTERACT_ACROSS_USERS permission: UID 10061 requires android.permission.INTERACT_ACROSS_USERS_FULL or android.permission.INTERACT_ACROSS_USERS to access user 0.
05-24 11:43:38.036 1528 2682 I ActivityTaskManager: START u0 {cmp=com.tc.logclient/.LogClientActivity} from uid 10061
05-24 11:43:38.044 1528 2682 W ActivityTaskManager: Can't find TaskDisplayArea to determine support for multi window. Task id=37 attached=false
05-24 11:43:38.056 1528 2682 I ActivityTaskManager: FOREGROUND_APPLICATION_CHANGED to com.tc.logclient.LogClientActivity
05-24 11:43:38.056 1528 2682 I ActivityTaskManager: The Process com.tc.logclient Already Exists in BG. So sending its PID: 2621
05-24 11:43:38.056 1528 2682 W ActivityTaskManager: Tried to set launchTime (0) < mLastActivityLaunchTime (2861600)
05-24 11:43:38.071 2621 2621 W ContextImpl: Calling a method in the system process without a qualified user: android.app.ContextImpl.startService:1816 android.content.ContextWrapper.startService:774 android.content.ContextWrapper.startService:774 com.tc.logclient.LogZipService.start:38 com.tc.logclient.LogClientFragment.onCreate:123
05-24 11:43:38.385 2621 2621 W ContextImpl: Calling a method in the system process without a qualified user: android.app.ContextImpl.startService:1816 android.content.ContextWrapper.startService:774 android.content.ContextWrapper.startService:774 com.tc.logclient.LogZipService.start:38 com.tc.logclient.LogClientFragment$1.run:174
05-24 11:43:49.294 1528 1682 W BatteryExternalStatsWorker: error reading modem stats:ERROR_PHONE_NOT_AVAILABLE
05-24 11:43:49.323 1528 1682 E KernelCpuSpeedReader: Failed to read cpu-freq: /sys/devices/system/cpu/cpu4/cpufreq/stats/time_in_state: open failed: ENOENT (No such file or directory)
05-24 11:43:49.324 1528 1682 E KernelCpuSpeedReader: Failed to read cpu-freq: /sys/devices/system/cpu/cpu0/cpufreq/stats/time_in_state: open failed: ENOENT (No such file or directory)
05-24 11:44:03.521 1528 1674 I UsageStatsService: User[0] Flushing usage stats to disk
05-24 11:44:24.422 1528 1801 D ActivityManager: freezing 17546 com.qualcomm.qti.qccauthmgr
05-24 11:44:24.423 1528 1801 E ActivityManager: Unable to freeze binder for 17546 com.qualcomm.qti.qccauthmgr
05-24 11:44:24.425 1528 1801 D ActivityManager: froze 17546 com.qualcomm.qti.qccauthmgr
05-24 11:44:24.425 1528 1801 E ActivityManager: Unable to freeze binder for 17546 com.qualcomm.qti.qccauthmgr
05-24 11:44:24.427 1528 1801 I ActivityManager: Killing 17546:com.qualcomm.qti.qccauthmgr/u0a87 (adj 935): Unable to freeze binder interface
05-24 11:44:25.001 1528 1801 D ActivityManager: freezing 17142 com.android.documentsui
05-24 11:44:25.002 1528 1801 E ActivityManager: Unable to freeze binder for 17142 com.android.documentsui
05-24 11:44:25.004 1528 1801 D ActivityManager: froze 17142 com.android.documentsui
05-24 11:44:25.005 1528 1801 E ActivityManager: Unable to freeze binder for 17142 com.android.documentsui
05-24 11:44:25.007 1528 1801 I ActivityManager: Killing 17142:com.android.documentsui/u0a18 (adj 910): Unable to freeze binder interface
05-24 11:44:25.030 1528 8286 I WindowManager: WIN DEATH: Window{b1ea4db u0 com.android.documentsui/com.android.documentsui.files.FilesActivity}
05-24 11:44:25.042 1528 1666 W ActivityManager: setHasOverlayUi called on unknown pid: 17142
05-24 11:44:25.042 1528 1674 W UsageStatsService: Unexpected activity event reported! (com.android.documentsui/com.android.documentsui.files.FilesActivity event : 23 instanceId : 255961692)
05-24 11:44:27.008 2571 19620 W ContextImpl: Calling a method in the system process without a qualified user: android.app.ContextImpl.sendBroadcast:1173 android.content.ContextWrapper.sendBroadcast:479 com.thundercomm.microsettings.action.SetTimeAction.timeUpdated:212 com.thundercomm.microsettings.action.SetTimeAction.update24HourFormat:194 com.thundercomm.microsettings.action.SetTimeAction.doActualAction:154
05-24 11:44:27.018 1528 1528 D DevicePolicyManager: updateSystemUpdateFreezePeriodsRecord
05-24 11:44:27.018 1528 1528 D ConditionProviders.SCP: onReceive android.intent.action.TIME_SET
05-24 11:44:27.019 1528 1528 D ConditionProviders.SCP: evaluateSubscriptionLocked cal=ScheduleCalendar[mDays={1, 2, 3, 4, 5, 6, 7}, mSchedule=ScheduleInfo{days=[1, 2, 3, 4, 5, 6, 7], startHour=22, startMinute=0, endHour=7, endMinute=0, exitAtAlarm=true, nextAlarm=Thu Jan 01 08:00:00 GMT+08:00 1970 (0)}], now=Wed May 24 11:44:27 GMT+08:00 2023 (1684899867018), nextUserAlarmTime=Thu Jan 01 08:00:00 GMT+08:00 1970 (0)
05-24 11:44:27.019 1528 1528 D ConditionProviders.SCP: notifyCondition condition://android/schedule?days=1.2.3.4.5.6.7&start=22.0&end=7.0&exitAtAlarm=true STATE_FALSE reason=!meetsSchedule
05-24 11:44:27.020 1528 1528 D ConditionProviders.SCP: Scheduling evaluate for Wed May 24 22:00:00 GMT+08:00 2023 (1684936800000), in +10h15m32s982ms, now=Wed May 24 11:44:27 GMT+08:00 2023 (1684899867018)
05-24 11:45:18.732 1528 8286 W ActivityTaskManager: getTaskSnapshot: taskId=666 not found
05-24 11:45:18.736 1528 8286 W ActivityTaskManager: getTaskSnapshot: taskId=667 not found
05-24 11:45:18.750 1528 8286 W ActivityTaskManager: getTaskSnapshot: taskId=714 not found
05-24 11:45:18.751 1528 2684 W ActivityTaskManager: getTaskSnapshot: taskId=715 not found
05-24 11:45:19.438 1528 2249 I ActivityTaskManager: FOREGROUND_APPLICATION_CHANGED to com.android.launcher3.uioverrides.QuickstepLauncher
05-24 11:45:19.543 1528 2697 I thunderperf: PlatormCompat.setOverrides: Uid1=10074 Pid1=2838 Uid2=10074 Pid2=2838
05-24 11:45:19.543 1528 2697 I thunderperf: PlatormCompat.setOverrides: needCheck:false
05-24 11:45:19.543 1528 2697 I thunderperf: CompatConfig.addOverrideUnsafe: bef-state=1
05-24 11:45:19.544 1528 2697 E thunderperf: CompatConfig.addOverrideUnsafe: exception:java.lang.SecurityException: Cannot override a change on a non-debuggable app and user build.
05-24 11:45:19.544 1528 2697 I thunderperf: CompatConfig.addOverrideUnsafe: aft-state=1
05-24 11:45:19.545 1528 2697 I thunderperf: CompatConfig.addOverrideUnsafe: bef-state=1
05-24 11:45:19.545 1528 2697 E thunderperf: CompatConfig.addOverrideUnsafe: exception:java.lang.SecurityException: Cannot override a change on a non-debuggable app and user build.
05-24 11:45:19.545 1528 2697 I thunderperf: CompatConfig.addOverrideUnsafe: aft-state=1
05-24 11:45:19.545 1528 2697 I thunderperf: CompatConfig.addOverrideUnsafe: bef-state=1
05-24 11:45:19.545 1528 2697 E thunderperf: CompatConfig.addOverrideUnsafe: exception:java.lang.SecurityException: Cannot override a change on a non-debuggable app and user build.
05-24 11:45:19.545 1528 2697 I thunderperf: CompatConfig.addOverrideUnsafe: aft-state=1
05-24 11:45:19.546 1528 2697 I thunderperf: CompatConfig.addOverrideUnsafe: bef-state=1
05-24 11:45:19.546 1528 2697 E thunderperf: CompatConfig.addOverrideUnsafe: exception:java.lang.SecurityException: Cannot override a change on a non-debuggable app and user build.
05-24 11:45:19.546 1528 2697 I thunderperf: CompatConfig.addOverrideUnsafe: aft-state=1
05-24 11:45:19.547 1528 2697 I thunderperf: CompatConfig.addOverrideUnsafe: bef-state=1
05-24 11:45:19.547 1528 2697 E thunderperf: CompatConfig.addOverrideUnsafe: exception:java.lang.SecurityException: Cannot override a change on a non-debuggable app and user build.
05-24 11:45:19.547 1528 2697 I thunderperf: CompatConfig.addOverrideUnsafe: aft-state=1
05-24 11:45:19.547 1528 2697 I thunderperf: CompatConfig.addOverrideUnsafe: bef-state=1
05-24 11:45:19.548 1528 2697 E thunderperf: CompatConfig.addOverrideUnsafe: exception:java.lang.SecurityException: Cannot override a change on a non-debuggable app and user build.
05-24 11:45:19.548 1528 2697 I thunderperf: CompatConfig.addOverrideUnsafe: aft-state=1
05-24 11:45:19.549 1528 2697 I thunderperf: CompatConfig.addOverrideUnsafe: bef-state=1
05-24 11:45:19.549 1528 2697 E thunderperf: CompatConfig.addOverrideUnsafe: exception:java.lang.SecurityException: Cannot override a change on a non-debuggable app and user build.
05-24 11:45:19.549 1528 2697 I thunderperf: CompatConfig.addOverrideUnsafe: aft-state=1
05-24 11:45:19.549 1528 2697 I thunderperf: CompatConfig.addOverrideUnsafe: bef-state=1
05-24 11:45:19.550 1528 2697 E thunderperf: CompatConfig.addOverrideUnsafe: exception:java.lang.SecurityException: Cannot override a change on a non-debuggable app and user build.
05-24 11:45:19.550 1528 2697 I thunderperf: CompatConfig.addOverrideUnsafe: aft-state=1
05-24 11:45:19.550 1528 2697 I thunderperf: CompatConfig.addOverrideUnsafe: bef-state=1
05-24 11:45:19.550 1528 2697 E thunderperf: CompatConfig.addOverrideUnsafe: exception:java.lang.SecurityException: Cannot override a change on a non-debuggable app and user build.
05-24 11:45:19.550 1528 2697 I thunderperf: CompatConfig.addOverrideUnsafe: aft-state=1
05-24 11:45:19.551 1528 2697 I thunderperf: CompatConfig.addOverrideUnsafe: bef-state=1
05-24 11:45:19.551 1528 2697 E thunderperf: CompatConfig.addOverrideUnsafe: exception:java.lang.SecurityException: Cannot override a change on a non-debuggable app and user build.
05-24 11:45:19.551 1528 2697 I thunderperf: CompatConfig.addOverrideUnsafe: aft-state=1
05-24 11:45:19.552 1528 2697 I thunderperf: CompatConfig.addOverrideUnsafe: bef-state=1
05-24 11:45:19.552 1528 2697 E thunderperf: CompatConfig.addOverrideUnsafe: exception:java.lang.SecurityException: Cannot override a change on a non-debuggable app and user build.
05-24 11:45:19.552 1528 2697 I thunderperf: CompatConfig.addOverrideUnsafe: aft-state=1
05-24 11:45:19.553 1528 2697 I thunderperf: CompatConfig.addOverrideUnsafe: bef-state=1
05-24 11:45:19.553 1528 2697 E thunderperf: CompatConfig.addOverrideUnsafe: exception:java.lang.SecurityException: Cannot override a change on a non-debuggable app and user build.
05-24 11:45:19.553 1528 2697 I thunderperf: CompatConfig.addOverrideUnsafe: aft-state=1
05-24 11:45:19.558 1528 2697 I thunderperf: CompatConfig.addOverrideUnsafe: bef-state=1
05-24 11:45:19.558 1528 2697 E thunderperf: CompatConfig.addOverrideUnsafe: exception:java.lang.SecurityException: Cannot override a change on a non-debuggable app and user build.
05-24 11:45:19.558 1528 2697 I thunderperf: CompatConfig.addOverrideUnsafe: aft-state=1
05-24 11:45:19.559 1528 2697 I thunderperf: CompatConfig.addOverrideUnsafe: bef-state=1
05-24 11:45:19.559 1528 2697 E thunderperf: CompatConfig.addOverrideUnsafe: exception:java.lang.SecurityException: Cannot override a change on a non-debuggable app and user build.
05-24 11:45:19.559 1528 2697 I thunderperf: CompatConfig.addOverrideUnsafe: aft-state=1
05-24 11:45:19.564 1528 2697 I ActivityTaskManager: START u0 {act=android.intent.action.MAIN cat=[android.intent.category.LAUNCHER] flg=0x10200000 cmp=com.android.documentsui/.LauncherActivity bnds=[126,692][426,990]} from uid 10074
05-24 11:45:19.570 1528 2697 W ActivityTaskManager: Can't find TaskDisplayArea to determine support for multi window. Task id=38 attached=false
05-24 11:45:19.576 1528 1666 D CompatibilityChangeReporter: Compat change id reported: 135634846; UID 10018; state: DISABLED
05-24 11:45:19.576 1528 1666 D CompatibilityChangeReporter: Compat change id reported: 177438394; UID 10018; state: DISABLED
05-24 11:45:19.576 1528 1666 D CompatibilityChangeReporter: Compat change id reported: 135772972; UID 10018; state: DISABLED
05-24 11:45:19.576 1528 1666 D CompatibilityChangeReporter: Compat change id reported: 135754954; UID 10018; state: ENABLED
05-24 11:45:19.576 1528 1676 D CompatibilityChangeReporter: Compat change id reported: 143937733; UID 10018; state: ENABLED
05-24 11:45:19.577 1528 2697 I ActivityTaskManager: FOREGROUND_APPLICATION_CHANGED to com.android.documentsui.files.LauncherActivity
05-24 11:45:19.581 1528 1676 I ActivityManager: Start proc 19800:com.android.documentsui/u0a18 for pre-top-activity {com.android.documentsui/com.android.documentsui.LauncherActivity}
05-24 11:45:19.582 1528 19802 W ContextImpl: Calling a method in the system process without a qualified user: android.app.ContextImpl.sendBroadcast:1173 com.qualcomm.qti.Performance$SendGameLaunchBroadcast.run:217 java.lang.Thread.run:920
05-24 11:45:19.615 1528 2249 I thunderperf: PlatormCompat.setOverrides: Uid1=10018 Pid1=19800 Uid2=10018 Pid2=19800
05-24 11:45:19.615 1528 2249 I thunderperf: PlatormCompat.setOverrides: needCheck:false
05-24 11:45:19.615 1528 2249 I thunderperf: CompatConfig.addOverrideUnsafe: bef-state=1
05-24 11:45:19.616 1528 2249 E thunderperf: CompatConfig.addOverrideUnsafe: exception:java.lang.SecurityException: Cannot override a change on a non-debuggable app and user build.
05-24 11:45:19.616 1528 2249 I thunderperf: CompatConfig.addOverrideUnsafe: aft-state=1
05-24 11:45:19.616 1528 2249 I thunderperf: CompatConfig.addOverrideUnsafe: bef-state=1
05-24 11:45:19.616 1528 2249 E thunderperf: CompatConfig.addOverrideUnsafe: exception:java.lang.SecurityException: Cannot override a change on a non-debuggable app and user build.
05-24 11:45:19.616 1528 2249 I thunderperf: CompatConfig.addOverrideUnsafe: aft-state=1
05-24 11:45:19.616 1528 2249 I thunderperf: CompatConfig.addOverrideUnsafe: bef-state=1
05-24 11:45:19.616 1528 2249 E thunderperf: CompatConfig.addOverrideUnsafe: exception:java.lang.SecurityException: Cannot override a change on a non-debuggable app and user build.
05-24 11:45:19.616 1528 2249 I thunderperf: CompatConfig.addOverrideUnsafe: aft-state=1
05-24 11:45:19.616 1528 2249 I thunderperf: CompatConfig.addOverrideUnsafe: bef-state=1
05-24 11:45:19.616 1528 2249 E thunderperf: CompatConfig.addOverrideUnsafe: exception:java.lang.SecurityException: Cannot override a change on a non-debuggable app and user build.
05-24 11:45:19.616 1528 2249 I thunderperf: CompatConfig.addOverrideUnsafe: aft-state=1
05-24 11:45:19.617 1528 2249 I thunderperf: CompatConfig.addOverrideUnsafe: bef-state=1
05-24 11:45:19.617 1528 2249 E thunderperf: CompatConfig.addOverrideUnsafe: exception:java.lang.SecurityException: Cannot override a change on a non-debuggable app and user build.
05-24 11:45:19.617 1528 2249 I thunderperf: CompatConfig.addOverrideUnsafe: aft-state=1
05-24 11:45:19.617 1528 2249 I thunderperf: CompatConfig.addOverrideUnsafe: bef-state=1
05-24 11:45:19.617 1528 2249 E thunderperf: CompatConfig.addOverrideUnsafe: exception:java.lang.SecurityException: Cannot override a change on a non-debuggable app and user build.
05-24 11:45:19.617 1528 2249 I thunderperf: CompatConfig.addOverrideUnsafe: aft-state=1
05-24 11:45:19.617 1528 2249 I thunderperf: CompatConfig.addOverrideUnsafe: bef-state=1
05-24 11:45:19.617 1528 2249 E thunderperf: CompatConfig.addOverrideUnsafe: exception:java.lang.SecurityException: Cannot override a change on a non-debuggable app and user build.
05-24 11:45:19.617 1528 2249 I thunderperf: CompatConfig.addOverrideUnsafe: aft-state=1
05-24 11:45:19.618 1528 2249 I thunderperf: CompatConfig.addOverrideUnsafe: bef-state=1
05-24 11:45:19.618 1528 2249 E thunderperf: CompatConfig.addOverrideUnsafe: exception:java.lang.SecurityException: Cannot override a change on a non-debuggable app and user build.
05-24 11:45:19.618 1528 2249 I thunderperf: CompatConfig.addOverrideUnsafe: aft-state=1
05-24 11:45:19.618 1528 2249 I thunderperf: CompatConfig.addOverrideUnsafe: bef-state=1
05-24 11:45:19.618 1528 2249 E thunderperf: CompatConfig.addOverrideUnsafe: exception:java.lang.SecurityException: Cannot override a change on a non-debuggable app and user build.
05-24 11:45:19.618 1528 2249 I thunderperf: CompatConfig.addOverrideUnsafe: aft-state=1
05-24 11:45:19.618 1528 2249 I thunderperf: CompatConfig.addOverrideUnsafe: bef-state=1
05-24 11:45:19.618 1528 2249 E thunderperf: CompatConfig.addOverrideUnsafe: exception:java.lang.SecurityException: Cannot override a change on a non-debuggable app and user build.
05-24 11:45:19.618 1528 2249 I thunderperf: CompatConfig.addOverrideUnsafe: aft-state=1
05-24 11:45:19.618 1528 2249 I thunderperf: CompatConfig.addOverrideUnsafe: bef-state=1
05-24 11:45:19.619 1528 2249 E thunderperf: CompatConfig.addOverrideUnsafe: exception:java.lang.SecurityException: Cannot override a change on a non-debuggable app and user build.
05-24 11:45:19.619 1528 2249 I thunderperf: CompatConfig.addOverrideUnsafe: aft-state=1
05-24 11:45:19.619 1528 2249 I thunderperf: CompatConfig.addOverrideUnsafe: bef-state=1
05-24 11:45:19.619 1528 2249 E thunderperf: CompatConfig.addOverrideUnsafe: exception:java.lang.SecurityException: Cannot override a change on a non-debuggable app and user build.
05-24 11:45:19.619 1528 2249 I thunderperf: CompatConfig.addOverrideUnsafe: aft-state=1
05-24 11:45:19.620 1528 2249 I thunderperf: CompatConfig.addOverrideUnsafe: bef-state=1
05-24 11:45:19.620 1528 2249 E thunderperf: CompatConfig.addOverrideUnsafe: exception:java.lang.SecurityException: Cannot override a change on a non-debuggable app and user build.
05-24 11:45:19.620 1528 2249 I thunderperf: CompatConfig.addOverrideUnsafe: aft-state=1
05-24 11:45:19.620 1528 2249 I thunderperf: CompatConfig.addOverrideUnsafe: bef-state=1
05-24 11:45:19.620 1528 2249 E thunderperf: CompatConfig.addOverrideUnsafe: exception:java.lang.SecurityException: Cannot override a change on a non-debuggable app and user build.
05-24 11:45:19.620 1528 2249 I thunderperf: CompatConfig.addOverrideUnsafe: aft-state=1
05-24 11:45:19.621 1528 2249 I ActivityTaskManager: START u0 {dat=//com.android.documentsui.launchControl flg=0x10280000 cmp=com.android.documentsui/.files.FilesActivity (has extras)} from uid 10018
05-24 11:45:19.624 1528 2249 D CompatibilityChangeReporter: Compat change id reported: 168419799; UID 10018; state: DISABLED
05-24 11:45:19.628 1528 9633 I ActivityTaskManager: FOREGROUND_APPLICATION_CHANGED to com.android.documentsui.files.FilesActivity
05-24 11:45:19.629 1528 9633 I ActivityTaskManager: The Process com.android.documentsui Already Exists in BG. So sending its PID: 19800
05-24 11:45:19.629 1528 9633 W ActivityTaskManager: Tried to set launchTime (2864639) < mLastActivityLaunchTime (3690373)
05-24 11:45:19.629 1528 9633 D CompatibilityChangeReporter: Compat change id reported: 174042980; UID 10018; state: DISABLED
05-24 11:45:19.630 1528 9633 D CompatibilityChangeReporter: Compat change id reported: 181136395; UID 10018; state: DISABLED
05-24 11:45:19.630 1528 9633 D CompatibilityChangeReporter: Compat change id reported: 174042936; UID 10018; state: DISABLED
05-24 11:45:19.630 1528 9633 D CompatibilityChangeReporter: Compat change id reported: 184838306; UID 10018; state: DISABLED
05-24 11:45:19.630 1528 9633 D CompatibilityChangeReporter: Compat change id reported: 185004937; UID 10018; state: DISABLED
05-24 11:45:19.687 1528 2697 D CompatibilityChangeReporter: Compat change id reported: 135634846; UID 10031; state: DISABLED
05-24 11:45:19.687 1528 2697 D CompatibilityChangeReporter: Compat change id reported: 177438394; UID 10031; state: DISABLED
05-24 11:45:19.687 1528 2697 D CompatibilityChangeReporter: Compat change id reported: 135772972; UID 10031; state: DISABLED
05-24 11:45:19.687 1528 2697 D CompatibilityChangeReporter: Compat change id reported: 135754954; UID 10031; state: ENABLED
05-24 11:45:19.688 1528 1676 D CompatibilityChangeReporter: Compat change id reported: 143937733; UID 10031; state: ENABLED
05-24 11:45:19.692 1528 1676 I ActivityManager: Start proc 19853:com.android.externalstorage/u0a31 for content provider {com.android.externalstorage/com.android.externalstorage.ExternalStorageProvider}
05-24 11:45:19.702 1528 2249 D CompatibilityChangeReporter: Compat change id reported: 168419799; UID 10031; state: DISABLED
05-24 11:45:19.807 2621 2621 W ContextImpl: Calling a method in the system process without a qualified user: android.app.ContextImpl.startService:1816 android.content.ContextWrapper.startService:774 android.content.ContextWrapper.startService:774 com.tc.logclient.LogZipService.start:38 com.tc.logclient.LogClientFragment.onDestroy:297
05-24 11:45:19.809 1528 1674 W UsageStatsService: Unexpected activity event reported! (com.tc.logclient/com.tc.logclient.LogClientActivity event : 23 instanceId : 48585706)
05-24 11:45:19.810 1528 1667 W ActivityTaskManager: Can't find TaskDisplayArea to determine support for multi window. Task id=37 attached=false
05-24 11:45:19.810 1528 1667 W ActivityTaskManager: Can't find TaskDisplayArea to determine support for multi window. Task id=37 attached=false
05-24 11:45:23.586 1528 3876 E TaskPersister: File error accessing recents directory (directory doesn't exist?).
05-24 11:45:24.601 1174 19799 I iorapd : Perfetto TraceBuffer saved to file: /data/misc/iorapd/com.android.documentsui/31/com.android.documentsui.LauncherActivity/raw_traces/1684899924600962425.perfetto_trace.pb
05-24 11:45:39.915 1528 2697 W ActivityTaskManager: getTaskSnapshot: taskId=846 not found
05-24 11:45:39.923 1528 3462 W ActivityTaskManager: getTaskSnapshot: taskId=847 not found
05-24 11:45:39.948 1528 3462 W ActivityTaskManager: getTaskSnapshot: taskId=886 not found
05-24 11:45:39.950 1528 2697 W ActivityTaskManager: getTaskSnapshot: taskId=886 not found
05-24 11:45:39.950 1528 2697 W ActivityTaskManager: getTaskSnapshot: taskId=886 not found
05-24 11:45:40.779 1528 1657 I ActivityTaskManager: FOREGROUND_APPLICATION_CHANGED to com.android.launcher3.uioverrides.QuickstepLauncher
05-24 11:45:40.841 1528 1657 I thunderperf: PlatormCompat.setOverrides: Uid1=10074 Pid1=2838 Uid2=10074 Pid2=2838
05-24 11:45:40.841 1528 1657 I thunderperf: PlatormCompat.setOverrides: needCheck:false
05-24 11:45:40.841 1528 1657 I thunderperf: CompatConfig.addOverrideUnsafe: bef-state=1
05-24 11:45:40.842 1528 1657 E thunderperf: CompatConfig.addOverrideUnsafe: exception:java.lang.SecurityException: Cannot override a change on a non-debuggable app and user build.
05-24 11:45:40.842 1528 1657 I thunderperf: CompatConfig.addOverrideUnsafe: aft-state=1
05-24 11:45:40.842 1528 1657 I thunderperf: CompatConfig.addOverrideUnsafe: bef-state=1
05-24 11:45:40.843 1528 1657 E thunderperf: CompatConfig.addOverrideUnsafe: exception:java.lang.SecurityException: Cannot override a change on a non-debuggable app and user build.
05-24 11:45:40.843 1528 1657 I thunderperf: CompatConfig.addOverrideUnsafe: aft-state=1
05-24 11:45:40.843 1528 1657 I thunderperf: CompatConfig.addOverrideUnsafe: bef-state=1
05-24 11:45:40.843 1528 1657 E thunderperf: CompatConfig.addOverrideUnsafe: exception:java.lang.SecurityException: Cannot override a change on a non-debuggable app and user build.
05-24 11:45:40.843 1528 1657 I thunderperf: CompatConfig.addOverrideUnsafe: aft-state=1
05-24 11:45:40.843 1528 1657 I thunderperf: CompatConfig.addOverrideUnsafe: bef-state=1
05-24 11:45:40.844 1528 1657 E thunderperf: CompatConfig.addOverrideUnsafe: exception:java.lang.SecurityException: Cannot override a change on a non-debuggable app and user build.
05-24 11:45:40.844 1528 1657 I thunderperf: CompatConfig.addOverrideUnsafe: aft-state=1
05-24 11:45:40.844 1528 1657 I thunderperf: CompatConfig.addOverrideUnsafe: bef-state=1
05-24 11:45:40.844 1528 1657 E thunderperf: CompatConfig.addOverrideUnsafe: exception:java.lang.SecurityException: Cannot override a change on a non-debuggable app and user build.
05-24 11:45:40.844 1528 1657 I thunderperf: CompatConfig.addOverrideUnsafe: aft-state=1
05-24 11:45:40.845 1528 1657 I thunderperf: CompatConfig.addOverrideUnsafe: bef-state=1
05-24 11:45:40.845 1528 1657 E thunderperf: CompatConfig.addOverrideUnsafe: exception:java.lang.SecurityException: Cannot override a change on a non-debuggable app and user build.
