05-24 13:37:32.806 0 0 E [10424.180360] bt_vreg_disable: vreg_disable successful for : qca,bt-vdd-rfa2
05-24 13:37:32.806 0 0 E [10424.180374] bt_vreg_disable: vreg_disable successful for : qca,bt-vdd-rfa1
05-24 13:37:32.806 0 0 E [10424.180388] bt_vreg_disable: vreg_disable successful for : qca,bt-vdd-dig
05-24 13:37:32.806 0 0 E [10424.180402] bt_vreg_disable: vreg_disable successful for : qca,bt-vdd-aon
05-24 13:37:32.820 1528 1665 D BluetoothManagerService: MESSAGE_BLUETOOTH_STATE_CHANGE: BLE_TURNING_OFF > OFF
05-24 13:37:32.820 1528 1665 D BluetoothManagerService: Bluetooth is complete off, send Service Down
05-24 13:37:32.821 1528 1665 D BluetoothManagerService: Broadcasting onBluetoothServiceDown() to 6 receivers.
05-24 13:37:32.821 1528 1665 D BluetoothManagerService: Broadcasting onBluetoothStateChange(false) to 18 receivers.
05-24 13:37:32.822 1528 1665 D BluetoothManagerService: unbindAndFinish(): android.bluetooth.IBluetooth$Stub$Proxy@7a7cfd3 mBinding = false mUnbinding = false
05-24 13:37:32.828 1528 1665 D BluetoothManagerService: Sending BLE State Change: BLE_TURNING_OFF > OFF
05-24 13:37:32.830 1528 1528 D CompanionDeviceManagerService: Received BT state transition broadcast: BLE_TURNING_OFF -> OFF
05-24 13:37:32.898 1528 2326 I ActivityManager: Process com.android.bluetooth (pid 2231) has died: fg SVC
05-24 13:37:33.354 1528 1663 D CompanionDeviceManagerService: onPackageModified(packageName = com.android.bluetooth)
05-24 13:37:33.363 1528 1528 I Telecom : DefaultDialerCache: Refreshing default dialer for user 0: now null: DDC.oR@AGQ
05-24 13:37:33.366 1528 1802 D CompatibilityChangeReporter: Compat change id reported: 135634846; UID 10091; state: DISABLED
05-24 13:37:33.366 1528 1802 D CompatibilityChangeReporter: Compat change id reported: 177438394; UID 10091; state: DISABLED
05-24 13:37:33.367 1528 1802 D CompatibilityChangeReporter: Compat change id reported: 135772972; UID 10091; state: DISABLED
05-24 13:37:33.367 1528 1802 D CompatibilityChangeReporter: Compat change id reported: 135754954; UID 10091; state: DISABLED
05-24 13:37:33.367 1528 1676 D CompatibilityChangeReporter: Compat change id reported: 143937733; UID 10091; state: DISABLED
05-24 13:37:33.376 1528 1674 W VoiceInteractionManager: no available voice recognition services found for user 0
05-24 13:37:33.376 1528 1676 I ActivityManager: Start proc 12480:com.android.permissioncontroller/u0a91 for service {com.android.permissioncontroller/com.android.permissioncontroller.role.service.RoleControllerServiceImpl}
05-24 13:37:33.386 0 0 I : [10424.756546] read descriptors
05-24 13:37:33.386 0 0 I : [10424.756621] read strings
05-24 13:37:33.390 0 0 I [10424.763582] binder: 12480:12480 ioctl 40046210 7fd8e3f594 returned -22
05-24 13:37:34.176 1528 7568 W InputManager: Input event injection from pid 2747 permission denied.
05-24 13:37:34.199 1528 7568 W InputManager: Input event injection from pid 2747 permission denied.
05-24 13:37:34.222 1528 7568 W InputManager: Input event injection from pid 2747 permission denied.
05-24 13:37:34.242 1528 7568 W InputManager: Input event injection from pid 2747 permission denied.
05-24 13:37:34.244 1528 7568 W InputManager: Input event injection from pid 2747 failed.
05-24 13:37:34.402 0 0 I : [10425.774763] read descriptors
05-24 13:37:34.402 0 0 I : [10425.774901] read strings
05-24 13:37:35.129 0 0 W [10426.502531] audit: audit_lost=8067 audit_rate_limit=5 audit_backlog_limit=64
05-24 13:37:35.130 0 0 E [10426.502537] audit: rate limit exceeded
05-24 13:37:35.422 0 0 I : [10426.792590] read descriptors
05-24 13:37:35.422 0 0 I : [10426.792715] read strings
05-24 13:37:36.442 0 0 I : [10427.812491] read descriptors
05-24 13:37:36.442 0 0 I : [10427.812581] read strings
05-24 13:37:36.817 0 0 W [10428.187756] audit: audit_lost=8072 audit_rate_limit=5 audit_backlog_limit=64
05-24 13:37:36.817 0 0 E [10428.187765] audit: rate limit exceeded
05-24 13:37:37.466 0 0 I : [10428.836739] read descriptors
05-24 13:37:37.466 0 0 I : [10428.836845] read strings
05-24 13:37:37.474 1528 2693 W InputManager: Input event injection from pid 2747 permission denied.
05-24 13:37:37.488 1528 2693 W InputManager: Input event injection from pid 2747 permission denied.
05-24 13:37:37.516 1528 2693 W InputManager: Input event injection from pid 2747 permission denied.
05-24 13:37:37.538 1528 2693 W InputManager: Input event injection from pid 2747 permission denied.
05-24 13:37:37.566 1528 2693 W InputManager: Input event injection from pid 2747 permission denied.
05-24 13:37:37.569 1528 2693 W InputManager: Input event injection from pid 2747 failed.
05-24 13:37:38.422 0 0 W [10429.794902] audit: audit_lost=8080 audit_rate_limit=5 audit_backlog_limit=64
05-24 13:37:38.422 0 0 E [10429.794905] audit: rate limit exceeded
05-24 13:37:38.486 0 0 I : [10429.859717] read descriptors
05-24 13:37:38.486 0 0 I : [10429.859850] read strings
05-24 13:37:39.510 0 0 I : [10430.880594] read descriptors
05-24 13:37:39.510 0 0 I : [10430.880710] read strings
05-24 13:37:39.832 1528 2693 W InputManager: Input event injection from pid 2747 failed.
05-24 13:37:40.546 0 0 I : [10431.916561] read descriptors
05-24 13:37:40.546 0 0 I : [10431.916655] read strings
05-24 13:37:41.566 0 0 I : [10432.937228] read descriptors
05-24 13:37:41.566 0 0 I : [10432.937359] read strings
05-24 13:37:42.012 1528 2693 W InputManager: Input event injection from pid 2747 failed.
05-24 13:37:42.606 0 0 I : [10433.976411] read descriptors
05-24 13:37:42.606 0 0 I : [10433.976501] read strings
05-24 13:37:42.745 1528 1694 V DisplayPowerController[0]: Brightness [0.6363636] reason changing to: 'temporary', previous reason: 'manual'.
05-24 13:37:42.747 1528 2225 E DisplayDeviceConfig: requesting nits when no mapping exists.
05-24 13:37:42.748 1528 2225 E DisplayDeviceConfig: requesting nits when no mapping exists.
05-24 13:37:42.750 1528 1675 I DropBoxManagerService: add tag=system_server_wtf isTagEnabled=true flags=0x2
05-24 13:37:42.752 1528 1675 I DropBoxManagerService: add tag=system_server_wtf isTagEnabled=true flags=0x2
05-24 13:37:42.765 1528 1694 V DisplayPowerController[0]: Brightness [0.121212125] reason changing to: 'manual', previous reason: 'temporary'.
05-24 13:37:43.194 0 0 W [10434.566246] audit: audit_lost=8101 audit_rate_limit=5 audit_backlog_limit=64
05-24 13:37:43.194 0 0 E [10434.566251] audit: rate limit exceeded
05-24 13:37:43.622 0 0 I : [10434.992657] read descriptors
05-24 13:37:43.622 0 0 I : [10434.992784] read strings
05-24 13:37:44.654 0 0 I : [10436.024826] read descriptors
05-24 13:37:44.654 0 0 I : [10436.024958] read strings
05-24 13:37:45.674 0 0 I : [10437.044542] read descriptors
05-24 13:37:45.674 0 0 I : [10437.044673] read strings
05-24 13:37:46.734 0 0 I : [10438.104840] read descriptors
05-24 13:37:46.734 0 0 I : [10438.104939] read strings
05-24 13:37:47.754 0 0 I : [10439.124729] read descriptors
05-24 13:37:47.754 0 0 I : [10439.124863] read strings
05-24 13:37:48.770 0 0 I : [10440.140806] read descriptors
05-24 13:37:48.770 0 0 I : [10440.141008] read strings
05-24 13:37:49.794 0 0 I : [10441.164510] read descriptors
05-24 13:37:49.794 0 0 I : [10441.164591] read strings
05-24 13:37:50.027 0 0 W [10441.401077] audit: audit_lost=8123 audit_rate_limit=5 audit_backlog_limit=64
05-24 13:37:50.027 0 0 E [10441.401081] audit: rate limit exceeded
05-24 13:37:50.814 0 0 I : [10442.184722] read descriptors
05-24 13:37:50.814 0 0 I : [10442.184844] read strings
05-24 13:37:50.844 1528 2682 I thunderperf: PlatormCompat.setOverrides: Uid1=10074 Pid1=2838 Uid2=10074 Pid2=2838
05-24 13:37:50.844 1528 2682 I thunderperf: PlatormCompat.setOverrides: needCheck:false
05-24 13:37:50.844 1528 2682 I thunderperf: CompatConfig.addOverrideUnsafe: bef-state=1
05-24 13:37:50.845 1528 2682 E thunderperf: CompatConfig.addOverrideUnsafe: exception:java.lang.SecurityException: Cannot override a change on a non-debuggable app and user build.
05-24 13:37:50.845 1528 2682 I thunderperf: CompatConfig.addOverrideUnsafe: aft-state=1
05-24 13:37:50.846 1528 2682 I thunderperf: CompatConfig.addOverrideUnsafe: bef-state=1
05-24 13:37:50.847 1528 2682 E thunderperf: CompatConfig.addOverrideUnsafe: exception:java.lang.SecurityException: Cannot override a change on a non-debuggable app and user build.
05-24 13:37:50.847 1528 2682 I thunderperf: CompatConfig.addOverrideUnsafe: aft-state=1
05-24 13:37:50.847 1528 2682 I thunderperf: CompatConfig.addOverrideUnsafe: bef-state=1
05-24 13:37:50.848 1528 2682 E thunderperf: CompatConfig.addOverrideUnsafe: exception:java.lang.SecurityException: Cannot override a change on a non-debuggable app and user build.
05-24 13:37:50.848 1528 2682 I thunderperf: CompatConfig.addOverrideUnsafe: aft-state=1
05-24 13:37:50.849 1528 2682 I thunderperf: CompatConfig.addOverrideUnsafe: bef-state=1
05-24 13:37:50.849 1528 2682 E thunderperf: CompatConfig.addOverrideUnsafe: exception:java.lang.SecurityException: Cannot override a change on a non-debuggable app and user build.
05-24 13:37:50.849 1528 2682 I thunderperf: CompatConfig.addOverrideUnsafe: aft-state=1
05-24 13:37:50.850 1528 2682 I thunderperf: CompatConfig.addOverrideUnsafe: bef-state=1
05-24 13:37:50.850 1528 2682 E thunderperf: CompatConfig.addOverrideUnsafe: exception:java.lang.SecurityException: Cannot override a change on a non-debuggable app and user build.
05-24 13:37:50.850 1528 2682 I thunderperf: CompatConfig.addOverrideUnsafe: aft-state=1
05-24 13:37:50.851 1528 2682 I thunderperf: CompatConfig.addOverrideUnsafe: bef-state=1
05-24 13:37:50.851 1528 2682 E thunderperf: CompatConfig.addOverrideUnsafe: exception:java.lang.SecurityException: Cannot override a change on a non-debuggable app and user build.
05-24 13:37:50.851 1528 2682 I thunderperf: CompatConfig.addOverrideUnsafe: aft-state=1
05-24 13:37:50.851 1528 2682 I thunderperf: CompatConfig.addOverrideUnsafe: bef-state=1
05-24 13:37:50.852 1528 2682 E thunderperf: CompatConfig.addOverrideUnsafe: exception:java.lang.SecurityException: Cannot override a change on a non-debuggable app and user build.
05-24 13:37:50.852 1528 2682 I thunderperf: CompatConfig.addOverrideUnsafe: aft-state=1
05-24 13:37:50.852 1528 2682 I thunderperf: CompatConfig.addOverrideUnsafe: bef-state=1
05-24 13:37:50.852 1528 2682 E thunderperf: CompatConfig.addOverrideUnsafe: exception:java.lang.SecurityException: Cannot override a change on a non-debuggable app and user build.
05-24 13:37:50.852 1528 2682 I thunderperf: CompatConfig.addOverrideUnsafe: aft-state=1
05-24 13:37:50.853 1528 2682 I thunderperf: CompatConfig.addOverrideUnsafe: bef-state=1
05-24 13:37:50.853 1528 2682 E thunderperf: CompatConfig.addOverrideUnsafe: exception:java.lang.SecurityException: Cannot override a change on a non-debuggable app and user build.
05-24 13:37:50.853 1528 2682 I thunderperf: CompatConfig.addOverrideUnsafe: aft-state=1
05-24 13:37:50.854 1528 2682 I thunderperf: CompatConfig.addOverrideUnsafe: bef-state=1
05-24 13:37:50.854 1528 2682 E thunderperf: CompatConfig.addOverrideUnsafe: exception:java.lang.SecurityException: Cannot override a change on a non-debuggable app and user build.
05-24 13:37:50.854 1528 2682 I thunderperf: CompatConfig.addOverrideUnsafe: aft-state=1
05-24 13:37:50.855 1528 2682 I thunderperf: CompatConfig.addOverrideUnsafe: bef-state=1
05-24 13:37:50.855 1528 2682 E thunderperf: CompatConfig.addOverrideUnsafe: exception:java.lang.SecurityException: Cannot override a change on a non-debuggable app and user build.
05-24 13:37:50.855 1528 2682 I thunderperf: CompatConfig.addOverrideUnsafe: aft-state=1
05-24 13:37:50.855 1528 2682 I thunderperf: CompatConfig.addOverrideUnsafe: bef-state=1
05-24 13:37:50.856 1528 2682 E thunderperf: CompatConfig.addOverrideUnsafe: exception:java.lang.SecurityException: Cannot override a change on a non-debuggable app and user build.
05-24 13:37:50.856 1528 2682 I thunderperf: CompatConfig.addOverrideUnsafe: aft-state=1
05-24 13:37:50.856 1528 2682 I thunderperf: CompatConfig.addOverrideUnsafe: bef-state=1
05-24 13:37:50.856 1528 2682 E thunderperf: CompatConfig.addOverrideUnsafe: exception:java.lang.SecurityException: Cannot override a change on a non-debuggable app and user build.
05-24 13:37:50.856 1528 2682 I thunderperf: CompatConfig.addOverrideUnsafe: aft-state=1
05-24 13:37:50.857 1528 2682 I thunderperf: CompatConfig.addOverrideUnsafe: bef-state=1
05-24 13:37:50.857 1528 2682 E thunderperf: CompatConfig.addOverrideUnsafe: exception:java.lang.SecurityException: Cannot override a change on a non-debuggable app and user build.
05-24 13:37:50.857 1528 2682 I thunderperf: CompatConfig.addOverrideUnsafe: aft-state=1
05-24 13:37:50.863 1528 2682 I ActivityTaskManager: START u0 {act=android.intent.action.MAIN cat=[android.intent.category.LAUNCHER] flg=0x10200000 cmp=com.android.settings/.Settings bnds=[2306,740][2508,940]} from uid 10074
05-24 13:37:50.881 1528 22256 I ActivityTaskManager: FOREGROUND_APPLICATION_CHANGED to com.android.settings.homepage.SettingsHomepageActivity
05-24 13:37:50.974 0 0 I [10442.346909] [schedu][0x2eb1664815][13: 37:50.972819] wlan: [2025:I:OSIF] scan start scan id 41046
05-24 13:37:51.838 0 0 I : [10443.210249] read descriptors
05-24 13:37:51.838 0 0 I : [10443.210451] read strings
05-24 13:37:52.858 0 0 I : [10444.228579] read descriptors
05-24 13:37:52.858 0 0 I : [10444.228686] read strings
05-24 13:37:53.138 0 0 I [10444.508557] [schedu][0x2eb3df934e][13: 37:53.134462] wlan: [2025:I:OSIF] vdev 0, scan id 41046 type COMPLETED(1) reason COMPLETED(1) scan found 34 bss
05-24 13:37:53.878 0 0 I : [10445.248789] read descriptors
05-24 13:37:53.878 0 0 I : [10445.248891] read strings
05-24 13:37:53.890 1528 3876 E TaskPersister: File error accessing recents directory (directory doesn't exist?).
05-24 13:37:54.908 0 0 I : [10446.277603] read descriptors
05-24 13:37:54.909 0 0 I : [10446.277794] read strings
05-24 13:37:55.926 0 0 I : [10447.297042] read descriptors
05-24 13:37:55.926 0 0 I : [10447.297241] read strings
05-24 13:37:56.249 1528 2697 E UserRestrictionsUtils: Unknown restriction queried by uid 1000 (com.thundercomm.debugtools et al): null
05-24 13:37:56.249 1528 2697 E UserRestrictionsUtils: Unknown restriction queried by uid 1000 (com.thundercomm.debugtools et al): null
05-24 13:37:56.250 1528 2697 E UserRestrictionsUtils: Unknown restriction queried by uid 1000 (com.thundercomm.debugtools et al): null
05-24 13:37:56.251 1528 2697 E UserRestrictionsUtils: Unknown restriction queried by uid 1000 (com.thundercomm.debugtools et al): null
05-24 13:37:56.252 1528 2697 E UserRestrictionsUtils: Unknown restriction queried by uid 1000 (com.thundercomm.debugtools et al): null
05-24 13:37:56.942 0 0 I : [10448.312796] read descriptors
05-24 13:37:56.942 0 0 I : [10448.312988] read strings
05-24 13:37:57.966 0 0 I : [10449.339026] read descriptors
05-24 13:37:57.966 0 0 I : [10449.339153] read strings
05-24 13:37:58.986 0 0 I : [10450.356575] read descriptors
05-24 13:37:58.986 0 0 I : [10450.356706] read strings
05-24 13:37:59.997 1528 8437 E UserRestrictionsUtils: Unknown restriction queried by uid 1000 (com.thundercomm.debugtools et al): null
05-24 13:37:59.997 1528 8437 E UserRestrictionsUtils: Unknown restriction queried by uid 1000 (com.thundercomm.debugtools et al): null
05-24 13:37:59.998 1528 8437 E UserRestrictionsUtils: Unknown restriction queried by uid 1000 (com.thundercomm.debugtools et al): null
05-24 13:37:59.998 1528 2682 E UserRestrictionsUtils: Unknown restriction queried by uid 1000 (com.thundercomm.debugtools et al): null
05-24 13:37:59.999 1528 22256 E UserRestrictionsUtils: Unknown restriction queried by uid 1000 (com.thundercomm.debugtools et al): null
05-24 13:37:59.999 1528 8437 E UserRestrictionsUtils: Unknown restriction queried by uid 1000 (com.thundercomm.debugtools et al): null
05-24 13:38:00.018 0 0 I : [10451.384554] read descriptors
05-24 13:38:00.018 0 0 I : [10451.384646] read strings
05-24 13:38:00.696 1528 2682 E UserRestrictionsUtils: Unknown restriction queried by uid 1000 (com.thundercomm.debugtools et al): null
05-24 13:38:00.696 1528 2682 E UserRestrictionsUtils: Unknown restriction queried by uid 1000 (com.thundercomm.debugtools et al): null
05-24 13:38:00.697 1528 2682 E UserRestrictionsUtils: Unknown restriction queried by uid 1000 (com.thundercomm.debugtools et al): null
05-24 13:38:00.697 1528 2682 E UserRestrictionsUtils: Unknown restriction queried by uid 1000 (com.thundercomm.debugtools et al): null
05-24 13:38:00.697 1528 2682 E UserRestrictionsUtils: Unknown restriction queried by uid 1000 (com.thundercomm.debugtools et al): null
05-24 13:38:00.698 1528 2682 E UserRestrictionsUtils: Unknown restriction queried by uid 1000 (com.thundercomm.debugtools et al): null
05-24 13:38:00.698 1528 2682 E UserRestrictionsUtils: Unknown restriction queried by uid 1000 (com.thundercomm.debugtools et al): null
05-24 13:38:00.698 1528 2682 E UserRestrictionsUtils: Unknown restriction queried by uid 1000 (com.thundercomm.debugtools et al): null
05-24 13:38:00.698 1528 2682 E UserRestrictionsUtils: Unknown restriction queried by uid 1000 (com.thundercomm.debugtools et al): null
05-24 13:38:01.026 0 0 I : [10452.397099] read descriptors
05-24 13:38:01.026 0 0 I : [10452.397250] read strings
05-24 13:38:02.046 0 0 I : [10453.416787] read descriptors
05-24 13:38:02.046 0 0 I : [10453.416911] read strings
05-24 13:38:03.066 0 0 I : [10454.437202] read descriptors
05-24 13:38:03.066 0 0 I : [10454.437479] read strings
05-24 13:38:03.952 1528 22256 E UserRestrictionsUtils: Unknown restriction queried by uid 1000 (com.thundercomm.debugtools et al): null
05-24 13:38:03.952 1528 22256 E UserRestrictionsUtils: Unknown restriction queried by uid 1000 (com.thundercomm.debugtools et al): null
05-24 13:38:03.953 1528 22256 E UserRestrictionsUtils: Unknown restriction queried by uid 1000 (com.thundercomm.debugtools et al): null
05-24 13:38:03.954 1528 22256 E UserRestrictionsUtils: Unknown restriction queried by uid 1000 (com.thundercomm.debugtools et al): null
05-24 13:38:03.956 1528 22256 E UserRestrictionsUtils: Unknown restriction queried by uid 1000 (com.thundercomm.debugtools et al): null
05-24 13:38:03.958 1528 22256 E UserRestrictionsUtils: Unknown restriction queried by uid 1000 (com.thundercomm.debugtools et al): null
05-24 13:38:03.958 1528 22256 E UserRestrictionsUtils: Unknown restriction queried by uid 1000 (com.thundercomm.debugtools et al): null
05-24 13:38:03.958 1528 22256 E UserRestrictionsUtils: Unknown restriction queried by uid 1000 (com.thundercomm.debugtools et al): null
05-24 13:38:04.094 0 0 I : [10455.464680] read descriptors
05-24 13:38:04.095 0 0 I : [10455.464813] read strings
05-24 13:38:05.110 0 0 I : [10456.480661] read descriptors
05-24 13:38:05.110 0 0 I : [10456.480794] read strings
05-24 13:38:06.130 0 0 I : [10457.500932] read descriptors
05-24 13:38:06.130 0 0 I : [10457.501145] read strings
05-24 13:38:07.150 0 0 I : [10458.522829] read descriptors
05-24 13:38:07.150 0 0 I : [10458.522949] read strings
05-24 13:38:07.278 0 0 W [10458.649201] audit: audit_lost=8143 audit_rate_limit=5 audit_backlog_limit=64
05-24 13:38:07.278 0 0 E [10458.649206] audit: rate limit exceeded
05-24 13:38:08.170 0 0 I : [10459.540627] read descriptors
05-24 13:38:08.170 0 0 I : [10459.540761] read strings
05-24 13:38:08.634 2248 2248 D ViewRootImpl[NavigationBar0]: updatePointerIcon called with position out of bounds
05-24 13:38:08.781 1528 19621 E UserRestrictionsUtils: Unknown restriction queried by uid 1000 (com.thundercomm.debugtools et al): null
05-24 13:38:08.782 1528 22252 E UserRestrictionsUtils: Unknown restriction queried by uid 1000 (com.thundercomm.debugtools et al): null
05-24 13:38:08.782 1528 8437 E UserRestrictionsUtils: Unknown restriction queried by uid 1000 (com.thundercomm.debugtools et al): null
05-24 13:38:08.783 1528 10039 E UserRestrictionsUtils: Unknown restriction queried by uid 1000 (com.thundercomm.debugtools et al): null
05-24 13:38:08.783 1528 9633 E UserRestrictionsUtils: Unknown restriction queried by uid 1000 (com.thundercomm.debugtools et al): null
05-24 13:38:08.784 1528 2699 E UserRestrictionsUtils: Unknown restriction queried by uid 1000 (com.thundercomm.debugtools et al): null
05-24 13:38:08.784 1528 8437 E UserRestrictionsUtils: Unknown restriction queried by uid 1000 (com.thundercomm.debugtools et al): null
05-24 13:38:08.785 1528 22252 E UserRestrictionsUtils: Unknown restriction queried by uid 1000 (com.thundercomm.debugtools et al): null
05-24 13:38:09.190 0 0 I : [10460.560836] read descriptors
05-24 13:38:09.190 0 0 I : [10460.560933] read strings
05-24 13:38:10.214 0 0 I : [10461.584859] read descriptors
05-24 13:38:10.214 0 0 I : [10461.584977] read strings
05-24 13:38:11.258 0 0 I : [10462.628458] read descriptors
05-24 13:38:11.258 0 0 I : [10462.628539] read strings
05-24 13:38:11.482 0 0 I [10462.853891] [soft_i][0x2ec8de2f7a][13: 38:11.479798] wlan: [0:I:TXRX] HTT_T2H_MSG_TYPE_PEER_MAP msg for peer id 19 vdev id 0 n
05-24 13:38:11.482 0 0 E [10462.853912] [soft_i][0x2ec8de31bf][13: 38:11.479828] wlan: [0:E:DP] dp_peer_find_add_id: peer 0000000000000000 ID 19 vid 0 mac 1a:67:be:de:a1:d1
05-24 13:38:11.482 0 0 I [10462.853931] [soft_i][0x2ec8de3329][13: 38:11.479847] wlan: [0:I:DP] dp_peer_find_add_id: ref_cnt: 2
05-24 13:38:11.482 0 0 E [10462.853953] [soft_i][0x2ec8de34c1][13: 38:11.479868] wlan: [0:E:DP] dp_peer_map_ast: peer 0000000000000000 ID 1 vid 0 mac 1a:67:be:de:a1:d1
05-24 13:38:11.502 0 0 I [10462.873539] [soft_i][0x2ec8e3ef5f][13: 38:11.499423] wlan: [0:I:DP] dp_addba_requestprocess_wifi3 restore BA win 64 based on addba req
05-24 13:38:11.526 0 0 E [10462.896553] [schedu][0x2ec8eaaf2e][13: 38:11.522460] wlan: [2025:E:WMA] wma_add_tdls_sta: 4129: WMI_SERVICE_PEER_ASSOC_CONF is enabled
05-24 13:38:12.278 0 0 I : [10463.648685] read descriptors
05-24 13:38:12.278 0 0 I : [10463.648793] read strings
05-24 13:38:13.290 0 0 I : [10464.661007] read descriptors
05-24 13:38:13.290 0 0 I : [10464.661211] read strings
05-24 13:38:14.310 0 0 I : [10465.680822] read descriptors
05-24 13:38:14.310 0 0 I : [10465.681018] read strings
05-24 13:38:14.739 1528 8437 E UserRestrictionsUtils: Unknown restriction queried by uid 1000 (com.thundercomm.debugtools et al): null
05-24 13:38:14.740 1528 8437 E UserRestrictionsUtils: Unknown restriction queried by uid 1000 (com.thundercomm.debugtools et al): null
05-24 13:38:14.740 1528 8437 E UserRestrictionsUtils: Unknown restriction queried by uid 1000 (com.thundercomm.debugtools et al): null
05-24 13:38:14.740 1528 8437 E UserRestrictionsUtils: Unknown restriction queried by uid 1000 (com.thundercomm.debugtools et al): null
05-24 13:38:14.741 1528 8437 E UserRestrictionsUtils: Unknown restriction queried by uid 1000 (com.thundercomm.debugtools et al): null
05-24 13:38:14.741 1528 8437 E UserRestrictionsUtils: Unknown restriction queried by uid 1000 (com.thundercomm.debugtools et al): null
05-24 13:38:14.741 1528 8437 E UserRestrictionsUtils: Unknown restriction queried by uid 1000 (com.thundercomm.debugtools et al): null
05-24 13:38:14.742 1528 8437 E UserRestrictionsUtils: Unknown restriction queried by uid 1000 (com.thundercomm.debugtools et al): null
05-24 13:38:15.196 1528 8437 E UserRestrictionsUtils: Unknown restriction queried by uid 1000 (com.thundercomm.debugtools et al): null
05-24 13:38:15.342 0 0 I : [10466.713252] read descriptors
05-24 13:38:15.342 0 0 I : [10466.713442] read strings
05-24 13:38:16.351 1528 22252 E UserRestrictionsUtils: Unknown restriction queried by uid 1000 (com.thundercomm.debugtools et al): null
05-24 13:38:16.353 1528 22252 E UserRestrictionsUtils: Unknown restriction queried by uid 1000 (com.thundercomm.debugtools et al): null
05-24 13:38:16.355 1528 22252 E UserRestrictionsUtils: Unknown restriction queried by uid 1000 (com.thundercomm.debugtools et al): null
05-24 13:38:16.356 1528 22252 E UserRestrictionsUtils: Unknown restriction queried by uid 1000 (com.thundercomm.debugtools et al): null
05-24 13:38:16.356 1528 22252 E UserRestrictionsUtils: Unknown restriction queried by uid 1000 (com.thundercomm.debugtools et al): null
05-24 13:38:16.357 1528 22252 E UserRestrictionsUtils: Unknown restriction queried by uid 1000 (com.thundercomm.debugtools et al): null
05-24 13:38:16.366 0 0 I : [10467.736558] read descriptors
05-24 13:38:16.366 0 0 I : [10467.736672] read strings
05-24 13:38:17.062 1528 22252 E UserRestrictionsUtils: Unknown restriction queried by uid 1000 (com.thundercomm.debugtools et al): null
05-24 13:38:17.062 1528 22252 E UserRestrictionsUtils: Unknown restriction queried by uid 1000 (com.thundercomm.debugtools et al): null
05-24 13:38:17.063 1528 22252 E UserRestrictionsUtils: Unknown restriction queried by uid 1000 (com.thundercomm.debugtools et al): null
05-24 13:38:17.063 1528 22252 E UserRestrictionsUtils: Unknown restriction queried by uid 1000 (com.thundercomm.debugtools et al): null
05-24 13:38:17.064 1528 22252 E UserRestrictionsUtils: Unknown restriction queried by uid 1000 (com.thundercomm.debugtools et al): null
05-24 13:38:17.064 1528 22252 E UserRestrictionsUtils: Unknown restriction queried by uid 1000 (com.thundercomm.debugtools et al): null
05-24 13:38:17.065 1528 22252 E UserRestrictionsUtils: Unknown restriction queried by uid 1000 (com.thundercomm.debugtools et al): null
05-24 13:38:17.065 1528 22252 E UserRestrictionsUtils: Unknown restriction queried by uid 1000 (com.thundercomm.debugtools et al): null
05-24 13:38:17.390 0 0 I : [10468.761295] read descriptors
05-24 13:38:17.390 0 0 I : [10468.761396] read strings
05-24 13:38:18.406 0 0 I : [10469.780650] read descriptors
05-24 13:38:18.406 0 0 I : [10469.780832] read strings
05-24 13:38:19.430 0 0 I : [10470.801223] read descriptors
05-24 13:38:19.430 0 0 I : [10470.801448] read strings
05-24 13:38:19.734 0 0 W [10471.103623] audit: audit_lost=8149 audit_rate_limit=5 audit_backlog_limit=64
05-24 13:38:19.734 0 0 E [10471.103630] audit: rate limit exceeded
05-24 13:38:20.450 0 0 I : [10471.821120] read descriptors
05-24 13:38:20.450 0 0 I : [10471.821325] read strings
05-24 13:38:20.606 2248 2248 D ViewRootImpl[NavigationBar0]: updatePointerIcon called with position out of bounds
05-24 13:38:21.097 10165 10165 D ViewRootImpl[Settings]: updatePointerIcon called with position out of bounds
05-24 13:38:21.112 10165 10165 D ViewRootImpl[Settings]: updatePointerIcon called with position out of bounds
05-24 13:38:21.146 10165 10165 D ViewRootImpl[Settings]: updatePointerIcon called with position out of bounds
05-24 13:38:21.163 10165 10165 D ViewRootImpl[Settings]: updatePointerIcon called with position out of bounds
05-24 13:38:21.195 10165 10165 D ViewRootImpl[Settings]: updatePointerIcon called with position out of bounds
05-24 13:38:21.212 10165 10165 D ViewRootImpl[Settings]: updatePointerIcon called with position out of bounds
05-24 13:38:21.246 10165 10165 D ViewRootImpl[Settings]: updatePointerIcon called with position out of bounds
05-24 13:38:21.279 10165 10165 D ViewRootImpl[Settings]: updatePointerIcon called with position out of bounds
05-24 13:38:21.295 10165 10165 D ViewRootImpl[Settings]: updatePointerIcon called with position out of bounds
05-24 13:38:21.312 10165 10165 D ViewRootImpl[Settings]: updatePointerIcon called with position out of bounds
05-24 13:38:21.345 10165 10165 D ViewRootImpl[Settings]: updatePointerIcon called with position out of bounds
05-24 13:38:21.378 10165 10165 D ViewRootImpl[Settings]: updatePointerIcon called with position out of bounds
05-24 13:38:21.413 10165 10165 D ViewRootImpl[Settings]: updatePointerIcon called with position out of bounds
05-24 13:38:21.445 10165 10165 D ViewRootImpl[Settings]: updatePointerIcon called with position out of bounds
05-24 13:38:21.462 10165 10165 D ViewRootImpl[Settings]: updatePointerIcon called with position out of bounds
05-24 13:38:21.478 0 0 I : [10472.848629] read descriptors
05-24 13:38:21.478 0 0 I : [10472.848738] read strings
05-24 13:38:21.496 10165 10165 D ViewRootImpl[Settings]: updatePointerIcon called with position out of bounds
05-24 13:38:21.513 10165 10165 D ViewRootImpl[Settings]: updatePointerIcon called with position out of bounds
05-24 13:38:21.546 10165 10165 D ViewRootImpl[Settings]: updatePointerIcon called with position out of bounds
05-24 13:38:21.563 10165 10165 D ViewRootImpl[Settings]: updatePointerIcon called with position out of bounds
05-24 13:38:21.596 10165 10165 D ViewRootImpl[Settings]: updatePointerIcon called with position out of bounds
05-24 13:38:21.613 10165 10165 D ViewRootImpl[Settings]: updatePointerIcon called with position out of bounds
05-24 13:38:21.646 10165 10165 D ViewRootImpl[Settings]: updatePointerIcon called with position out of bounds
05-24 13:38:21.679 10165 10165 D ViewRootImpl[Settings]: updatePointerIcon called with position out of bounds
05-24 13:38:21.696 10165 10165 D ViewRootImpl[Settings]: updatePointerIcon called with position out of bounds
05-24 13:38:21.712 10165 10165 D ViewRootImpl[Settings]: updatePointerIcon called with position out of bounds
05-24 13:38:21.745 10165 10165 D ViewRootImpl[Settings]: updatePointerIcon called with position out of bounds
05-24 13:38:21.762 10165 10165 D ViewRootImpl[Settings]: updatePointerIcon called with position out of bounds
05-24 13:38:21.795 10165 10165 D ViewRootImpl[Settings]: updatePointerIcon called with position out of bounds
05-24 13:38:21.812 10165 10165 D ViewRootImpl[Settings]: updatePointerIcon called with position out of bounds
05-24 13:38:21.845 10165 10165 D ViewRootImpl[Settings]: updatePointerIcon called with position out of bounds
05-24 13:38:21.862 10165 10165 D ViewRootImpl[Settings]: updatePointerIcon called with position out of bounds
05-24 13:38:21.895 10165 10165 D ViewRootImpl[Settings]: updatePointerIcon called with position out of bounds
05-24 13:38:21.912 10165 10165 D ViewRootImpl[Settings]: updatePointerIcon called with position out of bounds
05-24 13:38:21.945 10165 10165 D ViewRootImpl[Settings]: updatePointerIcon called with position out of bounds
05-24 13:38:21.962 10165 10165 D ViewRootImpl[Settings]: updatePointerIcon called with position out of bounds
05-24 13:38:21.995 10165 10165 D ViewRootImpl[Settings]: updatePointerIcon called with position out of bounds
05-24 13:38:22.012 10165 10165 D ViewRootImpl[Settings]: updatePointerIcon called with position out of bounds
05-24 13:38:22.045 10165 10165 D ViewRootImpl[Settings]: updatePointerIcon called with position out of bounds
05-24 13:38:22.078 10165 10165 D ViewRootImpl[Settings]: updatePointerIcon called with position out of bounds
05-24 13:38:22.245 10165 10165 D ViewRootImpl[Settings]: updatePointerIcon called with position out of bounds
05-24 13:38:22.262 10165 10165 D ViewRootImpl[Settings]: updatePointerIcon called with position out of bounds
05-24 13:38:22.295 10165 10165 D ViewRootImpl[Settings]: updatePointerIcon called with position out of bounds
05-24 13:38:22.312 10165 10165 D ViewRootImpl[Settings]: updatePointerIcon called with position out of bounds
05-24 13:38:22.345 10165 10165 D ViewRootImpl[Settings]: updatePointerIcon called with position out of bounds
05-24 13:38:22.362 10165 10165 D ViewRootImpl[Settings]: updatePointerIcon called with position out of bounds
05-24 13:38:22.395 10165 10165 D ViewRootImpl[Settings]: updatePointerIcon called with position out of bounds
05-24 13:38:22.498 0 0 I : [10473.868614] read descriptors
05-24 13:38:22.498 0 0 I : [10473.868722] read strings
05-24 13:38:22.579 10165 10165 D ViewRootImpl[Settings]: updatePointerIcon called with position out of bounds
05-24 13:38:22.596 10165 10165 D ViewRootImpl[Settings]: updatePointerIcon called with position out of bounds
05-24 13:38:22.629 10165 10165 D ViewRootImpl[Settings]: updatePointerIcon called with position out of bounds
05-24 13:38:22.779 10165 10165 D ViewRootImpl[Settings]: updatePointerIcon called with position out of bounds
05-24 13:38:22.813 10165 10165 D ViewRootImpl[Settings]: updatePointerIcon called with position out of bounds
05-24 13:38:23.484 2248 2248 D ViewRootImpl[NavigationBar0]: updatePointerIcon called with position out of bounds
05-24 13:38:23.522 0 0 I : [10474.892652] read descriptors
05-24 13:38:23.522 0 0 I : [10474.892734] read strings
05-24 13:38:23.567 0 0 W [10474.939306] audit: audit_lost=8157 audit_rate_limit=5 audit_backlog_limit=64
05-24 13:38:23.567 0 0 E [10474.939313] audit: rate limit exceeded
05-24 13:38:24.551 0 0 I : [10475.921430] read descriptors
05-24 13:38:24.551 0 0 I : [10475.921531] read strings
05-24 13:38:25.554 0 0 I : [10476.944922] read descriptors
05-24 13:38:25.554 0 0 I : [10476.945128] read strings
05-24 13:38:26.574 0 0 I : [10477.964717] read descriptors
05-24 13:38:26.574 0 0 I : [10477.964846] read strings
05-24 13:38:27.004 2571 13184 W ContextImpl: Calling a method in the system process without a qualified user: android.app.ContextImpl.sendBroadcast:1173 android.content.ContextWrapper.sendBroadcast:479 com.thundercomm.microsettings.action.SetTimeAction.timeUpdated:212 com.thundercomm.microsettings.action.SetTimeAction.update24HourFormat:194 com.thundercomm.microsettings.action.SetTimeAction.doActualAction:154
05-24 13:38:27.011 1528 1528 D DevicePolicyManager: updateSystemUpdateFreezePeriodsRecord
05-24 13:38:27.011 1528 1528 D ConditionProviders.SCP: onReceive android.intent.action.TIME_SET
05-24 13:38:27.012 1528 1528 D ConditionProviders.SCP: evaluateSubscriptionLocked cal=ScheduleCalendar[mDays={1, 2, 3, 4, 5, 6, 7}, mSchedule=ScheduleInfo{days=[1, 2, 3, 4, 5, 6, 7], startHour=22, startMinute=0, endHour=7, endMinute=0, exitAtAlarm=true, nextAlarm=Thu Jan 01 08:00:00 GMT+08:00 1970 (0)}], now=Wed May 24 13:38:27 GMT+08:00 2023 (1684906707011), nextUserAlarmTime=Thu Jan 01 08:00:00 GMT+08:00 1970 (0)
05-24 13:38:27.012 1528 1528 D ConditionProviders.SCP: notifyCondition condition://android/schedule?days=1.2.3.4.5.6.7&start=22.0&end=7.0&exitAtAlarm=true STATE_FALSE reason=!meetsSchedule
05-24 13:38:27.013 1528 1528 D ConditionProviders.SCP: Scheduling evaluate for Wed May 24 22:00:00 GMT+08:00 2023 (1684936800000), in +8h21m32s989ms, now=Wed May 24 13:38:27 GMT+08:00 2023 (1684906707011)
05-24 13:38:27.595 0 0 I : [10478.984726] read descriptors
05-24 13:38:27.595 0 0 I : [10478.984862] read strings
05-24 13:38:28.614 0 0 I : [10480.004582] read descriptors
05-24 13:38:28.614 0 0 I : [10480.004715] read strings
05-24 13:38:28.848 1528 10045 W InputManager: Input event injection from pid 2747 permission denied.
05-24 13:38:28.901 1528 10045 W InputManager: Input event injection from pid 2747 permission denied.
05-24 13:38:28.919 1528 10045 W InputManager: Input event injection from pid 2747 permission denied.
05-24 13:38:28.949 1528 10045 W InputManager: Input event injection from pid 2747 permission denied.
05-24 13:38:28.952 1528 10045 W InputManager: Input event injection from pid 2747 failed.
05-24 13:38:29.497 1528 10045 W InputManager: Input event injection from pid 2747 failed.
05-24 13:38:29.630 0 0 I : [10481.020642] read descriptors
05-24 13:38:29.630 0 0 I : [10481.020774] read strings
05-24 13:38:30.650 0 0 I : [10482.041052] read descriptors
05-24 13:38:30.650 0 0 I : [10482.041178] read strings
05-24 13:38:31.674 0 0 I : [10483.064630] read descriptors
05-24 13:38:31.674 0 0 I : [10483.064734] read strings
05-24 13:38:31.748 0 0 W [10483.141043] audit: audit_lost=8162 audit_rate_limit=5 audit_backlog_limit=64
05-24 13:38:31.753 0 0 E [10483.141048] audit: rate limit exceeded
05-24 13:38:32.694 0 0 I : [10484.084609] read descriptors
05-24 13:38:32.694 0 0 I : [10484.084750] read strings
05-24 13:38:33.718 0 0 I : [10485.108919] read descriptors
05-24 13:38:33.719 0 0 I : [10485.109118] read strings
05-24 13:38:34.735 0 0 I : [10486.128818] read descriptors
05-24 13:38:34.735 0 0 I : [10486.128944] read strings
05-24 13:38:35.758 0 0 I : [10487.148498] read descriptors
05-24 13:38:35.758 0 0 I : [10487.148633] read strings
05-24 13:38:36.599 0 0 W [10487.989594] audit: audit_lost=8170 audit_rate_limit=5 audit_backlog_limit=64
05-24 13:38:36.599 0 0 E [10487.989600] audit: rate limit exceeded
05-24 13:38:36.778 0 0 I : [10488.168718] read descriptors
05-24 13:38:36.778 0 0 I : [10488.168844] read strings
05-24 13:38:37.652 1528 10039 W InputManager: Input event injection from pid 2747 failed.
05-24 13:38:37.798 0 0 I : [10489.188639] read descriptors
05-24 13:38:37.799 0 0 I : [10489.188771] read strings
05-24 13:38:38.498 0 0 W [10489.889927] audit: audit_lost=8176 audit_rate_limit=5 audit_backlog_limit=64
05-24 13:38:38.498 0 0 E [10489.889933] audit: rate limit exceeded
05-24 13:38:38.834 0 0 I : [10490.224605] read descriptors
05-24 13:38:38.834 0 0 I : [10490.224690] read strings
05-24 13:38:39.854 0 0 I : [10491.244604] read descriptors
05-24 13:38:39.854 0 0 I : [10491.244705] read strings
05-24 13:38:40.878 0 0 I : [10492.268604] read descriptors
05-24 13:38:40.878 0 0 I : [10492.268729] read strings
05-24 13:38:41.239 2248 2248 D ViewRootImpl[NavigationBar0]: updatePointerIcon called with position out of bounds
05-24 13:38:41.379 1528 8286 W InputManager: Input event injection from pid 2747 permission denied.
05-24 13:38:41.397 1528 22252 W InputManager: Input event injection from pid 2747 permission denied.
05-24 13:38:41.423 1528 22252 W InputManager: Input event injection from pid 2747 permission denied.
05-24 13:38:41.453 1528 22252 W InputManager: Input event injection from pid 2747 permission denied.
05-24 13:38:41.473 1528 22252 W InputManager: Input event injection from pid 2747 permission denied.
05-24 13:38:41.476 1528 22252 W InputManager: Input event injection from pid 2747 failed.
05-24 13:38:41.903 0 0 I : [10493.292959] read descriptors
05-24 13:38:41.903 0 0 I : [10493.293093] read strings
05-24 13:38:42.327 0 0 W [10493.719064] audit: audit_lost=8185 audit_rate_limit=5 audit_backlog_limit=64
05-24 13:38:42.337 0 0 E [10493.719067] audit: rate limit exceeded
05-24 13:38:42.914 0 0 I : [10494.304562] read descriptors
05-24 13:38:42.914 0 0 I : [10494.304702] read strings
05-24 13:38:43.938 0 0 I : [10495.328557] read descriptors
05-24 13:38:43.938 0 0 I : [10495.328688] read strings
05-24 13:38:44.259 0 0 W [10495.652444] audit: audit_lost=8191 audit_rate_limit=5 audit_backlog_limit=64
05-24 13:38:44.259 0 0 E [10495.652454] audit: rate limit exceeded
05-24 13:38:44.958 0 0 I : [10496.348677] read descriptors
05-24 13:38:44.958 0 0 I : [10496.348804] read strings
05-24 13:38:45.978 0 0 I : [10497.368999] read descriptors
05-24 13:38:45.979 0 0 I : [10497.369131] read strings
05-24 13:38:46.383 1528 1674 W UsageStatsService: Unexpected activity event reported! (com.android.launcher3/com.android.launcher3.uioverrides.QuickstepLauncher event : 23 instanceId : 156202405)
05-24 13:38:46.398 0 0 W [10497.789654] audit: audit_lost=8201 audit_rate_limit=5 audit_backlog_limit=64
05-24 13:38:46.398 0 0 E [10497.789657] audit: rate limit exceeded
05-24 13:38:46.998 0 0 I : [10498.388677] read descriptors
05-24 13:38:46.998 0 0 I : [10498.388812] read strings
05-24 13:38:48.022 0 0 I : [10499.412579] read descriptors
05-24 13:38:48.022 0 0 I : [10499.412709] read strings
05-24 13:38:49.082 0 0 I : [10500.473587] read descriptors
05-24 13:38:49.082 0 0 I : [10500.473674] read strings
05-24 13:38:50.106 0 0 I : [10501.498742] read descriptors
05-24 13:38:50.106 0 0 I : [10501.498867] read strings
05-24 13:38:50.665 1528 19621 W InputManager: Input event injection from pid 2747 failed.
05-24 13:38:50.996 1528 19621 I ActivityTaskManager: FOREGROUND_APPLICATION_CHANGED to com.android.launcher3.uioverrides.QuickstepLauncher
05-24 13:38:51.061 0 0 W [10502.451714] audit: audit_lost=8211 audit_rate_limit=5 audit_backlog_limit=64
05-24 13:38:51.061 0 0 E [10502.451717] audit: rate limit exceeded
05-24 13:38:51.134 0 0 I : [10502.524810] read descriptors
05-24 13:38:51.134 0 0 I : [10502.524936] read strings
05-24 13:38:52.146 0 0 I : [10503.536830] read descriptors
05-24 13:38:52.146 0 0 I : [10503.537033] read strings
05-24 13:38:53.174 0 0 I : [10504.564748] read descriptors
05-24 13:38:53.174 0 0 I : [10504.564951] read strings
05-24 13:38:53.208 1528 9633 W InputManager: Input event injection from pid 2747 permission denied.
05-24 13:38:53.211 1528 9633 W InputManager: Input event injection from pid 2747 permission denied.
05-24 13:38:53.237 1528 10045 W InputManager: Input event injection from pid 2747 permission denied.
05-24 13:38:53.261 1528 10045 W InputManager: Input event injection from pid 2747 permission denied.
05-24 13:38:53.284 1528 10045 W InputManager: Input event injection from pid 2747 permission denied.
05-24 13:38:53.309 1528 10045 W InputManager: Input event injection from pid 2747 permission denied.
05-24 13:38:53.320 1528 10045 W InputManager: Input event injection from pid 2747 failed.
05-24 13:38:54.194 0 0 I : [10505.585193] read descriptors
05-24 13:38:54.194 0 0 I : [10505.585392] read strings
05-24 13:38:54.513 1528 10045 W InputManager: Input event injection from pid 2747 failed.
05-24 13:38:55.214 0 0 I : [10506.604472] read descriptors
05-24 13:38:55.214 0 0 I : [10506.604604] read strings
05-24 13:38:56.230 0 0 I : [10507.620581] read descriptors
05-24 13:38:56.230 0 0 I : [10507.620709] read strings
05-24 13:38:57.246 0 0 I : [10508.637114] read descriptors
05-24 13:38:57.246 0 0 I : [10508.637329] read strings
05-24 13:38:58.258 0 0 I : [10509.649107] read descriptors
05-24 13:38:58.259 0 0 I : [10509.649305] read strings
05-24 13:38:59.274 0 0 I : [10510.664916] read descriptors
05-24 13:38:59.274 0 0 I : [10510.665126] read strings
05-24 13:39:00.298 0 0 I : [10511.688754] read descriptors
05-24 13:39:00.298 0 0 I : [10511.688950] read strings
05-24 13:39:01.311 0 0 I : [10512.704944] read descriptors
05-24 13:39:01.311 0 0 I : [10512.705229] read strings
05-24 13:39:02.335 0 0 I : [10513.725054] read descriptors
05-24 13:39:02.335 0 0 I : [10513.725256] read strings
05-24 13:39:02.723 1528 10045 I thunderperf: PlatormCompat.setOverrides: Uid1=10074 Pid1=2838 Uid2=10074 Pid2=2838
05-24 13:39:02.723 1528 10045 I thunderperf: PlatormCompat.setOverrides: needCheck:false
05-24 13:39:02.723 1528 10045 I thunderperf: CompatConfig.addOverrideUnsafe: bef-state=1
05-24 13:39:02.723 1528 10045 E thunderperf: CompatConfig.addOverrideUnsafe: exception:java.lang.SecurityException: Cannot override a change on a non-debuggable app and user build.
05-24 13:39:02.723 1528 10045 I thunderperf: CompatConfig.addOverrideUnsafe: aft-state=1
05-24 13:39:02.724 1528 10045 I thunderperf: CompatConfig.addOverrideUnsafe: bef-state=1
05-24 13:39:02.724 1528 10045 E thunderperf: CompatConfig.addOverrideUnsafe: exception:java.lang.SecurityException: Cannot override a change on a non-debuggable app and user build.
05-24 13:39:02.724 1528 10045 I thunderperf: CompatConfig.addOverrideUnsafe: aft-state=1
05-24 13:39:02.725 1528 10045 I thunderperf: CompatConfig.addOverrideUnsafe: bef-state=1
05-24 13:39:02.725 1528 10045 E thunderperf: CompatConfig.addOverrideUnsafe: exception:java.lang.SecurityException: Cannot override a change on a non-debuggable app and user build.
05-24 13:39:02.725 1528 10045 I thunderperf: CompatConfig.addOverrideUnsafe: aft-state=1
05-24 13:39:02.726 1528 10045 I thunderperf: CompatConfig.addOverrideUnsafe: bef-state=1
05-24 13:39:02.726 1528 10045 E thunderperf: CompatConfig.addOverrideUnsafe: exception:java.lang.SecurityException: Cannot override a change on a non-debuggable app and user build.
05-24 13:39:02.726 1528 10045 I thunderperf: CompatConfig.addOverrideUnsafe: aft-state=1
05-24 13:39:02.726 1528 10045 I thunderperf: CompatConfig.addOverrideUnsafe: bef-state=1
05-24 13:39:02.727 1528 10045 E thunderperf: CompatConfig.addOverrideUnsafe: exception:java.lang.SecurityException: Cannot override a change on a non-debuggable app and user build.
05-24 13:39:02.727 1528 10045 I thunderperf: CompatConfig.addOverrideUnsafe: aft-state=1
05-24 13:39:02.727 1528 10045 I thunderperf: CompatConfig.addOverrideUnsafe: bef-state=1
05-24 13:39:02.727 1528 10045 E thunderperf: CompatConfig.addOverrideUnsafe: exception:java.lang.SecurityException: Cannot override a change on a non-debuggable app and user build.
05-24 13:39:02.727 1528 10045 I thunderperf: CompatConfig.addOverrideUnsafe: aft-state=1
05-24 13:39:02.728 1528 10045 I thunderperf: CompatConfig.addOverrideUnsafe: bef-state=1
05-24 13:39:02.728 1528 10045 E thunderperf: CompatConfig.addOverrideUnsafe: exception:java.lang.SecurityException: Cannot override a change on a non-debuggable app and user build.
05-24 13:39:02.728 1528 10045 I thunderperf: CompatConfig.addOverrideUnsafe: aft-state=1
05-24 13:39:02.728 1528 10045 I thunderperf: CompatConfig.addOverrideUnsafe: bef-state=1
05-24 13:39:02.729 1528 10045 E thunderperf: CompatConfig.addOverrideUnsafe: exception:java.lang.SecurityException: Cannot override a change on a non-debuggable app and user build.
05-24 13:39:02.729 1528 10045 I thunderperf: CompatConfig.addOverrideUnsafe: aft-state=1
05-24 13:39:02.729 1528 10045 I thunderperf: CompatConfig.addOverrideUnsafe: bef-state=1
05-24 13:39:02.729 1528 10045 E thunderperf: CompatConfig.addOverrideUnsafe: exception:java.lang.SecurityException: Cannot override a change on a non-debuggable app and user build.
05-24 13:39:02.729 1528 10045 I thunderperf: CompatConfig.addOverrideUnsafe: aft-state=1
05-24 13:39:02.730 1528 10045 I thunderperf: CompatConfig.addOverrideUnsafe: bef-state=1
05-24 13:39:02.730 1528 10045 E thunderperf: CompatConfig.addOverrideUnsafe: exception:java.lang.SecurityException: Cannot override a change on a non-debuggable app and user build.
05-24 13:39:02.730 1528 10045 I thunderperf: CompatConfig.addOverrideUnsafe: aft-state=1
05-24 13:39:02.730 1528 10045 I thunderperf: CompatConfig.addOverrideUnsafe: bef-state=1
05-24 13:39:02.730 1528 10045 E thunderperf: CompatConfig.addOverrideUnsafe: exception:java.lang.SecurityException: Cannot override a change on a non-debuggable app and user build.
05-24 13:39:02.731 1528 10045 I thunderperf: CompatConfig.addOverrideUnsafe: aft-state=1
05-24 13:39:02.731 1528 10045 I thunderperf: CompatConfig.addOverrideUnsafe: bef-state=1
05-24 13:39:02.731 1528 10045 E thunderperf: CompatConfig.addOverrideUnsafe: exception:java.lang.SecurityException: Cannot override a change on a non-debuggable app and user build.
05-24 13:39:02.731 1528 10045 I thunderperf: CompatConfig.addOverrideUnsafe: aft-state=1
05-24 13:39:02.732 1528 10045 I thunderperf: CompatConfig.addOverrideUnsafe: bef-state=1
05-24 13:39:02.732 1528 10045 E thunderperf: CompatConfig.addOverrideUnsafe: exception:java.lang.SecurityException: Cannot override a change on a non-debuggable app and user build.
05-24 13:39:02.732 1528 10045 I thunderperf: CompatConfig.addOverrideUnsafe: aft-state=1
05-24 13:39:02.732 1528 10045 I thunderperf: CompatConfig.addOverrideUnsafe: bef-state=1
05-24 13:39:02.732 1528 10045 E thunderperf: CompatConfig.addOverrideUnsafe: exception:java.lang.SecurityException: Cannot override a change on a non-debuggable app and user build.
05-24 13:39:02.732 1528 10045 I thunderperf: CompatConfig.addOverrideUnsafe: aft-state=1
05-24 13:39:02.739 1528 10045 I ActivityTaskManager: START u0 {act=android.intent.action.MAIN cat=[android.intent.category.LAUNCHER] flg=0x10200000 cmp=com.android.settings/.Settings bnds=[2306,740][2508,940]} from uid 10074
05-24 13:39:02.761 1528 10045 I ActivityTaskManager: FOREGROUND_APPLICATION_CHANGED to com.android.settings.homepage.SettingsHomepageActivity
05-24 13:39:02.828 0 0 W [10514.216585] audit: audit_lost=8218 audit_rate_limit=5 audit_backlog_limit=64
05-24 13:39:02.828 0 0 E [10514.216588] audit: rate limit exceeded
05-24 13:39:03.370 0 0 I : [10514.760686] read descriptors
05-24 13:39:03.370 0 0 I : [10514.760819] read strings
05-24 13:39:04.386 0 0 I : [10515.776592] read descriptors
05-24 13:39:04.386 0 0 I : [10515.776765] read strings
05-24 13:39:05.410 0 0 I : [10516.800813] read descriptors
05-24 13:39:05.410 0 0 I : [10516.801034] read strings
05-24 13:39:05.768 1528 3876 E TaskPersister: File error accessing recents directory (directory doesn't exist?).
05-24 13:39:06.430 0 0 I : [10517.820769] read descriptors
05-24 13:39:06.431 0 0 I : [10517.820969] read strings
05-24 13:39:07.108 1528 8862 E UserRestrictionsUtils: Unknown restriction queried by uid 1000 (com.thundercomm.debugtools et al): null
05-24 13:39:07.108 1528 8862 E UserRestrictionsUtils: Unknown restriction queried by uid 1000 (com.thundercomm.debugtools et al): null
05-24 13:39:07.109 1528 8862 E UserRestrictionsUtils: Unknown restriction queried by uid 1000 (com.thundercomm.debugtools et al): null
05-24 13:39:07.110 1528 8862 E UserRestrictionsUtils: Unknown restriction queried by uid 1000 (com.thundercomm.debugtools et al): null
05-24 13:39:07.111 1528 8862 E UserRestrictionsUtils: Unknown restriction queried by uid 1000 (com.thundercomm.debugtools et al): null
05-24 13:39:07.454 0 0 I : [10518.844691] read descriptors
05-24 13:39:07.454 0 0 I : [10518.844831] read strings
05-24 13:39:08.471 0 0 I : [10519.860888] read descriptors
05-24 13:39:08.471 0 0 I : [10519.861086] read strings
05-24 13:39:09.490 0 0 I : [10520.880637] read descriptors
05-24 13:39:09.490 0 0 I : [10520.880775] read strings
05-24 13:39:10.506 0 0 I : [10521.896776] read descriptors
05-24 13:39:10.506 0 0 I : [10521.896949] read strings
05-24 13:39:11.550 0 0 I : [10522.940491] read descriptors
05-24 13:39:11.550 0 0 I : [10522.940586] read strings
05-24 13:39:12.574 0 0 I : [10523.964824] read descriptors
05-24 13:39:12.574 0 0 I : [10523.965026] read strings
05-24 13:39:13.602 0 0 I : [10524.992944] read descriptors
05-24 13:39:13.602 0 0 I : [10524.993074] read strings
05-24 13:39:14.623 0 0 I : [10526.012881] read descriptors
05-24 13:39:14.623 0 0 I : [10526.013082] read strings
