05-24 14:00:08.836 1528 1663 I DreamManagerService: Performing gentle wake from dream.
05-24 14:00:08.836 1528 1694 I PowerManagerService: Powering on display group fromDreaming (groupId=0, uid=1000, reason=WAKE_REASON_UNKNOWN, details=android.server.power:DREAM_FINISHED)...
05-24 14:00:08.836 1528 1694 I PowerManagerService: Waking up from Dreaming (uid=1000, reason=WAKE_REASON_UNKNOWN, details=android.server.power:DREAM_FINISHED)...
05-24 14:00:08.840 1528 15317 I ActivityTaskManager: FOREGROUND_APPLICATION_CHANGED to com.android.settings.homepage.SettingsHomepageActivity
05-24 14:00:08.898 0 0 I : [11780.384229] read descriptors
05-24 14:00:08.898 0 0 I : [11780.384256] read strings
05-24 14:00:08.951 0 0 W [11780.437444] audit: audit_lost=10443 audit_rate_limit=5 audit_backlog_limit=64
05-24 14:00:08.951 0 0 E [11780.437448] audit: rate limit exceeded
05-24 14:00:08.961 1528 7362 I PowerManagerService: Napping display group (groupId=0, uid=1000)...
05-24 14:00:08.961 1528 7362 I PowerManagerService: Nap time (uid 1000)...
05-24 14:00:08.962 1528 1694 I DreamManagerService: Leaving dreamland.
05-24 14:00:08.962 1528 1694 I DreamManagerService: Entering dreamland.
05-24 14:00:08.963 1528 1663 I DreamManagerService: Performing gentle wake from dream.
05-24 14:00:08.963 1528 1663 I DreamController: Stopping dream: name=ComponentInfo{com.thundercomm.screensaver/com.thundercomm.screensaver.service.SystemDream}, isTest=false, canDoze=false, userId=0, reason='starting new dream'(from 'request awaken')
05-24 14:00:08.963 1528 1694 I PowerManagerService: Dreaming...
05-24 14:00:08.965 1528 1663 I DreamController: Starting dream: name=ComponentInfo{com.thundercomm.screensaver/com.thundercomm.screensaver.service.SystemDream}, isTest=false, canDoze=false, userId=0
05-24 14:00:08.968 1528 7362 I ActivityTaskManager: START u0 {flg=0x10000000 pkg=com.thundercomm.screensaver cmp=com.thundercomm.screensaver/android.service.dreams.DreamActivity (has extras)} from uid 10042
05-24 14:00:08.973 1528 10039 I ActivityTaskManager: FOREGROUND_APPLICATION_CHANGED to android.service.dreams.DreamActivity
05-24 14:00:08.974 1528 10039 I ActivityTaskManager: The Process com.thundercomm.screensaver Already Exists in BG. So sending its PID: 13872
05-24 14:00:08.974 1528 10039 W ActivityTaskManager: Tried to set launchTime (0) < mLastActivityLaunchTime (11780201)
05-24 14:00:08.982 1528 10039 W WindowManager: Failed looking up window session=Session{a666445 13872:u0a10042} callers=com.android.server.wm.WindowManagerService.windowForClientLocked:5628 com.android.server.wm.Session.insetsModified:629 android.view.IWindowSession$Stub.onTransact:1151
05-24 14:00:08.996 1528 1667 I WindowManager: Queue is too deep! Purged item with taskid=11
05-24 14:00:09.069 1528 10045 I DreamManagerService: Gently waking up from dream.
05-24 14:00:09.071 1528 1694 I PowerManagerService: Powering on display group fromDreaming (groupId=0, uid=1000, reason=WAKE_REASON_UNKNOWN, details=android.server.power:DREAM_FINISHED)...
05-24 14:00:09.071 1528 1663 I DreamManagerService: Performing gentle wake from dream.
05-24 14:00:09.071 1528 1694 I PowerManagerService: Waking up from Dreaming (uid=1000, reason=WAKE_REASON_UNKNOWN, details=android.server.power:DREAM_FINISHED)...
05-24 14:00:09.076 1528 7362 I ActivityTaskManager: FOREGROUND_APPLICATION_CHANGED to com.android.settings.homepage.SettingsHomepageActivity
05-24 14:00:09.196 1528 5562 I PowerManagerService: Napping display group (groupId=0, uid=1000)...
05-24 14:00:09.197 1528 5562 I PowerManagerService: Nap time (uid 1000)...
05-24 14:00:09.197 1528 1694 I DreamManagerService: Leaving dreamland.
05-24 14:00:09.199 1528 1694 I DreamManagerService: Entering dreamland.
05-24 14:00:09.199 1528 1663 I DreamManagerService: Performing gentle wake from dream.
05-24 14:00:09.199 1528 1663 I DreamController: Stopping dream: name=ComponentInfo{com.thundercomm.screensaver/com.thundercomm.screensaver.service.SystemDream}, isTest=false, canDoze=false, userId=0, reason='starting new dream'(from 'request awaken')
05-24 14:00:09.199 1528 1694 I PowerManagerService: Dreaming...
05-24 14:00:09.200 1528 1663 I DreamController: Starting dream: name=ComponentInfo{com.thundercomm.screensaver/com.thundercomm.screensaver.service.SystemDream}, isTest=false, canDoze=false, userId=0
05-24 14:00:09.203 1528 7568 I ActivityTaskManager: START u0 {flg=0x10000000 pkg=com.thundercomm.screensaver cmp=com.thundercomm.screensaver/android.service.dreams.DreamActivity (has extras)} from uid 10042
05-24 14:00:09.209 1528 5562 I ActivityTaskManager: FOREGROUND_APPLICATION_CHANGED to android.service.dreams.DreamActivity
05-24 14:00:09.209 1528 5562 I ActivityTaskManager: The Process com.thundercomm.screensaver Already Exists in BG. So sending its PID: 13872
05-24 14:00:09.209 1528 5562 W ActivityTaskManager: Tried to set launchTime (0) < mLastActivityLaunchTime (11780460)
05-24 14:00:09.217 1528 7568 W WindowManager: Failed looking up window session=Session{a666445 13872:u0a10042} callers=com.android.server.wm.WindowManagerService.windowForClientLocked:5628 com.android.server.wm.Session.insetsModified:629 android.view.IWindowSession$Stub.onTransact:1151
05-24 14:00:09.239 1528 1667 I WindowManager: Queue is too deep! Purged item with taskid=11
05-24 14:00:09.307 1528 7568 I DreamManagerService: Gently waking up from dream.
05-24 14:00:09.307 1528 1663 I DreamManagerService: Performing gentle wake from dream.
05-24 14:00:09.307 1528 1694 I PowerManagerService: Powering on display group fromDreaming (groupId=0, uid=1000, reason=WAKE_REASON_UNKNOWN, details=android.server.power:DREAM_FINISHED)...
05-24 14:00:09.307 1528 1694 I PowerManagerService: Waking up from Dreaming (uid=1000, reason=WAKE_REASON_UNKNOWN, details=android.server.power:DREAM_FINISHED)...
05-24 14:00:09.312 1528 7568 I ActivityTaskManager: FOREGROUND_APPLICATION_CHANGED to com.android.settings.homepage.SettingsHomepageActivity
05-24 14:00:09.436 1528 7362 I PowerManagerService: Napping display group (groupId=0, uid=1000)...
05-24 14:00:09.436 1528 7362 I PowerManagerService: Nap time (uid 1000)...
05-24 14:00:09.436 1528 1694 I DreamManagerService: Leaving dreamland.
05-24 14:00:09.437 1528 1694 I DreamManagerService: Entering dreamland.
05-24 14:00:09.437 1528 1663 I DreamManagerService: Performing gentle wake from dream.
05-24 14:00:09.437 1528 1663 I DreamController: Stopping dream: name=ComponentInfo{com.thundercomm.screensaver/com.thundercomm.screensaver.service.SystemDream}, isTest=false, canDoze=false, userId=0, reason='starting new dream'(from 'request awaken')
05-24 14:00:09.438 1528 1694 I PowerManagerService: Dreaming...
05-24 14:00:09.439 1528 1663 I DreamController: Starting dream: name=ComponentInfo{com.thundercomm.screensaver/com.thundercomm.screensaver.service.SystemDream}, isTest=false, canDoze=false, userId=0
05-24 14:00:09.442 1528 7568 I ActivityTaskManager: START u0 {flg=0x10000000 pkg=com.thundercomm.screensaver cmp=com.thundercomm.screensaver/android.service.dreams.DreamActivity (has extras)} from uid 10042
05-24 14:00:09.448 1528 7568 I ActivityTaskManager: FOREGROUND_APPLICATION_CHANGED to android.service.dreams.DreamActivity
05-24 14:00:09.448 1528 7568 I ActivityTaskManager: The Process com.thundercomm.screensaver Already Exists in BG. So sending its PID: 13872
05-24 14:00:09.448 1528 7568 W ActivityTaskManager: Tried to set launchTime (0) < mLastActivityLaunchTime (11780696)
05-24 14:00:09.455 1528 10045 W WindowManager: Failed looking up window session=Session{a666445 13872:u0a10042} callers=com.android.server.wm.WindowManagerService.windowForClientLocked:5628 com.android.server.wm.Session.insetsModified:629 android.view.IWindowSession$Stub.onTransact:1151
05-24 14:00:09.473 1528 1667 I WindowManager: Queue is too deep! Purged item with taskid=11
05-24 14:00:09.564 1528 7568 I DreamManagerService: Gently waking up from dream.
05-24 14:00:09.565 1528 1663 I DreamManagerService: Performing gentle wake from dream.
05-24 14:00:09.565 1528 1694 I PowerManagerService: Powering on display group fromDreaming (groupId=0, uid=1000, reason=WAKE_REASON_UNKNOWN, details=android.server.power:DREAM_FINISHED)...
05-24 14:00:09.565 1528 1694 I PowerManagerService: Waking up from Dreaming (uid=1000, reason=WAKE_REASON_UNKNOWN, details=android.server.power:DREAM_FINISHED)...
05-24 14:00:09.569 1528 7568 I ActivityTaskManager: FOREGROUND_APPLICATION_CHANGED to com.android.settings.homepage.SettingsHomepageActivity
05-24 14:00:09.675 1528 10045 I PowerManagerService: Napping display group (groupId=0, uid=1000)...
05-24 14:00:09.675 1528 10045 I PowerManagerService: Nap time (uid 1000)...
05-24 14:00:09.677 1528 1694 I DreamManagerService: Leaving dreamland.
05-24 14:00:09.677 1528 1694 I DreamManagerService: Entering dreamland.
05-24 14:00:09.678 1528 1663 I DreamManagerService: Performing gentle wake from dream.
05-24 14:00:09.678 1528 1663 I DreamController: Stopping dream: name=ComponentInfo{com.thundercomm.screensaver/com.thundercomm.screensaver.service.SystemDream}, isTest=false, canDoze=false, userId=0, reason='starting new dream'(from 'request awaken')
05-24 14:00:09.678 1528 1694 I PowerManagerService: Dreaming...
05-24 14:00:09.680 1528 1663 I DreamController: Starting dream: name=ComponentInfo{com.thundercomm.screensaver/com.thundercomm.screensaver.service.SystemDream}, isTest=false, canDoze=false, userId=0
05-24 14:00:09.683 1528 10045 I ActivityTaskManager: START u0 {flg=0x10000000 pkg=com.thundercomm.screensaver cmp=com.thundercomm.screensaver/android.service.dreams.DreamActivity (has extras)} from uid 10042
05-24 14:00:09.689 1528 7568 I ActivityTaskManager: FOREGROUND_APPLICATION_CHANGED to android.service.dreams.DreamActivity
05-24 14:00:09.689 1528 7568 I ActivityTaskManager: The Process com.thundercomm.screensaver Already Exists in BG. So sending its PID: 13872
05-24 14:00:09.689 1528 7568 W ActivityTaskManager: Tried to set launchTime (0) < mLastActivityLaunchTime (11780934)
05-24 14:00:09.711 1528 1667 I WindowManager: Queue is too deep! Purged item with taskid=11
05-24 14:00:09.800 1528 7568 I DreamManagerService: Gently waking up from dream.
05-24 14:00:09.800 1528 1663 I DreamManagerService: Performing gentle wake from dream.
05-24 14:00:09.801 1528 1694 I PowerManagerService: Powering on display group fromDreaming (groupId=0, uid=1000, reason=WAKE_REASON_UNKNOWN, details=android.server.power:DREAM_FINISHED)...
05-24 14:00:09.801 1528 1694 I PowerManagerService: Waking up from Dreaming (uid=1000, reason=WAKE_REASON_UNKNOWN, details=android.server.power:DREAM_FINISHED)...
05-24 14:00:09.806 1528 10045 I ActivityTaskManager: FOREGROUND_APPLICATION_CHANGED to com.android.settings.homepage.SettingsHomepageActivity
05-24 14:00:09.916 1528 5562 I PowerManagerService: Napping display group (groupId=0, uid=1000)...
05-24 14:00:09.916 1528 5562 I PowerManagerService: Nap time (uid 1000)...
05-24 14:00:09.916 1528 1694 I DreamManagerService: Leaving dreamland.
05-24 14:00:09.918 1528 1694 I DreamManagerService: Entering dreamland.
05-24 14:00:09.918 1528 1663 I DreamManagerService: Performing gentle wake from dream.
05-24 14:00:09.918 1528 1663 I DreamController: Stopping dream: name=ComponentInfo{com.thundercomm.screensaver/com.thundercomm.screensaver.service.SystemDream}, isTest=false, canDoze=false, userId=0, reason='starting new dream'(from 'request awaken')
05-24 14:00:09.918 0 0 I : [11781.404458] read descriptors
05-24 14:00:09.918 1528 1694 I PowerManagerService: Dreaming...
05-24 14:00:09.919 0 0 I : [11781.404481] read strings
05-24 14:00:09.920 1528 1663 I DreamController: Starting dream: name=ComponentInfo{com.thundercomm.screensaver/com.thundercomm.screensaver.service.SystemDream}, isTest=false, canDoze=false, userId=0
05-24 14:00:09.923 1528 5562 I ActivityTaskManager: START u0 {flg=0x10000000 pkg=com.thundercomm.screensaver cmp=com.thundercomm.screensaver/android.service.dreams.DreamActivity (has extras)} from uid 10042
05-24 14:00:09.929 1528 15317 I ActivityTaskManager: FOREGROUND_APPLICATION_CHANGED to android.service.dreams.DreamActivity
05-24 14:00:09.929 1528 15317 I ActivityTaskManager: The Process com.thundercomm.screensaver Already Exists in BG. So sending its PID: 13872
05-24 14:00:09.929 1528 15317 W ActivityTaskManager: Tried to set launchTime (0) < mLastActivityLaunchTime (11781176)
05-24 14:00:09.937 1528 5562 W WindowManager: Failed looking up window session=Session{a666445 13872:u0a10042} callers=com.android.server.wm.WindowManagerService.windowForClientLocked:5628 com.android.server.wm.Session.insetsModified:629 android.view.IWindowSession$Stub.onTransact:1151
05-24 14:00:09.965 1528 1667 I WindowManager: Queue is too deep! Purged item with taskid=11
05-24 14:00:09.990 0 0 W [11781.475705] audit: audit_lost=10543 audit_rate_limit=5 audit_backlog_limit=64
05-24 14:00:09.990 0 0 E [11781.475709] audit: rate limit exceeded
05-24 14:00:10.046 1528 15317 I DreamManagerService: Gently waking up from dream.
05-24 14:00:10.046 1528 1694 I PowerManagerService: Powering on display group fromDreaming (groupId=0, uid=1000, reason=WAKE_REASON_UNKNOWN, details=android.server.power:DREAM_FINISHED)...
05-24 14:00:10.046 1528 1694 I PowerManagerService: Waking up from Dreaming (uid=1000, reason=WAKE_REASON_UNKNOWN, details=android.server.power:DREAM_FINISHED)...
05-24 14:00:10.046 1528 1663 I DreamManagerService: Performing gentle wake from dream.
05-24 14:00:10.052 1528 10045 I ActivityTaskManager: FOREGROUND_APPLICATION_CHANGED to com.android.settings.homepage.SettingsHomepageActivity
05-24 14:00:10.204 1528 7568 I PowerManagerService: Napping display group (groupId=0, uid=1000)...
05-24 14:00:10.204 1528 7568 I PowerManagerService: Nap time (uid 1000)...
05-24 14:00:10.204 1528 1694 I DreamManagerService: Leaving dreamland.
05-24 14:00:10.204 1528 1694 I DreamManagerService: Entering dreamland.
05-24 14:00:10.204 1528 1663 I DreamManagerService: Performing gentle wake from dream.
05-24 14:00:10.204 1528 1663 I DreamController: Stopping dream: name=ComponentInfo{com.thundercomm.screensaver/com.thundercomm.screensaver.service.SystemDream}, isTest=false, canDoze=false, userId=0, reason='starting new dream'(from 'request awaken')
05-24 14:00:10.206 1528 1694 I PowerManagerService: Dreaming...
05-24 14:00:10.206 1528 1663 I DreamController: Starting dream: name=ComponentInfo{com.thundercomm.screensaver/com.thundercomm.screensaver.service.SystemDream}, isTest=false, canDoze=false, userId=0
05-24 14:00:10.210 1528 10045 I ActivityTaskManager: START u0 {flg=0x10000000 pkg=com.thundercomm.screensaver cmp=com.thundercomm.screensaver/android.service.dreams.DreamActivity (has extras)} from uid 10042
05-24 14:00:10.216 1528 15317 I ActivityTaskManager: FOREGROUND_APPLICATION_CHANGED to android.service.dreams.DreamActivity
05-24 14:00:10.216 1528 15317 I ActivityTaskManager: The Process com.thundercomm.screensaver Already Exists in BG. So sending its PID: 13872
05-24 14:00:10.217 1528 15317 W ActivityTaskManager: Tried to set launchTime (0) < mLastActivityLaunchTime (11781416)
05-24 14:00:10.223 1528 5562 W WindowManager: Failed looking up window session=Session{a666445 13872:u0a10042} callers=com.android.server.wm.WindowManagerService.windowForClientLocked:5628 com.android.server.wm.Session.insetsModified:629 android.view.IWindowSession$Stub.onTransact:1151
05-24 14:00:10.249 1528 1667 I WindowManager: Queue is too deep! Purged item with taskid=11
05-24 14:00:10.292 1528 5562 I DreamManagerService: Gently waking up from dream.
05-24 14:00:10.292 1528 1694 I PowerManagerService: Powering on display group fromDreaming (groupId=0, uid=1000, reason=WAKE_REASON_UNKNOWN, details=android.server.power:DREAM_FINISHED)...
05-24 14:00:10.292 1528 1663 I DreamManagerService: Performing gentle wake from dream.
05-24 14:00:10.292 1528 1694 I PowerManagerService: Waking up from Dreaming (uid=1000, reason=WAKE_REASON_UNKNOWN, details=android.server.power:DREAM_FINISHED)...
05-24 14:00:10.296 1528 7568 I ActivityTaskManager: FOREGROUND_APPLICATION_CHANGED to com.android.settings.homepage.SettingsHomepageActivity
05-24 14:00:10.417 1528 5562 I PowerManagerService: Napping display group (groupId=0, uid=1000)...
05-24 14:00:10.417 1528 5562 I PowerManagerService: Nap time (uid 1000)...
05-24 14:00:10.418 1528 1694 I DreamManagerService: Leaving dreamland.
05-24 14:00:10.420 1528 1694 I DreamManagerService: Entering dreamland.
05-24 14:00:10.420 1528 1663 I DreamManagerService: Performing gentle wake from dream.
05-24 14:00:10.420 1528 1663 I DreamController: Stopping dream: name=ComponentInfo{com.thundercomm.screensaver/com.thundercomm.screensaver.service.SystemDream}, isTest=false, canDoze=false, userId=0, reason='starting new dream'(from 'request awaken')
05-24 14:00:10.420 1528 1694 I PowerManagerService: Dreaming...
05-24 14:00:10.421 1528 1663 I DreamController: Starting dream: name=ComponentInfo{com.thundercomm.screensaver/com.thundercomm.screensaver.service.SystemDream}, isTest=false, canDoze=false, userId=0
05-24 14:00:10.424 1528 5562 I ActivityTaskManager: START u0 {flg=0x10000000 pkg=com.thundercomm.screensaver cmp=com.thundercomm.screensaver/android.service.dreams.DreamActivity (has extras)} from uid 10042
05-24 14:00:10.430 1528 5562 I ActivityTaskManager: FOREGROUND_APPLICATION_CHANGED to android.service.dreams.DreamActivity
05-24 14:00:10.430 1528 5562 I ActivityTaskManager: The Process com.thundercomm.screensaver Already Exists in BG. So sending its PID: 13872
05-24 14:00:10.431 1528 5562 W ActivityTaskManager: Tried to set launchTime (0) < mLastActivityLaunchTime (11781703)
05-24 14:00:10.438 1528 5562 W WindowManager: Failed looking up window session=Session{a666445 13872:u0a10042} callers=com.android.server.wm.WindowManagerService.windowForClientLocked:5628 com.android.server.wm.Session.insetsModified:629 android.view.IWindowSession$Stub.onTransact:1151
05-24 14:00:10.463 1528 1667 I WindowManager: Queue is too deep! Purged item with taskid=11
05-24 14:00:10.550 1528 5562 I DreamManagerService: Gently waking up from dream.
05-24 14:00:10.551 1528 1694 I PowerManagerService: Powering on display group fromDreaming (groupId=0, uid=1000, reason=WAKE_REASON_UNKNOWN, details=android.server.power:DREAM_FINISHED)...
05-24 14:00:10.551 1528 1663 I DreamManagerService: Performing gentle wake from dream.
05-24 14:00:10.551 1528 1694 I PowerManagerService: Waking up from Dreaming (uid=1000, reason=WAKE_REASON_UNKNOWN, details=android.server.power:DREAM_FINISHED)...
05-24 14:00:10.556 1528 7568 I ActivityTaskManager: FOREGROUND_APPLICATION_CHANGED to com.android.settings.homepage.SettingsHomepageActivity
05-24 14:00:10.663 1528 15317 I PowerManagerService: Napping display group (groupId=0, uid=1000)...
05-24 14:00:10.663 1528 15317 I PowerManagerService: Nap time (uid 1000)...
05-24 14:00:10.664 1528 1694 I DreamManagerService: Leaving dreamland.
05-24 14:00:10.667 1528 1694 I DreamManagerService: Entering dreamland.
05-24 14:00:10.667 1528 1663 I DreamManagerService: Performing gentle wake from dream.
05-24 14:00:10.667 1528 1663 I DreamController: Stopping dream: name=ComponentInfo{com.thundercomm.screensaver/com.thundercomm.screensaver.service.SystemDream}, isTest=false, canDoze=false, userId=0, reason='starting new dream'(from 'request awaken')
05-24 14:00:10.667 1528 1694 I PowerManagerService: Dreaming...
05-24 14:00:10.669 1528 1663 I DreamController: Starting dream: name=ComponentInfo{com.thundercomm.screensaver/com.thundercomm.screensaver.service.SystemDream}, isTest=false, canDoze=false, userId=0
05-24 14:00:10.672 1528 15317 I ActivityTaskManager: START u0 {flg=0x10000000 pkg=com.thundercomm.screensaver cmp=com.thundercomm.screensaver/android.service.dreams.DreamActivity (has extras)} from uid 10042
05-24 14:00:10.678 1528 5562 I ActivityTaskManager: FOREGROUND_APPLICATION_CHANGED to android.service.dreams.DreamActivity
05-24 14:00:10.678 1528 5562 I ActivityTaskManager: The Process com.thundercomm.screensaver Already Exists in BG. So sending its PID: 13872
05-24 14:00:10.678 1528 5562 W ActivityTaskManager: Tried to set launchTime (0) < mLastActivityLaunchTime (11781917)
05-24 14:00:10.686 1528 10045 W WindowManager: Failed looking up window session=Session{a666445 13872:u0a10042} callers=com.android.server.wm.WindowManagerService.windowForClientLocked:5628 com.android.server.wm.Session.insetsModified:629 android.view.IWindowSession$Stub.onTransact:1151
05-24 14:00:10.714 1528 1666 I WindowManager: Queue is too deep! Purged item with taskid=11
05-24 14:00:10.787 1528 15317 I DreamManagerService: Gently waking up from dream.
05-24 14:00:10.787 1528 1663 I DreamManagerService: Performing gentle wake from dream.
05-24 14:00:10.787 1528 1694 I PowerManagerService: Powering on display group fromDreaming (groupId=0, uid=1000, reason=WAKE_REASON_UNKNOWN, details=android.server.power:DREAM_FINISHED)...
05-24 14:00:10.787 1528 1694 I PowerManagerService: Waking up from Dreaming (uid=1000, reason=WAKE_REASON_UNKNOWN, details=android.server.power:DREAM_FINISHED)...
05-24 14:00:10.792 1528 15317 I ActivityTaskManager: FOREGROUND_APPLICATION_CHANGED to com.android.settings.homepage.SettingsHomepageActivity
05-24 14:00:10.920 1528 15317 I PowerManagerService: Napping display group (groupId=0, uid=1000)...
05-24 14:00:10.920 1528 15317 I PowerManagerService: Nap time (uid 1000)...
05-24 14:00:10.921 1528 1694 I DreamManagerService: Leaving dreamland.
05-24 14:00:10.923 1528 1694 I DreamManagerService: Entering dreamland.
05-24 14:00:10.923 1528 1663 I DreamManagerService: Performing gentle wake from dream.
05-24 14:00:10.923 1528 1663 I DreamController: Stopping dream: name=ComponentInfo{com.thundercomm.screensaver/com.thundercomm.screensaver.service.SystemDream}, isTest=false, canDoze=false, userId=0, reason='starting new dream'(from 'request awaken')
05-24 14:00:10.923 1528 1694 I PowerManagerService: Dreaming...
05-24 14:00:10.924 1528 1663 I DreamController: Starting dream: name=ComponentInfo{com.thundercomm.screensaver/com.thundercomm.screensaver.service.SystemDream}, isTest=false, canDoze=false, userId=0
05-24 14:00:10.927 1528 15317 I ActivityTaskManager: START u0 {flg=0x10000000 pkg=com.thundercomm.screensaver cmp=com.thundercomm.screensaver/android.service.dreams.DreamActivity (has extras)} from uid 10042
05-24 14:00:10.933 1528 7568 I ActivityTaskManager: FOREGROUND_APPLICATION_CHANGED to android.service.dreams.DreamActivity
05-24 14:00:10.934 1528 7568 I ActivityTaskManager: The Process com.thundercomm.screensaver Already Exists in BG. So sending its PID: 13872
05-24 14:00:10.934 1528 7568 W ActivityTaskManager: Tried to set launchTime (0) < mLastActivityLaunchTime (11782165)
05-24 14:00:10.943 1528 10039 W WindowManager: Failed looking up window session=Session{a666445 13872:u0a10042} callers=com.android.server.wm.WindowManagerService.windowForClientLocked:5628 com.android.server.wm.Session.insetsModified:629 android.view.IWindowSession$Stub.onTransact:1151
05-24 14:00:10.944 0 0 I : [11782.428322] read descriptors
05-24 14:00:10.945 0 0 I : [11782.428347] read strings
05-24 14:00:10.961 1528 1667 I WindowManager: Queue is too deep! Purged item with taskid=11
05-24 14:00:11.102 1528 15317 I DreamManagerService: Gently waking up from dream.
05-24 14:00:11.103 1528 1663 I DreamManagerService: Performing gentle wake from dream.
05-24 14:00:11.103 1528 1694 I PowerManagerService: Powering on display group fromDreaming (groupId=0, uid=1000, reason=WAKE_REASON_UNKNOWN, details=android.server.power:DREAM_FINISHED)...
05-24 14:00:11.103 1528 1694 I PowerManagerService: Waking up from Dreaming (uid=1000, reason=WAKE_REASON_UNKNOWN, details=android.server.power:DREAM_FINISHED)...
05-24 14:00:11.108 1528 7568 I ActivityTaskManager: FOREGROUND_APPLICATION_CHANGED to com.android.settings.homepage.SettingsHomepageActivity
05-24 14:00:11.142 0 0 W [11782.625405] audit: audit_lost=10655 audit_rate_limit=5 audit_backlog_limit=64
05-24 14:00:11.142 0 0 E [11782.625409] audit: rate limit exceeded
05-24 14:00:11.171 1528 15317 I PowerManagerService: Napping display group (groupId=0, uid=1000)...
05-24 14:00:11.171 1528 15317 I PowerManagerService: Nap time (uid 1000)...
05-24 14:00:11.172 1528 1694 I DreamManagerService: Leaving dreamland.
05-24 14:00:11.172 1528 1694 I DreamManagerService: Entering dreamland.
05-24 14:00:11.172 1528 1663 I DreamManagerService: Performing gentle wake from dream.
05-24 14:00:11.172 1528 1694 I PowerManagerService: Dreaming...
05-24 14:00:11.172 1528 1663 I DreamController: Stopping dream: name=ComponentInfo{com.thundercomm.screensaver/com.thundercomm.screensaver.service.SystemDream}, isTest=false, canDoze=false, userId=0, reason='starting new dream'(from 'request awaken')
05-24 14:00:11.174 1528 1663 I DreamController: Starting dream: name=ComponentInfo{com.thundercomm.screensaver/com.thundercomm.screensaver.service.SystemDream}, isTest=false, canDoze=false, userId=0
05-24 14:00:11.177 1528 15317 I ActivityTaskManager: START u0 {flg=0x10000000 pkg=com.thundercomm.screensaver cmp=com.thundercomm.screensaver/android.service.dreams.DreamActivity (has extras)} from uid 10042
05-24 14:00:11.183 1528 7362 I ActivityTaskManager: FOREGROUND_APPLICATION_CHANGED to android.service.dreams.DreamActivity
05-24 14:00:11.183 1528 7362 I ActivityTaskManager: The Process com.thundercomm.screensaver Already Exists in BG. So sending its PID: 13872
05-24 14:00:11.183 1528 7362 W ActivityTaskManager: Tried to set launchTime (0) < mLastActivityLaunchTime (11782421)
05-24 14:00:11.192 1528 15317 W WindowManager: Failed looking up window session=Session{a666445 13872:u0a10042} callers=com.android.server.wm.WindowManagerService.windowForClientLocked:5628 com.android.server.wm.Session.insetsModified:629 android.view.IWindowSession$Stub.onTransact:1151
05-24 14:00:11.217 1528 1667 I WindowManager: Queue is too deep! Purged item with taskid=11
05-24 14:00:11.284 1528 7362 I DreamManagerService: Gently waking up from dream.
05-24 14:00:11.284 1528 1663 I DreamManagerService: Performing gentle wake from dream.
05-24 14:00:11.284 1528 1694 I PowerManagerService: Powering on display group fromDreaming (groupId=0, uid=1000, reason=WAKE_REASON_UNKNOWN, details=android.server.power:DREAM_FINISHED)...
05-24 14:00:11.284 1528 1694 I PowerManagerService: Waking up from Dreaming (uid=1000, reason=WAKE_REASON_UNKNOWN, details=android.server.power:DREAM_FINISHED)...
05-24 14:00:11.291 1528 10039 I ActivityTaskManager: FOREGROUND_APPLICATION_CHANGED to com.android.settings.homepage.SettingsHomepageActivity
05-24 14:00:11.404 1528 10039 I PowerManagerService: Napping display group (groupId=0, uid=1000)...
05-24 14:00:11.404 1528 10039 I PowerManagerService: Nap time (uid 1000)...
05-24 14:00:11.404 1528 1694 I DreamManagerService: Leaving dreamland.
05-24 14:00:11.405 1528 1694 I DreamManagerService: Entering dreamland.
05-24 14:00:11.405 1528 1663 I DreamManagerService: Performing gentle wake from dream.
05-24 14:00:11.405 1528 1663 I DreamController: Stopping dream: name=ComponentInfo{com.thundercomm.screensaver/com.thundercomm.screensaver.service.SystemDream}, isTest=false, canDoze=false, userId=0, reason='starting new dream'(from 'request awaken')
05-24 14:00:11.405 1528 1694 I PowerManagerService: Dreaming...
05-24 14:00:11.406 1528 1663 I DreamController: Starting dream: name=ComponentInfo{com.thundercomm.screensaver/com.thundercomm.screensaver.service.SystemDream}, isTest=false, canDoze=false, userId=0
05-24 14:00:11.409 1528 7568 I ActivityTaskManager: START u0 {flg=0x10000000 pkg=com.thundercomm.screensaver cmp=com.thundercomm.screensaver/android.service.dreams.DreamActivity (has extras)} from uid 10042
05-24 14:00:11.415 1528 15317 I ActivityTaskManager: FOREGROUND_APPLICATION_CHANGED to android.service.dreams.DreamActivity
05-24 14:00:11.415 1528 15317 I ActivityTaskManager: The Process com.thundercomm.screensaver Already Exists in BG. So sending its PID: 13872
05-24 14:00:11.416 1528 15317 W ActivityTaskManager: Tried to set launchTime (0) < mLastActivityLaunchTime (11782670)
05-24 14:00:11.424 1528 10039 W WindowManager: Failed looking up window session=Session{a666445 13872:u0a10042} callers=com.android.server.wm.WindowManagerService.windowForClientLocked:5628 com.android.server.wm.Session.insetsModified:629 android.view.IWindowSession$Stub.onTransact:1151
05-24 14:00:11.446 1528 1667 I WindowManager: Queue is too deep! Purged item with taskid=11
05-24 14:00:11.530 1528 7568 I DreamManagerService: Gently waking up from dream.
05-24 14:00:11.530 1528 1663 I DreamManagerService: Performing gentle wake from dream.
05-24 14:00:11.530 1528 1694 I PowerManagerService: Powering on display group fromDreaming (groupId=0, uid=1000, reason=WAKE_REASON_UNKNOWN, details=android.server.power:DREAM_FINISHED)...
05-24 14:00:11.530 1528 1694 I PowerManagerService: Waking up from Dreaming (uid=1000, reason=WAKE_REASON_UNKNOWN, details=android.server.power:DREAM_FINISHED)...
05-24 14:00:11.536 1528 7568 I ActivityTaskManager: FOREGROUND_APPLICATION_CHANGED to com.android.settings.homepage.SettingsHomepageActivity
05-24 14:00:11.646 1528 15317 I PowerManagerService: Napping display group (groupId=0, uid=1000)...
05-24 14:00:11.646 1528 15317 I PowerManagerService: Nap time (uid 1000)...
05-24 14:00:11.646 1528 1694 I DreamManagerService: Leaving dreamland.
05-24 14:00:11.646 1528 1694 I DreamManagerService: Entering dreamland.
05-24 14:00:11.647 1528 1694 I PowerManagerService: Dreaming...
05-24 14:00:11.648 1528 1663 I DreamManagerService: Performing gentle wake from dream.
05-24 14:00:11.648 1528 1663 I DreamController: Stopping dream: name=ComponentInfo{com.thundercomm.screensaver/com.thundercomm.screensaver.service.SystemDream}, isTest=false, canDoze=false, userId=0, reason='starting new dream'(from 'request awaken')
05-24 14:00:11.649 1528 1663 I DreamController: Starting dream: name=ComponentInfo{com.thundercomm.screensaver/com.thundercomm.screensaver.service.SystemDream}, isTest=false, canDoze=false, userId=0
05-24 14:00:11.655 1528 15317 I ActivityTaskManager: START u0 {flg=0x10000000 pkg=com.thundercomm.screensaver cmp=com.thundercomm.screensaver/android.service.dreams.DreamActivity (has extras)} from uid 10042
05-24 14:00:11.661 1528 7362 I ActivityTaskManager: FOREGROUND_APPLICATION_CHANGED to android.service.dreams.DreamActivity
05-24 14:00:11.661 1528 7362 I ActivityTaskManager: The Process com.thundercomm.screensaver Already Exists in BG. So sending its PID: 13872
05-24 14:00:11.661 1528 7362 W ActivityTaskManager: Tried to set launchTime (0) < mLastActivityLaunchTime (11782902)
05-24 14:00:11.670 1528 10039 W WindowManager: Failed looking up window session=Session{a666445 13872:u0a10042} callers=com.android.server.wm.WindowManagerService.windowForClientLocked:5628 com.android.server.wm.Session.insetsModified:629 android.view.IWindowSession$Stub.onTransact:1151
05-24 14:00:11.698 1528 1667 I WindowManager: Queue is too deep! Purged item with taskid=11
05-24 14:00:11.817 1528 10045 I DreamManagerService: Gently waking up from dream.
05-24 14:00:11.818 1528 1663 I DreamManagerService: Performing gentle wake from dream.
05-24 14:00:11.818 1528 1694 I PowerManagerService: Powering on display group fromDreaming (groupId=0, uid=1000, reason=WAKE_REASON_UNKNOWN, details=android.server.power:DREAM_FINISHED)...
05-24 14:00:11.818 1528 1694 I PowerManagerService: Waking up from Dreaming (uid=1000, reason=WAKE_REASON_UNKNOWN, details=android.server.power:DREAM_FINISHED)...
05-24 14:00:11.822 1528 7362 I ActivityTaskManager: FOREGROUND_APPLICATION_CHANGED to com.android.settings.homepage.SettingsHomepageActivity
05-24 14:00:11.897 1528 10039 I PowerManagerService: Napping display group (groupId=0, uid=1000)...
05-24 14:00:11.897 1528 10039 I PowerManagerService: Nap time (uid 1000)...
05-24 14:00:11.897 1528 1694 I DreamManagerService: Leaving dreamland.
05-24 14:00:11.897 1528 1694 I DreamManagerService: Entering dreamland.
05-24 14:00:11.899 1528 1663 I DreamManagerService: Performing gentle wake from dream.
05-24 14:00:11.899 1528 1663 I DreamController: Stopping dream: name=ComponentInfo{com.thundercomm.screensaver/com.thundercomm.screensaver.service.SystemDream}, isTest=false, canDoze=false, userId=0, reason='starting new dream'(from 'request awaken')
05-24 14:00:11.899 1528 1694 I PowerManagerService: Dreaming...
05-24 14:00:11.900 1528 1663 I DreamController: Starting dream: name=ComponentInfo{com.thundercomm.screensaver/com.thundercomm.screensaver.service.SystemDream}, isTest=false, canDoze=false, userId=0
05-24 14:00:11.904 1528 10039 I ActivityTaskManager: START u0 {flg=0x10000000 pkg=com.thundercomm.screensaver cmp=com.thundercomm.screensaver/android.service.dreams.DreamActivity (has extras)} from uid 10042
05-24 14:00:11.911 1528 15317 I ActivityTaskManager: FOREGROUND_APPLICATION_CHANGED to android.service.dreams.DreamActivity
05-24 14:00:11.911 1528 15317 I ActivityTaskManager: The Process com.thundercomm.screensaver Already Exists in BG. So sending its PID: 13872
05-24 14:00:11.911 1528 15317 W ActivityTaskManager: Tried to set launchTime (0) < mLastActivityLaunchTime (11783148)
05-24 14:00:11.919 1528 10039 W WindowManager: Failed looking up window session=Session{a666445 13872:u0a10042} callers=com.android.server.wm.WindowManagerService.windowForClientLocked:5628 com.android.server.wm.Session.insetsModified:629 android.view.IWindowSession$Stub.onTransact:1151
05-24 14:00:11.954 1528 1667 I WindowManager: Queue is too deep! Purged item with taskid=11
05-24 14:00:11.978 0 0 I : [11783.464339] read descriptors
05-24 14:00:11.978 0 0 I : [11783.464365] read strings
05-24 14:00:12.022 1528 10045 I DreamManagerService: Gently waking up from dream.
05-24 14:00:12.022 1528 1663 I DreamManagerService: Performing gentle wake from dream.
05-24 14:00:12.022 1528 1694 I PowerManagerService: Powering on display group fromDreaming (groupId=0, uid=1000, reason=WAKE_REASON_UNKNOWN, details=android.server.power:DREAM_FINISHED)...
05-24 14:00:12.022 1528 1694 I PowerManagerService: Waking up from Dreaming (uid=1000, reason=WAKE_REASON_UNKNOWN, details=android.server.power:DREAM_FINISHED)...
05-24 14:00:12.029 1528 10039 I ActivityTaskManager: FOREGROUND_APPLICATION_CHANGED to com.android.settings.homepage.SettingsHomepageActivity
05-24 14:00:12.148 1528 15317 I PowerManagerService: Napping display group (groupId=0, uid=1000)...
05-24 14:00:12.148 1528 15317 I PowerManagerService: Nap time (uid 1000)...
05-24 14:00:12.148 1528 1694 I DreamManagerService: Leaving dreamland.
05-24 14:00:12.149 1528 1694 I DreamManagerService: Entering dreamland.
05-24 14:00:12.149 1528 1663 I DreamManagerService: Performing gentle wake from dream.
05-24 14:00:12.149 1528 1663 I DreamController: Stopping dream: name=ComponentInfo{com.thundercomm.screensaver/com.thundercomm.screensaver.service.SystemDream}, isTest=false, canDoze=false, userId=0, reason='starting new dream'(from 'request awaken')
05-24 14:00:12.149 1528 1694 I PowerManagerService: Dreaming...
05-24 14:00:12.152 1528 1663 I DreamController: Starting dream: name=ComponentInfo{com.thundercomm.screensaver/com.thundercomm.screensaver.service.SystemDream}, isTest=false, canDoze=false, userId=0
05-24 14:00:12.155 1528 15317 I ActivityTaskManager: START u0 {flg=0x10000000 pkg=com.thundercomm.screensaver cmp=com.thundercomm.screensaver/android.service.dreams.DreamActivity (has extras)} from uid 10042
05-24 14:00:12.161 1528 10039 I ActivityTaskManager: FOREGROUND_APPLICATION_CHANGED to android.service.dreams.DreamActivity
05-24 14:00:12.162 1528 10039 I ActivityTaskManager: The Process com.thundercomm.screensaver Already Exists in BG. So sending its PID: 13872
05-24 14:00:12.162 1528 10039 W ActivityTaskManager: Tried to set launchTime (0) < mLastActivityLaunchTime (11783398)
05-24 14:00:12.172 1528 10039 W WindowManager: Failed looking up window session=Session{a666445 13872:u0a10042} callers=com.android.server.wm.WindowManagerService.windowForClientLocked:5628 com.android.server.wm.Session.insetsModified:629 android.view.IWindowSession$Stub.onTransact:1151
05-24 14:00:12.205 1528 1667 I WindowManager: Queue is too deep! Purged item with taskid=11
05-24 14:00:12.230 0 0 W [11783.713631] audit: audit_lost=10768 audit_rate_limit=5 audit_backlog_limit=64
05-24 14:00:12.230 0 0 E [11783.713634] audit: rate limit exceeded
05-24 14:00:12.298 1528 15317 I DreamManagerService: Gently waking up from dream.
05-24 14:00:12.299 1528 1663 I DreamManagerService: Performing gentle wake from dream.
05-24 14:00:12.299 1528 1694 I PowerManagerService: Powering on display group fromDreaming (groupId=0, uid=1000, reason=WAKE_REASON_UNKNOWN, details=android.server.power:DREAM_FINISHED)...
05-24 14:00:12.299 1528 1694 I PowerManagerService: Waking up from Dreaming (uid=1000, reason=WAKE_REASON_UNKNOWN, details=android.server.power:DREAM_FINISHED)...
05-24 14:00:12.306 1528 15317 I ActivityTaskManager: FOREGROUND_APPLICATION_CHANGED to com.android.settings.homepage.SettingsHomepageActivity
05-24 14:00:12.400 1528 15317 I PowerManagerService: Napping display group (groupId=0, uid=1000)...
05-24 14:00:12.400 1528 15317 I PowerManagerService: Nap time (uid 1000)...
05-24 14:00:12.401 1528 1694 I DreamManagerService: Leaving dreamland.
05-24 14:00:12.401 1528 1694 I DreamManagerService: Entering dreamland.
05-24 14:00:12.401 1528 1663 I DreamManagerService: Performing gentle wake from dream.
05-24 14:00:12.401 1528 1663 I DreamController: Stopping dream: name=ComponentInfo{com.thundercomm.screensaver/com.thundercomm.screensaver.service.SystemDream}, isTest=false, canDoze=false, userId=0, reason='starting new dream'(from 'request awaken')
05-24 14:00:12.401 1528 1694 I PowerManagerService: Dreaming...
05-24 14:00:12.404 1528 1663 I DreamController: Starting dream: name=ComponentInfo{com.thundercomm.screensaver/com.thundercomm.screensaver.service.SystemDream}, isTest=false, canDoze=false, userId=0
05-24 14:00:12.407 1528 7362 I ActivityTaskManager: START u0 {flg=0x10000000 pkg=com.thundercomm.screensaver cmp=com.thundercomm.screensaver/android.service.dreams.DreamActivity (has extras)} from uid 10042
05-24 14:00:12.413 1528 10039 I ActivityTaskManager: FOREGROUND_APPLICATION_CHANGED to android.service.dreams.DreamActivity
05-24 14:00:12.414 1528 10039 I ActivityTaskManager: The Process com.thundercomm.screensaver Already Exists in BG. So sending its PID: 13872
05-24 14:00:12.414 1528 10039 W ActivityTaskManager: Tried to set launchTime (0) < mLastActivityLaunchTime (11783649)
05-24 14:00:12.423 1528 7568 W WindowManager: Failed looking up window session=Session{a666445 13872:u0a10042} callers=com.android.server.wm.WindowManagerService.windowForClientLocked:5628 com.android.server.wm.Session.insetsModified:629 android.view.IWindowSession$Stub.onTransact:1151
05-24 14:00:12.440 1528 1667 I WindowManager: Queue is too deep! Purged item with taskid=11
05-24 14:00:12.522 1528 7568 I DreamManagerService: Gently waking up from dream.
05-24 14:00:12.522 1528 1663 I DreamManagerService: Performing gentle wake from dream.
05-24 14:00:12.522 1528 1694 I PowerManagerService: Powering on display group fromDreaming (groupId=0, uid=1000, reason=WAKE_REASON_UNKNOWN, details=android.server.power:DREAM_FINISHED)...
05-24 14:00:12.522 1528 1694 I PowerManagerService: Waking up from Dreaming (uid=1000, reason=WAKE_REASON_UNKNOWN, details=android.server.power:DREAM_FINISHED)...
05-24 14:00:12.526 1528 10045 I ActivityTaskManager: FOREGROUND_APPLICATION_CHANGED to com.android.settings.homepage.SettingsHomepageActivity
05-24 14:00:12.647 1528 7568 I PowerManagerService: Napping display group (groupId=0, uid=1000)...
05-24 14:00:12.647 1528 7568 I PowerManagerService: Nap time (uid 1000)...
05-24 14:00:12.648 1528 1694 I DreamManagerService: Leaving dreamland.
05-24 14:00:12.648 1528 1694 I DreamManagerService: Entering dreamland.
05-24 14:00:12.648 1528 1663 I DreamManagerService: Performing gentle wake from dream.
05-24 14:00:12.648 1528 1663 I DreamController: Stopping dream: name=ComponentInfo{com.thundercomm.screensaver/com.thundercomm.screensaver.service.SystemDream}, isTest=false, canDoze=false, userId=0, reason='starting new dream'(from 'request awaken')
05-24 14:00:12.650 1528 1694 I PowerManagerService: Dreaming...
05-24 14:00:12.651 1528 1663 I DreamController: Starting dream: name=ComponentInfo{com.thundercomm.screensaver/com.thundercomm.screensaver.service.SystemDream}, isTest=false, canDoze=false, userId=0
05-24 14:00:12.654 1528 7568 I ActivityTaskManager: START u0 {flg=0x10000000 pkg=com.thundercomm.screensaver cmp=com.thundercomm.screensaver/android.service.dreams.DreamActivity (has extras)} from uid 10042
05-24 14:00:12.660 1528 10039 I ActivityTaskManager: FOREGROUND_APPLICATION_CHANGED to android.service.dreams.DreamActivity
05-24 14:00:12.661 1528 10039 I ActivityTaskManager: The Process com.thundercomm.screensaver Already Exists in BG. So sending its PID: 13872
05-24 14:00:12.661 1528 10039 W ActivityTaskManager: Tried to set launchTime (0) < mLastActivityLaunchTime (11783900)
05-24 14:00:12.668 1528 7568 W WindowManager: Failed looking up window session=Session{a666445 13872:u0a10042} callers=com.android.server.wm.WindowManagerService.windowForClientLocked:5628 com.android.server.wm.Session.insetsModified:629 android.view.IWindowSession$Stub.onTransact:1151
05-24 14:00:12.700 1528 1667 I WindowManager: Queue is too deep! Purged item with taskid=11
05-24 14:00:12.769 1528 10045 I DreamManagerService: Gently waking up from dream.
05-24 14:00:12.769 1528 1663 I DreamManagerService: Performing gentle wake from dream.
05-24 14:00:12.769 1528 1694 I PowerManagerService: Powering on display group fromDreaming (groupId=0, uid=1000, reason=WAKE_REASON_UNKNOWN, details=android.server.power:DREAM_FINISHED)...
05-24 14:00:12.769 1528 1694 I PowerManagerService: Waking up from Dreaming (uid=1000, reason=WAKE_REASON_UNKNOWN, details=android.server.power:DREAM_FINISHED)...
05-24 14:00:12.775 1528 7568 I ActivityTaskManager: FOREGROUND_APPLICATION_CHANGED to com.android.settings.homepage.SettingsHomepageActivity
05-24 14:00:12.907 1528 15317 I PowerManagerService: Napping display group (groupId=0, uid=1000)...
05-24 14:00:12.907 1528 15317 I PowerManagerService: Nap time (uid 1000)...
05-24 14:00:12.907 1528 1694 I DreamManagerService: Leaving dreamland.
05-24 14:00:12.908 1528 1694 I DreamManagerService: Entering dreamland.
05-24 14:00:12.908 1528 1663 I DreamManagerService: Performing gentle wake from dream.
05-24 14:00:12.908 1528 1663 I DreamController: Stopping dream: name=ComponentInfo{com.thundercomm.screensaver/com.thundercomm.screensaver.service.SystemDream}, isTest=false, canDoze=false, userId=0, reason='starting new dream'(from 'request awaken')
05-24 14:00:12.908 1528 1694 I PowerManagerService: Dreaming...
05-24 14:00:12.910 1528 1663 I DreamController: Starting dream: name=ComponentInfo{com.thundercomm.screensaver/com.thundercomm.screensaver.service.SystemDream}, isTest=false, canDoze=false, userId=0
05-24 14:00:12.913 1528 7568 I ActivityTaskManager: START u0 {flg=0x10000000 pkg=com.thundercomm.screensaver cmp=com.thundercomm.screensaver/android.service.dreams.DreamActivity (has extras)} from uid 10042
05-24 14:00:12.919 1528 8862 I ActivityTaskManager: FOREGROUND_APPLICATION_CHANGED to android.service.dreams.DreamActivity
05-24 14:00:12.919 1528 8862 I ActivityTaskManager: The Process com.thundercomm.screensaver Already Exists in BG. So sending its PID: 13872
05-24 14:00:12.920 1528 8862 W ActivityTaskManager: Tried to set launchTime (0) < mLastActivityLaunchTime (11784148)
05-24 14:00:12.927 1528 10045 W WindowManager: Failed looking up window session=Session{a666445 13872:u0a10042} callers=com.android.server.wm.WindowManagerService.windowForClientLocked:5628 com.android.server.wm.Session.insetsModified:629 android.view.IWindowSession$Stub.onTransact:1151
05-24 14:00:12.950 1528 1667 I WindowManager: Queue is too deep! Purged item with taskid=11
05-24 14:00:13.010 0 0 I : [11784.496232] read descriptors
05-24 14:00:13.010 0 0 I : [11784.496268] read strings
05-24 14:00:13.037 1528 7568 I DreamManagerService: Gently waking up from dream.
05-24 14:00:13.037 1528 1663 I DreamManagerService: Performing gentle wake from dream.
05-24 14:00:13.037 1528 1694 I PowerManagerService: Powering on display group fromDreaming (groupId=0, uid=1000, reason=WAKE_REASON_UNKNOWN, details=android.server.power:DREAM_FINISHED)...
05-24 14:00:13.037 1528 1694 I PowerManagerService: Waking up from Dreaming (uid=1000, reason=WAKE_REASON_UNKNOWN, details=android.server.power:DREAM_FINISHED)...
05-24 14:00:13.043 1528 10045 I ActivityTaskManager: FOREGROUND_APPLICATION_CHANGED to com.android.settings.homepage.SettingsHomepageActivity
05-24 14:00:13.183 1528 10045 I PowerManagerService: Napping display group (groupId=0, uid=1000)...
05-24 14:00:13.184 1528 10045 I PowerManagerService: Nap time (uid 1000)...
05-24 14:00:13.184 1528 1694 I DreamManagerService: Leaving dreamland.
05-24 14:00:13.184 1528 1694 I DreamManagerService: Entering dreamland.
05-24 14:00:13.184 1528 1663 I DreamManagerService: Performing gentle wake from dream.
05-24 14:00:13.184 1528 1663 I DreamController: Stopping dream: name=ComponentInfo{com.thundercomm.screensaver/com.thundercomm.screensaver.service.SystemDream}, isTest=false, canDoze=false, userId=0, reason='starting new dream'(from 'request awaken')
05-24 14:00:13.186 1528 1694 I PowerManagerService: Dreaming...
05-24 14:00:13.186 1528 1663 I DreamController: Starting dream: name=ComponentInfo{com.thundercomm.screensaver/com.thundercomm.screensaver.service.SystemDream}, isTest=false, canDoze=false, userId=0
05-24 14:00:13.192 1528 8862 I ActivityTaskManager: START u0 {flg=0x10000000 pkg=com.thundercomm.screensaver cmp=com.thundercomm.screensaver/android.service.dreams.DreamActivity (has extras)} from uid 10042
05-24 14:00:13.198 1528 7568 I ActivityTaskManager: FOREGROUND_APPLICATION_CHANGED to android.service.dreams.DreamActivity
05-24 14:00:13.198 1528 7568 I ActivityTaskManager: The Process com.thundercomm.screensaver Already Exists in BG. So sending its PID: 13872
05-24 14:00:13.198 1528 7568 W ActivityTaskManager: Tried to set launchTime (0) < mLastActivityLaunchTime (11784407)
05-24 14:00:13.207 1528 7568 W WindowManager: Failed looking up window session=Session{a666445 13872:u0a10042} callers=com.android.server.wm.WindowManagerService.windowForClientLocked:5628 com.android.server.wm.Session.insetsModified:629 android.view.IWindowSession$Stub.onTransact:1151
05-24 14:00:13.248 1528 1667 I WindowManager: Queue is too deep! Purged item with taskid=11
05-24 14:00:13.266 0 0 W [11784.751550] audit: audit_lost=10867 audit_rate_limit=5 audit_backlog_limit=64
05-24 14:00:13.266 0 0 E [11784.751554] audit: rate limit exceeded
05-24 14:00:13.299 1528 15317 I DreamManagerService: Gently waking up from dream.
05-24 14:00:13.300 1528 1663 I DreamManagerService: Performing gentle wake from dream.
05-24 14:00:13.300 1528 1694 I PowerManagerService: Powering on display group fromDreaming (groupId=0, uid=1000, reason=WAKE_REASON_UNKNOWN, details=android.server.power:DREAM_FINISHED)...
05-24 14:00:13.300 1528 1694 I PowerManagerService: Waking up from Dreaming (uid=1000, reason=WAKE_REASON_UNKNOWN, details=android.server.power:DREAM_FINISHED)...
05-24 14:00:13.304 1528 15317 I ActivityTaskManager: FOREGROUND_APPLICATION_CHANGED to com.android.settings.homepage.SettingsHomepageActivity
05-24 14:00:13.424 1528 8862 I PowerManagerService: Napping display group (groupId=0, uid=1000)...
05-24 14:00:13.424 1528 8862 I PowerManagerService: Nap time (uid 1000)...
05-24 14:00:13.424 1528 1694 I DreamManagerService: Leaving dreamland.
05-24 14:00:13.426 1528 1694 I DreamManagerService: Entering dreamland.
05-24 14:00:13.426 1528 1663 I DreamManagerService: Performing gentle wake from dream.
05-24 14:00:13.426 1528 1663 I DreamController: Stopping dream: name=ComponentInfo{com.thundercomm.screensaver/com.thundercomm.screensaver.service.SystemDream}, isTest=false, canDoze=false, userId=0, reason='starting new dream'(from 'request awaken')
05-24 14:00:13.427 1528 1694 I PowerManagerService: Dreaming...
05-24 14:00:13.428 1528 1663 I DreamController: Starting dream: name=ComponentInfo{com.thundercomm.screensaver/com.thundercomm.screensaver.service.SystemDream}, isTest=false, canDoze=false, userId=0
05-24 14:00:13.430 1528 8862 I ActivityTaskManager: START u0 {flg=0x10000000 pkg=com.thundercomm.screensaver cmp=com.thundercomm.screensaver/android.service.dreams.DreamActivity (has extras)} from uid 10042
05-24 14:00:13.437 1528 7568 I ActivityTaskManager: FOREGROUND_APPLICATION_CHANGED to android.service.dreams.DreamActivity
05-24 14:00:13.437 1528 7568 I ActivityTaskManager: The Process com.thundercomm.screensaver Already Exists in BG. So sending its PID: 13872
05-24 14:00:13.437 1528 7568 W ActivityTaskManager: Tried to set launchTime (0) < mLastActivityLaunchTime (11784685)
05-24 14:00:13.446 1528 7568 W WindowManager: Failed looking up window session=Session{a666445 13872:u0a10042} callers=com.android.server.wm.WindowManagerService.windowForClientLocked:5628 com.android.server.wm.Session.insetsModified:629 android.view.IWindowSession$Stub.onTransact:1151
05-24 14:00:13.469 1528 1667 I WindowManager: Queue is too deep! Purged item with taskid=11
05-24 14:00:13.558 1528 15317 I DreamManagerService: Gently waking up from dream.
05-24 14:00:13.558 1528 1694 I PowerManagerService: Powering on display group fromDreaming (groupId=0, uid=1000, reason=WAKE_REASON_UNKNOWN, details=android.server.power:DREAM_FINISHED)...
05-24 14:00:13.558 1528 1663 I DreamManagerService: Performing gentle wake from dream.
