05-24 13:48:35.197 1528 22256 I MicroServiceManager: requestResult(setVolume) parameters is{"functionInfo":{"IDCM_VolumeValue_Media":"29"}}.
05-24 13:48:35.699 0 0 I : [11087.129126] read descriptors
05-24 13:48:35.700 0 0 I : [11087.129352] read strings
05-24 13:48:36.306 1528 8862 I MicroServiceManager: requestResult(setVolume) parameters is{"functionInfo":{"IDCM_VolumeValue_Media":"27"}}.
05-24 13:48:36.716 0 0 I : [11088.144828] read descriptors
05-24 13:48:36.716 0 0 I : [11088.145036] read strings
05-24 13:48:37.355 1528 19621 I MicroServiceManager: requestResult(setVolume) parameters is{"functionInfo":{"IDCM_VolumeValue_Media":"25"}}.
05-24 13:48:37.740 0 0 I : [11089.168802] read descriptors
05-24 13:48:37.740 0 0 I : [11089.169004] read strings
05-24 13:48:38.347 1528 10045 I MicroServiceManager: requestResult(setVolume) parameters is{"functionInfo":{"IDCM_VolumeValue_Media":"23"}}.
05-24 13:48:38.571 0 0 W [11090.003581] rpmh_rsc_send_data: 10 callbacks suppressed
05-24 13:48:38.572 0 0 I : [11090.003586] qcom_rpmh DRV:apps_rsc TCS Busy, retrying RPMH message send: addr=0x50000
05-24 13:48:38.572 0 0 I : [11090.003604] qcom_rpmh DRV:apps_rsc TCS Busy, retrying RPMH message send: addr=0x50000
05-24 13:48:38.572 0 0 I : [11090.003619] qcom_rpmh DRV:apps_rsc TCS Busy, retrying RPMH message send: addr=0x50000
05-24 13:48:38.663 0 0 I : [11090.095429] qcom_rpmh DRV:apps_rsc TCS Busy, retrying RPMH message send: addr=0x50000
05-24 13:48:38.664 0 0 I : [11090.095451] qcom_rpmh DRV:apps_rsc TCS Busy, retrying RPMH message send: addr=0x50000
05-24 13:48:38.664 0 0 I : [11090.095469] qcom_rpmh DRV:apps_rsc TCS Busy, retrying RPMH message send: addr=0x50000
05-24 13:48:38.763 0 0 I : [11090.192720] read descriptors
05-24 13:48:38.763 0 0 I : [11090.192916] read strings
05-24 13:48:39.270 1528 22252 I MicroServiceManager: requestResult(setVolume) parameters is{"functionInfo":{"IDCM_VolumeValue_Media":"21"}}.
05-24 13:48:39.780 0 0 I : [11091.208531] read descriptors
05-24 13:48:39.780 0 0 I : [11091.208624] read strings
05-24 13:48:40.832 0 0 I : [11092.261197] read descriptors
05-24 13:48:40.832 0 0 I : [11092.261370] read strings
05-24 13:48:41.171 0 0 W [11092.598675] audit: audit_lost=8523 audit_rate_limit=5 audit_backlog_limit=64
05-24 13:48:41.171 0 0 E [11092.598681] audit: rate limit exceeded
05-24 13:48:41.863 0 0 I : [11093.292947] read descriptors
05-24 13:48:41.863 0 0 I : [11093.293068] read strings
05-24 13:48:42.332 1528 19621 E UserRestrictionsUtils: Unknown restriction queried by uid 1000 (com.thundercomm.debugtools et al): null
05-24 13:48:42.411 0 0 W [11093.840969] audit: audit_lost=8554 audit_rate_limit=5 audit_backlog_limit=64
05-24 13:48:42.411 0 0 E [11093.840974] audit: rate limit exceeded
05-24 13:48:42.867 1528 10045 E UserRestrictionsUtils: Unknown restriction queried by uid 1000 (com.thundercomm.debugtools et al): null
05-24 13:48:42.867 1528 10045 E UserRestrictionsUtils: Unknown restriction queried by uid 1000 (com.thundercomm.debugtools et al): null
05-24 13:48:42.868 1528 10045 E UserRestrictionsUtils: Unknown restriction queried by uid 1000 (com.thundercomm.debugtools et al): null
05-24 13:48:42.868 1528 10045 E UserRestrictionsUtils: Unknown restriction queried by uid 1000 (com.thundercomm.debugtools et al): null
05-24 13:48:42.869 1528 10045 E UserRestrictionsUtils: Unknown restriction queried by uid 1000 (com.thundercomm.debugtools et al): null
05-24 13:48:42.869 1528 10045 E UserRestrictionsUtils: Unknown restriction queried by uid 1000 (com.thundercomm.debugtools et al): null
05-24 13:48:42.870 1528 10045 E UserRestrictionsUtils: Unknown restriction queried by uid 1000 (com.thundercomm.debugtools et al): null
05-24 13:48:42.896 0 0 I : [11094.324776] read descriptors
05-24 13:48:42.896 0 0 I : [11094.324885] read strings
05-24 13:48:43.912 0 0 I : [11095.340935] read descriptors
05-24 13:48:43.912 0 0 I : [11095.341143] read strings
05-24 13:48:44.207 1528 19621 I MicroServiceManager: requestResult(setVolume) parameters is{"functionInfo":{"IDCM_VolumeValue_Media":"19"}}.
05-24 13:48:44.248 0 0 W [11095.676698] audit: audit_lost=8640 audit_rate_limit=5 audit_backlog_limit=64
05-24 13:48:44.248 0 0 E [11095.676703] audit: rate limit exceeded
05-24 13:48:44.885 1528 19621 I MicroServiceManager: requestResult(setVolume) parameters is{"functionInfo":{"IDCM_VolumeValue_Media":"39"}}.
05-24 13:48:44.935 0 0 I : [11096.364640] read descriptors
05-24 13:48:44.935 0 0 I : [11096.364746] read strings
05-24 13:48:45.356 0 0 W [11096.787120] audit: audit_lost=8649 audit_rate_limit=5 audit_backlog_limit=64
05-24 13:48:45.356 0 0 E [11096.787127] audit: rate limit exceeded
05-24 13:48:46.011 0 0 I : [11097.440683] read descriptors
05-24 13:48:46.011 0 0 I : [11097.440774] read strings
05-24 13:48:46.337 1528 2682 I MicroServiceManager: requestResult(setVolume) parameters is{"functionInfo":{"IDCM_VolumeValue_Media":"37"}}.
05-24 13:48:47.031 0 0 I : [11098.460957] read descriptors
05-24 13:48:47.034 0 0 I : [11098.461160] read strings
05-24 13:48:47.357 1528 10039 I MicroServiceManager: requestResult(setVolume) parameters is{"functionInfo":{"IDCM_VolumeValue_Media":"35"}}.
05-24 13:48:47.711 0 0 I [11099.142401] [schedu][0x31a10ad4d0][13: 48:47.710118] wlan: [2025:I:WMA] [13:48:46.725000] [ROAM_TRIGGER]: VDEV[0] Reason: "HIGH RSSI"
05-24 13:48:47.712 0 0 I [11099.142447] [schedu][0x31a10ad91c][13: 48:47.710175] wlan: [2025:I:WMA] [13:48:46.725000] [ROAM_SCAN]: VDEV[0] Scan_type: PARTIAL {5180 5200 5220 5240 5260 5280 5300 5320 5745 5765 5785 5805 5825 }
05-24 13:48:47.712 0 0 I [11099.142464] [schedu][0x31a10ada74][13: 48:47.710192] wlan: [2025:I:WMA] ============================================================================================================================
05-24 13:48:47.712 0 0 I [11099.142487] [schedu][0x31a10adc38][13: 48:47.710216] wlan: [2025:I:WMA] AP BSSID TSTAMP CH TY ETP RSSI/SCR CU%/SCR TOT_SCR BL_RSN BL_SRC BL_TSTAMP BL_TIMEOUT(ms)
05-24 13:48:47.712 0 0 I [11099.142503] [schedu][0x31a10add72][13: 48:47.710232] wlan: [2025:I:WMA] ============================================================================================================================
05-24 13:48:47.712 0 0 I [11099.142531] [schedu][0x31a10adf85][13: 48:47.710260] wlan: [2025:I:WMA] 0a:29:b0:f5:50:32 [13:48:46.726000] 2462 P_AP 0 42/0 0/0 4186 0 0 [00:00:00.000000] 0
05-24 13:48:47.712 0 0 I [11099.142553] [schedu][0x31a10ae13f][13: 48:47.710283] wlan: [2025:I:WMA] [13:48:47.700000] [ROAM_RESULT]: VDEV[0] FAILED Reason: NO AP FOUND
05-24 13:48:48.047 0 0 I : [11099.477213] read descriptors
05-24 13:48:48.048 0 0 I : [11099.477409] read strings
05-24 13:48:48.204 1528 15317 I MicroServiceManager: requestResult(setVolume) parameters is{"functionInfo":{"IDCM_VolumeValue_Media":"33"}}.
05-24 13:48:49.068 0 0 I : [11100.497620] read descriptors
05-24 13:48:49.068 0 0 I : [11100.497810] read strings
05-24 13:48:49.407 1528 7362 I MicroServiceManager: requestResult(setVolume) parameters is{"functionInfo":{"IDCM_VolumeValue_Media":"31"}}.
05-24 13:48:50.091 0 0 I : [11101.521101] read descriptors
05-24 13:48:50.092 0 0 I : [11101.521315] read strings
05-24 13:48:50.324 1528 19621 I MicroServiceManager: requestResult(setVolume) parameters is{"functionInfo":{"IDCM_VolumeValue_Media":"29"}}.
05-24 13:48:51.111 0 0 I : [11102.540393] read descriptors
05-24 13:48:51.111 0 0 I : [11102.540480] read strings
05-24 13:48:51.345 1528 8862 I MicroServiceManager: requestResult(setVolume) parameters is{"functionInfo":{"IDCM_VolumeValue_Media":"27"}}.
05-24 13:48:52.132 0 0 I : [11103.560742] read descriptors
05-24 13:48:52.132 0 0 I : [11103.560895] read strings
05-24 13:48:52.374 1528 19621 I MicroServiceManager: requestResult(setVolume) parameters is{"functionInfo":{"IDCM_VolumeValue_Media":"25"}}.
05-24 13:48:53.151 0 0 I : [11104.580990] read descriptors
05-24 13:48:53.152 0 0 I : [11104.581197] read strings
05-24 13:48:53.223 1528 8286 I MicroServiceManager: requestResult(setVolume) parameters is{"functionInfo":{"IDCM_VolumeValue_Media":"25"}}.
05-24 13:48:54.172 0 0 I : [11105.601032] read descriptors
05-24 13:48:54.172 0 0 I : [11105.601239] read strings
05-24 13:48:54.245 1528 22256 I MicroServiceManager: requestResult(setVolume) parameters is{"functionInfo":{"IDCM_VolumeValue_Media":"23"}}.
05-24 13:48:55.187 0 0 I : [11106.617695] read descriptors
05-24 13:48:55.188 0 0 I : [11106.617902] read strings
05-24 13:48:55.448 1528 10045 I MicroServiceManager: requestResult(setVolume) parameters is{"functionInfo":{"IDCM_VolumeValue_Media":"21"}}.
05-24 13:48:56.207 0 0 I : [11107.637233] read descriptors
05-24 13:48:56.208 0 0 I : [11107.637433] read strings
05-24 13:48:56.368 1528 10045 I MicroServiceManager: requestResult(setVolume) parameters is{"functionInfo":{"IDCM_VolumeValue_Media":"19"}}.
05-24 13:48:57.228 0 0 I : [11108.657146] read descriptors
05-24 13:48:57.228 0 0 I : [11108.657347] read strings
05-24 13:48:57.385 1528 10039 I MicroServiceManager: requestResult(setVolume) parameters is{"functionInfo":{"IDCM_VolumeValue_Media":"17"}}.
05-24 13:48:58.236 1528 22252 I MicroServiceManager: requestResult(setVolume) parameters is{"functionInfo":{"IDCM_VolumeValue_Media":"15"}}.
05-24 13:48:58.259 0 0 I : [11109.689134] read descriptors
05-24 13:48:58.259 0 0 I : [11109.689238] read strings
05-24 13:48:59.295 0 0 I : [11110.725447] read descriptors
05-24 13:48:59.296 0 0 I : [11110.725648] read strings
05-24 13:48:59.436 1528 19621 I MicroServiceManager: requestResult(setVolume) parameters is{"functionInfo":{"IDCM_VolumeValue_Media":"13"}}.
05-24 13:49:00.316 0 0 I : [11111.745174] read descriptors
05-24 13:49:00.316 0 0 I : [11111.745372] read strings
05-24 13:49:00.362 1528 10039 I MicroServiceManager: requestResult(setVolume) parameters is{"functionInfo":{"IDCM_VolumeValue_Media":"11"}}.
05-24 13:49:01.332 0 0 I : [11112.760827] read descriptors
05-24 13:49:01.332 0 0 I : [11112.761030] read strings
05-24 13:49:01.384 1528 22252 I MicroServiceManager: requestResult(setVolume) parameters is{"functionInfo":{"IDCM_VolumeValue_Media":"9"}}.
05-24 13:49:02.237 1528 15317 I MicroServiceManager: requestResult(setVolume) parameters is{"functionInfo":{"IDCM_VolumeValue_Media":"7"}}.
05-24 13:49:02.351 0 0 I : [11113.781136] read descriptors
05-24 13:49:02.352 0 0 I : [11113.781332] read strings
05-24 13:49:03.264 1528 10045 I MicroServiceManager: requestResult(setVolume) parameters is{"functionInfo":{"IDCM_VolumeValue_Media":"5"}}.
05-24 13:49:03.376 0 0 I : [11114.805480] read descriptors
05-24 13:49:03.376 0 0 I : [11114.805684] read strings
05-24 13:49:04.352 1528 10039 I MicroServiceManager: requestResult(setVolume) parameters is{"functionInfo":{"IDCM_VolumeValue_Media":"3"}}.
05-24 13:49:04.399 0 0 I : [11115.829875] read descriptors
05-24 13:49:04.400 0 0 I : [11115.830054] read strings
05-24 13:49:05.298 1528 1766 I MicroServiceManager: requestResult(setVolume) parameters is{"functionInfo":{"IDCM_VolumeValue_Media":"1"}}.
05-24 13:49:05.424 0 0 I : [11116.853040] read descriptors
05-24 13:49:05.424 0 0 I : [11116.853238] read strings
05-24 13:49:06.444 0 0 I : [11117.873122] read descriptors
05-24 13:49:06.444 0 0 I : [11117.873320] read strings
05-24 13:49:06.509 1528 22256 I MicroServiceManager: requestResult(setVolume) parameters is{"functionInfo":{"IDCM_VolumeValue_Media":"0"}}.
05-24 13:49:07.470 0 0 I : [11118.899986] read descriptors
05-24 13:49:07.470 0 0 I : [11118.900258] read strings
05-24 13:49:07.480 0 0 W [11118.911627] audit: audit_lost=8658 audit_rate_limit=5 audit_backlog_limit=64
05-24 13:49:07.480 0 0 E [11118.911634] audit: rate limit exceeded
05-24 13:49:08.496 0 0 I : [11119.925147] read descriptors
05-24 13:49:08.496 0 0 I : [11119.925353] read strings
05-24 13:49:09.515 0 0 I : [11120.944842] read descriptors
05-24 13:49:09.516 0 0 I : [11120.945046] read strings
05-24 13:49:10.544 0 0 I : [11121.973098] read descriptors
05-24 13:49:10.544 0 0 I : [11121.973305] read strings
05-24 13:49:11.559 0 0 I : [11122.989550] read descriptors
05-24 13:49:11.559 0 0 I : [11122.989753] read strings
05-24 13:49:12.023 0 0 W [11123.452847] audit: audit_lost=8666 audit_rate_limit=5 audit_backlog_limit=64
05-24 13:49:12.025 0 0 E [11123.452856] audit: rate limit exceeded
05-24 13:49:12.096 1528 22256 I MicroServiceManager: requestResult(setVolume) parameters is{"functionInfo":{"IDCM_VolumeValue_Media":"31"}}.
05-24 13:49:12.583 0 0 I : [11124.012929] read descriptors
05-24 13:49:12.584 0 0 I : [11124.013143] read strings
05-24 13:49:13.467 1528 22252 I MicroServiceManager: requestResult(setVolume) parameters is{"functionInfo":{"IDCM_VolumeValue_Media":"29"}}.
05-24 13:49:13.603 0 0 I : [11125.033002] read descriptors
05-24 13:49:13.603 0 0 I : [11125.033212] read strings
05-24 13:49:14.314 1528 8862 I MicroServiceManager: requestResult(setVolume) parameters is{"functionInfo":{"IDCM_VolumeValue_Media":"27"}}.
05-24 13:49:14.623 0 0 I : [11126.052848] read descriptors
05-24 13:49:14.623 0 0 I : [11126.053032] read strings
05-24 13:49:15.420 1528 19621 I MicroServiceManager: requestResult(setVolume) parameters is{"functionInfo":{"IDCM_VolumeValue_Media":"25"}}.
05-24 13:49:15.651 0 0 I : [11127.080477] read descriptors
05-24 13:49:15.651 0 0 I : [11127.080589] read strings
05-24 13:49:16.442 1528 15317 I MicroServiceManager: requestResult(setVolume) parameters is{"functionInfo":{"IDCM_VolumeValue_Media":"23"}}.
05-24 13:49:16.687 0 0 I : [11128.117026] read descriptors
05-24 13:49:16.687 0 0 I : [11128.117125] read strings
05-24 13:49:17.376 1528 22252 I MicroServiceManager: requestResult(setVolume) parameters is{"functionInfo":{"IDCM_VolumeValue_Media":"21"}}.
05-24 13:49:17.723 0 0 I : [11129.152330] read descriptors
05-24 13:49:17.723 0 0 I : [11129.152434] read strings
05-24 13:49:18.493 1528 10045 I MicroServiceManager: requestResult(setVolume) parameters is{"functionInfo":{"IDCM_VolumeValue_Media":"19"}}.
05-24 13:49:18.744 0 0 I : [11130.173234] read descriptors
05-24 13:49:18.744 0 0 I : [11130.173432] read strings
05-24 13:49:19.759 0 0 I : [11131.189227] read descriptors
05-24 13:49:19.760 0 0 I : [11131.189439] read strings
05-24 13:49:20.335 1528 22256 I MicroServiceManager: requestResult(setVolume) parameters is{"functionInfo":{"IDCM_VolumeValue_Media":"17"}}.
05-24 13:49:20.438 1528 2682 I MicroServiceManager: requestResult(setVolume) parameters is{"functionInfo":{"IDCM_VolumeValue_Media":"15"}}.
05-24 13:49:20.779 0 0 I : [11132.208921] read descriptors
05-24 13:49:20.780 0 0 I : [11132.209114] read strings
05-24 13:49:21.483 1528 22252 I MicroServiceManager: requestResult(setVolume) parameters is{"functionInfo":{"IDCM_VolumeValue_Media":"13"}}.
05-24 13:49:21.811 0 0 I : [11133.240420] read descriptors
05-24 13:49:21.811 0 0 I : [11133.240510] read strings
05-24 13:49:22.515 1528 10045 I MicroServiceManager: requestResult(setVolume) parameters is{"functionInfo":{"IDCM_VolumeValue_Media":"11"}}.
05-24 13:49:22.828 0 0 I : [11134.256806] read descriptors
05-24 13:49:22.828 0 0 I : [11134.257008] read strings
05-24 13:49:23.511 1528 10039 I MicroServiceManager: requestResult(setVolume) parameters is{"functionInfo":{"IDCM_VolumeValue_Media":"9"}}.
05-24 13:49:23.847 0 0 I : [11135.277152] read descriptors
05-24 13:49:23.848 0 0 I : [11135.277356] read strings
05-24 13:49:24.551 1528 22252 I MicroServiceManager: requestResult(setVolume) parameters is{"functionInfo":{"IDCM_VolumeValue_Media":"7"}}.
05-24 13:49:24.864 0 0 I : [11136.292791] read descriptors
05-24 13:49:24.864 0 0 I : [11136.292988] read strings
05-24 13:49:25.563 1528 19621 I MicroServiceManager: requestResult(setVolume) parameters is{"functionInfo":{"IDCM_VolumeValue_Media":"5"}}.
05-24 13:49:25.879 0 0 I : [11137.309120] read descriptors
05-24 13:49:25.880 0 0 I : [11137.309326] read strings
05-24 13:49:26.886 1528 8941 I MicroServiceManager: requestResult(setVolume) parameters is{"functionInfo":{"IDCM_VolumeValue_Media":"3"}}.
05-24 13:49:26.899 0 0 I : [11138.329154] read descriptors
05-24 13:49:26.900 0 0 I : [11138.329323] read strings
05-24 13:49:27.919 0 0 I : [11139.349211] read descriptors
05-24 13:49:27.920 0 0 I : [11139.349420] read strings
05-24 13:49:28.321 1528 19621 I MicroServiceManager: requestResult(setVolume) parameters is{"functionInfo":{"IDCM_VolumeValue_Media":"1"}}.
05-24 13:49:28.390 1528 19621 I MicroServiceManager: requestResult(setVolume) parameters is{"functionInfo":{"IDCM_VolumeValue_Media":"0"}}.
05-24 13:49:28.935 0 0 I : [11140.365252] read descriptors
05-24 13:49:28.936 0 0 I : [11140.365455] read strings
05-24 13:49:29.359 0 0 W [11140.791748] audit: audit_lost=8686 audit_rate_limit=5 audit_backlog_limit=64
05-24 13:49:29.360 0 0 E [11140.791754] audit: rate limit exceeded
05-24 13:49:29.952 0 0 I : [11141.380930] read descriptors
05-24 13:49:29.952 0 0 I : [11141.381141] read strings
05-24 13:49:30.968 0 0 I : [11142.396757] read descriptors
05-24 13:49:30.968 0 0 I : [11142.396973] read strings
05-24 13:49:31.988 0 0 I : [11143.416790] read descriptors
05-24 13:49:31.988 0 0 I : [11143.416988] read strings
05-24 13:49:33.004 0 0 I : [11144.432937] read descriptors
05-24 13:49:33.004 0 0 I : [11144.433140] read strings
05-24 13:49:34.024 0 0 I : [11145.453190] read descriptors
05-24 13:49:34.024 0 0 I : [11145.453390] read strings
05-24 13:49:35.043 0 0 I : [11146.473162] read descriptors
05-24 13:49:35.044 0 0 I : [11146.473374] read strings
05-24 13:49:36.059 0 0 I : [11147.489142] read descriptors
05-24 13:49:36.059 0 0 I : [11147.489305] read strings
05-24 13:49:37.083 0 0 I : [11148.512815] read descriptors
05-24 13:49:37.084 0 0 I : [11148.513009] read strings
05-24 13:49:38.103 0 0 I : [11149.533088] read descriptors
05-24 13:49:38.104 0 0 I : [11149.533287] read strings
05-24 13:49:39.090 1528 10045 I MicroServiceManager: requestResult(setVolume) parameters is{"functionInfo":{"IDCM_VolumeValue_Media":"2"}}.
05-24 13:49:39.098 0 0 W [11150.524777] audit: audit_lost=8693 audit_rate_limit=5 audit_backlog_limit=64
05-24 13:49:39.098 0 0 E [11150.524785] audit: rate limit exceeded
05-24 13:49:39.124 0 0 I : [11150.552792] read descriptors
05-24 13:49:39.124 0 0 I : [11150.552877] read strings
05-24 13:49:39.156 1528 10045 I MicroServiceManager: requestResult(setVolume) parameters is{"functionInfo":{"IDCM_VolumeValue_Media":"6"}}.
05-24 13:49:40.147 0 0 I : [11151.576807] read descriptors
05-24 13:49:40.148 0 0 I : [11151.577012] read strings
05-24 13:49:41.167 0 0 I : [11152.597195] read descriptors
05-24 13:49:41.168 0 0 I : [11152.597406] read strings
05-24 13:49:42.183 0 0 I : [11153.612711] read descriptors
05-24 13:49:42.183 0 0 I : [11153.612809] read strings
05-24 13:49:43.203 0 0 I : [11154.633284] read descriptors
05-24 13:49:43.204 0 0 I : [11154.633477] read strings
05-24 13:49:44.220 0 0 I : [11155.649196] read descriptors
05-24 13:49:44.220 0 0 I : [11155.649389] read strings
05-24 13:49:45.235 0 0 I : [11156.665224] read descriptors
05-24 13:49:45.236 0 0 I : [11156.665423] read strings
05-24 13:49:46.251 0 0 I : [11157.680884] read descriptors
05-24 13:49:46.252 0 0 I : [11157.681088] read strings
05-24 13:49:47.268 0 0 I : [11158.696793] read descriptors
05-24 13:49:47.268 0 0 I : [11158.697011] read strings
05-24 13:49:48.295 0 0 I : [11159.724824] read descriptors
05-24 13:49:48.295 0 0 I : [11159.724925] read strings
05-24 13:49:49.319 0 0 I : [11160.748922] read descriptors
05-24 13:49:49.319 0 0 I : [11160.749026] read strings
05-24 13:49:50.335 0 0 I : [11161.765320] read descriptors
05-24 13:49:50.335 0 0 I : [11161.765519] read strings
05-24 13:49:51.356 0 0 I : [11162.784857] read descriptors
05-24 13:49:51.356 0 0 I : [11162.784980] read strings
05-24 13:49:52.372 0 0 I : [11163.801067] read descriptors
05-24 13:49:52.372 0 0 I : [11163.801265] read strings
05-24 13:49:53.399 0 0 I : [11164.828469] read descriptors
05-24 13:49:53.399 0 0 I : [11164.828566] read strings
05-24 13:49:54.415 0 0 I : [11165.845273] read descriptors
05-24 13:49:54.416 0 0 I : [11165.845472] read strings
05-24 13:49:55.444 0 0 I : [11166.872615] read descriptors
05-24 13:49:55.444 0 0 I : [11166.872742] read strings
05-24 13:49:56.463 0 0 I : [11167.892805] read descriptors
05-24 13:49:56.464 0 0 I : [11167.893007] read strings
05-24 13:49:57.491 0 0 I : [11168.921183] read descriptors
05-24 13:49:57.492 0 0 I : [11168.921374] read strings
05-24 13:49:58.503 0 0 I : [11169.933114] read descriptors
05-24 13:49:58.504 0 0 I : [11169.933317] read strings
05-24 13:49:58.651 0 0 W [11170.082597] audit: audit_lost=8699 audit_rate_limit=5 audit_backlog_limit=64
05-24 13:49:58.651 0 0 E [11170.082603] audit: rate limit exceeded
05-24 13:49:59.433 1528 5562 I MicroServiceManager: requestResult(setVolume) parameters is{"functionInfo":{"IDCM_VolumeValue_Media":"39"}}.
05-24 13:49:59.523 0 0 I : [11170.952695] read descriptors
05-24 13:49:59.524 0 0 I : [11170.952800] read strings
05-24 13:50:00.543 0 0 I : [11171.972956] read descriptors
05-24 13:50:00.544 0 0 I : [11171.973403] read strings
05-24 13:50:01.559 0 0 I : [11172.988826] read descriptors
05-24 13:50:01.560 0 0 I : [11172.989031] read strings
05-24 13:50:02.575 0 0 I : [11174.005167] read descriptors
05-24 13:50:02.576 0 0 I : [11174.005382] read strings
05-24 13:50:03.269 1528 5562 I MicroServiceManager: requestResult(setVolume) parameters is{"functionInfo":{"IDCM_VolumeValue_Media":"23"}}.
05-24 13:50:03.591 0 0 I : [11175.020811] read descriptors
05-24 13:50:03.592 0 0 I : [11175.021023] read strings
05-24 13:50:04.324 1528 22256 I MicroServiceManager: requestResult(setVolume) parameters is{"functionInfo":{"IDCM_VolumeValue_Media":"34"}}.
05-24 13:50:04.612 0 0 I : [11176.041362] read descriptors
05-24 13:50:04.612 0 0 I : [11176.041566] read strings
05-24 13:50:05.495 1528 22256 I MicroServiceManager: requestResult(setVolume) parameters is{"functionInfo":{"IDCM_VolumeValue_Media":"39"}}.
05-24 13:50:05.627 0 0 I : [11177.056824] read descriptors
05-24 13:50:05.628 0 0 I : [11177.057025] read strings
05-24 13:50:06.639 0 0 I : [11178.069223] read descriptors
05-24 13:50:06.640 0 0 I : [11178.069428] read strings
05-24 13:50:07.663 0 0 I : [11179.092834] read descriptors
05-24 13:50:07.663 0 0 I : [11179.092931] read strings
05-24 13:50:08.429 1528 4137 I MicroServiceManager: requestResult(setVolume) parameters is{"functionInfo":{"IDCM_VolumeValue_Media":"23"}}.
05-24 13:50:08.699 0 0 I : [11180.128870] read descriptors
05-24 13:50:08.700 0 0 I : [11180.128971] read strings
05-24 13:50:09.720 0 0 I : [11181.148824] read descriptors
05-24 13:50:09.720 0 0 I : [11181.149034] read strings
05-24 13:50:10.740 0 0 I : [11182.168917] read descriptors
05-24 13:50:10.740 0 0 I : [11182.169134] read strings
05-24 13:50:11.691 0 0 W [11183.119922] audit: audit_lost=8706 audit_rate_limit=5 audit_backlog_limit=64
05-24 13:50:11.691 0 0 E [11183.119931] audit: rate limit exceeded
05-24 13:50:11.763 0 0 I : [11183.193039] read descriptors
05-24 13:50:11.764 0 0 I : [11183.193235] read strings
05-24 13:50:11.831 1528 2693 I MicroServiceManager: requestResult(setVolume) parameters is{"functionInfo":{"IDCM_VolumeValue_Media":"25"}}.
05-24 13:50:12.783 0 0 I : [11184.212963] read descriptors
05-24 13:50:12.784 0 0 I : [11184.213167] read strings
05-24 13:50:13.799 0 0 I : [11185.229106] read descriptors
05-24 13:50:13.800 0 0 I : [11185.229277] read strings
05-24 13:50:14.540 1528 19621 I MicroServiceManager: requestResult(setVolume) parameters is{"functionInfo":{"IDCM_VolumeValue_Media":"27"}}.
05-24 13:50:14.815 0 0 I : [11186.244894] read descriptors
05-24 13:50:14.816 0 0 I : [11186.245095] read strings
05-24 13:50:15.749 1528 9633 I MicroServiceManager: requestResult(setVolume) parameters is{"functionInfo":{"IDCM_VolumeValue_Media":"29"}}.
05-24 13:50:15.835 0 0 I : [11187.264762] read descriptors
05-24 13:50:15.835 0 0 I : [11187.264857] read strings
05-24 13:50:16.855 0 0 I : [11188.285348] read descriptors
05-24 13:50:16.856 0 0 I : [11188.285555] read strings
05-24 13:50:17.060 1528 10045 I MicroServiceManager: requestResult(setVolume) parameters is{"functionInfo":{"IDCM_VolumeValue_Media":"31"}}.
05-24 13:50:17.891 0 0 I : [11189.320468] read descriptors
05-24 13:50:17.891 0 0 I : [11189.320554] read strings
05-24 13:50:18.911 0 0 I : [11190.341123] read descriptors
05-24 13:50:18.912 0 0 I : [11190.341321] read strings
05-24 13:50:19.319 1528 22256 I MicroServiceManager: requestResult(setVolume) parameters is{"functionInfo":{"IDCM_VolumeValue_Media":"33"}}.
05-24 13:50:19.365 1528 15317 I MicroServiceManager: requestResult(setVolume) parameters is{"functionInfo":{"IDCM_VolumeValue_Media":"35"}}.
05-24 13:50:19.577 1528 15317 I MicroServiceManager: requestResult(setVolume) parameters is{"functionInfo":{"IDCM_VolumeValue_Media":"37"}}.
05-24 13:50:19.943 0 0 I : [11191.372745] read descriptors
05-24 13:50:19.943 0 0 I : [11191.372840] read strings
05-24 13:50:20.967 0 0 I : [11192.396400] read descriptors
05-24 13:50:20.967 0 0 I : [11192.396495] read strings
05-24 13:50:21.575 1528 22256 I MicroServiceManager: requestResult(setVolume) parameters is{"functionInfo":{"IDCM_VolumeValue_Media":"39"}}.
05-24 13:50:21.638 1528 22252 I MicroServiceManager: requestResult(setVolume) parameters is{"functionInfo":{"IDCM_VolumeValue_Media":"37"}}.
05-24 13:50:22.003 0 0 I : [11193.433128] read descriptors
05-24 13:50:22.003 0 0 I : [11193.433221] read strings
05-24 13:50:22.177 1528 22252 I MicroServiceManager: requestResult(setVolume) parameters is{"functionInfo":{"IDCM_VolumeValue_Media":"35"}}.
05-24 13:50:23.023 0 0 I : [11194.452658] read descriptors
05-24 13:50:23.024 0 0 I : [11194.452824] read strings
05-24 13:50:23.737 1528 19621 I MicroServiceManager: requestResult(setVolume) parameters is{"functionInfo":{"IDCM_VolumeValue_Media":"33"}}.
05-24 13:50:23.962 1528 22252 I MicroServiceManager: requestResult(setVolume) parameters is{"functionInfo":{"IDCM_VolumeValue_Media":"31"}}.
05-24 13:50:24.063 0 0 I : [11195.492819] read descriptors
05-24 13:50:24.063 0 0 I : [11195.492913] read strings
05-24 13:50:25.077 0 0 I : [11196.520907] read descriptors
05-24 13:50:25.077 0 0 I : [11196.521096] read strings
05-24 13:50:25.788 1528 22256 I MicroServiceManager: requestResult(setVolume) parameters is{"functionInfo":{"IDCM_VolumeValue_Media":"29"}}.
05-24 13:50:25.943 1528 22256 I MicroServiceManager: requestResult(setVolume) parameters is{"functionInfo":{"IDCM_VolumeValue_Media":"27"}}.
05-24 13:50:26.101 0 0 I : [11197.545095] read descriptors
05-24 13:50:26.101 0 0 I : [11197.545273] read strings
05-24 13:50:27.006 2571 16595 W ContextImpl: Calling a method in the system process without a qualified user: android.app.ContextImpl.sendBroadcast:1173 android.content.ContextWrapper.sendBroadcast:479 com.thundercomm.microsettings.action.SetTimeAction.timeUpdated:212 com.thundercomm.microsettings.action.SetTimeAction.update24HourFormat:194 com.thundercomm.microsettings.action.SetTimeAction.doActualAction:154
05-24 13:50:27.016 1528 1528 D DevicePolicyManager: updateSystemUpdateFreezePeriodsRecord
05-24 13:50:27.016 1528 1528 D ConditionProviders.SCP: onReceive android.intent.action.TIME_SET
05-24 13:50:27.017 1528 1528 D ConditionProviders.SCP: evaluateSubscriptionLocked cal=ScheduleCalendar[mDays={1, 2, 3, 4, 5, 6, 7}, mSchedule=ScheduleInfo{days=[1, 2, 3, 4, 5, 6, 7], startHour=22, startMinute=0, endHour=7, endMinute=0, exitAtAlarm=true, nextAlarm=Thu Jan 01 08:00:00 GMT+08:00 1970 (0)}], now=Wed May 24 13:50:27 GMT+08:00 2023 (1684907427016), nextUserAlarmTime=Thu Jan 01 08:00:00 GMT+08:00 1970 (0)
05-24 13:50:27.017 1528 1528 D ConditionProviders.SCP: notifyCondition condition://android/schedule?days=1.2.3.4.5.6.7&start=22.0&end=7.0&exitAtAlarm=true STATE_FALSE reason=!meetsSchedule
05-24 13:50:27.018 1528 1528 D ConditionProviders.SCP: Scheduling evaluate for Wed May 24 22:00:00 GMT+08:00 2023 (1684936800000), in +8h9m32s984ms, now=Wed May 24 13:50:27 GMT+08:00 2023 (1684907427016)
05-24 13:50:27.122 0 0 I : [11198.565518] read descriptors
05-24 13:50:27.122 0 0 I : [11198.565731] read strings
05-24 13:50:27.748 1528 8437 I MicroServiceManager: requestResult(setVolume) parameters is{"functionInfo":{"IDCM_VolumeValue_Media":"25"}}.
05-24 13:50:27.957 1528 10039 I MicroServiceManager: requestResult(setVolume) parameters is{"functionInfo":{"IDCM_VolumeValue_Media":"23"}}.
05-24 13:50:28.149 0 0 I : [11199.592990] read descriptors
05-24 13:50:28.149 0 0 I : [11199.593186] read strings
05-24 13:50:29.135 1528 15317 I MicroServiceManager: requestResult(setVolume) parameters is{"functionInfo":{"IDCM_VolumeValue_Media":"21"}}.
05-24 13:50:29.169 0 0 I : [11200.612985] read descriptors
05-24 13:50:29.169 0 0 I : [11200.613168] read strings
05-24 13:50:30.152 1528 8862 I MicroServiceManager: requestResult(setVolume) parameters is{"functionInfo":{"IDCM_VolumeValue_Media":"19"}}.
05-24 13:50:30.202 0 0 I : [11201.646318] read descriptors
05-24 13:50:30.202 0 0 I : [11201.646492] read strings
05-24 13:50:31.179 1528 22256 I MicroServiceManager: requestResult(setVolume) parameters is{"functionInfo":{"IDCM_VolumeValue_Media":"17"}}.
05-24 13:50:31.229 0 0 I : [11202.673914] read descriptors
05-24 13:50:31.229 0 0 I : [11202.674019] read strings
05-24 13:50:32.096 1528 5562 I MicroServiceManager: requestResult(setVolume) parameters is{"functionInfo":{"IDCM_VolumeValue_Media":"15"}}.
05-24 13:50:32.257 0 0 I : [11203.701026] read descriptors
05-24 13:50:32.257 0 0 I : [11203.701150] read strings
05-24 13:50:33.121 1528 22256 I MicroServiceManager: requestResult(setVolume) parameters is{"functionInfo":{"IDCM_VolumeValue_Media":"13"}}.
05-24 13:50:33.286 0 0 I : [11204.729662] read descriptors
05-24 13:50:33.286 0 0 I : [11204.729949] read strings
05-24 13:50:34.146 1528 8437 I MicroServiceManager: requestResult(setVolume) parameters is{"functionInfo":{"IDCM_VolumeValue_Media":"11"}}.
05-24 13:50:34.317 0 0 I : [11205.760986] read descriptors
05-24 13:50:34.317 0 0 I : [11205.761109] read strings
05-24 13:50:35.189 1528 9633 I MicroServiceManager: requestResult(setVolume) parameters is{"functionInfo":{"IDCM_VolumeValue_Media":"9"}}.
05-24 13:50:35.341 0 0 I : [11206.781191] read descriptors
05-24 13:50:35.342 0 0 I : [11206.781398] read strings
05-24 13:50:36.119 1528 22252 I MicroServiceManager: requestResult(setVolume) parameters is{"functionInfo":{"IDCM_VolumeValue_Media":"7"}}.
05-24 13:50:36.377 0 0 I : [11207.821020] read descriptors
05-24 13:50:36.377 0 0 I : [11207.821130] read strings
05-24 13:50:37.046 1528 22252 I MicroServiceManager: requestResult(setVolume) parameters is{"functionInfo":{"IDCM_VolumeValue_Media":"5"}}.
05-24 13:50:37.393 0 0 I : [11208.836990] read descriptors
05-24 13:50:37.393 0 0 I : [11208.837196] read strings
05-24 13:50:38.146 1528 10045 I MicroServiceManager: requestResult(setVolume) parameters is{"functionInfo":{"IDCM_VolumeValue_Media":"3"}}.
05-24 13:50:38.425 0 0 I : [11209.868753] read descriptors
05-24 13:50:38.425 0 0 I : [11209.868876] read strings
05-24 13:50:39.207 1528 22252 I MicroServiceManager: requestResult(setVolume) parameters is{"functionInfo":{"IDCM_VolumeValue_Media":"1"}}.
05-24 13:50:39.485 0 0 I : [11210.928935] read descriptors
05-24 13:50:39.486 0 0 I : [11210.929046] read strings
05-24 13:50:40.187 1528 22256 I MicroServiceManager: requestResult(setVolume) parameters is{"functionInfo":{"IDCM_VolumeValue_Media":"0"}}.
05-24 13:50:40.537 0 0 I : [11211.980473] read descriptors
05-24 13:50:40.537 0 0 I : [11211.980581] read strings
05-24 13:50:41.197 0 0 W [11212.641521] audit: audit_lost=8711 audit_rate_limit=5 audit_backlog_limit=64
05-24 13:50:41.197 0 0 E [11212.641527] audit: rate limit exceeded
05-24 13:50:41.553 0 0 I : [11212.997732] read descriptors
05-24 13:50:41.553 0 0 I : [11212.997928] read strings
05-24 13:50:42.569 0 0 I : [11214.012809] read descriptors
05-24 13:50:42.569 0 0 I : [11214.013007] read strings
05-24 13:50:43.593 0 0 I : [11215.037467] read descriptors
05-24 13:50:43.593 0 0 I : [11215.037644] read strings
05-24 13:50:44.613 0 0 I : [11216.057250] read descriptors
05-24 13:50:44.613 0 0 I : [11216.057452] read strings
05-24 13:50:45.637 0 0 I : [11217.080817] read descriptors
05-24 13:50:45.637 0 0 I : [11217.080991] read strings
05-24 13:50:46.657 0 0 I : [11218.100789] read descriptors
05-24 13:50:46.657 0 0 I : [11218.100920] read strings
05-24 13:50:47.673 0 0 I : [11219.117159] read descriptors
05-24 13:50:47.673 0 0 I : [11219.117357] read strings
05-24 13:50:48.697 0 0 I : [11220.141044] read descriptors
05-24 13:50:48.697 0 0 I : [11220.141161] read strings
05-24 13:50:49.718 0 0 I : [11221.161361] read descriptors
05-24 13:50:49.718 0 0 I : [11221.161560] read strings
05-24 13:50:50.737 0 0 I : [11222.180752] read descriptors
05-24 13:50:50.737 0 0 I : [11222.180985] read strings
05-24 13:50:50.866 0 0 W [11222.308839] audit: audit_lost=8721 audit_rate_limit=5 audit_backlog_limit=64
05-24 13:50:50.866 0 0 E [11222.308845] audit: rate limit exceeded
05-24 13:50:51.670 1528 22252 I MicroServiceManager: requestResult(setVolume) parameters is{"functionInfo":{"IDCM_VolumeValue_Media":"2"}}.
05-24 13:50:51.769 0 0 I : [11223.212510] read descriptors
05-24 13:50:51.769 0 0 I : [11223.212599] read strings
05-24 13:50:52.785 0 0 I : [11224.229551] read descriptors
05-24 13:50:52.785 0 0 I : [11224.229751] read strings
05-24 13:50:52.810 1528 9633 I MicroServiceManager: requestResult(setVolume) parameters is{"functionInfo":{"IDCM_VolumeValue_Media":"4"}}.
05-24 13:50:53.733 1528 15317 I MicroServiceManager: requestResult(setVolume) parameters is{"functionInfo":{"IDCM_VolumeValue_Media":"6"}}.
05-24 13:50:53.805 0 0 I : [11225.248533] read descriptors
05-24 13:50:53.805 0 0 I : [11225.248640] read strings
05-24 13:50:54.833 0 0 I : [11226.276580] read descriptors
05-24 13:50:54.833 0 0 I : [11226.276683] read strings
05-24 13:50:55.139 1528 9633 I MicroServiceManager: requestResult(setVolume) parameters is{"functionInfo":{"IDCM_VolumeValue_Media":"8"}}.
05-24 13:50:55.691 1528 9633 I MicroServiceManager: requestResult(setVolume) parameters is{"functionInfo":{"IDCM_VolumeValue_Media":"10"}}.
05-24 13:50:55.853 0 0 I : [11227.296770] read descriptors
05-24 13:50:55.853 0 0 I : [11227.296945] read strings
05-24 13:50:56.873 0 0 I : [11228.317239] read descriptors
05-24 13:50:56.873 0 0 I : [11228.317439] read strings
05-24 13:50:56.893 1528 5562 I MicroServiceManager: requestResult(setVolume) parameters is{"functionInfo":{"IDCM_VolumeValue_Media":"12"}}.
05-24 13:50:57.801 0 0 W [11229.246813] audit: audit_lost=8729 audit_rate_limit=5 audit_backlog_limit=64
05-24 13:50:57.801 0 0 E [11229.246819] audit: rate limit exceeded
05-24 13:50:57.889 0 0 I : [11229.332901] read descriptors
05-24 13:50:57.889 0 0 I : [11229.333033] read strings
05-24 13:50:58.363 1528 22256 I MicroServiceManager: requestResult(setVolume) parameters is{"functionInfo":{"IDCM_VolumeValue_Media":"39"}}.
05-24 13:50:58.910 0 0 I : [11230.352673] read descriptors
05-24 13:50:58.910 0 0 I : [11230.352793] read strings
05-24 13:50:59.925 0 0 I : [11231.369451] read descriptors
05-24 13:50:59.925 0 0 I : [11231.369649] read strings
05-24 13:51:00.953 0 0 I : [11232.396700] read descriptors
05-24 13:51:00.953 0 0 I : [11232.396833] read strings
05-24 13:51:01.973 0 0 I : [11233.416891] read descriptors
05-24 13:51:01.973 0 0 I : [11233.417152] read strings
05-24 13:51:02.585 0 0 W [11234.031100] audit: audit_lost=8747 audit_rate_limit=5 audit_backlog_limit=64
05-24 13:51:02.585 0 0 E [11234.031107] audit: rate limit exceeded
05-24 13:51:03.004 0 0 I : [11234.444535] read descriptors
05-24 13:51:03.004 0 0 I : [11234.444622] read strings
05-24 13:51:03.742 0 0 W [11235.188025] audit: audit_lost=8779 audit_rate_limit=5 audit_backlog_limit=64
05-24 13:51:03.742 0 0 E [11235.188031] audit: rate limit exceeded
05-24 13:51:03.957 1528 10045 I MicroServiceManager: requestResult(setVolume) parameters is{"functionInfo":{"IDCM_VolumeValue_Media":"27"}}.
05-24 13:51:04.021 0 0 I : [11235.464672] read descriptors
05-24 13:51:04.021 0 0 I : [11235.464827] read strings
05-24 13:51:04.871 1528 15317 I MicroServiceManager: requestResult(setVolume) parameters is{"functionInfo":{"IDCM_VolumeValue_Media":"29"}}.
05-24 13:51:05.038 0 0 I : [11236.481108] read descriptors
05-24 13:51:05.038 0 0 I : [11236.481311] read strings
05-24 13:51:05.121 0 0 W [11236.565859] audit: audit_lost=8788 audit_rate_limit=5 audit_backlog_limit=64
05-24 13:51:05.121 0 0 E [11236.565866] audit: rate limit exceeded
05-24 13:51:05.179 1528 10045 I MicroServiceManager: requestResult(setVolume) parameters is{"functionInfo":{"IDCM_VolumeValue_Media":"27"}}.
05-24 13:51:06.057 0 0 I : [11237.500483] read descriptors
05-24 13:51:06.057 0 0 I : [11237.500583] read strings
05-24 13:51:06.914 1528 22252 I MicroServiceManager: requestResult(setVolume) parameters is{"functionInfo":{"IDCM_VolumeValue_Media":"29"}}.
05-24 13:51:07.073 0 0 I : [11238.516992] read descriptors
05-24 13:51:07.073 0 0 I : [11238.517199] read strings
05-24 13:51:07.759 1528 10045 I MicroServiceManager: requestResult(setVolume) parameters is{"functionInfo":{"IDCM_VolumeValue_Media":"31"}}.
05-24 13:51:08.089 0 0 I : [11239.532859] read descriptors
05-24 13:51:08.089 0 0 I : [11239.533073] read strings
05-24 13:51:08.783 1528 10039 I MicroServiceManager: requestResult(setVolume) parameters is{"functionInfo":{"IDCM_VolumeValue_Media":"33"}}.
05-24 13:51:09.106 0 0 I : [11240.549157] read descriptors
05-24 13:51:09.106 0 0 I : [11240.549372] read strings
05-24 13:51:09.990 1528 8941 I MicroServiceManager: requestResult(setVolume) parameters is{"functionInfo":{"IDCM_VolumeValue_Media":"33"}}.
05-24 13:51:10.125 0 0 I : [11241.569258] read descriptors
05-24 13:51:10.126 0 0 I : [11241.569451] read strings
05-24 13:51:10.913 1528 22252 I MicroServiceManager: requestResult(setVolume) parameters is{"functionInfo":{"IDCM_VolumeValue_Media":"35"}}.
05-24 13:51:11.145 0 0 I : [11242.588589] read descriptors
05-24 13:51:11.145 0 0 I : [11242.588706] read strings
05-24 13:51:11.743 1528 22256 I MicroServiceManager: requestResult(setVolume) parameters is{"functionInfo":{"IDCM_VolumeValue_Media":"37"}}.
05-24 13:51:12.161 0 0 I : [11243.604940] read descriptors
05-24 13:51:12.161 0 0 I : [11243.605149] read strings
05-24 13:51:13.001 1528 22252 I MicroServiceManager: requestResult(setVolume) parameters is{"functionInfo":{"IDCM_VolumeValue_Media":"39"}}.
05-24 13:51:13.197 0 0 I : [11244.640729] read descriptors
05-24 13:51:13.197 0 0 I : [11244.640856] read strings
05-24 13:51:14.213 0 0 I : [11245.656868] read descriptors
05-24 13:51:14.214 0 0 I : [11245.657068] read strings
05-24 13:51:15.049 0 0 W [11246.496016] audit: audit_lost=8811 audit_rate_limit=5 audit_backlog_limit=64
05-24 13:51:15.049 0 0 E [11246.496023] audit: rate limit exceeded
05-24 13:51:15.237 0 0 I : [11246.681013] read descriptors
05-24 13:51:15.237 0 0 I : [11246.681095] read strings
05-24 13:51:16.257 0 0 I : [11247.700599] read descriptors
05-24 13:51:16.257 0 0 I : [11247.700737] read strings
05-24 13:51:16.969 0 0 W [11248.414739] audit: audit_lost=8847 audit_rate_limit=5 audit_backlog_limit=64
05-24 13:51:16.970 0 0 E [11248.414744] audit: rate limit exceeded
05-24 13:51:17.277 0 0 I : [11248.721313] read descriptors
05-24 13:51:17.277 0 0 I : [11248.721404] read strings
05-24 13:51:17.883 1528 22256 I MicroServiceManager: requestResult(setVolume) parameters is{"functionInfo":{"IDCM_VolumeValue_Media":"26"}}.
05-24 13:51:17.997 0 0 W [11249.443714] audit: audit_lost=8868 audit_rate_limit=5 audit_backlog_limit=64
05-24 13:51:17.997 0 0 E [11249.443720] audit: rate limit exceeded
05-24 13:51:18.301 0 0 I : [11249.744919] read descriptors
05-24 13:51:18.301 0 0 I : [11249.745124] read strings
05-24 13:51:18.815 1528 15317 I MicroServiceManager: requestResult(setVolume) parameters is{"functionInfo":{"IDCM_VolumeValue_Media":"28"}}.
05-24 13:51:19.341 0 0 I : [11250.785336] read descriptors
05-24 13:51:19.341 0 0 I : [11250.785457] read strings
05-24 13:51:19.788 1528 5562 I MicroServiceManager: requestResult(setVolume) parameters is{"functionInfo":{"IDCM_VolumeValue_Media":"28"}}.
05-24 13:51:20.357 0 0 I : [11251.800815] read descriptors
05-24 13:51:20.358 0 0 I : [11251.801010] read strings
05-24 13:51:21.059 1528 19621 I MicroServiceManager: requestResult(setVolume) parameters is{"functionInfo":{"IDCM_VolumeValue_Media":"30"}}.
05-24 13:51:21.385 0 0 I : [11252.828871] read descriptors
05-24 13:51:21.385 0 0 I : [11252.828980] read strings
05-24 13:51:21.882 1528 19621 I MicroServiceManager: requestResult(setVolume) parameters is{"functionInfo":{"IDCM_VolumeValue_Media":"32"}}.
05-24 13:51:22.406 0 0 I : [11253.848978] read descriptors
05-24 13:51:22.406 0 0 I : [11253.849171] read strings
05-24 13:51:22.987 1528 15317 I MicroServiceManager: requestResult(setVolume) parameters is{"functionInfo":{"IDCM_VolumeValue_Media":"34"}}.
05-24 13:51:23.433 0 0 I : [11254.876823] read descriptors
05-24 13:51:23.433 0 0 I : [11254.876926] read strings
05-24 13:51:23.802 1528 22252 I MicroServiceManager: requestResult(setVolume) parameters is{"functionInfo":{"IDCM_VolumeValue_Media":"36"}}.
05-24 13:51:24.449 0 0 I : [11255.893505] read descriptors
05-24 13:51:24.449 0 0 I : [11255.893716] read strings
05-24 13:51:24.935 1528 22256 I MicroServiceManager: requestResult(setVolume) parameters is{"functionInfo":{"IDCM_VolumeValue_Media":"38"}}.
05-24 13:51:25.481 0 0 I : [11256.924872] read descriptors
05-24 13:51:25.481 0 0 I : [11256.924975] read strings
05-24 13:51:25.894 1528 22252 I MicroServiceManager: requestResult(setVolume) parameters is{"functionInfo":{"IDCM_VolumeValue_Media":"39"}}.
05-24 13:51:26.497 0 0 I : [11257.940912] read descriptors
05-24 13:51:26.497 0 0 I : [11257.941120] read strings
05-24 13:51:27.513 0 0 I : [11258.956853] read descriptors
05-24 13:51:27.514 0 0 I : [11258.957051] read strings
05-24 13:51:28.533 0 0 I : [11259.976804] read descriptors
05-24 13:51:28.533 0 0 I : [11259.977012] read strings
05-24 13:51:29.557 0 0 I : [11261.000786] read descriptors
05-24 13:51:29.557 0 0 I : [11261.000998] read strings
05-24 13:51:30.577 0 0 I : [11262.020881] read descriptors
05-24 13:51:30.578 0 0 I : [11262.021083] read strings
05-24 13:51:31.593 0 0 I : [11263.036895] read descriptors
05-24 13:51:31.593 0 0 I : [11263.037102] read strings
05-24 13:51:31.650 0 0 W [11263.094569] audit: audit_lost=8877 audit_rate_limit=5 audit_backlog_limit=64
05-24 13:51:31.650 0 0 E [11263.094574] audit: rate limit exceeded
05-24 13:51:32.617 0 0 I : [11264.060830] read descriptors
05-24 13:51:32.617 0 0 I : [11264.061035] read strings
05-24 13:51:33.153 0 0 W [11264.598657] audit: audit_lost=8900 audit_rate_limit=5 audit_backlog_limit=64
05-24 13:51:33.153 0 0 E [11264.598661] audit: rate limit exceeded
05-24 13:51:33.465 1528 8437 I ActivityTaskManager: FOREGROUND_APPLICATION_CHANGED to com.android.launcher3.uioverrides.QuickstepLauncher
05-24 13:51:33.490 1528 1666 D CompatibilityChangeReporter: Compat change id reported: 135634846; UID 10066; state: DISABLED
05-24 13:51:33.490 1528 1666 D CompatibilityChangeReporter: Compat change id reported: 177438394; UID 10066; state: DISABLED
05-24 13:51:33.490 1528 1666 D CompatibilityChangeReporter: Compat change id reported: 135772972; UID 10066; state: DISABLED
05-24 13:51:33.490 1528 1666 D CompatibilityChangeReporter: Compat change id reported: 135754954; UID 10066; state: DISABLED
05-24 13:51:33.490 1528 1666 D CompatibilityChangeReporter: Compat change id reported: 135634846; UID 10033; state: DISABLED
05-24 13:51:33.490 1528 1666 D CompatibilityChangeReporter: Compat change id reported: 177438394; UID 10033; state: DISABLED
05-24 13:51:33.490 1528 1666 D CompatibilityChangeReporter: Compat change id reported: 135772972; UID 10033; state: DISABLED
05-24 13:51:33.490 1528 1666 D CompatibilityChangeReporter: Compat change id reported: 135754954; UID 10033; state: ENABLED
05-24 13:51:33.494 1528 1676 D CompatibilityChangeReporter: Compat change id reported: 143937733; UID 10066; state: DISABLED
05-24 13:51:33.501 1528 1676 I ActivityManager: Start proc 17040:com.android.gallery3d/u0a66 for null
05-24 13:51:33.502 1528 1676 D CompatibilityChangeReporter: Compat change id reported: 143937733; UID 10033; state: ENABLED
05-24 13:51:33.508 1528 1676 I ActivityManager: Start proc 17041:com.thundercomm.gamecenter/u0a33 for null
05-24 13:51:33.517 0 0 I [11264.963104] binder: 17040:17040 ioctl 40046210 7fd8e3f594 returned -22
05-24 13:51:33.523 1528 3462 D CompatibilityChangeReporter: Compat change id reported: 168419799; UID 10033; state: DISABLED
05-24 13:51:33.524 0 0 I [11264.966001] binder: 17041:17041 ioctl 40046210 7fd8e3f594 returned -22
05-24 13:51:33.641 0 0 I : [11265.084761] read descriptors
05-24 13:51:33.641 0 0 I : [11265.084890] read strings
05-24 13:51:34.269 0 0 W [11265.712631] audit: audit_lost=8923 audit_rate_limit=5 audit_backlog_limit=64
05-24 13:51:34.269 0 0 E [11265.712637] audit: rate limit exceeded
05-24 13:51:34.394 1528 3462 I thunderperf: PlatormCompat.setOverrides: Uid1=10074 Pid1=2838 Uid2=10074 Pid2=2838
05-24 13:51:34.394 1528 3462 I thunderperf: PlatormCompat.setOverrides: needCheck:false
05-24 13:51:34.395 1528 3462 I thunderperf: CompatConfig.addOverrideUnsafe: bef-state=1
05-24 13:51:34.395 1528 3462 E thunderperf: CompatConfig.addOverrideUnsafe: exception:java.lang.SecurityException: Cannot override a change on a non-debuggable app and user build.
05-24 13:51:34.395 1528 3462 I thunderperf: CompatConfig.addOverrideUnsafe: aft-state=1
05-24 13:51:34.396 1528 3462 I thunderperf: CompatConfig.addOverrideUnsafe: bef-state=1
05-24 13:51:34.397 1528 3462 E thunderperf: CompatConfig.addOverrideUnsafe: exception:java.lang.SecurityException: Cannot override a change on a non-debuggable app and user build.
05-24 13:51:34.397 1528 3462 I thunderperf: CompatConfig.addOverrideUnsafe: aft-state=1
05-24 13:51:34.397 1528 3462 I thunderperf: CompatConfig.addOverrideUnsafe: bef-state=1
05-24 13:51:34.398 1528 3462 E thunderperf: CompatConfig.addOverrideUnsafe: exception:java.lang.SecurityException: Cannot override a change on a non-debuggable app and user build.
05-24 13:51:34.398 1528 3462 I thunderperf: CompatConfig.addOverrideUnsafe: aft-state=1
05-24 13:51:34.398 1528 3462 I thunderperf: CompatConfig.addOverrideUnsafe: bef-state=1
05-24 13:51:34.399 1528 3462 E thunderperf: CompatConfig.addOverrideUnsafe: exception:java.lang.SecurityException: Cannot override a change on a non-debuggable app and user build.
05-24 13:51:34.399 1528 3462 I thunderperf: CompatConfig.addOverrideUnsafe: aft-state=1
05-24 13:51:34.399 1528 3462 I thunderperf: CompatConfig.addOverrideUnsafe: bef-state=1
05-24 13:51:34.399 1528 3462 E thunderperf: CompatConfig.addOverrideUnsafe: exception:java.lang.SecurityException: Cannot override a change on a non-debuggable app and user build.
05-24 13:51:34.399 1528 3462 I thunderperf: CompatConfig.addOverrideUnsafe: aft-state=1
05-24 13:51:34.400 1528 3462 I thunderperf: CompatConfig.addOverrideUnsafe: bef-state=1
05-24 13:51:34.400 1528 3462 E thunderperf: CompatConfig.addOverrideUnsafe: exception:java.lang.SecurityException: Cannot override a change on a non-debuggable app and user build.
05-24 13:51:34.400 1528 3462 I thunderperf: CompatConfig.addOverrideUnsafe: aft-state=1
05-24 13:51:34.401 1528 3462 I thunderperf: CompatConfig.addOverrideUnsafe: bef-state=1
05-24 13:51:34.401 1528 3462 E thunderperf: CompatConfig.addOverrideUnsafe: exception:java.lang.SecurityException: Cannot override a change on a non-debuggable app and user build.
05-24 13:51:34.401 1528 3462 I thunderperf: CompatConfig.addOverrideUnsafe: aft-state=1
05-24 13:51:34.402 1528 3462 I thunderperf: CompatConfig.addOverrideUnsafe: bef-state=1
05-24 13:51:34.402 1528 3462 E thunderperf: CompatConfig.addOverrideUnsafe: exception:java.lang.SecurityException: Cannot override a change on a non-debuggable app and user build.
05-24 13:51:34.402 1528 3462 I thunderperf: CompatConfig.addOverrideUnsafe: aft-state=1
05-24 13:51:34.402 1528 3462 I thunderperf: CompatConfig.addOverrideUnsafe: bef-state=1
05-24 13:51:34.402 1528 3462 E thunderperf: CompatConfig.addOverrideUnsafe: exception:java.lang.SecurityException: Cannot override a change on a non-debuggable app and user build.
05-24 13:51:34.402 1528 3462 I thunderperf: CompatConfig.addOverrideUnsafe: aft-state=1
05-24 13:51:34.403 1528 3462 I thunderperf: CompatConfig.addOverrideUnsafe: bef-state=1
05-24 13:51:34.403 1528 3462 E thunderperf: CompatConfig.addOverrideUnsafe: exception:java.lang.SecurityException: Cannot override a change on a non-debuggable app and user build.
05-24 13:51:34.403 1528 3462 I thunderperf: CompatConfig.addOverrideUnsafe: aft-state=1
05-24 13:51:34.404 1528 3462 I thunderperf: CompatConfig.addOverrideUnsafe: bef-state=1
05-24 13:51:34.404 1528 3462 E thunderperf: CompatConfig.addOverrideUnsafe: exception:java.lang.SecurityException: Cannot override a change on a non-debuggable app and user build.
05-24 13:51:34.404 1528 3462 I thunderperf: CompatConfig.addOverrideUnsafe: aft-state=1
05-24 13:51:34.404 1528 3462 I thunderperf: CompatConfig.addOverrideUnsafe: bef-state=1
05-24 13:51:34.405 1528 3462 E thunderperf: CompatConfig.addOverrideUnsafe: exception:java.lang.SecurityException: Cannot override a change on a non-debuggable app and user build.
05-24 13:51:34.405 1528 3462 I thunderperf: CompatConfig.addOverrideUnsafe: aft-state=1
05-24 13:51:34.405 1528 3462 I thunderperf: CompatConfig.addOverrideUnsafe: bef-state=1
05-24 13:51:34.405 1528 3462 E thunderperf: CompatConfig.addOverrideUnsafe: exception:java.lang.SecurityException: Cannot override a change on a non-debuggable app and user build.
