05-24 13:51:34.405 1528 3462 I thunderperf: CompatConfig.addOverrideUnsafe: aft-state=1
05-24 13:51:34.406 1528 3462 I thunderperf: CompatConfig.addOverrideUnsafe: bef-state=1
05-24 13:51:34.406 1528 3462 E thunderperf: CompatConfig.addOverrideUnsafe: exception:java.lang.SecurityException: Cannot override a change on a non-debuggable app and user build.
05-24 13:51:34.406 1528 3462 I thunderperf: CompatConfig.addOverrideUnsafe: aft-state=1
05-24 13:51:34.412 1528 3462 I ActivityTaskManager: START u0 {act=android.intent.action.MAIN cat=[android.intent.category.LAUNCHER] flg=0x10200000 cmp=com.android.settings/.Settings bnds=[2306,740][2508,940]} from uid 10074
05-24 13:51:34.432 1528 5562 I ActivityTaskManager: FOREGROUND_APPLICATION_CHANGED to com.android.settings.homepage.SettingsHomepageActivity
05-24 13:51:34.440 1528 5562 D CompatibilityChangeReporter: Compat change id reported: 181136395; UID 10033; state: DISABLED
05-24 13:51:34.441 1528 5562 D CompatibilityChangeReporter: Compat change id reported: 174042936; UID 10033; state: DISABLED
05-24 13:51:34.470 1528 1682 W BatteryExternalStatsWorker: error reading modem stats:ERROR_PHONE_NOT_AVAILABLE
05-24 13:51:34.485 1528 1682 E KernelCpuSpeedReader: Failed to read cpu-freq: /sys/devices/system/cpu/cpu4/cpufreq/stats/time_in_state: open failed: ENOENT (No such file or directory)
05-24 13:51:34.485 1528 1682 E KernelCpuSpeedReader: Failed to read cpu-freq: /sys/devices/system/cpu/cpu0/cpufreq/stats/time_in_state: open failed: ENOENT (No such file or directory)
05-24 13:51:34.552 1528 1682 W BatteryExternalStatsWorker: error reading modem stats:ERROR_PHONE_NOT_AVAILABLE
05-24 13:51:34.552 1528 1682 E KernelCpuSpeedReader: Failed to read cpu-freq: /sys/devices/system/cpu/cpu4/cpufreq/stats/time_in_state: open failed: ENOENT (No such file or directory)
05-24 13:51:34.552 1528 1682 E KernelCpuSpeedReader: Failed to read cpu-freq: /sys/devices/system/cpu/cpu0/cpufreq/stats/time_in_state: open failed: ENOENT (No such file or directory)
05-24 13:51:34.661 0 0 I : [11266.104594] read descriptors
05-24 13:51:34.661 0 0 I : [11266.104680] read strings
05-24 13:51:35.673 0 0 I : [11267.116680] read descriptors
05-24 13:51:35.673 0 0 I : [11267.116822] read strings
05-24 13:51:35.762 0 0 W [11267.205416] audit: audit_lost=9051 audit_rate_limit=5 audit_backlog_limit=64
05-24 13:51:35.762 0 0 E [11267.205424] audit: rate limit exceeded
05-24 13:51:36.036 1528 2684 I ActivityTaskManager: START u0 {act=android.settings.APP_SEARCH_SETTINGS pkg=com.android.settings.intelligence cmp=com.android.settings.intelligence/.search.SearchActivity (has extras)} from uid 1000
05-24 13:51:36.047 1528 1666 D CompatibilityChangeReporter: Compat change id reported: 135634846; UID 10061; state: DISABLED
05-24 13:51:36.048 1528 1666 D CompatibilityChangeReporter: Compat change id reported: 177438394; UID 10061; state: DISABLED
05-24 13:51:36.048 1528 1666 D CompatibilityChangeReporter: Compat change id reported: 135772972; UID 10061; state: DISABLED
05-24 13:51:36.048 1528 1666 D CompatibilityChangeReporter: Compat change id reported: 135754954; UID 10061; state: DISABLED
05-24 13:51:36.048 1528 1676 D CompatibilityChangeReporter: Compat change id reported: 143937733; UID 10061; state: DISABLED
05-24 13:51:36.050 1528 22256 I ActivityTaskManager: FOREGROUND_APPLICATION_CHANGED to com.android.settings.intelligence.search.SearchActivity
05-24 13:51:36.054 1528 1676 I ActivityManager: Start proc 17095:com.android.settings.intelligence/u0a61 for pre-top-activity {com.android.settings.intelligence/com.android.settings.intelligence.search.SearchActivity}
05-24 13:51:36.054 1528 17096 W ContextImpl: Calling a method in the system process without a qualified user: android.app.ContextImpl.sendBroadcast:1173 com.qualcomm.qti.Performance$SendGameLaunchBroadcast.run:217 java.lang.Thread.run:920
05-24 13:51:36.061 0 0 I [11267.506612] binder: 17095:17095 ioctl 40046210 7fd8e3f594 returned -22
05-24 13:51:36.106 1528 3462 D CompatibilityChangeReporter: Compat change id reported: 158482162; UID 1000; state: ENABLED
05-24 13:51:36.107 1528 3462 D CompatibilityChangeReporter: Compat change id reported: 158482162; UID 1000; state: DISABLED
05-24 13:51:36.201 1528 3462 D CompatibilityChangeReporter: Compat change id reported: 157233955; UID 1000; state: ENABLED
05-24 13:51:36.204 0 0 I [11267.649837] binder: 17095:17114 ioctl 40046210 6e8d33c1f4 returned -22
05-24 13:51:36.692 0 0 I : [11268.137326] read descriptors
05-24 13:51:36.692 0 0 I : [11268.137597] read strings
05-24 13:51:37.457 0 0 W [11268.900646] audit: audit_lost=9086 audit_rate_limit=5 audit_backlog_limit=64
05-24 13:51:37.457 0 0 E [11268.900649] audit: rate limit exceeded
05-24 13:51:37.713 0 0 I : [11269.156664] read descriptors
05-24 13:51:37.713 0 0 I : [11269.156845] read strings
05-24 13:51:37.951 1528 3876 E TaskPersister: File error accessing recents directory (directory doesn't exist?).
05-24 13:51:38.734 0 0 I : [11270.177180] read descriptors
05-24 13:51:38.734 0 0 I : [11270.177379] read strings
05-24 13:51:39.753 0 0 I : [11271.196936] read descriptors
05-24 13:51:39.754 0 0 I : [11271.197074] read strings
05-24 13:51:40.769 0 0 I : [11272.212977] read descriptors
05-24 13:51:40.769 0 0 I : [11272.213097] read strings
05-24 13:51:41.789 0 0 I : [11273.233266] read descriptors
05-24 13:51:41.789 0 0 I : [11273.233469] read strings
05-24 13:51:42.813 0 0 I : [11274.257062] read descriptors
05-24 13:51:42.813 0 0 I : [11274.257252] read strings
05-24 13:51:43.013 1528 15317 I thunderperf: PlatormCompat.setOverrides: Uid1=10061 Pid1=17095 Uid2=10061 Pid2=17095
05-24 13:51:43.013 1528 15317 I thunderperf: PlatormCompat.setOverrides: needCheck:false
05-24 13:51:43.013 1528 15317 W PackageManager: MATCH_ANY_USER flag requires INTERACT_ACROSS_USERS permission: UID 10061 requires android.permission.INTERACT_ACROSS_USERS_FULL or android.permission.INTERACT_ACROSS_USERS to access user 0.
05-24 13:51:43.014 1528 15317 I ActivityTaskManager: START u0 {cmp=com.tc.logclient/.LogClientActivity} from uid 10061
05-24 13:51:43.020 1528 15317 W ActivityTaskManager: Can't find TaskDisplayArea to determine support for multi window. Task id=57 attached=false
05-24 13:51:43.030 1528 22256 I ActivityTaskManager: FOREGROUND_APPLICATION_CHANGED to com.tc.logclient.LogClientActivity
05-24 13:51:43.030 1528 22256 I ActivityTaskManager: The Process com.tc.logclient Already Exists in BG. So sending its PID: 2621
05-24 13:51:43.030 1528 22256 W ActivityTaskManager: Tried to set launchTime (0) < mLastActivityLaunchTime (3588822)
05-24 13:51:43.037 0 0 W [11274.483122] audit: audit_lost=9096 audit_rate_limit=5 audit_backlog_limit=64
05-24 13:51:43.037 0 0 E [11274.483124] audit: rate limit exceeded
05-24 13:51:43.045 2621 2621 W ContextImpl: Calling a method in the system process without a qualified user: android.app.ContextImpl.startService:1816 android.content.ContextWrapper.startService:774 android.content.ContextWrapper.startService:774 com.tc.logclient.LogZipService.start:38 com.tc.logclient.LogClientFragment.onCreate:123
05-24 13:51:43.366 2621 2621 W ContextImpl: Calling a method in the system process without a qualified user: android.app.ContextImpl.startService:1816 android.content.ContextWrapper.startService:774 android.content.ContextWrapper.startService:774 com.tc.logclient.LogZipService.start:38 com.tc.logclient.LogClientFragment$1.run:174
05-24 13:51:43.829 0 0 I : [11275.276181] read descriptors
05-24 13:51:43.829 0 0 I : [11275.276206] read strings
05-24 13:51:44.085 0 0 W [11275.530081] audit: audit_lost=9130 audit_rate_limit=5 audit_backlog_limit=64
05-24 13:51:44.085 0 0 E [11275.530084] audit: rate limit exceeded
05-24 13:51:44.842 0 0 I : [11276.288159] read descriptors
05-24 13:51:44.842 0 0 I : [11276.288182] read strings
05-24 13:51:45.872 0 0 I : [11277.317827] read descriptors
05-24 13:51:45.873 0 0 I : [11277.318031] read strings
05-24 13:51:46.899 0 0 I : [11278.345210] read descriptors
05-24 13:51:46.900 0 0 I : [11278.345405] read strings
05-24 13:51:47.929 0 0 I : [11279.373414] read descriptors
05-24 13:51:47.929 0 0 I : [11279.373605] read strings
05-24 13:51:48.953 0 0 I : [11280.397251] read descriptors
05-24 13:51:48.953 0 0 I : [11280.397442] read strings
05-24 13:51:49.977 0 0 W [11281.421528] audit: audit_lost=9139 audit_rate_limit=5 audit_backlog_limit=64
05-24 13:51:49.977 0 0 E [11281.421532] audit: rate limit exceeded
05-24 13:51:50.013 0 0 I : [11281.459328] read descriptors
05-24 13:51:50.013 0 0 I : [11281.459439] read strings
05-24 13:51:51.053 0 0 I : [11282.496881] read descriptors
05-24 13:51:51.053 0 0 I : [11282.496967] read strings
05-24 13:51:51.205 0 0 I [11282.649674] init: processing action (persist.sys.tlog.active=1) from (/system/etc/init/tlogd.rc:96)
05-24 13:51:52.065 0 0 I : [11283.509908] read descriptors
05-24 13:51:52.065 0 0 I : [11283.510124] read strings
05-24 13:51:52.128 0 0 W [11283.568593] audit: audit_lost=9160 audit_rate_limit=5 audit_backlog_limit=64
05-24 13:51:52.128 0 0 E [11283.568653] audit: rate limit exceeded
05-24 13:51:53.086 0 0 I : [11284.529297] read descriptors
05-24 13:51:53.086 0 0 I : [11284.529412] read strings
05-24 13:51:54.133 0 0 I : [11285.576559] read descriptors
05-24 13:51:54.133 0 0 I : [11285.576656] read strings
05-24 13:51:55.153 0 0 I : [11286.596697] read descriptors
05-24 13:51:55.153 0 0 I : [11286.596789] read strings
05-24 13:51:55.265 0 0 W [11286.710091] audit: audit_lost=9179 audit_rate_limit=5 audit_backlog_limit=64
05-24 13:51:55.265 0 0 E [11286.710094] audit: rate limit exceeded
05-24 13:51:56.178 0 0 I : [11287.620891] read descriptors
05-24 13:51:56.178 0 0 I : [11287.621108] read strings
05-24 13:51:57.205 0 0 I : [11288.648510] read descriptors
05-24 13:51:57.205 0 0 I : [11288.648595] read strings
05-24 13:51:57.205 0 0 W [11288.650218] audit: audit_lost=9199 audit_rate_limit=5 audit_backlog_limit=64
05-24 13:51:57.205 0 0 E [11288.650221] audit: rate limit exceeded
05-24 13:51:58.225 0 0 I : [11289.669882] read descriptors
05-24 13:51:58.225 0 0 I : [11289.670160] read strings
05-24 13:51:58.235 0 0 W [11289.680075] audit: audit_lost=9209 audit_rate_limit=5 audit_backlog_limit=64
05-24 13:51:58.235 0 0 E [11289.680080] audit: rate limit exceeded
05-24 13:51:59.261 0 0 I : [11290.704955] read descriptors
05-24 13:51:59.262 0 0 I : [11290.705065] read strings
05-24 13:52:00.183 0 0 W [11291.627174] audit: audit_lost=9217 audit_rate_limit=5 audit_backlog_limit=64
05-24 13:52:00.183 0 0 E [11291.627177] audit: rate limit exceeded
05-24 13:52:00.281 0 0 I : [11291.725648] read descriptors
05-24 13:52:00.281 0 0 I : [11291.725805] read strings
05-24 13:52:01.312 0 0 I : [11292.754039] read descriptors
05-24 13:52:01.312 0 0 I : [11292.754147] read strings
05-24 13:52:01.325 0 0 W [11292.769135] audit: audit_lost=9227 audit_rate_limit=5 audit_backlog_limit=64
05-24 13:52:01.326 0 0 E [11292.769138] audit: rate limit exceeded
05-24 13:52:02.333 0 0 I : [11293.776911] read descriptors
05-24 13:52:02.334 0 0 I : [11293.777117] read strings
05-24 13:52:03.257 0 0 W [11294.700778] audit: audit_lost=9236 audit_rate_limit=5 audit_backlog_limit=64
05-24 13:52:03.257 0 0 E [11294.700782] audit: rate limit exceeded
05-24 13:52:03.353 0 0 I : [11294.796558] read descriptors
05-24 13:52:03.353 0 0 I : [11294.796676] read strings
05-24 13:52:04.381 0 0 I : [11295.824650] read descriptors
05-24 13:52:04.381 0 0 I : [11295.824829] read strings
05-24 13:52:05.202 0 0 W [11296.647097] audit: audit_lost=9258 audit_rate_limit=5 audit_backlog_limit=64
05-24 13:52:05.202 0 0 E [11296.647100] audit: rate limit exceeded
05-24 13:52:05.398 0 0 I : [11296.840892] read descriptors
05-24 13:52:05.398 0 0 I : [11296.841105] read strings
05-24 13:52:06.413 0 0 I : [11297.856864] read descriptors
05-24 13:52:06.414 0 0 I : [11297.857067] read strings
05-24 13:52:07.433 0 0 I : [11298.876914] read descriptors
05-24 13:52:07.433 0 0 I : [11298.877131] read strings
05-24 13:52:08.453 0 0 I : [11299.896815] read descriptors
05-24 13:52:08.453 0 0 I : [11299.897015] read strings
05-24 13:52:09.469 0 0 I : [11300.912831] read descriptors
05-24 13:52:09.470 0 0 I : [11300.913060] read strings
05-24 13:52:10.237 0 0 W [11301.682422] audit: audit_lost=9268 audit_rate_limit=5 audit_backlog_limit=64
05-24 13:52:10.237 0 0 E [11301.682426] audit: rate limit exceeded
05-24 13:52:10.489 0 0 I : [11301.932996] read descriptors
05-24 13:52:10.489 0 0 I : [11301.933196] read strings
05-24 13:52:11.506 0 0 I : [11302.949251] read descriptors
05-24 13:52:11.506 0 0 I : [11302.949481] read strings
05-24 13:52:12.273 0 0 W [11303.716738] audit: audit_lost=9289 audit_rate_limit=5 audit_backlog_limit=64
05-24 13:52:12.273 0 0 E [11303.716741] audit: rate limit exceeded
05-24 13:52:12.521 0 0 I : [11303.965177] read descriptors
05-24 13:52:12.521 0 0 I : [11303.965393] read strings
05-24 13:52:13.541 0 0 I : [11304.984933] read descriptors
05-24 13:52:13.542 0 0 I : [11304.985150] read strings
05-24 13:52:14.557 0 0 I : [11306.000753] read descriptors
05-24 13:52:14.558 0 0 I : [11306.000932] read strings
05-24 13:52:15.574 0 0 I : [11307.016820] read descriptors
05-24 13:52:15.574 0 0 I : [11307.017033] read strings
05-24 13:52:16.593 0 0 I : [11308.037432] read descriptors
05-24 13:52:16.593 0 0 I : [11308.037645] read strings
05-24 13:52:17.289 0 0 W [11308.735577] audit: audit_lost=9299 audit_rate_limit=5 audit_backlog_limit=64
05-24 13:52:17.289 0 0 E [11308.735582] audit: rate limit exceeded
05-24 13:52:17.625 0 0 I : [11309.068762] read descriptors
05-24 13:52:17.625 0 0 I : [11309.068957] read strings
05-24 13:52:18.333 0 0 W [11309.778536] audit: audit_lost=9306 audit_rate_limit=5 audit_backlog_limit=64
05-24 13:52:18.333 0 0 E [11309.778540] audit: rate limit exceeded
05-24 13:52:18.641 0 0 I : [11310.085226] read descriptors
05-24 13:52:18.642 0 0 I : [11310.085440] read strings
05-24 13:52:19.661 0 0 I : [11311.104765] read descriptors
05-24 13:52:19.661 0 0 I : [11311.104923] read strings
05-24 13:52:20.687 0 0 I : [11312.130916] read descriptors
05-24 13:52:20.687 0 0 I : [11312.131129] read strings
05-24 13:52:21.709 0 0 I : [11313.153120] read descriptors
05-24 13:52:21.710 0 0 I : [11313.153337] read strings
05-24 13:52:22.729 0 0 I : [11314.172941] read descriptors
05-24 13:52:22.729 0 0 I : [11314.173150] read strings
05-24 13:52:23.341 0 0 W [11314.785645] audit: audit_lost=9328 audit_rate_limit=5 audit_backlog_limit=64
05-24 13:52:23.341 0 0 E [11314.785648] audit: rate limit exceeded
05-24 13:52:23.755 0 0 I : [11315.196612] read descriptors
05-24 13:52:23.755 0 0 I : [11315.196768] read strings
05-24 13:52:23.762 2621 2621 W ContextImpl: Calling a method in the system process without a qualified user: android.app.ContextImpl.startService:1816 android.content.ContextWrapper.startService:774 android.content.ContextWrapper.startService:774 com.tc.logclient.LogZipService.start:38 com.tc.logclient.LogClientFragment.startingLog:454
05-24 13:52:23.764 2621 2621 W ContextImpl: Calling a method in the system process without a qualified user: android.app.ContextImpl.startService:1816 android.content.ContextWrapper.startService:774 android.content.ContextWrapper.startService:774 com.tc.logclient.LogClientFragment.startingLog:459 com.tc.logclient.LogClientFragment.onClick:308
05-24 13:52:23.769 0 0 I [11315.214593] init: processing action (sys.tlog.android.active=1) from (/system/etc/init/tlogd.rc:122)
05-24 13:52:23.770 0 0 I [11315.215251] init: starting service 'tlogManual'...
05-24 13:52:23.773 0 0 I [11315.218078] init: Created socket '/dev/socket/tlogd_manual', mode 666, user 1000, group 1000
05-24 13:52:23.781 0 0 I [11315.224577] init: processing action (sys.tlog.tcpdump.active=1) from (/system/etc/init/tlogd.rc:109)
05-24 13:52:23.781 0 0 I [11315.224824] init: starting service 'tlogTcpdump'...
05-24 13:52:23.785 0 0 I [11315.229391] init: processing action (sys.tlog.qxdm.active=1) from (/system/etc/init/tlogd.rc:116)
05-24 13:52:23.785 0 0 I [11315.229646] init: starting service 'tlogQxdmStart'...
05-24 13:52:23.783 1528 2185 I GameModeConfig: isGameModeOn = false
05-24 13:52:23.783 1528 2185 I GameModeConfig: isGameModeOn = false
05-24 13:52:23.783 1528 2185 I GameModeConfig: isGameModeOn = false
05-24 13:52:23.783 1528 2185 I GameModeConfig: isGameModeOn = false
05-24 13:52:23.790 0 0 I [11315.234267] init: processing action (sys.tlog.bluetooth.active=1) from (/system/etc/init/tlogd.rc:161)
05-24 13:52:23.790 0 0 I [11315.235092] init: starting service 'tlogdBluetooth'...
05-24 13:52:23.815 0 0 I [11315.259647] logd: logdr: UID=1000 GID=1000 PID=17389 b tail=0 logMask=9f pid=0 start=0ns deadline=0ns
05-24 13:52:23.815 0 0 I [11315.260011] init: Service 'tlogdBluetooth' (pid 17392) exited with status 1 oneshot service took 0.022000 seconds in background
05-24 13:52:23.815 0 0 I [11315.261616] binder: 17389:17396 ioctl 40046210 749d6eef04 returned -22
05-24 13:52:23.985 1528 1528 I GameModeConfig: isGameModeOn = false
05-24 13:52:23.987 1528 1528 W NotificationHistory: Attempted to add notif for locked/gone/disabled user 0
05-24 13:52:24.297 0 0 W [11315.740799] logd: Skipping entries from slow reader, pid 17389, fd 18, from LogBuffer::Prune()
05-24 13:52:24.781 0 0 I : [11316.225443] read descriptors
05-24 13:52:24.781 0 0 I : [11316.225528] read strings
05-24 13:52:25.375 1528 2698 I ActivityTaskManager: FOREGROUND_APPLICATION_CHANGED to com.android.launcher3.uioverrides.QuickstepLauncher
05-24 13:52:25.419 0 0 W [11316.878693] audit: audit_lost=9350 audit_rate_limit=5 audit_backlog_limit=64
05-24 13:52:25.419 0 0 E [11316.878698] audit: rate limit exceeded
05-24 13:52:25.799 0 0 I : [11317.257088] read descriptors
05-24 13:52:25.799 0 0 I : [11317.257167] read strings
05-24 13:52:26.819 0 0 I : [11318.276593] read descriptors
05-24 13:52:26.819 0 0 I : [11318.276701] read strings
05-24 13:52:26.976 0 0 W [11318.437472] audit: audit_lost=9369 audit_rate_limit=5 audit_backlog_limit=64
05-24 13:52:26.976 0 0 E [11318.437478] audit: rate limit exceeded
05-24 13:52:27.005 2571 17409 W ContextImpl: Calling a method in the system process without a qualified user: android.app.ContextImpl.sendBroadcast:1173 android.content.ContextWrapper.sendBroadcast:479 com.thundercomm.microsettings.action.SetTimeAction.timeUpdated:212 com.thundercomm.microsettings.action.SetTimeAction.update24HourFormat:194 com.thundercomm.microsettings.action.SetTimeAction.doActualAction:154
05-24 13:52:27.014 1528 1528 D DevicePolicyManager: updateSystemUpdateFreezePeriodsRecord
05-24 13:52:27.014 1528 1528 D ConditionProviders.SCP: onReceive android.intent.action.TIME_SET
05-24 13:52:27.015 1528 1528 D ConditionProviders.SCP: evaluateSubscriptionLocked cal=ScheduleCalendar[mDays={1, 2, 3, 4, 5, 6, 7}, mSchedule=ScheduleInfo{days=[1, 2, 3, 4, 5, 6, 7], startHour=22, startMinute=0, endHour=7, endMinute=0, exitAtAlarm=true, nextAlarm=Thu Jan 01 08:00:00 GMT+08:00 1970 (0)}], now=Wed May 24 13:52:27 GMT+08:00 2023 (1684907547014), nextUserAlarmTime=Thu Jan 01 08:00:00 GMT+08:00 1970 (0)
05-24 13:52:27.015 1528 1528 D ConditionProviders.SCP: notifyCondition condition://android/schedule?days=1.2.3.4.5.6.7&start=22.0&end=7.0&exitAtAlarm=true STATE_FALSE reason=!meetsSchedule
05-24 13:52:27.016 1528 1528 D ConditionProviders.SCP: Scheduling evaluate for Wed May 24 22:00:00 GMT+08:00 2023 (1684936800000), in +8h7m32s986ms, now=Wed May 24 13:52:27 GMT+08:00 2023 (1684907547014)
05-24 13:52:27.859 0 0 I : [11319.316506] read descriptors
05-24 13:52:27.859 0 0 I : [11319.316595] read strings
05-24 13:52:28.356 0 0 W [11319.812325] audit: audit_lost=9384 audit_rate_limit=5 audit_backlog_limit=64
05-24 13:52:28.357 0 0 E [11319.812334] audit: rate limit exceeded
05-24 13:52:28.875 0 0 I : [11320.332784] read descriptors
05-24 13:52:28.875 0 0 I : [11320.332986] read strings
05-24 13:52:29.375 0 0 W [11320.834942] audit: audit_lost=9394 audit_rate_limit=5 audit_backlog_limit=64
05-24 13:52:29.376 0 0 E [11320.834946] audit: rate limit exceeded
05-24 13:52:29.919 0 0 I : [11321.376763] read descriptors
05-24 13:52:29.919 0 0 I : [11321.376863] read strings
05-24 13:52:30.411 0 0 W [11321.871357] audit: audit_lost=9403 audit_rate_limit=5 audit_backlog_limit=64
05-24 13:52:30.411 0 0 E [11321.871365] audit: rate limit exceeded
05-24 13:52:30.939 0 0 I : [11322.397095] read descriptors
05-24 13:52:30.940 0 0 I : [11322.397301] read strings
05-24 13:52:31.963 0 0 I : [11323.421188] read descriptors
05-24 13:52:31.963 0 0 I : [11323.421446] read strings
05-24 13:52:32.337 0 0 W [11323.794961] audit: audit_lost=9424 audit_rate_limit=5 audit_backlog_limit=64
05-24 13:52:32.337 0 0 E [11323.794968] audit: rate limit exceeded
05-24 13:52:32.979 0 0 I : [11324.437152] read descriptors
05-24 13:52:32.979 0 0 I : [11324.437348] read strings
05-24 13:52:33.999 0 0 I : [11325.457149] read descriptors
05-24 13:52:33.999 0 0 I : [11325.457344] read strings
05-24 13:52:34.000 1528 2185 I GameModeConfig: isGameModeOn = false
05-24 13:52:35.027 0 0 I : [11326.484849] read descriptors
05-24 13:52:35.027 0 0 I : [11326.484979] read strings
05-24 13:52:36.047 0 0 I : [11327.505121] read descriptors
05-24 13:52:36.047 0 0 I : [11327.505313] read strings
05-24 13:52:37.079 0 0 I : [11328.537620] read descriptors
05-24 13:52:37.079 0 0 I : [11328.537750] read strings
05-24 13:52:38.095 0 0 I : [11329.553136] read descriptors
05-24 13:52:38.095 0 0 I : [11329.553255] read strings
05-24 13:52:39.119 0 0 I : [11330.577205] read descriptors
05-24 13:52:39.119 0 0 I : [11330.577398] read strings
05-24 13:52:40.139 0 0 I : [11331.597094] read descriptors
05-24 13:52:40.140 0 0 I : [11331.597292] read strings
05-24 13:52:41.163 0 0 I : [11332.621747] read descriptors
05-24 13:52:41.163 0 0 I : [11332.621949] read strings
05-24 13:52:41.480 1528 10039 I thunderperf: PlatormCompat.setOverrides: Uid1=10074 Pid1=2838 Uid2=10074 Pid2=2838
05-24 13:52:41.480 1528 10039 I thunderperf: PlatormCompat.setOverrides: needCheck:false
05-24 13:52:41.481 1528 10039 I thunderperf: CompatConfig.addOverrideUnsafe: bef-state=1
05-24 13:52:41.481 1528 10039 E thunderperf: CompatConfig.addOverrideUnsafe: exception:java.lang.SecurityException: Cannot override a change on a non-debuggable app and user build.
05-24 13:52:41.481 1528 10039 I thunderperf: CompatConfig.addOverrideUnsafe: aft-state=1
05-24 13:52:41.482 1528 10039 I thunderperf: CompatConfig.addOverrideUnsafe: bef-state=1
05-24 13:52:41.482 1528 10039 E thunderperf: CompatConfig.addOverrideUnsafe: exception:java.lang.SecurityException: Cannot override a change on a non-debuggable app and user build.
05-24 13:52:41.482 1528 10039 I thunderperf: CompatConfig.addOverrideUnsafe: aft-state=1
05-24 13:52:41.483 1528 10039 I thunderperf: CompatConfig.addOverrideUnsafe: bef-state=1
05-24 13:52:41.483 1528 10039 E thunderperf: CompatConfig.addOverrideUnsafe: exception:java.lang.SecurityException: Cannot override a change on a non-debuggable app and user build.
05-24 13:52:41.483 1528 10039 I thunderperf: CompatConfig.addOverrideUnsafe: aft-state=1
05-24 13:52:41.484 1528 10039 I thunderperf: CompatConfig.addOverrideUnsafe: bef-state=1
05-24 13:52:41.484 1528 10039 E thunderperf: CompatConfig.addOverrideUnsafe: exception:java.lang.SecurityException: Cannot override a change on a non-debuggable app and user build.
05-24 13:52:41.484 1528 10039 I thunderperf: CompatConfig.addOverrideUnsafe: aft-state=1
05-24 13:52:41.485 1528 10039 I thunderperf: CompatConfig.addOverrideUnsafe: bef-state=1
05-24 13:52:41.485 1528 10039 E thunderperf: CompatConfig.addOverrideUnsafe: exception:java.lang.SecurityException: Cannot override a change on a non-debuggable app and user build.
05-24 13:52:41.485 1528 10039 I thunderperf: CompatConfig.addOverrideUnsafe: aft-state=1
05-24 13:52:41.485 1528 10039 I thunderperf: CompatConfig.addOverrideUnsafe: bef-state=1
05-24 13:52:41.486 1528 10039 E thunderperf: CompatConfig.addOverrideUnsafe: exception:java.lang.SecurityException: Cannot override a change on a non-debuggable app and user build.
05-24 13:52:41.486 1528 10039 I thunderperf: CompatConfig.addOverrideUnsafe: aft-state=1
05-24 13:52:41.486 1528 10039 I thunderperf: CompatConfig.addOverrideUnsafe: bef-state=1
05-24 13:52:41.486 1528 10039 E thunderperf: CompatConfig.addOverrideUnsafe: exception:java.lang.SecurityException: Cannot override a change on a non-debuggable app and user build.
05-24 13:52:41.486 1528 10039 I thunderperf: CompatConfig.addOverrideUnsafe: aft-state=1
05-24 13:52:41.487 1528 10039 I thunderperf: CompatConfig.addOverrideUnsafe: bef-state=1
05-24 13:52:41.487 1528 10039 E thunderperf: CompatConfig.addOverrideUnsafe: exception:java.lang.SecurityException: Cannot override a change on a non-debuggable app and user build.
05-24 13:52:41.487 1528 10039 I thunderperf: CompatConfig.addOverrideUnsafe: aft-state=1
05-24 13:52:41.487 1528 10039 I thunderperf: CompatConfig.addOverrideUnsafe: bef-state=1
05-24 13:52:41.488 1528 10039 E thunderperf: CompatConfig.addOverrideUnsafe: exception:java.lang.SecurityException: Cannot override a change on a non-debuggable app and user build.
05-24 13:52:41.488 1528 10039 I thunderperf: CompatConfig.addOverrideUnsafe: aft-state=1
05-24 13:52:41.488 1528 10039 I thunderperf: CompatConfig.addOverrideUnsafe: bef-state=1
05-24 13:52:41.488 1528 10039 E thunderperf: CompatConfig.addOverrideUnsafe: exception:java.lang.SecurityException: Cannot override a change on a non-debuggable app and user build.
05-24 13:52:41.488 1528 10039 I thunderperf: CompatConfig.addOverrideUnsafe: aft-state=1
05-24 13:52:41.489 1528 10039 I thunderperf: CompatConfig.addOverrideUnsafe: bef-state=1
05-24 13:52:41.489 1528 10039 E thunderperf: CompatConfig.addOverrideUnsafe: exception:java.lang.SecurityException: Cannot override a change on a non-debuggable app and user build.
05-24 13:52:41.489 1528 10039 I thunderperf: CompatConfig.addOverrideUnsafe: aft-state=1
05-24 13:52:41.489 1528 10039 I thunderperf: CompatConfig.addOverrideUnsafe: bef-state=1
05-24 13:52:41.489 1528 10039 E thunderperf: CompatConfig.addOverrideUnsafe: exception:java.lang.SecurityException: Cannot override a change on a non-debuggable app and user build.
05-24 13:52:41.489 1528 10039 I thunderperf: CompatConfig.addOverrideUnsafe: aft-state=1
05-24 13:52:41.490 1528 10039 I thunderperf: CompatConfig.addOverrideUnsafe: bef-state=1
05-24 13:52:41.490 1528 10039 E thunderperf: CompatConfig.addOverrideUnsafe: exception:java.lang.SecurityException: Cannot override a change on a non-debuggable app and user build.
05-24 13:52:41.490 1528 10039 I thunderperf: CompatConfig.addOverrideUnsafe: aft-state=1
05-24 13:52:41.490 1528 10039 I thunderperf: CompatConfig.addOverrideUnsafe: bef-state=1
05-24 13:52:41.491 1528 10039 E thunderperf: CompatConfig.addOverrideUnsafe: exception:java.lang.SecurityException: Cannot override a change on a non-debuggable app and user build.
05-24 13:52:41.491 1528 10039 I thunderperf: CompatConfig.addOverrideUnsafe: aft-state=1
05-24 13:52:41.496 1528 10039 I ActivityTaskManager: START u0 {act=android.intent.action.MAIN cat=[android.intent.category.LAUNCHER] flg=0x10200000 cmp=com.android.settings/.Settings bnds=[2306,740][2508,940]} from uid 10074
05-24 13:52:41.524 1528 22252 I ActivityTaskManager: FOREGROUND_APPLICATION_CHANGED to com.android.settings.homepage.SettingsHomepageActivity
05-24 13:52:41.528 1528 22252 D CompatibilityChangeReporter: Compat change id reported: 174042980; UID 10061; state: DISABLED
05-24 13:52:41.529 1528 22252 D CompatibilityChangeReporter: Compat change id reported: 184838306; UID 10061; state: DISABLED
05-24 13:52:41.529 1528 22252 D CompatibilityChangeReporter: Compat change id reported: 185004937; UID 10061; state: DISABLED
05-24 13:52:41.530 1528 22252 D CompatibilityChangeReporter: Compat change id reported: 181136395; UID 10061; state: DISABLED
05-24 13:52:41.530 1528 22252 D CompatibilityChangeReporter: Compat change id reported: 174042936; UID 10061; state: DISABLED
05-24 13:52:41.545 1528 1674 W UsageStatsService: Unexpected activity event reported! (com.android.settings.intelligence/com.android.settings.intelligence.search.SearchActivity event : 23 instanceId : 136294530)
05-24 13:52:41.608 0 0 W [11333.066014] audit: audit_lost=9434 audit_rate_limit=5 audit_backlog_limit=64
05-24 13:52:41.608 0 0 E [11333.066018] audit: rate limit exceeded
05-24 13:52:42.183 0 0 I : [11333.640798] read descriptors
05-24 13:52:42.183 0 0 I : [11333.640998] read strings
05-24 13:52:43.203 0 0 I : [11334.660935] read descriptors
05-24 13:52:43.203 0 0 I : [11334.661105] read strings
05-24 13:52:44.195 0 0 W [11335.655765] audit: audit_lost=9453 audit_rate_limit=5 audit_backlog_limit=64
05-24 13:52:44.195 0 0 E [11335.655774] audit: rate limit exceeded
05-24 13:52:44.223 0 0 I : [11335.680563] read descriptors
05-24 13:52:44.223 0 0 I : [11335.680662] read strings
05-24 13:52:45.045 1528 3876 E TaskPersister: File error accessing recents directory (directory doesn't exist?).
05-24 13:52:45.235 0 0 I : [11336.693189] read descriptors
05-24 13:52:45.235 0 0 I : [11336.693403] read strings
05-24 13:52:45.575 0 0 W [11337.032676] audit: audit_lost=9472 audit_rate_limit=5 audit_backlog_limit=64
05-24 13:52:45.575 0 0 E [11337.032679] audit: rate limit exceeded
05-24 13:52:46.258 0 0 I : [11337.712509] read descriptors
05-24 13:52:46.258 0 0 I : [11337.712617] read strings
05-24 13:52:46.595 0 0 W [11338.052684] audit: audit_lost=9494 audit_rate_limit=5 audit_backlog_limit=64
05-24 13:52:46.595 0 0 E [11338.052687] audit: rate limit exceeded
05-24 13:52:46.697 1528 22256 I MicroServiceManager: requestResult(setVolume) parameters is{"functionInfo":{"IDCM_VolumeValue_Media":"30"}}.
05-24 13:52:47.267 0 0 I : [11338.725151] read descriptors
05-24 13:52:47.268 0 0 I : [11338.725361] read strings
05-24 13:52:48.287 0 0 I : [11339.745431] read descriptors
05-24 13:52:48.288 0 0 I : [11339.745641] read strings
05-24 13:52:48.483 1528 2684 I MicroServiceManager: requestResult(setVolume) parameters is{"functionInfo":{"IDCM_VolumeValue_Media":"32"}}.
05-24 13:52:48.525 1528 10039 I MicroServiceManager: requestResult(setVolume) parameters is{"functionInfo":{"IDCM_VolumeValue_Media":"36"}}.
05-24 13:52:49.311 0 0 I : [11340.769536] read descriptors
05-24 13:52:49.311 0 0 I : [11340.769800] read strings
05-24 13:52:49.428 1528 9633 I MicroServiceManager: requestResult(setVolume) parameters is{"functionInfo":{"IDCM_VolumeValue_Media":"38"}}.
05-24 13:52:50.327 0 0 I : [11341.785382] read descriptors
05-24 13:52:50.327 0 0 I : [11341.785585] read strings
05-24 13:52:51.351 0 0 I : [11342.809451] read descriptors
05-24 13:52:51.351 0 0 I : [11342.809659] read strings
05-24 13:52:52.375 0 0 I : [11343.833110] read descriptors
05-24 13:52:52.375 0 0 I : [11343.833311] read strings
05-24 13:52:52.788 1528 19621 I MicroServiceManager: requestResult(setVolume) parameters is{"functionInfo":{"IDCM_VolumeValue_Media":"39"}}.
05-24 13:52:53.395 0 0 I : [11344.853275] read descriptors
05-24 13:52:53.395 0 0 I : [11344.853484] read strings
05-24 13:52:54.415 0 0 I : [11345.872860] read descriptors
05-24 13:52:54.415 0 0 I : [11345.873058] read strings
05-24 13:52:55.427 0 0 I : [11346.884923] read descriptors
05-24 13:52:55.427 0 0 I : [11346.885137] read strings
05-24 13:52:55.682 1528 22252 I MicroServiceManager: requestResult(setVolume) parameters is{"functionInfo":{"IDCM_VolumeValue_Media":"37"}}.
05-24 13:52:56.459 0 0 I : [11347.917446] read descriptors
05-24 13:52:56.459 0 0 I : [11347.917545] read strings
05-24 13:52:56.695 1528 2699 I MicroServiceManager: requestResult(setVolume) parameters is{"functionInfo":{"IDCM_VolumeValue_Media":"35"}}.
05-24 13:52:57.515 0 0 I : [11348.972724] read descriptors
05-24 13:52:57.515 0 0 I : [11348.972827] read strings
05-24 13:52:57.796 1528 19621 I MicroServiceManager: requestResult(setVolume) parameters is{"functionInfo":{"IDCM_VolumeValue_Media":"33"}}.
05-24 13:52:58.543 0 0 I : [11350.001184] read descriptors
05-24 13:52:58.543 0 0 I : [11350.001281] read strings
05-24 13:52:58.741 1528 2165 I MicroServiceManager: requestResult(setVolume) parameters is{"functionInfo":{"IDCM_VolumeValue_Media":"31"}}.
05-24 13:52:59.563 0 0 I : [11351.020657] read descriptors
05-24 13:52:59.563 0 0 I : [11351.020852] read strings
05-24 13:52:59.700 1528 10045 I MicroServiceManager: requestResult(setVolume) parameters is{"functionInfo":{"IDCM_VolumeValue_Media":"29"}}.
05-24 13:53:00.583 0 0 I : [11352.040808] read descriptors
05-24 13:53:00.583 0 0 I : [11352.041016] read strings
05-24 13:53:00.845 1528 10039 I MicroServiceManager: requestResult(setVolume) parameters is{"functionInfo":{"IDCM_VolumeValue_Media":"27"}}.
05-24 13:53:01.607 0 0 I : [11353.066364] read descriptors
05-24 13:53:01.607 0 0 I : [11353.066564] read strings
05-24 13:53:01.731 1528 10045 I MicroServiceManager: requestResult(setVolume) parameters is{"functionInfo":{"IDCM_VolumeValue_Media":"25"}}.
05-24 13:53:02.627 0 0 I : [11354.087230] read descriptors
05-24 13:53:02.628 0 0 I : [11354.087439] read strings
05-24 13:53:02.818 1528 22252 I MicroServiceManager: requestResult(setVolume) parameters is{"functionInfo":{"IDCM_VolumeValue_Media":"23"}}.
05-24 13:53:03.659 0 0 I : [11355.118337] read descriptors
05-24 13:53:03.659 0 0 I : [11355.118451] read strings
05-24 13:53:03.701 1528 8862 I MicroServiceManager: requestResult(setVolume) parameters is{"functionInfo":{"IDCM_VolumeValue_Media":"21"}}.
05-24 13:53:04.679 0 0 I : [11356.137202] read descriptors
05-24 13:53:04.679 0 0 I : [11356.137422] read strings
05-24 13:53:04.879 1528 22252 I MicroServiceManager: requestResult(setVolume) parameters is{"functionInfo":{"IDCM_VolumeValue_Media":"19"}}.
05-24 13:53:05.699 0 0 I : [11357.157057] read descriptors
05-24 13:53:05.699 0 0 I : [11357.157252] read strings
05-24 13:53:05.790 1528 10045 I MicroServiceManager: requestResult(setVolume) parameters is{"functionInfo":{"IDCM_VolumeValue_Media":"17"}}.
05-24 13:53:06.719 0 0 I : [11358.176770] read descriptors
05-24 13:53:06.719 0 0 I : [11358.176969] read strings
05-24 13:53:06.915 1528 22252 I MicroServiceManager: requestResult(setVolume) parameters is{"functionInfo":{"IDCM_VolumeValue_Media":"15"}}.
05-24 13:53:07.743 1528 10045 I MicroServiceManager: requestResult(setVolume) parameters is{"functionInfo":{"IDCM_VolumeValue_Media":"13"}}.
05-24 13:53:07.747 0 0 I : [11359.207236] read descriptors
05-24 13:53:07.747 0 0 I : [11359.207317] read strings
05-24 13:53:08.767 0 0 I : [11360.224702] read descriptors
05-24 13:53:08.767 0 0 I : [11360.224899] read strings
05-24 13:53:08.963 1528 22252 I MicroServiceManager: requestResult(setVolume) parameters is{"functionInfo":{"IDCM_VolumeValue_Media":"11"}}.
05-24 13:53:09.783 0 0 I : [11361.240756] read descriptors
05-24 13:53:09.783 0 0 I : [11361.240961] read strings
05-24 13:53:09.918 1528 8941 I MicroServiceManager: requestResult(setVolume) parameters is{"functionInfo":{"IDCM_VolumeValue_Media":"11"}}.
05-24 13:53:10.803 0 0 I : [11362.261340] read descriptors
05-24 13:53:10.803 0 0 I : [11362.261530] read strings
05-24 13:53:10.911 1528 22252 I MicroServiceManager: requestResult(setVolume) parameters is{"functionInfo":{"IDCM_VolumeValue_Media":"9"}}.
05-24 13:53:11.762 1528 10039 I MicroServiceManager: requestResult(setVolume) parameters is{"functionInfo":{"IDCM_VolumeValue_Media":"7"}}.
05-24 13:53:11.831 0 0 I : [11363.291438] read descriptors
05-24 13:53:11.831 0 0 I : [11363.291515] read strings
05-24 13:53:12.851 0 0 I : [11364.310533] read descriptors
05-24 13:53:12.851 0 0 I : [11364.310748] read strings
05-24 13:53:12.881 1528 15317 I MicroServiceManager: requestResult(setVolume) parameters is{"functionInfo":{"IDCM_VolumeValue_Media":"5"}}.
05-24 13:53:13.875 0 0 I : [11365.332913] read descriptors
05-24 13:53:13.875 0 0 I : [11365.333114] read strings
05-24 13:53:13.881 1528 19621 I MicroServiceManager: requestResult(setVolume) parameters is{"functionInfo":{"IDCM_VolumeValue_Media":"3"}}.
05-24 13:53:14.715 1528 15317 I MicroServiceManager: requestResult(setVolume) parameters is{"functionInfo":{"IDCM_VolumeValue_Media":"1"}}.
05-24 13:53:14.887 0 0 I : [11366.344871] read descriptors
05-24 13:53:14.887 0 0 I : [11366.345160] read strings
05-24 13:53:15.763 1528 22252 I MicroServiceManager: requestResult(setVolume) parameters is{"functionInfo":{"IDCM_VolumeValue_Media":"0"}}.
05-24 13:53:15.907 0 0 I : [11367.365542] read descriptors
05-24 13:53:15.907 0 0 I : [11367.365689] read strings
05-24 13:53:16.880 0 0 W [11368.338067] audit: audit_lost=9516 audit_rate_limit=5 audit_backlog_limit=64
05-24 13:53:16.881 0 0 E [11368.338070] audit: rate limit exceeded
05-24 13:53:16.934 0 0 I : [11368.385121] read descriptors
05-24 13:53:16.934 0 0 I : [11368.385334] read strings
05-24 13:53:17.951 0 0 I : [11369.409234] read descriptors
05-24 13:53:17.951 0 0 I : [11369.409429] read strings
05-24 13:53:18.967 0 0 I : [11370.425237] read descriptors
05-24 13:53:18.967 0 0 I : [11370.425446] read strings
05-24 13:53:19.983 0 0 I : [11371.440594] read descriptors
05-24 13:53:19.983 0 0 I : [11371.440700] read strings
05-24 13:53:21.003 0 0 I : [11372.460898] read descriptors
05-24 13:53:21.003 0 0 I : [11372.461114] read strings
05-24 13:53:22.019 0 0 I : [11373.476861] read descriptors
05-24 13:53:22.020 0 0 I : [11373.477058] read strings
05-24 13:53:23.043 0 0 I : [11374.500956] read descriptors
05-24 13:53:23.043 0 0 I : [11374.501161] read strings
05-24 13:53:24.063 0 0 I : [11375.521145] read descriptors
05-24 13:53:24.063 0 0 I : [11375.521267] read strings
05-24 13:53:25.083 0 0 I : [11376.540786] read descriptors
05-24 13:53:25.084 0 0 I : [11376.540988] read strings
05-24 13:53:26.107 0 0 I : [11377.564889] read descriptors
05-24 13:53:26.107 0 0 I : [11377.565103] read strings
05-24 13:53:27.123 0 0 I : [11378.580832] read descriptors
05-24 13:53:27.123 0 0 I : [11378.581028] read strings
05-24 13:53:28.155 0 0 I : [11379.612923] read descriptors
05-24 13:53:28.155 0 0 I : [11379.613048] read strings
05-24 13:53:29.187 0 0 I : [11380.644605] read descriptors
05-24 13:53:29.187 0 0 I : [11380.644705] read strings
05-24 13:53:30.207 0 0 I : [11381.667056] read descriptors
05-24 13:53:30.208 0 0 I : [11381.667262] read strings
05-24 13:53:31.224 0 0 I : [11382.682497] read descriptors
05-24 13:53:31.224 0 0 I : [11382.682703] read strings
05-24 13:53:32.247 0 0 I : [11383.705561] read descriptors
05-24 13:53:32.247 0 0 I : [11383.705680] read strings
05-24 13:53:33.263 0 0 I : [11384.721071] read descriptors
05-24 13:53:33.264 0 0 I : [11384.721273] read strings
05-24 13:53:34.279 0 0 I : [11385.737142] read descriptors
05-24 13:53:34.279 0 0 I : [11385.737340] read strings
05-24 13:53:35.303 0 0 I : [11386.760741] read descriptors
05-24 13:53:35.303 0 0 I : [11386.760943] read strings
05-24 13:53:36.323 0 0 I : [11387.780868] read descriptors
05-24 13:53:36.324 0 0 I : [11387.781068] read strings
05-24 13:53:37.351 0 0 I : [11388.810184] read descriptors
05-24 13:53:37.351 0 0 I : [11388.810375] read strings
05-24 13:53:38.379 0 0 I : [11389.836987] read descriptors
05-24 13:53:38.379 0 0 I : [11389.837175] read strings
05-24 13:53:39.399 0 0 I : [11390.856796] read descriptors
05-24 13:53:39.399 0 0 I : [11390.856999] read strings
05-24 13:53:40.419 0 0 I : [11391.877021] read descriptors
05-24 13:53:40.419 0 0 I : [11391.877226] read strings
05-24 13:53:41.439 0 0 I : [11392.898022] read descriptors
05-24 13:53:41.440 0 0 I : [11392.898221] read strings
05-24 13:53:42.463 0 0 I : [11393.921459] read descriptors
05-24 13:53:42.463 0 0 I : [11393.921544] read strings
05-24 13:53:43.483 0 0 I : [11394.941815] read descriptors
05-24 13:53:43.483 0 0 I : [11394.942013] read strings
05-24 13:53:44.503 0 0 I : [11395.961856] read descriptors
05-24 13:53:44.503 0 0 I : [11395.962057] read strings
05-24 13:53:45.523 0 0 I : [11396.981221] read descriptors
05-24 13:53:45.523 0 0 I : [11396.981418] read strings
05-24 13:53:46.547 0 0 I : [11398.005346] read descriptors
05-24 13:53:46.547 0 0 I : [11398.005553] read strings
05-24 13:53:47.299 0 0 W [11398.759367] audit: audit_lost=9524 audit_rate_limit=5 audit_backlog_limit=64
05-24 13:53:47.299 0 0 E [11398.759374] audit: rate limit exceeded
05-24 13:53:47.572 0 0 I : [11399.028912] read descriptors
05-24 13:53:47.572 0 0 I : [11399.029103] read strings
05-24 13:53:48.591 0 0 I : [11400.049063] read descriptors
05-24 13:53:48.591 0 0 I : [11400.049273] read strings
05-24 13:53:48.793 1528 22252 I MicroServiceManager: requestResult(setVolume) parameters is{"functionInfo":{"IDCM_VolumeValue_Media":"2"}}.
05-24 13:53:49.623 0 0 I : [11401.080849] read descriptors
05-24 13:53:49.623 0 0 I : [11401.081047] read strings
05-24 13:53:49.640 1528 9633 I MicroServiceManager: requestResult(setVolume) parameters is{"functionInfo":{"IDCM_VolumeValue_Media":"4"}}.
05-24 13:53:50.655 0 0 I : [11402.112561] read descriptors
05-24 13:53:50.655 0 0 I : [11402.112685] read strings
05-24 13:53:50.742 1528 10045 I MicroServiceManager: requestResult(setVolume) parameters is{"functionInfo":{"IDCM_VolumeValue_Media":"6"}}.
05-24 13:53:51.679 0 0 I : [11403.136887] read descriptors
05-24 13:53:51.679 0 0 I : [11403.137006] read strings
05-24 13:53:51.741 1528 10045 I MicroServiceManager: requestResult(setVolume) parameters is{"functionInfo":{"IDCM_VolumeValue_Media":"8"}}.
05-24 13:53:52.703 0 0 I : [11404.161084] read descriptors
05-24 13:53:52.703 0 0 I : [11404.161285] read strings
05-24 13:53:52.793 1528 22256 I MicroServiceManager: requestResult(setVolume) parameters is{"functionInfo":{"IDCM_VolumeValue_Media":"10"}}.
05-24 13:53:53.723 0 0 I : [11405.181399] read descriptors
05-24 13:53:53.723 0 0 I : [11405.181590] read strings
05-24 13:53:53.813 1528 22256 I MicroServiceManager: requestResult(setVolume) parameters is{"functionInfo":{"IDCM_VolumeValue_Media":"12"}}.
05-24 13:53:54.696 1528 10039 I MicroServiceManager: requestResult(setVolume) parameters is{"functionInfo":{"IDCM_VolumeValue_Media":"14"}}.
05-24 13:53:54.755 0 0 I : [11406.212463] read descriptors
05-24 13:53:54.755 0 0 I : [11406.212659] read strings
05-24 13:53:55.771 0 0 I : [11407.229198] read descriptors
05-24 13:53:55.771 0 0 I : [11407.229405] read strings
05-24 13:53:55.788 1528 22252 I MicroServiceManager: requestResult(setVolume) parameters is{"functionInfo":{"IDCM_VolumeValue_Media":"16"}}.
05-24 13:53:56.791 0 0 I : [11408.251390] read descriptors
05-24 13:53:56.791 0 0 I : [11408.251592] read strings
05-24 13:53:56.794 1528 19621 I MicroServiceManager: requestResult(setVolume) parameters is{"functionInfo":{"IDCM_VolumeValue_Media":"18"}}.
05-24 13:53:57.819 0 0 I : [11409.276741] read descriptors
05-24 13:53:57.819 0 0 I : [11409.276957] read strings
05-24 13:53:57.918 1528 19621 I MicroServiceManager: requestResult(setVolume) parameters is{"functionInfo":{"IDCM_VolumeValue_Media":"20"}}.
05-24 13:53:58.838 1528 22252 I MicroServiceManager: requestResult(setVolume) parameters is{"functionInfo":{"IDCM_VolumeValue_Media":"22"}}.
05-24 13:53:58.851 0 0 I : [11410.310384] read descriptors
05-24 13:53:58.851 0 0 I : [11410.310506] read strings
05-24 13:53:59.634 1528 15317 I MicroServiceManager: requestResult(setVolume) parameters is{"functionInfo":{"IDCM_VolumeValue_Media":"24"}}.
05-24 13:53:59.875 0 0 I : [11411.332721] read descriptors
05-24 13:53:59.875 0 0 I : [11411.332820] read strings
05-24 13:54:00.895 0 0 I : [11412.352689] read descriptors
05-24 13:54:00.895 0 0 I : [11412.352788] read strings
05-24 13:54:01.086 1528 22252 I MicroServiceManager: requestResult(setVolume) parameters is{"functionInfo":{"IDCM_VolumeValue_Media":"26"}}.
05-24 13:54:01.769 1528 10039 I MicroServiceManager: requestResult(setVolume) parameters is{"functionInfo":{"IDCM_VolumeValue_Media":"28"}}.
05-24 13:54:01.915 0 0 I : [11413.372859] read descriptors
05-24 13:54:01.915 0 0 I : [11413.373064] read strings
05-24 13:54:02.828 1528 10045 I MicroServiceManager: requestResult(setVolume) parameters is{"functionInfo":{"IDCM_VolumeValue_Media":"30"}}.
05-24 13:54:02.939 0 0 I : [11414.396619] read descriptors
05-24 13:54:02.939 0 0 I : [11414.396810] read strings
05-24 13:54:03.706 1528 7362 I MicroServiceManager: requestResult(setVolume) parameters is{"functionInfo":{"IDCM_VolumeValue_Media":"32"}}.
05-24 13:54:03.955 0 0 I : [11415.413123] read descriptors
05-24 13:54:03.955 0 0 I : [11415.413324] read strings
05-24 13:54:04.877 1528 8941 I MicroServiceManager: requestResult(setVolume) parameters is{"functionInfo":{"IDCM_VolumeValue_Media":"34"}}.
05-24 13:54:04.975 0 0 I : [11416.432743] read descriptors
05-24 13:54:04.976 0 0 I : [11416.432862] read strings
05-24 13:54:05.995 0 0 I : [11417.452834] read descriptors
05-24 13:54:05.995 0 0 I : [11417.453039] read strings
05-24 13:54:06.001 1528 9633 I MicroServiceManager: requestResult(setVolume) parameters is{"functionInfo":{"IDCM_VolumeValue_Media":"36"}}.
05-24 13:54:07.027 0 0 I : [11418.486371] read descriptors
05-24 13:54:07.030 0 0 I : [11418.486532] read strings
05-24 13:54:08.047 0 0 I : [11419.504882] read descriptors
05-24 13:54:08.047 0 0 I : [11419.505008] read strings
05-24 13:54:08.128 1528 22256 I PowerManagerService: Napping display group (groupId=0, uid=1000)...
05-24 13:54:08.128 1528 22256 I PowerManagerService: Nap time (uid 1000)...
05-24 13:54:08.130 1528 1694 I DreamManagerService: Entering dreamland.
05-24 13:54:08.133 1528 1694 I PowerManagerService: Dreaming...
05-24 13:54:08.135 1528 1663 I DreamController: Starting dream: name=ComponentInfo{com.thundercomm.screensaver/com.thundercomm.screensaver.service.SystemDream}, isTest=false, canDoze=false, userId=0
05-24 13:54:08.143 1528 22256 I ActivityTaskManager: START u0 {flg=0x10000000 pkg=com.thundercomm.screensaver cmp=com.thundercomm.screensaver/android.service.dreams.DreamActivity (has extras)} from uid 10042
05-24 13:54:08.150 1528 22256 W ActivityTaskManager: Can't find TaskDisplayArea to determine support for multi window. Task id=58 attached=false
05-24 13:54:08.160 1528 22252 I ActivityTaskManager: FOREGROUND_APPLICATION_CHANGED to android.service.dreams.DreamActivity
05-24 13:54:08.160 1528 22252 I ActivityTaskManager: The Process com.thundercomm.screensaver Already Exists in BG. So sending its PID: 13872
05-24 13:54:08.160 1528 22252 W ActivityTaskManager: Tried to set launchTime (0) < mLastActivityLaunchTime (10849701)
05-24 13:54:08.173 1528 15317 W WindowManager: Failed looking up window session=Session{a666445 13872:u0a10042} callers=com.android.server.wm.WindowManagerService.windowForClientLocked:5628 com.android.server.wm.Session.insetsModified:629 android.view.IWindowSession$Stub.onTransact:1151
05-24 13:54:08.203 2621 2621 W ContextImpl: Calling a method in the system process without a qualified user: android.app.ContextImpl.startService:1816 android.content.ContextWrapper.startService:774 android.content.ContextWrapper.startService:774 com.tc.logclient.LogZipService.start:38 com.tc.logclient.LogClientFragment.onDestroy:297
05-24 13:54:08.208 1528 1674 W UsageStatsService: Unexpected activity event reported! (com.tc.logclient/com.tc.logclient.LogClientActivity event : 23 instanceId : 199003955)
05-24 13:54:08.209 1528 1667 W ActivityTaskManager: Can't find TaskDisplayArea to determine support for multi window. Task id=57 attached=false
05-24 13:54:08.209 1528 1667 W ActivityTaskManager: Can't find TaskDisplayArea to determine support for multi window. Task id=57 attached=false
05-24 13:54:08.219 0 0 W [11419.680020] audit: audit_lost=9534 audit_rate_limit=5 audit_backlog_limit=64
05-24 13:54:08.219 0 0 E [11419.680023] audit: rate limit exceeded
05-24 13:54:08.861 1528 15317 I DreamManagerService: Gently waking up from dream.
05-24 13:54:08.862 1528 1663 I DreamManagerService: Performing gentle wake from dream.
05-24 13:54:08.864 1528 15317 I ActivityTaskManager: FOREGROUND_APPLICATION_CHANGED to com.android.settings.homepage.SettingsHomepageActivity
05-24 13:54:08.912 1528 1694 I PowerManagerService: Powering on display group fromDreaming (groupId=0, uid=1000, reason=WAKE_REASON_UNKNOWN, details=android.server.power:DREAM_FINISHED)...
05-24 13:54:08.912 1528 1694 I PowerManagerService: Waking up from Dreaming (uid=1000, reason=WAKE_REASON_UNKNOWN, details=android.server.power:DREAM_FINISHED)...
05-24 13:54:09.067 0 0 I : [11420.528208] read descriptors
05-24 13:54:09.067 0 0 I : [11420.528229] read strings
05-24 13:54:09.429 1528 8286 I DreamManagerService: Leaving dreamland.
05-24 13:54:09.429 1528 1663 I DreamManagerService: Performing gentle wake from dream.
05-24 13:54:09.429 1528 1663 I DreamController: Stopping dream: name=ComponentInfo{com.thundercomm.screensaver/com.thundercomm.screensaver.service.SystemDream}, isTest=false, canDoze=false, userId=0, reason='finished self'(from 'finished self')
05-24 13:54:09.434 1528 1667 W ActivityTaskManager: Can't find TaskDisplayArea to determine support for multi window. Task id=58 attached=false
05-24 13:54:09.886 1528 9633 I MicroServiceManager: requestResult(setVolume) parameters is{"functionInfo":{"IDCM_VolumeValue_Media":"38"}}.
05-24 13:54:10.087 0 0 I : [11421.548162] read descriptors
05-24 13:54:10.088 0 0 I : [11421.548186] read strings
05-24 13:54:10.743 1528 2682 I MicroServiceManager: requestResult(setVolume) parameters is{"functionInfo":{"IDCM_VolumeValue_Media":"39"}}.
05-24 13:54:11.105 0 0 I : [11422.565443] read descriptors
05-24 13:54:11.105 0 0 I : [11422.565641] read strings
05-24 13:54:12.127 0 0 I : [11423.585116] read descriptors
05-24 13:54:12.127 0 0 I : [11423.585325] read strings
05-24 13:54:13.147 0 0 I : [11424.605820] read descriptors
05-24 13:54:13.147 0 0 I : [11424.606009] read strings
05-24 13:54:14.168 0 0 I : [11425.626458] read descriptors
