05-24 13:33:42.633 0 0 I [10193.984915] [schedu][0x2d952bf9ca][13: 33:42.630542] wlan: [2025:I:PE] rrm_process_link_measurement_request: 275: Received Link report frame with 0
05-24 13:33:42.633 0 0 W [10193.984997] [schedu][0x2d952c00af][13: 33:42.630634] wlan: [2025:W:PE] lim_send_link_report_action_frame: 4575: RRM: Sending Link Report to 08:79:8c:36:92:70 on vdev[0]
05-24 13:33:43.082 1528 1666 I ActivityTaskManager: Config changes=40000000 {1.3 ?mcc?mnc [zh_CN] ldltr sw720dp w1706dp h665dp 240dpi lrg long hdr land finger -keyb/v/h -nav/h winConfig={ mBounds=Rect(0, 0 - 2560, 1080) mAppBounds=Rect(0, 0 - 2560, 1034) mMaxBounds=Rect(0, 0 - 2560, 1080) mWindowingMode=fullscreen mDisplayWindowingMode=fullscreen mActivityType=undefined mAlwaysOnTop=undefined mRotation=ROTATION_0} s.326 fontWeightAdjustment=0}
05-24 13:33:43.091 1528 1666 I WindowManager: Override config changes=40000000 {1.3 ?mcc?mnc [zh_CN] ldltr sw720dp w1706dp h665dp 240dpi lrg long hdr land finger -keyb/v/h -nav/h winConfig={ mBounds=Rect(0, 0 - 2560, 1080) mAppBounds=Rect(0, 0 - 2560, 1034) mMaxBounds=Rect(0, 0 - 2560, 1080) mWindowingMode=fullscreen mDisplayWindowingMode=fullscreen mActivityType=undefined mAlwaysOnTop=undefined mRotation=ROTATION_0} s.326 fontWeightAdjustment=0} for displayId=0
05-24 13:33:43.121 0 0 W [10194.474394] audit: audit_lost=7676 audit_rate_limit=5 audit_backlog_limit=64
05-24 13:33:43.121 0 0 E [10194.474397] audit: rate limit exceeded
05-24 13:33:43.123 1528 2698 W ActivityManager: Receiver with filter android.content.IntentFilter@1179c54 already registered for pid 2966, callerPackage is com.android.music
05-24 13:33:43.160 1528 4137 E UserRestrictionsUtils: Unknown restriction queried by uid 1000 (com.thundercomm.debugtools et al): null
05-24 13:33:43.160 1528 3462 E UserRestrictionsUtils: Unknown restriction queried by uid 1000 (com.thundercomm.debugtools et al): null
05-24 13:33:43.160 1528 7362 E UserRestrictionsUtils: Unknown restriction queried by uid 1000 (com.thundercomm.debugtools et al): null
05-24 13:33:43.160 1528 8862 E UserRestrictionsUtils: Unknown restriction queried by uid 1000 (com.thundercomm.debugtools et al): null
05-24 13:33:43.160 1528 8286 E UserRestrictionsUtils: Unknown restriction queried by uid 1000 (com.thundercomm.debugtools et al): null
05-24 13:33:43.161 1528 7568 E UserRestrictionsUtils: Unknown restriction queried by uid 1000 (com.thundercomm.debugtools et al): null
05-24 13:33:43.161 1528 2697 E UserRestrictionsUtils: Unknown restriction queried by uid 1000 (com.thundercomm.debugtools et al): null
05-24 13:33:43.161 1528 2698 E UserRestrictionsUtils: Unknown restriction queried by uid 1000 (com.thundercomm.debugtools et al): null
05-24 13:33:43.161 1528 2693 E UserRestrictionsUtils: Unknown restriction queried by uid 1000 (com.thundercomm.debugtools et al): null
05-24 13:33:43.161 1528 10039 E UserRestrictionsUtils: Unknown restriction queried by uid 1000 (com.thundercomm.debugtools et al): null
05-24 13:33:43.161 1528 2684 E UserRestrictionsUtils: Unknown restriction queried by uid 1000 (com.thundercomm.debugtools et al): null
05-24 13:33:43.162 1528 2693 E UserRestrictionsUtils: Unknown restriction queried by uid 1000 (com.thundercomm.debugtools et al): null
05-24 13:33:43.162 1528 7362 E UserRestrictionsUtils: Unknown restriction queried by uid 1000 (com.thundercomm.debugtools et al): null
05-24 13:33:43.162 1528 2697 E UserRestrictionsUtils: Unknown restriction queried by uid 1000 (com.thundercomm.debugtools et al): null
05-24 13:33:43.162 1528 7568 E UserRestrictionsUtils: Unknown restriction queried by uid 1000 (com.thundercomm.debugtools et al): null
05-24 13:33:43.162 1528 8862 E UserRestrictionsUtils: Unknown restriction queried by uid 1000 (com.thundercomm.debugtools et al): null
05-24 13:33:43.162 1528 8286 E UserRestrictionsUtils: Unknown restriction queried by uid 1000 (com.thundercomm.debugtools et al): null
05-24 13:33:43.163 1528 2698 E UserRestrictionsUtils: Unknown restriction queried by uid 1000 (com.thundercomm.debugtools et al): null
05-24 13:33:43.172 1528 2698 E UserRestrictionsUtils: Unknown restriction queried by uid 1000 (com.thundercomm.debugtools et al): null
05-24 13:33:43.172 1528 3462 E UserRestrictionsUtils: Unknown restriction queried by uid 1000 (com.thundercomm.debugtools et al): null
05-24 13:33:43.172 1528 3462 E UserRestrictionsUtils: Unknown restriction queried by uid 1000 (com.thundercomm.debugtools et al): null
05-24 13:33:43.173 1528 2698 E UserRestrictionsUtils: Unknown restriction queried by uid 1000 (com.thundercomm.debugtools et al): null
05-24 13:33:43.174 1528 2698 E UserRestrictionsUtils: Unknown restriction queried by uid 1000 (com.thundercomm.debugtools et al): null
05-24 13:33:43.203 1528 2698 E UserRestrictionsUtils: Unknown restriction queried by uid 1000 (com.thundercomm.debugtools et al): null
05-24 13:33:43.203 1528 2698 E UserRestrictionsUtils: Unknown restriction queried by uid 1000 (com.thundercomm.debugtools et al): null
05-24 13:33:43.203 1528 2698 E UserRestrictionsUtils: Unknown restriction queried by uid 1000 (com.thundercomm.debugtools et al): null
05-24 13:33:43.203 1528 2698 E UserRestrictionsUtils: Unknown restriction queried by uid 1000 (com.thundercomm.debugtools et al): null
05-24 13:33:43.204 1528 2698 E UserRestrictionsUtils: Unknown restriction queried by uid 1000 (com.thundercomm.debugtools et al): null
05-24 13:33:43.204 1528 2698 E UserRestrictionsUtils: Unknown restriction queried by uid 1000 (com.thundercomm.debugtools et al): null
05-24 13:33:43.204 1528 2698 E UserRestrictionsUtils: Unknown restriction queried by uid 1000 (com.thundercomm.debugtools et al): null
05-24 13:33:43.204 1528 2698 E UserRestrictionsUtils: Unknown restriction queried by uid 1000 (com.thundercomm.debugtools et al): null
05-24 13:33:43.205 1528 2698 E UserRestrictionsUtils: Unknown restriction queried by uid 1000 (com.thundercomm.debugtools et al): null
05-24 13:33:43.205 1528 2698 E UserRestrictionsUtils: Unknown restriction queried by uid 1000 (com.thundercomm.debugtools et al): null
05-24 13:33:43.205 1528 2698 E UserRestrictionsUtils: Unknown restriction queried by uid 1000 (com.thundercomm.debugtools et al): null
05-24 13:33:43.205 1528 2698 E UserRestrictionsUtils: Unknown restriction queried by uid 1000 (com.thundercomm.debugtools et al): null
05-24 13:33:43.205 1528 2698 E UserRestrictionsUtils: Unknown restriction queried by uid 1000 (com.thundercomm.debugtools et al): null
05-24 13:33:43.205 1528 2698 E UserRestrictionsUtils: Unknown restriction queried by uid 1000 (com.thundercomm.debugtools et al): null
05-24 13:33:43.206 1528 2698 E UserRestrictionsUtils: Unknown restriction queried by uid 1000 (com.thundercomm.debugtools et al): null
05-24 13:33:43.206 1528 2698 E UserRestrictionsUtils: Unknown restriction queried by uid 1000 (com.thundercomm.debugtools et al): null
05-24 13:33:43.206 0 0 I : [10194.560481] read descriptors
05-24 13:33:43.206 0 0 I : [10194.560508] read strings
05-24 13:33:43.206 1528 2698 E UserRestrictionsUtils: Unknown restriction queried by uid 1000 (com.thundercomm.debugtools et al): null
05-24 13:33:43.206 1528 2698 E UserRestrictionsUtils: Unknown restriction queried by uid 1000 (com.thundercomm.debugtools et al): null
05-24 13:33:43.305 1528 22256 I WindowManager: finishDrawing of relaunch: Window{b25064c u0 com.android.settings/com.android.settings.Settings} 167ms
05-24 13:33:43.327 1528 1667 I WindowManager: Screen frozen for +201ms due to Window{9db46a2 u0 NavigationBar0}
05-24 13:33:43.665 0 0 I [10195.020003] [schedu][0x2d965b39f1][13: 33:43.665638] wlan: [2025:I:PE] rrm_process_link_measurement_request: 275: Received Link report frame with 0
05-24 13:33:43.666 0 0 W [10195.020155] [schedu][0x2d965b4593][13: 33:43.665793] wlan: [2025:W:PE] lim_send_link_report_action_frame: 4575: RRM: Sending Link Report to 08:79:8c:36:92:70 on vdev[0]
05-24 13:33:44.224 0 0 I : [10195.577130] read descriptors
05-24 13:33:44.224 0 0 I : [10195.577336] read strings
05-24 13:33:44.570 0 0 I [10195.921839] [schedu][0x2d97636f4c][13: 33:44.567469] wlan: [2025:I:PE] rrm_process_link_measurement_request: 275: Received Link report frame with 0
05-24 13:33:44.570 0 0 W [10195.921962] [schedu][0x2d976378f9][13: 33:44.567598] wlan: [2025:W:PE] lim_send_link_report_action_frame: 4575: RRM: Sending Link Report to 08:79:8c:36:92:70 on vdev[0]
05-24 13:33:45.257 0 0 I : [10196.609850] read descriptors
05-24 13:33:45.258 0 0 I : [10196.610042] read strings
05-24 13:33:45.613 0 0 I [10196.964608] [schedu][0x2d9894eebd][13: 33:45.610235] wlan: [2025:I:PE] rrm_process_link_measurement_request: 275: Received Link report frame with -53
05-24 13:33:45.614 0 0 W [10196.964694] [schedu][0x2d9894f5f2][13: 33:45.610331] wlan: [2025:W:PE] lim_send_link_report_action_frame: 4575: RRM: Sending Link Report to 08:79:8c:36:92:70 on vdev[0]
05-24 13:33:45.745 1528 1666 I ActivityTaskManager: Config changes=40000000 {1.0 ?mcc?mnc [zh_CN] ldltr sw720dp w1706dp h665dp 240dpi lrg long hdr land finger -keyb/v/h -nav/h winConfig={ mBounds=Rect(0, 0 - 2560, 1080) mAppBounds=Rect(0, 0 - 2560, 1034) mMaxBounds=Rect(0, 0 - 2560, 1080) mWindowingMode=fullscreen mDisplayWindowingMode=fullscreen mActivityType=undefined mAlwaysOnTop=undefined mRotation=ROTATION_0} s.379 fontWeightAdjustment=0}
05-24 13:33:45.752 1528 1666 I WindowManager: Override config changes=40000000 {1.0 ?mcc?mnc [zh_CN] ldltr sw720dp w1706dp h665dp 240dpi lrg long hdr land finger -keyb/v/h -nav/h winConfig={ mBounds=Rect(0, 0 - 2560, 1080) mAppBounds=Rect(0, 0 - 2560, 1034) mMaxBounds=Rect(0, 0 - 2560, 1080) mWindowingMode=fullscreen mDisplayWindowingMode=fullscreen mActivityType=undefined mAlwaysOnTop=undefined mRotation=ROTATION_0} s.379 fontWeightAdjustment=0} for displayId=0
05-24 13:33:45.781 0 0 W [10197.135199] audit: audit_lost=7696 audit_rate_limit=5 audit_backlog_limit=64
05-24 13:33:45.781 0 0 E [10197.135204] audit: rate limit exceeded
05-24 13:33:45.781 1528 2682 W ActivityManager: Receiver with filter android.content.IntentFilter@b205752 already registered for pid 2966, callerPackage is com.android.music
05-24 13:33:45.815 1528 19621 E UserRestrictionsUtils: Unknown restriction queried by uid 1000 (com.thundercomm.debugtools et al): null
05-24 13:33:45.815 1528 19621 E UserRestrictionsUtils: Unknown restriction queried by uid 1000 (com.thundercomm.debugtools et al): null
05-24 13:33:45.815 1528 19621 E UserRestrictionsUtils: Unknown restriction queried by uid 1000 (com.thundercomm.debugtools et al): null
05-24 13:33:45.815 1528 19621 E UserRestrictionsUtils: Unknown restriction queried by uid 1000 (com.thundercomm.debugtools et al): null
05-24 13:33:45.815 1528 19621 E UserRestrictionsUtils: Unknown restriction queried by uid 1000 (com.thundercomm.debugtools et al): null
05-24 13:33:45.815 1528 19621 E UserRestrictionsUtils: Unknown restriction queried by uid 1000 (com.thundercomm.debugtools et al): null
05-24 13:33:45.816 1528 19621 E UserRestrictionsUtils: Unknown restriction queried by uid 1000 (com.thundercomm.debugtools et al): null
05-24 13:33:45.816 1528 19621 E UserRestrictionsUtils: Unknown restriction queried by uid 1000 (com.thundercomm.debugtools et al): null
05-24 13:33:45.816 1528 19621 E UserRestrictionsUtils: Unknown restriction queried by uid 1000 (com.thundercomm.debugtools et al): null
05-24 13:33:45.816 1528 19621 E UserRestrictionsUtils: Unknown restriction queried by uid 1000 (com.thundercomm.debugtools et al): null
05-24 13:33:45.816 1528 10039 E UserRestrictionsUtils: Unknown restriction queried by uid 1000 (com.thundercomm.debugtools et al): null
05-24 13:33:45.817 1528 10039 E UserRestrictionsUtils: Unknown restriction queried by uid 1000 (com.thundercomm.debugtools et al): null
05-24 13:33:45.817 1528 10039 E UserRestrictionsUtils: Unknown restriction queried by uid 1000 (com.thundercomm.debugtools et al): null
05-24 13:33:45.817 1528 10039 E UserRestrictionsUtils: Unknown restriction queried by uid 1000 (com.thundercomm.debugtools et al): null
05-24 13:33:45.817 1528 10039 E UserRestrictionsUtils: Unknown restriction queried by uid 1000 (com.thundercomm.debugtools et al): null
05-24 13:33:45.818 1528 10039 E UserRestrictionsUtils: Unknown restriction queried by uid 1000 (com.thundercomm.debugtools et al): null
05-24 13:33:45.818 1528 10039 E UserRestrictionsUtils: Unknown restriction queried by uid 1000 (com.thundercomm.debugtools et al): null
05-24 13:33:45.818 1528 10039 E UserRestrictionsUtils: Unknown restriction queried by uid 1000 (com.thundercomm.debugtools et al): null
05-24 13:33:45.828 1528 22256 E UserRestrictionsUtils: Unknown restriction queried by uid 1000 (com.thundercomm.debugtools et al): null
05-24 13:33:45.829 1528 2684 E UserRestrictionsUtils: Unknown restriction queried by uid 1000 (com.thundercomm.debugtools et al): null
05-24 13:33:45.829 1528 19621 E UserRestrictionsUtils: Unknown restriction queried by uid 1000 (com.thundercomm.debugtools et al): null
05-24 13:33:45.830 1528 19621 E UserRestrictionsUtils: Unknown restriction queried by uid 1000 (com.thundercomm.debugtools et al): null
05-24 13:33:45.832 1528 19621 E UserRestrictionsUtils: Unknown restriction queried by uid 1000 (com.thundercomm.debugtools et al): null
05-24 13:33:45.858 1528 8286 E UserRestrictionsUtils: Unknown restriction queried by uid 1000 (com.thundercomm.debugtools et al): null
05-24 13:33:45.858 1528 8286 E UserRestrictionsUtils: Unknown restriction queried by uid 1000 (com.thundercomm.debugtools et al): null
05-24 13:33:45.858 1528 8286 E UserRestrictionsUtils: Unknown restriction queried by uid 1000 (com.thundercomm.debugtools et al): null
05-24 13:33:45.858 1528 8286 E UserRestrictionsUtils: Unknown restriction queried by uid 1000 (com.thundercomm.debugtools et al): null
05-24 13:33:45.859 1528 8286 E UserRestrictionsUtils: Unknown restriction queried by uid 1000 (com.thundercomm.debugtools et al): null
05-24 13:33:45.859 1528 8286 E UserRestrictionsUtils: Unknown restriction queried by uid 1000 (com.thundercomm.debugtools et al): null
05-24 13:33:45.859 1528 10039 E UserRestrictionsUtils: Unknown restriction queried by uid 1000 (com.thundercomm.debugtools et al): null
05-24 13:33:45.859 1528 10039 E UserRestrictionsUtils: Unknown restriction queried by uid 1000 (com.thundercomm.debugtools et al): null
05-24 13:33:45.859 1528 8286 E UserRestrictionsUtils: Unknown restriction queried by uid 1000 (com.thundercomm.debugtools et al): null
05-24 13:33:45.860 1528 8286 E UserRestrictionsUtils: Unknown restriction queried by uid 1000 (com.thundercomm.debugtools et al): null
05-24 13:33:45.860 1528 8286 E UserRestrictionsUtils: Unknown restriction queried by uid 1000 (com.thundercomm.debugtools et al): null
05-24 13:33:45.860 1528 8286 E UserRestrictionsUtils: Unknown restriction queried by uid 1000 (com.thundercomm.debugtools et al): null
05-24 13:33:45.860 1528 8286 E UserRestrictionsUtils: Unknown restriction queried by uid 1000 (com.thundercomm.debugtools et al): null
05-24 13:33:45.860 1528 8286 E UserRestrictionsUtils: Unknown restriction queried by uid 1000 (com.thundercomm.debugtools et al): null
05-24 13:33:45.860 1528 8286 E UserRestrictionsUtils: Unknown restriction queried by uid 1000 (com.thundercomm.debugtools et al): null
05-24 13:33:45.861 1528 10039 E UserRestrictionsUtils: Unknown restriction queried by uid 1000 (com.thundercomm.debugtools et al): null
05-24 13:33:45.861 1528 10039 E UserRestrictionsUtils: Unknown restriction queried by uid 1000 (com.thundercomm.debugtools et al): null
05-24 13:33:45.861 1528 10039 E UserRestrictionsUtils: Unknown restriction queried by uid 1000 (com.thundercomm.debugtools et al): null
05-24 13:33:45.966 1528 8941 I WindowManager: finishDrawing of relaunch: Window{2f920ae u0 com.android.settings/com.android.settings.Settings} 172ms
05-24 13:33:45.979 1528 1667 I WindowManager: Screen frozen for +194ms due to Window{2f920ae u0 com.android.settings/com.android.settings.Settings}
05-24 13:33:46.289 0 0 I : [10197.640862] read descriptors
05-24 13:33:46.289 0 0 I : [10197.640983] read strings
05-24 13:33:46.626 0 0 I [10197.979427] [schedu][0x2d99be3e05][13: 33:46.625052] wlan: [2025:I:PE] rrm_process_link_measurement_request: 275: Received Link report frame with 0
05-24 13:33:46.626 0 0 W [10197.979504] [schedu][0x2d99be44b3][13: 33:46.625141] wlan: [2025:W:PE] lim_send_link_report_action_frame: 4575: RRM: Sending Link Report to 08:79:8c:36:92:70 on vdev[0]
05-24 13:33:47.306 0 0 I : [10198.657533] read descriptors
05-24 13:33:47.306 0 0 I : [10198.657741] read strings
05-24 13:33:47.653 0 0 I [10199.004962] [schedu][0x2d9aeab1ae][13: 33:47.650594] wlan: [2025:I:PE] rrm_process_link_measurement_request: 275: Received Link report frame with 0
05-24 13:33:47.653 0 0 W [10199.005015] [schedu][0x2d9aeab656][13: 33:47.650656] wlan: [2025:W:PE] lim_send_link_report_action_frame: 4575: RRM: Sending Link Report to 08:79:8c:36:92:70 on vdev[0]
05-24 13:33:48.330 0 0 I : [10199.681162] read descriptors
05-24 13:33:48.330 0 0 I : [10199.681363] read strings
05-24 13:33:48.561 0 0 I [10199.913619] [schedu][0x2d9bf4e6c0][13: 33:48.559249] wlan: [2025:I:PE] rrm_process_link_measurement_request: 275: Received Link report frame with 0
05-24 13:33:48.561 0 0 W [10199.913736] [schedu][0x2d9bf4effd][13: 33:48.559372] wlan: [2025:W:PE] lim_send_link_report_action_frame: 4575: RRM: Sending Link Report to 08:79:8c:36:92:70 on vdev[0]
05-24 13:33:49.317 0 0 I : [10200.669007] qcom_rpmh DRV:apps_rsc TCS Busy, retrying RPMH message send: addr=0x50000
05-24 13:33:49.318 0 0 I : [10200.669030] qcom_rpmh DRV:apps_rsc TCS Busy, retrying RPMH message send: addr=0x50000
05-24 13:33:49.318 0 0 I : [10200.669048] qcom_rpmh DRV:apps_rsc TCS Busy, retrying RPMH message send: addr=0x50000
05-24 13:33:49.349 0 0 I : [10200.701138] read descriptors
05-24 13:33:49.349 0 0 I : [10200.701343] read strings
05-24 13:33:49.689 0 0 I [10201.040622] [schedu][0x2d9d3f1449][13: 33:49.686256] wlan: [2025:I:PE] rrm_process_link_measurement_request: 275: Received Link report frame with 0
05-24 13:33:49.689 0 0 W [10201.040698] [schedu][0x2d9d3f1a3f][13: 33:49.686335] wlan: [2025:W:PE] lim_send_link_report_action_frame: 4575: RRM: Sending Link Report to 08:79:8c:36:92:70 on vdev[0]
05-24 13:33:50.365 0 0 I : [10201.717275] read descriptors
05-24 13:33:50.365 0 0 I : [10201.717483] read strings
05-24 13:33:50.608 0 0 I [10201.962471] [schedu][0x2d9e4d2695][13: 33:50.608100] wlan: [2025:I:PE] rrm_process_link_measurement_request: 275: Received Link report frame with 0
05-24 13:33:50.608 0 0 W [10201.962613] [schedu][0x2d9e4d31cc][13: 33:50.608249] wlan: [2025:W:PE] lim_send_link_report_action_frame: 4575: RRM: Sending Link Report to 08:79:8c:36:92:70 on vdev[0]
05-24 13:33:51.385 0 0 I : [10202.737304] read descriptors
05-24 13:33:51.386 0 0 I : [10202.737513] read strings
05-24 13:33:51.645 0 0 I [10202.999955] [schedu][0x2d9f7d19e3][13: 33:51.645584] wlan: [2025:I:PE] rrm_process_link_measurement_request: 275: Received Link report frame with 0
05-24 13:33:51.645 0 0 W [10203.000029] [schedu][0x2d9f7d2011][13: 33:51.645666] wlan: [2025:W:PE] lim_send_link_report_action_frame: 4575: RRM: Sending Link Report to 08:79:8c:36:92:70 on vdev[0]
05-24 13:33:52.402 0 0 I : [10203.752902] read descriptors
05-24 13:33:52.402 0 0 I : [10203.753022] read strings
05-24 13:33:52.545 1528 7362 E UserRestrictionsUtils: Unknown restriction queried by uid 1000 (com.thundercomm.debugtools et al): null
05-24 13:33:52.618 0 0 W [10203.971358] audit: audit_lost=7718 audit_rate_limit=5 audit_backlog_limit=64
05-24 13:33:52.618 0 0 E [10203.971362] audit: rate limit exceeded
05-24 13:33:52.658 0 0 I [10204.009677] [schedu][0x2da0a4e925][13: 33:52.655280] wlan: [2025:I:PE] rrm_process_link_measurement_request: 275: Received Link report frame with 0
05-24 13:33:52.658 0 0 W [10204.009736] [schedu][0x2da0a4f05a][13: 33:52.655376] wlan: [2025:W:PE] lim_send_link_report_action_frame: 4575: RRM: Sending Link Report to 08:79:8c:36:92:70 on vdev[0]
05-24 13:33:53.421 0 0 I : [10204.773247] read descriptors
05-24 13:33:53.421 0 0 I : [10204.773446] read strings
05-24 13:33:53.578 0 0 I [10204.931449] [schedu][0x2da1b2f830][13: 33:53.577081] wlan: [2025:I:PE] rrm_process_link_measurement_request: 275: Received Link report frame with 0
05-24 13:33:53.578 0 0 W [10204.931528] [schedu][0x2da1b2fe7f][13: 33:53.577165] wlan: [2025:W:PE] lim_send_link_report_action_frame: 4575: RRM: Sending Link Report to 08:79:8c:36:92:70 on vdev[0]
05-24 13:33:54.453 0 0 I : [10205.804626] read descriptors
05-24 13:33:54.453 0 0 I : [10205.804746] read strings
05-24 13:33:54.606 0 0 I [10205.960368] [schedu][0x2da2e068ae][13: 33:54.605994] wlan: [2025:I:PE] rrm_process_link_measurement_request: 275: Received Link report frame with 0
05-24 13:33:54.606 0 0 W [10205.960492] [schedu][0x2da2e072c8][13: 33:54.606129] wlan: [2025:W:PE] lim_send_link_report_action_frame: 4575: RRM: Sending Link Report to 08:79:8c:36:92:70 on vdev[0]
05-24 13:33:55.043 1528 7362 E UserRestrictionsUtils: Unknown restriction queried by uid 1000 (com.thundercomm.debugtools et al): null
05-24 13:33:55.082 0 0 W [10206.432686] audit: audit_lost=7726 audit_rate_limit=5 audit_backlog_limit=64
05-24 13:33:55.082 0 0 E [10206.432690] audit: rate limit exceeded
05-24 13:33:55.483 0 0 I : [10206.832811] read descriptors
05-24 13:33:55.483 0 0 I : [10206.832943] read strings
05-24 13:33:55.637 0 0 I [10206.991695] [schedu][0x2da40e8ea0][13: 33:55.637327] wlan: [2025:I:PE] rrm_process_link_measurement_request: 275: Received Link report frame with 0
05-24 13:33:55.637 0 0 W [10206.991752] [schedu][0x2da40e9394][13: 33:55.637393] wlan: [2025:W:PE] lim_send_link_report_action_frame: 4575: RRM: Sending Link Report to 08:79:8c:36:92:70 on vdev[0]
05-24 13:33:56.501 0 0 I : [10207.852664] read descriptors
05-24 13:33:56.501 0 0 I : [10207.852781] read strings
05-24 13:33:56.653 0 0 I [10208.004598] [schedu][0x2da5374e9f][13: 33:56.650233] wlan: [2025:I:PE] rrm_process_link_measurement_request: 275: Received Link report frame with -52
05-24 13:33:56.653 0 0 W [10208.004645] [schedu][0x2da5375299][13: 33:56.650287] wlan: [2025:W:PE] lim_send_link_report_action_frame: 4575: RRM: Sending Link Report to 08:79:8c:36:92:70 on vdev[0]
05-24 13:33:57.521 0 0 I : [10208.872922] read descriptors
05-24 13:33:57.521 0 0 I : [10208.873056] read strings
05-24 13:33:57.573 0 0 I [10208.926712] [schedu][0x2da6457521][13: 33:57.572347] wlan: [2025:I:PE] rrm_process_link_measurement_request: 275: Received Link report frame with -53
05-24 13:33:57.574 0 0 W [10208.926760] [schedu][0x2da6457946][13: 33:57.572402] wlan: [2025:W:PE] lim_send_link_report_action_frame: 4575: RRM: Sending Link Report to 08:79:8c:36:92:70 on vdev[0]
05-24 13:33:58.537 0 0 I : [10209.889260] read descriptors
05-24 13:33:58.538 0 0 I : [10209.889466] read strings
05-24 13:33:58.597 0 0 I [10209.950748] [schedu][0x2da77177c7][13: 33:58.596382] wlan: [2025:I:PE] rrm_process_link_measurement_request: 275: Received Link report frame with 0
05-24 13:33:58.597 0 0 W [10209.950834] [schedu][0x2da7717eb8][13: 33:58.596475] wlan: [2025:W:PE] lim_send_link_report_action_frame: 4575: RRM: Sending Link Report to 08:79:8c:36:92:70 on vdev[0]
05-24 13:33:58.797 0 0 W [10210.148480] audit: audit_lost=7743 audit_rate_limit=5 audit_backlog_limit=64
05-24 13:33:58.797 0 0 E [10210.148485] audit: rate limit exceeded
05-24 13:33:59.562 0 0 I : [10210.913020] read descriptors
05-24 13:33:59.562 0 0 I : [10210.913140] read strings
05-24 13:33:59.571 1528 10045 D CompatibilityChangeReporter: Compat change id reported: 135634846; UID 10079; state: DISABLED
05-24 13:33:59.571 1528 10045 D CompatibilityChangeReporter: Compat change id reported: 177438394; UID 10079; state: DISABLED
05-24 13:33:59.571 1528 10045 D CompatibilityChangeReporter: Compat change id reported: 135772972; UID 10079; state: DISABLED
05-24 13:33:59.572 1528 10045 D CompatibilityChangeReporter: Compat change id reported: 135754954; UID 10079; state: ENABLED
05-24 13:33:59.573 1528 1676 D CompatibilityChangeReporter: Compat change id reported: 143937733; UID 10079; state: ENABLED
05-24 13:33:59.589 1528 1676 I ActivityManager: Start proc 11121:com.android.systemui:screenshot/u0a79 for service {com.android.systemui/com.android.systemui.screenshot.TakeScreenshotService}
05-24 13:33:59.610 0 0 I [10210.961913] binder: 11121:11121 ioctl 40046210 7fd8e3f594 returned -22
05-24 13:33:59.629 0 0 I [10210.983539] [schedu][0x2da8a00b56][13: 33:59.629176] wlan: [2025:I:PE] rrm_process_link_measurement_request: 275: Received Link report frame with 0
05-24 13:33:59.629 0 0 W [10210.983573] [schedu][0x2da8a00e47][13: 33:59.629216] wlan: [2025:W:PE] lim_send_link_report_action_frame: 4575: RRM: Sending Link Report to 08:79:8c:36:92:70 on vdev[0]
05-24 13:33:59.673 0 0 I [10211.027037] binder: 11121:11133 ioctl 40046210 6e929d8304 returned -22
05-24 13:33:59.710 1528 8437 D CompatibilityChangeReporter: Compat change id reported: 149924527; UID 10079; state: ENABLED
05-24 13:33:59.710 1528 10045 D CompatibilityChangeReporter: Compat change id reported: 132649864; UID 10079; state: DISABLED
05-24 13:33:59.712 1528 7362 D CompatibilityChangeReporter: Compat change id reported: 182734110; UID 10079; state: ENABLED
05-24 13:33:59.716 1528 7362 D CompatibilityChangeReporter: Compat change id reported: 172100307; UID 10079; state: ENABLED
05-24 13:34:00.332 1528 8437 D CompatibilityChangeReporter: Compat change id reported: 180326732; UID 10079; state: ENABLED
05-24 13:34:00.590 0 0 I : [10211.941458] read descriptors
05-24 13:34:00.590 0 0 I : [10211.941613] read strings
05-24 13:34:00.641 0 0 I [10211.995469] [schedu][0x2da9c881d9][13: 34:00.641103] wlan: [2025:I:PE] rrm_process_link_measurement_request: 275: Received Link report frame with -51
05-24 13:34:00.641 0 0 W [10211.995508] [schedu][0x2da9c88573][13: 34:00.641151] wlan: [2025:W:PE] lim_send_link_report_action_frame: 4575: RRM: Sending Link Report to 08:79:8c:36:92:70 on vdev[0]
05-24 13:34:01.563 0 0 I [10212.918046] [schedu][0x2daad6ca8d][13: 34:01.563673] wlan: [2025:I:PE] rrm_process_link_measurement_request: 275: Received Link report frame with -52
05-24 13:34:01.564 0 0 W [10212.918244] [schedu][0x2daad6d98b][13: 34:01.563872] wlan: [2025:W:PE] lim_send_link_report_action_frame: 4575: RRM: Sending Link Report to 08:79:8c:36:92:70 on vdev[0]
05-24 13:34:01.609 0 0 I : [10212.960889] read descriptors
05-24 13:34:01.610 0 0 I : [10212.961082] read strings
05-24 13:34:02.589 0 0 I [10213.942653] [schedu][0x2dac02f865][13: 34:02.588284] wlan: [2025:I:PE] rrm_process_link_measurement_request: 275: Received Link report frame with 0
05-24 13:34:02.589 0 0 W [10213.942705] [schedu][0x2dac02fd44][13: 34:02.588349] wlan: [2025:W:PE] lim_send_link_report_action_frame: 4575: RRM: Sending Link Report to 08:79:8c:36:92:70 on vdev[0]
05-24 13:34:02.625 0 0 I : [10213.976513] read descriptors
05-24 13:34:02.625 0 0 I : [10213.976601] read strings
05-24 13:34:03.629 0 0 I [10214.981110] [schedu][0x2dad3334bd][13: 34:03.626742] wlan: [2025:I:PE] rrm_process_link_measurement_request: 275: Received Link report frame with -51
05-24 13:34:03.629 0 0 W [10214.981193] [schedu][0x2dad333bb5][13: 34:03.626835] wlan: [2025:W:PE] lim_send_link_report_action_frame: 4575: RRM: Sending Link Report to 08:79:8c:36:92:70 on vdev[0]
05-24 13:34:03.673 0 0 I : [10215.024534] read descriptors
05-24 13:34:03.673 0 0 I : [10215.024630] read strings
05-24 13:34:04.645 0 0 I [10215.999113] [schedu][0x2dae5d7324][13: 34:04.644747] wlan: [2025:I:PE] rrm_process_link_measurement_request: 275: Received Link report frame with 0
05-24 13:34:04.645 0 0 W [10215.999163] [schedu][0x2dae5d7773][13: 34:04.644804] wlan: [2025:W:PE] lim_send_link_report_action_frame: 4575: RRM: Sending Link Report to 08:79:8c:36:92:70 on vdev[0]
05-24 13:34:04.694 0 0 I : [10216.045243] read descriptors
05-24 13:34:04.694 0 0 I : [10216.045456] read strings
05-24 13:34:05.076 1528 7362 E UserRestrictionsUtils: Unknown restriction queried by uid 1000 (com.thundercomm.debugtools et al): null
05-24 13:34:05.077 1528 8941 E UserRestrictionsUtils: Unknown restriction queried by uid 1000 (com.thundercomm.debugtools et al): null
05-24 13:34:05.077 1528 4137 E UserRestrictionsUtils: Unknown restriction queried by uid 1000 (com.thundercomm.debugtools et al): null
05-24 13:34:05.078 1528 22252 E UserRestrictionsUtils: Unknown restriction queried by uid 1000 (com.thundercomm.debugtools et al): null
05-24 13:34:05.079 1528 2699 E UserRestrictionsUtils: Unknown restriction queried by uid 1000 (com.thundercomm.debugtools et al): null
05-24 13:34:05.661 0 0 I [10217.013270] [schedu][0x2daf869046][13: 34:05.658896] wlan: [2025:I:PE] rrm_process_link_measurement_request: 275: Received Link report frame with 0
05-24 13:34:05.662 0 0 W [10217.013405] [schedu][0x2daf869b2d][13: 34:05.659041] wlan: [2025:W:PE] lim_send_link_report_action_frame: 4575: RRM: Sending Link Report to 08:79:8c:36:92:70 on vdev[0]
05-24 13:34:05.725 0 0 I : [10217.076852] read descriptors
05-24 13:34:05.725 0 0 I : [10217.077042] read strings
05-24 13:34:06.585 0 0 I [10217.939296] [schedu][0x2db095dc58][13: 34:06.584923] wlan: [2025:I:PE] rrm_process_link_measurement_request: 275: Received Link report frame with 0
05-24 13:34:06.586 0 0 W [10217.939357] [schedu][0x2db095e21f][13: 34:06.585000] wlan: [2025:W:PE] lim_send_link_report_action_frame: 4575: RRM: Sending Link Report to 08:79:8c:36:92:70 on vdev[0]
05-24 13:34:06.761 0 0 I : [10218.112900] read descriptors
05-24 13:34:06.764 0 0 I : [10218.113006] read strings
05-24 13:34:06.832 0 0 W [10218.184008] audit: audit_lost=7749 audit_rate_limit=5 audit_backlog_limit=64
05-24 13:34:06.832 0 0 E [10218.184016] audit: rate limit exceeded
05-24 13:34:07.520 1528 1666 I ActivityTaskManager: Config changes=40000000 {1.3 ?mcc?mnc [zh_CN] ldltr sw720dp w1706dp h665dp 240dpi lrg long hdr land finger -keyb/v/h -nav/h winConfig={ mBounds=Rect(0, 0 - 2560, 1080) mAppBounds=Rect(0, 0 - 2560, 1034) mMaxBounds=Rect(0, 0 - 2560, 1080) mWindowingMode=fullscreen mDisplayWindowingMode=fullscreen mActivityType=undefined mAlwaysOnTop=undefined mRotation=ROTATION_0} s.432 fontWeightAdjustment=0}
05-24 13:34:07.532 1528 1666 I WindowManager: Override config changes=40000000 {1.3 ?mcc?mnc [zh_CN] ldltr sw720dp w1706dp h665dp 240dpi lrg long hdr land finger -keyb/v/h -nav/h winConfig={ mBounds=Rect(0, 0 - 2560, 1080) mAppBounds=Rect(0, 0 - 2560, 1034) mMaxBounds=Rect(0, 0 - 2560, 1080) mWindowingMode=fullscreen mDisplayWindowingMode=fullscreen mActivityType=undefined mAlwaysOnTop=undefined mRotation=ROTATION_0} s.432 fontWeightAdjustment=0} for displayId=0
05-24 13:34:07.559 1528 8437 W ActivityManager: Receiver with filter android.content.IntentFilter@8446f59 already registered for pid 2966, callerPackage is com.android.music
05-24 13:34:07.601 1528 2699 E UserRestrictionsUtils: Unknown restriction queried by uid 1000 (com.thundercomm.debugtools et al): null
05-24 13:34:07.601 1528 22256 E UserRestrictionsUtils: Unknown restriction queried by uid 1000 (com.thundercomm.debugtools et al): null
05-24 13:34:07.601 1528 22256 E UserRestrictionsUtils: Unknown restriction queried by uid 1000 (com.thundercomm.debugtools et al): null
05-24 13:34:07.601 1528 2699 E UserRestrictionsUtils: Unknown restriction queried by uid 1000 (com.thundercomm.debugtools et al): null
05-24 13:34:07.601 1528 2699 E UserRestrictionsUtils: Unknown restriction queried by uid 1000 (com.thundercomm.debugtools et al): null
05-24 13:34:07.601 1528 2699 E UserRestrictionsUtils: Unknown restriction queried by uid 1000 (com.thundercomm.debugtools et al): null
05-24 13:34:07.602 1528 2699 E UserRestrictionsUtils: Unknown restriction queried by uid 1000 (com.thundercomm.debugtools et al): null
05-24 13:34:07.602 1528 2699 E UserRestrictionsUtils: Unknown restriction queried by uid 1000 (com.thundercomm.debugtools et al): null
05-24 13:34:07.602 1528 2699 E UserRestrictionsUtils: Unknown restriction queried by uid 1000 (com.thundercomm.debugtools et al): null
05-24 13:34:07.602 1528 2699 E UserRestrictionsUtils: Unknown restriction queried by uid 1000 (com.thundercomm.debugtools et al): null
05-24 13:34:07.602 1528 2699 E UserRestrictionsUtils: Unknown restriction queried by uid 1000 (com.thundercomm.debugtools et al): null
05-24 13:34:07.602 1528 2699 E UserRestrictionsUtils: Unknown restriction queried by uid 1000 (com.thundercomm.debugtools et al): null
05-24 13:34:07.602 1528 2699 E UserRestrictionsUtils: Unknown restriction queried by uid 1000 (com.thundercomm.debugtools et al): null
05-24 13:34:07.603 1528 2699 E UserRestrictionsUtils: Unknown restriction queried by uid 1000 (com.thundercomm.debugtools et al): null
05-24 13:34:07.603 1528 2699 E UserRestrictionsUtils: Unknown restriction queried by uid 1000 (com.thundercomm.debugtools et al): null
05-24 13:34:07.603 1528 2699 E UserRestrictionsUtils: Unknown restriction queried by uid 1000 (com.thundercomm.debugtools et al): null
05-24 13:34:07.603 1528 2699 E UserRestrictionsUtils: Unknown restriction queried by uid 1000 (com.thundercomm.debugtools et al): null
05-24 13:34:07.603 1528 2699 E UserRestrictionsUtils: Unknown restriction queried by uid 1000 (com.thundercomm.debugtools et al): null
05-24 13:34:07.609 1528 8941 D CompatibilityChangeReporter: Compat change id reported: 168419799; UID 10079; state: DISABLED
05-24 13:34:07.615 1528 4137 E UserRestrictionsUtils: Unknown restriction queried by uid 1000 (com.thundercomm.debugtools et al): null
05-24 13:34:07.616 1528 4137 E UserRestrictionsUtils: Unknown restriction queried by uid 1000 (com.thundercomm.debugtools et al): null
05-24 13:34:07.616 1528 4137 E UserRestrictionsUtils: Unknown restriction queried by uid 1000 (com.thundercomm.debugtools et al): null
05-24 13:34:07.616 1528 7362 E UserRestrictionsUtils: Unknown restriction queried by uid 1000 (com.thundercomm.debugtools et al): null
05-24 13:34:07.616 1528 2699 E UserRestrictionsUtils: Unknown restriction queried by uid 1000 (com.thundercomm.debugtools et al): null
05-24 13:34:07.618 0 0 I [10218.973007] [schedu][0x2db1c4b5fe][13: 34:07.618652] wlan: [2025:I:PE] rrm_process_link_measurement_request: 275: Received Link report frame with 0
05-24 13:34:07.618 0 0 W [10218.973019] [schedu][0x2db1c4b6fc][13: 34:07.618665] wlan: [2025:W:PE] lim_send_link_report_action_frame: 4575: RRM: Sending Link Report to 08:79:8c:36:92:70 on vdev[0]
05-24 13:34:07.658 1528 4137 E UserRestrictionsUtils: Unknown restriction queried by uid 1000 (com.thundercomm.debugtools et al): null
05-24 13:34:07.658 1528 4137 E UserRestrictionsUtils: Unknown restriction queried by uid 1000 (com.thundercomm.debugtools et al): null
05-24 13:34:07.658 1528 4137 E UserRestrictionsUtils: Unknown restriction queried by uid 1000 (com.thundercomm.debugtools et al): null
05-24 13:34:07.658 1528 4137 E UserRestrictionsUtils: Unknown restriction queried by uid 1000 (com.thundercomm.debugtools et al): null
05-24 13:34:07.659 1528 4137 E UserRestrictionsUtils: Unknown restriction queried by uid 1000 (com.thundercomm.debugtools et al): null
05-24 13:34:07.659 1528 2699 E UserRestrictionsUtils: Unknown restriction queried by uid 1000 (com.thundercomm.debugtools et al): null
05-24 13:34:07.659 1528 7362 E UserRestrictionsUtils: Unknown restriction queried by uid 1000 (com.thundercomm.debugtools et al): null
05-24 13:34:07.659 1528 7362 E UserRestrictionsUtils: Unknown restriction queried by uid 1000 (com.thundercomm.debugtools et al): null
05-24 13:34:07.659 1528 7362 E UserRestrictionsUtils: Unknown restriction queried by uid 1000 (com.thundercomm.debugtools et al): null
05-24 13:34:07.659 1528 7362 E UserRestrictionsUtils: Unknown restriction queried by uid 1000 (com.thundercomm.debugtools et al): null
05-24 13:34:07.659 1528 7362 E UserRestrictionsUtils: Unknown restriction queried by uid 1000 (com.thundercomm.debugtools et al): null
05-24 13:34:07.660 1528 7362 E UserRestrictionsUtils: Unknown restriction queried by uid 1000 (com.thundercomm.debugtools et al): null
05-24 13:34:07.660 1528 7362 E UserRestrictionsUtils: Unknown restriction queried by uid 1000 (com.thundercomm.debugtools et al): null
05-24 13:34:07.660 1528 7362 E UserRestrictionsUtils: Unknown restriction queried by uid 1000 (com.thundercomm.debugtools et al): null
05-24 13:34:07.660 1528 7362 E UserRestrictionsUtils: Unknown restriction queried by uid 1000 (com.thundercomm.debugtools et al): null
05-24 13:34:07.660 1528 7362 E UserRestrictionsUtils: Unknown restriction queried by uid 1000 (com.thundercomm.debugtools et al): null
05-24 13:34:07.660 1528 7362 E UserRestrictionsUtils: Unknown restriction queried by uid 1000 (com.thundercomm.debugtools et al): null
05-24 13:34:07.661 1528 2699 E UserRestrictionsUtils: Unknown restriction queried by uid 1000 (com.thundercomm.debugtools et al): null
05-24 13:34:07.667 1528 22252 D CompatibilityChangeReporter: Compat change id reported: 157233955; UID 10079; state: ENABLED
05-24 13:34:07.765 1528 8437 I WindowManager: finishDrawing of relaunch: Window{41be565 u0 com.android.settings/com.android.settings.Settings} 187ms
05-24 13:34:07.777 1528 1667 I WindowManager: Screen frozen for +211ms due to Window{41be565 u0 com.android.settings/com.android.settings.Settings}
05-24 13:34:07.782 0 0 I : [10219.136414] read descriptors
05-24 13:34:07.782 0 0 I : [10219.136443] read strings
05-24 13:34:08.630 0 0 I [10219.983481] [schedu][0x2db2ecbe2f][13: 34:08.629108] wlan: [2025:I:PE] rrm_process_link_measurement_request: 275: Received Link report frame with -52
05-24 13:34:08.630 0 0 W [10219.983640] [schedu][0x2db2eccabe][13: 34:08.629275] wlan: [2025:W:PE] lim_send_link_report_action_frame: 4575: RRM: Sending Link Report to 08:79:8c:36:92:70 on vdev[0]
05-24 13:34:08.801 0 0 I : [10220.154669] read descriptors
05-24 13:34:08.801 0 0 I : [10220.154873] read strings
05-24 13:34:09.658 0 0 I [10221.009138] [schedu][0x2db4193a6b][13: 34:09.654764] wlan: [2025:I:PE] rrm_process_link_measurement_request: 275: Received Link report frame with -51
05-24 13:34:09.658 0 0 W [10221.009217] [schedu][0x2db4194139][13: 34:09.654855] wlan: [2025:W:PE] lim_send_link_report_action_frame: 4575: RRM: Sending Link Report to 08:79:8c:36:92:70 on vdev[0]
05-24 13:34:09.825 0 0 I : [10221.178139] read descriptors
05-24 13:34:09.825 0 0 I : [10221.178226] read strings
05-24 13:34:09.926 1528 8437 E UserRestrictionsUtils: Unknown restriction queried by uid 1000 (com.thundercomm.debugtools et al): null
05-24 13:34:10.081 0 0 W [10221.435565] audit: audit_lost=7782 audit_rate_limit=5 audit_backlog_limit=64
05-24 13:34:10.081 0 0 E [10221.435573] audit: rate limit exceeded
05-24 13:34:10.589 0 0 I [10221.942588] [schedu][0x2db52ab298][13: 34:10.588206] wlan: [2025:I:PE] rrm_process_link_measurement_request: 275: Received Link report frame with 0
05-24 13:34:10.589 0 0 W [10221.942664] [schedu][0x2db52ab9e4][13: 34:10.588304] wlan: [2025:W:PE] lim_send_link_report_action_frame: 4575: RRM: Sending Link Report to 08:79:8c:36:92:70 on vdev[0]
05-24 13:34:10.842 0 0 I : [10222.193871] read descriptors
05-24 13:34:10.842 0 0 I : [10222.194051] read strings
05-24 13:34:11.617 0 0 I [10222.968384] [schedu][0x2db65738b5][13: 34:11.613995] wlan: [2025:I:PE] rrm_process_link_measurement_request: 275: Received Link report frame with 0
05-24 13:34:11.618 0 0 W [10222.968434] [schedu][0x2db6573eb0][13: 34:11.614074] wlan: [2025:W:PE] lim_send_link_report_action_frame: 4575: RRM: Sending Link Report to 08:79:8c:36:92:70 on vdev[0]
05-24 13:34:11.869 0 0 I : [10223.221330] read descriptors
05-24 13:34:11.869 0 0 I : [10223.221456] read strings
05-24 13:34:12.437 0 0 W [10223.791049] audit: audit_lost=7787 audit_rate_limit=5 audit_backlog_limit=64
05-24 13:34:12.438 0 0 E [10223.791053] audit: rate limit exceeded
05-24 13:34:12.625 0 0 I [10223.976303] [schedu][0x2db77e8479][13: 34:12.621938] wlan: [2025:I:PE] rrm_process_link_measurement_request: 275: Received Link report frame with 0
05-24 13:34:12.625 0 0 W [10223.976378] [schedu][0x2db77e8a7a][13: 34:12.622018] wlan: [2025:W:PE] lim_send_link_report_action_frame: 4575: RRM: Sending Link Report to 08:79:8c:36:92:70 on vdev[0]
05-24 13:34:12.893 0 0 I : [10224.244808] read descriptors
05-24 13:34:12.893 0 0 I : [10224.244935] read strings
05-24 13:34:13.649 0 0 I [10225.000879] [schedu][0x2db8aaae32][13: 34:13.646494] wlan: [2025:I:PE] rrm_process_link_measurement_request: 275: Received Link report frame with 0
05-24 13:34:13.649 0 0 W [10225.000931] [schedu][0x2db8aab3e7][13: 34:13.646571] wlan: [2025:W:PE] lim_send_link_report_action_frame: 4575: RRM: Sending Link Report to 08:79:8c:36:92:70 on vdev[0]
05-24 13:34:13.914 0 0 I : [10225.265325] read descriptors
05-24 13:34:13.914 0 0 I : [10225.265523] read strings
05-24 13:34:14.573 0 0 I [10225.926095] [schedu][0x2db9b9be76][13: 34:14.571725] wlan: [2025:I:PE] rrm_process_link_measurement_request: 275: Received Link report frame with -52
05-24 13:34:14.573 0 0 W [10225.926175] [schedu][0x2db9b9c55b][13: 34:14.571817] wlan: [2025:W:PE] lim_send_link_report_action_frame: 4575: RRM: Sending Link Report to 08:79:8c:36:92:70 on vdev[0]
05-24 13:34:14.929 0 0 I : [10226.280980] read descriptors
05-24 13:34:14.930 0 0 I : [10226.281193] read strings
05-24 13:34:15.573 0 0 I [10226.926788] [schedu][0x2dbadeea33][13: 34:15.572415] wlan: [2025:I:PE] rrm_process_link_measurement_request: 275: Received Link report frame with -53
05-24 13:34:15.574 0 0 W [10226.926902] [schedu][0x2dbadef382][13: 34:15.572539] wlan: [2025:W:PE] lim_send_link_report_action_frame: 4575: RRM: Sending Link Report to 08:79:8c:36:92:70 on vdev[0]
05-24 13:34:15.950 0 0 I : [10227.300945] read descriptors
05-24 13:34:15.950 0 0 I : [10227.301145] read strings
05-24 13:34:16.022 1528 8941 I WindowManager: finishDrawing of relaunch: Window{a0bbabc u0 com.android.launcher3/com.android.launcher3.uioverrides.QuickstepLauncher} 8407ms
05-24 13:34:16.625 0 0 I [10227.978198] [schedu][0x2dbc12f258][13: 34:16.623830] wlan: [2025:I:PE] rrm_process_link_measurement_request: 275: Received Link report frame with 0
05-24 13:34:16.626 0 0 W [10227.978251] [schedu][0x2dbc12f6fd][13: 34:16.623892] wlan: [2025:W:PE] lim_send_link_report_action_frame: 4575: RRM: Sending Link Report to 08:79:8c:36:92:70 on vdev[0]
05-24 13:34:16.754 1528 8941 I ActivityTaskManager: FOREGROUND_APPLICATION_CHANGED to com.android.launcher3.uioverrides.QuickstepLauncher
05-24 13:34:16.806 0 0 W [10228.156694] audit: audit_lost=7797 audit_rate_limit=5 audit_backlog_limit=64
05-24 13:34:16.806 0 0 E [10228.156697] audit: rate limit exceeded
05-24 13:34:16.965 0 0 I : [10228.316537] read descriptors
05-24 13:34:16.965 0 0 I : [10228.316661] read strings
05-24 13:34:17.148 1528 1657 I thunderperf: PlatormCompat.setOverrides: Uid1=10074 Pid1=2838 Uid2=10074 Pid2=2838
05-24 13:34:17.148 1528 1657 I thunderperf: PlatormCompat.setOverrides: needCheck:false
05-24 13:34:17.148 1528 1657 I thunderperf: CompatConfig.addOverrideUnsafe: bef-state=1
05-24 13:34:17.149 1528 1657 E thunderperf: CompatConfig.addOverrideUnsafe: exception:java.lang.SecurityException: Cannot override a change on a non-debuggable app and user build.
05-24 13:34:17.149 1528 1657 I thunderperf: CompatConfig.addOverrideUnsafe: aft-state=1
05-24 13:34:17.150 1528 1657 I thunderperf: CompatConfig.addOverrideUnsafe: bef-state=1
05-24 13:34:17.150 1528 1657 E thunderperf: CompatConfig.addOverrideUnsafe: exception:java.lang.SecurityException: Cannot override a change on a non-debuggable app and user build.
05-24 13:34:17.150 1528 1657 I thunderperf: CompatConfig.addOverrideUnsafe: aft-state=1
05-24 13:34:17.150 1528 1657 I thunderperf: CompatConfig.addOverrideUnsafe: bef-state=1
05-24 13:34:17.150 1528 1657 E thunderperf: CompatConfig.addOverrideUnsafe: exception:java.lang.SecurityException: Cannot override a change on a non-debuggable app and user build.
05-24 13:34:17.150 1528 1657 I thunderperf: CompatConfig.addOverrideUnsafe: aft-state=1
05-24 13:34:17.151 1528 1657 I thunderperf: CompatConfig.addOverrideUnsafe: bef-state=1
05-24 13:34:17.151 1528 1657 E thunderperf: CompatConfig.addOverrideUnsafe: exception:java.lang.SecurityException: Cannot override a change on a non-debuggable app and user build.
05-24 13:34:17.151 1528 1657 I thunderperf: CompatConfig.addOverrideUnsafe: aft-state=1
05-24 13:34:17.151 1528 1657 I thunderperf: CompatConfig.addOverrideUnsafe: bef-state=1
05-24 13:34:17.152 1528 1657 E thunderperf: CompatConfig.addOverrideUnsafe: exception:java.lang.SecurityException: Cannot override a change on a non-debuggable app and user build.
05-24 13:34:17.152 1528 1657 I thunderperf: CompatConfig.addOverrideUnsafe: aft-state=1
05-24 13:34:17.152 1528 1657 I thunderperf: CompatConfig.addOverrideUnsafe: bef-state=1
05-24 13:34:17.152 1528 1657 E thunderperf: CompatConfig.addOverrideUnsafe: exception:java.lang.SecurityException: Cannot override a change on a non-debuggable app and user build.
05-24 13:34:17.152 1528 1657 I thunderperf: CompatConfig.addOverrideUnsafe: aft-state=1
05-24 13:34:17.153 1528 1657 I thunderperf: CompatConfig.addOverrideUnsafe: bef-state=1
05-24 13:34:17.153 1528 1657 E thunderperf: CompatConfig.addOverrideUnsafe: exception:java.lang.SecurityException: Cannot override a change on a non-debuggable app and user build.
05-24 13:34:17.153 1528 1657 I thunderperf: CompatConfig.addOverrideUnsafe: aft-state=1
05-24 13:34:17.153 1528 1657 I thunderperf: CompatConfig.addOverrideUnsafe: bef-state=1
05-24 13:34:17.153 1528 1657 E thunderperf: CompatConfig.addOverrideUnsafe: exception:java.lang.SecurityException: Cannot override a change on a non-debuggable app and user build.
05-24 13:34:17.153 1528 1657 I thunderperf: CompatConfig.addOverrideUnsafe: aft-state=1
05-24 13:34:17.154 1528 1657 I thunderperf: CompatConfig.addOverrideUnsafe: bef-state=1
05-24 13:34:17.154 1528 1657 E thunderperf: CompatConfig.addOverrideUnsafe: exception:java.lang.SecurityException: Cannot override a change on a non-debuggable app and user build.
05-24 13:34:17.154 1528 1657 I thunderperf: CompatConfig.addOverrideUnsafe: aft-state=1
05-24 13:34:17.154 1528 1657 I thunderperf: CompatConfig.addOverrideUnsafe: bef-state=1
05-24 13:34:17.154 1528 1657 E thunderperf: CompatConfig.addOverrideUnsafe: exception:java.lang.SecurityException: Cannot override a change on a non-debuggable app and user build.
05-24 13:34:17.155 1528 1657 I thunderperf: CompatConfig.addOverrideUnsafe: aft-state=1
05-24 13:34:17.155 1528 1657 I thunderperf: CompatConfig.addOverrideUnsafe: bef-state=1
05-24 13:34:17.155 1528 1657 E thunderperf: CompatConfig.addOverrideUnsafe: exception:java.lang.SecurityException: Cannot override a change on a non-debuggable app and user build.
05-24 13:34:17.155 1528 1657 I thunderperf: CompatConfig.addOverrideUnsafe: aft-state=1
05-24 13:34:17.155 1528 1657 I thunderperf: CompatConfig.addOverrideUnsafe: bef-state=1
05-24 13:34:17.156 1528 1657 E thunderperf: CompatConfig.addOverrideUnsafe: exception:java.lang.SecurityException: Cannot override a change on a non-debuggable app and user build.
05-24 13:34:17.156 1528 1657 I thunderperf: CompatConfig.addOverrideUnsafe: aft-state=1
05-24 13:34:17.156 1528 1657 I thunderperf: CompatConfig.addOverrideUnsafe: bef-state=1
05-24 13:34:17.156 1528 1657 E thunderperf: CompatConfig.addOverrideUnsafe: exception:java.lang.SecurityException: Cannot override a change on a non-debuggable app and user build.
05-24 13:34:17.156 1528 1657 I thunderperf: CompatConfig.addOverrideUnsafe: aft-state=1
05-24 13:34:17.157 1528 1657 I thunderperf: CompatConfig.addOverrideUnsafe: bef-state=1
05-24 13:34:17.157 1528 1657 E thunderperf: CompatConfig.addOverrideUnsafe: exception:java.lang.SecurityException: Cannot override a change on a non-debuggable app and user build.
05-24 13:34:17.157 1528 1657 I thunderperf: CompatConfig.addOverrideUnsafe: aft-state=1
05-24 13:34:17.162 1528 1657 I ActivityTaskManager: START u0 {act=android.intent.action.MAIN cat=[android.intent.category.LAUNCHER] flg=0x10200000 cmp=com.android.gallery3d/.app.GalleryActivity bnds=[2306,140][2508,340]} from uid 10074
05-24 13:34:17.172 1528 1657 D CompatibilityChangeReporter: Compat change id reported: 168419799; UID 10066; state: DISABLED
05-24 13:34:17.176 1528 22256 I ActivityTaskManager: FOREGROUND_APPLICATION_CHANGED to com.android.gallery3d.app.GalleryActivity
05-24 13:34:17.176 1528 22256 I ActivityTaskManager: The Process com.android.gallery3d Already Exists in BG. So sending its PID: 10060
05-24 13:34:17.207 1528 2326 D CompatibilityChangeReporter: Compat change id reported: 149924527; UID 10066; state: ENABLED
05-24 13:34:17.207 1528 2326 D CompatibilityChangeReporter: Compat change id reported: 132649864; UID 10066; state: DISABLED
05-24 13:34:17.207 1528 2326 D CompatibilityChangeReporter: Compat change id reported: 182734110; UID 10066; state: DISABLED
05-24 13:34:17.208 1528 2326 W WindowManager: Failed looking up window session=Session{a3320b9 10060:u0a10066} callers=com.android.server.wm.WindowManagerService.windowForClientLocked:5628 com.android.server.wm.Session.insetsModified:629 android.view.IWindowSession$Stub.onTransact:1151
05-24 13:34:17.225 0 0 I [10228.578071] binder: 10060:11252 ioctl 40046210 6ef07dcc94 returned -22
05-24 13:34:17.644 0 0 I [10228.998515] [schedu][0x2dbd3ddf1a][13: 34:17.644160] wlan: [2025:I:PE] rrm_process_link_measurement_request: 275: Received Link report frame with -53
05-24 13:34:17.644 0 0 W [10228.998528] [schedu][0x2dbd3de026][13: 34:17.644174] wlan: [2025:W:PE] lim_send_link_report_action_frame: 4575: RRM: Sending Link Report to 08:79:8c:36:92:70 on vdev[0]
05-24 13:34:17.981 0 0 I : [10229.332201] read descriptors
05-24 13:34:17.981 0 0 I : [10229.332228] read strings
