05-24 11:58:32.078 1528 1801 D ActivityManager: freezing 20490 com.qualcomm.qti.qccauthmgr
05-24 11:58:32.079 1528 1801 E ActivityManager: Unable to freeze binder for 20490 com.qualcomm.qti.qccauthmgr
05-24 11:58:32.080 1528 1801 D ActivityManager: froze 20490 com.qualcomm.qti.qccauthmgr
05-24 11:58:32.081 1528 1801 E ActivityManager: Unable to freeze binder for 20490 com.qualcomm.qti.qccauthmgr
05-24 11:58:32.082 1528 1801 I ActivityManager: Killing 20490:com.qualcomm.qti.qccauthmgr/u0a87 (adj 925): Unable to freeze binder interface
05-24 12:00:27.007 2571 22786 W ContextImpl: Calling a method in the system process without a qualified user: android.app.ContextImpl.sendBroadcast:1173 android.content.ContextWrapper.sendBroadcast:479 com.thundercomm.microsettings.action.SetTimeAction.timeUpdated:212 com.thundercomm.microsettings.action.SetTimeAction.update24HourFormat:194 com.thundercomm.microsettings.action.SetTimeAction.doActualAction:154
05-24 12:00:27.017 1528 1528 D DevicePolicyManager: updateSystemUpdateFreezePeriodsRecord
05-24 12:00:27.018 1528 1528 D ConditionProviders.SCP: onReceive android.intent.action.TIME_SET
05-24 12:00:27.019 1528 1528 D ConditionProviders.SCP: evaluateSubscriptionLocked cal=ScheduleCalendar[mDays={1, 2, 3, 4, 5, 6, 7}, mSchedule=ScheduleInfo{days=[1, 2, 3, 4, 5, 6, 7], startHour=22, startMinute=0, endHour=7, endMinute=0, exitAtAlarm=true, nextAlarm=Thu Jan 01 08:00:00 GMT+08:00 1970 (0)}], now=Wed May 24 12:00:27 GMT+08:00 2023 (1684900827018), nextUserAlarmTime=Thu Jan 01 08:00:00 GMT+08:00 1970 (0)
05-24 12:00:27.019 1528 1528 D ConditionProviders.SCP: notifyCondition condition://android/schedule?days=1.2.3.4.5.6.7&start=22.0&end=7.0&exitAtAlarm=true STATE_FALSE reason=!meetsSchedule
05-24 12:00:27.020 1528 1528 D ConditionProviders.SCP: Scheduling evaluate for Wed May 24 22:00:00 GMT+08:00 2023 (1684936800000), in +9h59m32s982ms, now=Wed May 24 12:00:27 GMT+08:00 2023 (1684900827018)
05-24 12:02:27.006 2571 23102 W ContextImpl: Calling a method in the system process without a qualified user: android.app.ContextImpl.sendBroadcast:1173 android.content.ContextWrapper.sendBroadcast:479 com.thundercomm.microsettings.action.SetTimeAction.timeUpdated:212 com.thundercomm.microsettings.action.SetTimeAction.update24HourFormat:194 com.thundercomm.microsettings.action.SetTimeAction.doActualAction:154
05-24 12:02:27.017 1528 1528 D DevicePolicyManager: updateSystemUpdateFreezePeriodsRecord
05-24 12:02:27.017 1528 1528 D ConditionProviders.SCP: onReceive android.intent.action.TIME_SET
05-24 12:02:27.018 1528 1528 D ConditionProviders.SCP: evaluateSubscriptionLocked cal=ScheduleCalendar[mDays={1, 2, 3, 4, 5, 6, 7}, mSchedule=ScheduleInfo{days=[1, 2, 3, 4, 5, 6, 7], startHour=22, startMinute=0, endHour=7, endMinute=0, exitAtAlarm=true, nextAlarm=Thu Jan 01 08:00:00 GMT+08:00 1970 (0)}], now=Wed May 24 12:02:27 GMT+08:00 2023 (1684900947017), nextUserAlarmTime=Thu Jan 01 08:00:00 GMT+08:00 1970 (0)
05-24 12:02:27.018 1528 1528 D ConditionProviders.SCP: notifyCondition condition://android/schedule?days=1.2.3.4.5.6.7&start=22.0&end=7.0&exitAtAlarm=true STATE_FALSE reason=!meetsSchedule
05-24 12:02:27.021 1528 1528 D ConditionProviders.SCP: Scheduling evaluate for Wed May 24 22:00:00 GMT+08:00 2023 (1684936800000), in +9h57m32s983ms, now=Wed May 24 12:02:27 GMT+08:00 2023 (1684900947017)
05-24 12:04:03.496 1528 1674 I UsageStatsService: User[0] Flushing usage stats to disk
05-24 12:04:27.007 2571 23400 W ContextImpl: Calling a method in the system process without a qualified user: android.app.ContextImpl.sendBroadcast:1173 android.content.ContextWrapper.sendBroadcast:479 com.thundercomm.microsettings.action.SetTimeAction.timeUpdated:212 com.thundercomm.microsettings.action.SetTimeAction.update24HourFormat:194 com.thundercomm.microsettings.action.SetTimeAction.doActualAction:154
05-24 12:04:27.015 1528 1528 D DevicePolicyManager: updateSystemUpdateFreezePeriodsRecord
05-24 12:04:27.016 1528 1528 D ConditionProviders.SCP: onReceive android.intent.action.TIME_SET
05-24 12:04:27.017 1528 1528 D ConditionProviders.SCP: evaluateSubscriptionLocked cal=ScheduleCalendar[mDays={1, 2, 3, 4, 5, 6, 7}, mSchedule=ScheduleInfo{days=[1, 2, 3, 4, 5, 6, 7], startHour=22, startMinute=0, endHour=7, endMinute=0, exitAtAlarm=true, nextAlarm=Thu Jan 01 08:00:00 GMT+08:00 1970 (0)}], now=Wed May 24 12:04:27 GMT+08:00 2023 (1684901067016), nextUserAlarmTime=Thu Jan 01 08:00:00 GMT+08:00 1970 (0)
05-24 12:04:27.017 1528 1528 D ConditionProviders.SCP: notifyCondition condition://android/schedule?days=1.2.3.4.5.6.7&start=22.0&end=7.0&exitAtAlarm=true STATE_FALSE reason=!meetsSchedule
05-24 12:04:27.018 1528 1528 D ConditionProviders.SCP: Scheduling evaluate for Wed May 24 22:00:00 GMT+08:00 2023 (1684936800000), in +9h55m32s984ms, now=Wed May 24 12:04:27 GMT+08:00 2023 (1684901067016)
05-24 12:04:42.079 1528 1801 D ActivityManager: freezing 13644 com.qti.diagservices
05-24 12:04:42.080 1528 1801 E ActivityManager: Unable to freeze binder for 13644 com.qti.diagservices
05-24 12:04:42.081 1528 1801 D ActivityManager: froze 13644 com.qti.diagservices
05-24 12:04:42.082 1528 1801 E ActivityManager: Unable to freeze binder for 13644 com.qti.diagservices
05-24 12:04:42.084 1528 1801 I ActivityManager: Killing 13644:com.qti.diagservices/1000 (adj 925): Unable to freeze binder interface
05-24 12:04:42.124 1528 22256 W ActivityManager: Scheduling restart of crashed service com.qti.diagservices/.QTIDiagServices in 1000ms for start-requested
05-24 12:04:43.129 1528 1675 D CompatibilityChangeReporter: Compat change id reported: 135634846; UID 1000; state: DISABLED
05-24 12:04:43.130 1528 1675 D CompatibilityChangeReporter: Compat change id reported: 177438394; UID 1000; state: DISABLED
05-24 12:04:43.130 1528 1675 D CompatibilityChangeReporter: Compat change id reported: 135772972; UID 1000; state: DISABLED
05-24 12:04:43.131 1528 1675 D CompatibilityChangeReporter: Compat change id reported: 135754954; UID 1000; state: ENABLED
05-24 12:04:43.141 1528 1676 I ActivityManager: Start proc 23451:com.qti.diagservices/1000 for service {com.qti.diagservices/com.qti.diagservices.QTIDiagServices}
05-24 12:06:27.007 2571 23718 W ContextImpl: Calling a method in the system process without a qualified user: android.app.ContextImpl.sendBroadcast:1173 android.content.ContextWrapper.sendBroadcast:479 com.thundercomm.microsettings.action.SetTimeAction.timeUpdated:212 com.thundercomm.microsettings.action.SetTimeAction.update24HourFormat:194 com.thundercomm.microsettings.action.SetTimeAction.doActualAction:154
05-24 12:06:27.017 1528 1528 D DevicePolicyManager: updateSystemUpdateFreezePeriodsRecord
05-24 12:06:27.018 1528 1528 D ConditionProviders.SCP: onReceive android.intent.action.TIME_SET
05-24 12:06:27.018 1528 1528 D ConditionProviders.SCP: evaluateSubscriptionLocked cal=ScheduleCalendar[mDays={1, 2, 3, 4, 5, 6, 7}, mSchedule=ScheduleInfo{days=[1, 2, 3, 4, 5, 6, 7], startHour=22, startMinute=0, endHour=7, endMinute=0, exitAtAlarm=true, nextAlarm=Thu Jan 01 08:00:00 GMT+08:00 1970 (0)}], now=Wed May 24 12:06:27 GMT+08:00 2023 (1684901187018), nextUserAlarmTime=Thu Jan 01 08:00:00 GMT+08:00 1970 (0)
05-24 12:06:27.019 1528 1528 D ConditionProviders.SCP: notifyCondition condition://android/schedule?days=1.2.3.4.5.6.7&start=22.0&end=7.0&exitAtAlarm=true STATE_FALSE reason=!meetsSchedule
05-24 12:06:27.020 1528 1528 D ConditionProviders.SCP: Scheduling evaluate for Wed May 24 22:00:00 GMT+08:00 2023 (1684936800000), in +9h53m32s982ms, now=Wed May 24 12:06:27 GMT+08:00 2023 (1684901187018)
05-24 12:07:08.125 1528 1801 D ActivityManager: freezing 20652 com.microsoft.emmx:sandboxed_process0:org.chromium.content.app.SandboxedProcessService0:26
05-24 12:07:08.125 1528 1801 E ActivityManager: Unable to freeze binder for 20652 com.microsoft.emmx:sandboxed_process0:org.chromium.content.app.SandboxedProcessService0:26
05-24 12:07:08.128 1528 1801 D ActivityManager: froze 20652 com.microsoft.emmx:sandboxed_process0:org.chromium.content.app.SandboxedProcessService0:26
05-24 12:07:08.128 1528 1801 E ActivityManager: Unable to freeze binder for 20652 com.microsoft.emmx:sandboxed_process0:org.chromium.content.app.SandboxedProcessService0:26
05-24 12:07:08.131 1528 1801 D ActivityManager: freezing 20007 com.microsoft.emmx:privileged_process1
05-24 12:07:08.131 1528 1801 E ActivityManager: Unable to freeze binder for 20007 com.microsoft.emmx:privileged_process1
05-24 12:07:08.132 1528 1801 D ActivityManager: froze 20007 com.microsoft.emmx:privileged_process1
05-24 12:07:08.132 1528 1801 E ActivityManager: Unable to freeze binder for 20007 com.microsoft.emmx:privileged_process1
05-24 12:07:08.135 1528 1801 D ActivityManager: freezing 19993 com.microsoft.emmx:sandboxed_process0:org.chromium.content.app.SandboxedProcessService0:24
05-24 12:07:08.135 1528 1801 E ActivityManager: Unable to freeze binder for 19993 com.microsoft.emmx:sandboxed_process0:org.chromium.content.app.SandboxedProcessService0:24
05-24 12:07:08.137 1528 1801 D ActivityManager: froze 19993 com.microsoft.emmx:sandboxed_process0:org.chromium.content.app.SandboxedProcessService0:24
05-24 12:07:08.137 1528 1801 E ActivityManager: Unable to freeze binder for 19993 com.microsoft.emmx:sandboxed_process0:org.chromium.content.app.SandboxedProcessService0:24
05-24 12:07:08.139 1528 1801 D ActivityManager: freezing 20616 com.microsoft.emmx:sandboxed_process0:org.chromium.content.app.SandboxedProcessService0:25
05-24 12:07:08.140 1528 1801 E ActivityManager: Unable to freeze binder for 20616 com.microsoft.emmx:sandboxed_process0:org.chromium.content.app.SandboxedProcessService0:25
05-24 12:07:08.141 1528 1801 D ActivityManager: froze 20616 com.microsoft.emmx:sandboxed_process0:org.chromium.content.app.SandboxedProcessService0:25
05-24 12:07:08.141 1528 1801 E ActivityManager: Unable to freeze binder for 20616 com.microsoft.emmx:sandboxed_process0:org.chromium.content.app.SandboxedProcessService0:25
05-24 12:07:08.142 1528 1801 I ActivityManager: Killing 20652:com.microsoft.emmx:sandboxed_process0:org.chromium.content.app.SandboxedProcessService0:26/u0a20i-8998 (adj 910): Unable to freeze binder interface
05-24 12:07:08.144 1528 1801 I ActivityManager: Killing 20007:com.microsoft.emmx:privileged_process1/u0a20 (adj 920): Unable to freeze binder interface
05-24 12:07:08.145 1528 1801 I ActivityManager: Killing 19993:com.microsoft.emmx:sandboxed_process0:org.chromium.content.app.SandboxedProcessService0:24/u0a20i-9000 (adj 930): Unable to freeze binder interface
05-24 12:07:08.146 1528 1801 I ActivityManager: Killing 20616:com.microsoft.emmx:sandboxed_process0:org.chromium.content.app.SandboxedProcessService0:25/u0a20i-8999 (adj 940): Unable to freeze binder interface
05-24 12:07:08.193 1528 22252 W ActivityManager: Exception when unbinding service com.microsoft.emmx/org.chromium.content.app.PrivilegedProcessService1
05-24 12:07:08.193 1528 22252 W ActivityManager: android.os.DeadObjectException
05-24 12:07:08.193 1528 22252 W ActivityManager: at android.os.BinderProxy.transactNative(Native Method)
05-24 12:07:08.193 1528 22252 W ActivityManager: at android.os.BinderProxy.transact(BinderProxy.java:571)
05-24 12:07:08.193 1528 22252 W ActivityManager: at android.app.IApplicationThread$Stub$Proxy.scheduleUnbindService(IApplicationThread.java:1790)
05-24 12:07:08.193 1528 22252 W ActivityManager: at com.android.server.am.ActiveServices.removeConnectionLocked(ActiveServices.java:4629)
05-24 12:07:08.193 1528 22252 W ActivityManager: at com.android.server.am.ActiveServices.unbindServiceLocked(ActiveServices.java:3079)
05-24 12:07:08.193 1528 22252 W ActivityManager: at com.android.server.am.ActivityManagerService.unbindService(ActivityManagerService.java:12147)
05-24 12:07:08.193 1528 22252 W ActivityManager: at android.app.IActivityManager$Stub.onTransact(IActivityManager.java:2629)
05-24 12:07:08.193 1528 22252 W ActivityManager: at com.android.server.am.ActivityManagerService.onTransact(ActivityManagerService.java:2528)
05-24 12:07:08.193 1528 22252 W ActivityManager: at android.os.Binder.execTransactInternal(Binder.java:1179)
05-24 12:07:08.193 1528 22252 W ActivityManager: at android.os.Binder.execTransact(Binder.java:1143)
05-24 12:07:08.202 1528 22256 W ActivityManager: Scheduling restart of crashed service com.microsoft.emmx/org.chromium.content.app.SandboxedProcessService0:25 in 1000ms for connection
05-24 12:07:08.209 1528 7362 W ActivityManager: Scheduling restart of crashed service com.microsoft.emmx/org.chromium.content.app.SandboxedProcessService0:24 in 10993ms for connection
05-24 12:07:08.211 1528 1682 E KernelCpuSpeedReader: Failed to read cpu-freq: /sys/devices/system/cpu/cpu4/cpufreq/stats/time_in_state: open failed: ENOENT (No such file or directory)
05-24 12:07:08.211 1528 1682 E KernelCpuSpeedReader: Failed to read cpu-freq: /sys/devices/system/cpu/cpu0/cpufreq/stats/time_in_state: open failed: ENOENT (No such file or directory)
05-24 12:07:08.213 1528 1682 E KernelCpuSpeedReader: Failed to read cpu-freq: /sys/devices/system/cpu/cpu4/cpufreq/stats/time_in_state: open failed: ENOENT (No such file or directory)
05-24 12:07:08.213 1528 1682 E KernelCpuSpeedReader: Failed to read cpu-freq: /sys/devices/system/cpu/cpu0/cpufreq/stats/time_in_state: open failed: ENOENT (No such file or directory)
05-24 12:07:08.223 1528 7362 W ActivityManager: Scheduling restart of crashed service com.microsoft.emmx/org.chromium.content.app.SandboxedProcessService0:26 in 20979ms for connection
05-24 12:07:08.224 1528 1682 E KernelCpuSpeedReader: Failed to read cpu-freq: /sys/devices/system/cpu/cpu4/cpufreq/stats/time_in_state: open failed: ENOENT (No such file or directory)
05-24 12:07:08.225 1528 1682 E KernelCpuSpeedReader: Failed to read cpu-freq: /sys/devices/system/cpu/cpu0/cpufreq/stats/time_in_state: open failed: ENOENT (No such file or directory)
05-24 12:08:27.007 2571 24041 W ContextImpl: Calling a method in the system process without a qualified user: android.app.ContextImpl.sendBroadcast:1173 android.content.ContextWrapper.sendBroadcast:479 com.thundercomm.microsettings.action.SetTimeAction.timeUpdated:212 com.thundercomm.microsettings.action.SetTimeAction.update24HourFormat:194 com.thundercomm.microsettings.action.SetTimeAction.doActualAction:154
05-24 12:08:27.017 1528 1528 D DevicePolicyManager: updateSystemUpdateFreezePeriodsRecord
05-24 12:08:27.017 1528 1528 D ConditionProviders.SCP: onReceive android.intent.action.TIME_SET
05-24 12:08:27.018 1528 1528 D ConditionProviders.SCP: evaluateSubscriptionLocked cal=ScheduleCalendar[mDays={1, 2, 3, 4, 5, 6, 7}, mSchedule=ScheduleInfo{days=[1, 2, 3, 4, 5, 6, 7], startHour=22, startMinute=0, endHour=7, endMinute=0, exitAtAlarm=true, nextAlarm=Thu Jan 01 08:00:00 GMT+08:00 1970 (0)}], now=Wed May 24 12:08:27 GMT+08:00 2023 (1684901307017), nextUserAlarmTime=Thu Jan 01 08:00:00 GMT+08:00 1970 (0)
05-24 12:08:27.018 1528 1528 D ConditionProviders.SCP: notifyCondition condition://android/schedule?days=1.2.3.4.5.6.7&start=22.0&end=7.0&exitAtAlarm=true STATE_FALSE reason=!meetsSchedule
05-24 12:08:27.020 1528 1528 D ConditionProviders.SCP: Scheduling evaluate for Wed May 24 22:00:00 GMT+08:00 2023 (1684936800000), in +9h51m32s983ms, now=Wed May 24 12:08:27 GMT+08:00 2023 (1684901307017)
05-24 12:08:32.013 1528 1801 D ActivityManager: freezing 2817 com.thundercomm.gamemode.provider
05-24 12:08:32.014 1528 1801 E ActivityManager: Unable to freeze binder for 2817 com.thundercomm.gamemode.provider
05-24 12:08:32.015 1528 1801 D ActivityManager: froze 2817 com.thundercomm.gamemode.provider
05-24 12:08:32.015 1528 1801 E ActivityManager: Unable to freeze binder for 2817 com.thundercomm.gamemode.provider
05-24 12:08:32.018 1528 1801 I ActivityManager: Killing 2817:com.thundercomm.gamemode.provider/u0a65 (adj 925): Unable to freeze binder interface
05-24 12:10:27.007 2571 24331 W ContextImpl: Calling a method in the system process without a qualified user: android.app.ContextImpl.sendBroadcast:1173 android.content.ContextWrapper.sendBroadcast:479 com.thundercomm.microsettings.action.SetTimeAction.timeUpdated:212 com.thundercomm.microsettings.action.SetTimeAction.update24HourFormat:194 com.thundercomm.microsettings.action.SetTimeAction.doActualAction:154
05-24 12:10:27.014 1528 1528 D DevicePolicyManager: updateSystemUpdateFreezePeriodsRecord
05-24 12:10:27.014 1528 1528 D ConditionProviders.SCP: onReceive android.intent.action.TIME_SET
05-24 12:10:27.015 1528 1528 D ConditionProviders.SCP: evaluateSubscriptionLocked cal=ScheduleCalendar[mDays={1, 2, 3, 4, 5, 6, 7}, mSchedule=ScheduleInfo{days=[1, 2, 3, 4, 5, 6, 7], startHour=22, startMinute=0, endHour=7, endMinute=0, exitAtAlarm=true, nextAlarm=Thu Jan 01 08:00:00 GMT+08:00 1970 (0)}], now=Wed May 24 12:10:27 GMT+08:00 2023 (1684901427014), nextUserAlarmTime=Thu Jan 01 08:00:00 GMT+08:00 1970 (0)
05-24 12:10:27.015 1528 1528 D ConditionProviders.SCP: notifyCondition condition://android/schedule?days=1.2.3.4.5.6.7&start=22.0&end=7.0&exitAtAlarm=true STATE_FALSE reason=!meetsSchedule
05-24 12:10:27.016 1528 1528 D ConditionProviders.SCP: Scheduling evaluate for Wed May 24 22:00:00 GMT+08:00 2023 (1684936800000), in +9h49m32s986ms, now=Wed May 24 12:10:27 GMT+08:00 2023 (1684901427014)
05-24 12:12:27.007 2571 24634 W ContextImpl: Calling a method in the system process without a qualified user: android.app.ContextImpl.sendBroadcast:1173 android.content.ContextWrapper.sendBroadcast:479 com.thundercomm.microsettings.action.SetTimeAction.timeUpdated:212 com.thundercomm.microsettings.action.SetTimeAction.update24HourFormat:194 com.thundercomm.microsettings.action.SetTimeAction.doActualAction:154
05-24 12:12:27.014 1528 1528 D DevicePolicyManager: updateSystemUpdateFreezePeriodsRecord
05-24 12:12:27.014 1528 1528 D ConditionProviders.SCP: onReceive android.intent.action.TIME_SET
05-24 12:12:27.015 1528 1528 D ConditionProviders.SCP: evaluateSubscriptionLocked cal=ScheduleCalendar[mDays={1, 2, 3, 4, 5, 6, 7}, mSchedule=ScheduleInfo{days=[1, 2, 3, 4, 5, 6, 7], startHour=22, startMinute=0, endHour=7, endMinute=0, exitAtAlarm=true, nextAlarm=Thu Jan 01 08:00:00 GMT+08:00 1970 (0)}], now=Wed May 24 12:12:27 GMT+08:00 2023 (1684901547014), nextUserAlarmTime=Thu Jan 01 08:00:00 GMT+08:00 1970 (0)
05-24 12:12:27.015 1528 1528 D ConditionProviders.SCP: notifyCondition condition://android/schedule?days=1.2.3.4.5.6.7&start=22.0&end=7.0&exitAtAlarm=true STATE_FALSE reason=!meetsSchedule
05-24 12:12:27.016 1528 1528 D ConditionProviders.SCP: Scheduling evaluate for Wed May 24 22:00:00 GMT+08:00 2023 (1684936800000), in +9h47m32s986ms, now=Wed May 24 12:12:27 GMT+08:00 2023 (1684901547014)
05-24 12:13:49.135 1528 1682 W BatteryExternalStatsWorker: error reading modem stats:ERROR_PHONE_NOT_AVAILABLE
05-24 12:13:49.163 1528 1682 E KernelCpuSpeedReader: Failed to read cpu-freq: /sys/devices/system/cpu/cpu4/cpufreq/stats/time_in_state: open failed: ENOENT (No such file or directory)
05-24 12:13:49.163 1528 1682 E KernelCpuSpeedReader: Failed to read cpu-freq: /sys/devices/system/cpu/cpu0/cpufreq/stats/time_in_state: open failed: ENOENT (No such file or directory)
05-24 12:13:49.203 1528 1682 D KernelCpuUidUserSysTimeReader: Removing uids 90001-90001
05-24 12:13:49.203 1528 1682 D KernelCpuUidUserSysTimeReader: Removing uids 90000-90000
05-24 12:13:49.204 1528 1682 D KernelCpuUidUserSysTimeReader: Removing uids 90002-90002
05-24 12:14:27.008 2571 24955 W ContextImpl: Calling a method in the system process without a qualified user: android.app.ContextImpl.sendBroadcast:1173 android.content.ContextWrapper.sendBroadcast:479 com.thundercomm.microsettings.action.SetTimeAction.timeUpdated:212 com.thundercomm.microsettings.action.SetTimeAction.update24HourFormat:194 com.thundercomm.microsettings.action.SetTimeAction.doActualAction:154
05-24 12:14:27.020 1528 1528 D DevicePolicyManager: updateSystemUpdateFreezePeriodsRecord
05-24 12:14:27.021 1528 1528 D ConditionProviders.SCP: onReceive android.intent.action.TIME_SET
05-24 12:14:27.022 1528 1528 D ConditionProviders.SCP: evaluateSubscriptionLocked cal=ScheduleCalendar[mDays={1, 2, 3, 4, 5, 6, 7}, mSchedule=ScheduleInfo{days=[1, 2, 3, 4, 5, 6, 7], startHour=22, startMinute=0, endHour=7, endMinute=0, exitAtAlarm=true, nextAlarm=Thu Jan 01 08:00:00 GMT+08:00 1970 (0)}], now=Wed May 24 12:14:27 GMT+08:00 2023 (1684901667021), nextUserAlarmTime=Thu Jan 01 08:00:00 GMT+08:00 1970 (0)
05-24 12:14:27.022 1528 1528 D ConditionProviders.SCP: notifyCondition condition://android/schedule?days=1.2.3.4.5.6.7&start=22.0&end=7.0&exitAtAlarm=true STATE_FALSE reason=!meetsSchedule
05-24 12:14:27.023 1528 1528 D ConditionProviders.SCP: Scheduling evaluate for Wed May 24 22:00:00 GMT+08:00 2023 (1684936800000), in +9h45m32s979ms, now=Wed May 24 12:14:27 GMT+08:00 2023 (1684901667021)
05-24 12:16:27.006 2571 25245 W ContextImpl: Calling a method in the system process without a qualified user: android.app.ContextImpl.sendBroadcast:1173 android.content.ContextWrapper.sendBroadcast:479 com.thundercomm.microsettings.action.SetTimeAction.timeUpdated:212 com.thundercomm.microsettings.action.SetTimeAction.update24HourFormat:194 com.thundercomm.microsettings.action.SetTimeAction.doActualAction:154
05-24 12:16:27.016 1528 1528 D DevicePolicyManager: updateSystemUpdateFreezePeriodsRecord
05-24 12:16:27.016 1528 1528 D ConditionProviders.SCP: onReceive android.intent.action.TIME_SET
05-24 12:16:27.017 1528 1528 D ConditionProviders.SCP: evaluateSubscriptionLocked cal=ScheduleCalendar[mDays={1, 2, 3, 4, 5, 6, 7}, mSchedule=ScheduleInfo{days=[1, 2, 3, 4, 5, 6, 7], startHour=22, startMinute=0, endHour=7, endMinute=0, exitAtAlarm=true, nextAlarm=Thu Jan 01 08:00:00 GMT+08:00 1970 (0)}], now=Wed May 24 12:16:27 GMT+08:00 2023 (1684901787016), nextUserAlarmTime=Thu Jan 01 08:00:00 GMT+08:00 1970 (0)
05-24 12:16:27.017 1528 1528 D ConditionProviders.SCP: notifyCondition condition://android/schedule?days=1.2.3.4.5.6.7&start=22.0&end=7.0&exitAtAlarm=true STATE_FALSE reason=!meetsSchedule
05-24 12:16:27.018 1528 1528 D ConditionProviders.SCP: Scheduling evaluate for Wed May 24 22:00:00 GMT+08:00 2023 (1684936800000), in +9h43m32s984ms, now=Wed May 24 12:16:27 GMT+08:00 2023 (1684901787016)
05-24 12:18:27.006 2571 25543 W ContextImpl: Calling a method in the system process without a qualified user: android.app.ContextImpl.sendBroadcast:1173 android.content.ContextWrapper.sendBroadcast:479 com.thundercomm.microsettings.action.SetTimeAction.timeUpdated:212 com.thundercomm.microsettings.action.SetTimeAction.update24HourFormat:194 com.thundercomm.microsettings.action.SetTimeAction.doActualAction:154
05-24 12:18:27.015 1528 1528 D DevicePolicyManager: updateSystemUpdateFreezePeriodsRecord
05-24 12:18:27.015 1528 1528 D ConditionProviders.SCP: onReceive android.intent.action.TIME_SET
05-24 12:18:27.016 1528 1528 D ConditionProviders.SCP: evaluateSubscriptionLocked cal=ScheduleCalendar[mDays={1, 2, 3, 4, 5, 6, 7}, mSchedule=ScheduleInfo{days=[1, 2, 3, 4, 5, 6, 7], startHour=22, startMinute=0, endHour=7, endMinute=0, exitAtAlarm=true, nextAlarm=Thu Jan 01 08:00:00 GMT+08:00 1970 (0)}], now=Wed May 24 12:18:27 GMT+08:00 2023 (1684901907015), nextUserAlarmTime=Thu Jan 01 08:00:00 GMT+08:00 1970 (0)
05-24 12:18:27.016 1528 1528 D ConditionProviders.SCP: notifyCondition condition://android/schedule?days=1.2.3.4.5.6.7&start=22.0&end=7.0&exitAtAlarm=true STATE_FALSE reason=!meetsSchedule
05-24 12:18:27.017 1528 1528 D ConditionProviders.SCP: Scheduling evaluate for Wed May 24 22:00:00 GMT+08:00 2023 (1684936800000), in +9h41m32s985ms, now=Wed May 24 12:18:27 GMT+08:00 2023 (1684901907015)
05-24 12:20:27.007 2571 25839 W ContextImpl: Calling a method in the system process without a qualified user: android.app.ContextImpl.sendBroadcast:1173 android.content.ContextWrapper.sendBroadcast:479 com.thundercomm.microsettings.action.SetTimeAction.timeUpdated:212 com.thundercomm.microsettings.action.SetTimeAction.update24HourFormat:194 com.thundercomm.microsettings.action.SetTimeAction.doActualAction:154
05-24 12:20:27.017 1528 1528 D DevicePolicyManager: updateSystemUpdateFreezePeriodsRecord
05-24 12:20:27.019 1528 1528 D ConditionProviders.SCP: onReceive android.intent.action.TIME_SET
05-24 12:20:27.020 1528 1528 D ConditionProviders.SCP: evaluateSubscriptionLocked cal=ScheduleCalendar[mDays={1, 2, 3, 4, 5, 6, 7}, mSchedule=ScheduleInfo{days=[1, 2, 3, 4, 5, 6, 7], startHour=22, startMinute=0, endHour=7, endMinute=0, exitAtAlarm=true, nextAlarm=Thu Jan 01 08:00:00 GMT+08:00 1970 (0)}], now=Wed May 24 12:20:27 GMT+08:00 2023 (1684902027019), nextUserAlarmTime=Thu Jan 01 08:00:00 GMT+08:00 1970 (0)
05-24 12:20:27.020 1528 1528 D ConditionProviders.SCP: notifyCondition condition://android/schedule?days=1.2.3.4.5.6.7&start=22.0&end=7.0&exitAtAlarm=true STATE_FALSE reason=!meetsSchedule
05-24 12:20:27.021 1528 1528 D ConditionProviders.SCP: Scheduling evaluate for Wed May 24 22:00:00 GMT+08:00 2023 (1684936800000), in +9h39m32s981ms, now=Wed May 24 12:20:27 GMT+08:00 2023 (1684902027019)
05-24 12:22:27.007 2571 26151 W ContextImpl: Calling a method in the system process without a qualified user: android.app.ContextImpl.sendBroadcast:1173 android.content.ContextWrapper.sendBroadcast:479 com.thundercomm.microsettings.action.SetTimeAction.timeUpdated:212 com.thundercomm.microsettings.action.SetTimeAction.update24HourFormat:194 com.thundercomm.microsettings.action.SetTimeAction.doActualAction:154
05-24 12:22:27.016 1528 1528 D DevicePolicyManager: updateSystemUpdateFreezePeriodsRecord
05-24 12:22:27.017 1528 1528 D ConditionProviders.SCP: onReceive android.intent.action.TIME_SET
05-24 12:22:27.018 1528 1528 D ConditionProviders.SCP: evaluateSubscriptionLocked cal=ScheduleCalendar[mDays={1, 2, 3, 4, 5, 6, 7}, mSchedule=ScheduleInfo{days=[1, 2, 3, 4, 5, 6, 7], startHour=22, startMinute=0, endHour=7, endMinute=0, exitAtAlarm=true, nextAlarm=Thu Jan 01 08:00:00 GMT+08:00 1970 (0)}], now=Wed May 24 12:22:27 GMT+08:00 2023 (1684902147017), nextUserAlarmTime=Thu Jan 01 08:00:00 GMT+08:00 1970 (0)
05-24 12:22:27.018 1528 1528 D ConditionProviders.SCP: notifyCondition condition://android/schedule?days=1.2.3.4.5.6.7&start=22.0&end=7.0&exitAtAlarm=true STATE_FALSE reason=!meetsSchedule
05-24 12:22:27.022 1528 1528 D ConditionProviders.SCP: Scheduling evaluate for Wed May 24 22:00:00 GMT+08:00 2023 (1684936800000), in +9h37m32s983ms, now=Wed May 24 12:22:27 GMT+08:00 2023 (1684902147017)
05-24 12:24:03.537 1528 1674 I UsageStatsService: User[0] Flushing usage stats to disk
05-24 12:24:27.008 2571 26448 W ContextImpl: Calling a method in the system process without a qualified user: android.app.ContextImpl.sendBroadcast:1173 android.content.ContextWrapper.sendBroadcast:479 com.thundercomm.microsettings.action.SetTimeAction.timeUpdated:212 com.thundercomm.microsettings.action.SetTimeAction.update24HourFormat:194 com.thundercomm.microsettings.action.SetTimeAction.doActualAction:154
05-24 12:24:27.015 1528 1528 D DevicePolicyManager: updateSystemUpdateFreezePeriodsRecord
05-24 12:24:27.016 1528 1528 D ConditionProviders.SCP: onReceive android.intent.action.TIME_SET
05-24 12:24:27.016 1528 1528 D ConditionProviders.SCP: evaluateSubscriptionLocked cal=ScheduleCalendar[mDays={1, 2, 3, 4, 5, 6, 7}, mSchedule=ScheduleInfo{days=[1, 2, 3, 4, 5, 6, 7], startHour=22, startMinute=0, endHour=7, endMinute=0, exitAtAlarm=true, nextAlarm=Thu Jan 01 08:00:00 GMT+08:00 1970 (0)}], now=Wed May 24 12:24:27 GMT+08:00 2023 (1684902267016), nextUserAlarmTime=Thu Jan 01 08:00:00 GMT+08:00 1970 (0)
05-24 12:24:27.017 1528 1528 D ConditionProviders.SCP: notifyCondition condition://android/schedule?days=1.2.3.4.5.6.7&start=22.0&end=7.0&exitAtAlarm=true STATE_FALSE reason=!meetsSchedule
05-24 12:24:27.018 1528 1528 D ConditionProviders.SCP: Scheduling evaluate for Wed May 24 22:00:00 GMT+08:00 2023 (1684936800000), in +9h35m32s984ms, now=Wed May 24 12:24:27 GMT+08:00 2023 (1684902267016)
05-24 12:26:27.007 2571 26742 W ContextImpl: Calling a method in the system process without a qualified user: android.app.ContextImpl.sendBroadcast:1173 android.content.ContextWrapper.sendBroadcast:479 com.thundercomm.microsettings.action.SetTimeAction.timeUpdated:212 com.thundercomm.microsettings.action.SetTimeAction.update24HourFormat:194 com.thundercomm.microsettings.action.SetTimeAction.doActualAction:154
05-24 12:26:27.014 1528 1528 D DevicePolicyManager: updateSystemUpdateFreezePeriodsRecord
05-24 12:26:27.014 1528 1528 D ConditionProviders.SCP: onReceive android.intent.action.TIME_SET
05-24 12:26:27.017 1528 1528 D ConditionProviders.SCP: evaluateSubscriptionLocked cal=ScheduleCalendar[mDays={1, 2, 3, 4, 5, 6, 7}, mSchedule=ScheduleInfo{days=[1, 2, 3, 4, 5, 6, 7], startHour=22, startMinute=0, endHour=7, endMinute=0, exitAtAlarm=true, nextAlarm=Thu Jan 01 08:00:00 GMT+08:00 1970 (0)}], now=Wed May 24 12:26:27 GMT+08:00 2023 (1684902387014), nextUserAlarmTime=Thu Jan 01 08:00:00 GMT+08:00 1970 (0)
05-24 12:26:27.018 1528 1528 D ConditionProviders.SCP: notifyCondition condition://android/schedule?days=1.2.3.4.5.6.7&start=22.0&end=7.0&exitAtAlarm=true STATE_FALSE reason=!meetsSchedule
05-24 12:26:27.018 1528 1528 D ConditionProviders.SCP: Scheduling evaluate for Wed May 24 22:00:00 GMT+08:00 2023 (1684936800000), in +9h33m32s986ms, now=Wed May 24 12:26:27 GMT+08:00 2023 (1684902387014)
05-24 12:28:27.007 2571 27044 W ContextImpl: Calling a method in the system process without a qualified user: android.app.ContextImpl.sendBroadcast:1173 android.content.ContextWrapper.sendBroadcast:479 com.thundercomm.microsettings.action.SetTimeAction.timeUpdated:212 com.thundercomm.microsettings.action.SetTimeAction.update24HourFormat:194 com.thundercomm.microsettings.action.SetTimeAction.doActualAction:154
05-24 12:28:27.015 1528 1528 D DevicePolicyManager: updateSystemUpdateFreezePeriodsRecord
05-24 12:28:27.015 1528 1528 D ConditionProviders.SCP: onReceive android.intent.action.TIME_SET
05-24 12:28:27.016 1528 1528 D ConditionProviders.SCP: evaluateSubscriptionLocked cal=ScheduleCalendar[mDays={1, 2, 3, 4, 5, 6, 7}, mSchedule=ScheduleInfo{days=[1, 2, 3, 4, 5, 6, 7], startHour=22, startMinute=0, endHour=7, endMinute=0, exitAtAlarm=true, nextAlarm=Thu Jan 01 08:00:00 GMT+08:00 1970 (0)}], now=Wed May 24 12:28:27 GMT+08:00 2023 (1684902507015), nextUserAlarmTime=Thu Jan 01 08:00:00 GMT+08:00 1970 (0)
05-24 12:28:27.016 1528 1528 D ConditionProviders.SCP: notifyCondition condition://android/schedule?days=1.2.3.4.5.6.7&start=22.0&end=7.0&exitAtAlarm=true STATE_FALSE reason=!meetsSchedule
05-24 12:28:27.017 1528 1528 D ConditionProviders.SCP: Scheduling evaluate for Wed May 24 22:00:00 GMT+08:00 2023 (1684936800000), in +9h31m32s985ms, now=Wed May 24 12:28:27 GMT+08:00 2023 (1684902507015)
05-24 12:28:44.855 1528 1528 D CompatibilityChangeReporter: Compat change id reported: 168419799; UID 1000; state: DISABLED
05-24 12:28:44.866 1528 1528 D CompatibilityChangeReporter: Compat change id reported: 135634846; UID 10017; state: DISABLED
05-24 12:28:44.866 1528 1528 D CompatibilityChangeReporter: Compat change id reported: 177438394; UID 10017; state: DISABLED
05-24 12:28:44.867 1528 1528 D CompatibilityChangeReporter: Compat change id reported: 135772972; UID 10017; state: DISABLED
05-24 12:28:44.867 1528 1528 D CompatibilityChangeReporter: Compat change id reported: 135754954; UID 10017; state: ENABLED
05-24 12:28:44.867 1528 1676 D CompatibilityChangeReporter: Compat change id reported: 143937733; UID 10017; state: ENABLED
05-24 12:28:44.888 1528 1676 I ActivityManager: Start proc 27094:android.process.media/u0a17 for service {com.android.providers.downloads/com.android.providers.downloads.MediaScanTriggerJob}
05-24 12:28:44.917 1528 7362 D CompatibilityChangeReporter: Compat change id reported: 168419799; UID 10017; state: DISABLED
05-24 12:28:44.958 1528 2185 I GameModeConfig: isGameModeOn = false
05-24 12:28:44.958 1528 2185 I GameModeConfig: isGameModeOn = false
05-24 12:28:44.992 27094 27112 D DownloadManager: Removed 0 stale downloads
05-24 12:28:44.995 27094 27112 D DownloadManager: Found 0 files in database
05-24 12:28:44.995 27094 27112 D DownloadManager: Found 0 files on disk
05-24 12:28:45.014 1528 27117 I BackgroundDexOptService: Performing idle optimizations
05-24 12:28:45.015 1528 27116 E DynamicCodeLogger: Could not infer CE/DE storage for path /apex/com.android.tethering/javalib/service-connectivity.jar
05-24 12:28:45.015 1528 27116 E DynamicCodeLogger: Could not infer CE/DE storage for path /apex/com.android.appsearch/javalib/service-appsearch.jar
05-24 12:28:45.015 1528 27116 E DynamicCodeLogger: Could not infer CE/DE storage for path /system/framework/services.jar
05-24 12:28:45.015 1528 27116 E DynamicCodeLogger: Could not infer CE/DE storage for path /system/framework/com.android.location.provider.jar
05-24 12:28:45.015 1528 27116 E DynamicCodeLogger: Could not infer CE/DE storage for path /apex/com.android.permission/javalib/service-permission.jar
05-24 12:28:45.015 1528 27116 E DynamicCodeLogger: Could not infer CE/DE storage for path /system/framework/ethernet-service.jar
05-24 12:28:45.015 1528 27116 E DynamicCodeLogger: Could not infer CE/DE storage for path /system_ext/framework/ActivityExt.jar
05-24 12:28:45.015 1528 27116 E DynamicCodeLogger: Could not infer CE/DE storage for path /product/framework/ims-ext-common.jar
05-24 12:28:45.015 1528 27116 E DynamicCodeLogger: Could not infer CE/DE storage for path /apex/com.android.scheduling/javalib/service-scheduling.jar
05-24 12:28:45.015 1528 27116 E DynamicCodeLogger: Could not infer CE/DE storage for path /apex/com.android.media/javalib/service-media-s.jar
05-24 12:28:45.015 1528 27116 E DynamicCodeLogger: Could not infer CE/DE storage for path /apex/com.android.wifi/javalib/service-wifi.jar
05-24 12:28:45.015 1528 27116 E DynamicCodeLogger: Could not infer CE/DE storage for path /apex/com.android.os.statsd/javalib/service-statsd.jar
05-24 12:28:45.015 1528 1821 I WatchlistLoggingHandler: Start aggregating watchlist records.
05-24 12:28:45.026 1528 27125 W FileUtils: Failed to chmod(/data/system/package-usage.list): android.system.ErrnoException: chmod failed: ENOENT (No such file or directory)
05-24 12:28:45.028 1528 2393 D BlobStore: Completed idle maintenance; deleted []
05-24 12:28:45.030 1528 27116 E DynamicCodeLogger: Got InstallerException when hashing file /data/user/0/com.baidu.input/files/.tmp/1-3.5.2.22.6.zip: android.os.ServiceSpecificException: (code 2)
05-24 12:28:45.031 1528 27116 D DynamicCodeLogger: Got no hash for /data/user/0/com.baidu.input/files/.tmp/1-3.5.2.22.6.zip
05-24 12:28:45.070 1528 1821 I WatchlistLoggingHandler: Milliseconds spent on tryAggregateRecords(): 55
05-24 12:28:45.314 1174 1868 E iorapd : Iorap compilation failed
05-24 12:28:45.314 1174 1868 E iorapd : Compilation failed for package_id:10 activity_name: com.android.documentsui.LauncherActivity
05-24 12:28:46.576 1174 1868 E iorapd : Iorap compilation failed
05-24 12:28:46.576 1174 1868 E iorapd : Compilation failed for package_id:1 activity_name: com.android.provision.DefaultActivity
05-24 12:28:46.630 1174 1868 E iorapd : Iorap compilation failed
05-24 12:28:46.630 1174 1868 E iorapd : Compilation failed for package_id:6 activity_name: com.thundercomm.debugtools.MainActivity
05-24 12:28:47.059 1174 1868 E iorapd : Iorap compilation failed
05-24 12:28:47.059 1174 1868 E iorapd : Compilation failed for package_id:7 activity_name: com.microsoft.ruby.Main
05-24 12:28:47.140 1174 1868 E iorapd : Iorap compilation failed
05-24 12:28:47.140 1174 1868 E iorapd : Compilation failed for package_id:5 activity_name: com.android.settings.intelligence.search.SearchActivity
05-24 12:29:03.350 1528 27117 I BackgroundDexOptService: Pinning optimized code {com.thundercomm.gamemode, com.thundercomm.microservice, com.hht.lebocast, com.android.providers.media, com.android.documentsui, com.android.providers.downloads, com.android.networkstack, com.android.mtp, com.android.launcher3, com.microsoft.emmx, com.qualcomm.qti.dynamicddsservice, com.android.webview, com.qti.dpmserviceapp, com.baidu.input, com.android.networkstack.tethering, com.thundercomm.screensaver, com.android.settings, com.android.providers.userdictionary, com.android.providers.media.module, com.android.systemui}
05-24 12:29:03.352 1528 27117 I BackgroundDexOptService: Idle optimizations completed.
05-24 12:30:27.008 2571 27719 W ContextImpl: Calling a method in the system process without a qualified user: android.app.ContextImpl.sendBroadcast:1173 android.content.ContextWrapper.sendBroadcast:479 com.thundercomm.microsettings.action.SetTimeAction.timeUpdated:212 com.thundercomm.microsettings.action.SetTimeAction.update24HourFormat:194 com.thundercomm.microsettings.action.SetTimeAction.doActualAction:154
05-24 12:30:27.020 1528 1528 D DevicePolicyManager: updateSystemUpdateFreezePeriodsRecord
05-24 12:30:27.021 1528 1528 D ConditionProviders.SCP: onReceive android.intent.action.TIME_SET
05-24 12:30:27.022 1528 1528 D ConditionProviders.SCP: evaluateSubscriptionLocked cal=ScheduleCalendar[mDays={1, 2, 3, 4, 5, 6, 7}, mSchedule=ScheduleInfo{days=[1, 2, 3, 4, 5, 6, 7], startHour=22, startMinute=0, endHour=7, endMinute=0, exitAtAlarm=true, nextAlarm=Thu Jan 01 08:00:00 GMT+08:00 1970 (0)}], now=Wed May 24 12:30:27 GMT+08:00 2023 (1684902627021), nextUserAlarmTime=Thu Jan 01 08:00:00 GMT+08:00 1970 (0)
05-24 12:30:27.023 1528 1528 D ConditionProviders.SCP: notifyCondition condition://android/schedule?days=1.2.3.4.5.6.7&start=22.0&end=7.0&exitAtAlarm=true STATE_FALSE reason=!meetsSchedule
05-24 12:30:27.024 1528 1528 D ConditionProviders.SCP: Scheduling evaluate for Wed May 24 22:00:00 GMT+08:00 2023 (1684936800000), in +9h29m32s979ms, now=Wed May 24 12:30:27 GMT+08:00 2023 (1684902627021)
05-24 12:32:27.006 2571 28032 W ContextImpl: Calling a method in the system process without a qualified user: android.app.ContextImpl.sendBroadcast:1173 android.content.ContextWrapper.sendBroadcast:479 com.thundercomm.microsettings.action.SetTimeAction.timeUpdated:212 com.thundercomm.microsettings.action.SetTimeAction.update24HourFormat:194 com.thundercomm.microsettings.action.SetTimeAction.doActualAction:154
05-24 12:32:27.016 1528 1528 D DevicePolicyManager: updateSystemUpdateFreezePeriodsRecord
05-24 12:32:27.017 1528 1528 D ConditionProviders.SCP: onReceive android.intent.action.TIME_SET
05-24 12:32:27.018 1528 1528 D ConditionProviders.SCP: evaluateSubscriptionLocked cal=ScheduleCalendar[mDays={1, 2, 3, 4, 5, 6, 7}, mSchedule=ScheduleInfo{days=[1, 2, 3, 4, 5, 6, 7], startHour=22, startMinute=0, endHour=7, endMinute=0, exitAtAlarm=true, nextAlarm=Thu Jan 01 08:00:00 GMT+08:00 1970 (0)}], now=Wed May 24 12:32:27 GMT+08:00 2023 (1684902747017), nextUserAlarmTime=Thu Jan 01 08:00:00 GMT+08:00 1970 (0)
05-24 12:32:27.018 1528 1528 D ConditionProviders.SCP: notifyCondition condition://android/schedule?days=1.2.3.4.5.6.7&start=22.0&end=7.0&exitAtAlarm=true STATE_FALSE reason=!meetsSchedule
05-24 12:32:27.019 1528 1528 D ConditionProviders.SCP: Scheduling evaluate for Wed May 24 22:00:00 GMT+08:00 2023 (1684936800000), in +9h27m32s983ms, now=Wed May 24 12:32:27 GMT+08:00 2023 (1684902747017)
05-24 12:34:27.008 2571 28329 W ContextImpl: Calling a method in the system process without a qualified user: android.app.ContextImpl.sendBroadcast:1173 android.content.ContextWrapper.sendBroadcast:479 com.thundercomm.microsettings.action.SetTimeAction.timeUpdated:212 com.thundercomm.microsettings.action.SetTimeAction.update24HourFormat:194 com.thundercomm.microsettings.action.SetTimeAction.doActualAction:154
05-24 12:34:27.018 1528 1528 D DevicePolicyManager: updateSystemUpdateFreezePeriodsRecord
05-24 12:34:27.019 1528 1528 D ConditionProviders.SCP: onReceive android.intent.action.TIME_SET
05-24 12:34:27.019 1528 1528 D ConditionProviders.SCP: evaluateSubscriptionLocked cal=ScheduleCalendar[mDays={1, 2, 3, 4, 5, 6, 7}, mSchedule=ScheduleInfo{days=[1, 2, 3, 4, 5, 6, 7], startHour=22, startMinute=0, endHour=7, endMinute=0, exitAtAlarm=true, nextAlarm=Thu Jan 01 08:00:00 GMT+08:00 1970 (0)}], now=Wed May 24 12:34:27 GMT+08:00 2023 (1684902867019), nextUserAlarmTime=Thu Jan 01 08:00:00 GMT+08:00 1970 (0)
05-24 12:34:27.020 1528 1528 D ConditionProviders.SCP: notifyCondition condition://android/schedule?days=1.2.3.4.5.6.7&start=22.0&end=7.0&exitAtAlarm=true STATE_FALSE reason=!meetsSchedule
05-24 12:34:27.021 1528 1528 D ConditionProviders.SCP: Scheduling evaluate for Wed May 24 22:00:00 GMT+08:00 2023 (1684936800000), in +9h25m32s981ms, now=Wed May 24 12:34:27 GMT+08:00 2023 (1684902867019)
05-24 12:36:27.007 2571 28636 W ContextImpl: Calling a method in the system process without a qualified user: android.app.ContextImpl.sendBroadcast:1173 android.content.ContextWrapper.sendBroadcast:479 com.thundercomm.microsettings.action.SetTimeAction.timeUpdated:212 com.thundercomm.microsettings.action.SetTimeAction.update24HourFormat:194 com.thundercomm.microsettings.action.SetTimeAction.doActualAction:154
05-24 12:36:27.015 1528 1528 D DevicePolicyManager: updateSystemUpdateFreezePeriodsRecord
05-24 12:36:27.015 1528 1528 D ConditionProviders.SCP: onReceive android.intent.action.TIME_SET
05-24 12:36:27.016 1528 1528 D ConditionProviders.SCP: evaluateSubscriptionLocked cal=ScheduleCalendar[mDays={1, 2, 3, 4, 5, 6, 7}, mSchedule=ScheduleInfo{days=[1, 2, 3, 4, 5, 6, 7], startHour=22, startMinute=0, endHour=7, endMinute=0, exitAtAlarm=true, nextAlarm=Thu Jan 01 08:00:00 GMT+08:00 1970 (0)}], now=Wed May 24 12:36:27 GMT+08:00 2023 (1684902987015), nextUserAlarmTime=Thu Jan 01 08:00:00 GMT+08:00 1970 (0)
05-24 12:36:27.017 1528 1528 D ConditionProviders.SCP: notifyCondition condition://android/schedule?days=1.2.3.4.5.6.7&start=22.0&end=7.0&exitAtAlarm=true STATE_FALSE reason=!meetsSchedule
05-24 12:36:27.020 1528 1528 D ConditionProviders.SCP: Scheduling evaluate for Wed May 24 22:00:00 GMT+08:00 2023 (1684936800000), in +9h23m32s985ms, now=Wed May 24 12:36:27 GMT+08:00 2023 (1684902987015)
05-24 12:38:27.008 2571 28938 W ContextImpl: Calling a method in the system process without a qualified user: android.app.ContextImpl.sendBroadcast:1173 android.content.ContextWrapper.sendBroadcast:479 com.thundercomm.microsettings.action.SetTimeAction.timeUpdated:212 com.thundercomm.microsettings.action.SetTimeAction.update24HourFormat:194 com.thundercomm.microsettings.action.SetTimeAction.doActualAction:154
05-24 12:38:27.018 1528 1528 D DevicePolicyManager: updateSystemUpdateFreezePeriodsRecord
05-24 12:38:27.018 1528 1528 D ConditionProviders.SCP: onReceive android.intent.action.TIME_SET
05-24 12:38:27.019 1528 1528 D ConditionProviders.SCP: evaluateSubscriptionLocked cal=ScheduleCalendar[mDays={1, 2, 3, 4, 5, 6, 7}, mSchedule=ScheduleInfo{days=[1, 2, 3, 4, 5, 6, 7], startHour=22, startMinute=0, endHour=7, endMinute=0, exitAtAlarm=true, nextAlarm=Thu Jan 01 08:00:00 GMT+08:00 1970 (0)}], now=Wed May 24 12:38:27 GMT+08:00 2023 (1684903107018), nextUserAlarmTime=Thu Jan 01 08:00:00 GMT+08:00 1970 (0)
05-24 12:38:27.020 1528 1528 D ConditionProviders.SCP: notifyCondition condition://android/schedule?days=1.2.3.4.5.6.7&start=22.0&end=7.0&exitAtAlarm=true STATE_FALSE reason=!meetsSchedule
05-24 12:38:27.021 1528 1528 D ConditionProviders.SCP: Scheduling evaluate for Wed May 24 22:00:00 GMT+08:00 2023 (1684936800000), in +9h21m32s982ms, now=Wed May 24 12:38:27 GMT+08:00 2023 (1684903107018)
05-24 12:38:44.985 1528 1801 D ActivityManager: freezing 27094 android.process.media
05-24 12:38:44.986 1528 1801 E ActivityManager: Unable to freeze binder for 27094 android.process.media
05-24 12:38:44.988 1528 1801 D ActivityManager: froze 27094 android.process.media
05-24 12:38:44.988 1528 1801 E ActivityManager: Unable to freeze binder for 27094 android.process.media
05-24 12:38:44.989 1528 1801 I ActivityManager: Killing 27094:android.process.media/u0a17 (adj 915): Unable to freeze binder interface
05-24 12:40:27.008 2571 29243 W ContextImpl: Calling a method in the system process without a qualified user: android.app.ContextImpl.sendBroadcast:1173 android.content.ContextWrapper.sendBroadcast:479 com.thundercomm.microsettings.action.SetTimeAction.timeUpdated:212 com.thundercomm.microsettings.action.SetTimeAction.update24HourFormat:194 com.thundercomm.microsettings.action.SetTimeAction.doActualAction:154
05-24 12:40:27.016 1528 1528 D DevicePolicyManager: updateSystemUpdateFreezePeriodsRecord
05-24 12:40:27.017 1528 1528 D ConditionProviders.SCP: onReceive android.intent.action.TIME_SET
05-24 12:40:27.018 1528 1528 D ConditionProviders.SCP: evaluateSubscriptionLocked cal=ScheduleCalendar[mDays={1, 2, 3, 4, 5, 6, 7}, mSchedule=ScheduleInfo{days=[1, 2, 3, 4, 5, 6, 7], startHour=22, startMinute=0, endHour=7, endMinute=0, exitAtAlarm=true, nextAlarm=Thu Jan 01 08:00:00 GMT+08:00 1970 (0)}], now=Wed May 24 12:40:27 GMT+08:00 2023 (1684903227017), nextUserAlarmTime=Thu Jan 01 08:00:00 GMT+08:00 1970 (0)
05-24 12:40:27.018 1528 1528 D ConditionProviders.SCP: notifyCondition condition://android/schedule?days=1.2.3.4.5.6.7&start=22.0&end=7.0&exitAtAlarm=true STATE_FALSE reason=!meetsSchedule
05-24 12:40:27.021 1528 1528 D ConditionProviders.SCP: Scheduling evaluate for Wed May 24 22:00:00 GMT+08:00 2023 (1684936800000), in +9h19m32s983ms, now=Wed May 24 12:40:27 GMT+08:00 2023 (1684903227017)
05-24 12:42:27.007 2571 29537 W ContextImpl: Calling a method in the system process without a qualified user: android.app.ContextImpl.sendBroadcast:1173 android.content.ContextWrapper.sendBroadcast:479 com.thundercomm.microsettings.action.SetTimeAction.timeUpdated:212 com.thundercomm.microsettings.action.SetTimeAction.update24HourFormat:194 com.thundercomm.microsettings.action.SetTimeAction.doActualAction:154
05-24 12:42:27.016 1528 1528 D DevicePolicyManager: updateSystemUpdateFreezePeriodsRecord
05-24 12:42:27.017 1528 1528 D ConditionProviders.SCP: onReceive android.intent.action.TIME_SET
05-24 12:42:27.018 1528 1528 D ConditionProviders.SCP: evaluateSubscriptionLocked cal=ScheduleCalendar[mDays={1, 2, 3, 4, 5, 6, 7}, mSchedule=ScheduleInfo{days=[1, 2, 3, 4, 5, 6, 7], startHour=22, startMinute=0, endHour=7, endMinute=0, exitAtAlarm=true, nextAlarm=Thu Jan 01 08:00:00 GMT+08:00 1970 (0)}], now=Wed May 24 12:42:27 GMT+08:00 2023 (1684903347017), nextUserAlarmTime=Thu Jan 01 08:00:00 GMT+08:00 1970 (0)
05-24 12:42:27.018 1528 1528 D ConditionProviders.SCP: notifyCondition condition://android/schedule?days=1.2.3.4.5.6.7&start=22.0&end=7.0&exitAtAlarm=true STATE_FALSE reason=!meetsSchedule
05-24 12:42:27.019 1528 1528 D ConditionProviders.SCP: Scheduling evaluate for Wed May 24 22:00:00 GMT+08:00 2023 (1684936800000), in +9h17m32s983ms, now=Wed May 24 12:42:27 GMT+08:00 2023 (1684903347017)
05-24 12:43:48.966 1528 1682 W BatteryExternalStatsWorker: error reading modem stats:ERROR_PHONE_NOT_AVAILABLE
05-24 12:43:49.006 1528 1682 E KernelCpuSpeedReader: Failed to read cpu-freq: /sys/devices/system/cpu/cpu4/cpufreq/stats/time_in_state: open failed: ENOENT (No such file or directory)
05-24 12:43:49.006 1528 1682 E KernelCpuSpeedReader: Failed to read cpu-freq: /sys/devices/system/cpu/cpu0/cpufreq/stats/time_in_state: open failed: ENOENT (No such file or directory)
05-24 12:44:03.520 1528 1674 I UsageStatsService: User[0] Flushing usage stats to disk
05-24 12:44:27.009 2571 29852 W ContextImpl: Calling a method in the system process without a qualified user: android.app.ContextImpl.sendBroadcast:1173 android.content.ContextWrapper.sendBroadcast:479 com.thundercomm.microsettings.action.SetTimeAction.timeUpdated:212 com.thundercomm.microsettings.action.SetTimeAction.update24HourFormat:194 com.thundercomm.microsettings.action.SetTimeAction.doActualAction:154
05-24 12:44:27.021 1528 1528 D DevicePolicyManager: updateSystemUpdateFreezePeriodsRecord
05-24 12:44:27.022 1528 1528 D ConditionProviders.SCP: onReceive android.intent.action.TIME_SET
05-24 12:44:27.023 1528 1528 D ConditionProviders.SCP: evaluateSubscriptionLocked cal=ScheduleCalendar[mDays={1, 2, 3, 4, 5, 6, 7}, mSchedule=ScheduleInfo{days=[1, 2, 3, 4, 5, 6, 7], startHour=22, startMinute=0, endHour=7, endMinute=0, exitAtAlarm=true, nextAlarm=Thu Jan 01 08:00:00 GMT+08:00 1970 (0)}], now=Wed May 24 12:44:27 GMT+08:00 2023 (1684903467022), nextUserAlarmTime=Thu Jan 01 08:00:00 GMT+08:00 1970 (0)
05-24 12:44:27.023 1528 1528 D ConditionProviders.SCP: notifyCondition condition://android/schedule?days=1.2.3.4.5.6.7&start=22.0&end=7.0&exitAtAlarm=true STATE_FALSE reason=!meetsSchedule
05-24 12:44:27.024 1528 1528 D ConditionProviders.SCP: Scheduling evaluate for Wed May 24 22:00:00 GMT+08:00 2023 (1684936800000), in +9h15m32s978ms, now=Wed May 24 12:44:27 GMT+08:00 2023 (1684903467022)
05-24 12:46:27.008 2571 30158 W ContextImpl: Calling a method in the system process without a qualified user: android.app.ContextImpl.sendBroadcast:1173 android.content.ContextWrapper.sendBroadcast:479 com.thundercomm.microsettings.action.SetTimeAction.timeUpdated:212 com.thundercomm.microsettings.action.SetTimeAction.update24HourFormat:194 com.thundercomm.microsettings.action.SetTimeAction.doActualAction:154
05-24 12:46:27.018 1528 1528 D DevicePolicyManager: updateSystemUpdateFreezePeriodsRecord
05-24 12:46:27.019 1528 1528 D ConditionProviders.SCP: onReceive android.intent.action.TIME_SET
05-24 12:46:27.021 1528 1528 D ConditionProviders.SCP: evaluateSubscriptionLocked cal=ScheduleCalendar[mDays={1, 2, 3, 4, 5, 6, 7}, mSchedule=ScheduleInfo{days=[1, 2, 3, 4, 5, 6, 7], startHour=22, startMinute=0, endHour=7, endMinute=0, exitAtAlarm=true, nextAlarm=Thu Jan 01 08:00:00 GMT+08:00 1970 (0)}], now=Wed May 24 12:46:27 GMT+08:00 2023 (1684903587019), nextUserAlarmTime=Thu Jan 01 08:00:00 GMT+08:00 1970 (0)
