05-24 13:44:55.048 0 0 I : [10866.465497] read strings
05-24 13:44:56.063 0 0 I : [10867.480783] read descriptors
05-24 13:44:56.064 0 0 I : [10867.480973] read strings
05-24 13:44:57.083 0 0 I : [10868.500864] read descriptors
05-24 13:44:57.084 0 0 I : [10868.500981] read strings
05-24 13:44:58.096 0 0 I : [10869.513167] read descriptors
05-24 13:44:58.096 0 0 I : [10869.513372] read strings
05-24 13:44:59.116 0 0 I : [10870.533199] read descriptors
05-24 13:44:59.116 0 0 I : [10870.533405] read strings
05-24 13:45:00.132 0 0 I : [10871.548836] read descriptors
05-24 13:45:00.132 0 0 I : [10871.549038] read strings
05-24 13:45:01.148 0 0 I : [10872.565544] read descriptors
05-24 13:45:01.148 0 0 I : [10872.565732] read strings
05-24 13:45:02.168 0 0 I : [10873.585407] read descriptors
05-24 13:45:02.168 0 0 I : [10873.585606] read strings
05-24 13:45:03.184 0 0 I : [10874.601262] read descriptors
05-24 13:45:03.184 0 0 I : [10874.601465] read strings
05-24 13:45:04.203 0 0 I : [10875.621234] read descriptors
05-24 13:45:04.204 0 0 I : [10875.621431] read strings
05-24 13:45:05.219 0 0 I : [10876.637105] read descriptors
05-24 13:45:05.220 0 0 I : [10876.637316] read strings
05-24 13:45:06.252 0 0 I : [10877.672409] read descriptors
05-24 13:45:06.252 0 0 I : [10877.672530] read strings
05-24 13:45:07.291 0 0 I : [10878.708876] read descriptors
05-24 13:45:07.292 0 0 I : [10878.708996] read strings
05-24 13:45:08.319 0 0 I : [10879.736911] read descriptors
05-24 13:45:08.320 0 0 I : [10879.736997] read strings
05-24 13:45:09.372 0 0 I : [10880.789122] read descriptors
05-24 13:45:09.372 0 0 I : [10880.789323] read strings
05-24 13:45:10.411 0 0 I : [10881.828763] read descriptors
05-24 13:45:10.412 0 0 I : [10881.828895] read strings
05-24 13:45:11.432 0 0 I : [10882.849248] read descriptors
05-24 13:45:11.432 0 0 I : [10882.849451] read strings
05-24 13:45:12.456 0 0 I : [10883.873440] read descriptors
05-24 13:45:12.456 0 0 I : [10883.873639] read strings
05-24 13:45:13.476 0 0 I : [10884.893328] read descriptors
05-24 13:45:13.476 0 0 I : [10884.893528] read strings
05-24 13:45:14.531 0 0 I : [10885.948624] read descriptors
05-24 13:45:14.532 0 0 I : [10885.948729] read strings
05-24 13:45:15.548 0 0 I : [10886.965362] read descriptors
05-24 13:45:15.548 0 0 I : [10886.965557] read strings
05-24 13:45:16.575 0 0 I : [10887.992945] read descriptors
05-24 13:45:16.576 0 0 I : [10887.993070] read strings
05-24 13:45:17.592 0 0 I : [10889.009141] read descriptors
05-24 13:45:17.592 0 0 I : [10889.009321] read strings
05-24 13:45:18.608 0 0 I : [10890.025164] read descriptors
05-24 13:45:18.608 0 0 I : [10890.025369] read strings
05-24 13:45:19.624 0 0 I : [10891.041169] read descriptors
05-24 13:45:19.624 0 0 I : [10891.041369] read strings
05-24 13:45:20.652 0 0 I : [10892.069078] read descriptors
05-24 13:45:20.652 0 0 I : [10892.069206] read strings
05-24 13:45:21.672 0 0 I : [10893.088899] read descriptors
05-24 13:45:21.672 0 0 I : [10893.089095] read strings
05-24 13:45:22.692 0 0 I : [10894.109176] read descriptors
05-24 13:45:22.692 0 0 I : [10894.109403] read strings
05-24 13:45:23.712 0 0 I : [10895.128822] read descriptors
05-24 13:45:23.712 0 0 I : [10895.129015] read strings
05-24 13:45:24.728 0 0 I : [10896.144973] read descriptors
05-24 13:45:24.728 0 0 I : [10896.145184] read strings
05-24 13:45:25.744 0 0 I : [10897.161087] read descriptors
05-24 13:45:25.744 0 0 I : [10897.161296] read strings
05-24 13:45:26.760 0 0 I : [10898.176923] read descriptors
05-24 13:45:26.760 0 0 I : [10898.177139] read strings
05-24 13:45:27.776 0 0 I : [10899.192824] read descriptors
05-24 13:45:27.776 0 0 I : [10899.193038] read strings
05-24 13:45:28.792 0 0 I : [10900.208822] read descriptors
05-24 13:45:28.792 0 0 I : [10900.209021] read strings
05-24 13:45:29.808 0 0 I : [10901.224998] read descriptors
05-24 13:45:29.808 0 0 I : [10901.225197] read strings
05-24 13:45:30.824 0 0 I : [10902.241096] read descriptors
05-24 13:45:30.824 0 0 I : [10902.241306] read strings
05-24 13:45:31.836 0 0 I : [10903.252924] read descriptors
05-24 13:45:31.836 0 0 I : [10903.253124] read strings
05-24 13:45:32.856 0 0 I : [10904.272656] read descriptors
05-24 13:45:32.856 0 0 I : [10904.272766] read strings
05-24 13:45:33.872 0 0 I : [10905.288832] read descriptors
05-24 13:45:33.872 0 0 I : [10905.289028] read strings
05-24 13:45:34.884 0 0 I : [10906.304651] read descriptors
05-24 13:45:34.884 0 0 I : [10906.304805] read strings
05-24 13:45:35.908 0 0 I : [10907.324769] read descriptors
05-24 13:45:35.908 0 0 I : [10907.324966] read strings
05-24 13:45:36.931 0 0 I : [10908.348565] read descriptors
05-24 13:45:36.932 0 0 I : [10908.348665] read strings
05-24 13:45:37.957 0 0 I : [10909.376856] read descriptors
05-24 13:45:37.957 0 0 I : [10909.377084] read strings
05-24 13:45:38.976 0 0 I : [10910.392879] read descriptors
05-24 13:45:38.976 0 0 I : [10910.393089] read strings
05-24 13:45:39.996 0 0 I : [10911.412850] read descriptors
05-24 13:45:39.996 0 0 I : [10911.413059] read strings
05-24 13:45:41.016 0 0 I : [10912.433100] read descriptors
05-24 13:45:41.016 0 0 I : [10912.433299] read strings
05-24 13:45:42.032 0 0 I : [10913.448749] read descriptors
05-24 13:45:42.032 0 0 I : [10913.448841] read strings
05-24 13:45:43.052 0 0 I : [10914.469208] read descriptors
05-24 13:45:43.052 0 0 I : [10914.469407] read strings
05-24 13:45:44.084 0 0 I : [10915.500912] read descriptors
05-24 13:45:44.084 0 0 I : [10915.501037] read strings
05-24 13:45:45.119 0 0 I : [10916.536560] read descriptors
05-24 13:45:45.120 0 0 I : [10916.536662] read strings
05-24 13:45:46.144 0 0 I : [10917.561065] read descriptors
05-24 13:45:46.144 0 0 I : [10917.561267] read strings
05-24 13:45:47.160 0 0 I : [10918.577079] read descriptors
05-24 13:45:47.160 0 0 I : [10918.577277] read strings
05-24 13:45:48.176 0 0 I : [10919.593073] read descriptors
05-24 13:45:48.176 0 0 I : [10919.593286] read strings
05-24 13:45:49.196 0 0 I : [10920.612862] read descriptors
05-24 13:45:49.196 0 0 I : [10920.613060] read strings
05-24 13:45:50.212 0 0 I : [10921.629068] read descriptors
05-24 13:45:50.212 0 0 I : [10921.629276] read strings
05-24 13:45:51.235 0 0 I : [10922.652703] read descriptors
05-24 13:45:51.236 0 0 I : [10922.652844] read strings
05-24 13:45:52.256 0 0 I : [10923.673076] read descriptors
05-24 13:45:52.256 0 0 I : [10923.673280] read strings
05-24 13:45:53.275 0 0 I : [10924.693009] read descriptors
05-24 13:45:53.276 0 0 I : [10924.693223] read strings
05-24 13:45:54.296 0 0 I : [10925.712745] read descriptors
05-24 13:45:54.296 0 0 I : [10925.712939] read strings
05-24 13:45:55.319 0 0 I : [10926.736558] read descriptors
05-24 13:45:55.320 0 0 I : [10926.736688] read strings
05-24 13:45:56.336 0 0 I : [10927.752813] read descriptors
05-24 13:45:56.336 0 0 I : [10927.753012] read strings
05-24 13:45:57.352 0 0 I : [10928.769147] read descriptors
05-24 13:45:57.352 0 0 I : [10928.769344] read strings
05-24 13:45:58.368 0 0 I : [10929.785472] read descriptors
05-24 13:45:58.368 0 0 I : [10929.785683] read strings
05-24 13:45:59.384 0 0 I : [10930.801079] read descriptors
05-24 13:45:59.384 0 0 I : [10930.801276] read strings
05-24 13:46:00.400 0 0 I : [10931.816818] read descriptors
05-24 13:46:00.400 0 0 I : [10931.817031] read strings
05-24 13:46:01.420 0 0 I : [10932.836953] read descriptors
05-24 13:46:01.420 0 0 I : [10932.837095] read strings
05-24 13:46:02.436 0 0 I : [10933.853170] read descriptors
05-24 13:46:02.436 0 0 I : [10933.853374] read strings
05-24 13:46:03.460 0 0 I : [10934.876657] read descriptors
05-24 13:46:03.460 0 0 I : [10934.876792] read strings
05-24 13:46:04.480 0 0 I : [10935.897702] read descriptors
05-24 13:46:04.480 0 0 I : [10935.897908] read strings
05-24 13:46:05.496 0 0 I : [10936.913088] read descriptors
05-24 13:46:05.496 0 0 I : [10936.913286] read strings
05-24 13:46:06.512 0 0 I : [10937.929139] read descriptors
05-24 13:46:06.512 0 0 I : [10937.929342] read strings
05-24 13:46:07.524 0 0 I : [10938.941107] read descriptors
05-24 13:46:07.524 0 0 I : [10938.941316] read strings
05-24 13:46:08.588 0 0 I : [10940.005110] read descriptors
05-24 13:46:08.588 0 0 I : [10940.005210] read strings
05-24 13:46:09.611 0 0 I : [10941.028768] read descriptors
05-24 13:46:09.612 0 0 I : [10941.028856] read strings
05-24 13:46:10.628 0 0 I : [10942.044637] read descriptors
05-24 13:46:10.628 0 0 I : [10942.044790] read strings
05-24 13:46:11.643 0 0 I : [10943.061290] read descriptors
05-24 13:46:11.644 0 0 I : [10943.061490] read strings
05-24 13:46:12.664 0 0 I : [10944.081051] read descriptors
05-24 13:46:12.664 0 0 I : [10944.081254] read strings
05-24 13:46:13.684 0 0 I : [10945.100886] read descriptors
05-24 13:46:13.684 0 0 I : [10945.101094] read strings
05-24 13:46:14.700 0 0 I : [10946.116918] read descriptors
05-24 13:46:14.700 0 0 I : [10946.117119] read strings
05-24 13:46:15.716 0 0 I : [10947.132870] read descriptors
05-24 13:46:15.716 0 0 I : [10947.133095] read strings
05-24 13:46:16.598 1528 1801 D ActivityManager: freezing 10060 com.android.gallery3d
05-24 13:46:16.598 1528 1801 E ActivityManager: Unable to freeze binder for 10060 com.android.gallery3d
05-24 13:46:16.600 0 0 I [10948.018671] binder: 1528:1801 ioctl 400c620e 6e510eb5d8 returned -22
05-24 13:46:16.601 1528 1801 D ActivityManager: froze 10060 com.android.gallery3d
05-24 13:46:16.601 1528 1801 E ActivityManager: Unable to freeze binder for 10060 com.android.gallery3d
05-24 13:46:16.603 0 0 I [10948.022038] binder: 1528:1801 ioctl c00c620f 6e510eb5b8 returned -22
05-24 13:46:16.603 1528 1801 I ActivityManager: Killing 10060:com.android.gallery3d/u0a66 (adj 900): Unable to freeze binder interface
05-24 13:46:16.649 1528 2249 I WindowManager: WIN DEATH: Window{4666b0a u0 com.android.gallery3d/com.android.gallery3d.app.GalleryActivity}
05-24 13:46:16.659 1528 1666 W ActivityManager: setHasOverlayUi called on unknown pid: 10060
05-24 13:46:16.697 1528 1674 W UsageStatsService: Unexpected activity event reported! (com.android.gallery3d/com.android.gallery3d.app.GalleryActivity event : 23 instanceId : 96284435)
05-24 13:46:16.744 0 0 I : [10948.161042] read descriptors
05-24 13:46:16.744 0 0 I : [10948.161149] read strings
05-24 13:46:17.768 0 0 I : [10949.185724] read descriptors
05-24 13:46:17.768 0 0 I : [10949.185927] read strings
05-24 13:46:18.788 0 0 I : [10950.205491] read descriptors
05-24 13:46:18.788 0 0 I : [10950.205687] read strings
05-24 13:46:19.812 0 0 I : [10951.229247] read descriptors
05-24 13:46:19.812 0 0 I : [10951.229448] read strings
05-24 13:46:20.832 0 0 I : [10952.249573] read descriptors
05-24 13:46:20.832 0 0 I : [10952.249769] read strings
05-24 13:46:21.852 0 0 I : [10953.268843] read descriptors
05-24 13:46:21.852 0 0 I : [10953.269048] read strings
05-24 13:46:22.864 0 0 I : [10954.281143] read descriptors
05-24 13:46:22.864 0 0 I : [10954.281340] read strings
05-24 13:46:23.880 0 0 I : [10955.297323] read descriptors
05-24 13:46:23.880 0 0 I : [10955.297484] read strings
05-24 13:46:24.899 0 0 I : [10956.316701] read descriptors
05-24 13:46:24.900 0 0 I : [10956.316799] read strings
05-24 13:46:25.909 0 0 I : [10957.328729] read descriptors
05-24 13:46:25.909 0 0 I : [10957.328851] read strings
05-24 13:46:26.933 0 0 I : [10958.352670] read descriptors
05-24 13:46:26.933 0 0 I : [10958.352845] read strings
05-24 13:46:27.008 2571 15342 W ContextImpl: Calling a method in the system process without a qualified user: android.app.ContextImpl.sendBroadcast:1173 android.content.ContextWrapper.sendBroadcast:479 com.thundercomm.microsettings.action.SetTimeAction.timeUpdated:212 com.thundercomm.microsettings.action.SetTimeAction.update24HourFormat:194 com.thundercomm.microsettings.action.SetTimeAction.doActualAction:154
05-24 13:46:27.017 1528 1528 D DevicePolicyManager: updateSystemUpdateFreezePeriodsRecord
05-24 13:46:27.017 1528 1528 D ConditionProviders.SCP: onReceive android.intent.action.TIME_SET
05-24 13:46:27.018 1528 1528 D ConditionProviders.SCP: evaluateSubscriptionLocked cal=ScheduleCalendar[mDays={1, 2, 3, 4, 5, 6, 7}, mSchedule=ScheduleInfo{days=[1, 2, 3, 4, 5, 6, 7], startHour=22, startMinute=0, endHour=7, endMinute=0, exitAtAlarm=true, nextAlarm=Thu Jan 01 08:00:00 GMT+08:00 1970 (0)}], now=Wed May 24 13:46:27 GMT+08:00 2023 (1684907187017), nextUserAlarmTime=Thu Jan 01 08:00:00 GMT+08:00 1970 (0)
05-24 13:46:27.018 1528 1528 D ConditionProviders.SCP: notifyCondition condition://android/schedule?days=1.2.3.4.5.6.7&start=22.0&end=7.0&exitAtAlarm=true STATE_FALSE reason=!meetsSchedule
05-24 13:46:27.019 1528 1528 D ConditionProviders.SCP: Scheduling evaluate for Wed May 24 22:00:00 GMT+08:00 2023 (1684936800000), in +8h13m32s983ms, now=Wed May 24 13:46:27 GMT+08:00 2023 (1684907187017)
05-24 13:46:27.957 0 0 I : [10959.376952] read descriptors
05-24 13:46:27.957 0 0 I : [10959.377073] read strings
05-24 13:46:28.973 0 0 I : [10960.392888] read descriptors
05-24 13:46:28.973 0 0 I : [10960.393094] read strings
05-24 13:46:29.997 0 0 I : [10961.413182] read descriptors
05-24 13:46:29.997 0 0 I : [10961.413391] read strings
05-24 13:46:31.013 0 0 I : [10962.433059] read descriptors
05-24 13:46:31.013 0 0 I : [10962.433259] read strings
05-24 13:46:32.037 0 0 I : [10963.456875] read descriptors
05-24 13:46:32.037 0 0 I : [10963.457071] read strings
05-24 13:46:33.061 0 0 I : [10964.480591] read descriptors
05-24 13:46:33.061 0 0 I : [10964.480724] read strings
05-24 13:46:34.081 0 0 I : [10965.500811] read descriptors
05-24 13:46:34.081 0 0 I : [10965.501015] read strings
05-24 13:46:35.097 0 0 I : [10966.517141] read descriptors
05-24 13:46:35.097 0 0 I : [10966.517351] read strings
05-24 13:46:36.117 0 0 I : [10967.536997] read descriptors
05-24 13:46:36.117 0 0 I : [10967.537191] read strings
05-24 13:46:37.141 0 0 I : [10968.561420] read descriptors
05-24 13:46:37.141 0 0 I : [10968.561586] read strings
05-24 13:46:38.161 0 0 I : [10969.580895] read descriptors
05-24 13:46:38.161 0 0 I : [10969.581100] read strings
05-24 13:46:39.185 0 0 I : [10970.604994] read descriptors
05-24 13:46:39.185 0 0 I : [10970.605121] read strings
05-24 13:46:40.209 0 0 I : [10971.628419] read descriptors
05-24 13:46:40.209 0 0 I : [10971.628506] read strings
05-24 13:46:41.225 0 0 I : [10972.645162] read descriptors
05-24 13:46:41.225 0 0 I : [10972.645369] read strings
05-24 13:46:42.241 0 0 I : [10973.661200] read descriptors
05-24 13:46:42.241 0 0 I : [10973.661404] read strings
05-24 13:46:42.881 10165 10165 W ViewRootImpl[Settings]: Cancelling event (window is stopped):MotionEvent { action=ACTION_CANCEL, actionButton=0, id[0]=0, x[0]=2351.5872, y[0]=1049.3884, toolType[0]=TOOL_TYPE_MOUSE, buttonState=0, classification=NONE, metaState=0, flags=0x0, edgeFlags=0x0, pointerCount=1, historySize=0, eventTime=10974301, downTime=10492631, deviceId=5, source=0x2002, displayId=0, eventId=1811146574 }
05-24 13:46:42.881 10165 10165 W ViewRootImpl[Settings]: Cancelling event (window is stopped):MotionEvent { action=ACTION_CANCEL, actionButton=0, id[0]=0, x[0]=2351.5872, y[0]=1049.3884, toolType[0]=TOOL_TYPE_MOUSE, buttonState=0, classification=NONE, metaState=0, flags=0x0, edgeFlags=0x0, pointerCount=1, historySize=0, eventTime=10974301, downTime=10492631, deviceId=5, source=0x2002, displayId=0, eventId=1811146574 }
05-24 13:46:42.881 10165 10165 W ViewRootImpl[Settings]: Cancelling event (window is stopped):MotionEvent { action=ACTION_CANCEL, actionButton=0, id[0]=0, x[0]=2351.5872, y[0]=1049.3884, toolType[0]=TOOL_TYPE_MOUSE, buttonState=0, classification=NONE, metaState=0, flags=0x0, edgeFlags=0x0, pointerCount=1, historySize=0, eventTime=10974301, downTime=10492631, deviceId=5, source=0x2002, displayId=0, eventId=1811146574 }
05-24 13:46:42.883 10165 10165 W ViewRootImpl[Settings]: Cancelling event (window is stopped):MotionEvent { action=ACTION_CANCEL, actionButton=0, id[0]=0, x[0]=2351.5872, y[0]=1049.3884, toolType[0]=TOOL_TYPE_MOUSE, buttonState=0, classification=NONE, metaState=0, flags=0x0, edgeFlags=0x0, pointerCount=1, historySize=0, eventTime=10974301, downTime=10492631, deviceId=5, source=0x2002, displayId=0, eventId=1811146574 }
05-24 13:46:42.941 13872 13872 V DreamService[SystemDream]: mActionDownY = 685.0
05-24 13:46:42.941 13872 13872 V DreamService[SystemDream]: mActionUpY = 685.0
05-24 13:46:43.257 0 0 I : [10974.677213] read descriptors
05-24 13:46:43.257 0 0 I : [10974.677417] read strings
05-24 13:46:44.137 13872 13872 V DreamService[SystemDream]: mActionDownY = 697.0
05-24 13:46:44.137 13872 13872 V DreamService[SystemDream]: mActionUpY = 697.0
05-24 13:46:44.281 0 0 I : [10975.701540] read descriptors
05-24 13:46:44.281 0 0 I : [10975.701734] read strings
05-24 13:46:44.972 13872 13872 V DreamService[SystemDream]: mActionDownY = 630.0
05-24 13:46:44.972 13872 13872 V DreamService[SystemDream]: mActionUpY = 630.0
05-24 13:46:45.297 0 0 I : [10976.716932] read descriptors
05-24 13:46:45.297 0 0 I : [10976.717143] read strings
05-24 13:46:45.514 13872 13872 V DreamService[SystemDream]: mActionDownY = 671.0
05-24 13:46:45.514 13872 13872 V DreamService[SystemDream]: mActionUpY = 671.0
05-24 13:46:45.952 13872 13872 V DreamService[SystemDream]: mActionDownY = 647.0
05-24 13:46:45.952 13872 13872 V DreamService[SystemDream]: mActionUpY = 647.0
05-24 13:46:46.284 13872 13872 V DreamService[SystemDream]: mActionDownY = 611.0
05-24 13:46:46.285 13872 13872 V DreamService[SystemDream]: mActionUpY = 611.0
05-24 13:46:46.310 0 0 I : [10977.732582] read descriptors
05-24 13:46:46.310 0 0 I : [10977.732693] read strings
05-24 13:46:46.552 13872 13872 V DreamService[SystemDream]: mActionDownY = 623.0
05-24 13:46:46.552 13872 13872 V DreamService[SystemDream]: mActionUpY = 623.0
05-24 13:46:46.814 13872 13872 V DreamService[SystemDream]: mActionDownY = 622.0
05-24 13:46:46.814 13872 13872 V DreamService[SystemDream]: mActionUpY = 622.0
05-24 13:46:47.055 13872 13872 V DreamService[SystemDream]: mActionDownY = 629.0
05-24 13:46:47.055 13872 13872 V DreamService[SystemDream]: mActionUpY = 629.0
05-24 13:46:47.361 0 0 I : [10978.780807] read descriptors
05-24 13:46:47.361 0 0 I : [10978.780905] read strings
05-24 13:46:48.381 0 0 I : [10979.800729] read descriptors
05-24 13:46:48.381 0 0 I : [10979.800930] read strings
05-24 13:46:49.409 0 0 I : [10980.828872] read descriptors
05-24 13:46:49.409 0 0 I : [10980.828993] read strings
05-24 13:46:50.429 0 0 I : [10981.848784] read descriptors
05-24 13:46:50.430 0 0 I : [10981.848983] read strings
05-24 13:46:51.449 0 0 I : [10982.868512] read descriptors
05-24 13:46:51.449 0 0 I : [10982.868608] read strings
05-24 13:46:52.465 0 0 I : [10983.885284] read descriptors
05-24 13:46:52.466 0 0 I : [10983.885483] read strings
05-24 13:46:53.485 0 0 I : [10984.905043] read descriptors
05-24 13:46:53.485 0 0 I : [10984.905256] read strings
05-24 13:46:54.505 0 0 I : [10985.925448] read descriptors
05-24 13:46:54.505 0 0 I : [10985.925648] read strings
05-24 13:46:55.525 0 0 I : [10986.945285] read descriptors
05-24 13:46:55.525 0 0 I : [10986.945455] read strings
05-24 13:46:56.541 0 0 I : [10987.961363] read descriptors
05-24 13:46:56.541 0 0 I : [10987.961584] read strings
05-24 13:46:57.557 0 0 I : [10988.977080] read descriptors
05-24 13:46:57.557 0 0 I : [10988.977289] read strings
05-24 13:46:58.573 0 0 I : [10989.993089] read descriptors
05-24 13:46:58.573 0 0 I : [10989.993286] read strings
05-24 13:46:59.582 0 0 I : [10991.004781] read descriptors
05-24 13:46:59.582 0 0 I : [10991.005049] read strings
05-24 13:47:00.601 0 0 I : [10992.021233] read descriptors
05-24 13:47:00.601 0 0 I : [10992.021433] read strings
05-24 13:47:01.625 0 0 I : [10993.044595] read descriptors
05-24 13:47:01.625 0 0 I : [10993.044723] read strings
05-24 13:47:02.294 1528 2698 I DreamManagerService: Gently waking up from dream.
05-24 13:47:02.296 1528 1663 I DreamManagerService: Performing gentle wake from dream.
05-24 13:47:02.296 1528 1694 I PowerManagerService: Powering on display group fromDreaming (groupId=0, uid=1000, reason=WAKE_REASON_UNKNOWN, details=android.server.power:DREAM_FINISHED)...
05-24 13:47:02.296 1528 1694 I PowerManagerService: Waking up from Dreaming (uid=1000, reason=WAKE_REASON_UNKNOWN, details=android.server.power:DREAM_FINISHED)...
05-24 13:47:02.311 1528 15317 I ActivityTaskManager: FOREGROUND_APPLICATION_CHANGED to com.android.settings.homepage.SettingsHomepageActivity
05-24 13:47:02.389 0 0 W [10993.808322] audit: audit_lost=8421 audit_rate_limit=5 audit_backlog_limit=64
05-24 13:47:02.389 0 0 E [10993.808325] audit: rate limit exceeded
05-24 13:47:02.565 0 0 I : [10993.985132] qcom_rpmh DRV:apps_rsc TCS Busy, retrying RPMH message send: addr=0x40d00
05-24 13:47:02.565 0 0 I : [10993.985151] qcom_rpmh DRV:apps_rsc TCS Busy, retrying RPMH message send: addr=0x40d00
05-24 13:47:02.565 0 0 I : [10993.985165] qcom_rpmh DRV:apps_rsc TCS Busy, retrying RPMH message send: addr=0x40d00
05-24 13:47:02.565 0 0 I : [10993.985179] qcom_rpmh DRV:apps_rsc TCS Busy, retrying RPMH message send: addr=0x40d00
05-24 13:47:02.565 0 0 I : [10993.985192] qcom_rpmh DRV:apps_rsc TCS Busy, retrying RPMH message send: addr=0x40d00
05-24 13:47:02.565 0 0 I : [10993.985207] qcom_rpmh DRV:apps_rsc TCS Busy, retrying RPMH message send: addr=0x40d00
05-24 13:47:02.565 0 0 I : [10993.985220] qcom_rpmh DRV:apps_rsc TCS Busy, retrying RPMH message send: addr=0x40d00
05-24 13:47:02.565 0 0 I : [10993.985235] qcom_rpmh DRV:apps_rsc TCS Busy, retrying RPMH message send: addr=0x40d00
05-24 13:47:02.565 0 0 I : [10993.985248] qcom_rpmh DRV:apps_rsc TCS Busy, retrying RPMH message send: addr=0x40d00
05-24 13:47:02.565 0 0 I : [10993.985262] qcom_rpmh DRV:apps_rsc TCS Busy, retrying RPMH message send: addr=0x40d00
05-24 13:47:02.653 0 0 I : [10994.072660] read descriptors
05-24 13:47:02.653 0 0 I : [10994.072746] read strings
05-24 13:47:02.698 2747 15449 W ContextImpl: Calling a method in the system process without a qualified user: android.app.ContextImpl.startActivity:1055 android.content.ContextWrapper.startActivity:411 com.thundercomm.remotecontrolservice.RemoteControlService.startApp:305 com.thundercomm.remotecontrolservice.remotecommand.RemoteAppLaunchCommand.lunchApp:73 com.thundercomm.remotecontrolservice.remotecommand.RemoteAppLaunchCommand.access$000:18
05-24 13:47:02.698 2747 15449 W ContextImpl: Calling a method in the system process without a qualified user: android.app.ContextImpl.startActivity:1067 android.app.ContextImpl.startActivity:1056 android.content.ContextWrapper.startActivity:411 com.thundercomm.remotecontrolservice.RemoteControlService.startApp:305 com.thundercomm.remotecontrolservice.remotecommand.RemoteAppLaunchCommand.lunchApp:73
05-24 13:47:02.702 1528 2697 I thunderperf: PlatormCompat.setOverrides: Uid1=1000 Pid1=2747 Uid2=1000 Pid2=2747
05-24 13:47:02.702 1528 2697 I thunderperf: PlatormCompat.setOverrides: needCheck:false
05-24 13:47:02.703 1528 2697 I thunderperf: CompatConfig.addOverrideUnsafe: bef-state=0
05-24 13:47:02.703 1528 2697 I thunderperf: CompatConfig.addOverrideUnsafe: aft-state=0
05-24 13:47:02.704 1528 2697 I thunderperf: CompatConfig.addOverrideUnsafe: bef-state=0
05-24 13:47:02.704 1528 2697 I thunderperf: CompatConfig.addOverrideUnsafe: aft-state=0
05-24 13:47:02.705 1528 2697 I thunderperf: CompatConfig.addOverrideUnsafe: bef-state=0
05-24 13:47:02.705 1528 2697 I thunderperf: CompatConfig.addOverrideUnsafe: aft-state=0
05-24 13:47:02.706 1528 2697 I thunderperf: CompatConfig.addOverrideUnsafe: bef-state=0
05-24 13:47:02.706 1528 2697 I thunderperf: CompatConfig.addOverrideUnsafe: aft-state=0
05-24 13:47:02.706 1528 2697 I thunderperf: CompatConfig.addOverrideUnsafe: bef-state=0
05-24 13:47:02.706 1528 2697 I thunderperf: CompatConfig.addOverrideUnsafe: aft-state=0
05-24 13:47:02.707 1528 2697 I thunderperf: CompatConfig.addOverrideUnsafe: bef-state=0
05-24 13:47:02.707 1528 2697 I thunderperf: CompatConfig.addOverrideUnsafe: aft-state=0
05-24 13:47:02.707 1528 2697 I thunderperf: CompatConfig.addOverrideUnsafe: bef-state=0
05-24 13:47:02.707 1528 2697 I thunderperf: CompatConfig.addOverrideUnsafe: aft-state=0
05-24 13:47:02.708 1528 2697 I thunderperf: CompatConfig.addOverrideUnsafe: bef-state=0
05-24 13:47:02.708 1528 2697 I thunderperf: CompatConfig.addOverrideUnsafe: aft-state=0
05-24 13:47:02.709 1528 2697 I thunderperf: CompatConfig.addOverrideUnsafe: bef-state=0
05-24 13:47:02.709 1528 2697 I thunderperf: CompatConfig.addOverrideUnsafe: aft-state=0
05-24 13:47:02.709 1528 2697 I thunderperf: CompatConfig.addOverrideUnsafe: bef-state=0
05-24 13:47:02.709 1528 2697 I thunderperf: CompatConfig.addOverrideUnsafe: aft-state=0
05-24 13:47:02.711 1528 2697 I thunderperf: CompatConfig.addOverrideUnsafe: bef-state=0
05-24 13:47:02.711 1528 2697 I thunderperf: CompatConfig.addOverrideUnsafe: aft-state=0
05-24 13:47:02.717 1528 2697 I thunderperf: CompatConfig.addOverrideUnsafe: bef-state=0
05-24 13:47:02.717 1528 2697 I thunderperf: CompatConfig.addOverrideUnsafe: aft-state=0
05-24 13:47:02.718 1528 2697 I thunderperf: CompatConfig.addOverrideUnsafe: bef-state=0
05-24 13:47:02.718 1528 2697 I thunderperf: CompatConfig.addOverrideUnsafe: aft-state=0
05-24 13:47:02.718 1528 2697 I thunderperf: CompatConfig.addOverrideUnsafe: bef-state=0
05-24 13:47:02.718 1528 2697 I thunderperf: CompatConfig.addOverrideUnsafe: aft-state=0
05-24 13:47:02.729 1528 2697 I ActivityTaskManager: START u0 {flg=0x10000000 cmp=com.android.settings/.Settings} from uid 1000
05-24 13:47:02.900 1528 15317 I DreamManagerService: Leaving dreamland.
05-24 13:47:02.901 1528 1663 I DreamManagerService: Performing gentle wake from dream.
05-24 13:47:02.901 1528 1663 I DreamController: Stopping dream: name=ComponentInfo{com.thundercomm.screensaver/com.thundercomm.screensaver.service.SystemDream}, isTest=false, canDoze=false, userId=0, reason='finished self'(from 'request awaken')
05-24 13:47:02.915 1528 1667 W ActivityTaskManager: Can't find TaskDisplayArea to determine support for multi window. Task id=56 attached=false
05-24 13:47:03.669 0 0 I : [10995.088772] read descriptors
05-24 13:47:03.669 0 0 I : [10995.088978] read strings
05-24 13:47:04.685 0 0 I : [10996.104931] read descriptors
05-24 13:47:04.685 0 0 I : [10996.105136] read strings
05-24 13:47:05.709 0 0 I : [10997.129131] read descriptors
05-24 13:47:05.711 0 0 I : [10997.129333] read strings
05-24 13:47:06.733 0 0 I : [10998.152788] read descriptors
05-24 13:47:06.733 0 0 I : [10998.152991] read strings
05-24 13:47:07.765 0 0 I : [10999.184828] read descriptors
05-24 13:47:07.765 0 0 I : [10999.184947] read strings
05-24 13:47:08.781 0 0 I : [11000.200810] read descriptors
05-24 13:47:08.781 0 0 I : [11000.201014] read strings
05-24 13:47:09.805 0 0 I : [11001.225016] read descriptors
05-24 13:47:09.805 0 0 I : [11001.225224] read strings
05-24 13:47:10.821 0 0 I : [11002.240722] read descriptors
05-24 13:47:10.821 0 0 I : [11002.240860] read strings
05-24 13:47:11.856 0 0 I : [11003.276672] read descriptors
05-24 13:47:11.856 0 0 I : [11003.276770] read strings
05-24 13:47:11.934 1528 15317 E UserRestrictionsUtils: Unknown restriction queried by uid 1000 (com.thundercomm.debugtools et al): null
05-24 13:47:11.935 1528 15317 E UserRestrictionsUtils: Unknown restriction queried by uid 1000 (com.thundercomm.debugtools et al): null
05-24 13:47:11.935 1528 15317 E UserRestrictionsUtils: Unknown restriction queried by uid 1000 (com.thundercomm.debugtools et al): null
05-24 13:47:11.935 1528 15317 E UserRestrictionsUtils: Unknown restriction queried by uid 1000 (com.thundercomm.debugtools et al): null
05-24 13:47:11.935 1528 15317 E UserRestrictionsUtils: Unknown restriction queried by uid 1000 (com.thundercomm.debugtools et al): null
05-24 13:47:11.936 1528 15317 E UserRestrictionsUtils: Unknown restriction queried by uid 1000 (com.thundercomm.debugtools et al): null
05-24 13:47:11.937 1528 15317 E UserRestrictionsUtils: Unknown restriction queried by uid 1000 (com.thundercomm.debugtools et al): null
05-24 13:47:12.881 0 0 I : [11004.301162] read descriptors
05-24 13:47:12.881 0 0 I : [11004.301449] read strings
05-24 13:47:13.905 0 0 I : [11005.324672] read descriptors
05-24 13:47:13.905 0 0 I : [11005.324870] read strings
05-24 13:47:14.933 0 0 I : [11006.352943] read descriptors
05-24 13:47:14.933 0 0 I : [11006.353037] read strings
05-24 13:47:15.981 0 0 I : [11007.400724] read descriptors
05-24 13:47:15.981 0 0 I : [11007.400814] read strings
05-24 13:47:16.997 0 0 I : [11008.417346] read descriptors
05-24 13:47:16.997 0 0 I : [11008.417552] read strings
05-24 13:47:17.417 0 0 W [11008.833082] audit: audit_lost=8431 audit_rate_limit=5 audit_backlog_limit=64
05-24 13:47:17.417 0 0 E [11008.833091] audit: rate limit exceeded
05-24 13:47:18.025 0 0 I : [11009.444689] read descriptors
05-24 13:47:18.025 0 0 I : [11009.444804] read strings
05-24 13:47:19.041 0 0 I : [11010.461047] read descriptors
05-24 13:47:19.041 0 0 I : [11010.461279] read strings
05-24 13:47:19.330 0 0 W [11010.749791] audit: audit_lost=8440 audit_rate_limit=5 audit_backlog_limit=64
05-24 13:47:19.330 0 0 E [11010.749799] audit: rate limit exceeded
05-24 13:47:20.085 0 0 I : [11011.504914] read descriptors
05-24 13:47:20.085 0 0 I : [11011.505065] read strings
05-24 13:47:21.117 0 0 I : [11012.537111] read descriptors
05-24 13:47:21.117 0 0 I : [11012.537306] read strings
05-24 13:47:21.405 0 0 W [11012.825365] audit: audit_lost=8463 audit_rate_limit=5 audit_backlog_limit=64
05-24 13:47:21.405 0 0 E [11012.825373] audit: rate limit exceeded
05-24 13:47:22.137 0 0 I : [11013.557234] read descriptors
05-24 13:47:22.137 0 0 I : [11013.557437] read strings
05-24 13:47:23.153 0 0 I : [11014.573021] read descriptors
05-24 13:47:23.153 0 0 I : [11014.573224] read strings
05-24 13:47:24.137 1528 15317 I MicroServiceManager: requestResult(setVolume) parameters is{"functionInfo":{"IDCM_VolumeValue_Media":"12"}}.
05-24 13:47:24.177 0 0 I : [11015.597343] read descriptors
05-24 13:47:24.177 0 0 I : [11015.597487] read strings
05-24 13:47:25.197 0 0 I : [11016.616879] read descriptors
05-24 13:47:25.197 0 0 I : [11016.617084] read strings
05-24 13:47:25.249 1528 22252 I MicroServiceManager: requestResult(setVolume) parameters is{"functionInfo":{"IDCM_VolumeValue_Media":"14"}}.
05-24 13:47:26.209 0 0 I : [11017.628846] read descriptors
05-24 13:47:26.209 0 0 I : [11017.629060] read strings
05-24 13:47:26.622 1528 2234 I MicroServiceManager: requestResult(setVolume) parameters is{"functionInfo":{"IDCM_VolumeValue_Media":"16"}}.
05-24 13:47:27.233 0 0 I : [11018.652491] read descriptors
05-24 13:47:27.233 0 0 I : [11018.652571] read strings
05-24 13:47:27.754 1528 2165 I MicroServiceManager: requestResult(setVolume) parameters is{"functionInfo":{"IDCM_VolumeValue_Media":"18"}}.
05-24 13:47:27.954 1528 2165 I MicroServiceManager: requestResult(setVolume) parameters is{"functionInfo":{"IDCM_VolumeValue_Media":"20"}}.
05-24 13:47:28.245 0 0 I : [11019.665208] read descriptors
05-24 13:47:28.245 0 0 I : [11019.665409] read strings
05-24 13:47:29.235 1528 10045 I MicroServiceManager: requestResult(setVolume) parameters is{"functionInfo":{"IDCM_VolumeValue_Media":"22"}}.
05-24 13:47:29.272 0 0 I : [11020.690179] read descriptors
05-24 13:47:29.283 0 0 I : [11020.690357] read strings
05-24 13:47:30.297 0 0 I : [11021.717269] read descriptors
05-24 13:47:30.297 0 0 I : [11021.717468] read strings
05-24 13:47:30.667 1528 10045 I MicroServiceManager: requestResult(setVolume) parameters is{"functionInfo":{"IDCM_VolumeValue_Media":"24"}}.
05-24 13:47:30.709 1528 19621 I MicroServiceManager: requestResult(setVolume) parameters is{"functionInfo":{"IDCM_VolumeValue_Media":"26"}}.
05-24 13:47:31.317 0 0 I : [11022.736859] read descriptors
05-24 13:47:31.317 0 0 I : [11022.737065] read strings
05-24 13:47:32.337 0 0 I : [11023.756759] read descriptors
05-24 13:47:32.337 0 0 I : [11023.756959] read strings
05-24 13:47:33.357 0 0 I : [11024.776638] read descriptors
05-24 13:47:33.357 0 0 I : [11024.776767] read strings
05-24 13:47:34.377 0 0 I : [11025.796942] read descriptors
05-24 13:47:34.377 0 0 I : [11025.797139] read strings
05-24 13:47:35.401 0 0 I : [11026.821511] read descriptors
05-24 13:47:35.401 0 0 I : [11026.821690] read strings
05-24 13:47:35.709 1528 19621 I MicroServiceManager: requestResult(setVolume) parameters is{"functionInfo":{"IDCM_VolumeValue_Media":"28"}}.
05-24 13:47:35.769 1528 22252 I MicroServiceManager: requestResult(setVolume) parameters is{"functionInfo":{"IDCM_VolumeValue_Media":"30"}}.
05-24 13:47:36.421 0 0 I : [11027.840867] read descriptors
05-24 13:47:36.421 0 0 I : [11027.841063] read strings
05-24 13:47:37.441 0 0 I : [11028.860887] read descriptors
05-24 13:47:37.441 0 0 I : [11028.861094] read strings
05-24 13:47:38.353 1528 19621 I MicroServiceManager: requestResult(setVolume) parameters is{"functionInfo":{"IDCM_VolumeValue_Media":"32"}}.
05-24 13:47:38.404 1528 10045 I MicroServiceManager: requestResult(setVolume) parameters is{"functionInfo":{"IDCM_VolumeValue_Media":"36"}}.
05-24 13:47:38.465 0 0 I : [11029.884641] read descriptors
05-24 13:47:38.465 0 0 I : [11029.884745] read strings
05-24 13:47:39.368 1528 19621 I MicroServiceManager: requestResult(setVolume) parameters is{"functionInfo":{"IDCM_VolumeValue_Media":"38"}}.
05-24 13:47:39.427 1528 22256 I MicroServiceManager: requestResult(setVolume) parameters is{"functionInfo":{"IDCM_VolumeValue_Media":"39"}}.
05-24 13:47:39.489 0 0 I : [11030.908897] read descriptors
05-24 13:47:39.489 0 0 I : [11030.909020] read strings
05-24 13:47:40.513 0 0 I : [11031.932451] read descriptors
05-24 13:47:40.513 0 0 I : [11031.932546] read strings
05-24 13:47:41.529 0 0 I : [11032.948691] read descriptors
05-24 13:47:41.529 0 0 I : [11032.948825] read strings
05-24 13:47:42.549 0 0 I : [11033.969011] read descriptors
05-24 13:47:42.549 0 0 I : [11033.969111] read strings
05-24 13:47:43.589 0 0 I : [11035.008911] read descriptors
05-24 13:47:43.589 0 0 I : [11035.009017] read strings
05-24 13:47:43.706 1528 15317 I MicroServiceManager: requestResult(setVolume) parameters is{"functionInfo":{"IDCM_VolumeValue_Media":"37"}}.
05-24 13:47:43.872 1528 10045 I MicroServiceManager: requestResult(setVolume) parameters is{"functionInfo":{"IDCM_VolumeValue_Media":"35"}}.
05-24 13:47:44.613 0 0 I : [11036.032853] read descriptors
05-24 13:47:44.613 0 0 I : [11036.033060] read strings
05-24 13:47:45.629 0 0 I : [11037.049122] read descriptors
05-24 13:47:45.629 0 0 I : [11037.049321] read strings
05-24 13:47:45.955 1528 22256 I MicroServiceManager: requestResult(setVolume) parameters is{"functionInfo":{"IDCM_VolumeValue_Media":"33"}}.
05-24 13:47:46.022 1528 15317 I MicroServiceManager: requestResult(setVolume) parameters is{"functionInfo":{"IDCM_VolumeValue_Media":"31"}}.
05-24 13:47:46.645 0 0 I : [11038.064947] read descriptors
05-24 13:47:46.645 0 0 I : [11038.065150] read strings
05-24 13:47:47.051 1528 22256 I MicroServiceManager: requestResult(setVolume) parameters is{"functionInfo":{"IDCM_VolumeValue_Media":"29"}}.
05-24 13:47:47.665 0 0 I : [11039.084809] read descriptors
05-24 13:47:47.665 0 0 I : [11039.085012] read strings
05-24 13:47:48.441 0 0 I [11039.862775] binder: 1528:1801 ioctl 400c620e 6e510eb5d8 returned -22
05-24 13:47:48.439 1528 1801 D ActivityManager: freezing 12480 com.android.permissioncontroller
05-24 13:47:48.440 1528 1801 E ActivityManager: Unable to freeze binder for 12480 com.android.permissioncontroller
05-24 13:47:48.445 0 0 I [11039.866417] binder: 1528:1801 ioctl c00c620f 6e510eb5b8 returned -22
05-24 13:47:48.443 1528 1801 D ActivityManager: froze 12480 com.android.permissioncontroller
05-24 13:47:48.443 1528 1801 E ActivityManager: Unable to freeze binder for 12480 com.android.permissioncontroller
05-24 13:47:48.446 1528 1801 I ActivityManager: Killing 12480:com.android.permissioncontroller/u0a91 (adj 935): Unable to freeze binder interface
05-24 13:47:48.587 1528 22252 I MicroServiceManager: requestResult(setVolume) parameters is{"functionInfo":{"IDCM_VolumeValue_Media":"27"}}.
05-24 13:47:48.693 0 0 I : [11040.112971] read descriptors
05-24 13:47:48.693 0 0 I : [11040.113099] read strings
05-24 13:47:49.713 0 0 I : [11041.132888] read descriptors
05-24 13:47:49.713 0 0 I : [11041.133086] read strings
05-24 13:47:49.926 1528 5562 I MicroServiceManager: requestResult(setVolume) parameters is{"functionInfo":{"IDCM_VolumeValue_Media":"25"}}.
05-24 13:47:49.994 1528 15317 I MicroServiceManager: requestResult(setVolume) parameters is{"functionInfo":{"IDCM_VolumeValue_Media":"23"}}.
05-24 13:47:50.741 0 0 I : [11042.160438] read descriptors
05-24 13:47:50.741 0 0 I : [11042.160526] read strings
05-24 13:47:51.247 1528 5562 I MicroServiceManager: requestResult(setVolume) parameters is{"functionInfo":{"IDCM_VolumeValue_Media":"21"}}.
05-24 13:47:51.757 0 0 I : [11043.176837] read descriptors
05-24 13:47:51.757 0 0 I : [11043.177035] read strings
05-24 13:47:52.164 1528 10039 I MicroServiceManager: requestResult(setVolume) parameters is{"functionInfo":{"IDCM_VolumeValue_Media":"19"}}.
05-24 13:47:52.769 0 0 I : [11044.188727] read descriptors
05-24 13:47:52.769 0 0 I : [11044.188858] read strings
05-24 13:47:53.298 1528 22252 I MicroServiceManager: requestResult(setVolume) parameters is{"functionInfo":{"IDCM_VolumeValue_Media":"17"}}.
05-24 13:47:53.785 0 0 I : [11045.204951] read descriptors
05-24 13:47:53.785 0 0 I : [11045.205149] read strings
05-24 13:47:54.737 1528 10045 I MicroServiceManager: requestResult(setVolume) parameters is{"functionInfo":{"IDCM_VolumeValue_Media":"15"}}.
05-24 13:47:54.809 0 0 I : [11046.228708] read descriptors
05-24 13:47:54.809 0 0 I : [11046.228822] read strings
05-24 13:47:54.915 1528 22252 I MicroServiceManager: requestResult(setVolume) parameters is{"functionInfo":{"IDCM_VolumeValue_Media":"13"}}.
05-24 13:47:55.829 0 0 I : [11047.249198] read descriptors
05-24 13:47:55.829 0 0 I : [11047.249393] read strings
05-24 13:47:56.170 1528 19621 I MicroServiceManager: requestResult(setVolume) parameters is{"functionInfo":{"IDCM_VolumeValue_Media":"11"}}.
05-24 13:47:56.845 0 0 I : [11048.265131] read descriptors
05-24 13:47:56.845 0 0 I : [11048.265338] read strings
05-24 13:47:57.747 1528 10045 I MicroServiceManager: requestResult(setVolume) parameters is{"functionInfo":{"IDCM_VolumeValue_Media":"9"}}.
05-24 13:47:57.865 0 0 I : [11049.284991] read descriptors
05-24 13:47:57.865 0 0 I : [11049.285195] read strings
05-24 13:47:57.927 1528 15317 I MicroServiceManager: requestResult(setVolume) parameters is{"functionInfo":{"IDCM_VolumeValue_Media":"7"}}.
05-24 13:47:58.889 0 0 I : [11050.308995] read descriptors
05-24 13:47:58.889 0 0 I : [11050.309203] read strings
05-24 13:47:59.343 1528 8941 I MicroServiceManager: requestResult(setVolume) parameters is{"functionInfo":{"IDCM_VolumeValue_Media":"5"}}.
05-24 13:47:59.905 0 0 I : [11051.325060] read descriptors
05-24 13:47:59.905 0 0 I : [11051.325261] read strings
05-24 13:48:00.285 1528 22252 I MicroServiceManager: requestResult(setVolume) parameters is{"functionInfo":{"IDCM_VolumeValue_Media":"3"}}.
05-24 13:48:00.921 0 0 I : [11052.340967] read descriptors
05-24 13:48:00.921 0 0 I : [11052.341176] read strings
05-24 13:48:01.182 1528 22252 I MicroServiceManager: requestResult(setVolume) parameters is{"functionInfo":{"IDCM_VolumeValue_Media":"1"}}.
05-24 13:48:01.951 0 0 I : [11053.369183] read descriptors
05-24 13:48:01.951 0 0 I : [11053.369385] read strings
05-24 13:48:02.102 1528 10045 I MicroServiceManager: requestResult(setVolume) parameters is{"functionInfo":{"IDCM_VolumeValue_Media":"0"}}.
05-24 13:48:02.969 0 0 I : [11054.388987] read descriptors
05-24 13:48:02.969 0 0 I : [11054.389196] read strings
05-24 13:48:03.650 1528 15317 I MicroServiceManager: requestResult(setVolume) parameters is{"functionInfo":{"IDCM_VolumeValue_Media":"0"}}.
05-24 13:48:03.985 0 0 I : [11055.404525] read descriptors
05-24 13:48:03.985 0 0 I : [11055.404673] read strings
05-24 13:48:04.181 0 0 W [11055.600812] audit: audit_lost=8473 audit_rate_limit=5 audit_backlog_limit=64
05-24 13:48:04.181 0 0 E [11055.600818] audit: rate limit exceeded
05-24 13:48:05.006 0 0 I : [11056.425593] read descriptors
05-24 13:48:05.006 0 0 I : [11056.425798] read strings
05-24 13:48:06.029 0 0 I : [11057.448415] read descriptors
05-24 13:48:06.029 0 0 I : [11057.448521] read strings
05-24 13:48:07.065 0 0 I : [11058.484960] read descriptors
05-24 13:48:07.065 0 0 I : [11058.485121] read strings
05-24 13:48:08.101 0 0 I : [11059.520497] read descriptors
05-24 13:48:08.101 0 0 I : [11059.520610] read strings
05-24 13:48:09.117 0 0 I : [11060.536845] read descriptors
05-24 13:48:09.117 0 0 I : [11060.537039] read strings
05-24 13:48:10.133 0 0 I : [11061.552868] read descriptors
05-24 13:48:10.133 0 0 I : [11061.553068] read strings
05-24 13:48:11.153 0 0 I : [11062.573066] read descriptors
05-24 13:48:11.153 0 0 I : [11062.573262] read strings
05-24 13:48:12.173 0 0 I : [11063.592816] read descriptors
05-24 13:48:12.173 0 0 I : [11063.593010] read strings
05-24 13:48:13.197 0 0 I : [11064.617387] read descriptors
05-24 13:48:13.197 0 0 I : [11064.617586] read strings
05-24 13:48:14.245 0 0 I : [11065.665048] read descriptors
05-24 13:48:14.245 0 0 I : [11065.665146] read strings
05-24 13:48:15.265 0 0 I : [11066.684531] read descriptors
05-24 13:48:15.265 0 0 I : [11066.684619] read strings
05-24 13:48:16.281 0 0 I : [11067.701349] read descriptors
05-24 13:48:16.281 0 0 I : [11067.701553] read strings
05-24 13:48:17.305 0 0 I : [11068.724854] read descriptors
05-24 13:48:17.305 0 0 I : [11068.725048] read strings
05-24 13:48:17.509 0 0 I [11068.929348] [schedu][0x317e775a25][13: 48:17.506454] wlan: [2025:I:WMA] [13:48:16.509000] [ROAM_TRIGGER]: VDEV[0] Reason: "HIGH RSSI"
05-24 13:48:17.509 0 0 I [11068.929390] [schedu][0x317e775ded][13: 48:17.506504] wlan: [2025:I:WMA] [13:48:16.509000] [ROAM_SCAN]: VDEV[0] Scan_type: PARTIAL {5180 5200 5220 5240 5260 5280 5300 5320 5745 5765 5785 5805 5825 }
05-24 13:48:17.509 0 0 I [11068.929405] [schedu][0x317e775f2e][13: 48:17.506520] wlan: [2025:I:WMA] ============================================================================================================================
05-24 13:48:17.509 0 0 I [11068.929430] [schedu][0x317e7760f5][13: 48:17.506544] wlan: [2025:I:WMA] AP BSSID TSTAMP CH TY ETP RSSI/SCR CU%/SCR TOT_SCR BL_RSN BL_SRC BL_TSTAMP BL_TIMEOUT(ms)
05-24 13:48:17.509 0 0 I [11068.929446] [schedu][0x317e776229][13: 48:17.506560] wlan: [2025:I:WMA] ============================================================================================================================
05-24 13:48:17.509 0 0 I [11068.929476] [schedu][0x317e776426][13: 48:17.506587] wlan: [2025:I:WMA] 0a:29:b0:f5:50:32 [13:48:16.509000] 2462 P_AP 0 45/0 0/0 4186 0 0 [00:00:00.000000] 0
05-24 13:48:17.509 0 0 I [11068.929500] [schedu][0x317e776647][13: 48:17.506615] wlan: [2025:I:WMA] [13:48:17.481000] [ROAM_RESULT]: VDEV[0] FAILED Reason: NO AP FOUND
05-24 13:48:18.321 0 0 I : [11069.740899] read descriptors
05-24 13:48:18.321 0 0 I : [11069.741030] read strings
05-24 13:48:19.341 0 0 I : [11070.760962] read descriptors
05-24 13:48:19.341 0 0 I : [11070.761130] read strings
05-24 13:48:20.369 0 0 I : [11071.789054] read descriptors
05-24 13:48:20.369 0 0 I : [11071.789172] read strings
05-24 13:48:21.381 0 0 I : [11072.801074] read descriptors
05-24 13:48:21.381 0 0 I : [11072.801278] read strings
05-24 13:48:22.421 0 0 I : [11073.840954] read descriptors
05-24 13:48:22.421 0 0 I : [11073.841080] read strings
05-24 13:48:22.657 0 0 W [11074.077945] audit: audit_lost=8482 audit_rate_limit=5 audit_backlog_limit=64
05-24 13:48:22.657 0 0 E [11074.077952] audit: rate limit exceeded
05-24 13:48:23.449 0 0 I : [11074.868600] read descriptors
05-24 13:48:23.450 0 0 I : [11074.868710] read strings
05-24 13:48:23.873 1528 22256 I MicroServiceManager: requestResult(setVolume) parameters is{"functionInfo":{"IDCM_VolumeValue_Media":"39"}}.
05-24 13:48:24.352 1528 22256 I MicroServiceManager: requestResult(setVolume) parameters is{"functionInfo":{"IDCM_VolumeValue_Media":"37"}}.
05-24 13:48:24.469 0 0 I : [11075.888496] read descriptors
05-24 13:48:24.469 0 0 I : [11075.888596] read strings
05-24 13:48:25.240 1528 15317 I MicroServiceManager: requestResult(setVolume) parameters is{"functionInfo":{"IDCM_VolumeValue_Media":"35"}}.
05-24 13:48:25.479 0 0 I : [11076.909084] read descriptors
05-24 13:48:25.480 0 0 I : [11076.909279] read strings
05-24 13:48:26.181 1528 22252 I MicroServiceManager: requestResult(setVolume) parameters is{"functionInfo":{"IDCM_VolumeValue_Media":"33"}}.
05-24 13:48:26.504 0 0 I : [11077.932766] read descriptors
05-24 13:48:26.504 0 0 I : [11077.932862] read strings
05-24 13:48:27.008 2571 15905 W ContextImpl: Calling a method in the system process without a qualified user: android.app.ContextImpl.sendBroadcast:1173 android.content.ContextWrapper.sendBroadcast:479 com.thundercomm.microsettings.action.SetTimeAction.timeUpdated:212 com.thundercomm.microsettings.action.SetTimeAction.update24HourFormat:194 com.thundercomm.microsettings.action.SetTimeAction.doActualAction:154
05-24 13:48:27.016 1528 1528 D DevicePolicyManager: updateSystemUpdateFreezePeriodsRecord
05-24 13:48:27.016 1528 1528 D ConditionProviders.SCP: onReceive android.intent.action.TIME_SET
05-24 13:48:27.017 1528 1528 D ConditionProviders.SCP: evaluateSubscriptionLocked cal=ScheduleCalendar[mDays={1, 2, 3, 4, 5, 6, 7}, mSchedule=ScheduleInfo{days=[1, 2, 3, 4, 5, 6, 7], startHour=22, startMinute=0, endHour=7, endMinute=0, exitAtAlarm=true, nextAlarm=Thu Jan 01 08:00:00 GMT+08:00 1970 (0)}], now=Wed May 24 13:48:27 GMT+08:00 2023 (1684907307016), nextUserAlarmTime=Thu Jan 01 08:00:00 GMT+08:00 1970 (0)
05-24 13:48:27.017 1528 1528 D ConditionProviders.SCP: notifyCondition condition://android/schedule?days=1.2.3.4.5.6.7&start=22.0&end=7.0&exitAtAlarm=true STATE_FALSE reason=!meetsSchedule
05-24 13:48:27.018 1528 1528 D ConditionProviders.SCP: Scheduling evaluate for Wed May 24 22:00:00 GMT+08:00 2023 (1684936800000), in +8h11m32s984ms, now=Wed May 24 13:48:27 GMT+08:00 2023 (1684907307016)
05-24 13:48:27.287 1528 9633 I MicroServiceManager: requestResult(setVolume) parameters is{"functionInfo":{"IDCM_VolumeValue_Media":"31"}}.
05-24 13:48:27.523 0 0 I : [11078.952847] read descriptors
05-24 13:48:27.524 0 0 I : [11078.953043] read strings
05-24 13:48:28.119 1528 9633 I MicroServiceManager: requestResult(setVolume) parameters is{"functionInfo":{"IDCM_VolumeValue_Media":"29"}}.
05-24 13:48:28.547 0 0 I : [11079.976632] read descriptors
05-24 13:48:28.547 0 0 I : [11079.976751] read strings
05-24 13:48:29.267 1528 15317 I MicroServiceManager: requestResult(setVolume) parameters is{"functionInfo":{"IDCM_VolumeValue_Media":"27"}}.
05-24 13:48:29.559 0 0 I : [11080.989156] read descriptors
05-24 13:48:29.560 0 0 I : [11080.989360] read strings
05-24 13:48:29.891 0 0 W [11081.324018] audit: audit_lost=8501 audit_rate_limit=5 audit_backlog_limit=64
05-24 13:48:29.891 0 0 E [11081.324024] audit: rate limit exceeded
05-24 13:48:30.544 1528 22256 I MicroServiceManager: requestResult(setVolume) parameters is{"functionInfo":{"IDCM_VolumeValue_Media":"39"}}.
05-24 13:48:30.595 0 0 I : [11082.025126] read descriptors
05-24 13:48:30.596 0 0 I : [11082.025215] read strings
05-24 13:48:31.282 1528 15317 I MicroServiceManager: requestResult(setVolume) parameters is{"functionInfo":{"IDCM_VolumeValue_Media":"37"}}.
05-24 13:48:31.619 0 0 I : [11083.048433] read descriptors
05-24 13:48:31.619 0 0 I : [11083.048533] read strings
05-24 13:48:32.306 1528 8941 I MicroServiceManager: requestResult(setVolume) parameters is{"functionInfo":{"IDCM_VolumeValue_Media":"35"}}.
05-24 13:48:32.547 0 0 I [11083.977887] [schedu][0x318fb01a70][13: 48:32.545606] wlan: [2025:I:WMA] [13:48:31.569000] [ROAM_TRIGGER]: VDEV[0] Reason: "HIGH RSSI"
05-24 13:48:32.548 0 0 I [11083.977921] [schedu][0x318fb01dd7][13: 48:32.545651] wlan: [2025:I:WMA] [13:48:31.569000] [ROAM_SCAN]: VDEV[0] Scan_type: PARTIAL {5180 5200 5220 5240 5260 5280 5300 5320 5745 5765 5785 5805 5825 }
05-24 13:48:32.548 0 0 I [11083.977934] [schedu][0x318fb01ee5][13: 48:32.545665] wlan: [2025:I:WMA] ============================================================================================================================
05-24 13:48:32.548 0 0 I [11083.977953] [schedu][0x318fb02056][13: 48:32.545684] wlan: [2025:I:WMA] AP BSSID TSTAMP CH TY ETP RSSI/SCR CU%/SCR TOT_SCR BL_RSN BL_SRC BL_TSTAMP BL_TIMEOUT(ms)
05-24 13:48:32.548 0 0 I [11083.978001] [schedu][0x318fb02155][13: 48:32.545698] wlan: [2025:I:WMA] ============================================================================================================================
05-24 13:48:32.548 0 0 I [11083.978025] [schedu][0x318fb025b1][13: 48:32.545756] wlan: [2025:I:WMA] 0a:29:b0:f5:50:32 [13:48:31.569000] 2462 P_AP 0 44/0 0/0 4186 0 0 [00:00:00.000000] 0
05-24 13:48:32.548 0 0 I [11083.978043] [schedu][0x318fb0272c][13: 48:32.545775] wlan: [2025:I:WMA] [13:48:32.542000] [ROAM_RESULT]: VDEV[0] FAILED Reason: NO AP FOUND
05-24 13:48:32.643 0 0 I : [11084.072833] read descriptors
05-24 13:48:32.643 0 0 I : [11084.072954] read strings
05-24 13:48:33.325 1528 9633 I MicroServiceManager: requestResult(setVolume) parameters is{"functionInfo":{"IDCM_VolumeValue_Media":"33"}}.
05-24 13:48:33.663 0 0 I : [11085.093128] read descriptors
05-24 13:48:33.664 0 0 I : [11085.093325] read strings
05-24 13:48:34.249 1528 10039 I MicroServiceManager: requestResult(setVolume) parameters is{"functionInfo":{"IDCM_VolumeValue_Media":"31"}}.
05-24 13:48:34.679 0 0 I : [11086.109165] read descriptors
05-24 13:48:34.680 0 0 I : [11086.109361] read strings
