05-24 14:01:24.635 0 0 I : [11856.132470] read strings
05-24 14:01:24.811 1528 15317 I DreamManagerService: Gently waking up from dream.
05-24 14:01:24.812 1528 1663 I DreamManagerService: Performing gentle wake from dream.
05-24 14:01:24.812 1528 1694 I PowerManagerService: Powering on display group fromDreaming (groupId=0, uid=1000, reason=WAKE_REASON_UNKNOWN, details=android.server.power:DREAM_FINISHED)...
05-24 14:01:24.812 1528 1694 I PowerManagerService: Waking up from Dreaming (uid=1000, reason=WAKE_REASON_UNKNOWN, details=android.server.power:DREAM_FINISHED)...
05-24 14:01:24.814 1528 15317 I DreamManagerService: Leaving dreamland.
05-24 14:01:24.827 1528 1663 I DreamManagerService: Performing gentle wake from dream.
05-24 14:01:24.827 1528 1663 I DreamController: Stopping dream: name=ComponentInfo{com.thundercomm.screensaver/com.thundercomm.screensaver.service.SystemDream}, isTest=false, canDoze=false, userId=0, reason='finished self'(from 'request awaken')
05-24 14:01:25.655 0 0 I : [11857.152758] read descriptors
05-24 14:01:25.655 0 0 I : [11857.152957] read strings
05-24 14:01:25.811 1528 15317 I PowerManagerService: Napping display group (groupId=0, uid=1000)...
05-24 14:01:25.811 1528 15317 I PowerManagerService: Nap time (uid 1000)...
05-24 14:01:25.812 1528 1694 I DreamManagerService: Entering dreamland.
05-24 14:01:25.814 1528 1694 I PowerManagerService: Dreaming...
05-24 14:01:25.817 1528 1663 I DreamController: Starting dream: name=ComponentInfo{com.thundercomm.screensaver/com.thundercomm.screensaver.service.SystemDream}, isTest=false, canDoze=false, userId=0
05-24 14:01:25.829 1528 15317 I ActivityTaskManager: START u0 {flg=0x10000000 pkg=com.thundercomm.screensaver cmp=com.thundercomm.screensaver/android.service.dreams.DreamActivity (has extras)} from uid 10042
05-24 14:01:25.895 0 0 W [11857.394883] audit: audit_lost=11018 audit_rate_limit=5 audit_backlog_limit=64
05-24 14:01:25.895 0 0 E [11857.394886] audit: rate limit exceeded
05-24 14:01:26.675 0 0 I : [11858.173149] read descriptors
05-24 14:01:26.675 0 0 I : [11858.173262] read strings
05-24 14:01:26.820 13872 13872 V DreamService[SystemDream]: mActionDownY = 630.0
05-24 14:01:26.820 13872 13872 V DreamService[SystemDream]: mActionUpY = 630.0
05-24 14:01:27.139 13872 13872 V DreamService[SystemDream]: mActionDownY = 403.0
05-24 14:01:27.139 13872 13872 V DreamService[SystemDream]: mActionUpY = 427.0
05-24 14:01:27.348 13872 13872 V DreamService[SystemDream]: mActionDownY = 325.0
05-24 14:01:27.348 13872 13872 V DreamService[SystemDream]: mActionUpY = 370.0
05-24 14:01:27.537 13872 13872 V DreamService[SystemDream]: mActionDownY = 528.0
05-24 14:01:27.537 13872 13872 V DreamService[SystemDream]: mActionUpY = 426.0
05-24 14:01:27.731 0 0 I : [11859.228630] read descriptors
05-24 14:01:27.731 0 0 I : [11859.228709] read strings
05-24 14:01:27.776 13872 13872 V DreamService[SystemDream]: mActionDownY = 305.0
05-24 14:01:27.776 13872 13872 V DreamService[SystemDream]: mActionUpY = 366.0
05-24 14:01:27.984 13872 13872 V DreamService[SystemDream]: mActionDownY = 1078.0
05-24 14:01:27.984 13872 13872 V DreamService[SystemDream]: mActionUpY = 401.0
05-24 14:01:28.246 13872 13872 V DreamService[SystemDream]: mActionDownY = 348.0
05-24 14:01:28.246 13872 13872 V DreamService[SystemDream]: mActionUpY = 608.0
05-24 14:01:28.445 13872 13872 V DreamService[SystemDream]: mActionDownY = 309.0
05-24 14:01:28.445 13872 13872 V DreamService[SystemDream]: mActionUpY = 615.0
05-24 14:01:28.667 13872 13872 V DreamService[SystemDream]: mActionDownY = 258.0
05-24 14:01:28.667 13872 13872 V DreamService[SystemDream]: mActionUpY = 603.0
05-24 14:01:28.747 0 0 I : [11860.244571] read descriptors
05-24 14:01:28.747 0 0 I : [11860.244732] read strings
05-24 14:01:29.002 13872 13872 V DreamService[SystemDream]: mActionDownY = 411.0
05-24 14:01:29.002 13872 13872 V DreamService[SystemDream]: mActionUpY = 553.0
05-24 14:01:29.243 13872 13872 V DreamService[SystemDream]: mActionDownY = 310.0
05-24 14:01:29.243 13872 13872 V DreamService[SystemDream]: mActionUpY = 452.0
05-24 14:01:29.464 13872 13872 V DreamService[SystemDream]: mActionDownY = 1064.0
05-24 14:01:29.464 13872 13872 V DreamService[SystemDream]: mActionUpY = 383.0
05-24 14:01:29.673 13872 13872 V DreamService[SystemDream]: mActionDownY = 289.0
05-24 14:01:29.673 13872 13872 V DreamService[SystemDream]: mActionUpY = 440.0
05-24 14:01:29.775 0 0 I : [11861.272808] read descriptors
05-24 14:01:29.775 0 0 I : [11861.273019] read strings
05-24 14:01:29.866 13872 13872 V DreamService[SystemDream]: mActionDownY = 1061.0
05-24 14:01:29.866 13872 13872 V DreamService[SystemDream]: mActionUpY = 998.0
05-24 14:01:30.795 0 0 I : [11862.292859] read descriptors
05-24 14:01:30.795 0 0 I : [11862.292997] read strings
05-24 14:01:31.488 1528 1528 D WindowManager: powerPress: eventTime=11862988 interactive=true count=0 beganFromNonInteractive=false mShortPressOnPowerBehavior=1
05-24 14:01:31.489 1528 1528 I PowerManagerService: Powering off display group due to power_button (groupId= 0, uid= 1000)...
05-24 14:01:31.489 1528 1528 I PowerManagerService: Going to sleep due to power_button (uid 1000)...
05-24 14:01:31.491 1528 1694 I DreamManagerService: Gently waking up from dream.
05-24 14:01:31.493 1528 1694 I PowerManagerService: Sleeping display group (groupId=0, uid=1000)...
05-24 14:01:31.493 1528 1694 I PowerManagerService: Sleeping (uid 1000)...
05-24 14:01:31.493 1528 1663 I DreamManagerService: Performing gentle wake from dream.
05-24 14:01:31.495 1528 5562 I DreamManagerService: Leaving dreamland.
05-24 14:01:31.497 1528 1663 I DreamManagerService: Performing gentle wake from dream.
05-24 14:01:31.497 1528 1663 I DreamController: Stopping dream: name=ComponentInfo{com.thundercomm.screensaver/com.thundercomm.screensaver.service.SystemDream}, isTest=false, canDoze=false, userId=0, reason='finished self'(from 'requested stopDream')
05-24 14:01:31.614 1528 1694 I DisplayPowerController[0]: Blocking screen off
05-24 14:01:31.614 1528 1694 I DisplayPowerController[0]: Unblocked screen off after 0 ms
05-24 14:01:31.615 1528 2225 E DisplayDeviceConfig: requesting nits when no mapping exists.
05-24 14:01:31.615 1528 2225 E DisplayDeviceConfig: requesting nits when no mapping exists.
05-24 14:01:31.616 1528 1694 D ActivityTaskManager: Top Process State changed to PROCESS_STATE_TOP_SLEEPING
05-24 14:01:31.618 1528 1675 I DropBoxManagerService: add tag=system_server_wtf isTagEnabled=true flags=0x2
05-24 14:01:31.627 1528 1694 V DisplayPowerController[0]: Brightness [0.0] reason changing to: 'screen_off', previous reason: 'manual'.
05-24 14:01:31.629 1528 1675 I DropBoxManagerService: add tag=system_server_wtf isTagEnabled=true flags=0x2
05-24 14:01:31.640 1528 1666 I DisplayDeviceRepository: Display device changed state: "内置屏幕", OFF
05-24 14:01:31.640 1528 1682 E KernelCpuSpeedReader: Failed to read cpu-freq: /sys/devices/system/cpu/cpu4/cpufreq/stats/time_in_state: open failed: ENOENT (No such file or directory)
05-24 14:01:31.640 1528 1682 E KernelCpuSpeedReader: Failed to read cpu-freq: /sys/devices/system/cpu/cpu0/cpufreq/stats/time_in_state: open failed: ENOENT (No such file or directory)
05-24 14:01:31.652 0 0 I : [11863.153340] atmel_mxt_ts 0-004a: FB event:2,blank:1
05-24 14:01:31.652 0 0 I : [11863.153347] atmel_mxt_ts 0-004a: drm_notifier_callback: POWERDOWN! Suspend by drm notifier.
05-24 14:01:31.671 0 0 I [11863.170341] [MAX975X: max96755x_drm_notifier_callback] *INFO* receives BLANK: POWERDOWN
05-24 14:01:31.671 0 0 I : [11863.170731] atmel_mxt_ts 0-004a: FB event:1,blank:1
05-24 14:01:31.671 0 0 I : [11863.170734] atmel_mxt_ts 0-004a: resume: event = 1 blank = 1, not care
05-24 14:01:31.675 0 0 W [11863.176098] ALERT: changing window size from 16000000 to 20000000 at 11863176041669
05-24 14:01:31.699 2571 2571 I MicroServiceManager: requestResult(reportScreenDisplay) parameters is{"ScreenDisplay":0}.
05-24 14:01:31.815 0 0 I : [11863.313330] read descriptors
05-24 14:01:31.815 0 0 I : [11863.313537] read strings
05-24 14:01:32.549 1528 1814 I PowerManagerService: Powering on display group fromAsleep (groupId=0, uid=1000, reason=WAKE_REASON_POWER_BUTTON, details=android.policy:POWER)...
05-24 14:01:32.549 1528 1814 I PowerManagerService: Waking up from Asleep (uid=1000, reason=WAKE_REASON_POWER_BUTTON, details=android.policy:POWER)...
05-24 14:01:32.553 1528 1694 I DisplayPowerController[0]: Blocking screen on until initial contents have been drawn.
05-24 14:01:32.554 1528 1694 D ActivityTaskManager: Top Process State changed to PROCESS_STATE_TOP
05-24 14:01:32.556 1528 1682 E KernelCpuSpeedReader: Failed to read cpu-freq: /sys/devices/system/cpu/cpu4/cpufreq/stats/time_in_state: open failed: ENOENT (No such file or directory)
05-24 14:01:32.556 1528 1682 E KernelCpuSpeedReader: Failed to read cpu-freq: /sys/devices/system/cpu/cpu0/cpufreq/stats/time_in_state: open failed: ENOENT (No such file or directory)
05-24 14:01:32.569 1528 1528 I WindowManager: Suppressed redundant power key press while already in the process of turning the screen on.
05-24 14:01:32.575 1528 1675 W BroadcastQueue: Background execution not allowed: receiving Intent { act=android.intent.action.USER_PRESENT flg=0x24200010 } to com.microsoft.emmx/org.chromium.chrome.browser.sharing.click_to_call.ClickToCallMessageHandler$PhoneUnlockedReceiver
05-24 14:01:32.575 1528 1694 V DisplayPowerController[0]: Brightness [0.6262626] reason changing to: 'manual', previous reason: 'screen_off'.
05-24 14:01:32.576 1528 1694 I DisplayPowerController[0]: Unblocked screen on after 23 ms
05-24 14:01:32.582 1528 1666 I DisplayDeviceRepository: Display device changed state: "内置屏幕", ON
05-24 14:01:32.583 0 0 I : [11864.082629] atmel_mxt_ts 0-004a: FB event:2,blank:0
05-24 14:01:32.583 0 0 I : [11864.082638] atmel_mxt_ts 0-004a: suspend: event = 2, blank = 0, not care
05-24 14:01:32.583 0 0 I [11864.082666] [drm: dsi_display_set_mode] [msm-dsi-info]: mdp_transfer_time_us=0 us
05-24 14:01:32.583 0 0 I [11864.082671] [drm: dsi_display_set_mode] [msm-dsi-info]: hactive= 2560,vactive= 1080,fps=60
05-24 14:01:32.583 0 0 I [11864.082749] [drm: dsi_ctrl_isr_configure] [msm-dsi-info]: dsi-ctrl-0: IRQ 385 registered
05-24 14:01:32.584 2571 2571 I MicroServiceManager: requestResult(reportScreenDisplay) parameters is{"ScreenDisplay":1}.
05-24 14:01:32.595 0 0 W [11864.096113] ALERT: changing window size from 20000000 to 16000000 at 11864096051252
05-24 14:01:32.636 0 0 I [11864.136960] [MAX975X: max96755x_drm_notifier_callback] *INFO* receives BLANK: UNBLANK
05-24 14:01:32.637 1528 2225 E DisplayDeviceConfig: requesting nits when no mapping exists.
05-24 14:01:32.639 1528 2225 E DisplayDeviceConfig: requesting nits when no mapping exists.
05-24 14:01:32.641 1528 1675 I DropBoxManagerService: add tag=system_server_wtf isTagEnabled=true flags=0x2
05-24 14:01:32.645 1528 1675 I DropBoxManagerService: add tag=system_server_wtf isTagEnabled=true flags=0x2
05-24 14:01:32.679 0 0 W [11864.179796] audit: audit_lost=11037 audit_rate_limit=5 audit_backlog_limit=64
05-24 14:01:32.679 0 0 E [11864.179799] audit: rate limit exceeded
05-24 14:01:32.835 0 0 I : [11864.333791] read descriptors
05-24 14:01:32.835 0 0 I : [11864.333920] read strings
05-24 14:01:32.843 0 0 I : [11864.340829] atmel_mxt_ts 0-004a: FB event:1,blank:0
05-24 14:01:32.843 0 0 I : [11864.340837] atmel_mxt_ts 0-004a: drm_notifier_callback: UNBLANK! Resume by drm notifier.
05-24 14:01:33.556 1528 1801 D ActivityManager: freezing 17040 com.android.gallery3d
05-24 14:01:33.556 1528 1801 E ActivityManager: Unable to freeze binder for 17040 com.android.gallery3d
05-24 14:01:33.559 0 0 I [11865.057826] binder: 1528:1801 ioctl 400c620e 6e510eb5d8 returned -22
05-24 14:01:33.559 0 0 I [11865.059258] binder: 1528:1801 ioctl c00c620f 6e510eb5b8 returned -22
05-24 14:01:33.558 1528 1801 D ActivityManager: froze 17040 com.android.gallery3d
05-24 14:01:33.563 0 0 I [11865.060806] binder: 1528:1801 ioctl 400c620e 6e510eb5d8 returned -22
05-24 14:01:33.563 0 0 I [11865.061283] binder: 1528:1801 ioctl c00c620f 6e510eb5b8 returned -22
05-24 14:01:33.558 1528 1801 E ActivityManager: Unable to freeze binder for 17040 com.android.gallery3d
05-24 14:01:33.559 1528 1801 D ActivityManager: freezing 17041 com.thundercomm.gamecenter
05-24 14:01:33.559 1528 1801 E ActivityManager: Unable to freeze binder for 17041 com.thundercomm.gamecenter
05-24 14:01:33.560 1528 1801 D ActivityManager: froze 17041 com.thundercomm.gamecenter
05-24 14:01:33.560 1528 1801 E ActivityManager: Unable to freeze binder for 17041 com.thundercomm.gamecenter
05-24 14:01:33.561 1528 1801 I ActivityManager: Killing 17040:com.android.gallery3d/u0a66 (adj 955): Unable to freeze binder interface
05-24 14:01:33.562 1528 1801 I ActivityManager: Killing 17041:com.thundercomm.gamecenter/u0a33 (adj 945): Unable to freeze binder interface
05-24 14:01:33.604 13872 13872 V DreamService[SystemDream]: mActionDownY = 308.0
05-24 14:01:33.604 13872 13872 V DreamService[SystemDream]: mActionUpY = 759.0
05-24 14:01:33.859 0 0 I : [11865.356474] read descriptors
05-24 14:01:33.859 0 0 I : [11865.356577] read strings
05-24 14:01:33.914 13872 13872 V DreamService[SystemDream]: mActionDownY = 425.0
05-24 14:01:33.914 13872 13872 V DreamService[SystemDream]: mActionUpY = 577.0
05-24 14:01:34.111 13872 13872 V DreamService[SystemDream]: mActionDownY = 652.0
05-24 14:01:34.111 13872 13872 V DreamService[SystemDream]: mActionUpY = 479.0
05-24 14:01:34.395 13872 13872 V DreamService[SystemDream]: mActionDownY = 561.0
05-24 14:01:34.395 13872 13872 V DreamService[SystemDream]: mActionUpY = 476.0
05-24 14:01:34.858 13872 13872 V DreamService[SystemDream]: mActionDownY = 291.0
05-24 14:01:34.858 13872 13872 V DreamService[SystemDream]: mActionUpY = 516.0
05-24 14:01:34.879 0 0 I : [11866.376501] read descriptors
05-24 14:01:34.879 0 0 I : [11866.376642] read strings
05-24 14:01:35.213 13872 13872 V DreamService[SystemDream]: mActionDownY = 556.0
05-24 14:01:35.213 13872 13872 V DreamService[SystemDream]: mActionUpY = 625.0
05-24 14:01:35.606 13872 13872 V DreamService[SystemDream]: mActionDownY = 548.0
05-24 14:01:35.606 13872 13872 V DreamService[SystemDream]: mActionUpY = 612.0
05-24 14:01:35.899 0 0 I : [11867.396615] read descriptors
05-24 14:01:35.899 0 0 I : [11867.396720] read strings
05-24 14:01:35.980 13872 13872 V DreamService[SystemDream]: mActionDownY = 546.0
05-24 14:01:35.980 13872 13872 V DreamService[SystemDream]: mActionUpY = 544.0
05-24 14:01:36.265 13872 13872 V DreamService[SystemDream]: mActionDownY = 366.0
05-24 14:01:36.265 13872 13872 V DreamService[SystemDream]: mActionUpY = 477.0
05-24 14:01:36.571 13872 13872 V DreamService[SystemDream]: mActionDownY = 126.0
05-24 14:01:36.571 13872 13872 V DreamService[SystemDream]: mActionUpY = 601.0
05-24 14:01:36.919 0 0 I : [11868.416810] read descriptors
05-24 14:01:36.919 0 0 I : [11868.416927] read strings
05-24 14:01:37.939 0 0 I : [11869.436634] read descriptors
05-24 14:01:37.939 0 0 I : [11869.436760] read strings
05-24 14:01:38.467 1528 1528 D CompatibilityChangeReporter: Compat change id reported: 175319604; UID 10079; state: ENABLED
05-24 14:01:38.469 1528 1528 D CompatibilityChangeReporter: Compat change id reported: 175319604; UID 1000; state: ENABLED
05-24 14:01:38.469 1528 1528 D CompatibilityChangeReporter: Compat change id reported: 175319604; UID 1000; state: DISABLED
05-24 14:01:38.496 1528 1528 D CompatibilityChangeReporter: Compat change id reported: 168419799; UID 10095; state: DISABLED
05-24 14:01:38.967 0 0 I : [11870.465222] read descriptors
05-24 14:01:38.967 0 0 I : [11870.465359] read strings
05-24 14:01:39.271 0 0 W [11870.770158] audit: audit_lost=11045 audit_rate_limit=5 audit_backlog_limit=64
05-24 14:01:39.271 0 0 E [11870.770161] audit: rate limit exceeded
05-24 14:01:39.997 0 0 I : [11871.488871] read descriptors
05-24 14:01:39.997 0 0 I : [11871.489076] read strings
05-24 14:01:40.518 13872 13872 V DreamService[SystemDream]: mActionDownY = 30.0
05-24 14:01:40.518 13872 13872 V DreamService[SystemDream]: mActionUpY = 988.0
05-24 14:01:41.011 0 0 I : [11872.508589] read descriptors
05-24 14:01:41.011 0 0 I : [11872.508721] read strings
05-24 14:01:41.341 13872 13872 V DreamService[SystemDream]: mActionDownY = 163.0
05-24 14:01:41.341 13872 13872 V DreamService[SystemDream]: mActionUpY = 1026.0
05-24 14:01:42.031 0 0 I : [11873.529132] read descriptors
05-24 14:01:42.031 0 0 I : [11873.529275] read strings
05-24 14:01:43.055 0 0 I : [11874.553214] read descriptors
05-24 14:01:43.055 0 0 I : [11874.553336] read strings
05-24 14:01:43.725 1528 10039 I MicroServiceManager: requestResult(setVolume) parameters is{"functionInfo":{"IDCM_VolumeValue_Media":"29"}}.
05-24 14:01:44.041 1528 1694 V DisplayPowerController[0]: Brightness [0.6262626] reason changing to: 'temporary', previous reason: 'manual'.
05-24 14:01:44.045 1528 2225 E DisplayDeviceConfig: requesting nits when no mapping exists.
05-24 14:01:44.045 1528 2225 E DisplayDeviceConfig: requesting nits when no mapping exists.
05-24 14:01:44.046 1528 1675 I DropBoxManagerService: add tag=system_server_wtf isTagEnabled=true flags=0x2
05-24 14:01:44.048 1528 1675 I DropBoxManagerService: add tag=system_server_wtf isTagEnabled=true flags=0x2
05-24 14:01:44.066 1528 2225 E DisplayDeviceConfig: requesting nits when no mapping exists.
05-24 14:01:44.066 1528 2225 E DisplayDeviceConfig: requesting nits when no mapping exists.
05-24 14:01:44.067 1528 1675 I DropBoxManagerService: add tag=system_server_wtf isTagEnabled=true flags=0x2
05-24 14:01:44.069 1528 1675 I DropBoxManagerService: add tag=system_server_wtf isTagEnabled=true flags=0x2
05-24 14:01:44.079 0 0 I : [11875.576997] read descriptors
05-24 14:01:44.079 0 0 I : [11875.577102] read strings
05-24 14:01:44.083 1528 2225 E DisplayDeviceConfig: requesting nits when no mapping exists.
05-24 14:01:44.084 1528 2225 E DisplayDeviceConfig: requesting nits when no mapping exists.
05-24 14:01:44.084 1528 1675 I DropBoxManagerService: add tag=system_server_wtf isTagEnabled=true flags=0x2
05-24 14:01:44.100 1528 2225 E DisplayDeviceConfig: requesting nits when no mapping exists.
05-24 14:01:44.100 1528 2225 E DisplayDeviceConfig: requesting nits when no mapping exists.
05-24 14:01:44.121 1528 2225 E DisplayDeviceConfig: requesting nits when no mapping exists.
05-24 14:01:44.121 1528 2225 E DisplayDeviceConfig: requesting nits when no mapping exists.
05-24 14:01:44.134 1528 2225 E DisplayDeviceConfig: requesting nits when no mapping exists.
05-24 14:01:44.134 1528 2225 E DisplayDeviceConfig: requesting nits when no mapping exists.
05-24 14:01:44.154 1528 2225 E DisplayDeviceConfig: requesting nits when no mapping exists.
05-24 14:01:44.155 1528 2225 E DisplayDeviceConfig: requesting nits when no mapping exists.
05-24 14:01:44.166 1528 2225 E DisplayDeviceConfig: requesting nits when no mapping exists.
05-24 14:01:44.166 1528 2225 E DisplayDeviceConfig: requesting nits when no mapping exists.
05-24 14:01:44.183 1528 2225 E DisplayDeviceConfig: requesting nits when no mapping exists.
05-24 14:01:44.184 1528 2225 E DisplayDeviceConfig: requesting nits when no mapping exists.
05-24 14:01:44.200 1528 2225 E DisplayDeviceConfig: requesting nits when no mapping exists.
05-24 14:01:44.200 1528 2225 E DisplayDeviceConfig: requesting nits when no mapping exists.
05-24 14:01:44.217 1528 2225 E DisplayDeviceConfig: requesting nits when no mapping exists.
05-24 14:01:44.217 1528 2225 E DisplayDeviceConfig: requesting nits when no mapping exists.
05-24 14:01:44.233 1528 2225 E DisplayDeviceConfig: requesting nits when no mapping exists.
05-24 14:01:44.233 1528 2225 E DisplayDeviceConfig: requesting nits when no mapping exists.
05-24 14:01:44.250 1528 2225 E DisplayDeviceConfig: requesting nits when no mapping exists.
05-24 14:01:44.251 1528 2225 E DisplayDeviceConfig: requesting nits when no mapping exists.
05-24 14:01:44.266 1528 2225 E DisplayDeviceConfig: requesting nits when no mapping exists.
05-24 14:01:44.267 1528 2225 E DisplayDeviceConfig: requesting nits when no mapping exists.
05-24 14:01:44.284 1528 2225 E DisplayDeviceConfig: requesting nits when no mapping exists.
05-24 14:01:44.284 1528 2225 E DisplayDeviceConfig: requesting nits when no mapping exists.
05-24 14:01:44.301 1528 2225 E DisplayDeviceConfig: requesting nits when no mapping exists.
05-24 14:01:44.301 1528 2225 E DisplayDeviceConfig: requesting nits when no mapping exists.
05-24 14:01:44.351 1528 2225 E DisplayDeviceConfig: requesting nits when no mapping exists.
05-24 14:01:44.351 1528 2225 E DisplayDeviceConfig: requesting nits when no mapping exists.
05-24 14:01:44.366 1528 2225 E DisplayDeviceConfig: requesting nits when no mapping exists.
05-24 14:01:44.367 1528 2225 E DisplayDeviceConfig: requesting nits when no mapping exists.
05-24 14:01:44.384 1528 2225 E DisplayDeviceConfig: requesting nits when no mapping exists.
05-24 14:01:44.384 1528 2225 E DisplayDeviceConfig: requesting nits when no mapping exists.
05-24 14:01:44.401 1528 2225 E DisplayDeviceConfig: requesting nits when no mapping exists.
05-24 14:01:44.401 1528 2225 E DisplayDeviceConfig: requesting nits when no mapping exists.
05-24 14:01:44.416 1528 2225 E DisplayDeviceConfig: requesting nits when no mapping exists.
05-24 14:01:44.417 1528 2225 E DisplayDeviceConfig: requesting nits when no mapping exists.
05-24 14:01:44.434 1528 2225 E DisplayDeviceConfig: requesting nits when no mapping exists.
05-24 14:01:44.434 1528 2225 E DisplayDeviceConfig: requesting nits when no mapping exists.
05-24 14:01:44.451 1528 2225 E DisplayDeviceConfig: requesting nits when no mapping exists.
05-24 14:01:44.451 1528 2225 E DisplayDeviceConfig: requesting nits when no mapping exists.
05-24 14:01:44.470 1528 2225 E DisplayDeviceConfig: requesting nits when no mapping exists.
05-24 14:01:44.470 1528 2225 E DisplayDeviceConfig: requesting nits when no mapping exists.
05-24 14:01:44.484 1528 2225 E DisplayDeviceConfig: requesting nits when no mapping exists.
05-24 14:01:44.485 1528 2225 E DisplayDeviceConfig: requesting nits when no mapping exists.
05-24 14:01:44.500 1528 2225 E DisplayDeviceConfig: requesting nits when no mapping exists.
05-24 14:01:44.501 1528 2225 E DisplayDeviceConfig: requesting nits when no mapping exists.
05-24 14:01:44.517 1528 2225 E DisplayDeviceConfig: requesting nits when no mapping exists.
05-24 14:01:44.518 1528 2225 E DisplayDeviceConfig: requesting nits when no mapping exists.
05-24 14:01:44.534 1528 2225 E DisplayDeviceConfig: requesting nits when no mapping exists.
05-24 14:01:44.534 1528 2225 E DisplayDeviceConfig: requesting nits when no mapping exists.
05-24 14:01:44.551 1528 2225 E DisplayDeviceConfig: requesting nits when no mapping exists.
05-24 14:01:44.551 1528 2225 E DisplayDeviceConfig: requesting nits when no mapping exists.
05-24 14:01:44.617 1528 2225 E DisplayDeviceConfig: requesting nits when no mapping exists.
05-24 14:01:44.618 1528 2225 E DisplayDeviceConfig: requesting nits when no mapping exists.
05-24 14:01:44.634 1528 2225 E DisplayDeviceConfig: requesting nits when no mapping exists.
05-24 14:01:44.634 1528 2225 E DisplayDeviceConfig: requesting nits when no mapping exists.
05-24 14:01:44.651 1528 2225 E DisplayDeviceConfig: requesting nits when no mapping exists.
05-24 14:01:44.651 1528 2225 E DisplayDeviceConfig: requesting nits when no mapping exists.
05-24 14:01:44.672 1528 2225 E DisplayDeviceConfig: requesting nits when no mapping exists.
05-24 14:01:44.672 1528 2225 E DisplayDeviceConfig: requesting nits when no mapping exists.
05-24 14:01:44.684 1528 2225 E DisplayDeviceConfig: requesting nits when no mapping exists.
05-24 14:01:44.684 1528 2225 E DisplayDeviceConfig: requesting nits when no mapping exists.
05-24 14:01:44.701 1528 2225 E DisplayDeviceConfig: requesting nits when no mapping exists.
05-24 14:01:44.702 1528 2225 E DisplayDeviceConfig: requesting nits when no mapping exists.
05-24 14:01:44.718 1528 2225 E DisplayDeviceConfig: requesting nits when no mapping exists.
05-24 14:01:44.718 1528 2225 E DisplayDeviceConfig: requesting nits when no mapping exists.
05-24 14:01:44.734 1528 2225 E DisplayDeviceConfig: requesting nits when no mapping exists.
05-24 14:01:44.735 1528 2225 E DisplayDeviceConfig: requesting nits when no mapping exists.
05-24 14:01:44.751 1528 2225 E DisplayDeviceConfig: requesting nits when no mapping exists.
05-24 14:01:44.751 1528 2225 E DisplayDeviceConfig: requesting nits when no mapping exists.
05-24 14:01:44.774 1528 2225 E DisplayDeviceConfig: requesting nits when no mapping exists.
05-24 14:01:44.775 1528 2225 E DisplayDeviceConfig: requesting nits when no mapping exists.
05-24 14:01:44.788 1528 2225 E DisplayDeviceConfig: requesting nits when no mapping exists.
05-24 14:01:44.789 1528 2225 E DisplayDeviceConfig: requesting nits when no mapping exists.
05-24 14:01:44.800 1528 2225 E DisplayDeviceConfig: requesting nits when no mapping exists.
05-24 14:01:44.801 1528 2225 E DisplayDeviceConfig: requesting nits when no mapping exists.
05-24 14:01:44.817 1528 2225 E DisplayDeviceConfig: requesting nits when no mapping exists.
05-24 14:01:44.818 1528 2225 E DisplayDeviceConfig: requesting nits when no mapping exists.
05-24 14:01:44.855 1528 2225 E DisplayDeviceConfig: requesting nits when no mapping exists.
05-24 14:01:44.856 1528 2225 E DisplayDeviceConfig: requesting nits when no mapping exists.
05-24 14:01:44.912 1528 1694 V DisplayPowerController[0]: Brightness [0.7676768] reason changing to: 'manual', previous reason: 'temporary'.
05-24 14:01:45.099 0 0 I : [11876.596569] read descriptors
05-24 14:01:45.099 0 0 I : [11876.596699] read strings
05-24 14:01:46.127 0 0 I : [11877.622184] read descriptors
05-24 14:01:46.127 0 0 I : [11877.622387] read strings
05-24 14:01:46.700 0 0 W [11878.201483] audit: audit_lost=11055 audit_rate_limit=5 audit_backlog_limit=64
05-24 14:01:46.700 0 0 E [11878.201485] audit: rate limit exceeded
05-24 14:01:47.041 13872 13872 V DreamService[SystemDream]: mActionDownY = 410.0
05-24 14:01:47.041 13872 13872 V DreamService[SystemDream]: mActionUpY = 734.0
05-24 14:01:47.143 0 0 I : [11878.640950] read descriptors
05-24 14:01:47.143 0 0 I : [11878.641161] read strings
05-24 14:01:47.244 13872 13872 V DreamService[SystemDream]: mActionDownY = 734.0
05-24 14:01:47.244 13872 13872 V DreamService[SystemDream]: mActionUpY = 446.0
05-24 14:01:47.410 13872 13872 V DreamService[SystemDream]: mActionDownY = 470.0
05-24 14:01:47.410 13872 13872 V DreamService[SystemDream]: mActionUpY = 516.0
05-24 14:01:47.590 13872 13872 V DreamService[SystemDream]: mActionDownY = 575.0
05-24 14:01:47.590 13872 13872 V DreamService[SystemDream]: mActionUpY = 617.0
05-24 14:01:48.171 0 0 I : [11879.668362] read descriptors
05-24 14:01:48.171 0 0 I : [11879.668445] read strings
05-24 14:01:49.187 0 0 I : [11880.685108] read descriptors
05-24 14:01:49.187 0 0 I : [11880.685310] read strings
05-24 14:01:50.207 0 0 I : [11881.705172] read descriptors
05-24 14:01:50.207 0 0 I : [11881.705366] read strings
05-24 14:01:51.239 0 0 I : [11882.737175] read descriptors
05-24 14:01:51.239 0 0 I : [11882.737280] read strings
05-24 14:01:52.263 0 0 I : [11883.762783] read descriptors
05-24 14:01:52.263 0 0 I : [11883.762987] read strings
05-24 14:01:53.283 0 0 I : [11884.780800] read descriptors
05-24 14:01:53.283 0 0 I : [11884.780999] read strings
05-24 14:01:54.303 0 0 I : [11885.802547] read descriptors
05-24 14:01:54.303 0 0 I : [11885.802760] read strings
05-24 14:01:55.327 0 0 I : [11886.824886] read descriptors
05-24 14:01:55.327 0 0 I : [11886.825090] read strings
05-24 14:01:56.339 0 0 I : [11887.838223] read descriptors
05-24 14:01:56.339 0 0 I : [11887.838431] read strings
05-24 14:01:57.359 0 0 I : [11888.856813] read descriptors
05-24 14:01:57.359 0 0 I : [11888.857021] read strings
05-24 14:01:58.391 0 0 I : [11889.888676] read descriptors
05-24 14:01:58.391 0 0 I : [11889.888774] read strings
05-24 14:01:58.791 1528 22252 I PowerManagerService: Napping display group (groupId=0, uid=1000)...
05-24 14:01:58.791 1528 22252 I PowerManagerService: Nap time (uid 1000)...
05-24 14:01:58.792 1528 1694 I DreamManagerService: Entering dreamland.
05-24 14:01:58.793 1528 1694 I PowerManagerService: Dreaming...
05-24 14:01:58.795 1528 1663 I DreamController: Starting dream: name=ComponentInfo{com.thundercomm.screensaver/com.thundercomm.screensaver.service.SystemDream}, isTest=false, canDoze=false, userId=0
05-24 14:01:58.800 1528 22252 I DreamManagerService: Gently waking up from dream.
05-24 14:01:58.801 1528 1694 I PowerManagerService: Powering on display group fromDreaming (groupId=0, uid=1000, reason=WAKE_REASON_UNKNOWN, details=android.server.power:DREAM_FINISHED)...
05-24 14:01:58.801 1528 1694 I PowerManagerService: Waking up from Dreaming (uid=1000, reason=WAKE_REASON_UNKNOWN, details=android.server.power:DREAM_FINISHED)...
05-24 14:01:58.802 1528 1663 I DreamManagerService: Performing gentle wake from dream.
05-24 14:01:58.803 1528 8941 I ActivityTaskManager: START u0 {flg=0x10000000 pkg=com.thundercomm.screensaver cmp=com.thundercomm.screensaver/android.service.dreams.DreamActivity (has extras)} from uid 10042
05-24 14:01:58.811 1528 15317 I DreamManagerService: Leaving dreamland.
05-24 14:01:58.813 1528 1663 I DreamManagerService: Performing gentle wake from dream.
05-24 14:01:58.813 1528 1663 I DreamController: Stopping dream: name=ComponentInfo{com.thundercomm.screensaver/com.thundercomm.screensaver.service.SystemDream}, isTest=false, canDoze=false, userId=0, reason='finished self'(from 'request awaken')
05-24 14:01:58.935 1528 15317 I PowerManagerService: Napping display group (groupId=0, uid=1000)...
05-24 14:01:58.935 1528 15317 I PowerManagerService: Nap time (uid 1000)...
05-24 14:01:58.938 1528 1694 I DreamManagerService: Entering dreamland.
05-24 14:01:58.940 1528 1694 I PowerManagerService: Dreaming...
05-24 14:01:58.941 1528 1663 I DreamController: Starting dream: name=ComponentInfo{com.thundercomm.screensaver/com.thundercomm.screensaver.service.SystemDream}, isTest=false, canDoze=false, userId=0
05-24 14:01:58.946 1528 15317 I ActivityTaskManager: START u0 {flg=0x10000000 pkg=com.thundercomm.screensaver cmp=com.thundercomm.screensaver/android.service.dreams.DreamActivity (has extras)} from uid 10042
05-24 14:01:59.095 1528 8941 I DreamManagerService: Gently waking up from dream.
05-24 14:01:59.096 1528 1663 I DreamManagerService: Performing gentle wake from dream.
05-24 14:01:59.096 1528 1694 I PowerManagerService: Powering on display group fromDreaming (groupId=0, uid=1000, reason=WAKE_REASON_UNKNOWN, details=android.server.power:DREAM_FINISHED)...
05-24 14:01:59.096 1528 1694 I PowerManagerService: Waking up from Dreaming (uid=1000, reason=WAKE_REASON_UNKNOWN, details=android.server.power:DREAM_FINISHED)...
05-24 14:01:59.098 1528 8941 I DreamManagerService: Leaving dreamland.
05-24 14:01:59.100 1528 1663 I DreamManagerService: Performing gentle wake from dream.
05-24 14:01:59.100 1528 1663 I DreamController: Stopping dream: name=ComponentInfo{com.thundercomm.screensaver/com.thundercomm.screensaver.service.SystemDream}, isTest=false, canDoze=false, userId=0, reason='finished self'(from 'request awaken')
05-24 14:01:59.407 0 0 I : [11890.904836] read descriptors
05-24 14:01:59.407 0 0 I : [11890.905035] read strings
05-24 14:02:00.427 0 0 I : [11891.925206] read descriptors
05-24 14:02:00.427 0 0 I : [11891.925423] read strings
05-24 14:02:00.517 1528 1528 D WindowManager: powerPress: eventTime=11892012 interactive=true count=0 beganFromNonInteractive=false mShortPressOnPowerBehavior=1
05-24 14:02:00.517 1528 1528 I PowerManagerService: Powering off display group due to power_button (groupId= 0, uid= 1000)...
05-24 14:02:00.517 1528 1528 I PowerManagerService: Going to sleep due to power_button (uid 1000)...
05-24 14:02:00.523 1528 1694 I PowerManagerService: Sleeping display group (groupId=0, uid=1000)...
05-24 14:02:00.523 1528 1694 I PowerManagerService: Sleeping (uid 1000)...
05-24 14:02:00.528 1528 10039 I PowerManagerService: Powering on display group fromAsleep (groupId=0, uid=1000, reason=WAKE_REASON_POWER_BUTTON, details=android.policy:POWER)...
05-24 14:02:00.528 1528 10039 I PowerManagerService: Waking up from Asleep (uid=1000, reason=WAKE_REASON_POWER_BUTTON, details=android.policy:POWER)...
05-24 14:02:00.547 0 0 W [11892.047136] audit: audit_lost=11062 audit_rate_limit=5 audit_backlog_limit=64
05-24 14:02:00.547 0 0 E [11892.047139] audit: rate limit exceeded
05-24 14:02:00.549 1528 1675 W BroadcastQueue: Background execution not allowed: receiving Intent { act=android.intent.action.USER_PRESENT flg=0x24200010 } to com.microsoft.emmx/org.chromium.chrome.browser.sharing.click_to_call.ClickToCallMessageHandler$PhoneUnlockedReceiver
05-24 14:02:00.550 1528 1528 D WindowManager: powerPress: eventTime=11892023 interactive=true count=0 beganFromNonInteractive=true mShortPressOnPowerBehavior=1
05-24 14:02:00.557 2571 2571 I MicroServiceManager: requestResult(reportScreenDisplay) parameters is{"ScreenDisplay":0}.
05-24 14:02:00.603 2571 2571 I MicroServiceManager: requestResult(reportScreenDisplay) parameters is{"ScreenDisplay":1}.
05-24 14:02:00.649 1528 1528 D WindowManager: powerPress: eventTime=11892147 interactive=true count=0 beganFromNonInteractive=false mShortPressOnPowerBehavior=1
05-24 14:02:00.649 1528 1528 I PowerManagerService: Powering off display group due to power_button (groupId= 0, uid= 1000)...
05-24 14:02:00.649 1528 1528 I PowerManagerService: Going to sleep due to power_button (uid 1000)...
05-24 14:02:00.650 1528 1694 I PowerManagerService: Sleeping display group (groupId=0, uid=1000)...
05-24 14:02:00.650 1528 1694 I PowerManagerService: Sleeping (uid 1000)...
05-24 14:02:00.764 1528 1694 I DisplayPowerController[0]: Blocking screen off
05-24 14:02:00.764 1528 1694 I DisplayPowerController[0]: Unblocked screen off after 0 ms
05-24 14:02:00.765 1528 2225 E DisplayDeviceConfig: requesting nits when no mapping exists.
05-24 14:02:00.765 1528 2225 E DisplayDeviceConfig: requesting nits when no mapping exists.
05-24 14:02:00.766 1528 1694 D ActivityTaskManager: Top Process State changed to PROCESS_STATE_TOP_SLEEPING
05-24 14:02:00.768 1528 1675 I DropBoxManagerService: add tag=system_server_wtf isTagEnabled=true flags=0x2
05-24 14:02:00.776 1528 1694 V DisplayPowerController[0]: Brightness [0.0] reason changing to: 'screen_off', previous reason: 'manual'.
05-24 14:02:00.777 1528 1666 I DisplayDeviceRepository: Display device changed state: "内置屏幕", OFF
05-24 14:02:00.782 1528 1675 I DropBoxManagerService: add tag=system_server_wtf isTagEnabled=true flags=0x2
05-24 14:02:00.788 1528 1682 E KernelCpuSpeedReader: Failed to read cpu-freq: /sys/devices/system/cpu/cpu4/cpufreq/stats/time_in_state: open failed: ENOENT (No such file or directory)
05-24 14:02:00.788 1528 1682 E KernelCpuSpeedReader: Failed to read cpu-freq: /sys/devices/system/cpu/cpu0/cpufreq/stats/time_in_state: open failed: ENOENT (No such file or directory)
05-24 14:02:00.807 0 0 I : [11892.304379] atmel_mxt_ts 0-004a: FB event:2,blank:1
05-24 14:02:00.807 0 0 I : [11892.304386] atmel_mxt_ts 0-004a: drm_notifier_callback: POWERDOWN! Suspend by drm notifier.
05-24 14:02:00.814 1528 2697 I PowerManagerService: Powering on display group fromAsleep (groupId=0, uid=1000, reason=WAKE_REASON_POWER_BUTTON, details=android.policy:POWER)...
05-24 14:02:00.814 1528 2697 I PowerManagerService: Waking up from Asleep (uid=1000, reason=WAKE_REASON_POWER_BUTTON, details=android.policy:POWER)...
05-24 14:02:00.817 1528 1694 I DisplayPowerController[0]: Blocking screen on until initial contents have been drawn.
05-24 14:02:00.817 1528 1694 D ActivityTaskManager: Top Process State changed to PROCESS_STATE_TOP
05-24 14:02:00.821 1528 1682 E KernelCpuSpeedReader: Failed to read cpu-freq: /sys/devices/system/cpu/cpu4/cpufreq/stats/time_in_state: open failed: ENOENT (No such file or directory)
05-24 14:02:00.821 1528 1682 E KernelCpuSpeedReader: Failed to read cpu-freq: /sys/devices/system/cpu/cpu0/cpufreq/stats/time_in_state: open failed: ENOENT (No such file or directory)
05-24 14:02:00.827 0 0 I [11892.321458] [MAX975X: max96755x_drm_notifier_callback] *INFO* receives BLANK: POWERDOWN
05-24 14:02:00.827 0 0 I : [11892.321855] atmel_mxt_ts 0-004a: FB event:1,blank:1
05-24 14:02:00.827 0 0 I : [11892.321859] atmel_mxt_ts 0-004a: resume: event = 1 blank = 1, not care
05-24 14:02:00.830 1528 1694 V DisplayPowerController[0]: Brightness [0.7676768] reason changing to: 'manual', previous reason: 'screen_off'.
05-24 14:02:00.835 0 0 I : [11892.335124] atmel_mxt_ts 0-004a: FB event:2,blank:0
05-24 14:02:00.835 0 0 I : [11892.335131] atmel_mxt_ts 0-004a: suspend: event = 2, blank = 0, not care
05-24 14:02:00.835 0 0 I [11892.335152] [drm: dsi_display_set_mode] [msm-dsi-info]: mdp_transfer_time_us=0 us
05-24 14:02:00.835 0 0 I [11892.335156] [drm: dsi_display_set_mode] [msm-dsi-info]: hactive= 2560,vactive= 1080,fps=60
05-24 14:02:00.835 0 0 I [11892.335218] [drm: dsi_ctrl_isr_configure] [msm-dsi-info]: dsi-ctrl-0: IRQ 385 registered
05-24 14:02:00.837 1528 1528 I WindowManager: Suppressed redundant power key press while already in the process of turning the screen on.
05-24 14:02:00.837 1528 1666 I DisplayDeviceRepository: Display device changed state: "内置屏幕", ON
05-24 14:02:00.841 1528 10039 I ActivityTaskManager: Activity reported stop, but no longer stopping: ActivityRecord{a6b6667 u0 com.thundercomm.screensaver/android.service.dreams.DreamActivity taskAffinity=10042:android:com.thundercomm.screensaver/dream t77} RESUMED
05-24 14:02:00.845 1528 1694 I DisplayPowerController[0]: Unblocked screen on after 28 ms
05-24 14:02:00.849 1528 1675 W BroadcastQueue: Background execution not allowed: receiving Intent { act=android.intent.action.USER_PRESENT flg=0x24200010 } to com.microsoft.emmx/org.chromium.chrome.browser.sharing.click_to_call.ClickToCallMessageHandler$PhoneUnlockedReceiver
05-24 14:02:00.858 2571 2571 I MicroServiceManager: requestResult(reportScreenDisplay) parameters is{"ScreenDisplay":0}.
05-24 14:02:00.894 2571 2571 I MicroServiceManager: requestResult(reportScreenDisplay) parameters is{"ScreenDisplay":1}.
05-24 14:02:00.898 0 0 I [11892.395135] [MAX975X: max96755x_drm_notifier_callback] *INFO* receives BLANK: UNBLANK
05-24 14:02:00.896 1528 2225 E DisplayDeviceConfig: requesting nits when no mapping exists.
05-24 14:02:00.898 1528 1675 I DropBoxManagerService: add tag=system_server_wtf isTagEnabled=true flags=0x2
05-24 14:02:00.899 1528 2225 E DisplayDeviceConfig: requesting nits when no mapping exists.
05-24 14:02:00.902 1528 1675 I DropBoxManagerService: add tag=system_server_wtf isTagEnabled=true flags=0x2
05-24 14:02:01.099 0 0 I : [11892.596574] atmel_mxt_ts 0-004a: FB event:1,blank:0
05-24 14:02:01.099 0 0 I : [11892.596587] atmel_mxt_ts 0-004a: drm_notifier_callback: UNBLANK! Resume by drm notifier.
05-24 14:02:01.443 0 0 I : [11892.941266] read descriptors
05-24 14:02:01.443 0 0 I : [11892.941467] read strings
05-24 14:02:02.458 1528 1528 D WindowManager: powerPress: eventTime=11893955 interactive=true count=0 beganFromNonInteractive=false mShortPressOnPowerBehavior=1
05-24 14:02:02.460 1528 1528 I PowerManagerService: Powering off display group due to power_button (groupId= 0, uid= 1000)...
05-24 14:02:02.460 1528 1528 I PowerManagerService: Going to sleep due to power_button (uid 1000)...
05-24 14:02:02.464 0 0 I : [11893.961261] read descriptors
05-24 14:02:02.464 0 0 I : [11893.961460] read strings
05-24 14:02:02.463 1528 1694 I PowerManagerService: Sleeping display group (groupId=0, uid=1000)...
05-24 14:02:02.463 1528 1694 I PowerManagerService: Sleeping (uid 1000)...
05-24 14:02:02.487 0 0 W [11893.985342] audit: audit_lost=11109 audit_rate_limit=5 audit_backlog_limit=64
05-24 14:02:02.487 0 0 E [11893.985345] audit: rate limit exceeded
05-24 14:02:02.552 1528 1694 I DisplayPowerController[0]: Blocking screen off
05-24 14:02:02.553 1528 1694 I DisplayPowerController[0]: Unblocked screen off after 1 ms
05-24 14:02:02.553 1528 2225 E DisplayDeviceConfig: requesting nits when no mapping exists.
05-24 14:02:02.554 1528 2225 E DisplayDeviceConfig: requesting nits when no mapping exists.
05-24 14:02:02.557 1528 1694 D ActivityTaskManager: Top Process State changed to PROCESS_STATE_TOP_SLEEPING
05-24 14:02:02.557 1528 1675 I DropBoxManagerService: add tag=system_server_wtf isTagEnabled=true flags=0x2
05-24 14:02:02.569 1528 1682 E KernelCpuSpeedReader: Failed to read cpu-freq: /sys/devices/system/cpu/cpu4/cpufreq/stats/time_in_state: open failed: ENOENT (No such file or directory)
05-24 14:02:02.569 1528 1682 E KernelCpuSpeedReader: Failed to read cpu-freq: /sys/devices/system/cpu/cpu0/cpufreq/stats/time_in_state: open failed: ENOENT (No such file or directory)
05-24 14:02:02.575 1528 1694 V DisplayPowerController[0]: Brightness [0.0] reason changing to: 'screen_off', previous reason: 'manual'.
05-24 14:02:02.576 1528 1666 I DisplayDeviceRepository: Display device changed state: "内置屏幕", OFF
05-24 14:02:02.599 0 0 I : [11894.099114] atmel_mxt_ts 0-004a: FB event:2,blank:1
05-24 14:02:02.599 0 0 I : [11894.099122] atmel_mxt_ts 0-004a: drm_notifier_callback: POWERDOWN! Suspend by drm notifier.
05-24 14:02:02.619 0 0 I [11894.116776] [MAX975X: max96755x_drm_notifier_callback] *INFO* receives BLANK: POWERDOWN
05-24 14:02:02.619 0 0 I : [11894.118261] atmel_mxt_ts 0-004a: FB event:1,blank:1
05-24 14:02:02.619 0 0 I : [11894.118266] atmel_mxt_ts 0-004a: resume: event = 1 blank = 1, not care
05-24 14:02:02.627 0 0 W [11894.128122] ALERT: changing window size from 16000000 to 20000000 at 11894128062022
05-24 14:02:02.631 2571 2571 I MicroServiceManager: requestResult(reportScreenDisplay) parameters is{"ScreenDisplay":0}.
05-24 14:02:03.175 1528 15317 I PowerManagerService: Powering on display group fromAsleep (groupId=0, uid=1000, reason=WAKE_REASON_POWER_BUTTON, details=android.policy:POWER)...
05-24 14:02:03.175 1528 15317 I PowerManagerService: Waking up from Asleep (uid=1000, reason=WAKE_REASON_POWER_BUTTON, details=android.policy:POWER)...
05-24 14:02:03.180 1528 1694 I DisplayPowerController[0]: Blocking screen on until initial contents have been drawn.
05-24 14:02:03.181 1528 1694 D ActivityTaskManager: Top Process State changed to PROCESS_STATE_TOP
05-24 14:02:03.183 1528 1682 E KernelCpuSpeedReader: Failed to read cpu-freq: /sys/devices/system/cpu/cpu4/cpufreq/stats/time_in_state: open failed: ENOENT (No such file or directory)
05-24 14:02:03.184 1528 1682 E KernelCpuSpeedReader: Failed to read cpu-freq: /sys/devices/system/cpu/cpu0/cpufreq/stats/time_in_state: open failed: ENOENT (No such file or directory)
05-24 14:02:03.195 1528 1694 V DisplayPowerController[0]: Brightness [0.7676768] reason changing to: 'manual', previous reason: 'screen_off'.
05-24 14:02:03.198 1528 1666 I DisplayDeviceRepository: Display device changed state: "内置屏幕", ON
05-24 14:02:03.203 0 0 I : [11894.701026] atmel_mxt_ts 0-004a: FB event:2,blank:0
05-24 14:02:03.203 0 0 I : [11894.701033] atmel_mxt_ts 0-004a: suspend: event = 2, blank = 0, not care
05-24 14:02:03.203 0 0 I [11894.701063] [drm: dsi_display_set_mode] [msm-dsi-info]: mdp_transfer_time_us=0 us
05-24 14:02:03.203 0 0 I [11894.701068] [drm: dsi_display_set_mode] [msm-dsi-info]: hactive= 2560,vactive= 1080,fps=60
05-24 14:02:03.203 0 0 I [11894.701148] [drm: dsi_ctrl_isr_configure] [msm-dsi-info]: dsi-ctrl-0: IRQ 385 registered
05-24 14:02:03.207 0 0 W [11894.708097] ALERT: changing window size from 20000000 to 16000000 at 11894708039209
05-24 14:02:03.207 1528 1694 I DisplayPowerController[0]: Unblocked screen on after 27 ms
05-24 14:02:03.210 1528 1528 D WindowManager: powerPress: eventTime=11894672 interactive=true count=0 beganFromNonInteractive=true mShortPressOnPowerBehavior=1
05-24 14:02:03.211 1528 1675 W BroadcastQueue: Background execution not allowed: receiving Intent { act=android.intent.action.USER_PRESENT flg=0x24200010 } to com.microsoft.emmx/org.chromium.chrome.browser.sharing.click_to_call.ClickToCallMessageHandler$PhoneUnlockedReceiver
05-24 14:02:03.220 2571 2571 I MicroServiceManager: requestResult(reportScreenDisplay) parameters is{"ScreenDisplay":1}.
05-24 14:02:03.258 0 0 I [11894.757359] [MAX975X: max96755x_drm_notifier_callback] *INFO* receives BLANK: UNBLANK
05-24 14:02:03.258 1528 2225 E DisplayDeviceConfig: requesting nits when no mapping exists.
05-24 14:02:03.258 1528 2225 E DisplayDeviceConfig: requesting nits when no mapping exists.
05-24 14:02:03.463 0 0 I : [11894.960553] atmel_mxt_ts 0-004a: FB event:1,blank:0
05-24 14:02:03.463 0 0 I : [11894.960560] atmel_mxt_ts 0-004a: drm_notifier_callback: UNBLANK! Resume by drm notifier.
05-24 14:02:03.482 0 0 I : [11894.982162] read descriptors
05-24 14:02:03.482 0 0 I : [11894.982240] read strings
05-24 14:02:03.936 0 0 W [11895.437545] audit: audit_lost=11127 audit_rate_limit=5 audit_backlog_limit=64
05-24 14:02:03.936 0 0 E [11895.437557] audit: rate limit exceeded
05-24 14:02:04.178 1528 8941 I PowerManagerService: Napping display group (groupId=0, uid=1000)...
05-24 14:02:04.178 1528 8941 I PowerManagerService: Nap time (uid 1000)...
05-24 14:02:04.180 1528 1694 I DreamManagerService: Entering dreamland.
05-24 14:02:04.181 1528 1694 I PowerManagerService: Dreaming...
05-24 14:02:04.184 1528 1663 I DreamController: Starting dream: name=ComponentInfo{com.thundercomm.screensaver/com.thundercomm.screensaver.service.SystemDream}, isTest=false, canDoze=false, userId=0
05-24 14:02:04.194 1528 8941 I ActivityTaskManager: START u0 {flg=0x10000000 pkg=com.thundercomm.screensaver cmp=com.thundercomm.screensaver/android.service.dreams.DreamActivity (has extras)} from uid 10042
05-24 14:02:04.503 0 0 I : [11896.000965] read descriptors
05-24 14:02:04.503 0 0 I : [11896.001188] read strings
05-24 14:02:04.688 1528 2698 I DreamManagerService: Gently waking up from dream.
05-24 14:02:04.690 1528 1663 I DreamManagerService: Performing gentle wake from dream.
05-24 14:02:04.690 1528 1694 I PowerManagerService: Powering on display group fromDreaming (groupId=0, uid=1000, reason=WAKE_REASON_UNKNOWN, details=android.server.power:DREAM_FINISHED)...
05-24 14:02:04.690 1528 1694 I PowerManagerService: Waking up from Dreaming (uid=1000, reason=WAKE_REASON_UNKNOWN, details=android.server.power:DREAM_FINISHED)...
05-24 14:02:04.693 1528 2698 I DreamManagerService: Leaving dreamland.
05-24 14:02:04.695 1528 1663 I DreamManagerService: Performing gentle wake from dream.
05-24 14:02:04.695 1528 1663 I DreamController: Stopping dream: name=ComponentInfo{com.thundercomm.screensaver/com.thundercomm.screensaver.service.SystemDream}, isTest=false, canDoze=false, userId=0, reason='finished self'(from 'request awaken')
05-24 14:02:04.810 1528 2698 I PowerManagerService: Napping display group (groupId=0, uid=1000)...
05-24 14:02:04.810 1528 2698 I PowerManagerService: Nap time (uid 1000)...
05-24 14:02:04.811 1528 1694 I DreamManagerService: Entering dreamland.
05-24 14:02:04.813 1528 1694 I PowerManagerService: Dreaming...
05-24 14:02:04.816 1528 1663 I DreamController: Starting dream: name=ComponentInfo{com.thundercomm.screensaver/com.thundercomm.screensaver.service.SystemDream}, isTest=false, canDoze=false, userId=0
05-24 14:02:04.824 1528 8437 I ActivityTaskManager: START u0 {flg=0x10000000 pkg=com.thundercomm.screensaver cmp=com.thundercomm.screensaver/android.service.dreams.DreamActivity (has extras)} from uid 10042
05-24 14:02:04.963 1528 15317 I DreamManagerService: Gently waking up from dream.
05-24 14:02:04.964 1528 1663 I DreamManagerService: Performing gentle wake from dream.
05-24 14:02:04.964 1528 1694 I PowerManagerService: Powering on display group fromDreaming (groupId=0, uid=1000, reason=WAKE_REASON_UNKNOWN, details=android.server.power:DREAM_FINISHED)...
05-24 14:02:04.964 1528 1694 I PowerManagerService: Waking up from Dreaming (uid=1000, reason=WAKE_REASON_UNKNOWN, details=android.server.power:DREAM_FINISHED)...
05-24 14:02:04.965 1528 8437 I DreamManagerService: Leaving dreamland.
05-24 14:02:04.966 1528 1663 I DreamManagerService: Performing gentle wake from dream.
05-24 14:02:04.966 1528 1663 I DreamController: Stopping dream: name=ComponentInfo{com.thundercomm.screensaver/com.thundercomm.screensaver.service.SystemDream}, isTest=false, canDoze=false, userId=0, reason='finished self'(from 'request awaken')
05-24 14:02:05.133 1528 8437 I PowerManagerService: Napping display group (groupId=0, uid=1000)...
05-24 14:02:05.133 1528 8437 I PowerManagerService: Nap time (uid 1000)...
05-24 14:02:05.134 1528 1694 I DreamManagerService: Entering dreamland.
05-24 14:02:05.138 1528 1694 I PowerManagerService: Dreaming...
05-24 14:02:05.138 1528 1663 I DreamController: Starting dream: name=ComponentInfo{com.thundercomm.screensaver/com.thundercomm.screensaver.service.SystemDream}, isTest=false, canDoze=false, userId=0
05-24 14:02:05.145 1528 15317 I ActivityTaskManager: START u0 {flg=0x10000000 pkg=com.thundercomm.screensaver cmp=com.thundercomm.screensaver/android.service.dreams.DreamActivity (has extras)} from uid 10042
05-24 14:02:05.305 1528 15317 I DreamManagerService: Gently waking up from dream.
05-24 14:02:05.306 1528 1694 I PowerManagerService: Powering on display group fromDreaming (groupId=0, uid=1000, reason=WAKE_REASON_UNKNOWN, details=android.server.power:DREAM_FINISHED)...
05-24 14:02:05.306 1528 1694 I PowerManagerService: Waking up from Dreaming (uid=1000, reason=WAKE_REASON_UNKNOWN, details=android.server.power:DREAM_FINISHED)...
05-24 14:02:05.306 1528 1663 I DreamManagerService: Performing gentle wake from dream.
05-24 14:02:05.307 1528 15317 I DreamManagerService: Leaving dreamland.
05-24 14:02:05.308 1528 1663 I DreamManagerService: Performing gentle wake from dream.
