05-24 13:13:05.272 1528 2185 I GameModeConfig: isGameModeOn = false
05-24 13:13:05.273 1528 2185 I GameModeConfig: isGameModeOn = false
05-24 13:13:05.273 1528 2185 I GameModeConfig: isGameModeOn = false
05-24 13:13:05.479 1528 1528 I GameModeConfig: isGameModeOn = false
05-24 13:13:06.276 1528 2185 I GameModeConfig: isGameModeOn = false
05-24 13:13:06.276 1528 2185 I GameModeConfig: isGameModeOn = false
05-24 13:13:06.277 1528 2185 I GameModeConfig: isGameModeOn = false
05-24 13:13:06.490 1528 1528 I GameModeConfig: isGameModeOn = false
05-24 13:13:07.275 1528 2185 I GameModeConfig: isGameModeOn = false
05-24 13:13:07.275 1528 2185 I GameModeConfig: isGameModeOn = false
05-24 13:13:07.275 1528 2185 I GameModeConfig: isGameModeOn = false
05-24 13:13:07.486 1528 1528 I GameModeConfig: isGameModeOn = false
05-24 13:13:08.276 1528 2185 I GameModeConfig: isGameModeOn = false
05-24 13:13:08.276 1528 2185 I GameModeConfig: isGameModeOn = false
05-24 13:13:08.276 1528 2185 I GameModeConfig: isGameModeOn = false
05-24 13:13:08.488 1528 1528 I GameModeConfig: isGameModeOn = false
05-24 13:13:09.277 1528 2185 I GameModeConfig: isGameModeOn = false
05-24 13:13:09.277 1528 2185 I GameModeConfig: isGameModeOn = false
05-24 13:13:09.278 1528 2185 I GameModeConfig: isGameModeOn = false
05-24 13:13:09.492 1528 1528 I GameModeConfig: isGameModeOn = false
05-24 13:13:10.277 1528 2185 I GameModeConfig: isGameModeOn = false
05-24 13:13:10.279 1528 2185 I GameModeConfig: isGameModeOn = false
05-24 13:13:10.279 1528 2185 I GameModeConfig: isGameModeOn = false
05-24 13:13:10.491 1528 1528 I GameModeConfig: isGameModeOn = false
05-24 13:13:11.279 1528 2185 I GameModeConfig: isGameModeOn = false
05-24 13:13:11.279 1528 2185 I GameModeConfig: isGameModeOn = false
05-24 13:13:11.280 1528 2185 I GameModeConfig: isGameModeOn = false
05-24 13:13:11.496 1528 1528 I GameModeConfig: isGameModeOn = false
05-24 13:13:11.572 1528 1657 E ProcessStats: Executing service ServiceState{a4f29a0 org.chromium.content.app.SandboxedProcessService0 pkg=com.microsoft.emmx proc=423a959} without owner
05-24 13:13:11.572 1528 1657 E ProcessStats: Binding service ServiceState{a4f29a0 org.chromium.content.app.SandboxedProcessService0 pkg=com.microsoft.emmx proc=423a959} without owner
05-24 13:13:11.573 1528 1675 I DropBoxManagerService: add tag=system_server_wtf isTagEnabled=true flags=0x2
05-24 13:13:11.573 1528 1657 E ProcessStats: Starting service ServiceState{a4f29a0 org.chromium.content.app.SandboxedProcessService0 pkg=com.microsoft.emmx proc=423a959} without owner
05-24 13:13:11.573 1528 1657 E ProcessStats: Binding service ServiceState{a4f29a0 org.chromium.content.app.SandboxedProcessService0 pkg=com.microsoft.emmx proc=423a959} without owner
05-24 13:13:11.574 1528 1657 I ActivityManager: Killing 5763:com.microsoft.emmx:sandboxed_process0:org.chromium.content.app.SandboxedProcessService0:1/u0a20i-8983 (adj 0): isolated not needed
05-24 13:13:11.577 1528 1675 I DropBoxManagerService: add tag=system_server_wtf isTagEnabled=true flags=0x2
05-24 13:13:11.578 1528 1675 I DropBoxManagerService: add tag=system_server_wtf isTagEnabled=true flags=0x2
05-24 13:13:11.578 1528 1675 I DropBoxManagerService: add tag=system_server_wtf isTagEnabled=true flags=0x2
05-24 13:13:11.613 1528 1682 E KernelCpuSpeedReader: Failed to read cpu-freq: /sys/devices/system/cpu/cpu4/cpufreq/stats/time_in_state: open failed: ENOENT (No such file or directory)
05-24 13:13:11.613 1528 1682 E KernelCpuSpeedReader: Failed to read cpu-freq: /sys/devices/system/cpu/cpu0/cpufreq/stats/time_in_state: open failed: ENOENT (No such file or directory)
05-24 13:13:11.614 1528 1682 D KernelCpuUidUserSysTimeReader: Removing uids 90003-90003
05-24 13:13:12.279 1528 2185 I GameModeConfig: isGameModeOn = false
05-24 13:13:12.280 1528 2185 I GameModeConfig: isGameModeOn = false
05-24 13:13:12.280 1528 2185 I GameModeConfig: isGameModeOn = false
05-24 13:13:12.494 1528 1528 I GameModeConfig: isGameModeOn = false
05-24 13:13:13.278 1528 2185 I GameModeConfig: isGameModeOn = false
05-24 13:13:13.278 1528 2185 I GameModeConfig: isGameModeOn = false
05-24 13:13:13.279 1528 2185 I GameModeConfig: isGameModeOn = false
05-24 13:13:13.487 1528 1528 I GameModeConfig: isGameModeOn = false
05-24 13:13:14.280 1528 2185 I GameModeConfig: isGameModeOn = false
05-24 13:13:14.280 1528 2185 I GameModeConfig: isGameModeOn = false
05-24 13:13:14.280 1528 2185 I GameModeConfig: isGameModeOn = false
05-24 13:13:14.492 1528 1528 I GameModeConfig: isGameModeOn = false
05-24 13:13:15.279 1528 2185 I GameModeConfig: isGameModeOn = false
05-24 13:13:15.279 1528 2185 I GameModeConfig: isGameModeOn = false
05-24 13:13:15.279 1528 2185 I GameModeConfig: isGameModeOn = false
05-24 13:13:15.486 1528 1528 I GameModeConfig: isGameModeOn = false
05-24 13:13:16.279 1528 2185 I GameModeConfig: isGameModeOn = false
05-24 13:13:16.280 1528 2185 I GameModeConfig: isGameModeOn = false
05-24 13:13:16.280 1528 2185 I GameModeConfig: isGameModeOn = false
05-24 13:13:16.488 1528 1528 I GameModeConfig: isGameModeOn = false
05-24 13:13:17.284 1528 2185 I GameModeConfig: isGameModeOn = false
05-24 13:13:17.285 1528 2185 I GameModeConfig: isGameModeOn = false
05-24 13:13:17.285 1528 2185 I GameModeConfig: isGameModeOn = false
05-24 13:13:17.499 1528 1528 I GameModeConfig: isGameModeOn = false
05-24 13:13:18.284 1528 2185 I GameModeConfig: isGameModeOn = false
05-24 13:13:18.285 1528 2185 I GameModeConfig: isGameModeOn = false
05-24 13:13:18.285 1528 2185 I GameModeConfig: isGameModeOn = false
05-24 13:13:18.503 1528 1528 I GameModeConfig: isGameModeOn = false
05-24 13:13:19.286 1528 2185 I GameModeConfig: isGameModeOn = false
05-24 13:13:19.286 1528 2185 I GameModeConfig: isGameModeOn = false
05-24 13:13:19.287 1528 2185 I GameModeConfig: isGameModeOn = false
05-24 13:13:19.503 1528 1528 I GameModeConfig: isGameModeOn = false
05-24 13:13:20.283 1528 2185 I GameModeConfig: isGameModeOn = false
05-24 13:13:20.284 1528 2185 I GameModeConfig: isGameModeOn = false
05-24 13:13:20.284 1528 2185 I GameModeConfig: isGameModeOn = false
05-24 13:13:20.493 1528 1528 I GameModeConfig: isGameModeOn = false
05-24 13:13:21.286 1528 2185 I GameModeConfig: isGameModeOn = false
05-24 13:13:21.286 1528 2185 I GameModeConfig: isGameModeOn = false
05-24 13:13:21.287 1528 2185 I GameModeConfig: isGameModeOn = false
05-24 13:13:21.501 1528 1528 I GameModeConfig: isGameModeOn = false
05-24 13:13:22.286 1528 2185 I GameModeConfig: isGameModeOn = false
05-24 13:13:22.286 1528 2185 I GameModeConfig: isGameModeOn = false
05-24 13:13:22.287 1528 2185 I GameModeConfig: isGameModeOn = false
05-24 13:13:22.497 1528 1528 I GameModeConfig: isGameModeOn = false
05-24 13:13:23.287 1528 2185 I GameModeConfig: isGameModeOn = false
05-24 13:13:23.288 1528 2185 I GameModeConfig: isGameModeOn = false
05-24 13:13:23.288 1528 2185 I GameModeConfig: isGameModeOn = false
05-24 13:13:23.504 1528 1528 I GameModeConfig: isGameModeOn = false
05-24 13:13:24.287 1528 2185 I GameModeConfig: isGameModeOn = false
05-24 13:13:24.288 1528 2185 I GameModeConfig: isGameModeOn = false
05-24 13:13:24.288 1528 2185 I GameModeConfig: isGameModeOn = false
05-24 13:13:24.494 1528 1528 I GameModeConfig: isGameModeOn = false
05-24 13:13:25.288 1528 2185 I GameModeConfig: isGameModeOn = false
05-24 13:13:25.289 1528 2185 I GameModeConfig: isGameModeOn = false
05-24 13:13:25.290 1528 2185 I GameModeConfig: isGameModeOn = false
05-24 13:13:25.504 1528 1528 I GameModeConfig: isGameModeOn = false
05-24 13:13:26.287 1528 2185 I GameModeConfig: isGameModeOn = false
05-24 13:13:26.287 1528 2185 I GameModeConfig: isGameModeOn = false
05-24 13:13:26.287 1528 2185 I GameModeConfig: isGameModeOn = false
05-24 13:13:26.500 1528 1528 I GameModeConfig: isGameModeOn = false
05-24 13:13:27.288 1528 2185 I GameModeConfig: isGameModeOn = false
05-24 13:13:27.288 1528 2185 I GameModeConfig: isGameModeOn = false
05-24 13:13:27.288 1528 2185 I GameModeConfig: isGameModeOn = false
05-24 13:13:27.502 1528 1528 I GameModeConfig: isGameModeOn = false
05-24 13:13:28.289 1528 2185 I GameModeConfig: isGameModeOn = false
05-24 13:13:28.289 1528 2185 I GameModeConfig: isGameModeOn = false
05-24 13:13:28.296 1528 2185 I GameModeConfig: isGameModeOn = false
05-24 13:13:28.504 1528 1528 I GameModeConfig: isGameModeOn = false
05-24 13:13:29.288 1528 2185 I GameModeConfig: isGameModeOn = false
05-24 13:13:29.289 1528 2185 I GameModeConfig: isGameModeOn = false
05-24 13:13:29.289 1528 2185 I GameModeConfig: isGameModeOn = false
05-24 13:13:29.505 1528 1528 I GameModeConfig: isGameModeOn = false
05-24 13:13:30.290 1528 2185 I GameModeConfig: isGameModeOn = false
05-24 13:13:30.290 1528 2185 I GameModeConfig: isGameModeOn = false
05-24 13:13:30.291 1528 2185 I GameModeConfig: isGameModeOn = false
05-24 13:13:30.506 1528 1528 I GameModeConfig: isGameModeOn = false
05-24 13:13:31.290 1528 2185 I GameModeConfig: isGameModeOn = false
05-24 13:13:31.290 1528 2185 I GameModeConfig: isGameModeOn = false
05-24 13:13:31.290 1528 2185 I GameModeConfig: isGameModeOn = false
05-24 13:13:31.504 1528 1528 I GameModeConfig: isGameModeOn = false
05-24 13:13:32.291 1528 2185 I GameModeConfig: isGameModeOn = false
05-24 13:13:32.292 1528 2185 I GameModeConfig: isGameModeOn = false
05-24 13:13:32.292 1528 2185 I GameModeConfig: isGameModeOn = false
05-24 13:13:32.506 1528 1528 I GameModeConfig: isGameModeOn = false
05-24 13:13:33.291 1528 2185 I GameModeConfig: isGameModeOn = false
05-24 13:13:33.291 1528 2185 I GameModeConfig: isGameModeOn = false
05-24 13:13:33.292 1528 2185 I GameModeConfig: isGameModeOn = false
05-24 13:13:33.506 1528 1528 I GameModeConfig: isGameModeOn = false
05-24 13:13:34.292 1528 2185 I GameModeConfig: isGameModeOn = false
05-24 13:13:34.292 1528 2185 I GameModeConfig: isGameModeOn = false
05-24 13:13:34.292 1528 2185 I GameModeConfig: isGameModeOn = false
05-24 13:13:34.508 1528 1528 I GameModeConfig: isGameModeOn = false
05-24 13:13:35.291 1528 2185 I GameModeConfig: isGameModeOn = false
05-24 13:13:35.292 1528 2185 I GameModeConfig: isGameModeOn = false
05-24 13:13:35.292 1528 2185 I GameModeConfig: isGameModeOn = false
05-24 13:13:35.505 1528 1528 I GameModeConfig: isGameModeOn = false
05-24 13:13:36.291 1528 2185 I GameModeConfig: isGameModeOn = false
05-24 13:13:36.292 1528 2185 I GameModeConfig: isGameModeOn = false
05-24 13:13:36.292 1528 2185 I GameModeConfig: isGameModeOn = false
05-24 13:13:36.511 1528 1528 I GameModeConfig: isGameModeOn = false
05-24 13:13:37.293 1528 2185 I GameModeConfig: isGameModeOn = false
05-24 13:13:37.294 1528 2185 I GameModeConfig: isGameModeOn = false
05-24 13:13:37.295 1528 2185 I GameModeConfig: isGameModeOn = false
05-24 13:13:37.509 1528 1528 I GameModeConfig: isGameModeOn = false
05-24 13:13:38.292 1528 2185 I GameModeConfig: isGameModeOn = false
05-24 13:13:38.293 1528 2185 I GameModeConfig: isGameModeOn = false
05-24 13:13:38.293 1528 2185 I GameModeConfig: isGameModeOn = false
05-24 13:13:38.504 1528 1528 I GameModeConfig: isGameModeOn = false
05-24 13:13:39.294 1528 2185 I GameModeConfig: isGameModeOn = false
05-24 13:13:39.295 1528 2185 I GameModeConfig: isGameModeOn = false
05-24 13:13:39.295 1528 2185 I GameModeConfig: isGameModeOn = false
05-24 13:13:39.510 1528 1528 I GameModeConfig: isGameModeOn = false
05-24 13:13:40.295 1528 2185 I GameModeConfig: isGameModeOn = false
05-24 13:13:40.295 1528 2185 I GameModeConfig: isGameModeOn = false
05-24 13:13:40.295 1528 2185 I GameModeConfig: isGameModeOn = false
05-24 13:13:40.511 1528 1528 I GameModeConfig: isGameModeOn = false
05-24 13:13:41.293 1528 2185 I GameModeConfig: isGameModeOn = false
05-24 13:13:41.293 1528 2185 I GameModeConfig: isGameModeOn = false
05-24 13:13:41.293 1528 2185 I GameModeConfig: isGameModeOn = false
05-24 13:13:41.503 1528 1528 I GameModeConfig: isGameModeOn = false
05-24 13:13:42.296 1528 2185 I GameModeConfig: isGameModeOn = false
05-24 13:13:42.297 1528 2185 I GameModeConfig: isGameModeOn = false
05-24 13:13:42.297 1528 2185 I GameModeConfig: isGameModeOn = false
05-24 13:13:42.512 1528 1528 I GameModeConfig: isGameModeOn = false
05-24 13:13:43.293 1528 2185 I GameModeConfig: isGameModeOn = false
05-24 13:13:43.294 1528 2185 I GameModeConfig: isGameModeOn = false
05-24 13:13:43.295 1528 2185 I GameModeConfig: isGameModeOn = false
05-24 13:13:43.502 1528 1528 I GameModeConfig: isGameModeOn = false
05-24 13:13:44.299 1528 2185 I GameModeConfig: isGameModeOn = false
05-24 13:13:44.299 1528 2185 I GameModeConfig: isGameModeOn = false
05-24 13:13:44.300 1528 2185 I GameModeConfig: isGameModeOn = false
05-24 13:13:44.515 1528 1528 I GameModeConfig: isGameModeOn = false
05-24 13:13:45.298 1528 2185 I GameModeConfig: isGameModeOn = false
05-24 13:13:45.299 1528 2185 I GameModeConfig: isGameModeOn = false
05-24 13:13:45.299 1528 2185 I GameModeConfig: isGameModeOn = false
05-24 13:13:45.513 1528 1528 I GameModeConfig: isGameModeOn = false
05-24 13:13:46.261 1528 1694 V DisplayPowerController[0]: Brightness [0.05] reason changing to: 'manual [ dim ]', previous reason: 'manual'.
05-24 13:13:46.262 1528 1694 W PowerManagerService: Screen on took 425799 ms
05-24 13:13:46.266 1528 2225 E DisplayDeviceConfig: requesting nits when no mapping exists.
05-24 13:13:46.267 1528 2225 E DisplayDeviceConfig: requesting nits when no mapping exists.
05-24 13:13:46.268 1528 1675 I DropBoxManagerService: add tag=system_server_wtf isTagEnabled=true flags=0x2
05-24 13:13:46.270 1528 1675 I DropBoxManagerService: add tag=system_server_wtf isTagEnabled=true flags=0x2
05-24 13:13:46.282 1528 2225 E DisplayDeviceConfig: requesting nits when no mapping exists.
05-24 13:13:46.282 1528 2225 E DisplayDeviceConfig: requesting nits when no mapping exists.
05-24 13:13:46.283 1528 1675 I DropBoxManagerService: add tag=system_server_wtf isTagEnabled=true flags=0x2
05-24 13:13:46.284 1528 1675 I DropBoxManagerService: add tag=system_server_wtf isTagEnabled=true flags=0x2
05-24 13:13:46.296 1528 2185 I GameModeConfig: isGameModeOn = false
05-24 13:13:46.296 1528 2185 I GameModeConfig: isGameModeOn = false
05-24 13:13:46.296 1528 2185 I GameModeConfig: isGameModeOn = false
05-24 13:13:46.299 1528 2225 E DisplayDeviceConfig: requesting nits when no mapping exists.
05-24 13:13:46.299 1528 2225 E DisplayDeviceConfig: requesting nits when no mapping exists.
05-24 13:13:46.302 1528 1675 I DropBoxManagerService: add tag=system_server_wtf isTagEnabled=true flags=0x2
05-24 13:13:46.315 1528 2225 E DisplayDeviceConfig: requesting nits when no mapping exists.
05-24 13:13:46.315 1528 2225 E DisplayDeviceConfig: requesting nits when no mapping exists.
05-24 13:13:46.332 1528 2225 E DisplayDeviceConfig: requesting nits when no mapping exists.
05-24 13:13:46.332 1528 2225 E DisplayDeviceConfig: requesting nits when no mapping exists.
05-24 13:13:46.349 1528 2225 E DisplayDeviceConfig: requesting nits when no mapping exists.
05-24 13:13:46.349 1528 2225 E DisplayDeviceConfig: requesting nits when no mapping exists.
05-24 13:13:46.365 1528 2225 E DisplayDeviceConfig: requesting nits when no mapping exists.
05-24 13:13:46.365 1528 2225 E DisplayDeviceConfig: requesting nits when no mapping exists.
05-24 13:13:46.382 1528 2225 E DisplayDeviceConfig: requesting nits when no mapping exists.
05-24 13:13:46.382 1528 2225 E DisplayDeviceConfig: requesting nits when no mapping exists.
05-24 13:13:46.399 1528 2225 E DisplayDeviceConfig: requesting nits when no mapping exists.
05-24 13:13:46.399 1528 2225 E DisplayDeviceConfig: requesting nits when no mapping exists.
05-24 13:13:46.417 1528 2225 E DisplayDeviceConfig: requesting nits when no mapping exists.
05-24 13:13:46.418 1528 2225 E DisplayDeviceConfig: requesting nits when no mapping exists.
05-24 13:13:46.432 1528 2225 E DisplayDeviceConfig: requesting nits when no mapping exists.
05-24 13:13:46.433 1528 2225 E DisplayDeviceConfig: requesting nits when no mapping exists.
05-24 13:13:46.449 1528 2225 E DisplayDeviceConfig: requesting nits when no mapping exists.
05-24 13:13:46.449 1528 2225 E DisplayDeviceConfig: requesting nits when no mapping exists.
05-24 13:13:46.466 1528 2225 E DisplayDeviceConfig: requesting nits when no mapping exists.
05-24 13:13:46.466 1528 2225 E DisplayDeviceConfig: requesting nits when no mapping exists.
05-24 13:13:46.482 1528 2225 E DisplayDeviceConfig: requesting nits when no mapping exists.
05-24 13:13:46.482 1528 2225 E DisplayDeviceConfig: requesting nits when no mapping exists.
05-24 13:13:46.499 1528 2225 E DisplayDeviceConfig: requesting nits when no mapping exists.
05-24 13:13:46.499 1528 2225 E DisplayDeviceConfig: requesting nits when no mapping exists.
05-24 13:13:46.507 1528 1528 I GameModeConfig: isGameModeOn = false
05-24 13:13:46.516 1528 2225 E DisplayDeviceConfig: requesting nits when no mapping exists.
05-24 13:13:46.516 1528 2225 E DisplayDeviceConfig: requesting nits when no mapping exists.
05-24 13:13:46.532 1528 2225 E DisplayDeviceConfig: requesting nits when no mapping exists.
05-24 13:13:46.533 1528 2225 E DisplayDeviceConfig: requesting nits when no mapping exists.
05-24 13:13:46.550 1528 2225 E DisplayDeviceConfig: requesting nits when no mapping exists.
05-24 13:13:46.550 1528 2225 E DisplayDeviceConfig: requesting nits when no mapping exists.
05-24 13:13:46.566 1528 2225 E DisplayDeviceConfig: requesting nits when no mapping exists.
05-24 13:13:46.566 1528 2225 E DisplayDeviceConfig: requesting nits when no mapping exists.
05-24 13:13:46.582 1528 2225 E DisplayDeviceConfig: requesting nits when no mapping exists.
05-24 13:13:46.582 1528 2225 E DisplayDeviceConfig: requesting nits when no mapping exists.
05-24 13:13:46.599 1528 2225 E DisplayDeviceConfig: requesting nits when no mapping exists.
05-24 13:13:46.600 1528 2225 E DisplayDeviceConfig: requesting nits when no mapping exists.
05-24 13:13:46.615 1528 2225 E DisplayDeviceConfig: requesting nits when no mapping exists.
05-24 13:13:46.616 1528 2225 E DisplayDeviceConfig: requesting nits when no mapping exists.
05-24 13:13:46.633 1528 2225 E DisplayDeviceConfig: requesting nits when no mapping exists.
05-24 13:13:46.634 1528 2225 E DisplayDeviceConfig: requesting nits when no mapping exists.
05-24 13:13:46.649 1528 2225 E DisplayDeviceConfig: requesting nits when no mapping exists.
05-24 13:13:46.649 1528 2225 E DisplayDeviceConfig: requesting nits when no mapping exists.
05-24 13:13:46.665 1528 2225 E DisplayDeviceConfig: requesting nits when no mapping exists.
05-24 13:13:46.665 1528 2225 E DisplayDeviceConfig: requesting nits when no mapping exists.
05-24 13:13:46.682 1528 2225 E DisplayDeviceConfig: requesting nits when no mapping exists.
05-24 13:13:46.683 1528 2225 E DisplayDeviceConfig: requesting nits when no mapping exists.
05-24 13:13:46.699 1528 2225 E DisplayDeviceConfig: requesting nits when no mapping exists.
05-24 13:13:46.699 1528 2225 E DisplayDeviceConfig: requesting nits when no mapping exists.
05-24 13:13:46.717 1528 2225 E DisplayDeviceConfig: requesting nits when no mapping exists.
05-24 13:13:46.719 1528 2225 E DisplayDeviceConfig: requesting nits when no mapping exists.
05-24 13:13:46.733 1528 2225 E DisplayDeviceConfig: requesting nits when no mapping exists.
05-24 13:13:46.734 1528 2225 E DisplayDeviceConfig: requesting nits when no mapping exists.
05-24 13:13:46.749 1528 2225 E DisplayDeviceConfig: requesting nits when no mapping exists.
05-24 13:13:46.749 1528 2225 E DisplayDeviceConfig: requesting nits when no mapping exists.
05-24 13:13:46.766 1528 2225 E DisplayDeviceConfig: requesting nits when no mapping exists.
05-24 13:13:46.767 1528 2225 E DisplayDeviceConfig: requesting nits when no mapping exists.
05-24 13:13:46.782 1528 2225 E DisplayDeviceConfig: requesting nits when no mapping exists.
05-24 13:13:46.783 1528 2225 E DisplayDeviceConfig: requesting nits when no mapping exists.
05-24 13:13:46.799 1528 2225 E DisplayDeviceConfig: requesting nits when no mapping exists.
05-24 13:13:46.799 1528 2225 E DisplayDeviceConfig: requesting nits when no mapping exists.
05-24 13:13:46.817 1528 2225 E DisplayDeviceConfig: requesting nits when no mapping exists.
05-24 13:13:46.817 1528 2225 E DisplayDeviceConfig: requesting nits when no mapping exists.
05-24 13:13:46.833 1528 2225 E DisplayDeviceConfig: requesting nits when no mapping exists.
05-24 13:13:46.834 1528 2225 E DisplayDeviceConfig: requesting nits when no mapping exists.
05-24 13:13:46.849 1528 2225 E DisplayDeviceConfig: requesting nits when no mapping exists.
05-24 13:13:46.850 1528 2225 E DisplayDeviceConfig: requesting nits when no mapping exists.
05-24 13:13:47.297 1528 2185 I GameModeConfig: isGameModeOn = false
05-24 13:13:47.306 1528 2185 I GameModeConfig: isGameModeOn = false
05-24 13:13:47.306 1528 2185 I GameModeConfig: isGameModeOn = false
05-24 13:13:47.511 1528 1528 I GameModeConfig: isGameModeOn = false
05-24 13:13:48.298 1528 2185 I GameModeConfig: isGameModeOn = false
05-24 13:13:48.299 1528 2185 I GameModeConfig: isGameModeOn = false
05-24 13:13:48.299 1528 2185 I GameModeConfig: isGameModeOn = false
05-24 13:13:48.512 1528 1528 I GameModeConfig: isGameModeOn = false
05-24 13:13:48.833 1528 1682 W BatteryExternalStatsWorker: error reading modem stats:ERROR_PHONE_NOT_AVAILABLE
05-24 13:13:48.873 1528 1682 E KernelCpuSpeedReader: Failed to read cpu-freq: /sys/devices/system/cpu/cpu4/cpufreq/stats/time_in_state: open failed: ENOENT (No such file or directory)
05-24 13:13:48.873 1528 1682 E KernelCpuSpeedReader: Failed to read cpu-freq: /sys/devices/system/cpu/cpu0/cpufreq/stats/time_in_state: open failed: ENOENT (No such file or directory)
05-24 13:13:48.924 1528 1682 D KernelCpuUidUserSysTimeReader: Removing uids 90007-90007
05-24 13:13:48.990 1528 1694 V DisplayPowerController[0]: Brightness [0.6363636] reason changing to: 'manual', previous reason: 'manual [ dim ]'.
05-24 13:13:48.999 1528 2225 E DisplayDeviceConfig: requesting nits when no mapping exists.
05-24 13:13:49.000 1528 2225 E DisplayDeviceConfig: requesting nits when no mapping exists.
05-24 13:13:49.016 1528 2225 E DisplayDeviceConfig: requesting nits when no mapping exists.
05-24 13:13:49.016 1528 2225 E DisplayDeviceConfig: requesting nits when no mapping exists.
05-24 13:13:49.032 1528 2225 E DisplayDeviceConfig: requesting nits when no mapping exists.
05-24 13:13:49.033 1528 2225 E DisplayDeviceConfig: requesting nits when no mapping exists.
05-24 13:13:49.049 1528 2225 E DisplayDeviceConfig: requesting nits when no mapping exists.
05-24 13:13:49.050 1528 2225 E DisplayDeviceConfig: requesting nits when no mapping exists.
05-24 13:13:49.066 1528 2225 E DisplayDeviceConfig: requesting nits when no mapping exists.
05-24 13:13:49.067 1528 2225 E DisplayDeviceConfig: requesting nits when no mapping exists.
05-24 13:13:49.082 1528 2225 E DisplayDeviceConfig: requesting nits when no mapping exists.
05-24 13:13:49.082 1528 2225 E DisplayDeviceConfig: requesting nits when no mapping exists.
05-24 13:13:49.099 1528 2225 E DisplayDeviceConfig: requesting nits when no mapping exists.
05-24 13:13:49.099 1528 2225 E DisplayDeviceConfig: requesting nits when no mapping exists.
05-24 13:13:49.116 1528 2225 E DisplayDeviceConfig: requesting nits when no mapping exists.
05-24 13:13:49.116 1528 2225 E DisplayDeviceConfig: requesting nits when no mapping exists.
05-24 13:13:49.132 1528 2225 E DisplayDeviceConfig: requesting nits when no mapping exists.
05-24 13:13:49.133 1528 2225 E DisplayDeviceConfig: requesting nits when no mapping exists.
05-24 13:13:49.149 1528 2225 E DisplayDeviceConfig: requesting nits when no mapping exists.
05-24 13:13:49.149 1528 2225 E DisplayDeviceConfig: requesting nits when no mapping exists.
05-24 13:13:49.165 1528 2225 E DisplayDeviceConfig: requesting nits when no mapping exists.
05-24 13:13:49.166 1528 2225 E DisplayDeviceConfig: requesting nits when no mapping exists.
05-24 13:13:49.182 1528 2225 E DisplayDeviceConfig: requesting nits when no mapping exists.
05-24 13:13:49.182 1528 2225 E DisplayDeviceConfig: requesting nits when no mapping exists.
05-24 13:13:49.199 1528 2225 E DisplayDeviceConfig: requesting nits when no mapping exists.
05-24 13:13:49.199 1528 2225 E DisplayDeviceConfig: requesting nits when no mapping exists.
05-24 13:13:49.215 1528 2225 E DisplayDeviceConfig: requesting nits when no mapping exists.
05-24 13:13:49.220 1528 2225 E DisplayDeviceConfig: requesting nits when no mapping exists.
05-24 13:13:49.232 1528 2225 E DisplayDeviceConfig: requesting nits when no mapping exists.
05-24 13:13:49.232 1528 2225 E DisplayDeviceConfig: requesting nits when no mapping exists.
05-24 13:13:49.249 1528 2225 E DisplayDeviceConfig: requesting nits when no mapping exists.
05-24 13:13:49.249 1528 2225 E DisplayDeviceConfig: requesting nits when no mapping exists.
05-24 13:13:49.265 1528 2225 E DisplayDeviceConfig: requesting nits when no mapping exists.
05-24 13:13:49.266 1528 2225 E DisplayDeviceConfig: requesting nits when no mapping exists.
05-24 13:13:49.282 1528 2225 E DisplayDeviceConfig: requesting nits when no mapping exists.
05-24 13:13:49.283 1528 2225 E DisplayDeviceConfig: requesting nits when no mapping exists.
05-24 13:13:49.295 1528 2185 I GameModeConfig: isGameModeOn = false
05-24 13:13:49.295 1528 2185 I GameModeConfig: isGameModeOn = false
05-24 13:13:49.295 1528 2185 I GameModeConfig: isGameModeOn = false
05-24 13:13:49.299 1528 2225 E DisplayDeviceConfig: requesting nits when no mapping exists.
05-24 13:13:49.299 1528 2225 E DisplayDeviceConfig: requesting nits when no mapping exists.
05-24 13:13:49.315 1528 2225 E DisplayDeviceConfig: requesting nits when no mapping exists.
05-24 13:13:49.315 1528 2225 E DisplayDeviceConfig: requesting nits when no mapping exists.
05-24 13:13:49.332 1528 2225 E DisplayDeviceConfig: requesting nits when no mapping exists.
05-24 13:13:49.332 1528 2225 E DisplayDeviceConfig: requesting nits when no mapping exists.
05-24 13:13:49.346 1528 10045 D CompatibilityChangeReporter: Compat change id reported: 180326732; UID 10020; state: ENABLED
05-24 13:13:49.349 1528 2225 E DisplayDeviceConfig: requesting nits when no mapping exists.
05-24 13:13:49.349 1528 2225 E DisplayDeviceConfig: requesting nits when no mapping exists.
05-24 13:13:49.365 1528 2225 E DisplayDeviceConfig: requesting nits when no mapping exists.
05-24 13:13:49.366 1528 2225 E DisplayDeviceConfig: requesting nits when no mapping exists.
05-24 13:13:49.382 1528 2225 E DisplayDeviceConfig: requesting nits when no mapping exists.
05-24 13:13:49.382 1528 2225 E DisplayDeviceConfig: requesting nits when no mapping exists.
05-24 13:13:49.399 1528 2225 E DisplayDeviceConfig: requesting nits when no mapping exists.
05-24 13:13:49.399 1528 2225 E DisplayDeviceConfig: requesting nits when no mapping exists.
05-24 13:13:49.415 1528 2225 E DisplayDeviceConfig: requesting nits when no mapping exists.
05-24 13:13:49.416 1528 2225 E DisplayDeviceConfig: requesting nits when no mapping exists.
05-24 13:13:49.432 1528 2225 E DisplayDeviceConfig: requesting nits when no mapping exists.
05-24 13:13:49.432 1528 2225 E DisplayDeviceConfig: requesting nits when no mapping exists.
05-24 13:13:49.449 1528 2225 E DisplayDeviceConfig: requesting nits when no mapping exists.
05-24 13:13:49.450 1528 2225 E DisplayDeviceConfig: requesting nits when no mapping exists.
05-24 13:13:49.465 1528 2225 E DisplayDeviceConfig: requesting nits when no mapping exists.
05-24 13:13:49.466 1528 2225 E DisplayDeviceConfig: requesting nits when no mapping exists.
05-24 13:13:49.482 1528 2225 E DisplayDeviceConfig: requesting nits when no mapping exists.
05-24 13:13:49.483 1528 2225 E DisplayDeviceConfig: requesting nits when no mapping exists.
05-24 13:13:49.499 1528 2225 E DisplayDeviceConfig: requesting nits when no mapping exists.
05-24 13:13:49.499 1528 2225 E DisplayDeviceConfig: requesting nits when no mapping exists.
05-24 13:13:49.499 1528 1528 I GameModeConfig: isGameModeOn = false
05-24 13:13:49.516 1528 2225 E DisplayDeviceConfig: requesting nits when no mapping exists.
05-24 13:13:49.517 1528 2225 E DisplayDeviceConfig: requesting nits when no mapping exists.
05-24 13:13:49.533 1528 2225 E DisplayDeviceConfig: requesting nits when no mapping exists.
05-24 13:13:49.533 1528 2225 E DisplayDeviceConfig: requesting nits when no mapping exists.
05-24 13:13:49.549 1528 2225 E DisplayDeviceConfig: requesting nits when no mapping exists.
05-24 13:13:49.550 1528 2225 E DisplayDeviceConfig: requesting nits when no mapping exists.
05-24 13:13:49.565 1528 2225 E DisplayDeviceConfig: requesting nits when no mapping exists.
05-24 13:13:49.566 1528 2225 E DisplayDeviceConfig: requesting nits when no mapping exists.
05-24 13:13:49.582 1528 2225 E DisplayDeviceConfig: requesting nits when no mapping exists.
05-24 13:13:49.583 1528 2225 E DisplayDeviceConfig: requesting nits when no mapping exists.
05-24 13:13:50.303 1528 2185 I GameModeConfig: isGameModeOn = false
05-24 13:13:50.303 1528 2185 I GameModeConfig: isGameModeOn = false
05-24 13:13:50.303 1528 2185 I GameModeConfig: isGameModeOn = false
05-24 13:13:50.517 1528 1528 I GameModeConfig: isGameModeOn = false
05-24 13:13:50.519 1528 1528 W NotificationHistory: Attempted to add notif for locked/gone/disabled user 0
05-24 13:13:50.525 1528 1528 I GameModeConfig: isGameModeOn = false
05-24 13:13:52.608 1528 10045 I ActivityTaskManager: START u0 {act=android.intent.action.VIEW dat=content://media/external/downloads/23 typ=application/vnd.android.package-archive flg=0x10000003 cmp=com.android.packageinstaller/.InstallStart (has extras)} from uid 10020
05-24 13:13:52.612 1528 10045 W ActivityTaskManager: Can't find TaskDisplayArea to determine support for multi window. Task id=51 attached=false
05-24 13:13:52.635 1528 5562 I ActivityTaskManager: FOREGROUND_APPLICATION_CHANGED to com.android.packageinstaller.InstallStart
05-24 13:13:52.635 1528 5562 I ActivityTaskManager: The Process com.android.packageinstaller Already Exists in BG. So sending its PID: 4140
05-24 13:13:52.635 1528 5562 W ActivityTaskManager: Tried to set launchTime (0) < mLastActivityLaunchTime (8883683)
05-24 13:13:52.636 1528 5562 D CompatibilityChangeReporter: Compat change id reported: 181136395; UID 10020; state: DISABLED
05-24 13:13:52.637 1528 5562 D CompatibilityChangeReporter: Compat change id reported: 174042936; UID 10020; state: DISABLED
05-24 13:13:52.641 1528 10045 I thunderperf: PlatormCompat.setOverrides: Uid1=10027 Pid1=4140 Uid2=10027 Pid2=4140
05-24 13:13:52.641 1528 10045 I thunderperf: PlatormCompat.setOverrides: needCheck:false
05-24 13:13:52.641 1528 10045 I thunderperf: CompatConfig.addOverrideUnsafe: bef-state=1
05-24 13:13:52.642 1528 10045 E thunderperf: CompatConfig.addOverrideUnsafe: exception:java.lang.SecurityException: Cannot override a change on a non-debuggable app and user build.
05-24 13:13:52.642 1528 10045 I thunderperf: CompatConfig.addOverrideUnsafe: aft-state=1
05-24 13:13:52.642 1528 10045 I thunderperf: CompatConfig.addOverrideUnsafe: bef-state=1
05-24 13:13:52.642 1528 10045 E thunderperf: CompatConfig.addOverrideUnsafe: exception:java.lang.SecurityException: Cannot override a change on a non-debuggable app and user build.
05-24 13:13:52.642 1528 10045 I thunderperf: CompatConfig.addOverrideUnsafe: aft-state=1
05-24 13:13:52.643 1528 10045 I thunderperf: CompatConfig.addOverrideUnsafe: bef-state=1
05-24 13:13:52.643 1528 10045 E thunderperf: CompatConfig.addOverrideUnsafe: exception:java.lang.SecurityException: Cannot override a change on a non-debuggable app and user build.
05-24 13:13:52.643 1528 10045 I thunderperf: CompatConfig.addOverrideUnsafe: aft-state=1
05-24 13:13:52.645 1528 10045 I thunderperf: CompatConfig.addOverrideUnsafe: bef-state=1
05-24 13:13:52.646 1528 10045 E thunderperf: CompatConfig.addOverrideUnsafe: exception:java.lang.SecurityException: Cannot override a change on a non-debuggable app and user build.
05-24 13:13:52.646 1528 10045 I thunderperf: CompatConfig.addOverrideUnsafe: aft-state=1
05-24 13:13:52.646 1528 10045 I thunderperf: CompatConfig.addOverrideUnsafe: bef-state=1
05-24 13:13:52.646 1528 10045 E thunderperf: CompatConfig.addOverrideUnsafe: exception:java.lang.SecurityException: Cannot override a change on a non-debuggable app and user build.
05-24 13:13:52.646 1528 10045 I thunderperf: CompatConfig.addOverrideUnsafe: aft-state=1
05-24 13:13:52.646 1528 10045 I thunderperf: CompatConfig.addOverrideUnsafe: bef-state=1
05-24 13:13:52.646 1528 10045 E thunderperf: CompatConfig.addOverrideUnsafe: exception:java.lang.SecurityException: Cannot override a change on a non-debuggable app and user build.
05-24 13:13:52.646 1528 10045 I thunderperf: CompatConfig.addOverrideUnsafe: aft-state=1
05-24 13:13:52.646 1528 10045 I thunderperf: CompatConfig.addOverrideUnsafe: bef-state=1
05-24 13:13:52.647 1528 10045 E thunderperf: CompatConfig.addOverrideUnsafe: exception:java.lang.SecurityException: Cannot override a change on a non-debuggable app and user build.
05-24 13:13:52.647 1528 10045 I thunderperf: CompatConfig.addOverrideUnsafe: aft-state=1
05-24 13:13:52.647 1528 10045 I thunderperf: CompatConfig.addOverrideUnsafe: bef-state=1
05-24 13:13:52.647 1528 10045 E thunderperf: CompatConfig.addOverrideUnsafe: exception:java.lang.SecurityException: Cannot override a change on a non-debuggable app and user build.
05-24 13:13:52.647 1528 10045 I thunderperf: CompatConfig.addOverrideUnsafe: aft-state=1
05-24 13:13:52.647 1528 10045 I thunderperf: CompatConfig.addOverrideUnsafe: bef-state=1
05-24 13:13:52.647 1528 10045 E thunderperf: CompatConfig.addOverrideUnsafe: exception:java.lang.SecurityException: Cannot override a change on a non-debuggable app and user build.
05-24 13:13:52.647 1528 10045 I thunderperf: CompatConfig.addOverrideUnsafe: aft-state=1
05-24 13:13:52.648 1528 10045 I thunderperf: CompatConfig.addOverrideUnsafe: bef-state=1
05-24 13:13:52.648 1528 10045 E thunderperf: CompatConfig.addOverrideUnsafe: exception:java.lang.SecurityException: Cannot override a change on a non-debuggable app and user build.
05-24 13:13:52.648 1528 10045 I thunderperf: CompatConfig.addOverrideUnsafe: aft-state=1
05-24 13:13:52.648 1528 10045 I thunderperf: CompatConfig.addOverrideUnsafe: bef-state=1
05-24 13:13:52.648 1528 10045 E thunderperf: CompatConfig.addOverrideUnsafe: exception:java.lang.SecurityException: Cannot override a change on a non-debuggable app and user build.
05-24 13:13:52.648 1528 10045 I thunderperf: CompatConfig.addOverrideUnsafe: aft-state=1
05-24 13:13:52.648 1528 10045 I thunderperf: CompatConfig.addOverrideUnsafe: bef-state=1
05-24 13:13:52.648 1528 10045 E thunderperf: CompatConfig.addOverrideUnsafe: exception:java.lang.SecurityException: Cannot override a change on a non-debuggable app and user build.
05-24 13:13:52.648 1528 10045 I thunderperf: CompatConfig.addOverrideUnsafe: aft-state=1
05-24 13:13:52.649 1528 10045 I thunderperf: CompatConfig.addOverrideUnsafe: bef-state=1
05-24 13:13:52.649 1528 10045 E thunderperf: CompatConfig.addOverrideUnsafe: exception:java.lang.SecurityException: Cannot override a change on a non-debuggable app and user build.
05-24 13:13:52.649 1528 10045 I thunderperf: CompatConfig.addOverrideUnsafe: aft-state=1
05-24 13:13:52.649 1528 10045 I thunderperf: CompatConfig.addOverrideUnsafe: bef-state=1
05-24 13:13:52.649 1528 10045 E thunderperf: CompatConfig.addOverrideUnsafe: exception:java.lang.SecurityException: Cannot override a change on a non-debuggable app and user build.
05-24 13:13:52.649 1528 10045 I thunderperf: CompatConfig.addOverrideUnsafe: aft-state=1
05-24 13:13:52.655 1528 10045 I ActivityTaskManager: START u0 {act=android.intent.action.VIEW dat=content://media/external/downloads/23 typ=application/vnd.android.package-archive flg=0x2000001 cmp=com.android.packageinstaller/.InstallStaging (has extras)} from uid 10027
05-24 13:13:52.661 1528 10045 I ActivityTaskManager: FOREGROUND_APPLICATION_CHANGED to com.android.packageinstaller.InstallStaging
05-24 13:13:52.661 1528 10045 I ActivityTaskManager: The Process com.android.packageinstaller Already Exists in BG. So sending its PID: 4140
05-24 13:13:52.661 1528 10045 W ActivityTaskManager: Tried to set launchTime (0) < mLastActivityLaunchTime (9003893)
05-24 13:13:52.717 1528 2326 I thunderperf: PlatormCompat.setOverrides: Uid1=10027 Pid1=4140 Uid2=10027 Pid2=4140
05-24 13:13:52.717 1528 2326 I thunderperf: PlatormCompat.setOverrides: needCheck:false
05-24 13:13:52.717 1528 2326 I thunderperf: CompatConfig.addOverrideUnsafe: bef-state=1
05-24 13:13:52.717 1528 2326 E thunderperf: CompatConfig.addOverrideUnsafe: exception:java.lang.SecurityException: Cannot override a change on a non-debuggable app and user build.
05-24 13:13:52.717 1528 2326 I thunderperf: CompatConfig.addOverrideUnsafe: aft-state=1
05-24 13:13:52.717 1528 2326 I thunderperf: CompatConfig.addOverrideUnsafe: bef-state=1
05-24 13:13:52.717 1528 2326 E thunderperf: CompatConfig.addOverrideUnsafe: exception:java.lang.SecurityException: Cannot override a change on a non-debuggable app and user build.
05-24 13:13:52.717 1528 2326 I thunderperf: CompatConfig.addOverrideUnsafe: aft-state=1
05-24 13:13:52.718 1528 2326 I thunderperf: CompatConfig.addOverrideUnsafe: bef-state=1
05-24 13:13:52.718 1528 2326 E thunderperf: CompatConfig.addOverrideUnsafe: exception:java.lang.SecurityException: Cannot override a change on a non-debuggable app and user build.
05-24 13:13:52.718 1528 2326 I thunderperf: CompatConfig.addOverrideUnsafe: aft-state=1
05-24 13:13:52.718 1528 2326 I thunderperf: CompatConfig.addOverrideUnsafe: bef-state=1
05-24 13:13:52.718 1528 2326 E thunderperf: CompatConfig.addOverrideUnsafe: exception:java.lang.SecurityException: Cannot override a change on a non-debuggable app and user build.
05-24 13:13:52.718 1528 2326 I thunderperf: CompatConfig.addOverrideUnsafe: aft-state=1
05-24 13:13:52.718 1528 2326 I thunderperf: CompatConfig.addOverrideUnsafe: bef-state=1
05-24 13:13:52.719 1528 2326 E thunderperf: CompatConfig.addOverrideUnsafe: exception:java.lang.SecurityException: Cannot override a change on a non-debuggable app and user build.
05-24 13:13:52.719 1528 2326 I thunderperf: CompatConfig.addOverrideUnsafe: aft-state=1
05-24 13:13:52.719 1528 2326 I thunderperf: CompatConfig.addOverrideUnsafe: bef-state=1
05-24 13:13:52.719 1528 2326 E thunderperf: CompatConfig.addOverrideUnsafe: exception:java.lang.SecurityException: Cannot override a change on a non-debuggable app and user build.
05-24 13:13:52.719 1528 2326 I thunderperf: CompatConfig.addOverrideUnsafe: aft-state=1
05-24 13:13:52.719 1528 2326 I thunderperf: CompatConfig.addOverrideUnsafe: bef-state=1
05-24 13:13:52.719 1528 2326 E thunderperf: CompatConfig.addOverrideUnsafe: exception:java.lang.SecurityException: Cannot override a change on a non-debuggable app and user build.
05-24 13:13:52.719 1528 2326 I thunderperf: CompatConfig.addOverrideUnsafe: aft-state=1
05-24 13:13:52.719 1528 2326 I thunderperf: CompatConfig.addOverrideUnsafe: bef-state=1
05-24 13:13:52.719 1528 2326 E thunderperf: CompatConfig.addOverrideUnsafe: exception:java.lang.SecurityException: Cannot override a change on a non-debuggable app and user build.
05-24 13:13:52.719 1528 2326 I thunderperf: CompatConfig.addOverrideUnsafe: aft-state=1
05-24 13:13:52.720 1528 2326 I thunderperf: CompatConfig.addOverrideUnsafe: bef-state=1
05-24 13:13:52.720 1528 2326 E thunderperf: CompatConfig.addOverrideUnsafe: exception:java.lang.SecurityException: Cannot override a change on a non-debuggable app and user build.
05-24 13:13:52.720 1528 2326 I thunderperf: CompatConfig.addOverrideUnsafe: aft-state=1
05-24 13:13:52.720 1528 2326 I thunderperf: CompatConfig.addOverrideUnsafe: bef-state=1
05-24 13:13:52.720 1528 2326 E thunderperf: CompatConfig.addOverrideUnsafe: exception:java.lang.SecurityException: Cannot override a change on a non-debuggable app and user build.
05-24 13:13:52.720 1528 2326 I thunderperf: CompatConfig.addOverrideUnsafe: aft-state=1
05-24 13:13:52.720 1528 2326 I thunderperf: CompatConfig.addOverrideUnsafe: bef-state=1
05-24 13:13:52.721 1528 2326 E thunderperf: CompatConfig.addOverrideUnsafe: exception:java.lang.SecurityException: Cannot override a change on a non-debuggable app and user build.
05-24 13:13:52.721 1528 2326 I thunderperf: CompatConfig.addOverrideUnsafe: aft-state=1
05-24 13:13:52.721 1528 2326 I thunderperf: CompatConfig.addOverrideUnsafe: bef-state=1
05-24 13:13:52.721 1528 2326 E thunderperf: CompatConfig.addOverrideUnsafe: exception:java.lang.SecurityException: Cannot override a change on a non-debuggable app and user build.
05-24 13:13:52.721 1528 2326 I thunderperf: CompatConfig.addOverrideUnsafe: aft-state=1
05-24 13:13:52.721 1528 2326 I thunderperf: CompatConfig.addOverrideUnsafe: bef-state=1
05-24 13:13:52.721 1528 2326 E thunderperf: CompatConfig.addOverrideUnsafe: exception:java.lang.SecurityException: Cannot override a change on a non-debuggable app and user build.
05-24 13:13:52.721 1528 2326 I thunderperf: CompatConfig.addOverrideUnsafe: aft-state=1
05-24 13:13:52.721 1528 2326 I thunderperf: CompatConfig.addOverrideUnsafe: bef-state=1
05-24 13:13:52.721 1528 2326 E thunderperf: CompatConfig.addOverrideUnsafe: exception:java.lang.SecurityException: Cannot override a change on a non-debuggable app and user build.
05-24 13:13:52.721 1528 2326 I thunderperf: CompatConfig.addOverrideUnsafe: aft-state=1
05-24 13:13:52.723 1528 2326 I ActivityTaskManager: START u0 {act=android.intent.action.VIEW dat=file:///data/user_de/0/com.android.packageinstaller/no_backup/package5406163171785437981.apk flg=0x2010001 cmp=com.android.packageinstaller/.DeleteStagedFileOnResult (has extras)} from uid 10027
05-24 13:13:52.728 1528 1658 I ActivityTaskManager: FOREGROUND_APPLICATION_CHANGED to com.android.packageinstaller.DeleteStagedFileOnResult
05-24 13:13:52.728 1528 1658 I ActivityTaskManager: The Process com.android.packageinstaller Already Exists in BG. So sending its PID: 4140
05-24 13:13:52.728 1528 1658 W ActivityTaskManager: Tried to set launchTime (0) < mLastActivityLaunchTime (9003919)
05-24 13:13:52.737 1528 1658 I thunderperf: PlatormCompat.setOverrides: Uid1=10027 Pid1=4140 Uid2=10027 Pid2=4140
05-24 13:13:52.737 1528 1658 I thunderperf: PlatormCompat.setOverrides: needCheck:false
05-24 13:13:52.737 1528 1658 I thunderperf: CompatConfig.addOverrideUnsafe: bef-state=1
05-24 13:13:52.737 1528 1658 E thunderperf: CompatConfig.addOverrideUnsafe: exception:java.lang.SecurityException: Cannot override a change on a non-debuggable app and user build.
05-24 13:13:52.737 1528 1658 I thunderperf: CompatConfig.addOverrideUnsafe: aft-state=1
05-24 13:13:52.737 1528 1658 I thunderperf: CompatConfig.addOverrideUnsafe: bef-state=1
05-24 13:13:52.737 1528 1658 E thunderperf: CompatConfig.addOverrideUnsafe: exception:java.lang.SecurityException: Cannot override a change on a non-debuggable app and user build.
05-24 13:13:52.737 1528 1658 I thunderperf: CompatConfig.addOverrideUnsafe: aft-state=1
05-24 13:13:52.737 1528 1658 I thunderperf: CompatConfig.addOverrideUnsafe: bef-state=1
05-24 13:13:52.737 1528 1658 E thunderperf: CompatConfig.addOverrideUnsafe: exception:java.lang.SecurityException: Cannot override a change on a non-debuggable app and user build.
05-24 13:13:52.738 1528 1658 I thunderperf: CompatConfig.addOverrideUnsafe: aft-state=1
05-24 13:13:52.738 1528 1658 I thunderperf: CompatConfig.addOverrideUnsafe: bef-state=1
05-24 13:13:52.738 1528 1658 E thunderperf: CompatConfig.addOverrideUnsafe: exception:java.lang.SecurityException: Cannot override a change on a non-debuggable app and user build.
05-24 13:13:52.738 1528 1658 I thunderperf: CompatConfig.addOverrideUnsafe: aft-state=1
05-24 13:13:52.738 1528 1658 I thunderperf: CompatConfig.addOverrideUnsafe: bef-state=1
05-24 13:13:52.738 1528 1658 E thunderperf: CompatConfig.addOverrideUnsafe: exception:java.lang.SecurityException: Cannot override a change on a non-debuggable app and user build.
05-24 13:13:52.738 1528 1658 I thunderperf: CompatConfig.addOverrideUnsafe: aft-state=1
05-24 13:13:52.739 1528 1658 I thunderperf: CompatConfig.addOverrideUnsafe: bef-state=1
05-24 13:13:52.739 1528 1658 E thunderperf: CompatConfig.addOverrideUnsafe: exception:java.lang.SecurityException: Cannot override a change on a non-debuggable app and user build.
05-24 13:13:52.739 1528 1658 I thunderperf: CompatConfig.addOverrideUnsafe: aft-state=1
05-24 13:13:52.739 1528 1658 I thunderperf: CompatConfig.addOverrideUnsafe: bef-state=1
05-24 13:13:52.739 1528 1658 E thunderperf: CompatConfig.addOverrideUnsafe: exception:java.lang.SecurityException: Cannot override a change on a non-debuggable app and user build.
05-24 13:13:52.739 1528 1658 I thunderperf: CompatConfig.addOverrideUnsafe: aft-state=1
05-24 13:13:52.739 1528 1658 I thunderperf: CompatConfig.addOverrideUnsafe: bef-state=1
05-24 13:13:52.739 1528 1658 E thunderperf: CompatConfig.addOverrideUnsafe: exception:java.lang.SecurityException: Cannot override a change on a non-debuggable app and user build.
05-24 13:13:52.739 1528 1658 I thunderperf: CompatConfig.addOverrideUnsafe: aft-state=1
05-24 13:13:52.739 1528 1658 I thunderperf: CompatConfig.addOverrideUnsafe: bef-state=1
05-24 13:13:52.739 1528 1658 E thunderperf: CompatConfig.addOverrideUnsafe: exception:java.lang.SecurityException: Cannot override a change on a non-debuggable app and user build.
05-24 13:13:52.739 1528 1658 I thunderperf: CompatConfig.addOverrideUnsafe: aft-state=1
05-24 13:13:52.740 1528 1658 I thunderperf: CompatConfig.addOverrideUnsafe: bef-state=1
05-24 13:13:52.740 1528 1658 E thunderperf: CompatConfig.addOverrideUnsafe: exception:java.lang.SecurityException: Cannot override a change on a non-debuggable app and user build.
05-24 13:13:52.740 1528 1658 I thunderperf: CompatConfig.addOverrideUnsafe: aft-state=1
05-24 13:13:52.740 1528 1658 I thunderperf: CompatConfig.addOverrideUnsafe: bef-state=1
05-24 13:13:52.740 1528 1658 E thunderperf: CompatConfig.addOverrideUnsafe: exception:java.lang.SecurityException: Cannot override a change on a non-debuggable app and user build.
05-24 13:13:52.740 1528 1658 I thunderperf: CompatConfig.addOverrideUnsafe: aft-state=1
05-24 13:13:52.740 1528 1658 I thunderperf: CompatConfig.addOverrideUnsafe: bef-state=1
05-24 13:13:52.740 1528 1658 E thunderperf: CompatConfig.addOverrideUnsafe: exception:java.lang.SecurityException: Cannot override a change on a non-debuggable app and user build.
05-24 13:13:52.740 1528 1658 I thunderperf: CompatConfig.addOverrideUnsafe: aft-state=1
05-24 13:13:52.740 1528 1658 I thunderperf: CompatConfig.addOverrideUnsafe: bef-state=1
05-24 13:13:52.741 1528 1658 E thunderperf: CompatConfig.addOverrideUnsafe: exception:java.lang.SecurityException: Cannot override a change on a non-debuggable app and user build.
05-24 13:13:52.741 1528 1658 I thunderperf: CompatConfig.addOverrideUnsafe: aft-state=1
05-24 13:13:52.741 1528 1658 I thunderperf: CompatConfig.addOverrideUnsafe: bef-state=1
05-24 13:13:52.741 1528 1658 E thunderperf: CompatConfig.addOverrideUnsafe: exception:java.lang.SecurityException: Cannot override a change on a non-debuggable app and user build.
05-24 13:13:52.741 1528 1658 I thunderperf: CompatConfig.addOverrideUnsafe: aft-state=1
05-24 13:13:52.742 1528 1658 I ActivityTaskManager: START u0 {act=android.intent.action.VIEW dat=file:///data/user_de/0/com.android.packageinstaller/no_backup/package5406163171785437981.apk flg=0x10000 cmp=com.android.packageinstaller/.PackageInstallerActivity (has extras)} from uid 10027
05-24 13:13:52.756 1528 1658 I ActivityTaskManager: FOREGROUND_APPLICATION_CHANGED to com.android.packageinstaller.PackageInstallerActivity
05-24 13:13:52.756 1528 1658 I ActivityTaskManager: The Process com.android.packageinstaller Already Exists in BG. So sending its PID: 4140
05-24 13:13:52.757 1528 1658 W ActivityTaskManager: Tried to set launchTime (0) < mLastActivityLaunchTime (9003987)
05-24 13:13:52.770 4140 4140 W PackageParsing: Unknown element under : meta-data at /data/user_de/0/com.android.packageinstaller/no_backup/package5406163171785437981.apk Binary XML file line #18
05-24 13:13:52.770 4140 4140 W PackageParsing: Ignoring duplicate uses-permissions/uses-permissions-sdk-m: android.permission.GET_PACKAGE_SIZE in package: com.taptap at: Binary XML file line #-1
05-24 13:13:52.771 4140 4140 W PackageParsing: Unknown element under : meta-data at /data/user_de/0/com.android.packageinstaller/no_backup/package5406163171785437981.apk Binary XML file line #172
05-24 13:13:52.771 4140 4140 W PackageParsing: Unknown element under : meta-data at /data/user_de/0/com.android.packageinstaller/no_backup/package5406163171785437981.apk Binary XML file line #175
05-24 13:13:52.773 4140 4140 W PackageParsing: No actions in intent-filter at /data/user_de/0/com.android.packageinstaller/no_backup/package5406163171785437981.apk Binary XML file line #-1
05-24 13:13:54.500 1528 2684 I thunderperf: PlatormCompat.setOverrides: Uid1=10027 Pid1=4140 Uid2=10027 Pid2=4140
05-24 13:13:54.500 1528 2684 I thunderperf: PlatormCompat.setOverrides: needCheck:false
05-24 13:13:54.500 1528 2684 I thunderperf: CompatConfig.addOverrideUnsafe: bef-state=1
05-24 13:13:54.500 1528 2684 E thunderperf: CompatConfig.addOverrideUnsafe: exception:java.lang.SecurityException: Cannot override a change on a non-debuggable app and user build.
05-24 13:13:54.500 1528 2684 I thunderperf: CompatConfig.addOverrideUnsafe: aft-state=1
05-24 13:13:54.500 1528 2684 I thunderperf: CompatConfig.addOverrideUnsafe: bef-state=1
05-24 13:13:54.501 1528 2684 E thunderperf: CompatConfig.addOverrideUnsafe: exception:java.lang.SecurityException: Cannot override a change on a non-debuggable app and user build.
05-24 13:13:54.501 1528 2684 I thunderperf: CompatConfig.addOverrideUnsafe: aft-state=1
