05-24 14:00:28.419 1528 2225 E DisplayDeviceConfig: requesting nits when no mapping exists.
05-24 14:00:28.419 1528 2225 E DisplayDeviceConfig: requesting nits when no mapping exists.
05-24 14:00:28.431 0 0 W [11799.931745] audit: audit_lost=10983 audit_rate_limit=5 audit_backlog_limit=64
05-24 14:00:28.431 0 0 E [11799.931750] audit: rate limit exceeded
05-24 14:00:28.561 1528 7568 I PowerManagerService: Napping display group (groupId=0, uid=1000)...
05-24 14:00:28.561 1528 7568 I PowerManagerService: Nap time (uid 1000)...
05-24 14:00:28.563 1528 1694 I DreamManagerService: Entering dreamland.
05-24 14:00:28.564 1528 1694 I PowerManagerService: Dreaming...
05-24 14:00:28.566 1528 1663 I DreamController: Starting dream: name=ComponentInfo{com.thundercomm.screensaver/com.thundercomm.screensaver.service.SystemDream}, isTest=false, canDoze=false, userId=0
05-24 14:00:28.573 1528 10045 I ActivityTaskManager: START u0 {flg=0x10000000 pkg=com.thundercomm.screensaver cmp=com.thundercomm.screensaver/android.service.dreams.DreamActivity (has extras)} from uid 10042
05-24 14:00:28.622 0 0 I : [11800.120648] atmel_mxt_ts 0-004a: FB event:1,blank:0
05-24 14:00:28.622 0 0 I : [11800.120657] atmel_mxt_ts 0-004a: drm_notifier_callback: UNBLANK! Resume by drm notifier.
05-24 14:00:28.764 1528 7568 I DreamManagerService: Gently waking up from dream.
05-24 14:00:28.766 1528 1663 I DreamManagerService: Performing gentle wake from dream.
05-24 14:00:28.766 1528 1694 I PowerManagerService: Powering on display group fromDreaming (groupId=0, uid=1000, reason=WAKE_REASON_UNKNOWN, details=android.server.power:DREAM_FINISHED)...
05-24 14:00:28.766 1528 1694 I PowerManagerService: Waking up from Dreaming (uid=1000, reason=WAKE_REASON_UNKNOWN, details=android.server.power:DREAM_FINISHED)...
05-24 14:00:28.768 1528 7568 I DreamManagerService: Leaving dreamland.
05-24 14:00:28.776 1528 1663 I DreamManagerService: Performing gentle wake from dream.
05-24 14:00:28.776 1528 1663 I DreamController: Stopping dream: name=ComponentInfo{com.thundercomm.screensaver/com.thundercomm.screensaver.service.SystemDream}, isTest=false, canDoze=false, userId=0, reason='finished self'(from 'request awaken')
05-24 14:00:28.935 1528 7568 I PowerManagerService: Napping display group (groupId=0, uid=1000)...
05-24 14:00:28.935 1528 7568 I PowerManagerService: Nap time (uid 1000)...
05-24 14:00:28.937 1528 1694 I DreamManagerService: Entering dreamland.
05-24 14:00:28.939 1528 1694 I PowerManagerService: Dreaming...
05-24 14:00:28.940 1528 1663 I DreamController: Starting dream: name=ComponentInfo{com.thundercomm.screensaver/com.thundercomm.screensaver.service.SystemDream}, isTest=false, canDoze=false, userId=0
05-24 14:00:28.947 1528 7568 I ActivityTaskManager: START u0 {flg=0x10000000 pkg=com.thundercomm.screensaver cmp=com.thundercomm.screensaver/android.service.dreams.DreamActivity (has extras)} from uid 10042
05-24 14:00:29.419 0 0 I : [11800.917062] read descriptors
05-24 14:00:29.419 0 0 I : [11800.917242] read strings
05-24 14:00:29.456 1528 7568 I DreamManagerService: Gently waking up from dream.
05-24 14:00:29.457 1528 1694 I PowerManagerService: Powering on display group fromDreaming (groupId=0, uid=1000, reason=WAKE_REASON_UNKNOWN, details=android.server.power:DREAM_FINISHED)...
05-24 14:00:29.457 1528 1663 I DreamManagerService: Performing gentle wake from dream.
05-24 14:00:29.457 1528 1694 I PowerManagerService: Waking up from Dreaming (uid=1000, reason=WAKE_REASON_UNKNOWN, details=android.server.power:DREAM_FINISHED)...
05-24 14:00:29.458 1528 10045 I DreamManagerService: Leaving dreamland.
05-24 14:00:29.460 1528 1663 I DreamManagerService: Performing gentle wake from dream.
05-24 14:00:29.460 1528 1663 I DreamController: Stopping dream: name=ComponentInfo{com.thundercomm.screensaver/com.thundercomm.screensaver.service.SystemDream}, isTest=false, canDoze=false, userId=0, reason='finished self'(from 'request awaken')
05-24 14:00:29.469 1528 7568 I PowerManagerService: Napping display group (groupId=0, uid=1000)...
05-24 14:00:29.469 1528 7568 I PowerManagerService: Nap time (uid 1000)...
05-24 14:00:29.470 1528 1694 I DreamManagerService: Entering dreamland.
05-24 14:00:29.471 1528 1694 I PowerManagerService: Dreaming...
05-24 14:00:29.472 1528 1663 I DreamController: Starting dream: name=ComponentInfo{com.thundercomm.screensaver/com.thundercomm.screensaver.service.SystemDream}, isTest=false, canDoze=false, userId=0
05-24 14:00:29.477 1528 7568 I ActivityTaskManager: START u0 {flg=0x10000000 pkg=com.thundercomm.screensaver cmp=com.thundercomm.screensaver/android.service.dreams.DreamActivity (has extras)} from uid 10042
05-24 14:00:29.620 1528 7568 I DreamManagerService: Gently waking up from dream.
05-24 14:00:29.621 1528 1663 I DreamManagerService: Performing gentle wake from dream.
05-24 14:00:29.621 1528 1694 I PowerManagerService: Powering on display group fromDreaming (groupId=0, uid=1000, reason=WAKE_REASON_UNKNOWN, details=android.server.power:DREAM_FINISHED)...
05-24 14:00:29.621 1528 1694 I PowerManagerService: Waking up from Dreaming (uid=1000, reason=WAKE_REASON_UNKNOWN, details=android.server.power:DREAM_FINISHED)...
05-24 14:00:29.622 1528 10045 I DreamManagerService: Leaving dreamland.
05-24 14:00:29.624 1528 1663 I DreamManagerService: Performing gentle wake from dream.
05-24 14:00:29.624 1528 1663 I DreamController: Stopping dream: name=ComponentInfo{com.thundercomm.screensaver/com.thundercomm.screensaver.service.SystemDream}, isTest=false, canDoze=false, userId=0, reason='finished self'(from 'request awaken')
05-24 14:00:29.809 1528 10045 I PowerManagerService: Napping display group (groupId=0, uid=1000)...
05-24 14:00:29.810 1528 10045 I PowerManagerService: Nap time (uid 1000)...
05-24 14:00:29.811 1528 1694 I DreamManagerService: Entering dreamland.
05-24 14:00:29.813 1528 1694 I PowerManagerService: Dreaming...
05-24 14:00:29.815 1528 1663 I DreamController: Starting dream: name=ComponentInfo{com.thundercomm.screensaver/com.thundercomm.screensaver.service.SystemDream}, isTest=false, canDoze=false, userId=0
05-24 14:00:29.822 1528 10045 I ActivityTaskManager: START u0 {flg=0x10000000 pkg=com.thundercomm.screensaver cmp=com.thundercomm.screensaver/android.service.dreams.DreamActivity (has extras)} from uid 10042
05-24 14:00:29.936 1528 10045 I DreamManagerService: Gently waking up from dream.
05-24 14:00:29.937 1528 1663 I DreamManagerService: Performing gentle wake from dream.
05-24 14:00:29.937 1528 10045 I DreamManagerService: Leaving dreamland.
05-24 14:00:29.939 1528 1663 I DreamManagerService: Performing gentle wake from dream.
05-24 14:00:29.939 1528 1663 I DreamController: Stopping dream: name=ComponentInfo{com.thundercomm.screensaver/com.thundercomm.screensaver.service.SystemDream}, isTest=false, canDoze=false, userId=0, reason='finished self'(from 'request awaken')
05-24 14:00:29.940 1528 1694 I PowerManagerService: Powering on display group fromDreaming (groupId=0, uid=1000, reason=WAKE_REASON_UNKNOWN, details=android.server.power:DREAM_FINISHED)...
05-24 14:00:29.940 1528 1694 I PowerManagerService: Waking up from Dreaming (uid=1000, reason=WAKE_REASON_UNKNOWN, details=android.server.power:DREAM_FINISHED)...
05-24 14:00:30.109 1528 7568 I PowerManagerService: Napping display group (groupId=0, uid=1000)...
05-24 14:00:30.109 1528 7568 I PowerManagerService: Nap time (uid 1000)...
05-24 14:00:30.111 1528 1694 I DreamManagerService: Entering dreamland.
05-24 14:00:30.112 1528 1694 I PowerManagerService: Dreaming...
05-24 14:00:30.113 1528 1663 I DreamController: Starting dream: name=ComponentInfo{com.thundercomm.screensaver/com.thundercomm.screensaver.service.SystemDream}, isTest=false, canDoze=false, userId=0
05-24 14:00:30.121 1528 7568 I ActivityTaskManager: START u0 {flg=0x10000000 pkg=com.thundercomm.screensaver cmp=com.thundercomm.screensaver/android.service.dreams.DreamActivity (has extras)} from uid 10042
05-24 14:00:30.266 1528 7568 I DreamManagerService: Gently waking up from dream.
05-24 14:00:30.266 1528 1663 I DreamManagerService: Performing gentle wake from dream.
05-24 14:00:30.266 1528 1694 I PowerManagerService: Powering on display group fromDreaming (groupId=0, uid=1000, reason=WAKE_REASON_UNKNOWN, details=android.server.power:DREAM_FINISHED)...
05-24 14:00:30.267 1528 1694 I PowerManagerService: Waking up from Dreaming (uid=1000, reason=WAKE_REASON_UNKNOWN, details=android.server.power:DREAM_FINISHED)...
05-24 14:00:30.268 1528 7568 I DreamManagerService: Leaving dreamland.
05-24 14:00:30.272 1528 1663 I DreamManagerService: Performing gentle wake from dream.
05-24 14:00:30.272 1528 1663 I DreamController: Stopping dream: name=ComponentInfo{com.thundercomm.screensaver/com.thundercomm.screensaver.service.SystemDream}, isTest=false, canDoze=false, userId=0, reason='finished self'(from 'request awaken')
05-24 14:00:30.413 1528 7568 I PowerManagerService: Napping display group (groupId=0, uid=1000)...
05-24 14:00:30.414 1528 7568 I PowerManagerService: Nap time (uid 1000)...
05-24 14:00:30.415 1528 1694 I DreamManagerService: Entering dreamland.
05-24 14:00:30.416 1528 1694 I PowerManagerService: Dreaming...
05-24 14:00:30.421 1528 1663 I DreamController: Starting dream: name=ComponentInfo{com.thundercomm.screensaver/com.thundercomm.screensaver.service.SystemDream}, isTest=false, canDoze=false, userId=0
05-24 14:00:30.426 1528 7568 I ActivityTaskManager: START u0 {flg=0x10000000 pkg=com.thundercomm.screensaver cmp=com.thundercomm.screensaver/android.service.dreams.DreamActivity (has extras)} from uid 10042
05-24 14:00:30.435 0 0 I : [11801.936475] read descriptors
05-24 14:00:30.435 0 0 I : [11801.936554] read strings
05-24 14:00:30.840 13872 13872 V DreamService[SystemDream]: mActionDownY = 839.0
05-24 14:00:30.840 13872 13872 V DreamService[SystemDream]: mActionUpY = 406.0
05-24 14:00:31.194 13872 13872 V DreamService[SystemDream]: mActionDownY = 897.0
05-24 14:00:31.194 13872 13872 V DreamService[SystemDream]: mActionUpY = 253.0
05-24 14:00:31.467 0 0 I : [11802.964565] read descriptors
05-24 14:00:31.467 0 0 I : [11802.964672] read strings
05-24 14:00:31.573 13872 13872 V DreamService[SystemDream]: mActionDownY = 194.0
05-24 14:00:31.573 13872 13872 V DreamService[SystemDream]: mActionUpY = 814.0
05-24 14:00:31.844 13872 13872 V DreamService[SystemDream]: mActionDownY = 278.0
05-24 14:00:31.844 13872 13872 V DreamService[SystemDream]: mActionUpY = 667.0
05-24 14:00:32.385 13872 13872 V DreamService[SystemDream]: mActionDownY = 757.0
05-24 14:00:32.385 13872 13872 V DreamService[SystemDream]: mActionUpY = 588.0
05-24 14:00:32.491 0 0 I : [11803.989698] read descriptors
05-24 14:00:32.491 0 0 I : [11803.989812] read strings
05-24 14:00:32.771 13872 13872 V DreamService[SystemDream]: mActionDownY = 497.0
05-24 14:00:32.771 13872 13872 V DreamService[SystemDream]: mActionUpY = 564.0
05-24 14:00:33.511 0 0 I : [11805.010249] read descriptors
05-24 14:00:33.511 0 0 I : [11805.010469] read strings
05-24 14:00:34.535 0 0 I : [11806.034657] read descriptors
05-24 14:00:34.535 0 0 I : [11806.034857] read strings
05-24 14:00:35.555 0 0 I : [11807.053873] read descriptors
05-24 14:00:35.555 0 0 I : [11807.054082] read strings
05-24 14:00:36.579 0 0 I : [11808.078439] read descriptors
05-24 14:00:36.579 0 0 I : [11808.078655] read strings
05-24 14:00:37.603 0 0 I : [11809.102441] read descriptors
05-24 14:00:37.603 0 0 I : [11809.102654] read strings
05-24 14:00:38.623 0 0 I : [11810.122357] read descriptors
05-24 14:00:38.623 0 0 I : [11810.122566] read strings
05-24 14:00:39.643 0 0 I : [11811.142657] read descriptors
05-24 14:00:39.643 0 0 I : [11811.142871] read strings
05-24 14:00:40.667 0 0 I : [11812.165813] read descriptors
05-24 14:00:40.667 0 0 I : [11812.166018] read strings
05-24 14:00:41.687 0 0 I : [11813.185795] read descriptors
05-24 14:00:41.687 0 0 I : [11813.186003] read strings
05-24 14:00:42.707 0 0 I : [11814.206179] read descriptors
05-24 14:00:42.707 0 0 I : [11814.206381] read strings
05-24 14:00:43.731 0 0 I : [11815.230197] read descriptors
05-24 14:00:43.731 0 0 I : [11815.230448] read strings
05-24 14:00:44.743 0 0 I : [11816.241442] read descriptors
05-24 14:00:44.743 0 0 I : [11816.241696] read strings
05-24 14:00:45.767 0 0 I : [11817.265873] read descriptors
05-24 14:00:45.767 0 0 I : [11817.266072] read strings
05-24 14:00:46.787 0 0 I : [11818.285562] read descriptors
05-24 14:00:46.787 0 0 I : [11818.285765] read strings
05-24 14:00:47.807 0 0 I : [11819.306683] read descriptors
05-24 14:00:47.807 0 0 I : [11819.306893] read strings
05-24 14:00:48.843 0 0 I : [11820.341441] read descriptors
05-24 14:00:48.843 0 0 I : [11820.341531] read strings
05-24 14:00:49.855 0 0 I : [11821.353491] read descriptors
05-24 14:00:49.855 0 0 I : [11821.353605] read strings
05-24 14:00:50.895 0 0 I : [11822.393490] read descriptors
05-24 14:00:50.895 0 0 I : [11822.393591] read strings
05-24 14:00:51.018 1528 8862 I DreamManagerService: Gently waking up from dream.
05-24 14:00:51.020 1528 1694 I PowerManagerService: Powering on display group fromDreaming (groupId=0, uid=1000, reason=WAKE_REASON_UNKNOWN, details=android.server.power:DREAM_FINISHED)...
05-24 14:00:51.020 1528 1663 I DreamManagerService: Performing gentle wake from dream.
05-24 14:00:51.020 1528 1694 I PowerManagerService: Waking up from Dreaming (uid=1000, reason=WAKE_REASON_UNKNOWN, details=android.server.power:DREAM_FINISHED)...
05-24 14:00:51.022 1528 8862 I DreamManagerService: Leaving dreamland.
05-24 14:00:51.025 1528 1663 I DreamManagerService: Performing gentle wake from dream.
05-24 14:00:51.025 1528 1663 I DreamController: Stopping dream: name=ComponentInfo{com.thundercomm.screensaver/com.thundercomm.screensaver.service.SystemDream}, isTest=false, canDoze=false, userId=0, reason='finished self'(from 'request awaken')
05-24 14:00:51.031 1528 8862 I PowerManagerService: Napping display group (groupId=0, uid=1000)...
05-24 14:00:51.031 1528 8862 I PowerManagerService: Nap time (uid 1000)...
05-24 14:00:51.035 1528 1694 I DreamManagerService: Entering dreamland.
05-24 14:00:51.036 1528 1694 I PowerManagerService: Dreaming...
05-24 14:00:51.039 1528 1663 I DreamController: Starting dream: name=ComponentInfo{com.thundercomm.screensaver/com.thundercomm.screensaver.service.SystemDream}, isTest=false, canDoze=false, userId=0
05-24 14:00:51.043 1528 15317 I ActivityTaskManager: START u0 {flg=0x10000000 pkg=com.thundercomm.screensaver cmp=com.thundercomm.screensaver/android.service.dreams.DreamActivity (has extras)} from uid 10042
05-24 14:00:51.213 1528 15317 I DreamManagerService: Gently waking up from dream.
05-24 14:00:51.214 1528 1694 I PowerManagerService: Powering on display group fromDreaming (groupId=0, uid=1000, reason=WAKE_REASON_UNKNOWN, details=android.server.power:DREAM_FINISHED)...
05-24 14:00:51.215 1528 1694 I PowerManagerService: Waking up from Dreaming (uid=1000, reason=WAKE_REASON_UNKNOWN, details=android.server.power:DREAM_FINISHED)...
05-24 14:00:51.216 1528 1663 I DreamManagerService: Performing gentle wake from dream.
05-24 14:00:51.217 1528 15317 I DreamManagerService: Leaving dreamland.
05-24 14:00:51.219 1528 1663 I DreamManagerService: Performing gentle wake from dream.
05-24 14:00:51.219 1528 1663 I DreamController: Stopping dream: name=ComponentInfo{com.thundercomm.screensaver/com.thundercomm.screensaver.service.SystemDream}, isTest=false, canDoze=false, userId=0, reason='finished self'(from 'request awaken')
05-24 14:00:51.326 1528 15317 I PowerManagerService: Napping display group (groupId=0, uid=1000)...
05-24 14:00:51.326 1528 15317 I PowerManagerService: Nap time (uid 1000)...
05-24 14:00:51.327 1528 1694 I DreamManagerService: Entering dreamland.
05-24 14:00:51.330 1528 1694 I PowerManagerService: Dreaming...
05-24 14:00:51.332 1528 1663 I DreamController: Starting dream: name=ComponentInfo{com.thundercomm.screensaver/com.thundercomm.screensaver.service.SystemDream}, isTest=false, canDoze=false, userId=0
05-24 14:00:51.338 1528 15317 I ActivityTaskManager: START u0 {flg=0x10000000 pkg=com.thundercomm.screensaver cmp=com.thundercomm.screensaver/android.service.dreams.DreamActivity (has extras)} from uid 10042
05-24 14:00:51.495 1528 15317 I DreamManagerService: Gently waking up from dream.
05-24 14:00:51.496 1528 1663 I DreamManagerService: Performing gentle wake from dream.
05-24 14:00:51.496 1528 1694 I PowerManagerService: Powering on display group fromDreaming (groupId=0, uid=1000, reason=WAKE_REASON_UNKNOWN, details=android.server.power:DREAM_FINISHED)...
05-24 14:00:51.496 1528 1694 I PowerManagerService: Waking up from Dreaming (uid=1000, reason=WAKE_REASON_UNKNOWN, details=android.server.power:DREAM_FINISHED)...
05-24 14:00:51.497 1528 15317 I DreamManagerService: Leaving dreamland.
05-24 14:00:51.500 1528 1663 I DreamManagerService: Performing gentle wake from dream.
05-24 14:00:51.500 1528 1663 I DreamController: Stopping dream: name=ComponentInfo{com.thundercomm.screensaver/com.thundercomm.screensaver.service.SystemDream}, isTest=false, canDoze=false, userId=0, reason='finished self'(from 'request awaken')
05-24 14:00:51.591 1528 15317 I PowerManagerService: Napping display group (groupId=0, uid=1000)...
05-24 14:00:51.591 1528 15317 I PowerManagerService: Nap time (uid 1000)...
05-24 14:00:51.592 1528 1694 I DreamManagerService: Entering dreamland.
05-24 14:00:51.593 1528 1694 I PowerManagerService: Dreaming...
05-24 14:00:51.595 1528 1663 I DreamController: Starting dream: name=ComponentInfo{com.thundercomm.screensaver/com.thundercomm.screensaver.service.SystemDream}, isTest=false, canDoze=false, userId=0
05-24 14:00:51.602 1528 15317 I ActivityTaskManager: START u0 {flg=0x10000000 pkg=com.thundercomm.screensaver cmp=com.thundercomm.screensaver/android.service.dreams.DreamActivity (has extras)} from uid 10042
05-24 14:00:51.920 0 0 I : [11823.418138] read descriptors
05-24 14:00:51.920 0 0 I : [11823.418341] read strings
05-24 14:00:51.953 1528 15317 I DreamManagerService: Gently waking up from dream.
05-24 14:00:51.954 1528 1694 I PowerManagerService: Powering on display group fromDreaming (groupId=0, uid=1000, reason=WAKE_REASON_UNKNOWN, details=android.server.power:DREAM_FINISHED)...
05-24 14:00:51.954 1528 1694 I PowerManagerService: Waking up from Dreaming (uid=1000, reason=WAKE_REASON_UNKNOWN, details=android.server.power:DREAM_FINISHED)...
05-24 14:00:51.954 1528 1663 I DreamManagerService: Performing gentle wake from dream.
05-24 14:00:51.956 1528 15317 I DreamManagerService: Leaving dreamland.
05-24 14:00:51.957 1528 1663 I DreamManagerService: Performing gentle wake from dream.
05-24 14:00:51.957 1528 1663 I DreamController: Stopping dream: name=ComponentInfo{com.thundercomm.screensaver/com.thundercomm.screensaver.service.SystemDream}, isTest=false, canDoze=false, userId=0, reason='finished self'(from 'request awaken')
05-24 14:00:51.980 1528 15317 I PowerManagerService: Napping display group (groupId=0, uid=1000)...
05-24 14:00:51.980 1528 15317 I PowerManagerService: Nap time (uid 1000)...
05-24 14:00:51.980 1528 1694 I DreamManagerService: Entering dreamland.
05-24 14:00:51.981 1528 1694 I PowerManagerService: Dreaming...
05-24 14:00:51.981 1528 1663 I DreamController: Starting dream: name=ComponentInfo{com.thundercomm.screensaver/com.thundercomm.screensaver.service.SystemDream}, isTest=false, canDoze=false, userId=0
05-24 14:00:51.987 1528 15317 I ActivityTaskManager: START u0 {flg=0x10000000 pkg=com.thundercomm.screensaver cmp=com.thundercomm.screensaver/android.service.dreams.DreamActivity (has extras)} from uid 10042
05-24 14:00:52.020 1528 15317 I DreamManagerService: Gently waking up from dream.
05-24 14:00:52.021 1528 1663 I DreamManagerService: Performing gentle wake from dream.
05-24 14:00:52.021 1528 1694 I PowerManagerService: Powering on display group fromDreaming (groupId=0, uid=1000, reason=WAKE_REASON_UNKNOWN, details=android.server.power:DREAM_FINISHED)...
05-24 14:00:52.021 1528 1694 I PowerManagerService: Waking up from Dreaming (uid=1000, reason=WAKE_REASON_UNKNOWN, details=android.server.power:DREAM_FINISHED)...
05-24 14:00:52.023 1528 15317 I DreamManagerService: Leaving dreamland.
05-24 14:00:52.023 1528 1663 I DreamManagerService: Performing gentle wake from dream.
05-24 14:00:52.024 1528 1663 I DreamController: Stopping dream: name=ComponentInfo{com.thundercomm.screensaver/com.thundercomm.screensaver.service.SystemDream}, isTest=false, canDoze=false, userId=0, reason='finished self'(from 'request awaken')
05-24 14:00:52.198 1528 8862 I PowerManagerService: Napping display group (groupId=0, uid=1000)...
05-24 14:00:52.198 1528 8862 I PowerManagerService: Nap time (uid 1000)...
05-24 14:00:52.200 1528 1694 I DreamManagerService: Entering dreamland.
05-24 14:00:52.204 1528 1694 I PowerManagerService: Dreaming...
05-24 14:00:52.205 1528 1663 I DreamController: Starting dream: name=ComponentInfo{com.thundercomm.screensaver/com.thundercomm.screensaver.service.SystemDream}, isTest=false, canDoze=false, userId=0
05-24 14:00:52.212 1528 7568 I ActivityTaskManager: START u0 {flg=0x10000000 pkg=com.thundercomm.screensaver cmp=com.thundercomm.screensaver/android.service.dreams.DreamActivity (has extras)} from uid 10042
05-24 14:00:52.943 0 0 I : [11824.442320] read descriptors
05-24 14:00:52.943 0 0 I : [11824.442520] read strings
05-24 14:00:53.963 0 0 I : [11825.461254] read descriptors
05-24 14:00:53.963 0 0 I : [11825.461361] read strings
05-24 14:00:54.983 0 0 I : [11826.482223] read descriptors
05-24 14:00:54.983 0 0 I : [11826.482425] read strings
05-24 14:00:56.019 0 0 I : [11827.517625] read descriptors
05-24 14:00:56.019 0 0 I : [11827.517740] read strings
05-24 14:00:57.039 0 0 I : [11828.538151] read descriptors
05-24 14:00:57.039 0 0 I : [11828.538357] read strings
05-24 14:00:58.063 0 0 I : [11829.561886] read descriptors
05-24 14:00:58.063 0 0 I : [11829.562014] read strings
05-24 14:00:59.079 0 0 I : [11830.578638] read descriptors
05-24 14:00:59.079 0 0 I : [11830.578846] read strings
05-24 14:00:59.539 13872 13872 V DreamService[SystemDream]: mActionDownY = 862.0
05-24 14:00:59.539 13872 13872 V DreamService[SystemDream]: mActionUpY = 240.0
05-24 14:00:59.805 13872 13872 V DreamService[SystemDream]: mActionDownY = 659.0
05-24 14:00:59.805 13872 13872 V DreamService[SystemDream]: mActionUpY = 643.0
05-24 14:01:00.079 13872 13872 V DreamService[SystemDream]: mActionDownY = 222.0
05-24 14:01:00.080 13872 13872 V DreamService[SystemDream]: mActionUpY = 601.0
05-24 14:01:00.099 0 0 I : [11831.597028] read descriptors
05-24 14:01:00.099 0 0 I : [11831.597112] read strings
05-24 14:01:00.414 13872 13872 V DreamService[SystemDream]: mActionDownY = 340.0
05-24 14:01:00.414 13872 13872 V DreamService[SystemDream]: mActionUpY = 473.0
05-24 14:01:00.718 13872 13872 V DreamService[SystemDream]: mActionDownY = 233.0
05-24 14:01:00.718 13872 13872 V DreamService[SystemDream]: mActionUpY = 524.0
05-24 14:01:00.963 13872 13872 V DreamService[SystemDream]: mActionDownY = 287.0
05-24 14:01:00.963 13872 13872 V DreamService[SystemDream]: mActionUpY = 556.0
05-24 14:01:01.119 0 0 I : [11832.616563] read descriptors
05-24 14:01:01.119 0 0 I : [11832.616702] read strings
05-24 14:01:01.217 13872 13872 V DreamService[SystemDream]: mActionDownY = 335.0
05-24 14:01:01.217 13872 13872 V DreamService[SystemDream]: mActionUpY = 635.0
05-24 14:01:01.471 13872 13872 V DreamService[SystemDream]: mActionDownY = 355.0
05-24 14:01:01.471 13872 13872 V DreamService[SystemDream]: mActionUpY = 586.0
05-24 14:01:01.728 13872 13872 V DreamService[SystemDream]: mActionDownY = 460.0
05-24 14:01:01.728 13872 13872 V DreamService[SystemDream]: mActionUpY = 695.0
05-24 14:01:02.132 13872 13872 V DreamService[SystemDream]: mActionDownY = 197.0
05-24 14:01:02.132 13872 13872 V DreamService[SystemDream]: mActionUpY = 396.0
05-24 14:01:02.135 0 0 I : [11833.633878] read descriptors
05-24 14:01:02.135 0 0 I : [11833.633984] read strings
05-24 14:01:02.342 13872 13872 V DreamService[SystemDream]: mActionDownY = 1061.0
05-24 14:01:02.342 13872 13872 V DreamService[SystemDream]: mActionUpY = 610.0
05-24 14:01:03.151 0 0 I : [11834.650492] read descriptors
05-24 14:01:03.151 0 0 I : [11834.650696] read strings
05-24 14:01:03.320 1528 7568 I DreamManagerService: Gently waking up from dream.
05-24 14:01:03.321 1528 1694 I PowerManagerService: Powering on display group fromDreaming (groupId=0, uid=1000, reason=WAKE_REASON_UNKNOWN, details=android.server.power:DREAM_FINISHED)...
05-24 14:01:03.321 1528 1694 I PowerManagerService: Waking up from Dreaming (uid=1000, reason=WAKE_REASON_UNKNOWN, details=android.server.power:DREAM_FINISHED)...
05-24 14:01:03.322 1528 1663 I DreamManagerService: Performing gentle wake from dream.
05-24 14:01:03.323 1528 7568 I DreamManagerService: Leaving dreamland.
05-24 14:01:03.335 1528 1663 I DreamManagerService: Performing gentle wake from dream.
05-24 14:01:03.335 1528 1663 I DreamController: Stopping dream: name=ComponentInfo{com.thundercomm.screensaver/com.thundercomm.screensaver.service.SystemDream}, isTest=false, canDoze=false, userId=0, reason='finished self'(from 'request awaken')
05-24 14:01:03.450 1528 7568 I PowerManagerService: Napping display group (groupId=0, uid=1000)...
05-24 14:01:03.450 1528 7568 I PowerManagerService: Nap time (uid 1000)...
05-24 14:01:03.452 1528 1694 I DreamManagerService: Entering dreamland.
05-24 14:01:03.453 1528 1694 I PowerManagerService: Dreaming...
05-24 14:01:03.460 1528 1663 I DreamController: Starting dream: name=ComponentInfo{com.thundercomm.screensaver/com.thundercomm.screensaver.service.SystemDream}, isTest=false, canDoze=false, userId=0
05-24 14:01:03.468 1528 7568 I ActivityTaskManager: START u0 {flg=0x10000000 pkg=com.thundercomm.screensaver cmp=com.thundercomm.screensaver/android.service.dreams.DreamActivity (has extras)} from uid 10042
05-24 14:01:03.472 1528 10045 I DreamManagerService: Gently waking up from dream.
05-24 14:01:03.473 1528 1694 I PowerManagerService: Powering on display group fromDreaming (groupId=0, uid=1000, reason=WAKE_REASON_UNKNOWN, details=android.server.power:DREAM_FINISHED)...
05-24 14:01:03.473 1528 1694 I PowerManagerService: Waking up from Dreaming (uid=1000, reason=WAKE_REASON_UNKNOWN, details=android.server.power:DREAM_FINISHED)...
05-24 14:01:03.474 1528 1663 I DreamManagerService: Performing gentle wake from dream.
05-24 14:01:03.475 1528 8862 I DreamManagerService: Leaving dreamland.
05-24 14:01:03.476 1528 1663 I DreamManagerService: Performing gentle wake from dream.
05-24 14:01:03.476 1528 1663 I DreamController: Stopping dream: name=ComponentInfo{com.thundercomm.screensaver/com.thundercomm.screensaver.service.SystemDream}, isTest=false, canDoze=false, userId=0, reason='finished self'(from 'request awaken')
05-24 14:01:03.736 1528 8862 I PowerManagerService: Napping display group (groupId=0, uid=1000)...
05-24 14:01:03.736 1528 8862 I PowerManagerService: Nap time (uid 1000)...
05-24 14:01:03.738 1528 1694 I DreamManagerService: Entering dreamland.
05-24 14:01:03.739 1528 1694 I PowerManagerService: Dreaming...
05-24 14:01:03.743 1528 1663 I DreamController: Starting dream: name=ComponentInfo{com.thundercomm.screensaver/com.thundercomm.screensaver.service.SystemDream}, isTest=false, canDoze=false, userId=0
05-24 14:01:03.749 1528 7568 I ActivityTaskManager: START u0 {flg=0x10000000 pkg=com.thundercomm.screensaver cmp=com.thundercomm.screensaver/android.service.dreams.DreamActivity (has extras)} from uid 10042
05-24 14:01:03.840 1528 7568 I DreamManagerService: Gently waking up from dream.
05-24 14:01:03.841 1528 1663 I DreamManagerService: Performing gentle wake from dream.
05-24 14:01:03.841 1528 1694 I PowerManagerService: Powering on display group fromDreaming (groupId=0, uid=1000, reason=WAKE_REASON_UNKNOWN, details=android.server.power:DREAM_FINISHED)...
05-24 14:01:03.841 1528 1694 I PowerManagerService: Waking up from Dreaming (uid=1000, reason=WAKE_REASON_UNKNOWN, details=android.server.power:DREAM_FINISHED)...
05-24 14:01:03.842 1528 7568 I DreamManagerService: Leaving dreamland.
05-24 14:01:03.846 1528 1663 I DreamManagerService: Performing gentle wake from dream.
05-24 14:01:03.846 1528 1663 I DreamController: Stopping dream: name=ComponentInfo{com.thundercomm.screensaver/com.thundercomm.screensaver.service.SystemDream}, isTest=false, canDoze=false, userId=0, reason='finished self'(from 'request awaken')
05-24 14:01:04.032 1528 15317 I PowerManagerService: Napping display group (groupId=0, uid=1000)...
05-24 14:01:04.032 1528 15317 I PowerManagerService: Nap time (uid 1000)...
05-24 14:01:04.034 1528 1694 I DreamManagerService: Entering dreamland.
05-24 14:01:04.035 1528 1694 I PowerManagerService: Dreaming...
05-24 14:01:04.037 1528 1663 I DreamController: Starting dream: name=ComponentInfo{com.thundercomm.screensaver/com.thundercomm.screensaver.service.SystemDream}, isTest=false, canDoze=false, userId=0
05-24 14:01:04.045 1528 10045 I ActivityTaskManager: START u0 {flg=0x10000000 pkg=com.thundercomm.screensaver cmp=com.thundercomm.screensaver/android.service.dreams.DreamActivity (has extras)} from uid 10042
05-24 14:01:04.175 0 0 I : [11835.674570] read descriptors
05-24 14:01:04.175 0 0 I : [11835.674740] read strings
05-24 14:01:04.241 1528 10045 I DreamManagerService: Gently waking up from dream.
05-24 14:01:04.242 1528 1694 I PowerManagerService: Powering on display group fromDreaming (groupId=0, uid=1000, reason=WAKE_REASON_UNKNOWN, details=android.server.power:DREAM_FINISHED)...
05-24 14:01:04.242 1528 1694 I PowerManagerService: Waking up from Dreaming (uid=1000, reason=WAKE_REASON_UNKNOWN, details=android.server.power:DREAM_FINISHED)...
05-24 14:01:04.243 1528 1663 I DreamManagerService: Performing gentle wake from dream.
05-24 14:01:04.246 1528 10045 I DreamManagerService: Leaving dreamland.
05-24 14:01:04.251 1528 1663 I DreamManagerService: Performing gentle wake from dream.
05-24 14:01:04.251 1528 1663 I DreamController: Stopping dream: name=ComponentInfo{com.thundercomm.screensaver/com.thundercomm.screensaver.service.SystemDream}, isTest=false, canDoze=false, userId=0, reason='finished self'(from 'request awaken')
05-24 14:01:04.352 1528 5562 I PowerManagerService: Napping display group (groupId=0, uid=1000)...
05-24 14:01:04.352 1528 5562 I PowerManagerService: Nap time (uid 1000)...
05-24 14:01:04.354 1528 1694 I DreamManagerService: Entering dreamland.
05-24 14:01:04.356 1528 1694 I PowerManagerService: Dreaming...
05-24 14:01:04.360 1528 1663 I DreamController: Starting dream: name=ComponentInfo{com.thundercomm.screensaver/com.thundercomm.screensaver.service.SystemDream}, isTest=false, canDoze=false, userId=0
05-24 14:01:04.369 1528 5562 I ActivityTaskManager: START u0 {flg=0x10000000 pkg=com.thundercomm.screensaver cmp=com.thundercomm.screensaver/android.service.dreams.DreamActivity (has extras)} from uid 10042
05-24 14:01:04.912 1528 15317 I DreamManagerService: Gently waking up from dream.
05-24 14:01:04.914 1528 1663 I DreamManagerService: Performing gentle wake from dream.
05-24 14:01:04.915 1528 15317 I DreamManagerService: Leaving dreamland.
05-24 14:01:04.922 1528 1663 I DreamManagerService: Performing gentle wake from dream.
05-24 14:01:04.922 1528 1663 I DreamController: Stopping dream: name=ComponentInfo{com.thundercomm.screensaver/com.thundercomm.screensaver.service.SystemDream}, isTest=false, canDoze=false, userId=0, reason='finished self'(from 'request awaken')
05-24 14:01:04.926 1528 1694 I PowerManagerService: Powering on display group fromDreaming (groupId=0, uid=1000, reason=WAKE_REASON_UNKNOWN, details=android.server.power:DREAM_FINISHED)...
05-24 14:01:04.926 1528 1694 I PowerManagerService: Waking up from Dreaming (uid=1000, reason=WAKE_REASON_UNKNOWN, details=android.server.power:DREAM_FINISHED)...
05-24 14:01:05.203 0 0 I : [11836.702307] read descriptors
05-24 14:01:05.203 0 0 I : [11836.702508] read strings
05-24 14:01:05.416 1528 15317 I PowerManagerService: Napping display group (groupId=0, uid=1000)...
05-24 14:01:05.416 1528 15317 I PowerManagerService: Nap time (uid 1000)...
05-24 14:01:05.417 1528 1694 I DreamManagerService: Entering dreamland.
05-24 14:01:05.418 1528 1694 I PowerManagerService: Dreaming...
05-24 14:01:05.422 1528 1663 I DreamController: Starting dream: name=ComponentInfo{com.thundercomm.screensaver/com.thundercomm.screensaver.service.SystemDream}, isTest=false, canDoze=false, userId=0
05-24 14:01:05.429 1528 15317 I ActivityTaskManager: START u0 {flg=0x10000000 pkg=com.thundercomm.screensaver cmp=com.thundercomm.screensaver/android.service.dreams.DreamActivity (has extras)} from uid 10042
05-24 14:01:05.430 1528 7568 I DreamManagerService: Gently waking up from dream.
05-24 14:01:05.431 1528 1663 I DreamManagerService: Performing gentle wake from dream.
05-24 14:01:05.431 1528 1694 I PowerManagerService: Powering on display group fromDreaming (groupId=0, uid=1000, reason=WAKE_REASON_UNKNOWN, details=android.server.power:DREAM_FINISHED)...
05-24 14:01:05.431 1528 1694 I PowerManagerService: Waking up from Dreaming (uid=1000, reason=WAKE_REASON_UNKNOWN, details=android.server.power:DREAM_FINISHED)...
05-24 14:01:05.435 1528 10045 I DreamManagerService: Leaving dreamland.
05-24 14:01:05.438 1528 1663 I DreamManagerService: Performing gentle wake from dream.
05-24 14:01:05.438 1528 1663 I DreamController: Stopping dream: name=ComponentInfo{com.thundercomm.screensaver/com.thundercomm.screensaver.service.SystemDream}, isTest=false, canDoze=false, userId=0, reason='finished self'(from 'request awaken')
05-24 14:01:05.559 1528 10045 I PowerManagerService: Napping display group (groupId=0, uid=1000)...
05-24 14:01:05.559 1528 10045 I PowerManagerService: Nap time (uid 1000)...
05-24 14:01:05.560 1528 1694 I DreamManagerService: Entering dreamland.
05-24 14:01:05.562 1528 1694 I PowerManagerService: Dreaming...
05-24 14:01:05.564 1528 1663 I DreamController: Starting dream: name=ComponentInfo{com.thundercomm.screensaver/com.thundercomm.screensaver.service.SystemDream}, isTest=false, canDoze=false, userId=0
05-24 14:01:05.569 1528 10045 I ActivityTaskManager: START u0 {flg=0x10000000 pkg=com.thundercomm.screensaver cmp=com.thundercomm.screensaver/android.service.dreams.DreamActivity (has extras)} from uid 10042
05-24 14:01:05.750 1528 10045 I DreamManagerService: Gently waking up from dream.
05-24 14:01:05.751 1528 1663 I DreamManagerService: Performing gentle wake from dream.
05-24 14:01:05.751 1528 1694 I PowerManagerService: Powering on display group fromDreaming (groupId=0, uid=1000, reason=WAKE_REASON_UNKNOWN, details=android.server.power:DREAM_FINISHED)...
05-24 14:01:05.751 1528 1694 I PowerManagerService: Waking up from Dreaming (uid=1000, reason=WAKE_REASON_UNKNOWN, details=android.server.power:DREAM_FINISHED)...
05-24 14:01:05.752 1528 7568 I DreamManagerService: Leaving dreamland.
05-24 14:01:05.760 1528 1663 I DreamManagerService: Performing gentle wake from dream.
05-24 14:01:05.761 1528 1663 I DreamController: Stopping dream: name=ComponentInfo{com.thundercomm.screensaver/com.thundercomm.screensaver.service.SystemDream}, isTest=false, canDoze=false, userId=0, reason='finished self'(from 'request awaken')
05-24 14:01:05.946 1528 7568 I PowerManagerService: Napping display group (groupId=0, uid=1000)...
05-24 14:01:05.946 1528 7568 I PowerManagerService: Nap time (uid 1000)...
05-24 14:01:05.947 1528 1694 I DreamManagerService: Entering dreamland.
05-24 14:01:05.948 1528 1694 I PowerManagerService: Dreaming...
05-24 14:01:05.949 1528 1663 I DreamController: Starting dream: name=ComponentInfo{com.thundercomm.screensaver/com.thundercomm.screensaver.service.SystemDream}, isTest=false, canDoze=false, userId=0
05-24 14:01:05.955 1528 7568 I ActivityTaskManager: START u0 {flg=0x10000000 pkg=com.thundercomm.screensaver cmp=com.thundercomm.screensaver/android.service.dreams.DreamActivity (has extras)} from uid 10042
05-24 14:01:06.102 1528 7568 I DreamManagerService: Gently waking up from dream.
05-24 14:01:06.103 1528 1663 I DreamManagerService: Performing gentle wake from dream.
05-24 14:01:06.103 1528 1694 I PowerManagerService: Powering on display group fromDreaming (groupId=0, uid=1000, reason=WAKE_REASON_UNKNOWN, details=android.server.power:DREAM_FINISHED)...
05-24 14:01:06.103 1528 1694 I PowerManagerService: Waking up from Dreaming (uid=1000, reason=WAKE_REASON_UNKNOWN, details=android.server.power:DREAM_FINISHED)...
05-24 14:01:06.103 1528 10045 I DreamManagerService: Leaving dreamland.
05-24 14:01:06.104 1528 1663 I DreamManagerService: Performing gentle wake from dream.
05-24 14:01:06.104 1528 1663 I DreamController: Stopping dream: name=ComponentInfo{com.thundercomm.screensaver/com.thundercomm.screensaver.service.SystemDream}, isTest=false, canDoze=false, userId=0, reason='finished self'(from 'request awaken')
05-24 14:01:06.227 0 0 I : [11837.724788] read descriptors
05-24 14:01:06.227 0 0 I : [11837.724995] read strings
05-24 14:01:06.298 1528 10045 I PowerManagerService: Napping display group (groupId=0, uid=1000)...
05-24 14:01:06.298 1528 10045 I PowerManagerService: Nap time (uid 1000)...
05-24 14:01:06.300 1528 1694 I DreamManagerService: Entering dreamland.
05-24 14:01:06.301 1528 1694 I PowerManagerService: Dreaming...
05-24 14:01:06.305 1528 1663 I DreamController: Starting dream: name=ComponentInfo{com.thundercomm.screensaver/com.thundercomm.screensaver.service.SystemDream}, isTest=false, canDoze=false, userId=0
05-24 14:01:06.312 1528 7568 I ActivityTaskManager: START u0 {flg=0x10000000 pkg=com.thundercomm.screensaver cmp=com.thundercomm.screensaver/android.service.dreams.DreamActivity (has extras)} from uid 10042
05-24 14:01:06.503 1528 7568 I DreamManagerService: Gently waking up from dream.
05-24 14:01:06.504 1528 1694 I PowerManagerService: Powering on display group fromDreaming (groupId=0, uid=1000, reason=WAKE_REASON_UNKNOWN, details=android.server.power:DREAM_FINISHED)...
05-24 14:01:06.504 1528 1694 I PowerManagerService: Waking up from Dreaming (uid=1000, reason=WAKE_REASON_UNKNOWN, details=android.server.power:DREAM_FINISHED)...
05-24 14:01:06.505 1528 1663 I DreamManagerService: Performing gentle wake from dream.
05-24 14:01:06.506 1528 10045 I DreamManagerService: Leaving dreamland.
05-24 14:01:06.507 1528 1663 I DreamManagerService: Performing gentle wake from dream.
05-24 14:01:06.507 1528 1663 I DreamController: Stopping dream: name=ComponentInfo{com.thundercomm.screensaver/com.thundercomm.screensaver.service.SystemDream}, isTest=false, canDoze=false, userId=0, reason='finished self'(from 'request awaken')
05-24 14:01:06.606 1528 7568 I PowerManagerService: Napping display group (groupId=0, uid=1000)...
05-24 14:01:06.606 1528 7568 I PowerManagerService: Nap time (uid 1000)...
05-24 14:01:06.609 1528 1694 I DreamManagerService: Entering dreamland.
05-24 14:01:06.610 1528 1694 I PowerManagerService: Dreaming...
05-24 14:01:06.612 1528 1663 I DreamController: Starting dream: name=ComponentInfo{com.thundercomm.screensaver/com.thundercomm.screensaver.service.SystemDream}, isTest=false, canDoze=false, userId=0
05-24 14:01:06.622 1528 7568 I ActivityTaskManager: START u0 {flg=0x10000000 pkg=com.thundercomm.screensaver cmp=com.thundercomm.screensaver/android.service.dreams.DreamActivity (has extras)} from uid 10042
05-24 14:01:06.787 1528 7568 I DreamManagerService: Gently waking up from dream.
05-24 14:01:06.788 1528 1694 I PowerManagerService: Powering on display group fromDreaming (groupId=0, uid=1000, reason=WAKE_REASON_UNKNOWN, details=android.server.power:DREAM_FINISHED)...
05-24 14:01:06.788 1528 1694 I PowerManagerService: Waking up from Dreaming (uid=1000, reason=WAKE_REASON_UNKNOWN, details=android.server.power:DREAM_FINISHED)...
05-24 14:01:06.789 1528 1663 I DreamManagerService: Performing gentle wake from dream.
05-24 14:01:06.789 1528 7568 I DreamManagerService: Leaving dreamland.
05-24 14:01:06.791 1528 1663 I DreamManagerService: Performing gentle wake from dream.
05-24 14:01:06.791 1528 1663 I DreamController: Stopping dream: name=ComponentInfo{com.thundercomm.screensaver/com.thundercomm.screensaver.service.SystemDream}, isTest=false, canDoze=false, userId=0, reason='finished self'(from 'request awaken')
05-24 14:01:06.951 1528 5562 I PowerManagerService: Napping display group (groupId=0, uid=1000)...
05-24 14:01:06.951 1528 5562 I PowerManagerService: Nap time (uid 1000)...
05-24 14:01:06.953 1528 1694 I DreamManagerService: Entering dreamland.
05-24 14:01:06.954 1528 1694 I PowerManagerService: Dreaming...
05-24 14:01:06.955 1528 1663 I DreamController: Starting dream: name=ComponentInfo{com.thundercomm.screensaver/com.thundercomm.screensaver.service.SystemDream}, isTest=false, canDoze=false, userId=0
05-24 14:01:06.962 1528 15317 I ActivityTaskManager: START u0 {flg=0x10000000 pkg=com.thundercomm.screensaver cmp=com.thundercomm.screensaver/android.service.dreams.DreamActivity (has extras)} from uid 10042
05-24 14:01:07.159 1528 15317 I DreamManagerService: Gently waking up from dream.
05-24 14:01:07.160 1528 1663 I DreamManagerService: Performing gentle wake from dream.
05-24 14:01:07.161 1528 1694 I PowerManagerService: Powering on display group fromDreaming (groupId=0, uid=1000, reason=WAKE_REASON_UNKNOWN, details=android.server.power:DREAM_FINISHED)...
05-24 14:01:07.161 1528 1694 I PowerManagerService: Waking up from Dreaming (uid=1000, reason=WAKE_REASON_UNKNOWN, details=android.server.power:DREAM_FINISHED)...
05-24 14:01:07.162 1528 15317 I DreamManagerService: Leaving dreamland.
05-24 14:01:07.164 1528 1663 I DreamManagerService: Performing gentle wake from dream.
05-24 14:01:07.164 1528 1663 I DreamController: Stopping dream: name=ComponentInfo{com.thundercomm.screensaver/com.thundercomm.screensaver.service.SystemDream}, isTest=false, canDoze=false, userId=0, reason='finished self'(from 'request awaken')
05-24 14:01:07.247 0 0 I : [11838.746440] read descriptors
05-24 14:01:07.247 0 0 I : [11838.746646] read strings
05-24 14:01:07.380 1528 10045 I PowerManagerService: Napping display group (groupId=0, uid=1000)...
05-24 14:01:07.380 1528 10045 I PowerManagerService: Nap time (uid 1000)...
05-24 14:01:07.382 1528 1694 I DreamManagerService: Entering dreamland.
05-24 14:01:07.383 1528 1694 I PowerManagerService: Dreaming...
05-24 14:01:07.385 1528 1663 I DreamController: Starting dream: name=ComponentInfo{com.thundercomm.screensaver/com.thundercomm.screensaver.service.SystemDream}, isTest=false, canDoze=false, userId=0
05-24 14:01:07.392 1528 10045 I ActivityTaskManager: START u0 {flg=0x10000000 pkg=com.thundercomm.screensaver cmp=com.thundercomm.screensaver/android.service.dreams.DreamActivity (has extras)} from uid 10042
05-24 14:01:07.513 1528 5562 I DreamManagerService: Gently waking up from dream.
05-24 14:01:07.516 1528 1663 I DreamManagerService: Performing gentle wake from dream.
05-24 14:01:07.516 1528 1694 I PowerManagerService: Powering on display group fromDreaming (groupId=0, uid=1000, reason=WAKE_REASON_UNKNOWN, details=android.server.power:DREAM_FINISHED)...
05-24 14:01:07.516 1528 1694 I PowerManagerService: Waking up from Dreaming (uid=1000, reason=WAKE_REASON_UNKNOWN, details=android.server.power:DREAM_FINISHED)...
05-24 14:01:07.517 1528 5562 I DreamManagerService: Leaving dreamland.
05-24 14:01:07.521 1528 1663 I DreamManagerService: Performing gentle wake from dream.
05-24 14:01:07.521 1528 1663 I DreamController: Stopping dream: name=ComponentInfo{com.thundercomm.screensaver/com.thundercomm.screensaver.service.SystemDream}, isTest=false, canDoze=false, userId=0, reason='finished self'(from 'request awaken')
05-24 14:01:07.650 1528 5562 I PowerManagerService: Napping display group (groupId=0, uid=1000)...
05-24 14:01:07.651 1528 5562 I PowerManagerService: Nap time (uid 1000)...
05-24 14:01:07.652 1528 1694 I DreamManagerService: Entering dreamland.
05-24 14:01:07.653 1528 1694 I PowerManagerService: Dreaming...
05-24 14:01:07.657 1528 1663 I DreamController: Starting dream: name=ComponentInfo{com.thundercomm.screensaver/com.thundercomm.screensaver.service.SystemDream}, isTest=false, canDoze=false, userId=0
05-24 14:01:07.664 1528 5562 I ActivityTaskManager: START u0 {flg=0x10000000 pkg=com.thundercomm.screensaver cmp=com.thundercomm.screensaver/android.service.dreams.DreamActivity (has extras)} from uid 10042
05-24 14:01:08.283 0 0 I : [11839.781599] read descriptors
05-24 14:01:08.283 0 0 I : [11839.781702] read strings
05-24 14:01:08.455 13872 13872 V DreamService[SystemDream]: mActionDownY = 766.0
05-24 14:01:08.455 13872 13872 V DreamService[SystemDream]: mActionUpY = 681.0
05-24 14:01:08.749 13872 13872 V DreamService[SystemDream]: mActionDownY = 1066.0
05-24 14:01:08.749 13872 13872 V DreamService[SystemDream]: mActionUpY = 376.0
05-24 14:01:08.965 13872 13872 V DreamService[SystemDream]: mActionDownY = 1052.0
05-24 14:01:08.965 13872 13872 V DreamService[SystemDream]: mActionUpY = 311.0
05-24 14:01:09.104 0 0 W [11840.603818] audit: audit_lost=10992 audit_rate_limit=5 audit_backlog_limit=64
05-24 14:01:09.104 0 0 E [11840.603823] audit: rate limit exceeded
05-24 14:01:09.303 0 0 I : [11840.802280] read descriptors
05-24 14:01:09.303 0 0 I : [11840.802386] read strings
05-24 14:01:09.741 13872 13872 V DreamService[SystemDream]: mActionDownY = 329.0
05-24 14:01:09.741 13872 13872 V DreamService[SystemDream]: mActionUpY = 668.0
05-24 14:01:10.175 13872 13872 V DreamService[SystemDream]: mActionDownY = 134.0
05-24 14:01:10.175 13872 13872 V DreamService[SystemDream]: mActionUpY = 647.0
05-24 14:01:10.331 0 0 I : [11841.829415] read descriptors
05-24 14:01:10.331 0 0 I : [11841.829510] read strings
05-24 14:01:10.811 13872 13872 V DreamService[SystemDream]: mActionDownY = 2.0
05-24 14:01:10.811 13872 13872 V DreamService[SystemDream]: mActionUpY = 637.0
05-24 14:01:11.351 0 0 I : [11842.848658] read descriptors
05-24 14:01:11.351 0 0 I : [11842.848769] read strings
05-24 14:01:12.367 0 0 I : [11843.864518] read descriptors
05-24 14:01:12.367 0 0 I : [11843.864646] read strings
05-24 14:01:13.045 0 0 W [11844.543822] audit: audit_lost=10997 audit_rate_limit=5 audit_backlog_limit=64
05-24 14:01:13.045 0 0 E [11844.543826] audit: rate limit exceeded
05-24 14:01:13.387 0 0 I : [11844.884506] read descriptors
05-24 14:01:13.387 0 0 I : [11844.884636] read strings
05-24 14:01:13.550 13872 13872 V DreamService[SystemDream]: mActionDownY = 826.0
05-24 14:01:13.550 13872 13872 V DreamService[SystemDream]: mActionUpY = 332.0
05-24 14:01:13.866 13872 13872 V DreamService[SystemDream]: mActionDownY = 216.0
05-24 14:01:13.866 13872 13872 V DreamService[SystemDream]: mActionUpY = 753.0
05-24 14:01:14.092 13872 13872 V DreamService[SystemDream]: mActionDownY = 444.0
05-24 14:01:14.092 13872 13872 V DreamService[SystemDream]: mActionUpY = 657.0
05-24 14:01:14.366 13872 13872 V DreamService[SystemDream]: mActionDownY = 398.0
05-24 14:01:14.366 13872 13872 V DreamService[SystemDream]: mActionUpY = 595.0
05-24 14:01:14.407 0 0 I : [11845.904491] read descriptors
05-24 14:01:14.407 0 0 I : [11845.904626] read strings
05-24 14:01:14.690 13872 13872 V DreamService[SystemDream]: mActionDownY = 1069.0
05-24 14:01:14.690 13872 13872 V DreamService[SystemDream]: mActionUpY = 498.0
05-24 14:01:14.904 13872 13872 V DreamService[SystemDream]: mActionDownY = 121.0
05-24 14:01:14.904 13872 13872 V DreamService[SystemDream]: mActionUpY = 514.0
05-24 14:01:15.427 0 0 I : [11846.924558] read descriptors
05-24 14:01:15.427 0 0 I : [11846.924696] read strings
05-24 14:01:15.526 13872 13872 V DreamService[SystemDream]: mActionDownY = 86.0
05-24 14:01:15.526 13872 13872 V DreamService[SystemDream]: mActionUpY = 905.0
05-24 14:01:16.451 0 0 I : [11847.948711] read descriptors
05-24 14:01:16.451 0 0 I : [11847.948819] read strings
05-24 14:01:17.408 1528 5562 I ActivityTaskManager: START u0 {act=android.settings.SETTINGS flg=0x14000000 cmp=com.android.settings/.homepage.SettingsHomepageActivity} from uid 10079
05-24 14:01:17.447 0 0 W [11848.947549] audit: audit_lost=11004 audit_rate_limit=5 audit_backlog_limit=64
05-24 14:01:17.447 0 0 E [11848.947555] audit: rate limit exceeded
05-24 14:01:17.475 0 0 I : [11848.973779] read descriptors
05-24 14:01:17.475 0 0 I : [11848.973860] read strings
05-24 14:01:18.495 0 0 I : [11849.994265] read descriptors
05-24 14:01:18.496 0 0 I : [11849.994490] read strings
05-24 14:01:18.829 13872 13872 V DreamService[SystemDream]: mActionDownY = 59.0
05-24 14:01:18.829 13872 13872 V DreamService[SystemDream]: mActionUpY = 1032.0
05-24 14:01:19.525 0 0 I : [11851.024727] read descriptors
05-24 14:01:19.525 0 0 I : [11851.024816] read strings
05-24 14:01:19.721 13872 13872 V DreamService[SystemDream]: mActionDownY = 6.0
05-24 14:01:19.721 13872 13872 V DreamService[SystemDream]: mActionUpY = 1029.0
05-24 14:01:20.555 0 0 I : [11852.052563] read descriptors
05-24 14:01:20.555 0 0 I : [11852.052664] read strings
05-24 14:01:21.571 0 0 I : [11853.069341] read descriptors
05-24 14:01:21.571 0 0 I : [11853.069476] read strings
05-24 14:01:21.777 1528 10045 I ActivityTaskManager: START u0 {act=android.settings.SETTINGS flg=0x14000000 cmp=com.android.settings/.homepage.SettingsHomepageActivity} from uid 10079
05-24 14:01:21.836 0 0 W [11853.333866] audit: audit_lost=11010 audit_rate_limit=5 audit_backlog_limit=64
05-24 14:01:21.836 0 0 E [11853.333872] audit: rate limit exceeded
05-24 14:01:22.595 0 0 I : [11854.093106] read descriptors
05-24 14:01:22.595 0 0 I : [11854.093307] read strings
05-24 14:01:23.100 13872 13872 V DreamService[SystemDream]: mActionDownY = 41.0
05-24 14:01:23.100 13872 13872 V DreamService[SystemDream]: mActionUpY = 1031.0
05-24 14:01:23.615 0 0 I : [11855.112646] read descriptors
05-24 14:01:23.615 0 0 I : [11855.112749] read strings
05-24 14:01:24.635 0 0 I : [11856.132380] read descriptors
