05-24 14:02:05.308 1528 1663 I DreamController: Stopping dream: name=ComponentInfo{com.thundercomm.screensaver/com.thundercomm.screensaver.service.SystemDream}, isTest=false, canDoze=false, userId=0, reason='finished self'(from 'request awaken')
05-24 14:02:05.453 1528 15317 I PowerManagerService: Napping display group (groupId=0, uid=1000)...
05-24 14:02:05.453 1528 15317 I PowerManagerService: Nap time (uid 1000)...
05-24 14:02:05.454 1528 1694 I DreamManagerService: Entering dreamland.
05-24 14:02:05.455 1528 1694 I PowerManagerService: Dreaming...
05-24 14:02:05.459 1528 1663 I DreamController: Starting dream: name=ComponentInfo{com.thundercomm.screensaver/com.thundercomm.screensaver.service.SystemDream}, isTest=false, canDoze=false, userId=0
05-24 14:02:05.465 1528 15317 I ActivityTaskManager: START u0 {flg=0x10000000 pkg=com.thundercomm.screensaver cmp=com.thundercomm.screensaver/android.service.dreams.DreamActivity (has extras)} from uid 10042
05-24 14:02:05.519 0 0 I : [11897.017484] read descriptors
05-24 14:02:05.519 0 0 I : [11897.017689] read strings
05-24 14:02:06.286 13872 13872 V DreamService[SystemDream]: mActionDownY = 1067.0
05-24 14:02:06.286 13872 13872 V DreamService[SystemDream]: mActionUpY = 722.0
05-24 14:02:06.543 0 0 I : [11898.040538] read descriptors
05-24 14:02:06.543 0 0 I : [11898.040678] read strings
05-24 14:02:07.327 13872 13872 V DreamService[SystemDream]: mActionDownY = 1078.0
05-24 14:02:07.327 13872 13872 V DreamService[SystemDream]: mActionUpY = 912.0
05-24 14:02:07.563 0 0 I : [11899.060557] read descriptors
05-24 14:02:07.563 0 0 I : [11899.060685] read strings
05-24 14:02:08.040 13872 13872 V DreamService[SystemDream]: mActionDownY = 1078.0
05-24 14:02:08.040 13872 13872 V DreamService[SystemDream]: mActionUpY = 724.0
05-24 14:02:08.583 0 0 I : [11900.080513] read descriptors
05-24 14:02:08.583 0 0 I : [11900.080621] read strings
05-24 14:02:08.619 13872 13872 V DreamService[SystemDream]: mActionDownY = 1044.0
05-24 14:02:08.619 13872 13872 V DreamService[SystemDream]: mActionUpY = 585.0
05-24 14:02:09.337 13872 13872 V DreamService[SystemDream]: mActionDownY = 1011.0
05-24 14:02:09.337 13872 13872 V DreamService[SystemDream]: mActionUpY = 775.0
05-24 14:02:09.603 0 0 I : [11901.100550] read descriptors
05-24 14:02:09.603 0 0 I : [11901.100682] read strings
05-24 14:02:10.619 0 0 I : [11902.116620] read descriptors
05-24 14:02:10.619 0 0 I : [11902.116755] read strings
05-24 14:02:11.639 0 0 I : [11903.137587] read descriptors
05-24 14:02:11.639 0 0 I : [11903.137705] read strings
05-24 14:02:11.766 13872 13872 V DreamService[SystemDream]: mActionDownY = 828.0
05-24 14:02:11.766 13872 13872 V DreamService[SystemDream]: mActionUpY = 745.0
05-24 14:02:12.165 13872 13872 V DreamService[SystemDream]: mActionDownY = 638.0
05-24 14:02:12.165 13872 13872 V DreamService[SystemDream]: mActionUpY = 874.0
05-24 14:02:12.659 0 0 I : [11904.156931] read descriptors
05-24 14:02:12.659 0 0 I : [11904.157040] read strings
05-24 14:02:12.819 13872 13872 V DreamService[SystemDream]: mActionDownY = 1078.0
05-24 14:02:12.819 13872 13872 V DreamService[SystemDream]: mActionUpY = 655.0
05-24 14:02:13.296 13872 13872 V DreamService[SystemDream]: mActionDownY = 1035.0
05-24 14:02:13.296 13872 13872 V DreamService[SystemDream]: mActionUpY = 648.0
05-24 14:02:13.675 0 0 I : [11905.172559] read descriptors
05-24 14:02:13.675 0 0 I : [11905.172671] read strings
05-24 14:02:13.701 13872 13872 V DreamService[SystemDream]: mActionDownY = 1048.0
05-24 14:02:13.701 13872 13872 V DreamService[SystemDream]: mActionUpY = 550.0
05-24 14:02:14.029 13872 13872 V DreamService[SystemDream]: mActionDownY = 1054.0
05-24 14:02:14.029 13872 13872 V DreamService[SystemDream]: mActionUpY = 915.0
05-24 14:02:14.695 0 0 I : [11906.192547] read descriptors
05-24 14:02:14.695 0 0 I : [11906.192681] read strings
05-24 14:02:15.061 1528 15317 I DreamManagerService: Gently waking up from dream.
05-24 14:02:15.061 1528 1663 I DreamManagerService: Performing gentle wake from dream.
05-24 14:02:15.061 1528 1694 I PowerManagerService: Powering on display group fromDreaming (groupId=0, uid=1000, reason=WAKE_REASON_UNKNOWN, details=android.server.power:DREAM_FINISHED)...
05-24 14:02:15.061 1528 1694 I PowerManagerService: Waking up from Dreaming (uid=1000, reason=WAKE_REASON_UNKNOWN, details=android.server.power:DREAM_FINISHED)...
05-24 14:02:15.062 1528 15317 I DreamManagerService: Leaving dreamland.
05-24 14:02:15.063 1528 1663 I DreamManagerService: Performing gentle wake from dream.
05-24 14:02:15.063 1528 1663 I DreamController: Stopping dream: name=ComponentInfo{com.thundercomm.screensaver/com.thundercomm.screensaver.service.SystemDream}, isTest=false, canDoze=false, userId=0, reason='finished self'(from 'request awaken')
05-24 14:02:15.073 1528 15317 I PowerManagerService: Napping display group (groupId=0, uid=1000)...
05-24 14:02:15.073 1528 15317 I PowerManagerService: Nap time (uid 1000)...
05-24 14:02:15.074 1528 1694 I DreamManagerService: Entering dreamland.
05-24 14:02:15.077 1528 1694 I PowerManagerService: Dreaming...
05-24 14:02:15.078 1528 1663 I DreamController: Starting dream: name=ComponentInfo{com.thundercomm.screensaver/com.thundercomm.screensaver.service.SystemDream}, isTest=false, canDoze=false, userId=0
05-24 14:02:15.085 1528 15317 I ActivityTaskManager: START u0 {flg=0x10000000 pkg=com.thundercomm.screensaver cmp=com.thundercomm.screensaver/android.service.dreams.DreamActivity (has extras)} from uid 10042
05-24 14:02:15.234 1528 15317 I DreamManagerService: Gently waking up from dream.
05-24 14:02:15.235 1528 1694 I PowerManagerService: Powering on display group fromDreaming (groupId=0, uid=1000, reason=WAKE_REASON_UNKNOWN, details=android.server.power:DREAM_FINISHED)...
05-24 14:02:15.235 1528 1694 I PowerManagerService: Waking up from Dreaming (uid=1000, reason=WAKE_REASON_UNKNOWN, details=android.server.power:DREAM_FINISHED)...
05-24 14:02:15.236 1528 1663 I DreamManagerService: Performing gentle wake from dream.
05-24 14:02:15.237 1528 3462 I DreamManagerService: Leaving dreamland.
05-24 14:02:15.238 1528 1663 I DreamManagerService: Performing gentle wake from dream.
05-24 14:02:15.238 1528 1663 I DreamController: Stopping dream: name=ComponentInfo{com.thundercomm.screensaver/com.thundercomm.screensaver.service.SystemDream}, isTest=false, canDoze=false, userId=0, reason='finished self'(from 'request awaken')
05-24 14:02:15.369 1528 15317 I PowerManagerService: Napping display group (groupId=0, uid=1000)...
05-24 14:02:15.369 1528 15317 I PowerManagerService: Nap time (uid 1000)...
05-24 14:02:15.370 1528 1694 I DreamManagerService: Entering dreamland.
05-24 14:02:15.371 1528 1694 I PowerManagerService: Dreaming...
05-24 14:02:15.372 1528 1663 I DreamController: Starting dream: name=ComponentInfo{com.thundercomm.screensaver/com.thundercomm.screensaver.service.SystemDream}, isTest=false, canDoze=false, userId=0
05-24 14:02:15.378 1528 15317 I ActivityTaskManager: START u0 {flg=0x10000000 pkg=com.thundercomm.screensaver cmp=com.thundercomm.screensaver/android.service.dreams.DreamActivity (has extras)} from uid 10042
05-24 14:02:15.711 0 0 I : [11907.208606] read descriptors
05-24 14:02:15.711 0 0 I : [11907.208713] read strings
05-24 14:02:16.743 0 0 I : [11908.240483] read descriptors
05-24 14:02:16.743 0 0 I : [11908.240606] read strings
05-24 14:02:17.763 0 0 I : [11909.261087] read descriptors
05-24 14:02:17.763 0 0 I : [11909.261299] read strings
05-24 14:02:18.783 0 0 I : [11910.281088] read descriptors
05-24 14:02:18.783 0 0 I : [11910.281294] read strings
05-24 14:02:19.799 0 0 I : [11911.296849] read descriptors
05-24 14:02:19.799 0 0 I : [11911.297062] read strings
05-24 14:02:20.815 0 0 I : [11912.312910] read descriptors
05-24 14:02:20.815 0 0 I : [11912.313116] read strings
05-24 14:02:21.835 0 0 I : [11913.333127] read descriptors
05-24 14:02:21.835 0 0 I : [11913.333336] read strings
05-24 14:02:22.871 0 0 I : [11914.369015] read descriptors
05-24 14:02:22.871 0 0 I : [11914.369129] read strings
05-24 14:02:23.891 0 0 I : [11915.389045] read descriptors
05-24 14:02:23.891 0 0 I : [11915.389267] read strings
05-24 14:02:24.715 13872 13872 V DreamService[SystemDream]: mActionDownY = 416.0
05-24 14:02:24.715 13872 13872 V DreamService[SystemDream]: mActionUpY = 861.0
05-24 14:02:24.907 0 0 I : [11916.405215] read descriptors
05-24 14:02:24.907 0 0 I : [11916.405538] read strings
05-24 14:02:25.572 13872 13872 V DreamService[SystemDream]: mActionDownY = 31.0
05-24 14:02:25.572 13872 13872 V DreamService[SystemDream]: mActionUpY = 1001.0
05-24 14:02:25.914 0 0 I : [11917.428576] read descriptors
05-24 14:02:25.914 0 0 I : [11917.428708] read strings
05-24 14:02:26.938 0 0 I : [11918.453741] read descriptors
05-24 14:02:26.938 0 0 I : [11918.453866] read strings
05-24 14:02:27.004 2571 21239 W ContextImpl: Calling a method in the system process without a qualified user: android.app.ContextImpl.sendBroadcast:1173 android.content.ContextWrapper.sendBroadcast:479 com.thundercomm.microsettings.action.SetTimeAction.timeUpdated:212 com.thundercomm.microsettings.action.SetTimeAction.update24HourFormat:194 com.thundercomm.microsettings.action.SetTimeAction.doActualAction:154
05-24 14:02:27.010 1528 1528 D DevicePolicyManager: updateSystemUpdateFreezePeriodsRecord
05-24 14:02:27.010 1528 1528 D ConditionProviders.SCP: onReceive android.intent.action.TIME_SET
05-24 14:02:27.011 1528 1528 D ConditionProviders.SCP: evaluateSubscriptionLocked cal=ScheduleCalendar[mDays={1, 2, 3, 4, 5, 6, 7}, mSchedule=ScheduleInfo{days=[1, 2, 3, 4, 5, 6, 7], startHour=22, startMinute=0, endHour=7, endMinute=0, exitAtAlarm=true, nextAlarm=Thu Jan 01 08:00:00 GMT+08:00 1970 (0)}], now=Wed May 24 14:02:27 GMT+08:00 2023 (1684908147010), nextUserAlarmTime=Thu Jan 01 08:00:00 GMT+08:00 1970 (0)
05-24 14:02:27.011 1528 1528 D ConditionProviders.SCP: notifyCondition condition://android/schedule?days=1.2.3.4.5.6.7&start=22.0&end=7.0&exitAtAlarm=true STATE_FALSE reason=!meetsSchedule
05-24 14:02:27.012 1528 1528 D ConditionProviders.SCP: Scheduling evaluate for Wed May 24 22:00:00 GMT+08:00 2023 (1684936800000), in +7h57m32s990ms, now=Wed May 24 14:02:27 GMT+08:00 2023 (1684908147010)
05-24 14:02:27.244 1528 15317 I ActivityTaskManager: START u0 {act=android.settings.SETTINGS flg=0x14000000 cmp=com.android.settings/.homepage.SettingsHomepageActivity} from uid 10079
05-24 14:02:27.298 0 0 W [11918.813543] audit: audit_lost=11128 audit_rate_limit=5 audit_backlog_limit=64
05-24 14:02:27.298 0 0 E [11918.813548] audit: rate limit exceeded
05-24 14:02:27.556 13872 13872 V DreamService[SystemDream]: mActionDownY = 1001.0
05-24 14:02:27.556 13872 13872 V DreamService[SystemDream]: mActionUpY = 1001.0
05-24 14:02:27.958 0 0 I : [11919.474772] read descriptors
05-24 14:02:27.958 0 0 I : [11919.474976] read strings
05-24 14:02:28.982 0 0 I : [11920.497223] read descriptors
05-24 14:02:28.983 0 0 I : [11920.497331] read strings
05-24 14:02:29.560 13872 13872 V DreamService[SystemDream]: mActionDownY = 3.0
05-24 14:02:29.560 13872 13872 V DreamService[SystemDream]: mActionUpY = 505.0
05-24 14:02:30.002 0 0 I : [11921.516413] read descriptors
05-24 14:02:30.002 0 0 I : [11921.516506] read strings
05-24 14:02:31.022 0 0 I : [11922.537600] read descriptors
05-24 14:02:31.022 0 0 I : [11922.537728] read strings
05-24 14:02:32.042 0 0 I : [11923.557164] read descriptors
05-24 14:02:32.042 0 0 I : [11923.557250] read strings
05-24 14:02:32.124 1528 22256 I ActivityTaskManager: START u0 {act=android.settings.SETTINGS flg=0x14000000 cmp=com.android.settings/.homepage.SettingsHomepageActivity} from uid 10079
05-24 14:02:32.178 0 0 W [11923.695823] audit: audit_lost=11138 audit_rate_limit=5 audit_backlog_limit=64
05-24 14:02:32.178 0 0 E [11923.695833] audit: rate limit exceeded
05-24 14:02:33.066 0 0 I : [11924.581270] read descriptors
05-24 14:02:33.066 0 0 I : [11924.581475] read strings
05-24 14:02:34.082 0 0 I : [11925.597415] read descriptors
05-24 14:02:34.082 0 0 I : [11925.597635] read strings
05-24 14:02:35.102 0 0 I : [11926.616807] read descriptors
05-24 14:02:35.102 0 0 I : [11926.617028] read strings
05-24 14:02:36.114 0 0 I : [11927.629563] read descriptors
05-24 14:02:36.114 0 0 I : [11927.629756] read strings
05-24 14:02:37.130 0 0 I : [11928.645382] read descriptors
05-24 14:02:37.130 0 0 I : [11928.645584] read strings
05-24 14:02:38.150 0 0 I : [11929.664733] read descriptors
05-24 14:02:38.150 0 0 I : [11929.664841] read strings
05-24 14:02:38.343 13872 13872 V DreamService[SystemDream]: mActionDownY = 2.0
05-24 14:02:38.343 13872 13872 V DreamService[SystemDream]: mActionUpY = 987.0
05-24 14:02:39.174 0 0 I : [11930.688770] read descriptors
05-24 14:02:39.174 0 0 I : [11930.688875] read strings
05-24 14:02:39.984 1528 2698 I ActivityTaskManager: START u0 {act=android.settings.SETTINGS flg=0x14000000 cmp=com.android.settings/.homepage.SettingsHomepageActivity} from uid 10079
05-24 14:02:40.026 0 0 W [11931.544039] audit: audit_lost=11146 audit_rate_limit=5 audit_backlog_limit=64
05-24 14:02:40.026 0 0 E [11931.544042] audit: rate limit exceeded
05-24 14:02:40.198 0 0 I : [11931.712969] read descriptors
05-24 14:02:40.198 0 0 I : [11931.713178] read strings
05-24 14:02:41.218 0 0 I : [11932.733836] read descriptors
05-24 14:02:41.218 0 0 I : [11932.734039] read strings
05-24 14:02:41.552 1528 1801 D ActivityManager: freezing 17095 com.android.settings.intelligence
05-24 14:02:41.553 1528 1801 E ActivityManager: Unable to freeze binder for 17095 com.android.settings.intelligence
05-24 14:02:41.554 0 0 I [11933.070669] binder: 1528:1801 ioctl 400c620e 6e510eb5d8 returned -22
05-24 14:02:41.554 1528 1801 D ActivityManager: froze 17095 com.android.settings.intelligence
05-24 14:02:41.555 1528 1801 E ActivityManager: Unable to freeze binder for 17095 com.android.settings.intelligence
05-24 14:02:41.556 1528 1801 I ActivityManager: Killing 17095:com.android.settings.intelligence/u0a61 (adj 955): Unable to freeze binder interface
05-24 14:02:41.558 0 0 I [11933.072750] binder: 1528:1801 ioctl c00c620f 6e510eb5b8 returned -22
05-24 14:02:41.615 1528 1666 W ActivityManager: setHasOverlayUi called on unknown pid: 17095
05-24 14:02:42.254 0 0 I : [11933.768718] read descriptors
05-24 14:02:42.254 0 0 I : [11933.768826] read strings
05-24 14:02:43.274 0 0 I : [11934.789264] read descriptors
05-24 14:02:43.274 0 0 I : [11934.789467] read strings
05-24 14:02:44.294 0 0 I : [11935.809006] read descriptors
05-24 14:02:44.294 0 0 I : [11935.809215] read strings
05-24 14:02:45.310 0 0 I : [11936.825224] read descriptors
05-24 14:02:45.310 0 0 I : [11936.825436] read strings
05-24 14:02:46.330 0 0 I : [11937.844923] read descriptors
05-24 14:02:46.330 0 0 I : [11937.845132] read strings
05-24 14:02:47.342 0 0 I : [11938.857360] read descriptors
05-24 14:02:47.342 0 0 I : [11938.857565] read strings
05-24 14:02:48.358 0 0 I : [11939.872845] read descriptors
05-24 14:02:48.358 0 0 I : [11939.873116] read strings
05-24 14:02:49.378 0 0 I : [11940.893223] read descriptors
05-24 14:02:49.378 0 0 I : [11940.893434] read strings
05-24 14:02:50.398 0 0 I : [11941.912981] read descriptors
05-24 14:02:50.398 0 0 I : [11941.913191] read strings
05-24 14:02:51.418 0 0 I : [11942.932852] read descriptors
05-24 14:02:51.418 0 0 I : [11942.933053] read strings
05-24 14:02:52.434 0 0 I : [11943.952562] read descriptors
05-24 14:02:52.435 0 0 I : [11943.952734] read strings
05-24 14:02:53.458 0 0 I : [11944.972869] read descriptors
05-24 14:02:53.458 0 0 I : [11944.973074] read strings
05-24 14:02:54.518 0 0 I : [11946.032591] read descriptors
05-24 14:02:54.518 0 0 I : [11946.032693] read strings
05-24 14:02:55.538 0 0 I : [11947.053401] read descriptors
05-24 14:02:55.538 0 0 I : [11947.053601] read strings
05-24 14:02:56.558 0 0 I : [11948.073089] read descriptors
05-24 14:02:56.558 0 0 I : [11948.073282] read strings
05-24 14:02:57.582 0 0 I : [11949.096741] read descriptors
05-24 14:02:57.582 0 0 I : [11949.096954] read strings
05-24 14:02:58.598 0 0 I : [11950.113126] read descriptors
05-24 14:02:58.598 0 0 I : [11950.113331] read strings
05-24 14:02:59.618 0 0 I : [11951.132866] read descriptors
05-24 14:02:59.619 0 0 I : [11951.133077] read strings
05-24 14:03:00.666 0 0 I : [11952.180463] read descriptors
05-24 14:03:00.666 0 0 I : [11952.180549] read strings
05-24 14:03:01.686 0 0 I : [11953.201087] read descriptors
05-24 14:03:01.686 0 0 I : [11953.201295] read strings
05-24 14:03:02.706 0 0 I : [11954.220943] read descriptors
05-24 14:03:02.706 0 0 I : [11954.221152] read strings
05-24 14:03:03.722 0 0 I : [11955.236866] read descriptors
05-24 14:03:03.722 0 0 I : [11955.237069] read strings
05-24 14:03:04.734 0 0 I : [11956.248697] read descriptors
05-24 14:03:04.734 0 0 I : [11956.248845] read strings
05-24 14:03:05.750 0 0 I : [11957.264812] read descriptors
05-24 14:03:05.750 0 0 I : [11957.265018] read strings
05-24 14:03:06.766 0 0 I : [11958.280782] read descriptors
05-24 14:03:06.766 0 0 I : [11958.280896] read strings
05-24 14:03:07.790 0 0 I : [11959.304779] read descriptors
05-24 14:03:07.790 0 0 I : [11959.304992] read strings
05-24 14:03:08.503 1528 1675 W ActivityManager: Stopping service due to app idle: u0a95 -1m30s29ms com.taptap/com.aliyun.ams.emas.push.MsgService
05-24 14:03:08.806 0 0 I : [11960.321800] read descriptors
05-24 14:03:08.806 0 0 I : [11960.322003] read strings
05-24 14:03:09.826 0 0 I : [11961.341095] read descriptors
05-24 14:03:09.826 0 0 I : [11961.341310] read strings
05-24 14:03:10.850 0 0 I : [11962.365198] read descriptors
05-24 14:03:10.850 0 0 I : [11962.365398] read strings
05-24 14:03:11.870 0 0 I : [11963.385817] read descriptors
05-24 14:03:11.870 0 0 I : [11963.386027] read strings
05-24 14:03:12.890 0 0 I : [11964.404932] read descriptors
05-24 14:03:12.890 0 0 I : [11964.405188] read strings
05-24 14:03:13.910 0 0 I : [11965.424828] read descriptors
05-24 14:03:13.910 0 0 I : [11965.425036] read strings
05-24 14:03:14.930 0 0 I : [11966.445131] read descriptors
05-24 14:03:14.930 0 0 I : [11966.445340] read strings
05-24 14:03:15.950 0 0 I : [11967.465503] read descriptors
05-24 14:03:15.950 0 0 I : [11967.465705] read strings
05-24 14:03:16.970 0 0 I : [11968.485012] read descriptors
05-24 14:03:16.970 0 0 I : [11968.485235] read strings
05-24 14:03:17.994 0 0 I : [11969.509412] read descriptors
05-24 14:03:17.994 0 0 I : [11969.509622] read strings
05-24 14:03:19.018 0 0 I : [11970.532837] read descriptors
05-24 14:03:19.018 0 0 I : [11970.533031] read strings
05-24 14:03:19.694 13872 13872 V DreamService[SystemDream]: mActionDownY = 339.0
05-24 14:03:19.694 13872 13872 V DreamService[SystemDream]: mActionUpY = 365.0
05-24 14:03:19.923 13872 13872 V DreamService[SystemDream]: mActionDownY = 546.0
05-24 14:03:19.923 13872 13872 V DreamService[SystemDream]: mActionUpY = 546.0
05-24 14:03:20.038 0 0 I : [11971.552903] read descriptors
05-24 14:03:20.038 0 0 I : [11971.553023] read strings
05-24 14:03:20.095 13872 13872 V DreamService[SystemDream]: mActionDownY = 591.0
05-24 14:03:20.095 13872 13872 V DreamService[SystemDream]: mActionUpY = 591.0
05-24 14:03:20.256 13872 13872 V DreamService[SystemDream]: mActionDownY = 553.0
05-24 14:03:20.256 13872 13872 V DreamService[SystemDream]: mActionUpY = 567.0
05-24 14:03:21.058 0 0 I : [11972.572577] read descriptors
05-24 14:03:21.058 0 0 I : [11972.572710] read strings
05-24 14:03:21.123 13872 13872 V DreamService[SystemDream]: mActionDownY = 804.0
05-24 14:03:21.123 13872 13872 V DreamService[SystemDream]: mActionUpY = 761.0
05-24 14:03:21.671 13872 13872 V DreamService[SystemDream]: mActionDownY = 6.0
05-24 14:03:21.671 13872 13872 V DreamService[SystemDream]: mActionUpY = 895.0
05-24 14:03:22.082 0 0 I : [11973.597023] read descriptors
05-24 14:03:22.082 0 0 I : [11973.597109] read strings
05-24 14:03:23.102 0 0 I : [11974.616523] read descriptors
05-24 14:03:23.102 0 0 I : [11974.616683] read strings
05-24 14:03:24.126 0 0 I : [11975.641808] read descriptors
05-24 14:03:24.126 0 0 I : [11975.641933] read strings
05-24 14:03:24.382 0 0 W [11975.898615] audit: audit_lost=11152 audit_rate_limit=5 audit_backlog_limit=64
05-24 14:03:24.382 0 0 E [11975.898619] audit: rate limit exceeded
05-24 14:03:24.889 13872 13872 V DreamService[SystemDream]: mActionDownY = 644.0
05-24 14:03:24.889 13872 13872 V DreamService[SystemDream]: mActionUpY = 638.0
05-24 14:03:25.146 0 0 I : [11976.660429] read descriptors
05-24 14:03:25.146 0 0 I : [11976.660513] read strings
05-24 14:03:25.242 13872 13872 V DreamService[SystemDream]: mActionDownY = 654.0
05-24 14:03:25.242 13872 13872 V DreamService[SystemDream]: mActionUpY = 629.0
05-24 14:03:25.596 13872 13872 V DreamService[SystemDream]: mActionDownY = 654.0
05-24 14:03:25.596 13872 13872 V DreamService[SystemDream]: mActionUpY = 714.0
05-24 14:03:25.884 13872 13872 V DreamService[SystemDream]: mActionDownY = 799.0
05-24 14:03:25.884 13872 13872 V DreamService[SystemDream]: mActionUpY = 725.0
05-24 14:03:26.162 0 0 I : [11977.676517] read descriptors
05-24 14:03:26.162 0 0 I : [11977.676627] read strings
05-24 14:03:26.227 13872 13872 V DreamService[SystemDream]: mActionDownY = 752.0
05-24 14:03:26.227 13872 13872 V DreamService[SystemDream]: mActionUpY = 708.0
05-24 14:03:26.638 13872 13872 V DreamService[SystemDream]: mActionDownY = 919.0
05-24 14:03:26.638 13872 13872 V DreamService[SystemDream]: mActionUpY = 534.0
05-24 14:03:26.960 13872 13872 V DreamService[SystemDream]: mActionDownY = 584.0
05-24 14:03:26.960 13872 13872 V DreamService[SystemDream]: mActionUpY = 872.0
05-24 14:03:27.174 0 0 I : [11978.688455] read descriptors
05-24 14:03:27.174 0 0 I : [11978.688566] read strings
05-24 14:03:27.940 13872 13872 V DreamService[SystemDream]: mActionDownY = 845.0
05-24 14:03:27.940 13872 13872 V DreamService[SystemDream]: mActionUpY = 693.0
05-24 14:03:28.096 13872 13872 V DreamService[SystemDream]: mActionDownY = 778.0
05-24 14:03:28.096 13872 13872 V DreamService[SystemDream]: mActionUpY = 409.0
05-24 14:03:28.194 0 0 I : [11979.708509] read descriptors
05-24 14:03:28.194 0 0 I : [11979.708638] read strings
05-24 14:03:28.587 13872 13872 V DreamService[SystemDream]: mActionDownY = 797.0
05-24 14:03:28.587 13872 13872 V DreamService[SystemDream]: mActionUpY = 850.36896
05-24 14:03:29.083 13872 13872 V DreamService[SystemDream]: mActionDownY = 666.0
05-24 14:03:29.083 13872 13872 V DreamService[SystemDream]: mActionUpY = 291.0
05-24 14:03:29.210 0 0 I : [11980.724551] read descriptors
05-24 14:03:29.210 0 0 I : [11980.724677] read strings
05-24 14:03:29.511 13872 13872 V DreamService[SystemDream]: mActionDownY = 395.0
05-24 14:03:29.511 13872 13872 V DreamService[SystemDream]: mActionUpY = 414.0
05-24 14:03:29.982 13872 13872 V DreamService[SystemDream]: mActionDownY = 433.0
05-24 14:03:29.982 13872 13872 V DreamService[SystemDream]: mActionUpY = 522.0
05-24 14:03:30.230 0 0 I : [11981.745004] read descriptors
05-24 14:03:30.230 0 0 I : [11981.745196] read strings
05-24 14:03:30.816 13872 13872 V DreamService[SystemDream]: mActionDownY = 622.0
05-24 14:03:30.816 13872 13872 V DreamService[SystemDream]: mActionUpY = 613.0
05-24 14:03:31.254 0 0 I : [11982.768657] read descriptors
05-24 14:03:31.254 0 0 I : [11982.768744] read strings
05-24 14:03:32.270 0 0 I : [11983.784579] read descriptors
05-24 14:03:32.270 0 0 I : [11983.784690] read strings
05-24 14:03:32.806 13872 13872 V DreamService[SystemDream]: mActionDownY = 622.0
05-24 14:03:32.806 13872 13872 V DreamService[SystemDream]: mActionUpY = 547.0
05-24 14:03:33.128 13872 13872 V DreamService[SystemDream]: mActionDownY = 678.0
05-24 14:03:33.128 13872 13872 V DreamService[SystemDream]: mActionUpY = 562.0
05-24 14:03:33.294 0 0 I : [11984.808770] read descriptors
05-24 14:03:33.294 0 0 I : [11984.808976] read strings
05-24 14:03:34.310 0 0 I : [11985.824869] read descriptors
05-24 14:03:34.310 0 0 I : [11985.825067] read strings
05-24 14:03:35.334 0 0 I : [11986.849393] read descriptors
05-24 14:03:35.334 0 0 I : [11986.849613] read strings
05-24 14:03:36.358 0 0 I : [11987.873096] read descriptors
05-24 14:03:36.358 0 0 I : [11987.873298] read strings
05-24 14:03:37.382 0 0 I : [11988.896859] read descriptors
05-24 14:03:37.382 0 0 I : [11988.897073] read strings
05-24 14:03:38.402 0 0 I : [11989.916879] read descriptors
05-24 14:03:38.402 0 0 I : [11989.917078] read strings
05-24 14:03:39.422 0 0 I : [11990.937212] read descriptors
05-24 14:03:39.422 0 0 I : [11990.937424] read strings
05-24 14:03:39.830 1528 1657 I DreamManagerService: Gently waking up from dream.
05-24 14:03:39.832 1528 1694 I PowerManagerService: Powering on display group fromDreaming (groupId=0, uid=1000, reason=WAKE_REASON_UNKNOWN, details=android.server.power:DREAM_FINISHED)...
05-24 14:03:39.832 1528 1694 I PowerManagerService: Waking up from Dreaming (uid=1000, reason=WAKE_REASON_UNKNOWN, details=android.server.power:DREAM_FINISHED)...
05-24 14:03:39.833 1528 1663 I DreamManagerService: Performing gentle wake from dream.
05-24 14:03:39.835 1528 1657 I DreamManagerService: Leaving dreamland.
05-24 14:03:39.842 1528 1663 I DreamManagerService: Performing gentle wake from dream.
05-24 14:03:39.843 1528 1663 I DreamController: Stopping dream: name=ComponentInfo{com.thundercomm.screensaver/com.thundercomm.screensaver.service.SystemDream}, isTest=false, canDoze=false, userId=0, reason='finished self'(from 'request awaken')
05-24 14:03:39.848 1528 1657 I PowerManagerService: Napping display group (groupId=0, uid=1000)...
05-24 14:03:39.848 1528 1657 I PowerManagerService: Nap time (uid 1000)...
05-24 14:03:39.849 1528 1694 I DreamManagerService: Entering dreamland.
05-24 14:03:39.850 1528 1694 I PowerManagerService: Dreaming...
05-24 14:03:39.853 1528 1663 I DreamController: Starting dream: name=ComponentInfo{com.thundercomm.screensaver/com.thundercomm.screensaver.service.SystemDream}, isTest=false, canDoze=false, userId=0
05-24 14:03:39.862 1528 2249 I ActivityTaskManager: START u0 {flg=0x10000000 pkg=com.thundercomm.screensaver cmp=com.thundercomm.screensaver/android.service.dreams.DreamActivity (has extras)} from uid 10042
05-24 14:03:40.014 1528 1657 I DreamManagerService: Gently waking up from dream.
05-24 14:03:40.015 1528 1663 I DreamManagerService: Performing gentle wake from dream.
05-24 14:03:40.015 1528 1694 I PowerManagerService: Powering on display group fromDreaming (groupId=0, uid=1000, reason=WAKE_REASON_UNKNOWN, details=android.server.power:DREAM_FINISHED)...
05-24 14:03:40.015 1528 1694 I PowerManagerService: Waking up from Dreaming (uid=1000, reason=WAKE_REASON_UNKNOWN, details=android.server.power:DREAM_FINISHED)...
05-24 14:03:40.015 1528 2249 I DreamManagerService: Leaving dreamland.
05-24 14:03:40.017 1528 1663 I DreamManagerService: Performing gentle wake from dream.
05-24 14:03:40.017 1528 1663 I DreamController: Stopping dream: name=ComponentInfo{com.thundercomm.screensaver/com.thundercomm.screensaver.service.SystemDream}, isTest=false, canDoze=false, userId=0, reason='finished self'(from 'request awaken')
05-24 14:03:40.169 1528 1657 I PowerManagerService: Napping display group (groupId=0, uid=1000)...
05-24 14:03:40.169 1528 1657 I PowerManagerService: Nap time (uid 1000)...
05-24 14:03:40.170 1528 1694 I DreamManagerService: Entering dreamland.
05-24 14:03:40.171 1528 1694 I PowerManagerService: Dreaming...
05-24 14:03:40.173 1528 1663 I DreamController: Starting dream: name=ComponentInfo{com.thundercomm.screensaver/com.thundercomm.screensaver.service.SystemDream}, isTest=false, canDoze=false, userId=0
05-24 14:03:40.179 1528 1657 I ActivityTaskManager: START u0 {flg=0x10000000 pkg=com.thundercomm.screensaver cmp=com.thundercomm.screensaver/android.service.dreams.DreamActivity (has extras)} from uid 10042
05-24 14:03:40.346 1528 2682 I DreamManagerService: Gently waking up from dream.
05-24 14:03:40.347 1528 1694 I PowerManagerService: Powering on display group fromDreaming (groupId=0, uid=1000, reason=WAKE_REASON_UNKNOWN, details=android.server.power:DREAM_FINISHED)...
05-24 14:03:40.347 1528 1694 I PowerManagerService: Waking up from Dreaming (uid=1000, reason=WAKE_REASON_UNKNOWN, details=android.server.power:DREAM_FINISHED)...
05-24 14:03:40.348 1528 1663 I DreamManagerService: Performing gentle wake from dream.
05-24 14:03:40.349 1528 2682 I DreamManagerService: Leaving dreamland.
05-24 14:03:40.352 1528 1663 I DreamManagerService: Performing gentle wake from dream.
05-24 14:03:40.352 1528 1663 I DreamController: Stopping dream: name=ComponentInfo{com.thundercomm.screensaver/com.thundercomm.screensaver.service.SystemDream}, isTest=false, canDoze=false, userId=0, reason='finished self'(from 'request awaken')
05-24 14:03:40.442 0 0 I : [11991.957507] read descriptors
05-24 14:03:40.442 0 0 I : [11991.957708] read strings
05-24 14:03:40.516 1528 2682 I PowerManagerService: Napping display group (groupId=0, uid=1000)...
05-24 14:03:40.516 1528 2682 I PowerManagerService: Nap time (uid 1000)...
05-24 14:03:40.518 1528 1694 I DreamManagerService: Entering dreamland.
05-24 14:03:40.520 1528 1694 I PowerManagerService: Dreaming...
05-24 14:03:40.525 1528 1663 I DreamController: Starting dream: name=ComponentInfo{com.thundercomm.screensaver/com.thundercomm.screensaver.service.SystemDream}, isTest=false, canDoze=false, userId=0
05-24 14:03:40.532 1528 2682 I ActivityTaskManager: START u0 {flg=0x10000000 pkg=com.thundercomm.screensaver cmp=com.thundercomm.screensaver/android.service.dreams.DreamActivity (has extras)} from uid 10042
05-24 14:03:40.662 1528 2249 I DreamManagerService: Gently waking up from dream.
05-24 14:03:40.663 1528 1663 I DreamManagerService: Performing gentle wake from dream.
05-24 14:03:40.663 1528 1694 I PowerManagerService: Powering on display group fromDreaming (groupId=0, uid=1000, reason=WAKE_REASON_UNKNOWN, details=android.server.power:DREAM_FINISHED)...
05-24 14:03:40.663 1528 1694 I PowerManagerService: Waking up from Dreaming (uid=1000, reason=WAKE_REASON_UNKNOWN, details=android.server.power:DREAM_FINISHED)...
05-24 14:03:40.664 1528 2682 I DreamManagerService: Leaving dreamland.
05-24 14:03:40.674 1528 1663 I DreamManagerService: Performing gentle wake from dream.
05-24 14:03:40.674 1528 1663 I DreamController: Stopping dream: name=ComponentInfo{com.thundercomm.screensaver/com.thundercomm.screensaver.service.SystemDream}, isTest=false, canDoze=false, userId=0, reason='finished self'(from 'request awaken')
05-24 14:03:40.831 1528 2682 I PowerManagerService: Napping display group (groupId=0, uid=1000)...
05-24 14:03:40.831 1528 2682 I PowerManagerService: Nap time (uid 1000)...
05-24 14:03:40.833 1528 1694 I DreamManagerService: Entering dreamland.
05-24 14:03:40.834 1528 1694 I PowerManagerService: Dreaming...
05-24 14:03:40.836 1528 1663 I DreamController: Starting dream: name=ComponentInfo{com.thundercomm.screensaver/com.thundercomm.screensaver.service.SystemDream}, isTest=false, canDoze=false, userId=0
05-24 14:03:40.842 1528 2249 I ActivityTaskManager: START u0 {flg=0x10000000 pkg=com.thundercomm.screensaver cmp=com.thundercomm.screensaver/android.service.dreams.DreamActivity (has extras)} from uid 10042
05-24 14:03:41.010 1528 2249 I DreamManagerService: Gently waking up from dream.
05-24 14:03:41.011 1528 1663 I DreamManagerService: Performing gentle wake from dream.
05-24 14:03:41.011 1528 2249 I DreamManagerService: Leaving dreamland.
05-24 14:03:41.012 1528 1663 I DreamManagerService: Performing gentle wake from dream.
05-24 14:03:41.012 1528 1694 I PowerManagerService: Powering on display group fromDreaming (groupId=0, uid=1000, reason=WAKE_REASON_UNKNOWN, details=android.server.power:DREAM_FINISHED)...
05-24 14:03:41.012 1528 1663 I DreamController: Stopping dream: name=ComponentInfo{com.thundercomm.screensaver/com.thundercomm.screensaver.service.SystemDream}, isTest=false, canDoze=false, userId=0, reason='finished self'(from 'request awaken')
05-24 14:03:41.012 1528 1694 I PowerManagerService: Waking up from Dreaming (uid=1000, reason=WAKE_REASON_UNKNOWN, details=android.server.power:DREAM_FINISHED)...
05-24 14:03:41.170 1528 2249 I PowerManagerService: Napping display group (groupId=0, uid=1000)...
05-24 14:03:41.170 1528 2249 I PowerManagerService: Nap time (uid 1000)...
05-24 14:03:41.172 1528 1694 I DreamManagerService: Entering dreamland.
05-24 14:03:41.173 1528 1694 I PowerManagerService: Dreaming...
05-24 14:03:41.187 1528 1663 I DreamController: Starting dream: name=ComponentInfo{com.thundercomm.screensaver/com.thundercomm.screensaver.service.SystemDream}, isTest=false, canDoze=false, userId=0
05-24 14:03:41.195 1528 2249 I ActivityTaskManager: START u0 {flg=0x10000000 pkg=com.thundercomm.screensaver cmp=com.thundercomm.screensaver/android.service.dreams.DreamActivity (has extras)} from uid 10042
05-24 14:03:41.373 1528 2682 I DreamManagerService: Gently waking up from dream.
05-24 14:03:41.375 1528 1663 I DreamManagerService: Performing gentle wake from dream.
05-24 14:03:41.375 1528 1694 I PowerManagerService: Powering on display group fromDreaming (groupId=0, uid=1000, reason=WAKE_REASON_UNKNOWN, details=android.server.power:DREAM_FINISHED)...
05-24 14:03:41.375 1528 1694 I PowerManagerService: Waking up from Dreaming (uid=1000, reason=WAKE_REASON_UNKNOWN, details=android.server.power:DREAM_FINISHED)...
05-24 14:03:41.376 1528 2682 I DreamManagerService: Leaving dreamland.
05-24 14:03:41.379 1528 1663 I DreamManagerService: Performing gentle wake from dream.
05-24 14:03:41.379 1528 1663 I DreamController: Stopping dream: name=ComponentInfo{com.thundercomm.screensaver/com.thundercomm.screensaver.service.SystemDream}, isTest=false, canDoze=false, userId=0, reason='finished self'(from 'request awaken')
05-24 14:03:41.458 0 0 I : [11992.972933] read descriptors
05-24 14:03:41.458 0 0 I : [11992.973146] read strings
05-24 14:03:41.849 1528 2682 I PowerManagerService: Napping display group (groupId=0, uid=1000)...
05-24 14:03:41.849 1528 2682 I PowerManagerService: Nap time (uid 1000)...
05-24 14:03:41.850 1528 1694 I DreamManagerService: Entering dreamland.
05-24 14:03:41.851 1528 1694 I PowerManagerService: Dreaming...
05-24 14:03:41.853 1528 1663 I DreamController: Starting dream: name=ComponentInfo{com.thundercomm.screensaver/com.thundercomm.screensaver.service.SystemDream}, isTest=false, canDoze=false, userId=0
05-24 14:03:41.860 1528 2682 I ActivityTaskManager: START u0 {flg=0x10000000 pkg=com.thundercomm.screensaver cmp=com.thundercomm.screensaver/android.service.dreams.DreamActivity (has extras)} from uid 10042
05-24 14:03:42.476 0 0 I : [11993.993003] read descriptors
05-24 14:03:42.476 0 0 I : [11993.993207] read strings
05-24 14:03:43.498 0 0 I : [11995.013009] read descriptors
05-24 14:03:43.500 0 0 I : [11995.013218] read strings
05-24 14:03:44.522 0 0 I : [11996.036953] read descriptors
05-24 14:03:44.522 0 0 I : [11996.037153] read strings
05-24 14:03:45.538 0 0 I : [11997.052966] read descriptors
05-24 14:03:45.538 0 0 I : [11997.053098] read strings
05-24 14:03:46.558 0 0 I : [11998.072733] read descriptors
05-24 14:03:46.558 0 0 I : [11998.072838] read strings
05-24 14:03:46.572 13872 13872 V DreamService[SystemDream]: mActionDownY = 511.0
05-24 14:03:46.572 13872 13872 V DreamService[SystemDream]: mActionUpY = 532.0
05-24 14:03:46.891 13872 13872 V DreamService[SystemDream]: mActionDownY = 314.0
05-24 14:03:46.891 13872 13872 V DreamService[SystemDream]: mActionUpY = 620.0
05-24 14:03:47.065 13872 13872 V DreamService[SystemDream]: mActionDownY = 372.0
05-24 14:03:47.065 13872 13872 V DreamService[SystemDream]: mActionUpY = 596.0
05-24 14:03:47.283 13872 13872 V DreamService[SystemDream]: mActionDownY = 425.0
05-24 14:03:47.283 13872 13872 V DreamService[SystemDream]: mActionUpY = 555.0
05-24 14:03:47.582 0 0 I : [11999.096463] read descriptors
05-24 14:03:47.582 0 0 I : [11999.096552] read strings
05-24 14:03:48.152 13872 13872 V DreamService[SystemDream]: mActionDownY = 388.0
05-24 14:03:48.152 13872 13872 V DreamService[SystemDream]: mActionUpY = 533.0
05-24 14:03:48.598 0 0 I : [12000.113071] read descriptors
05-24 14:03:48.598 0 0 I : [12000.113280] read strings
05-24 14:03:49.373 13872 13872 V DreamService[SystemDream]: mActionDownY = 490.0
05-24 14:03:49.373 13872 13872 V DreamService[SystemDream]: mActionUpY = 567.0
05-24 14:03:49.598 13872 13872 V DreamService[SystemDream]: mActionDownY = 484.0
05-24 14:03:49.598 13872 13872 V DreamService[SystemDream]: mActionUpY = 528.0
05-24 14:03:49.618 0 0 I : [12001.132517] read descriptors
05-24 14:03:49.618 0 0 I : [12001.132631] read strings
05-24 14:03:50.638 0 0 I : [12002.153583] read descriptors
05-24 14:03:50.638 0 0 I : [12002.153840] read strings
05-24 14:03:51.654 0 0 I : [12003.168803] read descriptors
05-24 14:03:51.654 0 0 I : [12003.168921] read strings
05-24 14:03:52.666 0 0 I : [12004.181339] read descriptors
05-24 14:03:52.666 0 0 I : [12004.181555] read strings
05-24 14:03:53.682 0 0 I : [12005.197453] read descriptors
05-24 14:03:53.682 0 0 I : [12005.197660] read strings
05-24 14:03:54.714 0 0 I : [12006.229251] read descriptors
05-24 14:03:54.714 0 0 I : [12006.229471] read strings
05-24 14:03:55.738 0 0 I : [12007.253270] read descriptors
05-24 14:03:55.738 0 0 I : [12007.253376] read strings
05-24 14:03:56.774 0 0 I : [12008.289004] read descriptors
05-24 14:03:56.774 0 0 I : [12008.289104] read strings
05-24 14:03:57.798 0 0 I : [12009.309104] read descriptors
05-24 14:03:57.798 0 0 I : [12009.309233] read strings
05-24 14:03:58.810 0 0 I : [12010.325582] read descriptors
05-24 14:03:58.810 0 0 I : [12010.325783] read strings
05-24 14:03:59.842 0 0 I : [12011.356991] read descriptors
05-24 14:03:59.842 0 0 I : [12011.357117] read strings
05-24 14:04:00.858 0 0 I : [12012.373594] read descriptors
05-24 14:04:00.858 0 0 I : [12012.373805] read strings
05-24 14:04:01.882 0 0 I : [12013.397399] read descriptors
05-24 14:04:01.882 0 0 I : [12013.397604] read strings
05-24 14:04:02.906 0 0 I : [12014.420628] read descriptors
05-24 14:04:02.906 0 0 I : [12014.420723] read strings
05-24 14:04:03.335 1528 1674 I UsageStatsService: User[0] Flushing usage stats to disk
05-24 14:04:03.934 0 0 I : [12015.448959] read descriptors
05-24 14:04:03.934 0 0 I : [12015.449085] read strings
05-24 14:04:04.950 0 0 I : [12016.464782] read descriptors
05-24 14:04:04.950 0 0 I : [12016.464989] read strings
05-24 14:04:05.974 0 0 I : [12017.489496] read descriptors
05-24 14:04:05.974 0 0 I : [12017.489621] read strings
05-24 14:04:06.998 0 0 I : [12018.513126] read descriptors
05-24 14:04:06.998 0 0 I : [12018.513327] read strings
05-24 14:04:08.018 0 0 I : [12019.533416] read descriptors
05-24 14:04:08.018 0 0 I : [12019.533614] read strings
05-24 14:04:09.034 0 0 I : [12020.549260] read descriptors
05-24 14:04:09.034 0 0 I : [12020.549477] read strings
05-24 14:04:10.050 0 0 I : [12021.565117] read descriptors
05-24 14:04:10.050 0 0 I : [12021.565319] read strings
05-24 14:04:10.610 13872 13872 V DreamService[SystemDream]: mActionDownY = 7.0
05-24 14:04:10.610 13872 13872 V DreamService[SystemDream]: mActionUpY = 954.0
05-24 14:04:11.070 0 0 I : [12022.584563] read descriptors
05-24 14:04:11.070 0 0 I : [12022.584698] read strings
05-24 14:04:12.082 0 0 I : [12023.596520] read descriptors
05-24 14:04:12.082 0 0 I : [12023.596606] read strings
05-24 14:04:13.106 0 0 I : [12024.621845] read descriptors
05-24 14:04:13.106 0 0 I : [12024.621941] read strings
05-24 14:04:13.136 1528 1657 D CompatibilityChangeReporter: Compat change id reported: 183164979; UID 10079; state: ENABLED
05-24 14:04:13.322 0 0 I [12024.839474] [schedu][0x35c46b2434][14: 04:13.321692] wlan: [2025:I:OSIF] scan start scan id 41047
05-24 14:04:14.146 0 0 I : [12025.660589] read descriptors
05-24 14:04:14.146 0 0 I : [12025.660709] read strings
05-24 14:04:14.898 0 0 I [12026.412928] [schedu][0x35c63819cb][14: 04:14.895100] wlan: [2025:I:OSIF] vdev 0, scan id 41047 type COMPLETED(1) reason COMPLETED(1) scan found 25 bss
05-24 14:04:15.166 0 0 I : [12026.681529] read descriptors
05-24 14:04:15.166 0 0 I : [12026.681724] read strings
05-24 14:04:16.186 0 0 I : [12027.701187] read descriptors
05-24 14:04:16.186 0 0 I : [12027.701381] read strings
05-24 14:04:16.802 0 0 E [12028.319919] [wifi@1][0x35c866cf31][14: 04:16.802158] wlan: [847:E:QDF] Cannot malloc 0 bytes @ csr_get_cfg_max_tx_power:14199
05-24 14:04:16.803 0 0 E [12028.320386] [wifi@1][0x35c866f2b3][14: 04:16.802632] wlan: [847:E:QDF] Cannot malloc 0 bytes @ csr_get_cfg_max_tx_power:14199
05-24 14:04:16.806 0 0 I [12028.321511] [schedu][0x35c867471c][14: 04:16.803757] wlan: [2025:I:WMI] LFR3:OKC enabled
05-24 14:04:16.806 0 0 I [12028.321520] [schedu][0x35c86747d5][14: 04:16.803767] wlan: [2025:I:WMI] LFR3:PMKSA caching enabled
05-24 14:04:16.806 0 0 I [12028.321963] [schedu][0x35c86768ff][14: 04:16.804209] wlan: [2025:I:WMI] LFR3:OKC enabled
05-24 14:04:16.806 0 0 I [12028.321970] [schedu][0x35c86769a7][14: 04:16.804218] wlan: [2025:I:WMI] LFR3:PMKSA caching enabled
05-24 14:04:16.822 0 0 I [12028.339199] [wpa_su][0x35c86c757f][14: 04:16.821442] wlan: [3002:I:HDD] wlan0(vdevid-0): Received Disconnect reason:3 WLAN_REASON_DEAUTH_LEAVING
05-24 14:04:16.822 0 0 I [12028.339622] [schedu][0x35c86c9574][14: 04:16.821868] wlan: [2025:I:PE] Deauth TX: vdev 0 seq_num 2492 reason 3 waitForAck 1 to 0a:29:b0:f5:50:32 from 52:0b:87:ab:c5:c7
05-24 14:04:16.938 0 0 I [12028.453001] [schedu][0x35c88dcc36][14: 04:16.935239] wlan: [2025:I:HDD] wlan0(vdevid-0): disconnected
05-24 14:04:16.938 0 0 I [12028.453028] [schedu][0x35c88dcec1][14: 04:16.935272] wlan: [2025:I:DP] dp_tx_flow_pool_unmap_handler: flow_id 0 flow_type 0 flow_pool_id 0
05-24 14:04:16.938 0 0 I [12028.455227] [wpa_su][0x35c88e734e][14: 04:16.937467] wlan: [3002:I:HDD] Disconnect reason: 3 WLAN_REASON_DEAUTH_LEAVING vendor: 0 LG: 1
05-24 14:04:17.069 0 0 I [12028.586474] [schedu][0x35c8b4e654][14: 04:17.068707] wlan: [2025:I:HIF] Deinitializing Runtime PM wakelock &vdev->vdev_set_key_runtime_wakelock
05-24 14:04:17.070 0 0 I [12028.588110] [schedu][0x35c8b56183][14: 04:17.070350] wlan: [2025:I:HIF] Initializing Runtime PM wakelock &vdev->vdev_set_key_runtime_wakelock
05-24 14:04:17.084 847 847 D android.hardware.wifi@1.0-service: Successfully SetMacAddress.
05-24 14:04:17.086 0 0 I [12028.603068] [wifi@1][0x35c8b9c3cd][14: 04:17.085313] wlan: [847:I:DP] dp_vdev_attach_wifi3: wlan_cfg_ap_bridge_enabled 0
05-24 14:04:17.095 0 0 I [12028.606247] IPv6: ADDRCONF(NETDEV_UP): wlan0: link is not ready
05-24 14:04:17.095 0 0 W [12028.608312] cnss-daemon: Invalid mac address
05-24 14:04:17.095 0 0 W [12028.608367] cnss-daemon: failed to update gateway
05-24 14:04:17.098 0 0 E [12028.615362] [wifi@1][0x35c8bd5ddb][14: 04:17.097607] wlan: [2964:E:wifipos] wifi_pos_process_app_reg_req: 608: Received App Req Req pid(-1639972017), len(16)
05-24 14:04:17.100 0 0 I [12028.615820] [wifi@1][0x35c8bd801e][14: 04:17.098064] wlan: [2964:I:wifipos] wifi_pos_get_ch_info: 461: num channels: 26
05-24 14:04:17.100 0 0 I [12028.616294] [wifi@1][0x35c8bda3c5][14: 04:17.098539] wlan: [2964:I:wifipos] wifi_pos_get_ch_info: 461: num channels: 26
05-24 14:04:17.099 1221 1221 W wificond: Scan is not started. Ignore abort request
05-24 14:04:17.122 0 0 I [12028.639798] [wpa_su][0x35c8c48643][14: 04:17.122039] wlan: [3002:I:SME] vdev-0: Connecting to testphone 08:79:8c:36:92:70 rssi: -56 freq: 5180 akm 9 cipher: uc 6 mc 6, CC:
05-24 14:04:17.122 0 0 E [12028.639910] [wpa_su][0x35c8c48f27][14: 04:17.122158] wlan: [3002:E:QDF] Cannot malloc 0 bytes @ csr_get_cfg_max_tx_power:14199
05-24 14:04:17.128 0 0 I [12028.640837] [schedu][0x35c8c4d3eb][14: 04:17.123075] wlan: [2025:I:WMI] send_vdev_start_cmd_tlv: 1062: send_vdev_start_cmd_tlv: vdev_id 0 freq 5180 chanmode 17 ch_info: 0x11 is_dfs 0 beacon interval 100 dtim 0 center_chan 5190 center_freq2 0 reg_info_1: 0x170000 reg_info_2: 0x1700, req->max_txpow: 0x17 Tx SS 1, Rx SS 1, ldpc_rx: 0, cac 0, regd 4, HE ops: 0req->dis_hw_ack: 0
05-24 14:04:17.128 1528 1675 W BroadcastQueue: Background execution not allowed: receiving Intent { act=android.net.wifi.STATE_CHANGE flg=0x4000010 (has extras) } to com.huawei.appmarket/.service.alarm.NetworkStateChangeReceiver
05-24 14:04:17.138 1528 1675 W BroadcastQueue: Background execution not allowed: receiving Intent { act=android.net.wifi.STATE_CHANGE flg=0x4000010 (has extras) } to com.huawei.appmarket/.service.alarm.NetworkStateChangeReceiver
05-24 14:04:17.206 0 0 I : [12028.721096] read descriptors
05-24 14:04:17.206 0 0 I : [12028.721247] read strings
05-24 14:04:17.318 0 0 I [12028.835230] [soft_i][0x35c8fdc72b][14: 04:17.317465] wlan: [0:I:TXRX] HTT_T2H_MSG_TYPE_PEER_MAP msg for peer id 12 vdev id 0 n
05-24 14:04:17.318 0 0 E [12028.835277] [soft_i][0x35c8fdcb7b][14: 04:17.317522] wlan: [0:E:DP] dp_peer_find_add_id: peer 0000000000000000 ID 12 vid 0 mac 08:79:8c:36:92:70
05-24 14:04:17.318 0 0 I [12028.835306] [soft_i][0x35c8fdcdb3][14: 04:17.317552] wlan: [0:I:DP] dp_peer_find_add_id: ref_cnt: 2
05-24 14:04:17.318 0 0 E [12028.835366] [soft_i][0x35c8fdd212][14: 04:17.317610] wlan: [0:E:DP] dp_peer_map_ast: peer 0000000000000000 ID 63 vid 0 mac 08:79:8c:36:92:70
05-24 14:04:17.402 0 0 I [12028.916832] [schedu][0x35c915af96][14: 04:17.399070] wlan: [2025:I:PE] Auth TX: seq 1 seq num 2494 status 0 WEP 0 to 08:79:8c:36:92:70
05-24 14:04:17.402 0 0 I [12028.918189] [schedu][0x35c91615ec][14: 04:17.400435] wlan: [2025:I:PE] Auth TX: success
05-24 14:04:17.419 0 0 I [12028.932210] [schedu][0x35c91a317a][14: 04:17.414455] wlan: [2025:I:PE] Auth RX: vdev 0 sys role 3 lim_state 5 from 08:79:8c:36:92:70 rssi -54 auth_alg 0 seq 3302
05-24 14:04:17.419 0 0 I [12028.932452] [schedu][0x35c91a43c9][14: 04:17.414700] wlan: [2025:I:PE] Assoc req TX: vdev 0 to 08:79:8c:36:92:70 seq num 2495
05-24 14:04:17.419 0 0 I [12028.934493] [schedu][0x35c91adcda][14: 04:17.416740] wlan: [2025:I:PE] Assoc req TX: success
05-24 14:04:17.438 0 0 I [12028.950134] [schedu][0x35c91f7190][14: 04:17.432377] wlan: [2025:I:PE] Assoc rsp RX: subtype 0 vdev 0 sys role 3 lim state 10 rssi -54 from 08:79:8c:36:92:70
05-24 14:04:17.442 0 0 E [12028.959712] [schedu][0x35c9224011][14: 04:17.441957] wlan: [2025:E:QDF] Cannot malloc 0 bytes @ csr_get_cfg_max_tx_power:14199
05-24 14:04:17.442 0 0 E [12028.959731] [schedu][0x35c92241d2][14: 04:17.441980] wlan: [2025:E:QDF] Cannot malloc 0 bytes @ csr_get_cfg_max_tx_power:14199
05-24 14:04:17.443 0 0 E [12028.960911] [soft_i][0x35c9229a37][14: 04:17.443159] wlan: [0:E:DP] dp_tx_initialize_threshold: tx flow control threshold is set, pool size is 4096
05-24 14:04:17.443 0 0 I [12028.961099] [schedu][0x35c922a84b][14: 04:17.443346] wlan: [2025:I:HDD] wlan0(vdevid-0): 36:44:39:ec:3e:1f connected to 08:79:8c:36:92:70
05-24 14:04:17.454 0 0 I [12028.965454] [dp_rx_][0x35c923eed0][14: 04:17.447700] wlan: [2027:I:QDF] EAPOL-1 RX: SA:08:79:8c:36:92:70 DA:36:44:39:ec:3e:1f
05-24 14:04:17.459 1528 1675 W BroadcastQueue: Background execution not allowed: receiving Intent { act=android.net.wifi.STATE_CHANGE flg=0x4000010 (has extras) } to com.huawei.appmarket/.service.alarm.NetworkStateChangeReceiver
05-24 14:04:17.474 0 0 I [12028.991388] [soft_i][0x35c92b8722][14: 04:17.473625] wlan: [0:I:QDF] EAPOL-2 TX: SA:36:44:39:ec:3e:1f DA:08:79:8c:36:92:70 msdu_id:0 status: succ
05-24 14:04:17.490 0 0 I [12029.005492] [dp_rx_][0x35c92fa8e5][14: 04:17.487728] wlan: [2027:I:QDF] EAPOL-3 RX: SA:08:79:8c:36:92:70 DA:36:44:39:ec:3e:1f
05-24 14:04:17.490 0 0 I [12029.008152] [soft_i][0x35c930712e][14: 04:17.490398] wlan: [0:I:QDF] EAPOL-4 TX: SA:36:44:39:ec:3e:1f DA:08:79:8c:36:92:70 msdu_id:0 status: succ
05-24 14:04:17.502 0 0 E [12029.019492] [schedu][0x35c933c377][14: 04:17.501735] wlan: [2025:E:QDF] Cannot malloc 0 bytes @ csr_get_cfg_max_tx_power:14199
05-24 14:04:17.512 1528 1675 W BroadcastQueue: Background execution not allowed: receiving Intent { act=android.net.wifi.STATE_CHANGE flg=0x4000010 (has extras) } to com.huawei.appmarket/.service.alarm.NetworkStateChangeReceiver
05-24 14:04:17.521 1528 1675 W BroadcastQueue: Background execution not allowed: receiving Intent { act=android.net.wifi.STATE_CHANGE flg=0x4000010 (has extras) } to com.huawei.appmarket/.service.alarm.NetworkStateChangeReceiver
05-24 14:04:17.523 0 0 I [12029.040674] [schedu][0x35c939f813][14: 04:17.522917] wlan: [2025:I:WMI] LFR3:OKC enabled
05-24 14:04:17.524 0 0 I [12029.040683] [schedu][0x35c939f930][14: 04:17.522932] wlan: [2025:I:WMI] LFR3:PMKSA caching enabled
05-24 14:04:17.524 0 0 I [12029.040956] [soft_i][0x35c93a0da6][14: 04:17.523204] wlan: [0:I:DP] dp_addba_requestprocess_wifi3 restore BA win 256 based on addba req
05-24 14:04:17.558 0 0 I [12029.074917] [dp_rx_][0x35c943ffd6][14: 04:17.557154] wlan: [2027:I:QDF] EAPOL-3 RX: SA:08:79:8c:36:92:70 DA:36:44:39:ec:3e:1f
05-24 14:04:17.574 0 0 I [12029.090071] [soft_i][0x35c948707f][14: 04:17.572309] wlan: [0:I:QDF] EAPOL-4 TX: SA:36:44:39:ec:3e:1f DA:08:79:8c:36:92:70 msdu_id:0 status: succ
05-24 14:04:17.574 0 0 E [12029.090310] [wifi@1][0x35c94882fc][14: 04:17.572555] wlan: [847:E:HDD] hdd_enable_ns_offload: 484: Failed to cache ns request; status:4
05-24 14:04:17.618 0 0 I [12029.132564] [soft_i][0x35c954e396][14: 04:17.614804] wlan: [0:I:QDF] DHCP-R TX: SA:36:44:39:ec:3e:1f DA:ff:ff:ff:ff:ff:ff msdu_id:1 status: succ
05-24 14:04:17.646 0 0 I [12029.161774] [soft_i][0x35c95d7268][14: 04:17.644014] wlan: [0:I:DP] dp_addba_requestprocess_wifi3 restore BA win 256 based on addba req
05-24 14:04:17.650 0 0 I [12029.168247] [dp_rx_][0x35c95f5837][14: 04:17.650492] wlan: [2027:I:QDF] DHCP-A RX: SA:b4:43:26:21:30:53 DA:36:44:39:ec:3e:1f
