05-24 13:42:12.486 0 0 I : [10703.880822] read descriptors
05-24 13:42:12.486 0 0 I : [10703.881096] read strings
05-24 13:42:13.509 0 0 I : [10704.902046] read descriptors
05-24 13:42:13.509 0 0 I : [10704.902250] read strings
05-24 13:42:14.533 0 0 I : [10705.926093] read descriptors
05-24 13:42:14.533 0 0 I : [10705.926308] read strings
05-24 13:42:15.561 0 0 I : [10706.954232] read descriptors
05-24 13:42:15.561 0 0 I : [10706.954389] read strings
05-24 13:42:16.581 0 0 I : [10707.974792] read descriptors
05-24 13:42:16.581 0 0 I : [10707.974990] read strings
05-24 13:42:17.609 0 0 I : [10709.001766] read descriptors
05-24 13:42:17.609 0 0 I : [10709.002087] read strings
05-24 13:42:18.669 0 0 I : [10710.061223] read descriptors
05-24 13:42:18.669 0 0 I : [10710.061322] read strings
05-24 13:42:19.709 0 0 I : [10711.100874] read descriptors
05-24 13:42:19.709 0 0 I : [10711.100974] read strings
05-24 13:42:20.765 0 0 I : [10712.156841] read descriptors
05-24 13:42:20.765 0 0 I : [10712.156936] read strings
05-24 13:42:21.785 0 0 I : [10713.178638] read descriptors
05-24 13:42:21.785 0 0 I : [10713.178832] read strings
05-24 13:42:22.801 0 0 I : [10714.192911] read descriptors
05-24 13:42:22.801 0 0 I : [10714.193110] read strings
05-24 13:42:23.818 0 0 I : [10715.210055] read descriptors
05-24 13:42:23.818 0 0 I : [10715.210262] read strings
05-24 13:42:24.837 0 0 I : [10716.229205] read descriptors
05-24 13:42:24.837 0 0 I : [10716.229407] read strings
05-24 13:42:25.840 0 0 I : [10717.249482] read descriptors
05-24 13:42:25.840 0 0 I : [10717.249683] read strings
05-24 13:42:26.856 0 0 I : [10718.266407] read descriptors
05-24 13:42:26.856 0 0 I : [10718.266612] read strings
05-24 13:42:27.008 2571 14376 W ContextImpl: Calling a method in the system process without a qualified user: android.app.ContextImpl.sendBroadcast:1173 android.content.ContextWrapper.sendBroadcast:479 com.thundercomm.microsettings.action.SetTimeAction.timeUpdated:212 com.thundercomm.microsettings.action.SetTimeAction.update24HourFormat:194 com.thundercomm.microsettings.action.SetTimeAction.doActualAction:154
05-24 13:42:27.019 1528 1528 D DevicePolicyManager: updateSystemUpdateFreezePeriodsRecord
05-24 13:42:27.019 1528 1528 D ConditionProviders.SCP: onReceive android.intent.action.TIME_SET
05-24 13:42:27.020 1528 1528 D ConditionProviders.SCP: evaluateSubscriptionLocked cal=ScheduleCalendar[mDays={1, 2, 3, 4, 5, 6, 7}, mSchedule=ScheduleInfo{days=[1, 2, 3, 4, 5, 6, 7], startHour=22, startMinute=0, endHour=7, endMinute=0, exitAtAlarm=true, nextAlarm=Thu Jan 01 08:00:00 GMT+08:00 1970 (0)}], now=Wed May 24 13:42:27 GMT+08:00 2023 (1684906947019), nextUserAlarmTime=Thu Jan 01 08:00:00 GMT+08:00 1970 (0)
05-24 13:42:27.020 1528 1528 D ConditionProviders.SCP: notifyCondition condition://android/schedule?days=1.2.3.4.5.6.7&start=22.0&end=7.0&exitAtAlarm=true STATE_FALSE reason=!meetsSchedule
05-24 13:42:27.021 1528 1528 D ConditionProviders.SCP: Scheduling evaluate for Wed May 24 22:00:00 GMT+08:00 2023 (1684936800000), in +8h17m32s981ms, now=Wed May 24 13:42:27 GMT+08:00 2023 (1684906947019)
05-24 13:42:27.875 0 0 I : [10719.284886] read descriptors
05-24 13:42:27.876 0 0 I : [10719.285081] read strings
05-24 13:42:28.895 0 0 I : [10720.306268] read descriptors
05-24 13:42:28.895 0 0 I : [10720.306364] read strings
05-24 13:42:29.915 0 0 I : [10721.324801] read descriptors
05-24 13:42:29.916 0 0 I : [10721.325001] read strings
05-24 13:42:30.931 0 0 I : [10722.340753] read descriptors
05-24 13:42:30.932 0 0 I : [10722.340898] read strings
05-24 13:42:31.951 0 0 I : [10723.360720] read descriptors
05-24 13:42:31.952 0 0 I : [10723.360920] read strings
05-24 13:42:32.971 0 0 I : [10724.380807] read descriptors
05-24 13:42:32.971 0 0 I : [10724.380928] read strings
05-24 13:42:33.991 0 0 I : [10725.400695] read descriptors
05-24 13:42:33.992 0 0 I : [10725.400794] read strings
05-24 13:42:35.016 0 0 I : [10726.425109] read descriptors
05-24 13:42:35.016 0 0 I : [10726.425317] read strings
05-24 13:42:36.035 0 0 I : [10727.444866] read descriptors
05-24 13:42:36.036 0 0 I : [10727.445063] read strings
05-24 13:42:37.071 0 0 I : [10728.480630] read descriptors
05-24 13:42:37.072 0 0 I : [10728.480754] read strings
05-24 13:42:38.092 0 0 I : [10729.501838] read descriptors
05-24 13:42:38.092 0 0 I : [10729.502032] read strings
05-24 13:42:39.127 0 0 I : [10730.536497] read descriptors
05-24 13:42:39.127 0 0 I : [10730.536611] read strings
05-24 13:42:40.151 0 0 I : [10731.562086] read descriptors
05-24 13:42:40.151 0 0 I : [10731.562260] read strings
05-24 13:42:41.191 0 0 I : [10732.600332] read descriptors
05-24 13:42:41.191 0 0 I : [10732.600460] read strings
05-24 13:42:42.212 0 0 I : [10733.622487] read descriptors
05-24 13:42:42.212 0 0 I : [10733.622667] read strings
05-24 13:42:43.239 0 0 I : [10734.649258] read descriptors
05-24 13:42:43.240 0 0 I : [10734.649381] read strings
05-24 13:42:44.259 0 0 I : [10735.668868] read descriptors
05-24 13:42:44.259 0 0 I : [10735.669063] read strings
05-24 13:42:45.295 0 0 I : [10736.704626] read descriptors
05-24 13:42:45.296 0 0 I : [10736.704756] read strings
05-24 13:42:46.311 0 0 I : [10737.720890] read descriptors
05-24 13:42:46.312 0 0 I : [10737.721098] read strings
05-24 13:42:47.339 0 0 I : [10738.748630] read descriptors
05-24 13:42:47.339 0 0 I : [10738.748749] read strings
05-24 13:42:48.359 0 0 I : [10739.769069] read descriptors
05-24 13:42:48.360 0 0 I : [10739.769274] read strings
05-24 13:42:49.380 0 0 I : [10740.789892] read descriptors
05-24 13:42:49.380 0 0 I : [10740.790082] read strings
05-24 13:42:50.404 0 0 I : [10741.815181] read descriptors
05-24 13:42:50.404 0 0 I : [10741.815378] read strings
05-24 13:42:51.425 0 0 I : [10742.833133] read descriptors
05-24 13:42:51.425 0 0 I : [10742.833330] read strings
05-24 13:42:52.451 0 0 I : [10743.861551] read descriptors
05-24 13:42:52.452 0 0 I : [10743.861755] read strings
05-24 13:42:53.476 0 0 I : [10744.884982] read descriptors
05-24 13:42:53.476 0 0 I : [10744.885184] read strings
05-24 13:42:54.499 0 0 I : [10745.909336] read descriptors
05-24 13:42:54.500 0 0 I : [10745.909545] read strings
05-24 13:42:55.515 0 0 I : [10746.925347] read descriptors
05-24 13:42:55.516 0 0 I : [10746.925541] read strings
05-24 13:42:56.539 0 0 I : [10747.949376] read descriptors
05-24 13:42:56.540 0 0 I : [10747.949583] read strings
05-24 13:42:57.559 0 0 I : [10748.969066] read descriptors
05-24 13:42:57.560 0 0 I : [10748.969264] read strings
05-24 13:42:58.583 0 0 I : [10749.993439] read descriptors
05-24 13:42:58.584 0 0 I : [10749.993650] read strings
05-24 13:42:59.603 0 0 I : [10751.012954] read descriptors
05-24 13:42:59.604 0 0 I : [10751.013146] read strings
05-24 13:43:00.639 0 0 I : [10752.050802] read descriptors
05-24 13:43:00.640 0 0 I : [10752.050909] read strings
05-24 13:43:01.664 0 0 I : [10753.074408] read descriptors
05-24 13:43:01.664 0 0 I : [10753.074618] read strings
05-24 13:43:02.683 0 0 I : [10754.092956] read descriptors
05-24 13:43:02.684 0 0 I : [10754.093154] read strings
05-24 13:43:03.708 0 0 I : [10755.116702] read descriptors
05-24 13:43:03.708 0 0 I : [10755.116900] read strings
05-24 13:43:04.724 0 0 I : [10756.133439] read descriptors
05-24 13:43:04.724 0 0 I : [10756.133642] read strings
05-24 13:43:05.747 0 0 I : [10757.157506] read descriptors
05-24 13:43:05.748 0 0 I : [10757.157707] read strings
05-24 13:43:06.767 0 0 I : [10758.177156] read descriptors
05-24 13:43:06.768 0 0 I : [10758.177361] read strings
05-24 13:43:07.787 0 0 I : [10759.196679] read descriptors
05-24 13:43:07.788 0 0 I : [10759.196807] read strings
05-24 13:43:08.804 0 0 I : [10760.212745] read descriptors
05-24 13:43:08.804 0 0 I : [10760.212951] read strings
05-24 13:43:09.820 0 0 I : [10761.228792] read descriptors
05-24 13:43:09.820 0 0 I : [10761.228991] read strings
05-24 13:43:10.836 0 0 I : [10762.245511] read descriptors
05-24 13:43:10.836 0 0 I : [10762.245707] read strings
05-24 13:43:11.852 0 0 I : [10763.261373] read descriptors
05-24 13:43:11.852 0 0 I : [10763.261579] read strings
05-24 13:43:12.867 0 0 I : [10764.276829] read descriptors
05-24 13:43:12.868 0 0 I : [10764.277030] read strings
05-24 13:43:13.884 0 0 I : [10765.293378] read descriptors
05-24 13:43:13.884 0 0 I : [10765.293575] read strings
05-24 13:43:14.899 0 0 I : [10766.308876] read descriptors
05-24 13:43:14.900 0 0 I : [10766.309073] read strings
05-24 13:43:15.923 0 0 I : [10767.332942] read descriptors
05-24 13:43:15.923 0 0 I : [10767.333080] read strings
05-24 13:43:16.943 0 0 I : [10768.352767] read descriptors
05-24 13:43:16.944 0 0 I : [10768.352965] read strings
05-24 13:43:17.963 0 0 I : [10769.373818] read descriptors
05-24 13:43:17.964 0 0 I : [10769.374023] read strings
05-24 13:43:18.975 0 0 I : [10770.385154] read descriptors
05-24 13:43:18.976 0 0 I : [10770.385360] read strings
05-24 13:43:19.991 0 0 I : [10771.401107] read descriptors
05-24 13:43:19.992 0 0 I : [10771.401311] read strings
05-24 13:43:21.007 0 0 I : [10772.416583] read descriptors
05-24 13:43:21.008 0 0 I : [10772.416684] read strings
05-24 13:43:22.028 0 0 I : [10773.436821] read descriptors
05-24 13:43:22.028 0 0 I : [10773.437021] read strings
05-24 13:43:23.047 0 0 I : [10774.456623] read descriptors
05-24 13:43:23.048 0 0 I : [10774.456754] read strings
05-24 13:43:24.072 0 0 I : [10775.481525] read descriptors
05-24 13:43:24.072 0 0 I : [10775.481740] read strings
05-24 13:43:25.095 0 0 I : [10776.504515] read descriptors
05-24 13:43:25.095 0 0 I : [10776.504628] read strings
05-24 13:43:26.112 0 0 I : [10777.521122] read descriptors
05-24 13:43:26.112 0 0 I : [10777.521319] read strings
05-24 13:43:27.131 0 0 I : [10778.541223] read descriptors
05-24 13:43:27.132 0 0 I : [10778.541419] read strings
05-24 13:43:28.151 0 0 I : [10779.561263] read descriptors
05-24 13:43:28.151 0 0 I : [10779.561470] read strings
05-24 13:43:29.168 0 0 I : [10780.576837] read descriptors
05-24 13:43:29.168 0 0 I : [10780.577037] read strings
05-24 13:43:30.183 0 0 I : [10781.592687] read descriptors
05-24 13:43:30.184 0 0 I : [10781.592877] read strings
05-24 13:43:31.207 0 0 I : [10782.616810] read descriptors
05-24 13:43:31.208 0 0 I : [10782.617009] read strings
05-24 13:43:32.243 0 0 I : [10783.652890] read descriptors
05-24 13:43:32.243 0 0 I : [10783.652984] read strings
05-24 13:43:33.263 0 0 I : [10784.672974] read descriptors
05-24 13:43:33.264 0 0 I : [10784.673173] read strings
05-24 13:43:34.283 0 0 I : [10785.692800] read descriptors
05-24 13:43:34.284 0 0 I : [10785.693004] read strings
05-24 13:43:35.299 0 0 I : [10786.709225] read descriptors
05-24 13:43:35.300 0 0 I : [10786.709420] read strings
05-24 13:43:36.320 0 0 I : [10787.728801] read descriptors
05-24 13:43:36.320 0 0 I : [10787.729011] read strings
05-24 13:43:37.339 0 0 I : [10788.749062] read descriptors
05-24 13:43:37.340 0 0 I : [10788.749267] read strings
05-24 13:43:37.648 1528 3462 I DreamManagerService: Gently waking up from dream.
05-24 13:43:37.649 1528 1663 I DreamManagerService: Performing gentle wake from dream.
05-24 13:43:37.654 1528 3462 I ActivityTaskManager: FOREGROUND_APPLICATION_CHANGED to com.android.settings.homepage.SettingsHomepageActivity
05-24 13:43:37.687 1528 1682 W BatteryExternalStatsWorker: error reading modem stats:ERROR_PHONE_NOT_AVAILABLE
05-24 13:43:37.705 1528 1682 E KernelCpuSpeedReader: Failed to read cpu-freq: /sys/devices/system/cpu/cpu4/cpufreq/stats/time_in_state: open failed: ENOENT (No such file or directory)
05-24 13:43:37.705 1528 1682 E KernelCpuSpeedReader: Failed to read cpu-freq: /sys/devices/system/cpu/cpu0/cpufreq/stats/time_in_state: open failed: ENOENT (No such file or directory)
05-24 13:43:37.717 1528 1694 I PowerManagerService: Powering on display group fromDreaming (groupId=0, uid=1000, reason=WAKE_REASON_UNKNOWN, details=android.server.power:DREAM_FINISHED)...
05-24 13:43:37.717 1528 1694 I PowerManagerService: Waking up from Dreaming (uid=1000, reason=WAKE_REASON_UNKNOWN, details=android.server.power:DREAM_FINISHED)...
05-24 13:43:37.723 0 0 W [10789.132590] audit: audit_lost=8253 audit_rate_limit=5 audit_backlog_limit=64
05-24 13:43:37.723 0 0 E [10789.132592] audit: rate limit exceeded
05-24 13:43:37.740 1528 1682 W BatteryExternalStatsWorker: error reading modem stats:ERROR_PHONE_NOT_AVAILABLE
05-24 13:43:37.741 1528 1682 E KernelCpuSpeedReader: Failed to read cpu-freq: /sys/devices/system/cpu/cpu4/cpufreq/stats/time_in_state: open failed: ENOENT (No such file or directory)
05-24 13:43:37.741 1528 1682 E KernelCpuSpeedReader: Failed to read cpu-freq: /sys/devices/system/cpu/cpu0/cpufreq/stats/time_in_state: open failed: ENOENT (No such file or directory)
05-24 13:43:38.259 1528 22252 I DreamManagerService: Leaving dreamland.
05-24 13:43:38.262 1528 1663 I DreamManagerService: Performing gentle wake from dream.
05-24 13:43:38.262 1528 1663 I DreamController: Stopping dream: name=ComponentInfo{com.thundercomm.screensaver/com.thundercomm.screensaver.service.SystemDream}, isTest=false, canDoze=false, userId=0, reason='finished self'(from 'finished self')
05-24 13:43:38.286 1528 1667 W ActivityTaskManager: Can't find TaskDisplayArea to determine support for multi window. Task id=55 attached=false
05-24 13:43:38.364 0 0 I : [10789.773220] read descriptors
05-24 13:43:38.364 0 0 I : [10789.773362] read strings
05-24 13:43:39.391 0 0 I : [10790.800869] read descriptors
05-24 13:43:39.392 0 0 I : [10790.801042] read strings
05-24 13:43:40.416 0 0 I : [10791.825113] read descriptors
05-24 13:43:40.416 0 0 I : [10791.825315] read strings
05-24 13:43:41.443 0 0 I : [10792.853640] read descriptors
05-24 13:43:41.444 0 0 I : [10792.853843] read strings
05-24 13:43:42.499 0 0 I : [10793.908813] read descriptors
05-24 13:43:42.499 0 0 I : [10793.908909] read strings
05-24 13:43:43.511 0 0 I : [10794.921121] read descriptors
05-24 13:43:43.512 0 0 I : [10794.921336] read strings
05-24 13:43:44.539 0 0 I : [10795.949511] read descriptors
05-24 13:43:44.540 0 0 I : [10795.949711] read strings
05-24 13:43:45.555 0 0 I : [10796.964954] read descriptors
05-24 13:43:45.556 0 0 I : [10796.965146] read strings
05-24 13:43:46.571 0 0 I : [10797.981020] read descriptors
05-24 13:43:46.572 0 0 I : [10797.981233] read strings
05-24 13:43:47.587 0 0 I : [10798.997185] read descriptors
05-24 13:43:47.588 0 0 I : [10798.997384] read strings
05-24 13:43:48.598 0 0 I : [10800.008772] read descriptors
05-24 13:43:48.598 0 0 I : [10800.009052] read strings
05-24 13:43:48.716 1528 1682 W BatteryExternalStatsWorker: error reading modem stats:ERROR_PHONE_NOT_AVAILABLE
05-24 13:43:48.733 1528 1682 E KernelCpuSpeedReader: Failed to read cpu-freq: /sys/devices/system/cpu/cpu4/cpufreq/stats/time_in_state: open failed: ENOENT (No such file or directory)
05-24 13:43:48.733 1528 1682 E KernelCpuSpeedReader: Failed to read cpu-freq: /sys/devices/system/cpu/cpu0/cpufreq/stats/time_in_state: open failed: ENOENT (No such file or directory)
05-24 13:43:48.739 0 0 W [10800.150035] audit: audit_lost=8365 audit_rate_limit=5 audit_backlog_limit=64
05-24 13:43:48.739 0 0 E [10800.150039] audit: rate limit exceeded
05-24 13:43:49.623 0 0 I : [10801.034090] read descriptors
05-24 13:43:49.623 0 0 I : [10801.034302] read strings
05-24 13:43:50.640 0 0 I : [10802.049104] read descriptors
05-24 13:43:50.640 0 0 I : [10802.049270] read strings
05-24 13:43:51.699 0 0 I : [10803.108673] read descriptors
05-24 13:43:51.699 0 0 I : [10803.108781] read strings
05-24 13:43:52.712 0 0 I : [10804.121355] read descriptors
05-24 13:43:52.712 0 0 I : [10804.121628] read strings
05-24 13:43:53.735 0 0 I : [10805.145432] read descriptors
05-24 13:43:53.736 0 0 I : [10805.145634] read strings
05-24 13:43:54.759 0 0 I : [10806.169154] read descriptors
05-24 13:43:54.760 0 0 I : [10806.169352] read strings
05-24 13:43:55.783 0 0 I : [10807.193423] read descriptors
05-24 13:43:55.784 0 0 I : [10807.193635] read strings
05-24 13:43:56.803 0 0 I : [10808.213206] read descriptors
05-24 13:43:56.804 0 0 I : [10808.213408] read strings
05-24 13:43:57.828 0 0 I : [10809.236881] read descriptors
05-24 13:43:57.828 0 0 I : [10809.237094] read strings
05-24 13:43:58.843 0 0 I : [10810.253581] read descriptors
05-24 13:43:58.844 0 0 I : [10810.253779] read strings
05-24 13:43:59.860 0 0 I : [10811.269517] read descriptors
05-24 13:43:59.860 0 0 I : [10811.269724] read strings
05-24 13:44:00.880 0 0 I : [10812.289560] read descriptors
05-24 13:44:00.880 0 0 I : [10812.289761] read strings
05-24 13:44:01.900 0 0 I : [10813.309492] read descriptors
05-24 13:44:01.900 0 0 I : [10813.309707] read strings
05-24 13:44:02.555 1528 1665 I EntropyMixer: Writing entropy...
05-24 13:44:02.943 0 0 I : [10814.353913] read descriptors
05-24 13:44:02.944 0 0 I : [10814.354021] read strings
05-24 13:44:03.358 1528 1674 I UsageStatsService: User[0] Flushing usage stats to disk
05-24 13:44:03.963 0 0 I : [10815.372499] read descriptors
05-24 13:44:03.963 0 0 I : [10815.372591] read strings
05-24 13:44:04.979 0 0 I : [10816.389174] read descriptors
05-24 13:44:04.980 0 0 I : [10816.389374] read strings
05-24 13:44:05.995 0 0 I : [10817.405175] read descriptors
05-24 13:44:05.996 0 0 I : [10817.405373] read strings
05-24 13:44:07.012 0 0 I : [10818.420819] read descriptors
05-24 13:44:07.012 0 0 I : [10818.421024] read strings
05-24 13:44:08.031 0 0 I : [10819.440515] read descriptors
05-24 13:44:08.032 0 0 I : [10819.440616] read strings
05-24 13:44:09.083 0 0 I : [10820.492407] read descriptors
05-24 13:44:09.083 0 0 I : [10820.492500] read strings
05-24 13:44:10.119 0 0 I : [10821.528422] read descriptors
05-24 13:44:10.119 0 0 I : [10821.528517] read strings
05-24 13:44:11.140 0 0 I : [10822.548832] read descriptors
05-24 13:44:11.140 0 0 I : [10822.549040] read strings
05-24 13:44:12.156 0 0 I : [10823.564751] read descriptors
05-24 13:44:12.156 0 0 I : [10823.564952] read strings
05-24 13:44:13.172 0 0 I : [10824.581203] read descriptors
05-24 13:44:13.172 0 0 I : [10824.581397] read strings
05-24 13:44:14.187 0 0 I : [10825.596890] read descriptors
05-24 13:44:14.188 0 0 I : [10825.597090] read strings
05-24 13:44:15.207 0 0 I : [10826.617157] read descriptors
05-24 13:44:15.207 0 0 I : [10826.617349] read strings
05-24 13:44:16.227 0 0 I : [10827.637598] read descriptors
05-24 13:44:16.227 0 0 I : [10827.637800] read strings
05-24 13:44:16.396 0 0 I [10827.808592] binder: 1528:1801 ioctl 400c620e 6e510eb5d8 returned -22
05-24 13:44:16.399 0 0 I [10827.810791] binder: 1528:1801 ioctl c00c620f 6e510eb5b8 returned -22
05-24 13:44:16.396 1528 1801 D ActivityManager: freezing 11121 com.android.systemui:screenshot
05-24 13:44:16.396 1528 1801 E ActivityManager: Unable to freeze binder for 11121 com.android.systemui:screenshot
05-24 13:44:16.397 1528 1801 D ActivityManager: froze 11121 com.android.systemui:screenshot
05-24 13:44:16.398 1528 1801 E ActivityManager: Unable to freeze binder for 11121 com.android.systemui:screenshot
05-24 13:44:16.400 1528 1801 I ActivityManager: Killing 11121:com.android.systemui:screenshot/u0a79 (adj 945): Unable to freeze binder interface
05-24 13:44:16.442 1528 1666 W ActivityManager: setHasOverlayUi called on unknown pid: 11121
05-24 13:44:16.773 1528 1801 D ActivityManager: freezing 6961 com.taptap:channel
05-24 13:44:16.774 1528 1801 E ActivityManager: Unable to freeze binder for 6961 com.taptap:channel
05-24 13:44:16.775 0 0 I [10828.186315] binder: 1528:1801 ioctl 400c620e 6e510eb5d8 returned -22
05-24 13:44:16.775 1528 1801 D ActivityManager: froze 6961 com.taptap:channel
05-24 13:44:16.776 1528 1801 E ActivityManager: Unable to freeze binder for 6961 com.taptap:channel
05-24 13:44:16.778 1528 1801 D ActivityManager: freezing 6499 com.taptap:booster
05-24 13:44:16.778 1528 1801 E ActivityManager: Unable to freeze binder for 6499 com.taptap:booster
05-24 13:44:16.779 0 0 I [10828.188246] binder: 1528:1801 ioctl c00c620f 6e510eb5b8 returned -22
05-24 13:44:16.779 0 0 I [10828.190475] binder: 1528:1801 ioctl 400c620e 6e510eb5d8 returned -22
05-24 13:44:16.779 0 0 I [10828.191504] binder: 1528:1801 ioctl c00c620f 6e510eb5b8 returned -22
05-24 13:44:16.779 1528 1801 D ActivityManager: froze 6499 com.taptap:booster
05-24 13:44:16.779 1528 1801 E ActivityManager: Unable to freeze binder for 6499 com.taptap:booster
05-24 13:44:16.780 1528 1801 D ActivityManager: freezing 6319 com.taptap:va_core
05-24 13:44:16.780 1528 1801 E ActivityManager: Unable to freeze binder for 6319 com.taptap:va_core
05-24 13:44:16.782 0 0 I [10828.193184] binder: 1528:1801 ioctl 400c620e 6e510eb5d8 returned -22
05-24 13:44:16.782 0 0 I [10828.194733] binder: 1528:1801 ioctl c00c620f 6e510eb5b8 returned -22
05-24 13:44:16.782 1528 1801 D ActivityManager: froze 6319 com.taptap:va_core
05-24 13:44:16.782 1528 1801 E ActivityManager: Unable to freeze binder for 6319 com.taptap:va_core
05-24 13:44:16.784 1528 1801 D ActivityManager: freezing 5102 com.android.webview:webview_service
05-24 13:44:16.784 1528 1801 E ActivityManager: Unable to freeze binder for 5102 com.android.webview:webview_service
05-24 13:44:16.785 1528 1801 D ActivityManager: froze 5102 com.android.webview:webview_service
05-24 13:44:16.785 1528 1801 E ActivityManager: Unable to freeze binder for 5102 com.android.webview:webview_service
05-24 13:44:16.786 1528 1801 I ActivityManager: Killing 6961:com.taptap:channel/u0a95 (adj 910): Unable to freeze binder interface
05-24 13:44:16.788 0 0 I [10828.196613] binder: 1528:1801 ioctl 400c620e 6e510eb5d8 returned -22
05-24 13:44:16.788 0 0 I [10828.197454] binder: 1528:1801 ioctl c00c620f 6e510eb5b8 returned -22
05-24 13:44:16.788 1528 1801 I ActivityManager: Killing 6499:com.taptap:booster/u0a95 (adj 910): Unable to freeze binder interface
05-24 13:44:16.789 1528 1801 I ActivityManager: Killing 6319:com.taptap:va_core/u0a95 (adj 910): Unable to freeze binder interface
05-24 13:44:16.790 1528 1801 I ActivityManager: Killing 5102:com.android.webview:webview_service/u0a67 (adj 910): Unable to freeze binder interface
05-24 13:44:16.814 1528 8862 W ActivityManager: Scheduling restart of crashed service com.android.webview/org.chromium.android_webview.services.MetricsUploadService in 1000ms for connection
05-24 13:44:16.830 1528 2699 W ActivityManager: Scheduling restart of crashed service com.taptap/com.taobao.accs.ChannelService in 10985ms for connection
05-24 13:44:16.834 1528 2234 W ActivityManager: Scheduling restart of crashed service com.taptap/com.xindong.rocket.tapbooster.service.BoosterService in 10981ms for connection
05-24 13:44:16.836 1528 2699 D CompatibilityChangeReporter: Compat change id reported: 135634846; UID 10095; state: DISABLED
05-24 13:44:16.836 1528 2699 D CompatibilityChangeReporter: Compat change id reported: 177438394; UID 10095; state: DISABLED
05-24 13:44:16.836 1528 2699 D CompatibilityChangeReporter: Compat change id reported: 135772972; UID 10095; state: DISABLED
05-24 13:44:16.836 1528 1676 D CompatibilityChangeReporter: Compat change id reported: 143937733; UID 10095; state: DISABLED
05-24 13:44:16.847 1528 4137 W ActivityManager: Scheduling restart of crashed service com.taptap/.game.export.sandbox.service.KeepAliveService in 10968ms for connection
05-24 13:44:16.851 1528 1676 I ActivityManager: Start proc 14746:com.taptap:booster/u0a95 for service {com.taptap/com.xindong.rocket.tapbooster.service.BoosterService}
05-24 13:44:16.877 0 0 I [10828.285663] binder: 14746:14746 ioctl 40046210 7fd8e3f594 returned -22
05-24 13:44:16.882 1528 4137 D CompatibilityChangeReporter: Compat change id reported: 168419799; UID 10095; state: DISABLED
05-24 13:44:17.247 0 0 I : [10828.656607] read descriptors
05-24 13:44:17.247 0 0 I : [10828.656692] read strings
05-24 13:44:17.305 1528 2185 I GameModeConfig: isGameModeOn = false
05-24 13:44:17.305 1528 2185 I GameModeConfig: isGameModeOn = false
05-24 13:44:17.305 1528 2185 I GameModeConfig: isGameModeOn = false
05-24 13:44:17.305 1528 2185 I GameModeConfig: isGameModeOn = false
05-24 13:44:17.818 1528 1675 D CompatibilityChangeReporter: Compat change id reported: 135634846; UID 10067; state: DISABLED
05-24 13:44:17.819 1528 1676 D CompatibilityChangeReporter: Compat change id reported: 143937733; UID 10067; state: ENABLED
05-24 13:44:17.841 1528 1676 I ActivityManager: Start proc 14777:com.android.webview:webview_service/u0a67 for service {com.android.webview/org.chromium.android_webview.services.MetricsUploadService}
05-24 13:44:17.883 0 0 I [10829.292869] binder: 14777:14777 ioctl 40046210 ffdcd498 returned -22
05-24 13:44:18.276 0 0 I : [10829.687349] read descriptors
05-24 13:44:18.276 0 0 I : [10829.687544] read strings
05-24 13:44:19.295 0 0 I : [10830.705559] read descriptors
05-24 13:44:19.296 0 0 I : [10830.705772] read strings
05-24 13:44:19.744 0 0 I [10831.153741] init: processing action (sys.tlog.tlogdsho.active=1) from (/system/etc/init/tlogd.rc:165)
05-24 13:44:19.744 0 0 I [10831.154274] init: starting service 'tlogdsho'...
05-24 13:44:19.791 0 0 I [10831.203882] init: Service 'tlogdsho' (pid 14813) exited with status 0 oneshot service took 0.046000 seconds in background
05-24 13:44:19.792 0 0 I [10831.203915] init: Sending signal 9 to service 'tlogdsho' (pid 14813) process group...
05-24 13:44:19.792 0 0 I [10831.204280] libprocessgroup: Successfully killed process cgroup uid 0 pid 14813 in 0ms
05-24 13:44:20.027 0 0 I [10831.439332] init: Untracked pid 14816 exited with status 0
05-24 13:44:20.311 0 0 I : [10831.721183] read descriptors
05-24 13:44:20.312 0 0 I : [10831.721386] read strings
05-24 13:44:21.351 0 0 I : [10832.761132] read descriptors
05-24 13:44:21.352 0 0 I : [10832.761335] read strings
05-24 13:44:22.364 0 0 I : [10833.773467] read descriptors
05-24 13:44:22.364 0 0 I : [10833.773665] read strings
05-24 13:44:23.387 0 0 I : [10834.797454] read descriptors
05-24 13:44:23.388 0 0 I : [10834.797654] read strings
05-24 13:44:23.504 0 0 D [10834.914326] cnss: Host time = 10837607260 us, device time = 10813311270 us, offset = 24295990 us
05-24 13:44:23.504 0 0 D [10834.914397] cnss: Updated time sync regs [0x984] = 0x172ba36, [0x988] = 0x0
05-24 13:44:24.403 0 0 I : [10835.813226] read descriptors
05-24 13:44:24.404 0 0 I : [10835.813420] read strings
05-24 13:44:25.412 0 0 I : [10836.829041] read descriptors
05-24 13:44:25.412 0 0 I : [10836.829244] read strings
05-24 13:44:26.428 0 0 I : [10837.845524] read descriptors
05-24 13:44:26.428 0 0 I : [10837.845721] read strings
05-24 13:44:27.010 2571 14852 W ContextImpl: Calling a method in the system process without a qualified user: android.app.ContextImpl.sendBroadcast:1173 android.content.ContextWrapper.sendBroadcast:479 com.thundercomm.microsettings.action.SetTimeAction.timeUpdated:212 com.thundercomm.microsettings.action.SetTimeAction.update24HourFormat:194 com.thundercomm.microsettings.action.SetTimeAction.doActualAction:154
05-24 13:44:27.023 1528 1528 D DevicePolicyManager: updateSystemUpdateFreezePeriodsRecord
05-24 13:44:27.025 1528 1528 D ConditionProviders.SCP: onReceive android.intent.action.TIME_SET
05-24 13:44:27.026 1528 1528 D ConditionProviders.SCP: evaluateSubscriptionLocked cal=ScheduleCalendar[mDays={1, 2, 3, 4, 5, 6, 7}, mSchedule=ScheduleInfo{days=[1, 2, 3, 4, 5, 6, 7], startHour=22, startMinute=0, endHour=7, endMinute=0, exitAtAlarm=true, nextAlarm=Thu Jan 01 08:00:00 GMT+08:00 1970 (0)}], now=Wed May 24 13:44:27 GMT+08:00 2023 (1684907067025), nextUserAlarmTime=Thu Jan 01 08:00:00 GMT+08:00 1970 (0)
05-24 13:44:27.026 1528 1528 D ConditionProviders.SCP: notifyCondition condition://android/schedule?days=1.2.3.4.5.6.7&start=22.0&end=7.0&exitAtAlarm=true STATE_FALSE reason=!meetsSchedule
05-24 13:44:27.027 1528 1528 D ConditionProviders.SCP: Scheduling evaluate for Wed May 24 22:00:00 GMT+08:00 2023 (1684936800000), in +8h15m32s975ms, now=Wed May 24 13:44:27 GMT+08:00 2023 (1684907067025)
05-24 13:44:27.451 0 0 I : [10838.868717] read descriptors
05-24 13:44:27.452 0 0 I : [10838.868802] read strings
05-24 13:44:27.810 1528 1675 D CompatibilityChangeReporter: Compat change id reported: 135634846; UID 10095; state: DISABLED
05-24 13:44:27.810 1528 1675 D CompatibilityChangeReporter: Compat change id reported: 177438394; UID 10095; state: DISABLED
05-24 13:44:27.810 1528 1675 D CompatibilityChangeReporter: Compat change id reported: 135772972; UID 10095; state: DISABLED
05-24 13:44:27.811 1528 1676 D CompatibilityChangeReporter: Compat change id reported: 143937733; UID 10095; state: DISABLED
05-24 13:44:27.841 1528 1676 I ActivityManager: Start proc 14861:com.taptap:va_core/u0a95 for service {com.taptap/com.taptap.game.export.sandbox.service.KeepAliveService}
05-24 13:44:27.872 0 0 I [10839.291591] binder: 14861:14861 ioctl 40046210 7fd8e3f594 returned -22
05-24 13:44:28.379 0 0 I [10839.797403] binder: 14893:14893 ioctl 40046210 7fe8f12414 returned -22
05-24 13:44:28.396 1528 4137 W ActivityManager: Background start not allowed: service Intent { cmp=com.taptap/.sandbox.client.stub.KeepAliveService } to com.taptap/.sandbox.client.stub.KeepAliveService from pid=14861 uid=10095 pkg=com.taptap startFg?=false
05-24 13:44:28.483 0 0 I : [10839.900813] read descriptors
05-24 13:44:28.483 0 0 I : [10839.900892] read strings
05-24 13:44:28.494 0 0 I [10839.911108] binder: 14922:14922 ioctl 40046210 7fe65c57c4 returned -22
05-24 13:44:28.587 0 0 I [10840.004611] binder: 14935:14935 ioctl 40046210 7fdfbb20b4 returned -22
05-24 13:44:28.668 0 0 I [10840.086935] binder: 14949:14949 ioctl 40046210 7fcb5c9174 returned -22
05-24 13:44:29.503 0 0 I : [10840.920587] read descriptors
05-24 13:44:29.504 0 0 I : [10840.920680] read strings
05-24 13:44:30.520 0 0 I : [10841.937075] read descriptors
05-24 13:44:30.520 0 0 I : [10841.937278] read strings
05-24 13:44:31.078 1528 1694 V DisplayPowerController[0]: Brightness [0.05] reason changing to: 'manual [ dim ]', previous reason: 'manual'.
05-24 13:44:31.079 1528 1694 W PowerManagerService: Screen on took 53369 ms
05-24 13:44:31.091 1528 2225 E DisplayDeviceConfig: requesting nits when no mapping exists.
05-24 13:44:31.091 1528 2225 E DisplayDeviceConfig: requesting nits when no mapping exists.
05-24 13:44:31.094 1528 1675 I DropBoxManagerService: add tag=system_server_wtf isTagEnabled=true flags=0x2
05-24 13:44:31.098 1528 1675 I DropBoxManagerService: add tag=system_server_wtf isTagEnabled=true flags=0x2
05-24 13:44:31.107 1528 2225 E DisplayDeviceConfig: requesting nits when no mapping exists.
05-24 13:44:31.107 1528 2225 E DisplayDeviceConfig: requesting nits when no mapping exists.
05-24 13:44:31.109 1528 1675 I DropBoxManagerService: add tag=system_server_wtf isTagEnabled=true flags=0x2
05-24 13:44:31.110 1528 1675 I DropBoxManagerService: add tag=system_server_wtf isTagEnabled=true flags=0x2
05-24 13:44:31.123 1528 2225 E DisplayDeviceConfig: requesting nits when no mapping exists.
05-24 13:44:31.124 1528 2225 E DisplayDeviceConfig: requesting nits when no mapping exists.
05-24 13:44:31.125 1528 1675 I DropBoxManagerService: add tag=system_server_wtf isTagEnabled=true flags=0x2
05-24 13:44:31.140 1528 2225 E DisplayDeviceConfig: requesting nits when no mapping exists.
05-24 13:44:31.141 1528 2225 E DisplayDeviceConfig: requesting nits when no mapping exists.
05-24 13:44:31.157 1528 2225 E DisplayDeviceConfig: requesting nits when no mapping exists.
05-24 13:44:31.157 1528 2225 E DisplayDeviceConfig: requesting nits when no mapping exists.
05-24 13:44:31.173 1528 2225 E DisplayDeviceConfig: requesting nits when no mapping exists.
05-24 13:44:31.174 1528 2225 E DisplayDeviceConfig: requesting nits when no mapping exists.
05-24 13:44:31.190 1528 2225 E DisplayDeviceConfig: requesting nits when no mapping exists.
05-24 13:44:31.190 1528 2225 E DisplayDeviceConfig: requesting nits when no mapping exists.
05-24 13:44:31.207 1528 2225 E DisplayDeviceConfig: requesting nits when no mapping exists.
05-24 13:44:31.207 1528 2225 E DisplayDeviceConfig: requesting nits when no mapping exists.
05-24 13:44:31.223 1528 2225 E DisplayDeviceConfig: requesting nits when no mapping exists.
05-24 13:44:31.225 1528 2225 E DisplayDeviceConfig: requesting nits when no mapping exists.
05-24 13:44:31.246 1528 2225 E DisplayDeviceConfig: requesting nits when no mapping exists.
05-24 13:44:31.246 1528 2225 E DisplayDeviceConfig: requesting nits when no mapping exists.
05-24 13:44:31.256 1528 2225 E DisplayDeviceConfig: requesting nits when no mapping exists.
05-24 13:44:31.256 1528 2225 E DisplayDeviceConfig: requesting nits when no mapping exists.
05-24 13:44:31.273 1528 2225 E DisplayDeviceConfig: requesting nits when no mapping exists.
05-24 13:44:31.273 1528 2225 E DisplayDeviceConfig: requesting nits when no mapping exists.
05-24 13:44:31.290 1528 2225 E DisplayDeviceConfig: requesting nits when no mapping exists.
05-24 13:44:31.290 1528 2225 E DisplayDeviceConfig: requesting nits when no mapping exists.
05-24 13:44:31.307 1528 2225 E DisplayDeviceConfig: requesting nits when no mapping exists.
05-24 13:44:31.308 1528 2225 E DisplayDeviceConfig: requesting nits when no mapping exists.
05-24 13:44:31.323 1528 2225 E DisplayDeviceConfig: requesting nits when no mapping exists.
05-24 13:44:31.324 1528 2225 E DisplayDeviceConfig: requesting nits when no mapping exists.
05-24 13:44:31.340 1528 2225 E DisplayDeviceConfig: requesting nits when no mapping exists.
05-24 13:44:31.340 1528 2225 E DisplayDeviceConfig: requesting nits when no mapping exists.
05-24 13:44:31.356 1528 2225 E DisplayDeviceConfig: requesting nits when no mapping exists.
05-24 13:44:31.357 1528 2225 E DisplayDeviceConfig: requesting nits when no mapping exists.
05-24 13:44:31.374 1528 2225 E DisplayDeviceConfig: requesting nits when no mapping exists.
05-24 13:44:31.375 1528 2225 E DisplayDeviceConfig: requesting nits when no mapping exists.
05-24 13:44:31.390 1528 2225 E DisplayDeviceConfig: requesting nits when no mapping exists.
05-24 13:44:31.391 1528 2225 E DisplayDeviceConfig: requesting nits when no mapping exists.
05-24 13:44:31.407 1528 2225 E DisplayDeviceConfig: requesting nits when no mapping exists.
05-24 13:44:31.407 1528 2225 E DisplayDeviceConfig: requesting nits when no mapping exists.
05-24 13:44:31.423 1528 2225 E DisplayDeviceConfig: requesting nits when no mapping exists.
05-24 13:44:31.424 1528 2225 E DisplayDeviceConfig: requesting nits when no mapping exists.
05-24 13:44:31.440 1528 2225 E DisplayDeviceConfig: requesting nits when no mapping exists.
05-24 13:44:31.440 1528 2225 E DisplayDeviceConfig: requesting nits when no mapping exists.
05-24 13:44:31.457 1528 2225 E DisplayDeviceConfig: requesting nits when no mapping exists.
05-24 13:44:31.457 1528 2225 E DisplayDeviceConfig: requesting nits when no mapping exists.
05-24 13:44:31.473 1528 2225 E DisplayDeviceConfig: requesting nits when no mapping exists.
05-24 13:44:31.474 1528 2225 E DisplayDeviceConfig: requesting nits when no mapping exists.
05-24 13:44:31.490 1528 2225 E DisplayDeviceConfig: requesting nits when no mapping exists.
05-24 13:44:31.491 1528 2225 E DisplayDeviceConfig: requesting nits when no mapping exists.
05-24 13:44:31.507 1528 2225 E DisplayDeviceConfig: requesting nits when no mapping exists.
05-24 13:44:31.507 1528 2225 E DisplayDeviceConfig: requesting nits when no mapping exists.
05-24 13:44:31.523 1528 2225 E DisplayDeviceConfig: requesting nits when no mapping exists.
05-24 13:44:31.524 1528 2225 E DisplayDeviceConfig: requesting nits when no mapping exists.
05-24 13:44:31.541 0 0 I : [10842.957406] read descriptors
05-24 13:44:31.541 0 0 I : [10842.957620] read strings
05-24 13:44:31.540 1528 2225 E DisplayDeviceConfig: requesting nits when no mapping exists.
05-24 13:44:31.540 1528 2225 E DisplayDeviceConfig: requesting nits when no mapping exists.
05-24 13:44:31.558 1528 2225 E DisplayDeviceConfig: requesting nits when no mapping exists.
05-24 13:44:31.558 1528 2225 E DisplayDeviceConfig: requesting nits when no mapping exists.
05-24 13:44:31.573 1528 2225 E DisplayDeviceConfig: requesting nits when no mapping exists.
05-24 13:44:31.574 1528 2225 E DisplayDeviceConfig: requesting nits when no mapping exists.
05-24 13:44:31.590 1528 2225 E DisplayDeviceConfig: requesting nits when no mapping exists.
05-24 13:44:31.591 1528 2225 E DisplayDeviceConfig: requesting nits when no mapping exists.
05-24 13:44:31.607 1528 2225 E DisplayDeviceConfig: requesting nits when no mapping exists.
05-24 13:44:31.607 1528 2225 E DisplayDeviceConfig: requesting nits when no mapping exists.
05-24 13:44:31.623 1528 2225 E DisplayDeviceConfig: requesting nits when no mapping exists.
05-24 13:44:31.624 1528 2225 E DisplayDeviceConfig: requesting nits when no mapping exists.
05-24 13:44:31.640 1528 2225 E DisplayDeviceConfig: requesting nits when no mapping exists.
05-24 13:44:31.641 1528 2225 E DisplayDeviceConfig: requesting nits when no mapping exists.
05-24 13:44:31.657 1528 2225 E DisplayDeviceConfig: requesting nits when no mapping exists.
05-24 13:44:31.657 1528 2225 E DisplayDeviceConfig: requesting nits when no mapping exists.
05-24 13:44:32.556 0 0 I : [10843.972873] read descriptors
05-24 13:44:32.556 0 0 I : [10843.973054] read strings
05-24 13:44:33.572 0 0 I : [10844.988757] read descriptors
05-24 13:44:33.572 0 0 I : [10844.989206] read strings
05-24 13:44:34.631 0 0 I : [10846.048856] read descriptors
05-24 13:44:34.632 0 0 I : [10846.048953] read strings
05-24 13:44:35.641 0 0 I : [10847.061167] read descriptors
05-24 13:44:35.641 0 0 I : [10847.061491] read strings
05-24 13:44:36.664 0 0 I : [10848.081087] read descriptors
05-24 13:44:36.664 0 0 I : [10848.081286] read strings
05-24 13:44:37.684 0 0 I : [10849.100554] read descriptors
05-24 13:44:37.684 0 0 I : [10849.100649] read strings
05-24 13:44:38.231 1528 1694 I PowerManagerService: Napping display group (groupId=0, uid=1000)...
05-24 13:44:38.231 1528 1694 I PowerManagerService: Nap time (uid 1000)...
05-24 13:44:38.233 1528 1694 I DreamManagerService: Entering dreamland.
05-24 13:44:38.247 1528 1694 I PowerManagerService: Dreaming...
05-24 13:44:38.248 1528 1663 I DreamController: Starting dream: name=ComponentInfo{com.thundercomm.screensaver/com.thundercomm.screensaver.service.SystemDream}, isTest=false, canDoze=false, userId=0
05-24 13:44:38.268 1528 8862 I ActivityTaskManager: START u0 {flg=0x10000000 pkg=com.thundercomm.screensaver cmp=com.thundercomm.screensaver/android.service.dreams.DreamActivity (has extras)} from uid 10042
05-24 13:44:38.271 1528 8862 W ActivityTaskManager: Can't find TaskDisplayArea to determine support for multi window. Task id=56 attached=false
05-24 13:44:38.280 1528 2234 I ActivityTaskManager: FOREGROUND_APPLICATION_CHANGED to android.service.dreams.DreamActivity
05-24 13:44:38.280 1528 2234 I ActivityTaskManager: The Process com.thundercomm.screensaver Already Exists in BG. So sending its PID: 13872
05-24 13:44:38.280 1528 2234 W ActivityTaskManager: Tried to set launchTime (0) < mLastActivityLaunchTime (10671780)
05-24 13:44:38.290 1528 8862 W WindowManager: Failed looking up window session=Session{a666445 13872:u0a10042} callers=com.android.server.wm.WindowManagerService.windowForClientLocked:5628 com.android.server.wm.Session.insetsModified:629 android.view.IWindowSession$Stub.onTransact:1151
05-24 13:44:38.321 1528 1694 V DisplayPowerController[0]: Brightness [0.6262626] reason changing to: 'manual', previous reason: 'manual [ dim ]'.
05-24 13:44:38.339 1528 2225 E DisplayDeviceConfig: requesting nits when no mapping exists.
05-24 13:44:38.339 1528 2225 E DisplayDeviceConfig: requesting nits when no mapping exists.
05-24 13:44:38.351 0 0 W [10849.768594] audit: audit_lost=8414 audit_rate_limit=5 audit_backlog_limit=64
05-24 13:44:38.351 0 0 E [10849.768597] audit: rate limit exceeded
05-24 13:44:38.356 1528 2225 E DisplayDeviceConfig: requesting nits when no mapping exists.
05-24 13:44:38.356 1528 2225 E DisplayDeviceConfig: requesting nits when no mapping exists.
05-24 13:44:38.373 1528 2225 E DisplayDeviceConfig: requesting nits when no mapping exists.
05-24 13:44:38.373 1528 2225 E DisplayDeviceConfig: requesting nits when no mapping exists.
05-24 13:44:38.389 1528 2225 E DisplayDeviceConfig: requesting nits when no mapping exists.
05-24 13:44:38.389 1528 2225 E DisplayDeviceConfig: requesting nits when no mapping exists.
05-24 13:44:38.406 1528 2225 E DisplayDeviceConfig: requesting nits when no mapping exists.
05-24 13:44:38.406 1528 2225 E DisplayDeviceConfig: requesting nits when no mapping exists.
05-24 13:44:38.422 1528 2225 E DisplayDeviceConfig: requesting nits when no mapping exists.
05-24 13:44:38.423 1528 2225 E DisplayDeviceConfig: requesting nits when no mapping exists.
05-24 13:44:38.439 1528 2225 E DisplayDeviceConfig: requesting nits when no mapping exists.
05-24 13:44:38.439 1528 2225 E DisplayDeviceConfig: requesting nits when no mapping exists.
05-24 13:44:38.455 1528 2225 E DisplayDeviceConfig: requesting nits when no mapping exists.
05-24 13:44:38.456 1528 2225 E DisplayDeviceConfig: requesting nits when no mapping exists.
05-24 13:44:38.472 1528 2225 E DisplayDeviceConfig: requesting nits when no mapping exists.
05-24 13:44:38.472 1528 2225 E DisplayDeviceConfig: requesting nits when no mapping exists.
05-24 13:44:38.489 1528 2225 E DisplayDeviceConfig: requesting nits when no mapping exists.
05-24 13:44:38.489 1528 2225 E DisplayDeviceConfig: requesting nits when no mapping exists.
05-24 13:44:38.506 1528 2225 E DisplayDeviceConfig: requesting nits when no mapping exists.
05-24 13:44:38.506 1528 2225 E DisplayDeviceConfig: requesting nits when no mapping exists.
05-24 13:44:38.522 1528 2225 E DisplayDeviceConfig: requesting nits when no mapping exists.
05-24 13:44:38.522 1528 2225 E DisplayDeviceConfig: requesting nits when no mapping exists.
05-24 13:44:38.539 1528 2225 E DisplayDeviceConfig: requesting nits when no mapping exists.
05-24 13:44:38.539 1528 2225 E DisplayDeviceConfig: requesting nits when no mapping exists.
05-24 13:44:38.555 1528 2225 E DisplayDeviceConfig: requesting nits when no mapping exists.
05-24 13:44:38.556 1528 2225 E DisplayDeviceConfig: requesting nits when no mapping exists.
05-24 13:44:38.572 1528 2225 E DisplayDeviceConfig: requesting nits when no mapping exists.
05-24 13:44:38.572 1528 2225 E DisplayDeviceConfig: requesting nits when no mapping exists.
05-24 13:44:38.589 1528 2225 E DisplayDeviceConfig: requesting nits when no mapping exists.
05-24 13:44:38.589 1528 2225 E DisplayDeviceConfig: requesting nits when no mapping exists.
05-24 13:44:38.605 1528 2225 E DisplayDeviceConfig: requesting nits when no mapping exists.
05-24 13:44:38.606 1528 2225 E DisplayDeviceConfig: requesting nits when no mapping exists.
05-24 13:44:38.622 1528 2225 E DisplayDeviceConfig: requesting nits when no mapping exists.
05-24 13:44:38.622 1528 2225 E DisplayDeviceConfig: requesting nits when no mapping exists.
05-24 13:44:38.639 1528 2225 E DisplayDeviceConfig: requesting nits when no mapping exists.
05-24 13:44:38.639 1528 2225 E DisplayDeviceConfig: requesting nits when no mapping exists.
05-24 13:44:38.655 1528 2225 E DisplayDeviceConfig: requesting nits when no mapping exists.
05-24 13:44:38.656 1528 2225 E DisplayDeviceConfig: requesting nits when no mapping exists.
05-24 13:44:38.672 1528 2225 E DisplayDeviceConfig: requesting nits when no mapping exists.
05-24 13:44:38.672 1528 2225 E DisplayDeviceConfig: requesting nits when no mapping exists.
05-24 13:44:38.689 1528 2225 E DisplayDeviceConfig: requesting nits when no mapping exists.
05-24 13:44:38.689 1528 2225 E DisplayDeviceConfig: requesting nits when no mapping exists.
05-24 13:44:38.705 1528 2225 E DisplayDeviceConfig: requesting nits when no mapping exists.
05-24 13:44:38.705 1528 2225 E DisplayDeviceConfig: requesting nits when no mapping exists.
05-24 13:44:38.710 0 0 I : [10850.128269] read descriptors
05-24 13:44:38.710 0 0 I : [10850.128296] read strings
05-24 13:44:38.722 1528 2225 E DisplayDeviceConfig: requesting nits when no mapping exists.
05-24 13:44:38.722 1528 2225 E DisplayDeviceConfig: requesting nits when no mapping exists.
05-24 13:44:38.739 1528 2225 E DisplayDeviceConfig: requesting nits when no mapping exists.
05-24 13:44:38.739 1528 2225 E DisplayDeviceConfig: requesting nits when no mapping exists.
05-24 13:44:38.755 1528 2225 E DisplayDeviceConfig: requesting nits when no mapping exists.
05-24 13:44:38.755 1528 2225 E DisplayDeviceConfig: requesting nits when no mapping exists.
05-24 13:44:38.772 1528 2225 E DisplayDeviceConfig: requesting nits when no mapping exists.
05-24 13:44:38.772 1528 2225 E DisplayDeviceConfig: requesting nits when no mapping exists.
05-24 13:44:38.789 1528 2225 E DisplayDeviceConfig: requesting nits when no mapping exists.
05-24 13:44:38.789 1528 2225 E DisplayDeviceConfig: requesting nits when no mapping exists.
05-24 13:44:38.805 1528 2225 E DisplayDeviceConfig: requesting nits when no mapping exists.
05-24 13:44:38.806 1528 2225 E DisplayDeviceConfig: requesting nits when no mapping exists.
05-24 13:44:38.822 1528 2225 E DisplayDeviceConfig: requesting nits when no mapping exists.
05-24 13:44:38.822 1528 2225 E DisplayDeviceConfig: requesting nits when no mapping exists.
05-24 13:44:38.839 1528 2225 E DisplayDeviceConfig: requesting nits when no mapping exists.
05-24 13:44:38.839 1528 2225 E DisplayDeviceConfig: requesting nits when no mapping exists.
05-24 13:44:38.855 1528 2225 E DisplayDeviceConfig: requesting nits when no mapping exists.
05-24 13:44:38.856 1528 2225 E DisplayDeviceConfig: requesting nits when no mapping exists.
05-24 13:44:38.872 1528 2225 E DisplayDeviceConfig: requesting nits when no mapping exists.
05-24 13:44:38.872 1528 2225 E DisplayDeviceConfig: requesting nits when no mapping exists.
05-24 13:44:38.889 1528 2225 E DisplayDeviceConfig: requesting nits when no mapping exists.
05-24 13:44:38.889 1528 2225 E DisplayDeviceConfig: requesting nits when no mapping exists.
05-24 13:44:38.905 1528 2225 E DisplayDeviceConfig: requesting nits when no mapping exists.
05-24 13:44:38.906 1528 2225 E DisplayDeviceConfig: requesting nits when no mapping exists.
05-24 13:44:39.727 0 0 I : [10851.144161] read descriptors
05-24 13:44:39.727 0 0 I : [10851.144186] read strings
05-24 13:44:40.335 0 0 I : [10851.753589] qcom_rpmh DRV:apps_rsc TCS Busy, retrying RPMH message send: addr=0x50000
05-24 13:44:40.336 0 0 I : [10851.753608] qcom_rpmh DRV:apps_rsc TCS Busy, retrying RPMH message send: addr=0x50000
05-24 13:44:40.336 0 0 I : [10851.753624] qcom_rpmh DRV:apps_rsc TCS Busy, retrying RPMH message send: addr=0x50000
05-24 13:44:40.336 0 0 I : [10851.753639] qcom_rpmh DRV:apps_rsc TCS Busy, retrying RPMH message send: addr=0x50000
05-24 13:44:40.749 0 0 I : [10852.169371] read descriptors
05-24 13:44:40.750 0 0 I : [10852.169568] read strings
05-24 13:44:41.776 0 0 I : [10853.193304] read descriptors
05-24 13:44:41.776 0 0 I : [10853.193504] read strings
05-24 13:44:42.058 1528 1801 D ActivityManager: freezing 10413 android.process.acore
05-24 13:44:42.058 1528 1801 E ActivityManager: Unable to freeze binder for 10413 android.process.acore
05-24 13:44:42.060 0 0 I [10853.478798] binder: 1528:1801 ioctl 400c620e 6e510eb5d8 returned -22
05-24 13:44:42.060 1528 1801 D ActivityManager: froze 10413 android.process.acore
05-24 13:44:42.061 1528 1801 E ActivityManager: Unable to freeze binder for 10413 android.process.acore
05-24 13:44:42.064 0 0 I [10853.481162] binder: 1528:1801 ioctl c00c620f 6e510eb5b8 returned -22
05-24 13:44:42.064 0 0 I [10853.483906] binder: 1528:1801 ioctl 400c620e 6e510eb5d8 returned -22
05-24 13:44:42.063 1528 1801 D ActivityManager: freezing 10195 com.qualcomm.qti.qccauthmgr
05-24 13:44:42.063 1528 1801 E ActivityManager: Unable to freeze binder for 10195 com.qualcomm.qti.qccauthmgr
05-24 13:44:42.065 1528 1801 D ActivityManager: froze 10195 com.qualcomm.qti.qccauthmgr
05-24 13:44:42.065 1528 1801 E ActivityManager: Unable to freeze binder for 10195 com.qualcomm.qti.qccauthmgr
05-24 13:44:42.066 1528 1801 I ActivityManager: Killing 10413:android.process.acore/u0a25 (adj 935): Unable to freeze binder interface
05-24 13:44:42.067 0 0 I [10853.485321] binder: 1528:1801 ioctl c00c620f 6e510eb5b8 returned -22
05-24 13:44:42.072 1528 1801 I ActivityManager: Killing 10195:com.qualcomm.qti.qccauthmgr/u0a87 (adj 935): Unable to freeze binder interface
05-24 13:44:42.101 1528 8862 D CountryDetector: No listener is left
05-24 13:44:42.800 0 0 I : [10854.216716] read descriptors
05-24 13:44:42.800 0 0 I : [10854.216912] read strings
05-24 13:44:43.820 0 0 I : [10855.236488] read descriptors
05-24 13:44:43.820 0 0 I : [10855.236577] read strings
05-24 13:44:44.836 0 0 I : [10856.252778] read descriptors
05-24 13:44:44.836 0 0 I : [10856.252980] read strings
05-24 13:44:45.856 0 0 I : [10857.272888] read descriptors
05-24 13:44:45.856 0 0 I : [10857.273086] read strings
05-24 13:44:46.880 0 0 I : [10858.296919] read descriptors
05-24 13:44:46.880 0 0 I : [10858.297123] read strings
05-24 13:44:47.896 0 0 I : [10859.312943] read descriptors
05-24 13:44:47.896 0 0 I : [10859.313145] read strings
05-24 13:44:48.920 0 0 I : [10860.336855] read descriptors
05-24 13:44:48.920 0 0 I : [10860.337059] read strings
05-24 13:44:49.936 0 0 I : [10861.353219] read descriptors
05-24 13:44:49.936 0 0 I : [10861.353424] read strings
05-24 13:44:50.952 0 0 I : [10862.369271] read descriptors
05-24 13:44:50.952 0 0 I : [10862.369479] read strings
05-24 13:44:51.980 0 0 I : [10863.396690] read descriptors
05-24 13:44:51.980 0 0 I : [10863.396883] read strings
05-24 13:44:53.004 0 0 I : [10864.421292] read descriptors
05-24 13:44:53.004 0 0 I : [10864.421496] read strings
05-24 13:44:54.028 0 0 I : [10865.445561] read descriptors
05-24 13:44:54.028 0 0 I : [10865.445757] read strings
05-24 13:44:55.048 0 0 I : [10866.465277] read descriptors
