05-24 12:46:27.021 1528 1528 D ConditionProviders.SCP: notifyCondition condition://android/schedule?days=1.2.3.4.5.6.7&start=22.0&end=7.0&exitAtAlarm=true STATE_FALSE reason=!meetsSchedule
05-24 12:46:27.022 1528 1528 D ConditionProviders.SCP: Scheduling evaluate for Wed May 24 22:00:00 GMT+08:00 2023 (1684936800000), in +9h13m32s981ms, now=Wed May 24 12:46:27 GMT+08:00 2023 (1684903587019)
05-24 12:46:32.033 1528 1801 D ActivityManager: freezing 23451 com.qti.diagservices
05-24 12:46:32.033 1528 1801 E ActivityManager: Unable to freeze binder for 23451 com.qti.diagservices
05-24 12:46:32.036 1528 1801 D ActivityManager: froze 23451 com.qti.diagservices
05-24 12:46:32.036 1528 1801 E ActivityManager: Unable to freeze binder for 23451 com.qti.diagservices
05-24 12:46:32.042 1528 1801 I ActivityManager: Killing 23451:com.qti.diagservices/1000 (adj 915): Unable to freeze binder interface
05-24 12:46:32.077 1528 8286 W ActivityManager: Scheduling restart of crashed service com.qti.diagservices/.QTIDiagServices in 1000ms for start-requested
05-24 12:46:33.081 1528 1675 D CompatibilityChangeReporter: Compat change id reported: 135634846; UID 1000; state: DISABLED
05-24 12:46:33.081 1528 1675 D CompatibilityChangeReporter: Compat change id reported: 177438394; UID 1000; state: DISABLED
05-24 12:46:33.082 1528 1675 D CompatibilityChangeReporter: Compat change id reported: 135772972; UID 1000; state: DISABLED
05-24 12:46:33.082 1528 1675 D CompatibilityChangeReporter: Compat change id reported: 135754954; UID 1000; state: ENABLED
05-24 12:46:33.108 1528 1676 I ActivityManager: Start proc 30179:com.qti.diagservices/1000 for service {com.qti.diagservices/com.qti.diagservices.QTIDiagServices}
05-24 12:48:27.007 2571 30469 W ContextImpl: Calling a method in the system process without a qualified user: android.app.ContextImpl.sendBroadcast:1173 android.content.ContextWrapper.sendBroadcast:479 com.thundercomm.microsettings.action.SetTimeAction.timeUpdated:212 com.thundercomm.microsettings.action.SetTimeAction.update24HourFormat:194 com.thundercomm.microsettings.action.SetTimeAction.doActualAction:154
05-24 12:48:27.017 1528 1528 D DevicePolicyManager: updateSystemUpdateFreezePeriodsRecord
05-24 12:48:27.018 1528 1528 D ConditionProviders.SCP: onReceive android.intent.action.TIME_SET
05-24 12:48:27.019 1528 1528 D ConditionProviders.SCP: evaluateSubscriptionLocked cal=ScheduleCalendar[mDays={1, 2, 3, 4, 5, 6, 7}, mSchedule=ScheduleInfo{days=[1, 2, 3, 4, 5, 6, 7], startHour=22, startMinute=0, endHour=7, endMinute=0, exitAtAlarm=true, nextAlarm=Thu Jan 01 08:00:00 GMT+08:00 1970 (0)}], now=Wed May 24 12:48:27 GMT+08:00 2023 (1684903707018), nextUserAlarmTime=Thu Jan 01 08:00:00 GMT+08:00 1970 (0)
05-24 12:48:27.020 1528 1528 D ConditionProviders.SCP: notifyCondition condition://android/schedule?days=1.2.3.4.5.6.7&start=22.0&end=7.0&exitAtAlarm=true STATE_FALSE reason=!meetsSchedule
05-24 12:48:27.021 1528 1528 D ConditionProviders.SCP: Scheduling evaluate for Wed May 24 22:00:00 GMT+08:00 2023 (1684936800000), in +9h11m32s982ms, now=Wed May 24 12:48:27 GMT+08:00 2023 (1684903707018)
05-24 12:50:27.008 2571 30760 W ContextImpl: Calling a method in the system process without a qualified user: android.app.ContextImpl.sendBroadcast:1173 android.content.ContextWrapper.sendBroadcast:479 com.thundercomm.microsettings.action.SetTimeAction.timeUpdated:212 com.thundercomm.microsettings.action.SetTimeAction.update24HourFormat:194 com.thundercomm.microsettings.action.SetTimeAction.doActualAction:154
05-24 12:50:27.018 1528 1528 D DevicePolicyManager: updateSystemUpdateFreezePeriodsRecord
05-24 12:50:27.018 1528 1528 D ConditionProviders.SCP: onReceive android.intent.action.TIME_SET
05-24 12:50:27.019 1528 1528 D ConditionProviders.SCP: evaluateSubscriptionLocked cal=ScheduleCalendar[mDays={1, 2, 3, 4, 5, 6, 7}, mSchedule=ScheduleInfo{days=[1, 2, 3, 4, 5, 6, 7], startHour=22, startMinute=0, endHour=7, endMinute=0, exitAtAlarm=true, nextAlarm=Thu Jan 01 08:00:00 GMT+08:00 1970 (0)}], now=Wed May 24 12:50:27 GMT+08:00 2023 (1684903827018), nextUserAlarmTime=Thu Jan 01 08:00:00 GMT+08:00 1970 (0)
05-24 12:50:27.019 1528 1528 D ConditionProviders.SCP: notifyCondition condition://android/schedule?days=1.2.3.4.5.6.7&start=22.0&end=7.0&exitAtAlarm=true STATE_FALSE reason=!meetsSchedule
05-24 12:50:27.020 1528 1528 D ConditionProviders.SCP: Scheduling evaluate for Wed May 24 22:00:00 GMT+08:00 2023 (1684936800000), in +9h9m32s982ms, now=Wed May 24 12:50:27 GMT+08:00 2023 (1684903827018)
05-24 12:52:27.006 2571 31062 W ContextImpl: Calling a method in the system process without a qualified user: android.app.ContextImpl.sendBroadcast:1173 android.content.ContextWrapper.sendBroadcast:479 com.thundercomm.microsettings.action.SetTimeAction.timeUpdated:212 com.thundercomm.microsettings.action.SetTimeAction.update24HourFormat:194 com.thundercomm.microsettings.action.SetTimeAction.doActualAction:154
05-24 12:52:27.015 1528 1528 D DevicePolicyManager: updateSystemUpdateFreezePeriodsRecord
05-24 12:52:27.016 1528 1528 D ConditionProviders.SCP: onReceive android.intent.action.TIME_SET
05-24 12:52:27.017 1528 1528 D ConditionProviders.SCP: evaluateSubscriptionLocked cal=ScheduleCalendar[mDays={1, 2, 3, 4, 5, 6, 7}, mSchedule=ScheduleInfo{days=[1, 2, 3, 4, 5, 6, 7], startHour=22, startMinute=0, endHour=7, endMinute=0, exitAtAlarm=true, nextAlarm=Thu Jan 01 08:00:00 GMT+08:00 1970 (0)}], now=Wed May 24 12:52:27 GMT+08:00 2023 (1684903947016), nextUserAlarmTime=Thu Jan 01 08:00:00 GMT+08:00 1970 (0)
05-24 12:52:27.018 1528 1528 D ConditionProviders.SCP: notifyCondition condition://android/schedule?days=1.2.3.4.5.6.7&start=22.0&end=7.0&exitAtAlarm=true STATE_FALSE reason=!meetsSchedule
05-24 12:52:27.019 1528 1528 D ConditionProviders.SCP: Scheduling evaluate for Wed May 24 22:00:00 GMT+08:00 2023 (1684936800000), in +9h7m32s984ms, now=Wed May 24 12:52:27 GMT+08:00 2023 (1684903947016)
05-24 12:54:27.007 2571 31348 W ContextImpl: Calling a method in the system process without a qualified user: android.app.ContextImpl.sendBroadcast:1173 android.content.ContextWrapper.sendBroadcast:479 com.thundercomm.microsettings.action.SetTimeAction.timeUpdated:212 com.thundercomm.microsettings.action.SetTimeAction.update24HourFormat:194 com.thundercomm.microsettings.action.SetTimeAction.doActualAction:154
05-24 12:54:27.013 1528 1528 D DevicePolicyManager: updateSystemUpdateFreezePeriodsRecord
05-24 12:54:27.019 1528 1528 D ConditionProviders.SCP: onReceive android.intent.action.TIME_SET
05-24 12:54:27.020 1528 1528 D ConditionProviders.SCP: evaluateSubscriptionLocked cal=ScheduleCalendar[mDays={1, 2, 3, 4, 5, 6, 7}, mSchedule=ScheduleInfo{days=[1, 2, 3, 4, 5, 6, 7], startHour=22, startMinute=0, endHour=7, endMinute=0, exitAtAlarm=true, nextAlarm=Thu Jan 01 08:00:00 GMT+08:00 1970 (0)}], now=Wed May 24 12:54:27 GMT+08:00 2023 (1684904067019), nextUserAlarmTime=Thu Jan 01 08:00:00 GMT+08:00 1970 (0)
05-24 12:54:27.020 1528 1528 D ConditionProviders.SCP: notifyCondition condition://android/schedule?days=1.2.3.4.5.6.7&start=22.0&end=7.0&exitAtAlarm=true STATE_FALSE reason=!meetsSchedule
05-24 12:54:27.020 1528 1528 D ConditionProviders.SCP: Scheduling evaluate for Wed May 24 22:00:00 GMT+08:00 2023 (1684936800000), in +9h5m32s981ms, now=Wed May 24 12:54:27 GMT+08:00 2023 (1684904067019)
05-24 12:56:27.007 2571 31639 W ContextImpl: Calling a method in the system process without a qualified user: android.app.ContextImpl.sendBroadcast:1173 android.content.ContextWrapper.sendBroadcast:479 com.thundercomm.microsettings.action.SetTimeAction.timeUpdated:212 com.thundercomm.microsettings.action.SetTimeAction.update24HourFormat:194 com.thundercomm.microsettings.action.SetTimeAction.doActualAction:154
05-24 12:56:27.017 1528 1528 D DevicePolicyManager: updateSystemUpdateFreezePeriodsRecord
05-24 12:56:27.018 1528 1528 D ConditionProviders.SCP: onReceive android.intent.action.TIME_SET
05-24 12:56:27.019 1528 1528 D ConditionProviders.SCP: evaluateSubscriptionLocked cal=ScheduleCalendar[mDays={1, 2, 3, 4, 5, 6, 7}, mSchedule=ScheduleInfo{days=[1, 2, 3, 4, 5, 6, 7], startHour=22, startMinute=0, endHour=7, endMinute=0, exitAtAlarm=true, nextAlarm=Thu Jan 01 08:00:00 GMT+08:00 1970 (0)}], now=Wed May 24 12:56:27 GMT+08:00 2023 (1684904187018), nextUserAlarmTime=Thu Jan 01 08:00:00 GMT+08:00 1970 (0)
05-24 12:56:27.019 1528 1528 D ConditionProviders.SCP: notifyCondition condition://android/schedule?days=1.2.3.4.5.6.7&start=22.0&end=7.0&exitAtAlarm=true STATE_FALSE reason=!meetsSchedule
05-24 12:56:27.020 1528 1528 D ConditionProviders.SCP: Scheduling evaluate for Wed May 24 22:00:00 GMT+08:00 2023 (1684936800000), in +9h3m32s982ms, now=Wed May 24 12:56:27 GMT+08:00 2023 (1684904187018)
05-24 12:58:27.006 2571 31940 W ContextImpl: Calling a method in the system process without a qualified user: android.app.ContextImpl.sendBroadcast:1173 android.content.ContextWrapper.sendBroadcast:479 com.thundercomm.microsettings.action.SetTimeAction.timeUpdated:212 com.thundercomm.microsettings.action.SetTimeAction.update24HourFormat:194 com.thundercomm.microsettings.action.SetTimeAction.doActualAction:154
05-24 12:58:27.015 1528 1528 D DevicePolicyManager: updateSystemUpdateFreezePeriodsRecord
05-24 12:58:27.016 1528 1528 D ConditionProviders.SCP: onReceive android.intent.action.TIME_SET
05-24 12:58:27.017 1528 1528 D ConditionProviders.SCP: evaluateSubscriptionLocked cal=ScheduleCalendar[mDays={1, 2, 3, 4, 5, 6, 7}, mSchedule=ScheduleInfo{days=[1, 2, 3, 4, 5, 6, 7], startHour=22, startMinute=0, endHour=7, endMinute=0, exitAtAlarm=true, nextAlarm=Thu Jan 01 08:00:00 GMT+08:00 1970 (0)}], now=Wed May 24 12:58:27 GMT+08:00 2023 (1684904307016), nextUserAlarmTime=Thu Jan 01 08:00:00 GMT+08:00 1970 (0)
05-24 12:58:27.017 1528 1528 D ConditionProviders.SCP: notifyCondition condition://android/schedule?days=1.2.3.4.5.6.7&start=22.0&end=7.0&exitAtAlarm=true STATE_FALSE reason=!meetsSchedule
05-24 12:58:27.018 1528 1528 D ConditionProviders.SCP: Scheduling evaluate for Wed May 24 22:00:00 GMT+08:00 2023 (1684936800000), in +9h1m32s984ms, now=Wed May 24 12:58:27 GMT+08:00 2023 (1684904307016)
05-24 13:00:27.007 2571 32243 W ContextImpl: Calling a method in the system process without a qualified user: android.app.ContextImpl.sendBroadcast:1173 android.content.ContextWrapper.sendBroadcast:479 com.thundercomm.microsettings.action.SetTimeAction.timeUpdated:212 com.thundercomm.microsettings.action.SetTimeAction.update24HourFormat:194 com.thundercomm.microsettings.action.SetTimeAction.doActualAction:154
05-24 13:00:27.016 1528 1528 D DevicePolicyManager: updateSystemUpdateFreezePeriodsRecord
05-24 13:00:27.017 1528 1528 D ConditionProviders.SCP: onReceive android.intent.action.TIME_SET
05-24 13:00:27.018 1528 1528 D ConditionProviders.SCP: evaluateSubscriptionLocked cal=ScheduleCalendar[mDays={1, 2, 3, 4, 5, 6, 7}, mSchedule=ScheduleInfo{days=[1, 2, 3, 4, 5, 6, 7], startHour=22, startMinute=0, endHour=7, endMinute=0, exitAtAlarm=true, nextAlarm=Thu Jan 01 08:00:00 GMT+08:00 1970 (0)}], now=Wed May 24 13:00:27 GMT+08:00 2023 (1684904427017), nextUserAlarmTime=Thu Jan 01 08:00:00 GMT+08:00 1970 (0)
05-24 13:00:27.018 1528 1528 D ConditionProviders.SCP: notifyCondition condition://android/schedule?days=1.2.3.4.5.6.7&start=22.0&end=7.0&exitAtAlarm=true STATE_FALSE reason=!meetsSchedule
05-24 13:00:27.020 1528 1528 D ConditionProviders.SCP: Scheduling evaluate for Wed May 24 22:00:00 GMT+08:00 2023 (1684936800000), in +8h59m32s983ms, now=Wed May 24 13:00:27 GMT+08:00 2023 (1684904427017)
05-24 13:02:27.007 2571 32564 W ContextImpl: Calling a method in the system process without a qualified user: android.app.ContextImpl.sendBroadcast:1173 android.content.ContextWrapper.sendBroadcast:479 com.thundercomm.microsettings.action.SetTimeAction.timeUpdated:212 com.thundercomm.microsettings.action.SetTimeAction.update24HourFormat:194 com.thundercomm.microsettings.action.SetTimeAction.doActualAction:154
05-24 13:02:27.016 1528 1528 D DevicePolicyManager: updateSystemUpdateFreezePeriodsRecord
05-24 13:02:27.017 1528 1528 D ConditionProviders.SCP: onReceive android.intent.action.TIME_SET
05-24 13:02:27.018 1528 1528 D ConditionProviders.SCP: evaluateSubscriptionLocked cal=ScheduleCalendar[mDays={1, 2, 3, 4, 5, 6, 7}, mSchedule=ScheduleInfo{days=[1, 2, 3, 4, 5, 6, 7], startHour=22, startMinute=0, endHour=7, endMinute=0, exitAtAlarm=true, nextAlarm=Thu Jan 01 08:00:00 GMT+08:00 1970 (0)}], now=Wed May 24 13:02:27 GMT+08:00 2023 (1684904547017), nextUserAlarmTime=Thu Jan 01 08:00:00 GMT+08:00 1970 (0)
05-24 13:02:27.018 1528 1528 D ConditionProviders.SCP: notifyCondition condition://android/schedule?days=1.2.3.4.5.6.7&start=22.0&end=7.0&exitAtAlarm=true STATE_FALSE reason=!meetsSchedule
05-24 13:02:27.020 1528 1528 D ConditionProviders.SCP: Scheduling evaluate for Wed May 24 22:00:00 GMT+08:00 2023 (1684936800000), in +8h57m32s983ms, now=Wed May 24 13:02:27 GMT+08:00 2023 (1684904547017)
05-24 13:04:03.432 1528 1674 I UsageStatsService: User[0] Flushing usage stats to disk
05-24 13:04:27.007 2571 621 W ContextImpl: Calling a method in the system process without a qualified user: android.app.ContextImpl.sendBroadcast:1173 android.content.ContextWrapper.sendBroadcast:479 com.thundercomm.microsettings.action.SetTimeAction.timeUpdated:212 com.thundercomm.microsettings.action.SetTimeAction.update24HourFormat:194 com.thundercomm.microsettings.action.SetTimeAction.doActualAction:154
05-24 13:04:27.015 1528 1528 D DevicePolicyManager: updateSystemUpdateFreezePeriodsRecord
05-24 13:04:27.016 1528 1528 D ConditionProviders.SCP: onReceive android.intent.action.TIME_SET
05-24 13:04:27.017 1528 1528 D ConditionProviders.SCP: evaluateSubscriptionLocked cal=ScheduleCalendar[mDays={1, 2, 3, 4, 5, 6, 7}, mSchedule=ScheduleInfo{days=[1, 2, 3, 4, 5, 6, 7], startHour=22, startMinute=0, endHour=7, endMinute=0, exitAtAlarm=true, nextAlarm=Thu Jan 01 08:00:00 GMT+08:00 1970 (0)}], now=Wed May 24 13:04:27 GMT+08:00 2023 (1684904667016), nextUserAlarmTime=Thu Jan 01 08:00:00 GMT+08:00 1970 (0)
05-24 13:04:27.017 1528 1528 D ConditionProviders.SCP: notifyCondition condition://android/schedule?days=1.2.3.4.5.6.7&start=22.0&end=7.0&exitAtAlarm=true STATE_FALSE reason=!meetsSchedule
05-24 13:04:27.022 1528 1528 D ConditionProviders.SCP: Scheduling evaluate for Wed May 24 22:00:00 GMT+08:00 2023 (1684936800000), in +8h55m32s984ms, now=Wed May 24 13:04:27 GMT+08:00 2023 (1684904667016)
05-24 13:05:18.845 6116 6116 V DreamService[SystemDream]: mActionDownY = 1031.0
05-24 13:05:18.845 6116 6116 V DreamService[SystemDream]: mActionUpY = 963.0
05-24 13:05:18.854 1528 2249 I DreamManagerService: Gently waking up from dream.
05-24 13:05:18.855 1528 1663 I DreamManagerService: Performing gentle wake from dream.
05-24 13:05:18.859 1528 2699 I ActivityTaskManager: FOREGROUND_APPLICATION_CHANGED to com.android.settings.homepage.SettingsHomepageActivity
05-24 13:05:18.877 1528 2699 D CompatibilityChangeReporter: Compat change id reported: 135634846; UID 10065; state: DISABLED
05-24 13:05:18.877 1528 2699 D CompatibilityChangeReporter: Compat change id reported: 177438394; UID 10065; state: DISABLED
05-24 13:05:18.877 1528 2699 D CompatibilityChangeReporter: Compat change id reported: 135772972; UID 10065; state: DISABLED
05-24 13:05:18.877 1528 2699 D CompatibilityChangeReporter: Compat change id reported: 135754954; UID 10065; state: ENABLED
05-24 13:05:18.877 1528 1676 D CompatibilityChangeReporter: Compat change id reported: 143937733; UID 10065; state: ENABLED
05-24 13:05:18.880 1528 1675 W BroadcastQueue: Permission Denial: broadcasting Intent { act=android.net.conn.CONNECTIVITY_CHANGE flg=0x4200010 (has extras) } from null (pid=-1, uid=-1) requires android.permission.CHANGE_NETWORK_STATE due to registered receiver BroadcastFilter{f0c2a98 1000/u0 ReceiverList{f35fc7b 2957 com.android.settings/1000/u0 remote:a6c2c0a}}
05-24 13:05:18.880 1528 1675 W BroadcastQueue: Permission Denial: broadcasting Intent { act=android.net.wifi.STATE_CHANGE flg=0x4000010 (has extras) } from null (pid=-1, uid=-1) requires android.permission.CHANGE_NETWORK_STATE due to registered receiver BroadcastFilter{f0c2a98 1000/u0 ReceiverList{f35fc7b 2957 com.android.settings/1000/u0 remote:a6c2c0a}}
05-24 13:05:18.884 1528 1676 I ActivityManager: Start proc 824:com.thundercomm.gamemode.provider/u0a65 for content provider {com.thundercomm.gamemode.provider/com.thundercomm.gamemode.provider.SettingsProvider}
05-24 13:05:18.896 1528 1682 W BatteryExternalStatsWorker: error reading modem stats:ERROR_PHONE_NOT_AVAILABLE
05-24 13:05:18.898 1528 3462 D CompatibilityChangeReporter: Compat change id reported: 168419799; UID 10065; state: DISABLED
05-24 13:05:18.908 1528 1682 E KernelCpuSpeedReader: Failed to read cpu-freq: /sys/devices/system/cpu/cpu4/cpufreq/stats/time_in_state: open failed: ENOENT (No such file or directory)
05-24 13:05:18.909 1528 1682 E KernelCpuSpeedReader: Failed to read cpu-freq: /sys/devices/system/cpu/cpu0/cpufreq/stats/time_in_state: open failed: ENOENT (No such file or directory)
05-24 13:05:18.927 1528 1694 I PowerManagerService: Powering on display group fromDreaming (groupId=0, uid=1000, reason=WAKE_REASON_UNKNOWN, details=android.server.power:DREAM_FINISHED)...
05-24 13:05:18.927 1528 1694 I PowerManagerService: Waking up from Dreaming (uid=1000, reason=WAKE_REASON_UNKNOWN, details=android.server.power:DREAM_FINISHED)...
05-24 13:05:18.942 1528 1682 W BatteryExternalStatsWorker: error reading modem stats:ERROR_PHONE_NOT_AVAILABLE
05-24 13:05:18.943 1528 1682 E KernelCpuSpeedReader: Failed to read cpu-freq: /sys/devices/system/cpu/cpu4/cpufreq/stats/time_in_state: open failed: ENOENT (No such file or directory)
05-24 13:05:18.944 1528 1682 E KernelCpuSpeedReader: Failed to read cpu-freq: /sys/devices/system/cpu/cpu0/cpufreq/stats/time_in_state: open failed: ENOENT (No such file or directory)
05-24 13:05:19.463 1528 3462 I DreamManagerService: Leaving dreamland.
05-24 13:05:19.464 1528 1663 I DreamManagerService: Performing gentle wake from dream.
05-24 13:05:19.464 1528 1663 I DreamController: Stopping dream: name=ComponentInfo{com.thundercomm.screensaver/com.thundercomm.screensaver.service.SystemDream}, isTest=false, canDoze=false, userId=0, reason='finished self'(from 'finished self')
05-24 13:05:19.471 1528 1667 W ActivityTaskManager: Can't find TaskDisplayArea to determine support for multi window. Task id=40 attached=false
05-24 13:05:21.200 1528 19621 I ActivityTaskManager: FOREGROUND_APPLICATION_CHANGED to com.android.launcher3.uioverrides.QuickstepLauncher
05-24 13:05:23.280 1528 2699 I thunderperf: PlatormCompat.setOverrides: Uid1=10074 Pid1=2838 Uid2=10074 Pid2=2838
05-24 13:05:23.280 1528 2699 I thunderperf: PlatormCompat.setOverrides: needCheck:false
05-24 13:05:23.280 1528 2699 I thunderperf: CompatConfig.addOverrideUnsafe: bef-state=1
05-24 13:05:23.281 1528 2699 E thunderperf: CompatConfig.addOverrideUnsafe: exception:java.lang.SecurityException: Cannot override a change on a non-debuggable app and user build.
05-24 13:05:23.281 1528 2699 I thunderperf: CompatConfig.addOverrideUnsafe: aft-state=1
05-24 13:05:23.282 1528 2699 I thunderperf: CompatConfig.addOverrideUnsafe: bef-state=1
05-24 13:05:23.282 1528 2699 E thunderperf: CompatConfig.addOverrideUnsafe: exception:java.lang.SecurityException: Cannot override a change on a non-debuggable app and user build.
05-24 13:05:23.282 1528 2699 I thunderperf: CompatConfig.addOverrideUnsafe: aft-state=1
05-24 13:05:23.282 1528 2699 I thunderperf: CompatConfig.addOverrideUnsafe: bef-state=1
05-24 13:05:23.283 1528 2699 E thunderperf: CompatConfig.addOverrideUnsafe: exception:java.lang.SecurityException: Cannot override a change on a non-debuggable app and user build.
05-24 13:05:23.283 1528 2699 I thunderperf: CompatConfig.addOverrideUnsafe: aft-state=1
05-24 13:05:23.283 1528 2699 I thunderperf: CompatConfig.addOverrideUnsafe: bef-state=1
05-24 13:05:23.283 1528 2699 E thunderperf: CompatConfig.addOverrideUnsafe: exception:java.lang.SecurityException: Cannot override a change on a non-debuggable app and user build.
05-24 13:05:23.283 1528 2699 I thunderperf: CompatConfig.addOverrideUnsafe: aft-state=1
05-24 13:05:23.284 1528 2699 I thunderperf: CompatConfig.addOverrideUnsafe: bef-state=1
05-24 13:05:23.284 1528 2699 E thunderperf: CompatConfig.addOverrideUnsafe: exception:java.lang.SecurityException: Cannot override a change on a non-debuggable app and user build.
05-24 13:05:23.284 1528 2699 I thunderperf: CompatConfig.addOverrideUnsafe: aft-state=1
05-24 13:05:23.284 1528 2699 I thunderperf: CompatConfig.addOverrideUnsafe: bef-state=1
05-24 13:05:23.285 1528 2699 E thunderperf: CompatConfig.addOverrideUnsafe: exception:java.lang.SecurityException: Cannot override a change on a non-debuggable app and user build.
05-24 13:05:23.285 1528 2699 I thunderperf: CompatConfig.addOverrideUnsafe: aft-state=1
05-24 13:05:23.285 1528 2699 I thunderperf: CompatConfig.addOverrideUnsafe: bef-state=1
05-24 13:05:23.285 1528 2699 E thunderperf: CompatConfig.addOverrideUnsafe: exception:java.lang.SecurityException: Cannot override a change on a non-debuggable app and user build.
05-24 13:05:23.285 1528 2699 I thunderperf: CompatConfig.addOverrideUnsafe: aft-state=1
05-24 13:05:23.286 1528 2699 I thunderperf: CompatConfig.addOverrideUnsafe: bef-state=1
05-24 13:05:23.286 1528 2699 E thunderperf: CompatConfig.addOverrideUnsafe: exception:java.lang.SecurityException: Cannot override a change on a non-debuggable app and user build.
05-24 13:05:23.286 1528 2699 I thunderperf: CompatConfig.addOverrideUnsafe: aft-state=1
05-24 13:05:23.287 1528 2699 I thunderperf: CompatConfig.addOverrideUnsafe: bef-state=1
05-24 13:05:23.287 1528 2699 E thunderperf: CompatConfig.addOverrideUnsafe: exception:java.lang.SecurityException: Cannot override a change on a non-debuggable app and user build.
05-24 13:05:23.287 1528 2699 I thunderperf: CompatConfig.addOverrideUnsafe: aft-state=1
05-24 13:05:23.287 1528 2699 I thunderperf: CompatConfig.addOverrideUnsafe: bef-state=1
05-24 13:05:23.288 1528 2699 E thunderperf: CompatConfig.addOverrideUnsafe: exception:java.lang.SecurityException: Cannot override a change on a non-debuggable app and user build.
05-24 13:05:23.288 1528 2699 I thunderperf: CompatConfig.addOverrideUnsafe: aft-state=1
05-24 13:05:23.288 1528 2699 I thunderperf: CompatConfig.addOverrideUnsafe: bef-state=1
05-24 13:05:23.288 1528 2699 E thunderperf: CompatConfig.addOverrideUnsafe: exception:java.lang.SecurityException: Cannot override a change on a non-debuggable app and user build.
05-24 13:05:23.288 1528 2699 I thunderperf: CompatConfig.addOverrideUnsafe: aft-state=1
05-24 13:05:23.289 1528 2699 I thunderperf: CompatConfig.addOverrideUnsafe: bef-state=1
05-24 13:05:23.289 1528 2699 E thunderperf: CompatConfig.addOverrideUnsafe: exception:java.lang.SecurityException: Cannot override a change on a non-debuggable app and user build.
05-24 13:05:23.289 1528 2699 I thunderperf: CompatConfig.addOverrideUnsafe: aft-state=1
05-24 13:05:23.289 1528 2699 I thunderperf: CompatConfig.addOverrideUnsafe: bef-state=1
05-24 13:05:23.290 1528 2699 E thunderperf: CompatConfig.addOverrideUnsafe: exception:java.lang.SecurityException: Cannot override a change on a non-debuggable app and user build.
05-24 13:05:23.290 1528 2699 I thunderperf: CompatConfig.addOverrideUnsafe: aft-state=1
05-24 13:05:23.290 1528 2699 I thunderperf: CompatConfig.addOverrideUnsafe: bef-state=1
05-24 13:05:23.290 1528 2699 E thunderperf: CompatConfig.addOverrideUnsafe: exception:java.lang.SecurityException: Cannot override a change on a non-debuggable app and user build.
05-24 13:05:23.290 1528 2699 I thunderperf: CompatConfig.addOverrideUnsafe: aft-state=1
05-24 13:05:23.294 1528 2699 I ActivityTaskManager: START u0 {act=android.intent.action.MAIN cat=[android.intent.category.LAUNCHER] flg=0x10200000 cmp=com.android.settings/.Settings bnds=[2306,740][2508,940]} from uid 10074
05-24 13:05:23.299 1528 2699 D CompatibilityChangeReporter: Compat change id reported: 168419799; UID 1000; state: DISABLED
05-24 13:05:23.314 1528 3462 I ActivityTaskManager: FOREGROUND_APPLICATION_CHANGED to com.android.settings.homepage.SettingsHomepageActivity
05-24 13:05:23.324 1528 3462 D CompatibilityChangeReporter: Compat change id reported: 174042980; UID 1000; state: DISABLED
05-24 13:05:23.324 1528 3462 D CompatibilityChangeReporter: Compat change id reported: 181136395; UID 1000; state: DISABLED
05-24 13:05:23.324 1528 3462 D CompatibilityChangeReporter: Compat change id reported: 174042936; UID 1000; state: DISABLED
05-24 13:05:23.340 1528 1675 W BroadcastQueue: Permission Denial: broadcasting Intent { act=android.net.conn.CONNECTIVITY_CHANGE flg=0x4200010 (has extras) } from null (pid=-1, uid=-1) requires android.permission.CHANGE_NETWORK_STATE due to registered receiver BroadcastFilter{e409b34 1000/u0 ReceiverList{b019e07 2957 com.android.settings/1000/u0 remote:53a6c46}}
05-24 13:05:23.340 1528 1675 W BroadcastQueue: Permission Denial: broadcasting Intent { act=android.net.wifi.STATE_CHANGE flg=0x4000010 (has extras) } from null (pid=-1, uid=-1) requires android.permission.CHANGE_NETWORK_STATE due to registered receiver BroadcastFilter{e409b34 1000/u0 ReceiverList{b019e07 2957 com.android.settings/1000/u0 remote:53a6c46}}
05-24 13:05:26.322 1528 3876 E TaskPersister: File error accessing recents directory (directory doesn't exist?).
05-24 13:05:28.408 1528 2249 E UserRestrictionsUtils: Unknown restriction queried by uid 1000 (com.thundercomm.debugtools et al): null
05-24 13:05:31.381 847 847 D android.hardware.wifi@1.0-service: Successfully SetMacAddress.
05-24 13:05:31.394 1221 1221 W wificond: Scan is not started. Ignore abort request
05-24 13:05:31.670 1221 1221 W wificond: Scan is not started. Ignore abort request
05-24 13:05:32.202 1528 1528 D CompatibilityChangeReporter: Compat change id reported: 175319604; UID 1000; state: ENABLED
05-24 13:05:32.202 1528 1528 D CompatibilityChangeReporter: Compat change id reported: 175319604; UID 1000; state: DISABLED
05-24 13:05:32.259 1528 2180 D CompatibilityChangeReporter: Compat change id reported: 171306433; UID 1000; state: ENABLED
05-24 13:06:24.147 1528 1694 V DisplayPowerController[0]: Brightness [0.05] reason changing to: 'manual [ dim ]', previous reason: 'manual'.
05-24 13:06:24.148 1528 1694 W PowerManagerService: Screen on took 65221 ms
05-24 13:06:24.160 1528 2225 E DisplayDeviceConfig: requesting nits when no mapping exists.
05-24 13:06:24.161 1528 2225 E DisplayDeviceConfig: requesting nits when no mapping exists.
05-24 13:06:24.163 1528 1675 I DropBoxManagerService: add tag=system_server_wtf isTagEnabled=true flags=0x2
05-24 13:06:24.166 1528 1675 I DropBoxManagerService: add tag=system_server_wtf isTagEnabled=true flags=0x2
05-24 13:06:24.175 1528 2225 E DisplayDeviceConfig: requesting nits when no mapping exists.
05-24 13:06:24.175 1528 2225 E DisplayDeviceConfig: requesting nits when no mapping exists.
05-24 13:06:24.176 1528 1675 I DropBoxManagerService: add tag=system_server_wtf isTagEnabled=true flags=0x2
05-24 13:06:24.177 1528 1675 I DropBoxManagerService: add tag=system_server_wtf isTagEnabled=true flags=0x2
05-24 13:06:24.192 1528 2225 E DisplayDeviceConfig: requesting nits when no mapping exists.
05-24 13:06:24.193 1528 2225 E DisplayDeviceConfig: requesting nits when no mapping exists.
05-24 13:06:24.194 1528 1675 I DropBoxManagerService: add tag=system_server_wtf isTagEnabled=true flags=0x2
05-24 13:06:24.208 1528 2225 E DisplayDeviceConfig: requesting nits when no mapping exists.
05-24 13:06:24.209 1528 2225 E DisplayDeviceConfig: requesting nits when no mapping exists.
05-24 13:06:24.225 1528 2225 E DisplayDeviceConfig: requesting nits when no mapping exists.
05-24 13:06:24.226 1528 2225 E DisplayDeviceConfig: requesting nits when no mapping exists.
05-24 13:06:24.242 1528 2225 E DisplayDeviceConfig: requesting nits when no mapping exists.
05-24 13:06:24.243 1528 2225 E DisplayDeviceConfig: requesting nits when no mapping exists.
05-24 13:06:24.259 1528 2225 E DisplayDeviceConfig: requesting nits when no mapping exists.
05-24 13:06:24.260 1528 2225 E DisplayDeviceConfig: requesting nits when no mapping exists.
05-24 13:06:24.275 1528 2225 E DisplayDeviceConfig: requesting nits when no mapping exists.
05-24 13:06:24.276 1528 2225 E DisplayDeviceConfig: requesting nits when no mapping exists.
05-24 13:06:24.292 1528 2225 E DisplayDeviceConfig: requesting nits when no mapping exists.
05-24 13:06:24.293 1528 2225 E DisplayDeviceConfig: requesting nits when no mapping exists.
05-24 13:06:24.309 1528 2225 E DisplayDeviceConfig: requesting nits when no mapping exists.
05-24 13:06:24.310 1528 2225 E DisplayDeviceConfig: requesting nits when no mapping exists.
05-24 13:06:24.326 1528 2225 E DisplayDeviceConfig: requesting nits when no mapping exists.
05-24 13:06:24.326 1528 2225 E DisplayDeviceConfig: requesting nits when no mapping exists.
05-24 13:06:24.342 1528 2225 E DisplayDeviceConfig: requesting nits when no mapping exists.
05-24 13:06:24.343 1528 2225 E DisplayDeviceConfig: requesting nits when no mapping exists.
05-24 13:06:24.359 1528 2225 E DisplayDeviceConfig: requesting nits when no mapping exists.
05-24 13:06:24.359 1528 2225 E DisplayDeviceConfig: requesting nits when no mapping exists.
05-24 13:06:24.375 1528 2225 E DisplayDeviceConfig: requesting nits when no mapping exists.
05-24 13:06:24.376 1528 2225 E DisplayDeviceConfig: requesting nits when no mapping exists.
05-24 13:06:24.392 1528 2225 E DisplayDeviceConfig: requesting nits when no mapping exists.
05-24 13:06:24.393 1528 2225 E DisplayDeviceConfig: requesting nits when no mapping exists.
05-24 13:06:24.408 1528 2225 E DisplayDeviceConfig: requesting nits when no mapping exists.
05-24 13:06:24.409 1528 2225 E DisplayDeviceConfig: requesting nits when no mapping exists.
05-24 13:06:24.425 1528 2225 E DisplayDeviceConfig: requesting nits when no mapping exists.
05-24 13:06:24.426 1528 2225 E DisplayDeviceConfig: requesting nits when no mapping exists.
05-24 13:06:24.442 1528 2225 E DisplayDeviceConfig: requesting nits when no mapping exists.
05-24 13:06:24.442 1528 2225 E DisplayDeviceConfig: requesting nits when no mapping exists.
05-24 13:06:24.458 1528 2225 E DisplayDeviceConfig: requesting nits when no mapping exists.
05-24 13:06:24.459 1528 2225 E DisplayDeviceConfig: requesting nits when no mapping exists.
05-24 13:06:24.475 1528 2225 E DisplayDeviceConfig: requesting nits when no mapping exists.
05-24 13:06:24.475 1528 2225 E DisplayDeviceConfig: requesting nits when no mapping exists.
05-24 13:06:24.492 1528 2225 E DisplayDeviceConfig: requesting nits when no mapping exists.
05-24 13:06:24.492 1528 2225 E DisplayDeviceConfig: requesting nits when no mapping exists.
05-24 13:06:24.508 1528 2225 E DisplayDeviceConfig: requesting nits when no mapping exists.
05-24 13:06:24.509 1528 2225 E DisplayDeviceConfig: requesting nits when no mapping exists.
05-24 13:06:24.525 1528 2225 E DisplayDeviceConfig: requesting nits when no mapping exists.
05-24 13:06:24.526 1528 2225 E DisplayDeviceConfig: requesting nits when no mapping exists.
05-24 13:06:24.543 1528 2225 E DisplayDeviceConfig: requesting nits when no mapping exists.
05-24 13:06:24.543 1528 2225 E DisplayDeviceConfig: requesting nits when no mapping exists.
05-24 13:06:24.558 1528 2225 E DisplayDeviceConfig: requesting nits when no mapping exists.
05-24 13:06:24.559 1528 2225 E DisplayDeviceConfig: requesting nits when no mapping exists.
05-24 13:06:24.575 1528 2225 E DisplayDeviceConfig: requesting nits when no mapping exists.
05-24 13:06:24.576 1528 2225 E DisplayDeviceConfig: requesting nits when no mapping exists.
05-24 13:06:24.592 1528 2225 E DisplayDeviceConfig: requesting nits when no mapping exists.
05-24 13:06:24.592 1528 2225 E DisplayDeviceConfig: requesting nits when no mapping exists.
05-24 13:06:24.608 1528 2225 E DisplayDeviceConfig: requesting nits when no mapping exists.
05-24 13:06:24.609 1528 2225 E DisplayDeviceConfig: requesting nits when no mapping exists.
05-24 13:06:24.625 1528 2225 E DisplayDeviceConfig: requesting nits when no mapping exists.
05-24 13:06:24.626 1528 2225 E DisplayDeviceConfig: requesting nits when no mapping exists.
05-24 13:06:24.642 1528 2225 E DisplayDeviceConfig: requesting nits when no mapping exists.
05-24 13:06:24.643 1528 2225 E DisplayDeviceConfig: requesting nits when no mapping exists.
05-24 13:06:24.659 1528 2225 E DisplayDeviceConfig: requesting nits when no mapping exists.
05-24 13:06:24.659 1528 2225 E DisplayDeviceConfig: requesting nits when no mapping exists.
05-24 13:06:24.675 1528 2225 E DisplayDeviceConfig: requesting nits when no mapping exists.
05-24 13:06:24.676 1528 2225 E DisplayDeviceConfig: requesting nits when no mapping exists.
05-24 13:06:24.692 1528 2225 E DisplayDeviceConfig: requesting nits when no mapping exists.
05-24 13:06:24.693 1528 2225 E DisplayDeviceConfig: requesting nits when no mapping exists.
05-24 13:06:24.709 1528 2225 E DisplayDeviceConfig: requesting nits when no mapping exists.
05-24 13:06:24.710 1528 2225 E DisplayDeviceConfig: requesting nits when no mapping exists.
05-24 13:06:24.725 1528 2225 E DisplayDeviceConfig: requesting nits when no mapping exists.
05-24 13:06:24.726 1528 2225 E DisplayDeviceConfig: requesting nits when no mapping exists.
05-24 13:06:24.742 1528 2225 E DisplayDeviceConfig: requesting nits when no mapping exists.
05-24 13:06:24.743 1528 2225 E DisplayDeviceConfig: requesting nits when no mapping exists.
05-24 13:06:27.008 2571 1397 W ContextImpl: Calling a method in the system process without a qualified user: android.app.ContextImpl.sendBroadcast:1173 android.content.ContextWrapper.sendBroadcast:479 com.thundercomm.microsettings.action.SetTimeAction.timeUpdated:212 com.thundercomm.microsettings.action.SetTimeAction.update24HourFormat:194 com.thundercomm.microsettings.action.SetTimeAction.doActualAction:154
05-24 13:06:27.018 1528 1528 D DevicePolicyManager: updateSystemUpdateFreezePeriodsRecord
05-24 13:06:27.019 1528 1528 D ConditionProviders.SCP: onReceive android.intent.action.TIME_SET
05-24 13:06:27.019 1528 1528 D ConditionProviders.SCP: evaluateSubscriptionLocked cal=ScheduleCalendar[mDays={1, 2, 3, 4, 5, 6, 7}, mSchedule=ScheduleInfo{days=[1, 2, 3, 4, 5, 6, 7], startHour=22, startMinute=0, endHour=7, endMinute=0, exitAtAlarm=true, nextAlarm=Thu Jan 01 08:00:00 GMT+08:00 1970 (0)}], now=Wed May 24 13:06:27 GMT+08:00 2023 (1684904787019), nextUserAlarmTime=Thu Jan 01 08:00:00 GMT+08:00 1970 (0)
05-24 13:06:27.020 1528 1528 D ConditionProviders.SCP: notifyCondition condition://android/schedule?days=1.2.3.4.5.6.7&start=22.0&end=7.0&exitAtAlarm=true STATE_FALSE reason=!meetsSchedule
05-24 13:06:27.021 1528 1528 D ConditionProviders.SCP: Scheduling evaluate for Wed May 24 22:00:00 GMT+08:00 2023 (1684936800000), in +8h53m32s981ms, now=Wed May 24 13:06:27 GMT+08:00 2023 (1684904787019)
05-24 13:06:27.034 1528 2186 D CompatibilityChangeReporter: Compat change id reported: 143231523; UID 1000; state: DISABLED
05-24 13:06:31.099 1528 1694 I PowerManagerService: Napping display group (groupId=0, uid=1000)...
05-24 13:06:31.099 1528 1694 I PowerManagerService: Nap time (uid 1000)...
05-24 13:06:31.101 1528 1694 I DreamManagerService: Entering dreamland.
05-24 13:06:31.106 1528 1694 I PowerManagerService: Dreaming...
05-24 13:06:31.108 1528 1663 I DreamController: Starting dream: name=ComponentInfo{com.thundercomm.screensaver/com.thundercomm.screensaver.service.SystemDream}, isTest=false, canDoze=false, userId=0
05-24 13:06:31.128 1528 10045 I ActivityTaskManager: START u0 {flg=0x10000000 pkg=com.thundercomm.screensaver cmp=com.thundercomm.screensaver/android.service.dreams.DreamActivity (has extras)} from uid 10042
05-24 13:06:31.133 1528 10045 W ActivityTaskManager: Can't find TaskDisplayArea to determine support for multi window. Task id=41 attached=false
05-24 13:06:31.142 1528 10045 I ActivityTaskManager: FOREGROUND_APPLICATION_CHANGED to android.service.dreams.DreamActivity
05-24 13:06:31.142 1528 10045 I ActivityTaskManager: The Process com.thundercomm.screensaver Already Exists in BG. So sending its PID: 6116
05-24 13:06:31.142 1528 10045 W ActivityTaskManager: Tried to set launchTime (0) < mLastActivityLaunchTime (4398360)
05-24 13:06:31.150 1528 22252 W WindowManager: Failed looking up window session=Session{772c90c 6116:u0a10042} callers=com.android.server.wm.WindowManagerService.windowForClientLocked:5628 com.android.server.wm.Session.insetsModified:629 android.view.IWindowSession$Stub.onTransact:1151
05-24 13:06:31.179 1528 1694 V DisplayPowerController[0]: Brightness [0.6363636] reason changing to: 'manual', previous reason: 'manual [ dim ]'.
05-24 13:06:31.196 1528 2225 E DisplayDeviceConfig: requesting nits when no mapping exists.
05-24 13:06:31.196 1528 2225 E DisplayDeviceConfig: requesting nits when no mapping exists.
05-24 13:06:31.213 1528 2225 E DisplayDeviceConfig: requesting nits when no mapping exists.
05-24 13:06:31.213 1528 2225 E DisplayDeviceConfig: requesting nits when no mapping exists.
05-24 13:06:31.230 1528 2225 E DisplayDeviceConfig: requesting nits when no mapping exists.
05-24 13:06:31.230 1528 2225 E DisplayDeviceConfig: requesting nits when no mapping exists.
05-24 13:06:31.246 1528 2225 E DisplayDeviceConfig: requesting nits when no mapping exists.
05-24 13:06:31.246 1528 2225 E DisplayDeviceConfig: requesting nits when no mapping exists.
05-24 13:06:31.263 1528 2225 E DisplayDeviceConfig: requesting nits when no mapping exists.
05-24 13:06:31.263 1528 2225 E DisplayDeviceConfig: requesting nits when no mapping exists.
05-24 13:06:31.280 1528 2225 E DisplayDeviceConfig: requesting nits when no mapping exists.
05-24 13:06:31.280 1528 2225 E DisplayDeviceConfig: requesting nits when no mapping exists.
05-24 13:06:31.296 1528 2225 E DisplayDeviceConfig: requesting nits when no mapping exists.
05-24 13:06:31.296 1528 2225 E DisplayDeviceConfig: requesting nits when no mapping exists.
05-24 13:06:31.313 1528 2225 E DisplayDeviceConfig: requesting nits when no mapping exists.
05-24 13:06:31.313 1528 2225 E DisplayDeviceConfig: requesting nits when no mapping exists.
05-24 13:06:31.329 1528 2225 E DisplayDeviceConfig: requesting nits when no mapping exists.
05-24 13:06:31.329 1528 2225 E DisplayDeviceConfig: requesting nits when no mapping exists.
05-24 13:06:31.346 1528 2225 E DisplayDeviceConfig: requesting nits when no mapping exists.
05-24 13:06:31.346 1528 2225 E DisplayDeviceConfig: requesting nits when no mapping exists.
05-24 13:06:31.363 1528 2225 E DisplayDeviceConfig: requesting nits when no mapping exists.
05-24 13:06:31.363 1528 2225 E DisplayDeviceConfig: requesting nits when no mapping exists.
05-24 13:06:31.379 1528 2225 E DisplayDeviceConfig: requesting nits when no mapping exists.
05-24 13:06:31.379 1528 2225 E DisplayDeviceConfig: requesting nits when no mapping exists.
05-24 13:06:31.396 1528 2225 E DisplayDeviceConfig: requesting nits when no mapping exists.
05-24 13:06:31.396 1528 2225 E DisplayDeviceConfig: requesting nits when no mapping exists.
05-24 13:06:31.412 1528 2225 E DisplayDeviceConfig: requesting nits when no mapping exists.
05-24 13:06:31.412 1528 2225 E DisplayDeviceConfig: requesting nits when no mapping exists.
05-24 13:06:31.429 1528 2225 E DisplayDeviceConfig: requesting nits when no mapping exists.
05-24 13:06:31.429 1528 2225 E DisplayDeviceConfig: requesting nits when no mapping exists.
05-24 13:06:31.446 1528 2225 E DisplayDeviceConfig: requesting nits when no mapping exists.
05-24 13:06:31.446 1528 2225 E DisplayDeviceConfig: requesting nits when no mapping exists.
05-24 13:06:31.462 1528 2225 E DisplayDeviceConfig: requesting nits when no mapping exists.
05-24 13:06:31.463 1528 2225 E DisplayDeviceConfig: requesting nits when no mapping exists.
05-24 13:06:31.479 1528 2225 E DisplayDeviceConfig: requesting nits when no mapping exists.
05-24 13:06:31.479 1528 2225 E DisplayDeviceConfig: requesting nits when no mapping exists.
05-24 13:06:31.496 1528 2225 E DisplayDeviceConfig: requesting nits when no mapping exists.
05-24 13:06:31.496 1528 2225 E DisplayDeviceConfig: requesting nits when no mapping exists.
05-24 13:06:31.512 1528 2225 E DisplayDeviceConfig: requesting nits when no mapping exists.
05-24 13:06:31.512 1528 2225 E DisplayDeviceConfig: requesting nits when no mapping exists.
05-24 13:06:31.529 1528 2225 E DisplayDeviceConfig: requesting nits when no mapping exists.
05-24 13:06:31.529 1528 2225 E DisplayDeviceConfig: requesting nits when no mapping exists.
05-24 13:06:31.546 1528 2225 E DisplayDeviceConfig: requesting nits when no mapping exists.
05-24 13:06:31.546 1528 2225 E DisplayDeviceConfig: requesting nits when no mapping exists.
05-24 13:06:31.562 1528 2225 E DisplayDeviceConfig: requesting nits when no mapping exists.
05-24 13:06:31.562 1528 2225 E DisplayDeviceConfig: requesting nits when no mapping exists.
05-24 13:06:31.579 1528 2225 E DisplayDeviceConfig: requesting nits when no mapping exists.
05-24 13:06:31.579 1528 2225 E DisplayDeviceConfig: requesting nits when no mapping exists.
05-24 13:06:31.596 1528 2225 E DisplayDeviceConfig: requesting nits when no mapping exists.
05-24 13:06:31.596 1528 2225 E DisplayDeviceConfig: requesting nits when no mapping exists.
05-24 13:06:31.612 1528 2225 E DisplayDeviceConfig: requesting nits when no mapping exists.
05-24 13:06:31.612 1528 2225 E DisplayDeviceConfig: requesting nits when no mapping exists.
05-24 13:06:31.630 1528 2225 E DisplayDeviceConfig: requesting nits when no mapping exists.
05-24 13:06:31.630 1528 2225 E DisplayDeviceConfig: requesting nits when no mapping exists.
05-24 13:06:31.646 1528 2225 E DisplayDeviceConfig: requesting nits when no mapping exists.
05-24 13:06:31.646 1528 2225 E DisplayDeviceConfig: requesting nits when no mapping exists.
05-24 13:06:31.662 1528 2225 E DisplayDeviceConfig: requesting nits when no mapping exists.
05-24 13:06:31.663 1528 2225 E DisplayDeviceConfig: requesting nits when no mapping exists.
05-24 13:06:31.680 1528 2225 E DisplayDeviceConfig: requesting nits when no mapping exists.
05-24 13:06:31.680 1528 2225 E DisplayDeviceConfig: requesting nits when no mapping exists.
05-24 13:06:31.696 1528 2225 E DisplayDeviceConfig: requesting nits when no mapping exists.
05-24 13:06:31.696 1528 2225 E DisplayDeviceConfig: requesting nits when no mapping exists.
05-24 13:06:31.712 1528 2225 E DisplayDeviceConfig: requesting nits when no mapping exists.
05-24 13:06:31.713 1528 2225 E DisplayDeviceConfig: requesting nits when no mapping exists.
05-24 13:06:31.729 1528 2225 E DisplayDeviceConfig: requesting nits when no mapping exists.
05-24 13:06:31.730 1528 2225 E DisplayDeviceConfig: requesting nits when no mapping exists.
05-24 13:06:31.746 1528 2225 E DisplayDeviceConfig: requesting nits when no mapping exists.
05-24 13:06:31.746 1528 2225 E DisplayDeviceConfig: requesting nits when no mapping exists.
05-24 13:06:31.763 1528 2225 E DisplayDeviceConfig: requesting nits when no mapping exists.
05-24 13:06:31.763 1528 2225 E DisplayDeviceConfig: requesting nits when no mapping exists.
05-24 13:06:31.779 1528 2225 E DisplayDeviceConfig: requesting nits when no mapping exists.
05-24 13:06:31.779 1528 2225 E DisplayDeviceConfig: requesting nits when no mapping exists.
05-24 13:06:37.659 2747 1474 W ActivityThread: ClassLoader.loadClass: The class loader returned by Thread.getContextClassLoader() may fail for processes that host multiple applications. You should explicitly specify a context class loader. For example: Thread.setContextClassLoader(getClass().getClassLoader());
05-24 13:06:40.485 1528 22252 I DreamManagerService: Gently waking up from dream.
05-24 13:06:40.487 1528 1694 I PowerManagerService: Powering on display group fromDreaming (groupId=0, uid=1000, reason=WAKE_REASON_UNKNOWN, details=android.server.power:DREAM_FINISHED)...
05-24 13:06:40.487 1528 1694 I PowerManagerService: Waking up from Dreaming (uid=1000, reason=WAKE_REASON_UNKNOWN, details=android.server.power:DREAM_FINISHED)...
05-24 13:06:40.487 1528 1663 I DreamManagerService: Performing gentle wake from dream.
05-24 13:06:40.503 1528 19621 I ActivityTaskManager: FOREGROUND_APPLICATION_CHANGED to com.android.settings.homepage.SettingsHomepageActivity
05-24 13:06:40.890 2747 1488 W ContextImpl: Calling a method in the system process without a qualified user: android.app.ContextImpl.startActivity:1055 android.content.ContextWrapper.startActivity:411 com.thundercomm.remotecontrolservice.RemoteControlService.startApp:305 com.thundercomm.remotecontrolservice.remotecommand.RemoteAppLaunchCommand.lunchApp:73 com.thundercomm.remotecontrolservice.remotecommand.RemoteAppLaunchCommand.access$000:18
05-24 13:06:40.890 2747 1488 W ContextImpl: Calling a method in the system process without a qualified user: android.app.ContextImpl.startActivity:1067 android.app.ContextImpl.startActivity:1056 android.content.ContextWrapper.startActivity:411 com.thundercomm.remotecontrolservice.RemoteControlService.startApp:305 com.thundercomm.remotecontrolservice.remotecommand.RemoteAppLaunchCommand.lunchApp:73
05-24 13:06:40.893 1528 2699 I thunderperf: PlatormCompat.setOverrides: Uid1=1000 Pid1=2747 Uid2=1000 Pid2=2747
05-24 13:06:40.893 1528 2699 I thunderperf: PlatormCompat.setOverrides: needCheck:false
05-24 13:06:40.893 1528 2699 I thunderperf: CompatConfig.addOverrideUnsafe: bef-state=0
05-24 13:06:40.893 1528 2699 I thunderperf: CompatConfig.addOverrideUnsafe: aft-state=0
05-24 13:06:40.894 1528 2699 I thunderperf: CompatConfig.addOverrideUnsafe: bef-state=0
05-24 13:06:40.894 1528 2699 I thunderperf: CompatConfig.addOverrideUnsafe: aft-state=0
05-24 13:06:40.895 1528 2699 I thunderperf: CompatConfig.addOverrideUnsafe: bef-state=0
05-24 13:06:40.895 1528 2699 I thunderperf: CompatConfig.addOverrideUnsafe: aft-state=0
05-24 13:06:40.895 1528 2699 I thunderperf: CompatConfig.addOverrideUnsafe: bef-state=0
05-24 13:06:40.895 1528 2699 I thunderperf: CompatConfig.addOverrideUnsafe: aft-state=0
05-24 13:06:40.896 1528 2699 I thunderperf: CompatConfig.addOverrideUnsafe: bef-state=0
05-24 13:06:40.896 1528 2699 I thunderperf: CompatConfig.addOverrideUnsafe: aft-state=0
05-24 13:06:40.896 1528 2699 I thunderperf: CompatConfig.addOverrideUnsafe: bef-state=0
05-24 13:06:40.896 1528 2699 I thunderperf: CompatConfig.addOverrideUnsafe: aft-state=0
05-24 13:06:40.897 1528 2699 I thunderperf: CompatConfig.addOverrideUnsafe: bef-state=0
05-24 13:06:40.898 1528 2699 I thunderperf: CompatConfig.addOverrideUnsafe: aft-state=0
05-24 13:06:40.898 1528 2699 I thunderperf: CompatConfig.addOverrideUnsafe: bef-state=0
05-24 13:06:40.898 1528 2699 I thunderperf: CompatConfig.addOverrideUnsafe: aft-state=0
05-24 13:06:40.898 1528 2699 I thunderperf: CompatConfig.addOverrideUnsafe: bef-state=0
05-24 13:06:40.898 1528 2699 I thunderperf: CompatConfig.addOverrideUnsafe: aft-state=0
05-24 13:06:40.899 1528 2699 I thunderperf: CompatConfig.addOverrideUnsafe: bef-state=0
05-24 13:06:40.899 1528 2699 I thunderperf: CompatConfig.addOverrideUnsafe: aft-state=0
05-24 13:06:40.901 1528 2699 I thunderperf: CompatConfig.addOverrideUnsafe: bef-state=0
05-24 13:06:40.901 1528 2699 I thunderperf: CompatConfig.addOverrideUnsafe: aft-state=0
05-24 13:06:40.902 1528 2699 I thunderperf: CompatConfig.addOverrideUnsafe: bef-state=0
05-24 13:06:40.902 1528 2699 I thunderperf: CompatConfig.addOverrideUnsafe: aft-state=0
05-24 13:06:40.902 1528 2699 I thunderperf: CompatConfig.addOverrideUnsafe: bef-state=0
05-24 13:06:40.902 1528 2699 I thunderperf: CompatConfig.addOverrideUnsafe: aft-state=0
05-24 13:06:40.903 1528 2699 I thunderperf: CompatConfig.addOverrideUnsafe: bef-state=0
05-24 13:06:40.903 1528 2699 I thunderperf: CompatConfig.addOverrideUnsafe: aft-state=0
05-24 13:06:40.906 1528 2699 I ActivityTaskManager: START u0 {flg=0x10000000 cmp=com.android.gallery3d/.app.GalleryActivity} from uid 1000
05-24 13:06:40.914 1528 2699 W ActivityTaskManager: Can't find TaskDisplayArea to determine support for multi window. Task id=42 attached=false
05-24 13:06:40.915 1528 2699 D CompatibilityChangeReporter: Compat change id reported: 174042980; UID 10066; state: DISABLED
05-24 13:06:40.916 1528 2699 D CompatibilityChangeReporter: Compat change id reported: 184838306; UID 10066; state: DISABLED
05-24 13:06:40.916 1528 2699 D CompatibilityChangeReporter: Compat change id reported: 185004937; UID 10066; state: DISABLED
05-24 13:06:40.916 1528 2699 D CompatibilityChangeReporter: Compat change id reported: 181136395; UID 10066; state: DISABLED
05-24 13:06:40.916 1528 2699 D CompatibilityChangeReporter: Compat change id reported: 174042936; UID 10066; state: DISABLED
05-24 13:06:40.920 1528 1666 D CompatibilityChangeReporter: Compat change id reported: 135634846; UID 10066; state: DISABLED
05-24 13:06:40.920 1528 1666 D CompatibilityChangeReporter: Compat change id reported: 177438394; UID 10066; state: DISABLED
05-24 13:06:40.920 1528 1666 D CompatibilityChangeReporter: Compat change id reported: 135772972; UID 10066; state: DISABLED
05-24 13:06:40.920 1528 1666 D CompatibilityChangeReporter: Compat change id reported: 135754954; UID 10066; state: DISABLED
05-24 13:06:40.921 1528 1676 D CompatibilityChangeReporter: Compat change id reported: 143937733; UID 10066; state: DISABLED
05-24 13:06:40.921 1528 22252 I ActivityTaskManager: FOREGROUND_APPLICATION_CHANGED to com.android.gallery3d.app.GalleryActivity
05-24 13:06:40.926 1528 1676 I ActivityManager: Start proc 1505:com.android.gallery3d/u0a66 for activity {com.android.gallery3d/com.android.gallery3d.app.GalleryActivity}
