05-24 13:30:28.719 1174 10161 I iorapd : Perfetto TraceBuffer saved to file: /data/misc/iorapd/com.android.settings/31/com.android.settings.Settings/raw_traces/1684906228718574946.perfetto_trace.pb
05-24 13:30:28.728 0 0 I : [10000.069818] read descriptors
05-24 13:30:28.728 0 0 I : [10000.069933] read strings
05-24 13:30:28.840 0 0 I [10000.183099] [schedu][0x2cb76219ca][13: 30:28.839638] wlan: [2025:I:OSIF] vdev 0, scan id 41041 type COMPLETED(1) reason COMPLETED(1) scan found 42 bss
05-24 13:30:29.604 0 0 I [10000.945304] [schedu][0x2cb84166e8][13: 30:29.601839] wlan: [2025:I:PE] rrm_process_link_measurement_request: 275: Received Link report frame with -51
05-24 13:30:29.604 0 0 W [10000.945422] [schedu][0x2cb8417082][13: 30:29.601968] wlan: [2025:W:PE] lim_send_link_report_action_frame: 4575: RRM: Sending Link Report to 08:79:8c:36:92:70 on vdev[0]
05-24 13:30:29.748 0 0 I : [10001.090086] read descriptors
05-24 13:30:29.748 0 0 I : [10001.090277] read strings
05-24 13:30:30.628 0 0 I [10001.968484] [schedu][0x2cb96d267f][13: 30:30.624981] wlan: [2025:I:PE] rrm_process_link_measurement_request: 275: Received Link report frame with 0
05-24 13:30:30.628 0 0 W [10001.968560] [schedu][0x2cb96d2fff][13: 30:30.625107] wlan: [2025:W:PE] lim_send_link_report_action_frame: 4575: RRM: Sending Link Report to 08:79:8c:36:92:70 on vdev[0]
05-24 13:30:30.768 0 0 I : [10002.109441] read descriptors
05-24 13:30:30.768 0 0 I : [10002.109659] read strings
05-24 13:30:31.556 0 0 I [10002.899508] [schedu][0x2cba7dec29][13: 30:31.556043] wlan: [2025:I:PE] rrm_process_link_measurement_request: 275: Received Link report frame with -51
05-24 13:30:31.556 0 0 W [10002.899597] [schedu][0x2cba7df39f][13: 30:31.556142] wlan: [2025:W:PE] lim_send_link_report_action_frame: 4575: RRM: Sending Link Report to 08:79:8c:36:92:70 on vdev[0]
05-24 13:30:31.792 0 0 I : [10003.133612] read descriptors
05-24 13:30:31.792 0 0 I : [10003.133741] read strings
05-24 13:30:32.580 0 0 I [10003.923176] [schedu][0x2cbba9d027][13: 30:32.579669] wlan: [2025:I:PE] rrm_process_link_measurement_request: 275: Received Link report frame with -52
05-24 13:30:32.580 0 0 W [10003.923265] [schedu][0x2cbba9dacc][13: 30:32.579811] wlan: [2025:W:PE] lim_send_link_report_action_frame: 4575: RRM: Sending Link Report to 08:79:8c:36:92:70 on vdev[0]
05-24 13:30:32.812 0 0 I : [10004.153975] read descriptors
05-24 13:30:32.812 0 0 I : [10004.154175] read strings
05-24 13:30:33.604 0 0 I [10004.946010] [schedu][0x2cbcd57bff][13: 30:33.602547] wlan: [2025:I:PE] rrm_process_link_measurement_request: 275: Received Link report frame with 0
05-24 13:30:33.604 0 0 W [10004.946089] [schedu][0x2cbcd58290][13: 30:33.602635] wlan: [2025:W:PE] lim_send_link_report_action_frame: 4575: RRM: Sending Link Report to 08:79:8c:36:92:70 on vdev[0]
05-24 13:30:33.836 0 0 I : [10005.177771] read descriptors
05-24 13:30:33.836 0 0 I : [10005.177972] read strings
05-24 13:30:34.632 0 0 I [10005.974255] [schedu][0x2cbe02ba7e][13: 30:34.630794] wlan: [2025:I:PE] rrm_process_link_measurement_request: 275: Received Link report frame with 0
05-24 13:30:34.632 0 0 W [10005.974339] [schedu][0x2cbe02c151][13: 30:34.630885] wlan: [2025:W:PE] lim_send_link_report_action_frame: 4575: RRM: Sending Link Report to 08:79:8c:36:92:70 on vdev[0]
05-24 13:30:34.860 0 0 I : [10006.201841] read descriptors
05-24 13:30:34.861 0 0 I : [10006.202042] read strings
05-24 13:30:35.281 0 0 I : [10006.620180] qcom_rpmh DRV:apps_rsc TCS Busy, retrying RPMH message send: addr=0x50000
05-24 13:30:35.876 0 0 I : [10007.217490] read descriptors
05-24 13:30:35.876 0 0 I : [10007.217693] read strings
05-24 13:30:36.576 0 0 I [10007.917161] [schedu][0x2cc03bf087][13: 30:36.573701] wlan: [2025:I:PE] rrm_process_link_measurement_request: 275: Received Link report frame with -53
05-24 13:30:36.576 0 0 W [10007.917224] [schedu][0x2cc03bf5f1][13: 30:36.573773] wlan: [2025:W:PE] lim_send_link_report_action_frame: 4575: RRM: Sending Link Report to 08:79:8c:36:92:70 on vdev[0]
05-24 13:30:36.900 0 0 I : [10008.241958] read descriptors
05-24 13:30:36.900 0 0 I : [10008.242182] read strings
05-24 13:30:37.144 0 0 I [10008.487633] [schedu][0x2cc0e3122e][13: 30:37.144177] wlan: [2025:I:OSIF] scan start scan id 41042
05-24 13:30:37.160 0 0 I [10008.503518] [schedu][0x2cc0e7b9f1][13: 30:37.160067] wlan: [2025:I:WMA] Set MAX TX pwr limit [WMI_VDEV_PARAM_TX_PWRLIMIT] to 23
05-24 13:30:37.580 0 0 W [10008.921733] [schedu][0x2cc1623f86][13: 30:37.578274] wlan: [2025:W:PE] rrm_process_link_measurement_request: 265: maxTx power in link report is not same as local... Local: 23 Link Request TxPower: 18 Link Report TxPower: 29
05-24 13:30:37.580 0 0 I [10008.921753] [schedu][0x2cc1624173][13: 30:37.578300] wlan: [2025:I:PE] rrm_process_link_measurement_request: 275: Received Link report frame with -53
05-24 13:30:37.580 0 0 W [10008.921830] [schedu][0x2cc1624726][13: 30:37.578376] wlan: [2025:W:PE] lim_send_link_report_action_frame: 4575: RRM: Sending Link Report to 08:79:8c:36:92:70 on vdev[0]
05-24 13:30:37.580 0 0 I [10008.922248] [schedu][0x2cc1626667][13: 30:37.578793] wlan: [2025:I:WMA] Set MAX TX pwr limit [WMI_VDEV_PARAM_TX_PWRLIMIT] to 18
05-24 13:30:37.668 0 0 I [10009.009498] [schedu][0x2cc17bf61b][13: 30:37.666042] wlan: [2025:I:WMA] Set MAX TX pwr limit [WMI_VDEV_PARAM_TX_PWRLIMIT] to 23
05-24 13:30:37.920 0 0 I : [10009.261963] read descriptors
05-24 13:30:37.920 0 0 I : [10009.262159] read strings
05-24 13:30:38.601 0 0 W [10009.941391] [schedu][0x2cc28cf8ee][13: 30:38.597920] wlan: [2025:W:PE] rrm_process_link_measurement_request: 265: maxTx power in link report is not same as local... Local: 23 Link Request TxPower: 18 Link Report TxPower: 29
05-24 13:30:38.601 0 0 I [10009.941414] [schedu][0x2cc28cfc0c][13: 30:38.597961] wlan: [2025:I:PE] rrm_process_link_measurement_request: 275: Received Link report frame with -51
05-24 13:30:38.601 0 0 W [10009.941517] [schedu][0x2cc28d039c][13: 30:38.598062] wlan: [2025:W:PE] lim_send_link_report_action_frame: 4575: RRM: Sending Link Report to 08:79:8c:36:92:70 on vdev[0]
05-24 13:30:38.601 0 0 I [10009.942006] [schedu][0x2cc28d284a][13: 30:38.598551] wlan: [2025:I:WMA] Set MAX TX pwr limit [WMI_VDEV_PARAM_TX_PWRLIMIT] to 18
05-24 13:30:38.796 0 0 I [10010.136598] [schedu][0x2cc2c62a74][13: 30:38.793140] wlan: [2025:I:WMA] Set MAX TX pwr limit [WMI_VDEV_PARAM_TX_PWRLIMIT] to 23
05-24 13:30:38.953 0 0 I : [10010.293887] read descriptors
05-24 13:30:38.953 0 0 I : [10010.294086] read strings
05-24 13:30:38.973 0 0 I [10010.315199] [schedu][0x2cc2fa7d6b][13: 30:38.971740] wlan: [2025:I:OSIF] vdev 0, scan id 41042 type COMPLETED(1) reason COMPLETED(1) scan found 34 bss
05-24 13:30:39.649 0 0 W [10010.991738] [schedu][0x2cc3c0b15b][13: 30:39.648272] wlan: [2025:W:PE] rrm_process_link_measurement_request: 265: maxTx power in link report is not same as local... Local: 23 Link Request TxPower: 18 Link Report TxPower: 29
05-24 13:30:39.649 0 0 I [10010.991760] [schedu][0x2cc3c0b403][13: 30:39.648308] wlan: [2025:I:PE] rrm_process_link_measurement_request: 275: Received Link report frame with -54
05-24 13:30:39.649 0 0 W [10010.991841] [schedu][0x2cc3c0ba08][13: 30:39.648388] wlan: [2025:W:PE] lim_send_link_report_action_frame: 4575: RRM: Sending Link Report to 08:79:8c:36:92:70 on vdev[0]
05-24 13:30:39.649 0 0 I [10010.992301] [schedu][0x2cc3c0dc9d][13: 30:39.648849] wlan: [2025:I:WMA] Set MAX TX pwr limit [WMI_VDEV_PARAM_TX_PWRLIMIT] to 18
05-24 13:30:39.977 0 0 I : [10011.317861] read descriptors
05-24 13:30:39.977 0 0 I : [10011.318048] read strings
05-24 13:30:40.569 0 0 I [10011.908665] [schedu][0x2cc4cd52e0][13: 30:40.565199] wlan: [2025:I:PE] rrm_process_link_measurement_request: 275: Received Link report frame with 0
05-24 13:30:40.569 0 0 W [10011.908757] [schedu][0x2cc4cd5a98][13: 30:40.565302] wlan: [2025:W:PE] lim_send_link_report_action_frame: 4575: RRM: Sending Link Report to 08:79:8c:36:92:70 on vdev[0]
05-24 13:30:40.992 0 0 I : [10012.333446] read descriptors
05-24 13:30:40.992 0 0 I : [10012.333649] read strings
05-24 13:30:41.580 0 0 I [10012.920718] [schedu][0x2cc5f5d31c][13: 30:41.577256] wlan: [2025:I:PE] rrm_process_link_measurement_request: 275: Received Link report frame with -54
05-24 13:30:41.580 0 0 W [10012.920795] [schedu][0x2cc5f5d997][13: 30:41.577342] wlan: [2025:W:PE] lim_send_link_report_action_frame: 4575: RRM: Sending Link Report to 08:79:8c:36:92:70 on vdev[0]
05-24 13:30:42.012 0 0 I : [10013.353509] read descriptors
05-24 13:30:42.013 0 0 I : [10013.353710] read strings
05-24 13:30:42.616 0 0 I [10013.956525] [schedu][0x2cc7254855][13: 30:42.613059] wlan: [2025:I:PE] rrm_process_link_measurement_request: 275: Received Link report frame with -53
05-24 13:30:42.617 0 0 W [10013.956611] [schedu][0x2cc7254fb7][13: 30:42.613157] wlan: [2025:W:PE] lim_send_link_report_action_frame: 4575: RRM: Sending Link Report to 08:79:8c:36:92:70 on vdev[0]
05-24 13:30:43.033 0 0 I : [10014.374347] read descriptors
05-24 13:30:43.033 0 0 I : [10014.374568] read strings
05-24 13:30:43.529 0 0 I [10014.870481] [schedu][0x2cc8310792][13: 30:43.526968] wlan: [2025:I:PE] rrm_process_link_measurement_request: 275: Received Link report frame with -53
05-24 13:30:43.529 0 0 W [10014.870563] [schedu][0x2cc831121a][13: 30:43.527109] wlan: [2025:W:PE] lim_send_link_report_action_frame: 4575: RRM: Sending Link Report to 08:79:8c:36:92:70 on vdev[0]
05-24 13:30:44.048 0 0 I : [10015.389217] read descriptors
05-24 13:30:44.048 0 0 I : [10015.389410] read strings
05-24 13:30:44.560 0 0 I [10015.902227] [schedu][0x2cc95f505b][13: 30:44.558766] wlan: [2025:I:PE] rrm_process_link_measurement_request: 275: Received Link report frame with 0
05-24 13:30:44.560 0 0 W [10015.902311] [schedu][0x2cc95f5741][13: 30:44.558857] wlan: [2025:W:PE] lim_send_link_report_action_frame: 4575: RRM: Sending Link Report to 08:79:8c:36:92:70 on vdev[0]
05-24 13:30:45.089 0 0 I : [10016.430322] read descriptors
05-24 13:30:45.089 0 0 I : [10016.430426] read strings
05-24 13:30:45.689 0 0 I [10017.031167] [schedu][0x2ccaaa0b96][13: 30:45.687662] wlan: [2025:I:PE] rrm_process_link_measurement_request: 275: Received Link report frame with -55
05-24 13:30:45.689 0 0 W [10017.031252] [schedu][0x2ccaaa15da][13: 30:45.687799] wlan: [2025:W:PE] lim_send_link_report_action_frame: 4575: RRM: Sending Link Report to 08:79:8c:36:92:70 on vdev[0]
05-24 13:30:46.132 0 0 I : [10017.473749] read descriptors
05-24 13:30:46.133 0 0 I : [10017.473841] read strings
05-24 13:30:46.600 0 0 I [10017.942876] [schedu][0x2ccbb52920][13: 30:46.599416] wlan: [2025:I:PE] rrm_process_link_measurement_request: 275: Received Link report frame with 0
05-24 13:30:46.600 0 0 W [10017.942954] [schedu][0x2ccbb52f6f][13: 30:46.599500] wlan: [2025:W:PE] lim_send_link_report_action_frame: 4575: RRM: Sending Link Report to 08:79:8c:36:92:70 on vdev[0]
05-24 13:30:47.168 0 0 I : [10018.510349] read descriptors
05-24 13:30:47.168 0 0 I : [10018.510452] read strings
05-24 13:30:47.176 0 0 I [10018.519997] [schedu][0x2ccc5e3dd1][13: 30:47.176545] wlan: [2025:I:OSIF] scan start scan id 41043
05-24 13:30:47.196 0 0 I [10018.538489] [schedu][0x2ccc63a8b7][13: 30:47.195037] wlan: [2025:I:WMA] Set MAX TX pwr limit [WMI_VDEV_PARAM_TX_PWRLIMIT] to 23
05-24 13:30:47.640 0 0 W [10018.980601] [schedu][0x2ccce52e1c][13: 30:47.637136] wlan: [2025:W:PE] rrm_process_link_measurement_request: 265: maxTx power in link report is not same as local... Local: 23 Link Request TxPower: 18 Link Report TxPower: 29
05-24 13:30:47.641 0 0 I [10018.980624] [schedu][0x2ccce530b7][13: 30:47.637170] wlan: [2025:I:PE] rrm_process_link_measurement_request: 275: Received Link report frame with -53
05-24 13:30:47.641 0 0 W [10018.980724] [schedu][0x2ccce53817][13: 30:47.637269] wlan: [2025:W:PE] lim_send_link_report_action_frame: 4575: RRM: Sending Link Report to 08:79:8c:36:92:70 on vdev[0]
05-24 13:30:47.641 0 0 I [10018.981059] [schedu][0x2ccce55149][13: 30:47.637605] wlan: [2025:I:WMA] Set MAX TX pwr limit [WMI_VDEV_PARAM_TX_PWRLIMIT] to 18
05-24 13:30:47.720 0 0 I [10019.062555] [schedu][0x2cccfd317b][13: 30:47.719101] wlan: [2025:I:WMA] Set MAX TX pwr limit [WMI_VDEV_PARAM_TX_PWRLIMIT] to 23
05-24 13:30:48.224 0 0 I : [10019.565617] read descriptors
05-24 13:30:48.224 0 0 I : [10019.565709] read strings
05-24 13:30:48.837 0 0 W [10020.181129] [schedu][0x2cce44e5e9][13: 30:48.837666] wlan: [2025:W:PE] rrm_process_link_measurement_request: 265: maxTx power in link report is not same as local... Local: 23 Link Request TxPower: 18 Link Report TxPower: 29
05-24 13:30:48.838 0 0 I [10020.181151] [schedu][0x2cce44e84d][13: 30:48.837698] wlan: [2025:I:PE] rrm_process_link_measurement_request: 275: Received Link report frame with -53
05-24 13:30:48.838 0 0 W [10020.181319] [schedu][0x2cce44f4d1][13: 30:48.837865] wlan: [2025:W:PE] lim_send_link_report_action_frame: 4575: RRM: Sending Link Report to 08:79:8c:36:92:70 on vdev[0]
05-24 13:30:48.840 0 0 I [10020.181874] [schedu][0x2cce451e6a][13: 30:48.838420] wlan: [2025:I:WMA] Set MAX TX pwr limit [WMI_VDEV_PARAM_TX_PWRLIMIT] to 18
05-24 13:30:49.021 0 0 I [10020.362632] [schedu][0x2cce7a136d][13: 30:49.019180] wlan: [2025:I:OSIF] vdev 0, scan id 41043 type COMPLETED(1) reason COMPLETED(1) scan found 46 bss
05-24 13:30:49.248 0 0 I : [10020.590312] read descriptors
05-24 13:30:49.248 0 0 I : [10020.590399] read strings
05-24 13:30:49.600 0 0 I [10020.940206] [schedu][0x2ccf2348d7][13: 30:49.596745] wlan: [2025:I:PE] rrm_process_link_measurement_request: 275: Received Link report frame with -53
05-24 13:30:49.600 0 0 W [10020.940262] [schedu][0x2ccf234de6][13: 30:49.596813] wlan: [2025:W:PE] lim_send_link_report_action_frame: 4575: RRM: Sending Link Report to 08:79:8c:36:92:70 on vdev[0]
05-24 13:30:49.795 1528 1658 E UserRestrictionsUtils: Unknown restriction queried by uid 1000 (com.thundercomm.debugtools et al): null
05-24 13:30:49.848 0 0 W [10021.189601] audit: audit_lost=7300 audit_rate_limit=5 audit_backlog_limit=64
05-24 13:30:49.848 0 0 E [10021.189604] audit: rate limit exceeded
05-24 13:30:49.907 1528 2699 D CompatibilityChangeReporter: Compat change id reported: 149924527; UID 1000; state: ENABLED
05-24 13:30:49.907 1528 2699 D CompatibilityChangeReporter: Compat change id reported: 132649864; UID 1000; state: DISABLED
05-24 13:30:49.908 1528 2699 D CompatibilityChangeReporter: Compat change id reported: 182734110; UID 1000; state: ENABLED
05-24 13:30:49.908 1528 2699 D CompatibilityChangeReporter: Compat change id reported: 182734110; UID 1000; state: DISABLED
05-24 13:30:50.268 0 0 I : [10021.610046] read descriptors
05-24 13:30:50.268 0 0 I : [10021.610191] read strings
05-24 13:30:50.620 0 0 I [10021.962391] [schedu][0x2cd04ec0c6][13: 30:50.618931] wlan: [2025:I:PE] rrm_process_link_measurement_request: 275: Received Link report frame with -56
05-24 13:30:50.620 0 0 W [10021.962467] [schedu][0x2cd04ec732][13: 30:50.619017] wlan: [2025:W:PE] lim_send_link_report_action_frame: 4575: RRM: Sending Link Report to 08:79:8c:36:92:70 on vdev[0]
05-24 13:30:51.288 0 0 I : [10022.628507] read descriptors
05-24 13:30:51.288 0 0 I : [10022.628593] read strings
05-24 13:30:51.628 0 0 I [10022.969372] [schedu][0x2cd175c488][13: 30:51.625914] wlan: [2025:I:PE] rrm_process_link_measurement_request: 275: Received Link report frame with -57
05-24 13:30:51.628 0 0 W [10022.969466] [schedu][0x2cd175cc26][13: 30:51.626016] wlan: [2025:W:PE] lim_send_link_report_action_frame: 4575: RRM: Sending Link Report to 08:79:8c:36:92:70 on vdev[0]
05-24 13:30:52.308 0 0 I : [10023.649909] read descriptors
05-24 13:30:52.308 0 0 I : [10023.650058] read strings
05-24 13:30:52.644 0 0 I [10023.984494] [schedu][0x2cd29f2ab3][13: 30:52.641037] wlan: [2025:I:PE] rrm_process_link_measurement_request: 275: Received Link report frame with 0
05-24 13:30:52.644 0 0 W [10023.984584] [schedu][0x2cd29f3213][13: 30:52.641135] wlan: [2025:W:PE] lim_send_link_report_action_frame: 4575: RRM: Sending Link Report to 08:79:8c:36:92:70 on vdev[0]
05-24 13:30:53.325 0 0 I : [10024.665258] read descriptors
05-24 13:30:53.325 0 0 I : [10024.665469] read strings
05-24 13:30:53.564 0 0 I [10024.906219] [schedu][0x2cd3ad3430][13: 30:53.562763] wlan: [2025:I:PE] rrm_process_link_measurement_request: 275: Received Link report frame with -56
05-24 13:30:53.564 0 0 W [10024.906289] [schedu][0x2cd3ad39f3][13: 30:53.562840] wlan: [2025:W:PE] lim_send_link_report_action_frame: 4575: RRM: Sending Link Report to 08:79:8c:36:92:70 on vdev[0]
05-24 13:30:54.344 0 0 I : [10025.686190] read descriptors
05-24 13:30:54.345 0 0 I : [10025.686342] read strings
05-24 13:30:54.600 0 0 I [10025.940379] [schedu][0x2cd4dc2e41][13: 30:54.596924] wlan: [2025:I:PE] rrm_process_link_measurement_request: 275: Received Link report frame with -54
05-24 13:30:54.600 0 0 W [10025.940442] [schedu][0x2cd4dc31d2][13: 30:54.596972] wlan: [2025:W:PE] lim_send_link_report_action_frame: 4575: RRM: Sending Link Report to 08:79:8c:36:92:70 on vdev[0]
05-24 13:30:55.372 0 0 I : [10026.712634] read descriptors
05-24 13:30:55.372 0 0 I : [10026.712747] read strings
05-24 13:30:55.752 0 0 I [10027.093158] [schedu][0x2cd62de884][13: 30:55.749701] wlan: [2025:I:PE] rrm_process_link_measurement_request: 275: Received Link report frame with -53
05-24 13:30:55.752 0 0 W [10027.093216] [schedu][0x2cd62ded67][13: 30:55.749766] wlan: [2025:W:PE] lim_send_link_report_action_frame: 4575: RRM: Sending Link Report to 08:79:8c:36:92:70 on vdev[0]
05-24 13:30:56.392 0 0 I : [10027.732958] read descriptors
05-24 13:30:56.392 0 0 I : [10027.733127] read strings
05-24 13:30:56.652 0 0 I [10027.993552] [schedu][0x2cd735b229][13: 30:56.650096] wlan: [2025:I:PE] rrm_process_link_measurement_request: 275: Received Link report frame with -52
05-24 13:30:56.652 0 0 W [10027.993632] [schedu][0x2cd735b89f][13: 30:56.650182] wlan: [2025:W:PE] lim_send_link_report_action_frame: 4575: RRM: Sending Link Report to 08:79:8c:36:92:70 on vdev[0]
05-24 13:30:57.420 0 0 I : [10028.760881] read descriptors
05-24 13:30:57.420 0 0 I : [10028.760980] read strings
05-24 13:30:57.664 0 0 I [10029.006197] [schedu][0x2cd85e5cbf][13: 30:57.662717] wlan: [2025:I:PE] rrm_process_link_measurement_request: 275: Received Link report frame with 0
05-24 13:30:57.665 0 0 W [10029.006248] [schedu][0x2cd85e62eb][13: 30:57.662800] wlan: [2025:W:PE] lim_send_link_report_action_frame: 4575: RRM: Sending Link Report to 08:79:8c:36:92:70 on vdev[0]
05-24 13:30:58.456 0 0 I : [10029.798007] read descriptors
05-24 13:30:58.456 0 0 I : [10029.798109] read strings
05-24 13:30:58.592 0 0 I [10029.933948] [schedu][0x2cd96e2bc7][13: 30:58.590491] wlan: [2025:I:PE] rrm_process_link_measurement_request: 275: Received Link report frame with 0
05-24 13:30:58.592 0 0 W [10029.933993] [schedu][0x2cd96e2fd9][13: 30:58.590545] wlan: [2025:W:PE] lim_send_link_report_action_frame: 4575: RRM: Sending Link Report to 08:79:8c:36:92:70 on vdev[0]
05-24 13:30:59.473 0 0 I : [10030.814288] read descriptors
05-24 13:30:59.473 0 0 I : [10030.814490] read strings
05-24 13:30:59.624 0 0 I [10030.965563] [schedu][0x2cda9c6650][13: 30:59.622098] wlan: [2025:I:PE] rrm_process_link_measurement_request: 275: Received Link report frame with -53
05-24 13:30:59.624 0 0 W [10030.965643] [schedu][0x2cda9c6d33][13: 30:59.622190] wlan: [2025:W:PE] lim_send_link_report_action_frame: 4575: RRM: Sending Link Report to 08:79:8c:36:92:70 on vdev[0]
05-24 13:30:59.913 1528 1658 E UserRestrictionsUtils: Unknown restriction queried by uid 1000 (com.thundercomm.debugtools et al): null
05-24 13:30:59.913 1528 1658 E UserRestrictionsUtils: Unknown restriction queried by uid 1000 (com.thundercomm.debugtools et al): null
05-24 13:30:59.914 1528 1658 E UserRestrictionsUtils: Unknown restriction queried by uid 1000 (com.thundercomm.debugtools et al): null
05-24 13:30:59.915 1528 1658 E UserRestrictionsUtils: Unknown restriction queried by uid 1000 (com.thundercomm.debugtools et al): null
05-24 13:30:59.916 1528 1658 E UserRestrictionsUtils: Unknown restriction queried by uid 1000 (com.thundercomm.debugtools et al): null
05-24 13:30:59.956 0 0 W [10031.296562] audit: audit_lost=7322 audit_rate_limit=5 audit_backlog_limit=64
05-24 13:30:59.957 0 0 E [10031.296568] audit: rate limit exceeded
05-24 13:31:00.372 0 0 I : [10031.714714] qcom_rpmh DRV:apps_rsc TCS Busy, retrying RPMH message send: addr=0x50000
05-24 13:31:00.497 0 0 I : [10031.837511] read descriptors
05-24 13:31:00.497 0 0 I : [10031.837707] read strings
05-24 13:31:00.639 0 0 I [10031.981477] [schedu][0x2cdbc607db][13: 31:00.638012] wlan: [2025:I:PE] rrm_process_link_measurement_request: 275: Received Link report frame with -53
05-24 13:31:00.639 0 0 W [10031.981555] [schedu][0x2cdbc60e93][13: 31:00.638102] wlan: [2025:W:PE] lim_send_link_report_action_frame: 4575: RRM: Sending Link Report to 08:79:8c:36:92:70 on vdev[0]
05-24 13:31:01.249 0 0 W [10032.592704] audit: audit_lost=7343 audit_rate_limit=5 audit_backlog_limit=64
05-24 13:31:01.249 0 0 E [10032.592711] audit: rate limit exceeded
05-24 13:31:01.524 0 0 I : [10032.861700] read descriptors
05-24 13:31:01.524 0 0 I : [10032.861838] read strings
05-24 13:31:01.556 0 0 I [10032.899442] [schedu][0x2cdcd2f5e4][13: 31:01.555959] wlan: [2025:I:PE] rrm_process_link_measurement_request: 275: Received Link report frame with 0
05-24 13:31:01.557 0 0 W [10032.899516] [schedu][0x2cdcd2fdf8][13: 31:01.556067] wlan: [2025:W:PE] lim_send_link_report_action_frame: 4575: RRM: Sending Link Report to 08:79:8c:36:92:70 on vdev[0]
05-24 13:31:02.288 0 0 I : [10033.631040] qcom_rpmh DRV:apps_rsc TCS Busy, retrying RPMH message send: addr=0x50000
05-24 13:31:02.288 0 0 I : [10033.631064] qcom_rpmh DRV:apps_rsc TCS Busy, retrying RPMH message send: addr=0x50000
05-24 13:31:02.288 0 0 I : [10033.631081] qcom_rpmh DRV:apps_rsc TCS Busy, retrying RPMH message send: addr=0x50000
05-24 13:31:02.548 0 0 I : [10033.889084] read descriptors
05-24 13:31:02.548 0 0 I : [10033.889281] read strings
05-24 13:31:02.580 0 0 I [10033.920332] [schedu][0x2cddfe0ee0][13: 31:02.576879] wlan: [2025:I:PE] rrm_process_link_measurement_request: 275: Received Link report frame with -51
05-24 13:31:02.580 0 0 W [10033.920382] [schedu][0x2cddfe12e0][13: 31:02.576932] wlan: [2025:W:PE] lim_send_link_report_action_frame: 4575: RRM: Sending Link Report to 08:79:8c:36:92:70 on vdev[0]
05-24 13:31:02.824 1528 2693 E UserRestrictionsUtils: Unknown restriction queried by uid 1000 (com.thundercomm.debugtools et al): null
05-24 13:31:02.978 0 0 W [10034.319296] audit: audit_lost=7353 audit_rate_limit=5 audit_backlog_limit=64
05-24 13:31:02.979 0 0 E [10034.319300] audit: rate limit exceeded
05-24 13:31:03.576 0 0 I : [10034.916994] read descriptors
05-24 13:31:03.576 0 0 I : [10034.917197] read strings
05-24 13:31:03.612 0 0 I [10034.953026] [schedu][0x2cdf2c9aab][13: 31:03.609570] wlan: [2025:I:PE] rrm_process_link_measurement_request: 275: Received Link report frame with -52
05-24 13:31:03.612 0 0 W [10034.953117] [schedu][0x2cdf2c9f0e][13: 31:03.609628] wlan: [2025:W:PE] lim_send_link_report_action_frame: 4575: RRM: Sending Link Report to 08:79:8c:36:92:70 on vdev[0]
05-24 13:31:04.605 0 0 I : [10035.945789] read descriptors
05-24 13:31:04.605 0 0 I : [10035.946022] read strings
05-24 13:31:04.624 0 0 I [10035.966114] [schedu][0x2ce0556825][13: 31:04.622656] wlan: [2025:I:PE] rrm_process_link_measurement_request: 275: Received Link report frame with 0
05-24 13:31:04.624 0 0 W [10035.966166] [schedu][0x2ce0556cb9][13: 31:04.622717] wlan: [2025:W:PE] lim_send_link_report_action_frame: 4575: RRM: Sending Link Report to 08:79:8c:36:92:70 on vdev[0]
05-24 13:31:05.552 0 0 I [10036.893845] [schedu][0x2ce1653386][13: 31:05.550381] wlan: [2025:I:PE] rrm_process_link_measurement_request: 275: Received Link report frame with 0
05-24 13:31:05.552 0 0 W [10036.893975] [schedu][0x2ce1653acf][13: 31:05.550478] wlan: [2025:W:PE] lim_send_link_report_action_frame: 4575: RRM: Sending Link Report to 08:79:8c:36:92:70 on vdev[0]
05-24 13:31:05.629 0 0 I : [10036.970243] read descriptors
05-24 13:31:05.629 0 0 I : [10036.970373] read strings
05-24 13:31:06.046 1528 2693 E UserRestrictionsUtils: Unknown restriction queried by uid 1000 (com.thundercomm.debugtools et al): null
05-24 13:31:06.047 1528 2693 E UserRestrictionsUtils: Unknown restriction queried by uid 1000 (com.thundercomm.debugtools et al): null
05-24 13:31:06.047 1528 2693 E UserRestrictionsUtils: Unknown restriction queried by uid 1000 (com.thundercomm.debugtools et al): null
05-24 13:31:06.048 1528 2693 E UserRestrictionsUtils: Unknown restriction queried by uid 1000 (com.thundercomm.debugtools et al): null
05-24 13:31:06.049 1528 2693 E UserRestrictionsUtils: Unknown restriction queried by uid 1000 (com.thundercomm.debugtools et al): null
05-24 13:31:06.093 0 0 W [10037.432823] audit: audit_lost=7362 audit_rate_limit=5 audit_backlog_limit=64
05-24 13:31:06.093 0 0 E [10037.432827] audit: rate limit exceeded
05-24 13:31:06.568 0 0 I [10037.910451] [schedu][0x2ce28f095d][13: 31:06.566992] wlan: [2025:I:PE] rrm_process_link_measurement_request: 275: Received Link report frame with -52
05-24 13:31:06.568 0 0 W [10037.910514] [schedu][0x2ce28f0ebd][13: 31:06.567064] wlan: [2025:W:PE] lim_send_link_report_action_frame: 4575: RRM: Sending Link Report to 08:79:8c:36:92:70 on vdev[0]
05-24 13:31:06.649 0 0 I : [10037.989936] read descriptors
05-24 13:31:06.649 0 0 I : [10037.990129] read strings
05-24 13:31:07.332 0 0 W [10038.672368] audit: audit_lost=7380 audit_rate_limit=5 audit_backlog_limit=64
05-24 13:31:07.332 0 0 E [10038.672376] audit: rate limit exceeded
05-24 13:31:07.600 0 0 I [10038.942969] [schedu][0x2ce3bd881f][13: 31:07.599509] wlan: [2025:I:PE] rrm_process_link_measurement_request: 275: Received Link report frame with 0
05-24 13:31:07.600 0 0 W [10038.943027] [schedu][0x2ce3bd8d35][13: 31:07.599577] wlan: [2025:W:PE] lim_send_link_report_action_frame: 4575: RRM: Sending Link Report to 08:79:8c:36:92:70 on vdev[0]
05-24 13:31:07.688 0 0 I : [10039.031425] read descriptors
05-24 13:31:07.689 0 0 I : [10039.031511] read strings
05-24 13:31:08.627 1528 1666 I ActivityTaskManager: Config changes=40000000 {1.0 ?mcc?mnc [zh_CN] ldltr sw720dp w1706dp h665dp 240dpi lrg long hdr land finger -keyb/v/h -nav/h winConfig={ mBounds=Rect(0, 0 - 2560, 1080) mAppBounds=Rect(0, 0 - 2560, 1034) mMaxBounds=Rect(0, 0 - 2560, 1080) mWindowingMode=fullscreen mDisplayWindowingMode=fullscreen mActivityType=undefined mAlwaysOnTop=undefined mRotation=ROTATION_0} s.62 fontWeightAdjustment=0}
05-24 13:31:08.632 0 0 I [10039.973296] [schedu][0x2ce4eb62e7][13: 31:08.629839] wlan: [2025:I:PE] rrm_process_link_measurement_request: 275: Received Link report frame with 0
05-24 13:31:08.632 0 0 W [10039.973351] [schedu][0x2ce4eb677b][13: 31:08.629900] wlan: [2025:W:PE] lim_send_link_report_action_frame: 4575: RRM: Sending Link Report to 08:79:8c:36:92:70 on vdev[0]
05-24 13:31:08.649 1528 1666 I WindowManager: Override config changes=40000000 {1.0 ?mcc?mnc [zh_CN] ldltr sw720dp w1706dp h665dp 240dpi lrg long hdr land finger -keyb/v/h -nav/h winConfig={ mBounds=Rect(0, 0 - 2560, 1080) mAppBounds=Rect(0, 0 - 2560, 1034) mMaxBounds=Rect(0, 0 - 2560, 1080) mWindowingMode=fullscreen mDisplayWindowingMode=fullscreen mActivityType=undefined mAlwaysOnTop=undefined mRotation=ROTATION_0} s.62 fontWeightAdjustment=0} for displayId=0
05-24 13:31:08.658 1528 1666 D CompatibilityChangeReporter: Compat change id reported: 174042980; UID 10095; state: DISABLED
05-24 13:31:08.659 1528 1666 D CompatibilityChangeReporter: Compat change id reported: 184838306; UID 10095; state: DISABLED
05-24 13:31:08.659 1528 1666 D CompatibilityChangeReporter: Compat change id reported: 185004937; UID 10095; state: DISABLED
05-24 13:31:08.663 1528 1666 D CompatibilityChangeReporter: Compat change id reported: 174042980; UID 10020; state: DISABLED
05-24 13:31:08.664 1528 1666 D CompatibilityChangeReporter: Compat change id reported: 184838306; UID 10020; state: DISABLED
05-24 13:31:08.664 1528 1666 D CompatibilityChangeReporter: Compat change id reported: 185004937; UID 10020; state: DISABLED
05-24 13:31:08.665 1528 1666 D CompatibilityChangeReporter: Compat change id reported: 181136395; UID 10020; state: DISABLED
05-24 13:31:08.665 1528 1666 D CompatibilityChangeReporter: Compat change id reported: 174042936; UID 10020; state: DISABLED
05-24 13:31:08.666 1528 1666 D CompatibilityChangeReporter: Compat change id reported: 174042980; UID 10094; state: DISABLED
05-24 13:31:08.666 1528 1666 D CompatibilityChangeReporter: Compat change id reported: 184838306; UID 10094; state: DISABLED
05-24 13:31:08.669 1528 1666 D CompatibilityChangeReporter: Compat change id reported: 185004937; UID 10094; state: DISABLED
05-24 13:31:08.669 1528 1666 D CompatibilityChangeReporter: Compat change id reported: 181136395; UID 10094; state: DISABLED
05-24 13:31:08.669 1528 1666 D CompatibilityChangeReporter: Compat change id reported: 174042936; UID 10094; state: DISABLED
05-24 13:31:08.670 1528 1666 D CompatibilityChangeReporter: Compat change id reported: 174042980; UID 10033; state: DISABLED
05-24 13:31:08.670 1528 1666 D CompatibilityChangeReporter: Compat change id reported: 184838306; UID 10033; state: DISABLED
05-24 13:31:08.671 1528 1666 D CompatibilityChangeReporter: Compat change id reported: 185004937; UID 10033; state: DISABLED
05-24 13:31:08.672 1528 1666 D CompatibilityChangeReporter: Compat change id reported: 174042980; UID 10086; state: DISABLED
05-24 13:31:08.674 1528 1666 D CompatibilityChangeReporter: Compat change id reported: 184838306; UID 10086; state: DISABLED
05-24 13:31:08.674 1528 1666 D CompatibilityChangeReporter: Compat change id reported: 185004937; UID 10086; state: DISABLED
05-24 13:31:08.674 1528 1666 D CompatibilityChangeReporter: Compat change id reported: 181136395; UID 10086; state: DISABLED
05-24 13:31:08.674 1528 1666 D CompatibilityChangeReporter: Compat change id reported: 174042936; UID 10086; state: DISABLED
05-24 13:31:08.675 1528 1666 D CompatibilityChangeReporter: Compat change id reported: 174042980; UID 10066; state: DISABLED
05-24 13:31:08.675 1528 1666 D CompatibilityChangeReporter: Compat change id reported: 184838306; UID 10066; state: DISABLED
05-24 13:31:08.675 1528 1666 D CompatibilityChangeReporter: Compat change id reported: 185004937; UID 10066; state: DISABLED
05-24 13:31:08.676 1528 2697 W ActivityManager: Receiver with filter android.content.IntentFilter@3d770 already registered for pid 2966, callerPackage is com.android.music
05-24 13:31:08.676 1528 1666 D CompatibilityChangeReporter: Compat change id reported: 181136395; UID 10066; state: DISABLED
05-24 13:31:08.676 1528 1666 D CompatibilityChangeReporter: Compat change id reported: 174042936; UID 10066; state: DISABLED
05-24 13:31:08.713 0 0 I : [10040.056377] read descriptors
05-24 13:31:08.713 0 0 I : [10040.056414] read strings
05-24 13:31:08.716 0 0 W [10040.060032] audit: audit_lost=7390 audit_rate_limit=5 audit_backlog_limit=64
05-24 13:31:08.716 0 0 E [10040.060036] audit: rate limit exceeded
05-24 13:31:08.722 1528 2699 E UserRestrictionsUtils: Unknown restriction queried by uid 1000 (com.thundercomm.debugtools et al): null
05-24 13:31:08.722 1528 2699 E UserRestrictionsUtils: Unknown restriction queried by uid 1000 (com.thundercomm.debugtools et al): null
05-24 13:31:08.722 1528 2699 E UserRestrictionsUtils: Unknown restriction queried by uid 1000 (com.thundercomm.debugtools et al): null
05-24 13:31:08.722 1528 2699 E UserRestrictionsUtils: Unknown restriction queried by uid 1000 (com.thundercomm.debugtools et al): null
05-24 13:31:08.723 1528 2699 E UserRestrictionsUtils: Unknown restriction queried by uid 1000 (com.thundercomm.debugtools et al): null
05-24 13:31:08.723 1528 2699 E UserRestrictionsUtils: Unknown restriction queried by uid 1000 (com.thundercomm.debugtools et al): null
05-24 13:31:08.723 1528 2699 E UserRestrictionsUtils: Unknown restriction queried by uid 1000 (com.thundercomm.debugtools et al): null
05-24 13:31:08.723 1528 2699 E UserRestrictionsUtils: Unknown restriction queried by uid 1000 (com.thundercomm.debugtools et al): null
05-24 13:31:08.723 1528 2699 E UserRestrictionsUtils: Unknown restriction queried by uid 1000 (com.thundercomm.debugtools et al): null
05-24 13:31:08.723 1528 2699 E UserRestrictionsUtils: Unknown restriction queried by uid 1000 (com.thundercomm.debugtools et al): null
05-24 13:31:08.723 1528 2699 E UserRestrictionsUtils: Unknown restriction queried by uid 1000 (com.thundercomm.debugtools et al): null
05-24 13:31:08.723 1528 2699 E UserRestrictionsUtils: Unknown restriction queried by uid 1000 (com.thundercomm.debugtools et al): null
05-24 13:31:08.723 1528 2699 E UserRestrictionsUtils: Unknown restriction queried by uid 1000 (com.thundercomm.debugtools et al): null
05-24 13:31:08.724 1528 2699 E UserRestrictionsUtils: Unknown restriction queried by uid 1000 (com.thundercomm.debugtools et al): null
05-24 13:31:08.724 1528 2699 E UserRestrictionsUtils: Unknown restriction queried by uid 1000 (com.thundercomm.debugtools et al): null
05-24 13:31:08.724 1528 2699 E UserRestrictionsUtils: Unknown restriction queried by uid 1000 (com.thundercomm.debugtools et al): null
05-24 13:31:08.724 1528 2699 E UserRestrictionsUtils: Unknown restriction queried by uid 1000 (com.thundercomm.debugtools et al): null
05-24 13:31:08.724 1528 2699 E UserRestrictionsUtils: Unknown restriction queried by uid 1000 (com.thundercomm.debugtools et al): null
05-24 13:31:08.733 1528 2693 E UserRestrictionsUtils: Unknown restriction queried by uid 1000 (com.thundercomm.debugtools et al): null
05-24 13:31:08.734 1528 2693 E UserRestrictionsUtils: Unknown restriction queried by uid 1000 (com.thundercomm.debugtools et al): null
05-24 13:31:08.734 1528 2693 E UserRestrictionsUtils: Unknown restriction queried by uid 1000 (com.thundercomm.debugtools et al): null
05-24 13:31:08.734 1528 2699 E UserRestrictionsUtils: Unknown restriction queried by uid 1000 (com.thundercomm.debugtools et al): null
05-24 13:31:08.734 1528 2699 E UserRestrictionsUtils: Unknown restriction queried by uid 1000 (com.thundercomm.debugtools et al): null
05-24 13:31:08.773 1528 8941 D CompatibilityChangeReporter: Compat change id reported: 135634846; UID 10025; state: DISABLED
05-24 13:31:08.773 1528 8941 D CompatibilityChangeReporter: Compat change id reported: 177438394; UID 10025; state: DISABLED
05-24 13:31:08.773 1528 8941 D CompatibilityChangeReporter: Compat change id reported: 135772972; UID 10025; state: DISABLED
05-24 13:31:08.773 1528 8941 D CompatibilityChangeReporter: Compat change id reported: 135754954; UID 10025; state: ENABLED
05-24 13:31:08.773 1528 1676 D CompatibilityChangeReporter: Compat change id reported: 143937733; UID 10025; state: ENABLED
05-24 13:31:08.781 1528 1676 I ActivityManager: Start proc 10413:android.process.acore/u0a25 for content provider {com.android.providers.contacts/com.android.providers.contacts.ContactsProvider2}
05-24 13:31:08.795 0 0 I [10040.138203] binder: 10413:10413 ioctl 40046210 7fd8e3f594 returned -22
05-24 13:31:08.798 1528 8941 D CompatibilityChangeReporter: Compat change id reported: 168419799; UID 10025; state: DISABLED
05-24 13:31:08.837 1528 10045 D CountryDetector: The first listener is added
05-24 13:31:08.877 1528 22252 E UserRestrictionsUtils: Unknown restriction queried by uid 1000 (com.thundercomm.debugtools et al): null
05-24 13:31:08.877 1528 22252 E UserRestrictionsUtils: Unknown restriction queried by uid 1000 (com.thundercomm.debugtools et al): null
05-24 13:31:08.877 1528 22252 E UserRestrictionsUtils: Unknown restriction queried by uid 1000 (com.thundercomm.debugtools et al): null
05-24 13:31:08.877 1528 22252 E UserRestrictionsUtils: Unknown restriction queried by uid 1000 (com.thundercomm.debugtools et al): null
05-24 13:31:08.877 1528 2165 E UserRestrictionsUtils: Unknown restriction queried by uid 1000 (com.thundercomm.debugtools et al): null
05-24 13:31:08.878 1528 2165 E UserRestrictionsUtils: Unknown restriction queried by uid 1000 (com.thundercomm.debugtools et al): null
05-24 13:31:08.878 1528 2165 E UserRestrictionsUtils: Unknown restriction queried by uid 1000 (com.thundercomm.debugtools et al): null
05-24 13:31:08.878 1528 2165 E UserRestrictionsUtils: Unknown restriction queried by uid 1000 (com.thundercomm.debugtools et al): null
05-24 13:31:08.878 1528 2165 E UserRestrictionsUtils: Unknown restriction queried by uid 1000 (com.thundercomm.debugtools et al): null
05-24 13:31:08.878 1528 8286 E UserRestrictionsUtils: Unknown restriction queried by uid 1000 (com.thundercomm.debugtools et al): null
05-24 13:31:08.878 1528 8286 E UserRestrictionsUtils: Unknown restriction queried by uid 1000 (com.thundercomm.debugtools et al): null
05-24 13:31:08.879 1528 2165 E UserRestrictionsUtils: Unknown restriction queried by uid 1000 (com.thundercomm.debugtools et al): null
05-24 13:31:08.879 1528 8286 E UserRestrictionsUtils: Unknown restriction queried by uid 1000 (com.thundercomm.debugtools et al): null
05-24 13:31:08.879 1528 8286 E UserRestrictionsUtils: Unknown restriction queried by uid 1000 (com.thundercomm.debugtools et al): null
05-24 13:31:08.879 1528 8286 E UserRestrictionsUtils: Unknown restriction queried by uid 1000 (com.thundercomm.debugtools et al): null
05-24 13:31:08.879 1528 8286 E UserRestrictionsUtils: Unknown restriction queried by uid 1000 (com.thundercomm.debugtools et al): null
05-24 13:31:08.880 1528 8286 E UserRestrictionsUtils: Unknown restriction queried by uid 1000 (com.thundercomm.debugtools et al): null
05-24 13:31:08.880 1528 8286 E UserRestrictionsUtils: Unknown restriction queried by uid 1000 (com.thundercomm.debugtools et al): null
05-24 13:31:08.910 1528 8286 D CompatibilityChangeReporter: Compat change id reported: 168419799; UID 1000; state: DISABLED
05-24 13:31:09.002 1528 8286 I WindowManager: finishDrawing of relaunch: Window{5d3890f u0 com.android.settings/com.android.settings.Settings} 303ms
05-24 13:31:09.019 1528 1667 I WindowManager: Screen frozen for +340ms due to Window{5d3890f u0 com.android.settings/com.android.settings.Settings}
05-24 13:31:09.648 0 0 I [10040.988683] [schedu][0x2ce614dc65][13: 31:09.645219] wlan: [2025:I:PE] rrm_process_link_measurement_request: 275: Received Link report frame with 0
05-24 13:31:09.649 0 0 W [10040.988815] [schedu][0x2ce614e6fc][13: 31:09.645361] wlan: [2025:W:PE] lim_send_link_report_action_frame: 4575: RRM: Sending Link Report to 08:79:8c:36:92:70 on vdev[0]
05-24 13:31:09.730 0 0 I : [10041.072745] read descriptors
05-24 13:31:09.730 0 0 I : [10041.072930] read strings
05-24 13:31:10.410 1528 8286 E UserRestrictionsUtils: Unknown restriction queried by uid 1000 (com.thundercomm.debugtools et al): null
05-24 13:31:10.564 0 0 I [10041.907770] [schedu][0x2ce7222079][13: 31:10.564314] wlan: [2025:I:PE] rrm_process_link_measurement_request: 275: Received Link report frame with 0
05-24 13:31:10.564 0 0 W [10041.907821] [schedu][0x2ce72224c8][13: 31:10.564371] wlan: [2025:W:PE] lim_send_link_report_action_frame: 4575: RRM: Sending Link Report to 08:79:8c:36:92:70 on vdev[0]
05-24 13:31:10.593 0 0 W [10041.936241] audit: audit_lost=7411 audit_rate_limit=5 audit_backlog_limit=64
05-24 13:31:10.593 0 0 E [10041.936244] audit: rate limit exceeded
05-24 13:31:10.752 0 0 I : [10042.093070] read descriptors
05-24 13:31:10.752 0 0 I : [10042.093214] read strings
05-24 13:31:11.597 0 0 I [10042.939787] [schedu][0x2ce850791e][13: 31:11.596322] wlan: [2025:I:PE] rrm_process_link_measurement_request: 275: Received Link report frame with 0
05-24 13:31:11.597 0 0 W [10042.939869] [schedu][0x2ce850800e][13: 31:11.596415] wlan: [2025:W:PE] lim_send_link_report_action_frame: 4575: RRM: Sending Link Report to 08:79:8c:36:92:70 on vdev[0]
05-24 13:31:11.780 0 0 I : [10043.116839] read descriptors
05-24 13:31:11.780 0 0 I : [10043.116926] read strings
05-24 13:31:12.612 0 0 I [10043.955199] [schedu][0x2ce979f557][13: 31:12.611739] wlan: [2025:I:PE] rrm_process_link_measurement_request: 275: Received Link report frame with -51
05-24 13:31:12.613 0 0 W [10043.955254] [schedu][0x2ce979fa46][13: 31:12.611804] wlan: [2025:W:PE] lim_send_link_report_action_frame: 4575: RRM: Sending Link Report to 08:79:8c:36:92:70 on vdev[0]
05-24 13:31:12.796 0 0 I : [10044.136779] read descriptors
05-24 13:31:12.796 0 0 I : [10044.136975] read strings
05-24 13:31:13.636 0 0 I [10044.976956] [schedu][0x2ceaa54d79][13: 31:13.633500] wlan: [2025:I:PE] rrm_process_link_measurement_request: 275: Received Link report frame with -52
05-24 13:31:13.637 0 0 W [10044.977001] [schedu][0x2ceaa5515c][13: 31:13.633552] wlan: [2025:W:PE] lim_send_link_report_action_frame: 4575: RRM: Sending Link Report to 08:79:8c:36:92:70 on vdev[0]
05-24 13:31:13.816 0 0 I : [10045.156632] read descriptors
05-24 13:31:13.816 0 0 I : [10045.156739] read strings
05-24 13:31:14.561 0 0 I [10045.902532] [schedu][0x2cebb47388][13: 31:14.559021] wlan: [2025:I:PE] rrm_process_link_measurement_request: 275: Received Link report frame with 0
05-24 13:31:14.562 0 0 W [10045.902618] [schedu][0x2cebb47e50][13: 31:14.559165] wlan: [2025:W:PE] lim_send_link_report_action_frame: 4575: RRM: Sending Link Report to 08:79:8c:36:92:70 on vdev[0]
05-24 13:31:14.836 0 0 I : [10046.177159] read descriptors
05-24 13:31:14.836 0 0 I : [10046.177369] read strings
05-24 13:31:15.600 0 0 I [10046.940786] [schedu][0x2cece4a1fa][13: 31:15.597294] wlan: [2025:I:PE] rrm_process_link_measurement_request: 275: Received Link report frame with -51
05-24 13:31:15.604 0 0 W [10046.940835] [schedu][0x2cece4a8f2][13: 31:15.597387] wlan: [2025:W:PE] lim_send_link_report_action_frame: 4575: RRM: Sending Link Report to 08:79:8c:36:92:70 on vdev[0]
05-24 13:31:15.864 0 0 I : [10047.204869] read descriptors
05-24 13:31:15.864 0 0 I : [10047.204966] read strings
05-24 13:31:16.609 0 0 I [10047.950204] [schedu][0x2cee0c5e9d][13: 31:16.606742] wlan: [2025:I:PE] rrm_process_link_measurement_request: 275: Received Link report frame with 0
05-24 13:31:16.609 0 0 W [10047.950286] [schedu][0x2cee0c6563][13: 31:16.606833] wlan: [2025:W:PE] lim_send_link_report_action_frame: 4575: RRM: Sending Link Report to 08:79:8c:36:92:70 on vdev[0]
05-24 13:31:16.884 0 0 I : [10048.224887] read descriptors
05-24 13:31:16.884 0 0 I : [10048.225110] read strings
05-24 13:31:17.632 0 0 I [10048.976003] [schedu][0x2cef38e53f][13: 31:17.632537] wlan: [2025:I:PE] rrm_process_link_measurement_request: 275: Received Link report frame with -52
05-24 13:31:17.633 0 0 W [10048.976184] [schedu][0x2cef38f3a2][13: 31:17.632729] wlan: [2025:W:PE] lim_send_link_report_action_frame: 4575: RRM: Sending Link Report to 08:79:8c:36:92:70 on vdev[0]
05-24 13:31:17.921 0 0 I : [10049.260821] read descriptors
05-24 13:31:17.921 0 0 I : [10049.260923] read strings
05-24 13:31:18.561 0 0 I [10049.900976] [schedu][0x2cf047e241][13: 31:18.557511] wlan: [2025:I:PE] rrm_process_link_measurement_request: 275: Received Link report frame with -54
05-24 13:31:18.561 0 0 W [10049.901063] [schedu][0x2cf047e9a0][13: 31:18.557609] wlan: [2025:W:PE] lim_send_link_report_action_frame: 4575: RRM: Sending Link Report to 08:79:8c:36:92:70 on vdev[0]
05-24 13:31:18.648 1528 1675 W ActivityManager: Stopping service due to app idle: u0a95 -17m12s591ms com.taptap/com.liulishuo.filedownloader.services.FileDownloadService$SharedMainProcessService
05-24 13:31:18.648 1528 1675 W ActivityManager: Stopping service due to app idle: u0a95 -17m9s69ms com.taptap/com.play.taptap.service.InAppBillingService
05-24 13:31:18.648 1528 1675 W ActivityManager: Stopping service due to app idle: u0a95 -17m13s453ms com.taptap/.sandbox.client.stub.KeepAliveService
05-24 13:31:18.648 1528 1675 W ActivityManager: Stopping service due to app idle: u0a95 -17m9s68ms com.taptap/.user.user.export.bis.core.anti.AntiAddictionService
05-24 13:31:18.648 1528 1675 W ActivityManager: Stopping service due to app idle: u0a95 -17m9s70ms com.taptap/.game.export.download.TapAppDownloadService
05-24 13:31:18.936 0 0 I : [10050.276917] read descriptors
05-24 13:31:18.936 0 0 I : [10050.277118] read strings
05-24 13:31:19.593 0 0 I [10050.933090] [schedu][0x2cf17642d1][13: 31:19.589625] wlan: [2025:I:PE] rrm_process_link_measurement_request: 275: Received Link report frame with -52
05-24 13:31:19.593 0 0 W [10050.933175] [schedu][0x2cf1764a0c][13: 31:19.589721] wlan: [2025:W:PE] lim_send_link_report_action_frame: 4575: RRM: Sending Link Report to 08:79:8c:36:92:70 on vdev[0]
05-24 13:31:19.961 0 0 I : [10051.300673] read descriptors
05-24 13:31:19.961 0 0 I : [10051.300774] read strings
05-24 13:31:20.601 0 0 I [10051.942991] [schedu][0x2cf29e214d][13: 31:20.599525] wlan: [2025:I:PE] rrm_process_link_measurement_request: 275: Received Link report frame with 0
05-24 13:31:20.601 0 0 W [10051.943077] [schedu][0x2cf29e289c][13: 31:20.599622] wlan: [2025:W:PE] lim_send_link_report_action_frame: 4575: RRM: Sending Link Report to 08:79:8c:36:92:70 on vdev[0]
05-24 13:31:20.976 0 0 I : [10052.317026] read descriptors
05-24 13:31:20.977 0 0 I : [10052.317230] read strings
05-24 13:31:21.628 0 0 I [10052.969346] [schedu][0x2cf3cad21d][13: 31:21.625882] wlan: [2025:I:PE] rrm_process_link_measurement_request: 275: Received Link report frame with -54
05-24 13:31:21.628 0 0 W [10052.969424] [schedu][0x2cf3cad8bb][13: 31:21.625971] wlan: [2025:W:PE] lim_send_link_report_action_frame: 4575: RRM: Sending Link Report to 08:79:8c:36:92:70 on vdev[0]
05-24 13:31:22.000 0 0 I : [10053.340701] read descriptors
05-24 13:31:22.000 0 0 I : [10053.340877] read strings
05-24 13:31:22.644 0 0 I [10053.987197] [schedu][0x2cf4f504ef][13: 31:22.643733] wlan: [2025:I:PE] rrm_process_link_measurement_request: 275: Received Link report frame with 0
05-24 13:31:22.644 0 0 W [10053.987276] [schedu][0x2cf4f50b99][13: 31:22.643822] wlan: [2025:W:PE] lim_send_link_report_action_frame: 4575: RRM: Sending Link Report to 08:79:8c:36:92:70 on vdev[0]
05-24 13:31:23.020 0 0 I : [10054.360821] read descriptors
05-24 13:31:23.020 0 0 I : [10054.361025] read strings
05-24 13:31:23.580 0 0 I [10054.922874] [schedu][0x2cf60724d5][13: 31:23.579412] wlan: [2025:I:PE] rrm_process_link_measurement_request: 275: Received Link report frame with -54
05-24 13:31:23.580 0 0 W [10054.922993] [schedu][0x2cf6072e52][13: 31:23.579538] wlan: [2025:W:PE] lim_send_link_report_action_frame: 4575: RRM: Sending Link Report to 08:79:8c:36:92:70 on vdev[0]
05-24 13:31:24.048 0 0 I : [10055.388559] read descriptors
05-24 13:31:24.049 0 0 I : [10055.388657] read strings
05-24 13:31:24.600 0 0 I [10055.942229] [schedu][0x2cf731c631][13: 31:24.598737] wlan: [2025:I:PE] rrm_process_link_measurement_request: 275: Received Link report frame with 0
05-24 13:31:24.600 0 0 W [10055.942316] [schedu][0x2cf731cf8a][13: 31:24.598861] wlan: [2025:W:PE] lim_send_link_report_action_frame: 4575: RRM: Sending Link Report to 08:79:8c:36:92:70 on vdev[0]
05-24 13:31:25.068 0 0 I : [10056.409166] read descriptors
05-24 13:31:25.068 0 0 I : [10056.409386] read strings
05-24 13:31:25.616 0 0 I [10056.958279] [schedu][0x2cf85b7136][13: 31:25.614777] wlan: [2025:I:PE] rrm_process_link_measurement_request: 275: Received Link report frame with 0
05-24 13:31:25.616 0 0 W [10056.958358] [schedu][0x2cf85b7ab6][13: 31:25.614904] wlan: [2025:W:PE] lim_send_link_report_action_frame: 4575: RRM: Sending Link Report to 08:79:8c:36:92:70 on vdev[0]
05-24 13:31:26.088 0 0 I : [10057.429136] read descriptors
05-24 13:31:26.088 0 0 I : [10057.429266] read strings
05-24 13:31:26.640 0 0 I [10057.982417] [schedu][0x2cf9877e6f][13: 31:26.638953] wlan: [2025:I:PE] rrm_process_link_measurement_request: 275: Received Link report frame with 0
05-24 13:31:26.641 0 0 W [10057.982497] [schedu][0x2cf9878530][13: 31:26.639043] wlan: [2025:W:PE] lim_send_link_report_action_frame: 4575: RRM: Sending Link Report to 08:79:8c:36:92:70 on vdev[0]
05-24 13:31:27.108 0 0 I : [10058.449530] read descriptors
05-24 13:31:27.108 0 0 I : [10058.449722] read strings
05-24 13:31:27.568 0 0 I [10058.909090] [schedu][0x2cfa96fabf][13: 31:27.565624] wlan: [2025:I:PE] rrm_process_link_measurement_request: 275: Received Link report frame with -52
05-24 13:31:27.568 0 0 W [10058.909166] [schedu][0x2cfa97018b][13: 31:27.565715] wlan: [2025:W:PE] lim_send_link_report_action_frame: 4575: RRM: Sending Link Report to 08:79:8c:36:92:70 on vdev[0]
05-24 13:31:28.152 0 0 I : [10059.492735] read descriptors
05-24 13:31:28.152 0 0 I : [10059.492835] read strings
05-24 13:31:28.597 0 0 I [10059.940383] [schedu][0x2cfbc51e43][13: 31:28.596924] wlan: [2025:I:PE] rrm_process_link_measurement_request: 275: Received Link report frame with 0
05-24 13:31:28.597 0 0 W [10059.940481] [schedu][0x2cfbc52643][13: 31:28.597031] wlan: [2025:W:PE] lim_send_link_report_action_frame: 4575: RRM: Sending Link Report to 08:79:8c:36:92:70 on vdev[0]
05-24 13:31:28.597 0 0 E [10059.940660] [schedu][0x2cfbc533c5][13: 31:28.597211] wlan: [2025:E:PE] lim_is_valid_frame: 6671: Duplicate frame from 08:79:8c:36:92:70 Seq Number 1368
05-24 13:31:28.600 0 0 E [10059.940736] [schedu][0x2cfbc537a9][13: 31:28.597263] wlan: [2025:E:PE] lim_is_valid_frame: 6671: Duplicate frame from 08:79:8c:36:92:70 Seq Number 1368
05-24 13:31:29.200 0 0 I : [10060.540607] read descriptors
05-24 13:31:29.200 0 0 I : [10060.540696] read strings
05-24 13:31:29.604 0 0 I [10060.947605] [schedu][0x2cfcec3403][13: 31:29.604147] wlan: [2025:I:PE] rrm_process_link_measurement_request: 275: Received Link report frame with -51
05-24 13:31:29.604 0 0 W [10060.947648] [schedu][0x2cfcec37fa][13: 31:29.604200] wlan: [2025:W:PE] lim_send_link_report_action_frame: 4575: RRM: Sending Link Report to 08:79:8c:36:92:70 on vdev[0]
05-24 13:31:30.220 0 0 I : [10061.561282] read descriptors
