05-24 14:00:13.558 1528 1694 I PowerManagerService: Waking up from Dreaming (uid=1000, reason=WAKE_REASON_UNKNOWN, details=android.server.power:DREAM_FINISHED)...
05-24 14:00:13.563 1528 7568 I ActivityTaskManager: FOREGROUND_APPLICATION_CHANGED to com.android.settings.homepage.SettingsHomepageActivity
05-24 14:00:13.697 1528 10039 I PowerManagerService: Napping display group (groupId=0, uid=1000)...
05-24 14:00:13.697 1528 10039 I PowerManagerService: Nap time (uid 1000)...
05-24 14:00:13.697 1528 1694 I DreamManagerService: Leaving dreamland.
05-24 14:00:13.699 1528 1694 I DreamManagerService: Entering dreamland.
05-24 14:00:13.699 1528 1663 I DreamManagerService: Performing gentle wake from dream.
05-24 14:00:13.699 1528 1663 I DreamController: Stopping dream: name=ComponentInfo{com.thundercomm.screensaver/com.thundercomm.screensaver.service.SystemDream}, isTest=false, canDoze=false, userId=0, reason='starting new dream'(from 'request awaken')
05-24 14:00:13.699 1528 1694 I PowerManagerService: Dreaming...
05-24 14:00:13.700 1528 1663 I DreamController: Starting dream: name=ComponentInfo{com.thundercomm.screensaver/com.thundercomm.screensaver.service.SystemDream}, isTest=false, canDoze=false, userId=0
05-24 14:00:13.703 1528 7568 I ActivityTaskManager: START u0 {flg=0x10000000 pkg=com.thundercomm.screensaver cmp=com.thundercomm.screensaver/android.service.dreams.DreamActivity (has extras)} from uid 10042
05-24 14:00:13.710 1528 10039 I ActivityTaskManager: FOREGROUND_APPLICATION_CHANGED to android.service.dreams.DreamActivity
05-24 14:00:13.710 1528 10039 I ActivityTaskManager: The Process com.thundercomm.screensaver Already Exists in BG. So sending its PID: 13872
05-24 14:00:13.710 1528 10039 W ActivityTaskManager: Tried to set launchTime (0) < mLastActivityLaunchTime (11784924)
05-24 14:00:13.717 1528 10039 W WindowManager: Failed looking up window session=Session{a666445 13872:u0a10042} callers=com.android.server.wm.WindowManagerService.windowForClientLocked:5628 com.android.server.wm.Session.insetsModified:629 android.view.IWindowSession$Stub.onTransact:1151
05-24 14:00:13.738 1528 1667 I WindowManager: Queue is too deep! Purged item with taskid=11
05-24 14:00:13.804 1528 15317 I DreamManagerService: Gently waking up from dream.
05-24 14:00:13.804 1528 1694 I PowerManagerService: Powering on display group fromDreaming (groupId=0, uid=1000, reason=WAKE_REASON_UNKNOWN, details=android.server.power:DREAM_FINISHED)...
05-24 14:00:13.804 1528 1694 I PowerManagerService: Waking up from Dreaming (uid=1000, reason=WAKE_REASON_UNKNOWN, details=android.server.power:DREAM_FINISHED)...
05-24 14:00:13.804 1528 1663 I DreamManagerService: Performing gentle wake from dream.
05-24 14:00:13.810 1528 8862 I ActivityTaskManager: FOREGROUND_APPLICATION_CHANGED to com.android.settings.homepage.SettingsHomepageActivity
05-24 14:00:14.030 0 0 I : [11785.516183] read descriptors
05-24 14:00:14.030 0 0 I : [11785.516203] read strings
05-24 14:00:14.343 1528 15317 I DreamManagerService: Leaving dreamland.
05-24 14:00:14.343 1528 1663 I DreamManagerService: Performing gentle wake from dream.
05-24 14:00:14.343 1528 1663 I DreamController: Stopping dream: name=ComponentInfo{com.thundercomm.screensaver/com.thundercomm.screensaver.service.SystemDream}, isTest=false, canDoze=false, userId=0, reason='finished self'(from 'request awaken')
05-24 14:00:14.348 13872 13872 W DreamService[SystemDream]: Finish was called before the dream was attached.
05-24 14:00:14.352 13872 13872 W DreamService[SystemDream]: Finish was called before the dream was attached.
05-24 14:00:14.357 13872 13872 W DreamService[SystemDream]: Finish was called before the dream was attached.
05-24 14:00:14.362 13872 13872 W DreamService[SystemDream]: Finish was called before the dream was attached.
05-24 14:00:14.366 13872 13872 W DreamService[SystemDream]: Finish was called before the dream was attached.
05-24 14:00:14.371 13872 13872 W DreamService[SystemDream]: Finish was called before the dream was attached.
05-24 14:00:14.376 13872 13872 W DreamService[SystemDream]: Finish was called before the dream was attached.
05-24 14:00:14.380 13872 13872 W DreamService[SystemDream]: Finish was called before the dream was attached.
05-24 14:00:14.385 13872 13872 W DreamService[SystemDream]: Finish was called before the dream was attached.
05-24 14:00:14.389 13872 13872 W DreamService[SystemDream]: Finish was called before the dream was attached.
05-24 14:00:14.395 13872 13872 W DreamService[SystemDream]: Finish was called before the dream was attached.
05-24 14:00:14.399 13872 13872 W DreamService[SystemDream]: Finish was called before the dream was attached.
05-24 14:00:14.404 13872 13872 W DreamService[SystemDream]: Finish was called before the dream was attached.
05-24 14:00:14.408 13872 13872 W DreamService[SystemDream]: Finish was called before the dream was attached.
05-24 14:00:14.413 13872 13872 W DreamService[SystemDream]: Finish was called before the dream was attached.
05-24 14:00:14.418 13872 13872 W DreamService[SystemDream]: Finish was called before the dream was attached.
05-24 14:00:14.422 13872 13872 W DreamService[SystemDream]: Finish was called before the dream was attached.
05-24 14:00:14.427 13872 13872 W DreamService[SystemDream]: Finish was called before the dream was attached.
05-24 14:00:14.431 13872 13872 W DreamService[SystemDream]: Finish was called before the dream was attached.
05-24 14:00:14.435 13872 13872 W DreamService[SystemDream]: Finish was called before the dream was attached.
05-24 14:00:14.439 13872 13872 W DreamService[SystemDream]: Finish was called before the dream was attached.
05-24 14:00:14.444 13872 13872 W DreamService[SystemDream]: Finish was called before the dream was attached.
05-24 14:00:14.449 13872 13872 W DreamService[SystemDream]: Finish was called before the dream was attached.
05-24 14:00:14.454 1528 1667 W ActivityTaskManager: Can't find TaskDisplayArea to determine support for multi window. Task id=76 attached=false
05-24 14:00:15.050 0 0 I : [11786.536181] read descriptors
05-24 14:00:15.050 0 0 I : [11786.536206] read strings
05-24 14:00:15.096 1528 7568 I PowerManagerService: Napping display group (groupId=0, uid=1000)...
05-24 14:00:15.096 1528 7568 I PowerManagerService: Nap time (uid 1000)...
05-24 14:00:15.096 1528 1694 I DreamManagerService: Entering dreamland.
05-24 14:00:15.097 1528 1694 I PowerManagerService: Dreaming...
05-24 14:00:15.097 1528 1663 I DreamController: Starting dream: name=ComponentInfo{com.thundercomm.screensaver/com.thundercomm.screensaver.service.SystemDream}, isTest=false, canDoze=false, userId=0
05-24 14:00:15.101 1528 15317 I ActivityTaskManager: START u0 {flg=0x10000000 pkg=com.thundercomm.screensaver cmp=com.thundercomm.screensaver/android.service.dreams.DreamActivity (has extras)} from uid 10042
05-24 14:00:15.101 1528 15317 W ActivityTaskManager: Can't find TaskDisplayArea to determine support for multi window. Task id=77 attached=false
05-24 14:00:15.102 1528 7568 I DreamManagerService: Gently waking up from dream.
05-24 14:00:15.103 1528 1694 I PowerManagerService: Powering on display group fromDreaming (groupId=0, uid=1000, reason=WAKE_REASON_UNKNOWN, details=android.server.power:DREAM_FINISHED)...
05-24 14:00:15.103 1528 1694 I PowerManagerService: Waking up from Dreaming (uid=1000, reason=WAKE_REASON_UNKNOWN, details=android.server.power:DREAM_FINISHED)...
05-24 14:00:15.103 1528 1663 I DreamManagerService: Performing gentle wake from dream.
05-24 14:00:15.105 1528 15317 I DreamManagerService: Leaving dreamland.
05-24 14:00:15.107 1528 1663 I DreamManagerService: Performing gentle wake from dream.
05-24 14:00:15.108 1528 1663 I DreamController: Stopping dream: name=ComponentInfo{com.thundercomm.screensaver/com.thundercomm.screensaver.service.SystemDream}, isTest=false, canDoze=false, userId=0, reason='finished self'(from 'request awaken')
05-24 14:00:15.111 1528 8862 I ActivityTaskManager: FOREGROUND_APPLICATION_CHANGED to android.service.dreams.DreamActivity
05-24 14:00:15.111 1528 8862 I ActivityTaskManager: The Process com.thundercomm.screensaver Already Exists in BG. So sending its PID: 13872
05-24 14:00:15.111 1528 8862 W ActivityTaskManager: Tried to set launchTime (0) < mLastActivityLaunchTime (11785197)
05-24 14:00:15.118 1528 15317 W WindowManager: Failed looking up window session=Session{a666445 13872:u0a10042} callers=com.android.server.wm.WindowManagerService.windowForClientLocked:5628 com.android.server.wm.Session.insetsModified:629 android.view.IWindowSession$Stub.onTransact:1151
05-24 14:00:15.143 1528 1667 I WindowManager: Queue is too deep! Purged item with taskid=11
05-24 14:00:15.174 0 0 W [11786.659378] audit: audit_lost=10941 audit_rate_limit=5 audit_backlog_limit=64
05-24 14:00:15.174 0 0 E [11786.659381] audit: rate limit exceeded
05-24 14:00:15.242 1528 8862 I PowerManagerService: Napping display group (groupId=0, uid=1000)...
05-24 14:00:15.242 1528 8862 I PowerManagerService: Nap time (uid 1000)...
05-24 14:00:15.242 1528 1694 I DreamManagerService: Entering dreamland.
05-24 14:00:15.244 1528 1694 I PowerManagerService: Dreaming...
05-24 14:00:15.244 1528 1663 I DreamController: Starting dream: name=ComponentInfo{com.thundercomm.screensaver/com.thundercomm.screensaver.service.SystemDream}, isTest=false, canDoze=false, userId=0
05-24 14:00:15.248 1528 8862 I ActivityTaskManager: START u0 {flg=0x10000000 pkg=com.thundercomm.screensaver cmp=com.thundercomm.screensaver/android.service.dreams.DreamActivity (has extras)} from uid 10042
05-24 14:00:15.375 1528 7568 I DreamManagerService: Gently waking up from dream.
05-24 14:00:15.375 1528 1663 I DreamManagerService: Performing gentle wake from dream.
05-24 14:00:15.375 1528 1694 I PowerManagerService: Powering on display group fromDreaming (groupId=0, uid=1000, reason=WAKE_REASON_UNKNOWN, details=android.server.power:DREAM_FINISHED)...
05-24 14:00:15.375 1528 1694 I PowerManagerService: Waking up from Dreaming (uid=1000, reason=WAKE_REASON_UNKNOWN, details=android.server.power:DREAM_FINISHED)...
05-24 14:00:15.375 1528 8862 I DreamManagerService: Leaving dreamland.
05-24 14:00:15.377 1528 1663 I DreamManagerService: Performing gentle wake from dream.
05-24 14:00:15.378 1528 1663 I DreamController: Stopping dream: name=ComponentInfo{com.thundercomm.screensaver/com.thundercomm.screensaver.service.SystemDream}, isTest=false, canDoze=false, userId=0, reason='finished self'(from 'request awaken')
05-24 14:00:15.497 1528 8862 I PowerManagerService: Napping display group (groupId=0, uid=1000)...
05-24 14:00:15.497 1528 8862 I PowerManagerService: Nap time (uid 1000)...
05-24 14:00:15.497 1528 1694 I DreamManagerService: Entering dreamland.
05-24 14:00:15.498 1528 1694 I PowerManagerService: Dreaming...
05-24 14:00:15.498 1528 1663 I DreamController: Starting dream: name=ComponentInfo{com.thundercomm.screensaver/com.thundercomm.screensaver.service.SystemDream}, isTest=false, canDoze=false, userId=0
05-24 14:00:15.500 1528 8862 I ActivityTaskManager: START u0 {flg=0x10000000 pkg=com.thundercomm.screensaver cmp=com.thundercomm.screensaver/android.service.dreams.DreamActivity (has extras)} from uid 10042
05-24 14:00:15.635 1528 7568 I DreamManagerService: Gently waking up from dream.
05-24 14:00:15.636 1528 1663 I DreamManagerService: Performing gentle wake from dream.
05-24 14:00:15.636 1528 1694 I PowerManagerService: Powering on display group fromDreaming (groupId=0, uid=1000, reason=WAKE_REASON_UNKNOWN, details=android.server.power:DREAM_FINISHED)...
05-24 14:00:15.636 1528 1694 I PowerManagerService: Waking up from Dreaming (uid=1000, reason=WAKE_REASON_UNKNOWN, details=android.server.power:DREAM_FINISHED)...
05-24 14:00:15.636 1528 7568 I DreamManagerService: Leaving dreamland.
05-24 14:00:15.636 1528 1663 I DreamManagerService: Performing gentle wake from dream.
05-24 14:00:15.636 1528 1663 I DreamController: Stopping dream: name=ComponentInfo{com.thundercomm.screensaver/com.thundercomm.screensaver.service.SystemDream}, isTest=false, canDoze=false, userId=0, reason='finished self'(from 'request awaken')
05-24 14:00:15.797 1528 8862 I PowerManagerService: Napping display group (groupId=0, uid=1000)...
05-24 14:00:15.797 1528 8862 I PowerManagerService: Nap time (uid 1000)...
05-24 14:00:15.797 1528 1694 I DreamManagerService: Entering dreamland.
05-24 14:00:15.799 1528 1694 I PowerManagerService: Dreaming...
05-24 14:00:15.799 1528 1663 I DreamController: Starting dream: name=ComponentInfo{com.thundercomm.screensaver/com.thundercomm.screensaver.service.SystemDream}, isTest=false, canDoze=false, userId=0
05-24 14:00:15.800 1528 8862 I ActivityTaskManager: START u0 {flg=0x10000000 pkg=com.thundercomm.screensaver cmp=com.thundercomm.screensaver/android.service.dreams.DreamActivity (has extras)} from uid 10042
05-24 14:00:15.891 1528 10039 I DreamManagerService: Gently waking up from dream.
05-24 14:00:15.891 1528 1663 I DreamManagerService: Performing gentle wake from dream.
05-24 14:00:15.891 1528 1694 I PowerManagerService: Powering on display group fromDreaming (groupId=0, uid=1000, reason=WAKE_REASON_UNKNOWN, details=android.server.power:DREAM_FINISHED)...
05-24 14:00:15.891 1528 1694 I PowerManagerService: Waking up from Dreaming (uid=1000, reason=WAKE_REASON_UNKNOWN, details=android.server.power:DREAM_FINISHED)...
05-24 14:00:15.892 1528 10039 I DreamManagerService: Leaving dreamland.
05-24 14:00:15.892 1528 1663 I DreamManagerService: Performing gentle wake from dream.
05-24 14:00:15.892 1528 1663 I DreamController: Stopping dream: name=ComponentInfo{com.thundercomm.screensaver/com.thundercomm.screensaver.service.SystemDream}, isTest=false, canDoze=false, userId=0, reason='finished self'(from 'request awaken')
05-24 14:00:16.015 1528 7568 I PowerManagerService: Napping display group (groupId=0, uid=1000)...
05-24 14:00:16.015 1528 7568 I PowerManagerService: Nap time (uid 1000)...
05-24 14:00:16.015 1528 1694 I DreamManagerService: Entering dreamland.
05-24 14:00:16.016 1528 1694 I PowerManagerService: Dreaming...
05-24 14:00:16.016 1528 1663 I DreamController: Starting dream: name=ComponentInfo{com.thundercomm.screensaver/com.thundercomm.screensaver.service.SystemDream}, isTest=false, canDoze=false, userId=0
05-24 14:00:16.019 1528 7568 I ActivityTaskManager: START u0 {flg=0x10000000 pkg=com.thundercomm.screensaver cmp=com.thundercomm.screensaver/android.service.dreams.DreamActivity (has extras)} from uid 10042
05-24 14:00:16.070 0 0 I : [11787.552183] read descriptors
05-24 14:00:16.070 0 0 I : [11787.552203] read strings
05-24 14:00:16.152 1528 7568 I DreamManagerService: Gently waking up from dream.
05-24 14:00:16.152 1528 1663 I DreamManagerService: Performing gentle wake from dream.
05-24 14:00:16.152 1528 1694 I PowerManagerService: Powering on display group fromDreaming (groupId=0, uid=1000, reason=WAKE_REASON_UNKNOWN, details=android.server.power:DREAM_FINISHED)...
05-24 14:00:16.152 1528 1694 I PowerManagerService: Waking up from Dreaming (uid=1000, reason=WAKE_REASON_UNKNOWN, details=android.server.power:DREAM_FINISHED)...
05-24 14:00:16.154 1528 7568 I DreamManagerService: Leaving dreamland.
05-24 14:00:16.154 1528 1663 I DreamManagerService: Performing gentle wake from dream.
05-24 14:00:16.154 1528 1663 I DreamController: Stopping dream: name=ComponentInfo{com.thundercomm.screensaver/com.thundercomm.screensaver.service.SystemDream}, isTest=false, canDoze=false, userId=0, reason='finished self'(from 'request awaken')
05-24 14:00:16.275 1528 7568 I PowerManagerService: Napping display group (groupId=0, uid=1000)...
05-24 14:00:16.275 1528 7568 I PowerManagerService: Nap time (uid 1000)...
05-24 14:00:16.276 1528 1694 I DreamManagerService: Entering dreamland.
05-24 14:00:16.276 1528 1694 I PowerManagerService: Dreaming...
05-24 14:00:16.277 1528 1663 I DreamController: Starting dream: name=ComponentInfo{com.thundercomm.screensaver/com.thundercomm.screensaver.service.SystemDream}, isTest=false, canDoze=false, userId=0
05-24 14:00:16.278 1528 7568 I ActivityTaskManager: START u0 {flg=0x10000000 pkg=com.thundercomm.screensaver cmp=com.thundercomm.screensaver/android.service.dreams.DreamActivity (has extras)} from uid 10042
05-24 14:00:16.441 1528 10039 I DreamManagerService: Gently waking up from dream.
05-24 14:00:16.441 1528 1694 I PowerManagerService: Powering on display group fromDreaming (groupId=0, uid=1000, reason=WAKE_REASON_UNKNOWN, details=android.server.power:DREAM_FINISHED)...
05-24 14:00:16.441 1528 1694 I PowerManagerService: Waking up from Dreaming (uid=1000, reason=WAKE_REASON_UNKNOWN, details=android.server.power:DREAM_FINISHED)...
05-24 14:00:16.441 1528 1663 I DreamManagerService: Performing gentle wake from dream.
05-24 14:00:16.441 1528 10039 I DreamManagerService: Leaving dreamland.
05-24 14:00:16.442 1528 1663 I DreamManagerService: Performing gentle wake from dream.
05-24 14:00:16.442 1528 1663 I DreamController: Stopping dream: name=ComponentInfo{com.thundercomm.screensaver/com.thundercomm.screensaver.service.SystemDream}, isTest=false, canDoze=false, userId=0, reason='finished self'(from 'request awaken')
05-24 14:00:16.630 1528 10039 I PowerManagerService: Napping display group (groupId=0, uid=1000)...
05-24 14:00:16.630 1528 10039 I PowerManagerService: Nap time (uid 1000)...
05-24 14:00:16.630 1528 1694 I DreamManagerService: Entering dreamland.
05-24 14:00:16.631 1528 1694 I PowerManagerService: Dreaming...
05-24 14:00:16.631 1528 1663 I DreamController: Starting dream: name=ComponentInfo{com.thundercomm.screensaver/com.thundercomm.screensaver.service.SystemDream}, isTest=false, canDoze=false, userId=0
05-24 14:00:16.633 1528 10039 I ActivityTaskManager: START u0 {flg=0x10000000 pkg=com.thundercomm.screensaver cmp=com.thundercomm.screensaver/android.service.dreams.DreamActivity (has extras)} from uid 10042
05-24 14:00:16.736 1528 10039 I DreamManagerService: Gently waking up from dream.
05-24 14:00:16.736 1528 1694 I PowerManagerService: Powering on display group fromDreaming (groupId=0, uid=1000, reason=WAKE_REASON_UNKNOWN, details=android.server.power:DREAM_FINISHED)...
05-24 14:00:16.736 1528 1663 I DreamManagerService: Performing gentle wake from dream.
05-24 14:00:16.736 1528 1694 I PowerManagerService: Waking up from Dreaming (uid=1000, reason=WAKE_REASON_UNKNOWN, details=android.server.power:DREAM_FINISHED)...
05-24 14:00:16.737 1528 10039 I DreamManagerService: Leaving dreamland.
05-24 14:00:16.737 1528 1663 I DreamManagerService: Performing gentle wake from dream.
05-24 14:00:16.737 1528 1663 I DreamController: Stopping dream: name=ComponentInfo{com.thundercomm.screensaver/com.thundercomm.screensaver.service.SystemDream}, isTest=false, canDoze=false, userId=0, reason='finished self'(from 'request awaken')
05-24 14:00:16.875 1528 10039 I PowerManagerService: Napping display group (groupId=0, uid=1000)...
05-24 14:00:16.875 1528 10039 I PowerManagerService: Nap time (uid 1000)...
05-24 14:00:16.875 1528 1694 I DreamManagerService: Entering dreamland.
05-24 14:00:16.876 1528 1694 I PowerManagerService: Dreaming...
05-24 14:00:16.876 1528 1663 I DreamController: Starting dream: name=ComponentInfo{com.thundercomm.screensaver/com.thundercomm.screensaver.service.SystemDream}, isTest=false, canDoze=false, userId=0
05-24 14:00:16.878 1528 10039 I ActivityTaskManager: START u0 {flg=0x10000000 pkg=com.thundercomm.screensaver cmp=com.thundercomm.screensaver/android.service.dreams.DreamActivity (has extras)} from uid 10042
05-24 14:00:17.008 1528 15317 I DreamManagerService: Gently waking up from dream.
05-24 14:00:17.009 1528 1694 I PowerManagerService: Powering on display group fromDreaming (groupId=0, uid=1000, reason=WAKE_REASON_UNKNOWN, details=android.server.power:DREAM_FINISHED)...
05-24 14:00:17.009 1528 1694 I PowerManagerService: Waking up from Dreaming (uid=1000, reason=WAKE_REASON_UNKNOWN, details=android.server.power:DREAM_FINISHED)...
05-24 14:00:17.009 1528 1663 I DreamManagerService: Performing gentle wake from dream.
05-24 14:00:17.009 1528 15317 I DreamManagerService: Leaving dreamland.
05-24 14:00:17.009 1528 1663 I DreamManagerService: Performing gentle wake from dream.
05-24 14:00:17.009 1528 1663 I DreamController: Stopping dream: name=ComponentInfo{com.thundercomm.screensaver/com.thundercomm.screensaver.service.SystemDream}, isTest=false, canDoze=false, userId=0, reason='finished self'(from 'request awaken')
05-24 14:00:17.119 0 0 I : [11788.604986] read descriptors
05-24 14:00:17.119 0 0 I : [11788.605065] read strings
05-24 14:00:17.194 1528 15317 I PowerManagerService: Napping display group (groupId=0, uid=1000)...
05-24 14:00:17.194 1528 15317 I PowerManagerService: Nap time (uid 1000)...
05-24 14:00:17.196 1528 1694 I DreamManagerService: Entering dreamland.
05-24 14:00:17.197 1528 1694 I PowerManagerService: Dreaming...
05-24 14:00:17.199 1528 1663 I DreamController: Starting dream: name=ComponentInfo{com.thundercomm.screensaver/com.thundercomm.screensaver.service.SystemDream}, isTest=false, canDoze=false, userId=0
05-24 14:00:17.205 1528 15317 I ActivityTaskManager: START u0 {flg=0x10000000 pkg=com.thundercomm.screensaver cmp=com.thundercomm.screensaver/android.service.dreams.DreamActivity (has extras)} from uid 10042
05-24 14:00:17.295 1528 15317 I DreamManagerService: Gently waking up from dream.
05-24 14:00:17.296 1528 1663 I DreamManagerService: Performing gentle wake from dream.
05-24 14:00:17.297 1528 15317 I DreamManagerService: Leaving dreamland.
05-24 14:00:17.298 1528 1694 I PowerManagerService: Powering on display group fromDreaming (groupId=0, uid=1000, reason=WAKE_REASON_UNKNOWN, details=android.server.power:DREAM_FINISHED)...
05-24 14:00:17.298 1528 1694 I PowerManagerService: Waking up from Dreaming (uid=1000, reason=WAKE_REASON_UNKNOWN, details=android.server.power:DREAM_FINISHED)...
05-24 14:00:17.298 1528 1663 I DreamManagerService: Performing gentle wake from dream.
05-24 14:00:17.298 1528 1663 I DreamController: Stopping dream: name=ComponentInfo{com.thundercomm.screensaver/com.thundercomm.screensaver.service.SystemDream}, isTest=false, canDoze=false, userId=0, reason='finished self'(from 'request awaken')
05-24 14:00:17.440 1528 15317 I PowerManagerService: Napping display group (groupId=0, uid=1000)...
05-24 14:00:17.440 1528 15317 I PowerManagerService: Nap time (uid 1000)...
05-24 14:00:17.442 1528 1694 I DreamManagerService: Entering dreamland.
05-24 14:00:17.442 1528 1694 I PowerManagerService: Dreaming...
05-24 14:00:17.444 1528 1663 I DreamController: Starting dream: name=ComponentInfo{com.thundercomm.screensaver/com.thundercomm.screensaver.service.SystemDream}, isTest=false, canDoze=false, userId=0
05-24 14:00:17.452 1528 15317 I ActivityTaskManager: START u0 {flg=0x10000000 pkg=com.thundercomm.screensaver cmp=com.thundercomm.screensaver/android.service.dreams.DreamActivity (has extras)} from uid 10042
05-24 14:00:17.551 1528 8862 I DreamManagerService: Gently waking up from dream.
05-24 14:00:17.551 1528 1694 I PowerManagerService: Powering on display group fromDreaming (groupId=0, uid=1000, reason=WAKE_REASON_UNKNOWN, details=android.server.power:DREAM_FINISHED)...
05-24 14:00:17.551 1528 1694 I PowerManagerService: Waking up from Dreaming (uid=1000, reason=WAKE_REASON_UNKNOWN, details=android.server.power:DREAM_FINISHED)...
05-24 14:00:17.554 1528 1663 I DreamManagerService: Performing gentle wake from dream.
05-24 14:00:17.554 1528 8862 I DreamManagerService: Leaving dreamland.
05-24 14:00:17.555 1528 1663 I DreamManagerService: Performing gentle wake from dream.
05-24 14:00:17.555 1528 1663 I DreamController: Stopping dream: name=ComponentInfo{com.thundercomm.screensaver/com.thundercomm.screensaver.service.SystemDream}, isTest=false, canDoze=false, userId=0, reason='finished self'(from 'request awaken')
05-24 14:00:17.672 1528 8862 I PowerManagerService: Napping display group (groupId=0, uid=1000)...
05-24 14:00:17.672 1528 8862 I PowerManagerService: Nap time (uid 1000)...
05-24 14:00:17.673 1528 1694 I DreamManagerService: Entering dreamland.
05-24 14:00:17.674 1528 1694 I PowerManagerService: Dreaming...
05-24 14:00:17.676 1528 1663 I DreamController: Starting dream: name=ComponentInfo{com.thundercomm.screensaver/com.thundercomm.screensaver.service.SystemDream}, isTest=false, canDoze=false, userId=0
05-24 14:00:17.683 1528 8862 I ActivityTaskManager: START u0 {flg=0x10000000 pkg=com.thundercomm.screensaver cmp=com.thundercomm.screensaver/android.service.dreams.DreamActivity (has extras)} from uid 10042
05-24 14:00:17.853 1528 8862 I DreamManagerService: Gently waking up from dream.
05-24 14:00:17.854 1528 1663 I DreamManagerService: Performing gentle wake from dream.
05-24 14:00:17.854 1528 1694 I PowerManagerService: Powering on display group fromDreaming (groupId=0, uid=1000, reason=WAKE_REASON_UNKNOWN, details=android.server.power:DREAM_FINISHED)...
05-24 14:00:17.854 1528 1694 I PowerManagerService: Waking up from Dreaming (uid=1000, reason=WAKE_REASON_UNKNOWN, details=android.server.power:DREAM_FINISHED)...
05-24 14:00:17.854 1528 8862 I DreamManagerService: Leaving dreamland.
05-24 14:00:17.856 1528 1663 I DreamManagerService: Performing gentle wake from dream.
05-24 14:00:17.856 1528 1663 I DreamController: Stopping dream: name=ComponentInfo{com.thundercomm.screensaver/com.thundercomm.screensaver.service.SystemDream}, isTest=false, canDoze=false, userId=0, reason='finished self'(from 'request awaken')
05-24 14:00:17.941 1528 7568 I PowerManagerService: Napping display group (groupId=0, uid=1000)...
05-24 14:00:17.941 1528 7568 I PowerManagerService: Nap time (uid 1000)...
05-24 14:00:17.942 1528 1694 I DreamManagerService: Entering dreamland.
05-24 14:00:17.943 1528 1694 I PowerManagerService: Dreaming...
05-24 14:00:17.945 1528 1663 I DreamController: Starting dream: name=ComponentInfo{com.thundercomm.screensaver/com.thundercomm.screensaver.service.SystemDream}, isTest=false, canDoze=false, userId=0
05-24 14:00:17.953 1528 15317 I ActivityTaskManager: START u0 {flg=0x10000000 pkg=com.thundercomm.screensaver cmp=com.thundercomm.screensaver/android.service.dreams.DreamActivity (has extras)} from uid 10042
05-24 14:00:18.059 1528 8862 I DreamManagerService: Gently waking up from dream.
05-24 14:00:18.060 1528 1663 I DreamManagerService: Performing gentle wake from dream.
05-24 14:00:18.060 1528 1694 I PowerManagerService: Powering on display group fromDreaming (groupId=0, uid=1000, reason=WAKE_REASON_UNKNOWN, details=android.server.power:DREAM_FINISHED)...
05-24 14:00:18.060 1528 1694 I PowerManagerService: Waking up from Dreaming (uid=1000, reason=WAKE_REASON_UNKNOWN, details=android.server.power:DREAM_FINISHED)...
05-24 14:00:18.060 1528 15317 I DreamManagerService: Leaving dreamland.
05-24 14:00:18.061 1528 1663 I DreamManagerService: Performing gentle wake from dream.
05-24 14:00:18.062 1528 1663 I DreamController: Stopping dream: name=ComponentInfo{com.thundercomm.screensaver/com.thundercomm.screensaver.service.SystemDream}, isTest=false, canDoze=false, userId=0, reason='finished self'(from 'request awaken')
05-24 14:00:18.138 0 0 I : [11789.621423] read descriptors
05-24 14:00:18.138 0 0 I : [11789.621624] read strings
05-24 14:00:19.170 0 0 I : [11790.653489] read descriptors
05-24 14:00:19.171 0 0 I : [11790.653590] read strings
05-24 14:00:19.251 1528 8862 I PowerManagerService: Napping display group (groupId=0, uid=1000)...
05-24 14:00:19.251 1528 8862 I PowerManagerService: Nap time (uid 1000)...
05-24 14:00:19.252 1528 1694 I DreamManagerService: Entering dreamland.
05-24 14:00:19.253 1528 1694 I PowerManagerService: Dreaming...
05-24 14:00:19.258 1528 1663 I DreamController: Starting dream: name=ComponentInfo{com.thundercomm.screensaver/com.thundercomm.screensaver.service.SystemDream}, isTest=false, canDoze=false, userId=0
05-24 14:00:19.264 1528 15317 I ActivityTaskManager: START u0 {flg=0x10000000 pkg=com.thundercomm.screensaver cmp=com.thundercomm.screensaver/android.service.dreams.DreamActivity (has extras)} from uid 10042
05-24 14:00:19.267 1528 7568 I DreamManagerService: Gently waking up from dream.
05-24 14:00:19.269 1528 1663 I DreamManagerService: Performing gentle wake from dream.
05-24 14:00:19.269 1528 1694 I PowerManagerService: Powering on display group fromDreaming (groupId=0, uid=1000, reason=WAKE_REASON_UNKNOWN, details=android.server.power:DREAM_FINISHED)...
05-24 14:00:19.269 1528 1694 I PowerManagerService: Waking up from Dreaming (uid=1000, reason=WAKE_REASON_UNKNOWN, details=android.server.power:DREAM_FINISHED)...
05-24 14:00:19.273 1528 15317 I DreamManagerService: Leaving dreamland.
05-24 14:00:19.273 1528 1663 I DreamManagerService: Performing gentle wake from dream.
05-24 14:00:19.274 1528 1663 I DreamController: Stopping dream: name=ComponentInfo{com.thundercomm.screensaver/com.thundercomm.screensaver.service.SystemDream}, isTest=false, canDoze=false, userId=0, reason='finished self'(from 'request awaken')
05-24 14:00:19.403 1528 7568 I PowerManagerService: Napping display group (groupId=0, uid=1000)...
05-24 14:00:19.403 1528 7568 I PowerManagerService: Nap time (uid 1000)...
05-24 14:00:19.405 1528 1694 I DreamManagerService: Entering dreamland.
05-24 14:00:19.407 1528 1694 I PowerManagerService: Dreaming...
05-24 14:00:19.408 1528 1663 I DreamController: Starting dream: name=ComponentInfo{com.thundercomm.screensaver/com.thundercomm.screensaver.service.SystemDream}, isTest=false, canDoze=false, userId=0
05-24 14:00:19.415 1528 7568 I ActivityTaskManager: START u0 {flg=0x10000000 pkg=com.thundercomm.screensaver cmp=com.thundercomm.screensaver/android.service.dreams.DreamActivity (has extras)} from uid 10042
05-24 14:00:19.537 1528 7568 I DreamManagerService: Gently waking up from dream.
05-24 14:00:19.539 1528 1663 I DreamManagerService: Performing gentle wake from dream.
05-24 14:00:19.539 1528 1694 I PowerManagerService: Powering on display group fromDreaming (groupId=0, uid=1000, reason=WAKE_REASON_UNKNOWN, details=android.server.power:DREAM_FINISHED)...
05-24 14:00:19.539 1528 1694 I PowerManagerService: Waking up from Dreaming (uid=1000, reason=WAKE_REASON_UNKNOWN, details=android.server.power:DREAM_FINISHED)...
05-24 14:00:19.539 1528 15317 I DreamManagerService: Leaving dreamland.
05-24 14:00:19.541 1528 1663 I DreamManagerService: Performing gentle wake from dream.
05-24 14:00:19.541 1528 1663 I DreamController: Stopping dream: name=ComponentInfo{com.thundercomm.screensaver/com.thundercomm.screensaver.service.SystemDream}, isTest=false, canDoze=false, userId=0, reason='finished self'(from 'request awaken')
05-24 14:00:20.190 0 0 I : [11791.673473] read descriptors
05-24 14:00:20.190 0 0 I : [11791.673683] read strings
05-24 14:00:21.207 0 0 I : [11792.689541] read descriptors
05-24 14:00:21.207 0 0 I : [11792.689754] read strings
05-24 14:00:21.470 13872 13872 V DreamService[SystemDream]: mActionDownY = 907.0
05-24 14:00:21.470 13872 13872 V DreamService[SystemDream]: mActionUpY = 561.0
05-24 14:00:22.242 0 0 I : [11793.725327] read descriptors
05-24 14:00:22.242 0 0 I : [11793.725415] read strings
05-24 14:00:22.321 13872 13872 V DreamService[SystemDream]: mActionDownY = 838.0
05-24 14:00:22.321 13872 13872 V DreamService[SystemDream]: mActionUpY = 194.0
05-24 14:00:22.727 13872 13872 V DreamService[SystemDream]: mActionDownY = 307.0
05-24 14:00:22.727 13872 13872 V DreamService[SystemDream]: mActionUpY = 772.0
05-24 14:00:23.075 13872 13872 V DreamService[SystemDream]: mActionDownY = 865.0
05-24 14:00:23.075 13872 13872 V DreamService[SystemDream]: mActionUpY = 288.0
05-24 14:00:23.278 0 0 I : [11794.761326] read descriptors
05-24 14:00:23.278 0 0 I : [11794.761696] read strings
05-24 14:00:23.427 13872 13872 V DreamService[SystemDream]: mActionDownY = 736.0
05-24 14:00:23.427 13872 13872 V DreamService[SystemDream]: mActionUpY = 356.0
05-24 14:00:23.788 13872 13872 V DreamService[SystemDream]: mActionDownY = 801.0
05-24 14:00:23.788 13872 13872 V DreamService[SystemDream]: mActionUpY = 359.0
05-24 14:00:23.815 1528 8862 I PowerManagerService: Napping display group (groupId=0, uid=1000)...
05-24 14:00:23.815 1528 8862 I PowerManagerService: Nap time (uid 1000)...
05-24 14:00:23.817 1528 1694 I DreamManagerService: Entering dreamland.
05-24 14:00:23.818 1528 1694 I PowerManagerService: Dreaming...
05-24 14:00:23.819 1528 1663 I DreamController: Starting dream: name=ComponentInfo{com.thundercomm.screensaver/com.thundercomm.screensaver.service.SystemDream}, isTest=false, canDoze=false, userId=0
05-24 14:00:23.825 1528 15317 I ActivityTaskManager: START u0 {flg=0x10000000 pkg=com.thundercomm.screensaver cmp=com.thundercomm.screensaver/android.service.dreams.DreamActivity (has extras)} from uid 10042
05-24 14:00:23.914 1528 15317 I DreamManagerService: Gently waking up from dream.
05-24 14:00:23.915 1528 1694 I PowerManagerService: Powering on display group fromDreaming (groupId=0, uid=1000, reason=WAKE_REASON_UNKNOWN, details=android.server.power:DREAM_FINISHED)...
05-24 14:00:23.915 1528 1694 I PowerManagerService: Waking up from Dreaming (uid=1000, reason=WAKE_REASON_UNKNOWN, details=android.server.power:DREAM_FINISHED)...
05-24 14:00:23.916 1528 1663 I DreamManagerService: Performing gentle wake from dream.
05-24 14:00:23.917 1528 15317 I DreamManagerService: Leaving dreamland.
05-24 14:00:23.918 1528 1663 I DreamManagerService: Performing gentle wake from dream.
05-24 14:00:23.918 1528 1663 I DreamController: Stopping dream: name=ComponentInfo{com.thundercomm.screensaver/com.thundercomm.screensaver.service.SystemDream}, isTest=false, canDoze=false, userId=0, reason='finished self'(from 'request awaken')
05-24 14:00:24.080 1528 15317 I PowerManagerService: Napping display group (groupId=0, uid=1000)...
05-24 14:00:24.080 1528 15317 I PowerManagerService: Nap time (uid 1000)...
05-24 14:00:24.081 1528 1694 I DreamManagerService: Entering dreamland.
05-24 14:00:24.082 1528 1694 I PowerManagerService: Dreaming...
05-24 14:00:24.084 1528 1663 I DreamController: Starting dream: name=ComponentInfo{com.thundercomm.screensaver/com.thundercomm.screensaver.service.SystemDream}, isTest=false, canDoze=false, userId=0
05-24 14:00:24.090 1528 15317 I ActivityTaskManager: START u0 {flg=0x10000000 pkg=com.thundercomm.screensaver cmp=com.thundercomm.screensaver/android.service.dreams.DreamActivity (has extras)} from uid 10042
05-24 14:00:24.241 1528 15317 I DreamManagerService: Gently waking up from dream.
05-24 14:00:24.242 1528 1663 I DreamManagerService: Performing gentle wake from dream.
05-24 14:00:24.242 1528 1694 I PowerManagerService: Powering on display group fromDreaming (groupId=0, uid=1000, reason=WAKE_REASON_UNKNOWN, details=android.server.power:DREAM_FINISHED)...
05-24 14:00:24.242 1528 1694 I PowerManagerService: Waking up from Dreaming (uid=1000, reason=WAKE_REASON_UNKNOWN, details=android.server.power:DREAM_FINISHED)...
05-24 14:00:24.243 1528 15317 I DreamManagerService: Leaving dreamland.
05-24 14:00:24.245 1528 1663 I DreamManagerService: Performing gentle wake from dream.
05-24 14:00:24.245 1528 1663 I DreamController: Stopping dream: name=ComponentInfo{com.thundercomm.screensaver/com.thundercomm.screensaver.service.SystemDream}, isTest=false, canDoze=false, userId=0, reason='finished self'(from 'request awaken')
05-24 14:00:24.306 0 0 I : [11795.788673] read descriptors
05-24 14:00:24.306 0 0 I : [11795.788804] read strings
05-24 14:00:24.414 1528 15317 I PowerManagerService: Napping display group (groupId=0, uid=1000)...
05-24 14:00:24.414 1528 15317 I PowerManagerService: Nap time (uid 1000)...
05-24 14:00:24.415 1528 1694 I DreamManagerService: Entering dreamland.
05-24 14:00:24.416 1528 1694 I PowerManagerService: Dreaming...
05-24 14:00:24.417 1528 1663 I DreamController: Starting dream: name=ComponentInfo{com.thundercomm.screensaver/com.thundercomm.screensaver.service.SystemDream}, isTest=false, canDoze=false, userId=0
05-24 14:00:24.426 1528 15317 I ActivityTaskManager: START u0 {flg=0x10000000 pkg=com.thundercomm.screensaver cmp=com.thundercomm.screensaver/android.service.dreams.DreamActivity (has extras)} from uid 10042
05-24 14:00:25.151 1528 1528 D WindowManager: powerPress: eventTime=11796649 interactive=true count=0 beganFromNonInteractive=false mShortPressOnPowerBehavior=1
05-24 14:00:25.151 1528 1528 I PowerManagerService: Powering off display group due to power_button (groupId= 0, uid= 1000)...
05-24 14:00:25.151 1528 1528 I PowerManagerService: Going to sleep due to power_button (uid 1000)...
05-24 14:00:25.152 1528 1694 I DreamManagerService: Gently waking up from dream.
05-24 14:00:25.153 1528 1663 I DreamManagerService: Performing gentle wake from dream.
05-24 14:00:25.153 1528 1694 I PowerManagerService: Sleeping display group (groupId=0, uid=1000)...
05-24 14:00:25.153 1528 1694 I PowerManagerService: Sleeping (uid 1000)...
05-24 14:00:25.154 1528 15317 I DreamManagerService: Leaving dreamland.
05-24 14:00:25.163 1528 1663 I DreamManagerService: Performing gentle wake from dream.
05-24 14:00:25.163 1528 1663 I DreamController: Stopping dream: name=ComponentInfo{com.thundercomm.screensaver/com.thundercomm.screensaver.service.SystemDream}, isTest=false, canDoze=false, userId=0, reason='finished self'(from 'requested stopDream')
05-24 14:00:25.171 0 0 W [11796.671909] audit: audit_lost=10951 audit_rate_limit=5 audit_backlog_limit=64
05-24 14:00:25.171 0 0 E [11796.671916] audit: rate limit exceeded
05-24 14:00:25.235 1528 1694 I DisplayPowerController[0]: Blocking screen off
05-24 14:00:25.236 1528 1694 I DisplayPowerController[0]: Unblocked screen off after 1 ms
05-24 14:00:25.236 1528 2225 E DisplayDeviceConfig: requesting nits when no mapping exists.
05-24 14:00:25.237 1528 2225 E DisplayDeviceConfig: requesting nits when no mapping exists.
05-24 14:00:25.237 1528 1694 D ActivityTaskManager: Top Process State changed to PROCESS_STATE_TOP_SLEEPING
05-24 14:00:25.238 1528 1675 I DropBoxManagerService: add tag=system_server_wtf isTagEnabled=true flags=0x2
05-24 14:00:25.240 1528 1694 V DisplayPowerController[0]: Brightness [0.0] reason changing to: 'screen_off', previous reason: 'manual'.
05-24 14:00:25.242 1528 1682 E KernelCpuSpeedReader: Failed to read cpu-freq: /sys/devices/system/cpu/cpu4/cpufreq/stats/time_in_state: open failed: ENOENT (No such file or directory)
05-24 14:00:25.242 1528 1682 E KernelCpuSpeedReader: Failed to read cpu-freq: /sys/devices/system/cpu/cpu0/cpufreq/stats/time_in_state: open failed: ENOENT (No such file or directory)
05-24 14:00:25.244 1528 1675 I DropBoxManagerService: add tag=system_server_wtf isTagEnabled=true flags=0x2
05-24 14:00:25.245 1528 1666 I DisplayDeviceRepository: Display device changed state: "内置屏幕", OFF
05-24 14:00:25.267 0 0 I : [11796.768236] atmel_mxt_ts 0-004a: FB event:2,blank:1
05-24 14:00:25.267 0 0 I : [11796.768244] atmel_mxt_ts 0-004a: drm_notifier_callback: POWERDOWN! Suspend by drm notifier.
05-24 14:00:25.287 0 0 I [11796.785467] [MAX975X: max96755x_drm_notifier_callback] *INFO* receives BLANK: POWERDOWN
05-24 14:00:25.287 0 0 I : [11796.785879] atmel_mxt_ts 0-004a: FB event:1,blank:1
05-24 14:00:25.287 0 0 I : [11796.785883] atmel_mxt_ts 0-004a: resume: event = 1 blank = 1, not care
05-24 14:00:25.300 0 0 W [11796.800131] ALERT: changing window size from 16000000 to 20000000 at 11796800073674
05-24 14:00:25.303 2571 2571 I MicroServiceManager: requestResult(reportScreenDisplay) parameters is{"ScreenDisplay":0}.
05-24 14:00:25.323 0 0 I : [11796.822238] read descriptors
05-24 14:00:25.323 0 0 I : [11796.822331] read strings
05-24 14:00:25.478 1528 15317 I PowerManagerService: Powering on display group fromAsleep (groupId=0, uid=1000, reason=WAKE_REASON_POWER_BUTTON, details=android.policy:POWER)...
05-24 14:00:25.478 1528 15317 I PowerManagerService: Waking up from Asleep (uid=1000, reason=WAKE_REASON_POWER_BUTTON, details=android.policy:POWER)...
05-24 14:00:25.482 1528 1694 I DisplayPowerController[0]: Blocking screen on until initial contents have been drawn.
05-24 14:00:25.482 1528 1694 D ActivityTaskManager: Top Process State changed to PROCESS_STATE_TOP
05-24 14:00:25.488 1528 1682 E KernelCpuSpeedReader: Failed to read cpu-freq: /sys/devices/system/cpu/cpu4/cpufreq/stats/time_in_state: open failed: ENOENT (No such file or directory)
05-24 14:00:25.488 1528 1682 E KernelCpuSpeedReader: Failed to read cpu-freq: /sys/devices/system/cpu/cpu0/cpufreq/stats/time_in_state: open failed: ENOENT (No such file or directory)
05-24 14:00:25.493 1528 1694 V DisplayPowerController[0]: Brightness [0.6262626] reason changing to: 'manual', previous reason: 'screen_off'.
05-24 14:00:25.499 0 0 W [11797.000096] ALERT: changing window size from 20000000 to 16000000 at 11797000040080
05-24 14:00:25.501 1528 1694 I DisplayPowerController[0]: Unblocked screen on after 19 ms
05-24 14:00:25.502 0 0 I : [11797.002463] atmel_mxt_ts 0-004a: FB event:2,blank:0
05-24 14:00:25.503 0 0 I : [11797.002465] atmel_mxt_ts 0-004a: suspend: event = 2, blank = 0, not care
05-24 14:00:25.503 0 0 I [11797.002480] [drm: dsi_display_set_mode] [msm-dsi-info]: mdp_transfer_time_us=0 us
05-24 14:00:25.503 0 0 I [11797.002481] [drm: dsi_display_set_mode] [msm-dsi-info]: hactive= 2560,vactive= 1080,fps=60
05-24 14:00:25.503 0 0 I [11797.002516] [drm: dsi_ctrl_isr_configure] [msm-dsi-info]: dsi-ctrl-0: IRQ 385 registered
05-24 14:00:25.503 1528 1528 D WindowManager: powerPress: eventTime=11796976 interactive=false count=0 beganFromNonInteractive=true mShortPressOnPowerBehavior=1
05-24 14:00:25.503 1528 1666 I DisplayDeviceRepository: Display device changed state: "内置屏幕", ON
05-24 14:00:25.504 1528 1675 W BroadcastQueue: Background execution not allowed: receiving Intent { act=android.intent.action.USER_PRESENT flg=0x24200010 } to com.microsoft.emmx/org.chromium.chrome.browser.sharing.click_to_call.ClickToCallMessageHandler$PhoneUnlockedReceiver
05-24 14:00:25.517 2571 2571 I MicroServiceManager: requestResult(reportScreenDisplay) parameters is{"ScreenDisplay":1}.
05-24 14:00:25.557 0 0 I [11797.056398] [MAX975X: max96755x_drm_notifier_callback] *INFO* receives BLANK: UNBLANK
05-24 14:00:25.557 1528 2225 E DisplayDeviceConfig: requesting nits when no mapping exists.
05-24 14:00:25.557 1528 2225 E DisplayDeviceConfig: requesting nits when no mapping exists.
05-24 14:00:25.558 1528 1675 I DropBoxManagerService: add tag=system_server_wtf isTagEnabled=true flags=0x2
05-24 14:00:25.558 1528 1675 I DropBoxManagerService: add tag=system_server_wtf isTagEnabled=true flags=0x2
05-24 14:00:25.763 0 0 I : [11797.260509] atmel_mxt_ts 0-004a: FB event:1,blank:0
05-24 14:00:25.763 0 0 I : [11797.260516] atmel_mxt_ts 0-004a: drm_notifier_callback: UNBLANK! Resume by drm notifier.
05-24 14:00:26.343 0 0 I : [11797.840643] read descriptors
05-24 14:00:26.343 0 0 I : [11797.840781] read strings
05-24 14:00:26.379 1528 1528 D WindowManager: powerPress: eventTime=11797878 interactive=true count=0 beganFromNonInteractive=false mShortPressOnPowerBehavior=1
05-24 14:00:26.380 1528 1528 I PowerManagerService: Powering off display group due to power_button (groupId= 0, uid= 1000)...
05-24 14:00:26.380 1528 1528 I PowerManagerService: Going to sleep due to power_button (uid 1000)...
05-24 14:00:26.381 1528 1694 I PowerManagerService: Sleeping display group (groupId=0, uid=1000)...
05-24 14:00:26.381 1528 1694 I PowerManagerService: Sleeping (uid 1000)...
05-24 14:00:26.399 0 0 W [11797.897910] audit: audit_lost=10974 audit_rate_limit=5 audit_backlog_limit=64
05-24 14:00:26.399 0 0 E [11797.897914] audit: rate limit exceeded
05-24 14:00:26.459 1528 1694 I DisplayPowerController[0]: Blocking screen off
05-24 14:00:26.459 1528 1694 I DisplayPowerController[0]: Unblocked screen off after 0 ms
05-24 14:00:26.460 1528 1694 D ActivityTaskManager: Top Process State changed to PROCESS_STATE_TOP_SLEEPING
05-24 14:00:26.460 1528 2225 E DisplayDeviceConfig: requesting nits when no mapping exists.
05-24 14:00:26.461 1528 2225 E DisplayDeviceConfig: requesting nits when no mapping exists.
05-24 14:00:26.463 1528 1675 I DropBoxManagerService: add tag=system_server_wtf isTagEnabled=true flags=0x2
05-24 14:00:26.464 1528 1694 V DisplayPowerController[0]: Brightness [0.0] reason changing to: 'screen_off', previous reason: 'manual'.
05-24 14:00:26.466 1528 1682 E KernelCpuSpeedReader: Failed to read cpu-freq: /sys/devices/system/cpu/cpu4/cpufreq/stats/time_in_state: open failed: ENOENT (No such file or directory)
05-24 14:00:26.466 1528 1682 E KernelCpuSpeedReader: Failed to read cpu-freq: /sys/devices/system/cpu/cpu0/cpufreq/stats/time_in_state: open failed: ENOENT (No such file or directory)
05-24 14:00:26.466 1528 1666 I DisplayDeviceRepository: Display device changed state: "内置屏幕", OFF
05-24 14:00:26.491 0 0 I : [11797.991565] atmel_mxt_ts 0-004a: FB event:2,blank:1
05-24 14:00:26.491 0 0 I : [11797.991572] atmel_mxt_ts 0-004a: drm_notifier_callback: POWERDOWN! Suspend by drm notifier.
05-24 14:00:26.511 0 0 I [11798.008841] [MAX975X: max96755x_drm_notifier_callback] *INFO* receives BLANK: POWERDOWN
05-24 14:00:26.511 0 0 I : [11798.009249] atmel_mxt_ts 0-004a: FB event:1,blank:1
05-24 14:00:26.511 0 0 I : [11798.009255] atmel_mxt_ts 0-004a: resume: event = 1 blank = 1, not care
05-24 14:00:26.523 0 0 W [11798.024102] ALERT: changing window size from 16000000 to 20000000 at 11798024042684
05-24 14:00:26.525 2571 2571 I MicroServiceManager: requestResult(reportScreenDisplay) parameters is{"ScreenDisplay":0}.
05-24 14:00:27.007 2571 20451 W ContextImpl: Calling a method in the system process without a qualified user: android.app.ContextImpl.sendBroadcast:1173 android.content.ContextWrapper.sendBroadcast:479 com.thundercomm.microsettings.action.SetTimeAction.timeUpdated:212 com.thundercomm.microsettings.action.SetTimeAction.update24HourFormat:194 com.thundercomm.microsettings.action.SetTimeAction.doActualAction:154
05-24 14:00:27.019 1528 1528 D DevicePolicyManager: updateSystemUpdateFreezePeriodsRecord
05-24 14:00:27.019 1528 1528 D ConditionProviders.SCP: onReceive android.intent.action.TIME_SET
05-24 14:00:27.020 1528 1528 D ConditionProviders.SCP: evaluateSubscriptionLocked cal=ScheduleCalendar[mDays={1, 2, 3, 4, 5, 6, 7}, mSchedule=ScheduleInfo{days=[1, 2, 3, 4, 5, 6, 7], startHour=22, startMinute=0, endHour=7, endMinute=0, exitAtAlarm=true, nextAlarm=Thu Jan 01 08:00:00 GMT+08:00 1970 (0)}], now=Wed May 24 14:00:27 GMT+08:00 2023 (1684908027019), nextUserAlarmTime=Thu Jan 01 08:00:00 GMT+08:00 1970 (0)
05-24 14:00:27.020 1528 1528 D ConditionProviders.SCP: notifyCondition condition://android/schedule?days=1.2.3.4.5.6.7&start=22.0&end=7.0&exitAtAlarm=true STATE_FALSE reason=!meetsSchedule
05-24 14:00:27.021 1528 1528 D ConditionProviders.SCP: Scheduling evaluate for Wed May 24 22:00:00 GMT+08:00 2023 (1684936800000), in +7h59m32s981ms, now=Wed May 24 14:00:27 GMT+08:00 2023 (1684908027019)
05-24 14:00:27.024 1528 1528 D CompatibilityChangeReporter: Compat change id reported: 171306433; UID 1000; state: ENABLED
05-24 14:00:27.040 1528 2186 D CompatibilityChangeReporter: Compat change id reported: 143231523; UID 1000; state: DISABLED
05-24 14:00:27.363 0 0 I : [11798.861068] read descriptors
05-24 14:00:27.363 0 0 I : [11798.861275] read strings
05-24 14:00:28.328 1528 7568 I PowerManagerService: Powering on display group fromAsleep (groupId=0, uid=1000, reason=WAKE_REASON_POWER_BUTTON, details=android.policy:POWER)...
05-24 14:00:28.328 1528 7568 I PowerManagerService: Waking up from Asleep (uid=1000, reason=WAKE_REASON_POWER_BUTTON, details=android.policy:POWER)...
05-24 14:00:28.335 1528 1694 I DisplayPowerController[0]: Blocking screen on until initial contents have been drawn.
05-24 14:00:28.335 1528 1694 D ActivityTaskManager: Top Process State changed to PROCESS_STATE_TOP
05-24 14:00:28.352 1528 1528 I WindowManager: Suppressed redundant power key press while already in the process of turning the screen on.
05-24 14:00:28.357 1528 1694 V DisplayPowerController[0]: Brightness [0.6262626] reason changing to: 'manual', previous reason: 'screen_off'.
05-24 14:00:28.358 1528 1694 I DisplayPowerController[0]: Unblocked screen on after 22 ms
05-24 14:00:28.359 1528 1675 W BroadcastQueue: Background execution not allowed: receiving Intent { act=android.intent.action.USER_PRESENT flg=0x24200010 } to com.microsoft.emmx/org.chromium.chrome.browser.sharing.click_to_call.ClickToCallMessageHandler$PhoneUnlockedReceiver
05-24 14:00:28.363 0 0 I : [11799.864079] atmel_mxt_ts 0-004a: FB event:2,blank:0
05-24 14:00:28.363 0 0 I : [11799.864086] atmel_mxt_ts 0-004a: suspend: event = 2, blank = 0, not care
05-24 14:00:28.363 0 0 I [11799.864111] [drm: dsi_display_set_mode] [msm-dsi-info]: mdp_transfer_time_us=0 us
05-24 14:00:28.363 0 0 W [11799.864115] ALERT: changing window size from 20000000 to 16000000 at 11799864060600
05-24 14:00:28.363 0 0 I [11799.864118] [drm: dsi_display_set_mode] [msm-dsi-info]: hactive= 2560,vactive= 1080,fps=60
05-24 14:00:28.363 0 0 I [11799.864186] [drm: dsi_ctrl_isr_configure] [msm-dsi-info]: dsi-ctrl-0: IRQ 385 registered
05-24 14:00:28.361 1528 1666 I DisplayDeviceRepository: Display device changed state: "内置屏幕", ON
05-24 14:00:28.368 1528 1682 E KernelCpuSpeedReader: Failed to read cpu-freq: /sys/devices/system/cpu/cpu4/cpufreq/stats/time_in_state: open failed: ENOENT (No such file or directory)
05-24 14:00:28.368 1528 1682 E KernelCpuSpeedReader: Failed to read cpu-freq: /sys/devices/system/cpu/cpu0/cpufreq/stats/time_in_state: open failed: ENOENT (No such file or directory)
05-24 14:00:28.371 2571 2571 I MicroServiceManager: requestResult(reportScreenDisplay) parameters is{"ScreenDisplay":1}.
05-24 14:00:28.391 0 0 I : [11799.889044] read descriptors
05-24 14:00:28.391 0 0 I : [11799.889122] read strings
05-24 14:00:28.419 0 0 I [11799.919829] [MAX975X: max96755x_drm_notifier_callback] *INFO* receives BLANK: UNBLANK
