05-24 13:23:12.574 0 0 I [ 9563.885695] [schedu][0x2ac41498b6][13: 23:12.571948] wlan: [2025:I:PE] rrm_process_link_measurement_request: 275: Received Link report frame with 0
05-24 13:23:12.574 0 0 W [ 9563.885754] [schedu][0x2ac4149dd8][13: 23:12.572017] wlan: [2025:W:PE] lim_send_link_report_action_frame: 4575: RRM: Sending Link Report to 08:79:8c:36:92:70 on vdev[0]
05-24 13:23:13.354 0 0 I : [ 9564.664757] read descriptors
05-24 13:23:13.354 0 0 I : [ 9564.664966] read strings
05-24 13:23:13.606 0 0 I [ 9564.918635] [schedu][0x2ac543369a][13: 23:13.604880] wlan: [2025:I:PE] rrm_process_link_measurement_request: 275: Received Link report frame with -59
05-24 13:23:13.606 0 0 W [ 9564.918714] [schedu][0x2ac5433d9f][13: 23:13.604974] wlan: [2025:W:PE] lim_send_link_report_action_frame: 4575: RRM: Sending Link Report to 08:79:8c:36:92:70 on vdev[0]
05-24 13:23:14.370 0 0 I : [ 9565.681032] read descriptors
05-24 13:23:14.370 0 0 I : [ 9565.681177] read strings
05-24 13:23:14.622 0 0 I [ 9565.934559] [schedu][0x2ac66cd985][13: 23:14.620812] wlan: [2025:I:PE] rrm_process_link_measurement_request: 275: Received Link report frame with 0
05-24 13:23:14.622 0 0 W [ 9565.934618] [schedu][0x2ac66cde99][13: 23:14.620880] wlan: [2025:W:PE] lim_send_link_report_action_frame: 4575: RRM: Sending Link Report to 08:79:8c:36:92:70 on vdev[0]
05-24 13:23:15.390 0 0 I : [ 9566.700843] read descriptors
05-24 13:23:15.390 0 0 I : [ 9566.701046] read strings
05-24 13:23:15.558 0 0 I [ 9566.870365] [schedu][0x2ac77f028e][13: 23:15.556613] wlan: [2025:I:PE] rrm_process_link_measurement_request: 275: Received Link report frame with -55
05-24 13:23:15.558 0 0 W [ 9566.870490] [schedu][0x2ac77f09a6][13: 23:15.556707] wlan: [2025:W:PE] lim_send_link_report_action_frame: 4575: RRM: Sending Link Report to 08:79:8c:36:92:70 on vdev[0]
05-24 13:23:16.410 0 0 I : [ 9567.721270] read descriptors
05-24 13:23:16.410 0 0 I : [ 9567.721423] read strings
05-24 13:23:16.570 0 0 I [ 9567.880673] [schedu][0x2ac8a6ffc8][13: 23:16.566922] wlan: [2025:I:PE] rrm_process_link_measurement_request: 275: Received Link report frame with 0
05-24 13:23:16.570 0 0 W [ 9567.880738] [schedu][0x2ac8a7059a][13: 23:16.567000] wlan: [2025:W:PE] lim_send_link_report_action_frame: 4575: RRM: Sending Link Report to 08:79:8c:36:92:70 on vdev[0]
05-24 13:23:17.430 0 0 I : [ 9568.740982] read descriptors
05-24 13:23:17.430 0 0 I : [ 9568.741190] read strings
05-24 13:23:17.594 0 0 I [ 9568.904691] [schedu][0x2ac9d300e6][13: 23:17.590937] wlan: [2025:I:PE] rrm_process_link_measurement_request: 275: Received Link report frame with 0
05-24 13:23:17.594 0 0 W [ 9568.904772] [schedu][0x2ac9d307e6][13: 23:17.591031] wlan: [2025:W:PE] lim_send_link_report_action_frame: 4575: RRM: Sending Link Report to 08:79:8c:36:92:70 on vdev[0]
05-24 13:23:18.450 0 0 I : [ 9569.760804] read descriptors
05-24 13:23:18.450 0 0 I : [ 9569.760964] read strings
05-24 13:23:18.618 0 0 I [ 9569.930962] [schedu][0x2acaffab86][13: 23:18.617212] wlan: [2025:I:PE] rrm_process_link_measurement_request: 275: Received Link report frame with -60
05-24 13:23:18.618 0 0 W [ 9569.931052] [schedu][0x2acaffb333][13: 23:18.617315] wlan: [2025:W:PE] lim_send_link_report_action_frame: 4575: RRM: Sending Link Report to 08:79:8c:36:92:70 on vdev[0]
05-24 13:23:19.474 0 0 I : [ 9570.784909] read descriptors
05-24 13:23:19.474 0 0 I : [ 9570.785107] read strings
05-24 13:23:19.550 0 0 I [ 9570.863191] [schedu][0x2acc10c8cf][13: 23:19.549443] wlan: [2025:I:PE] rrm_process_link_measurement_request: 275: Received Link report frame with -59
05-24 13:23:19.550 0 0 W [ 9570.863283] [schedu][0x2acc10d084][13: 23:19.549545] wlan: [2025:W:PE] lim_send_link_report_action_frame: 4575: RRM: Sending Link Report to 08:79:8c:36:92:70 on vdev[0]
05-24 13:23:20.507 0 0 I : [ 9571.817364] read descriptors
05-24 13:23:20.507 0 0 I : [ 9571.817511] read strings
05-24 13:23:20.562 0 0 I [ 9571.875315] [schedu][0x2acd394def][13: 23:20.561564] wlan: [2025:I:PE] rrm_process_link_measurement_request: 275: Received Link report frame with 0
05-24 13:23:20.562 0 0 W [ 9571.875382] [schedu][0x2acd3953c2][13: 23:20.561642] wlan: [2025:W:PE] lim_send_link_report_action_frame: 4575: RRM: Sending Link Report to 08:79:8c:36:92:70 on vdev[0]
05-24 13:23:21.541 0 0 I : [ 9572.848960] read descriptors
05-24 13:23:21.541 0 0 I : [ 9572.849309] read strings
05-24 13:23:21.586 0 0 I [ 9572.896942] [schedu][0x2ace649c70][13: 23:21.583198] wlan: [2025:I:PE] rrm_process_link_measurement_request: 275: Received Link report frame with 0
05-24 13:23:21.586 0 0 W [ 9572.897019] [schedu][0x2ace64a0bb][13: 23:21.583255] wlan: [2025:W:PE] lim_send_link_report_action_frame: 4575: RRM: Sending Link Report to 08:79:8c:36:92:70 on vdev[0]
05-24 13:23:22.562 0 0 I : [ 9573.872866] read descriptors
05-24 13:23:22.562 0 0 I : [ 9573.873014] read strings
05-24 13:23:22.614 0 0 I [ 9573.924440] [schedu][0x2acf91a287][13: 23:22.610692] wlan: [2025:I:PE] rrm_process_link_measurement_request: 275: Received Link report frame with 0
05-24 13:23:22.614 0 0 W [ 9573.924553] [schedu][0x2acf91aba9][13: 23:22.610814] wlan: [2025:W:PE] lim_send_link_report_action_frame: 4575: RRM: Sending Link Report to 08:79:8c:36:92:70 on vdev[0]
05-24 13:23:23.542 0 0 I [ 9574.856510] [schedu][0x2ad0a2b360][13: 23:23.542757] wlan: [2025:I:PE] rrm_process_link_measurement_request: 275: Received Link report frame with 0
05-24 13:23:23.543 0 0 W [ 9574.856584] [schedu][0x2ad0a2b9fc][13: 23:23.542845] wlan: [2025:W:PE] lim_send_link_report_action_frame: 4575: RRM: Sending Link Report to 08:79:8c:36:92:70 on vdev[0]
05-24 13:23:23.582 0 0 I : [ 9574.893014] read descriptors
05-24 13:23:23.582 0 0 I : [ 9574.893180] read strings
05-24 13:23:24.554 0 0 I [ 9575.867466] [schedu][0x2ad1cae16e][13: 23:24.553718] wlan: [2025:I:PE] rrm_process_link_measurement_request: 275: Received Link report frame with 0
05-24 13:23:24.554 0 0 W [ 9575.867529] [schedu][0x2ad1cae6ef][13: 23:24.553791] wlan: [2025:W:PE] lim_send_link_report_action_frame: 4575: RRM: Sending Link Report to 08:79:8c:36:92:70 on vdev[0]
05-24 13:23:24.606 0 0 I : [ 9575.916584] read descriptors
05-24 13:23:24.606 0 0 I : [ 9575.916740] read strings
05-24 13:23:25.626 0 0 I : [ 9576.937134] read descriptors
05-24 13:23:25.626 0 0 I : [ 9576.937340] read strings
05-24 13:23:25.682 0 0 I [ 9576.993701] [schedu][0x2ad314d4f0][13: 23:25.679951] wlan: [2025:I:PE] rrm_process_link_measurement_request: 275: Received Link report frame with 0
05-24 13:23:25.682 0 0 W [ 9576.993826] [schedu][0x2ad314decd][13: 23:25.680083] wlan: [2025:W:PE] lim_send_link_report_action_frame: 4575: RRM: Sending Link Report to 08:79:8c:36:92:70 on vdev[0]
05-24 13:23:26.614 0 0 I [ 9577.924805] [schedu][0x2ad4259dd7][13: 23:26.611056] wlan: [2025:I:PE] rrm_process_link_measurement_request: 275: Received Link report frame with -58
05-24 13:23:26.614 0 0 W [ 9577.924910] [schedu][0x2ad425a666][13: 23:26.611171] wlan: [2025:W:PE] lim_send_link_report_action_frame: 4575: RRM: Sending Link Report to 08:79:8c:36:92:70 on vdev[0]
05-24 13:23:26.646 0 0 I : [ 9577.956824] read descriptors
05-24 13:23:26.646 0 0 I : [ 9577.956986] read strings
05-24 13:23:27.546 0 0 I [ 9578.858240] [schedu][0x2ad53714c0][13: 23:27.544482] wlan: [2025:I:PE] rrm_process_link_measurement_request: 275: Received Link report frame with -56
05-24 13:23:27.546 0 0 W [ 9578.858357] [schedu][0x2ad5371ebb][13: 23:27.544615] wlan: [2025:W:PE] lim_send_link_report_action_frame: 4575: RRM: Sending Link Report to 08:79:8c:36:92:70 on vdev[0]
05-24 13:23:27.666 0 0 I : [ 9578.977174] read descriptors
05-24 13:23:27.666 0 0 I : [ 9578.977375] read strings
05-24 13:23:28.554 0 0 I [ 9579.864330] [schedu][0x2ad65dd637][13: 23:28.550581] wlan: [2025:I:PE] rrm_process_link_measurement_request: 275: Received Link report frame with -60
05-24 13:23:28.554 0 0 W [ 9579.864425] [schedu][0x2ad65dde15][13: 23:28.550686] wlan: [2025:W:PE] lim_send_link_report_action_frame: 4575: RRM: Sending Link Report to 08:79:8c:36:92:70 on vdev[0]
05-24 13:23:28.682 0 0 I : [ 9579.992612] read descriptors
05-24 13:23:28.682 0 0 I : [ 9579.992761] read strings
05-24 13:23:29.574 0 0 I [ 9580.884366] [schedu][0x2ad788ac17][13: 23:29.570607] wlan: [2025:I:PE] rrm_process_link_measurement_request: 275: Received Link report frame with 0
05-24 13:23:29.574 0 0 W [ 9580.884454] [schedu][0x2ad788b41f][13: 23:29.570714] wlan: [2025:W:PE] lim_send_link_report_action_frame: 4575: RRM: Sending Link Report to 08:79:8c:36:92:70 on vdev[0]
05-24 13:23:29.698 0 0 I : [ 9581.009059] read descriptors
05-24 13:23:29.698 0 0 I : [ 9581.009271] read strings
05-24 13:23:30.602 0 0 I [ 9581.913210] [schedu][0x2ad8b61802][13: 23:30.599459] wlan: [2025:I:PE] rrm_process_link_measurement_request: 275: Received Link report frame with 0
05-24 13:23:30.602 0 0 W [ 9581.913277] [schedu][0x2ad8b61e04][13: 23:30.599539] wlan: [2025:W:PE] lim_send_link_report_action_frame: 4575: RRM: Sending Link Report to 08:79:8c:36:92:70 on vdev[0]
05-24 13:23:30.718 0 0 I : [ 9582.028687] read descriptors
05-24 13:23:30.718 0 0 I : [ 9582.028842] read strings
05-24 13:23:31.630 0 0 I [ 9582.941870] [schedu][0x2ad9e37567][13: 23:31.628117] wlan: [2025:I:PE] rrm_process_link_measurement_request: 275: Received Link report frame with -56
05-24 13:23:31.630 0 0 W [ 9582.941946] [schedu][0x2ad9e37c15][13: 23:31.628206] wlan: [2025:W:PE] lim_send_link_report_action_frame: 4575: RRM: Sending Link Report to 08:79:8c:36:92:70 on vdev[0]
05-24 13:23:31.742 0 0 I : [ 9583.052936] read descriptors
05-24 13:23:31.742 0 0 I : [ 9583.053139] read strings
05-24 13:23:32.547 0 0 I [ 9583.858857] [schedu][0x2adaf0196d][13: 23:32.545078] wlan: [2025:I:PE] rrm_process_link_measurement_request: 275: Received Link report frame with 0
05-24 13:23:32.547 0 0 W [ 9583.858920] [schedu][0x2adaf02144][13: 23:32.545182] wlan: [2025:W:PE] lim_send_link_report_action_frame: 4575: RRM: Sending Link Report to 08:79:8c:36:92:70 on vdev[0]
05-24 13:23:32.762 0 0 I : [ 9584.072728] read descriptors
05-24 13:23:32.762 0 0 I : [ 9584.072887] read strings
05-24 13:23:33.574 0 0 I [ 9584.885246] [schedu][0x2adc1cce5b][13: 23:33.571490] wlan: [2025:I:PE] rrm_process_link_measurement_request: 275: Received Link report frame with 0
05-24 13:23:33.575 0 0 W [ 9584.885333] [schedu][0x2adc1cd5e3][13: 23:33.571590] wlan: [2025:W:PE] lim_send_link_report_action_frame: 4575: RRM: Sending Link Report to 08:79:8c:36:92:70 on vdev[0]
05-24 13:23:33.786 0 0 I : [ 9585.096858] read descriptors
05-24 13:23:33.786 0 0 I : [ 9585.097062] read strings
05-24 13:23:34.594 0 0 I [ 9585.905158] [schedu][0x2add479c24][13: 23:34.591407] wlan: [2025:I:PE] rrm_process_link_measurement_request: 275: Received Link report frame with 0
05-24 13:23:34.594 0 0 W [ 9585.905220] [schedu][0x2add47a1d8][13: 23:34.591483] wlan: [2025:W:PE] lim_send_link_report_action_frame: 4575: RRM: Sending Link Report to 08:79:8c:36:92:70 on vdev[0]
05-24 13:23:34.810 0 0 I : [ 9586.121087] read descriptors
05-24 13:23:34.810 0 0 I : [ 9586.121310] read strings
05-24 13:23:35.622 0 0 I [ 9586.933395] [schedu][0x2ade74d8e0][13: 23:35.619630] wlan: [2025:I:PE] rrm_process_link_measurement_request: 275: Received Link report frame with -57
05-24 13:23:35.622 0 0 W [ 9586.933565] [schedu][0x2ade74e753][13: 23:35.619823] wlan: [2025:W:PE] lim_send_link_report_action_frame: 4575: RRM: Sending Link Report to 08:79:8c:36:92:70 on vdev[0]
05-24 13:23:35.834 0 0 I : [ 9587.145110] read descriptors
05-24 13:23:35.834 0 0 I : [ 9587.145332] read strings
05-24 13:23:36.542 0 0 I [ 9587.852701] [schedu][0x2adf822e1b][13: 23:36.538953] wlan: [2025:I:PE] rrm_process_link_measurement_request: 275: Received Link report frame with 0
05-24 13:23:36.542 0 0 W [ 9587.852782] [schedu][0x2adf8234ea][13: 23:36.539044] wlan: [2025:W:PE] lim_send_link_report_action_frame: 4575: RRM: Sending Link Report to 08:79:8c:36:92:70 on vdev[0]
05-24 13:23:36.854 0 0 I : [ 9588.165551] read descriptors
05-24 13:23:36.854 0 0 I : [ 9588.165759] read strings
05-24 13:23:37.562 0 0 I [ 9588.875224] [schedu][0x2ae0adbf22][13: 23:37.561474] wlan: [2025:I:PE] rrm_process_link_measurement_request: 275: Received Link report frame with 0
05-24 13:23:37.562 0 0 W [ 9588.875292] [schedu][0x2ae0adc51c][13: 23:37.561553] wlan: [2025:W:PE] lim_send_link_report_action_frame: 4575: RRM: Sending Link Report to 08:79:8c:36:92:70 on vdev[0]
05-24 13:23:37.878 0 0 I : [ 9589.189090] read descriptors
05-24 13:23:37.878 0 0 I : [ 9589.189292] read strings
05-24 13:23:38.586 0 0 I [ 9589.896802] [schedu][0x2ae1d90986][13: 23:38.583052] wlan: [2025:I:PE] rrm_process_link_measurement_request: 275: Received Link report frame with 0
05-24 13:23:38.586 0 0 W [ 9589.896866] [schedu][0x2ae1d90f29][13: 23:38.583127] wlan: [2025:W:PE] lim_send_link_report_action_frame: 4575: RRM: Sending Link Report to 08:79:8c:36:92:70 on vdev[0]
05-24 13:23:38.898 0 0 I : [ 9590.209005] read descriptors
05-24 13:23:38.898 0 0 I : [ 9590.209220] read strings
05-24 13:23:39.624 0 0 I [ 9590.930999] [schedu][0x2ae308059a][13: 23:39.617240] wlan: [2025:I:PE] rrm_process_link_measurement_request: 275: Received Link report frame with -57
05-24 13:23:39.624 0 0 W [ 9590.931088] [schedu][0x2ae3080d99][13: 23:39.617347] wlan: [2025:W:PE] lim_send_link_report_action_frame: 4575: RRM: Sending Link Report to 08:79:8c:36:92:70 on vdev[0]
05-24 13:23:39.922 0 0 I : [ 9591.232966] read descriptors
05-24 13:23:39.922 0 0 I : [ 9591.233223] read strings
05-24 13:23:40.546 0 0 I [ 9591.856776] [schedu][0x2ae4173fa2][13: 23:40.543027] wlan: [2025:I:PE] rrm_process_link_measurement_request: 275: Received Link report frame with -57
05-24 13:23:40.546 0 0 W [ 9591.856904] [schedu][0x2ae417473f][13: 23:40.543128] wlan: [2025:W:PE] lim_send_link_report_action_frame: 4575: RRM: Sending Link Report to 08:79:8c:36:92:70 on vdev[0]
05-24 13:23:40.946 0 0 I : [ 9592.256989] read descriptors
05-24 13:23:40.946 0 0 I : [ 9592.257205] read strings
05-24 13:23:41.550 0 0 I [ 9592.863644] [schedu][0x2ae53e3a41][13: 23:41.549889] wlan: [2025:I:PE] rrm_process_link_measurement_request: 275: Received Link report frame with 0
05-24 13:23:41.551 0 0 W [ 9592.863728] [schedu][0x2ae53e4196][13: 23:41.549986] wlan: [2025:W:PE] lim_send_link_report_action_frame: 4575: RRM: Sending Link Report to 08:79:8c:36:92:70 on vdev[0]
05-24 13:23:41.975 0 0 I : [ 9593.285108] read descriptors
05-24 13:23:41.975 0 0 I : [ 9593.285319] read strings
05-24 13:23:42.578 0 0 I [ 9593.891955] [schedu][0x2ae66b7e03][13: 23:42.578205] wlan: [2025:I:PE] rrm_process_link_measurement_request: 275: Received Link report frame with -54
05-24 13:23:42.579 0 0 W [ 9593.892020] [schedu][0x2ae66b83be][13: 23:42.578282] wlan: [2025:W:PE] lim_send_link_report_action_frame: 4575: RRM: Sending Link Report to 08:79:8c:36:92:70 on vdev[0]
05-24 13:23:42.994 0 0 I : [ 9594.304915] read descriptors
05-24 13:23:42.997 0 0 I : [ 9594.305113] read strings
05-24 13:23:43.615 0 0 I [ 9594.924512] [schedu][0x2ae799fdbb][13: 23:43.610735] wlan: [2025:I:PE] rrm_process_link_measurement_request: 275: Received Link report frame with -51
05-24 13:23:43.615 0 0 W [ 9594.924585] [schedu][0x2ae79a0601][13: 23:43.610845] wlan: [2025:W:PE] lim_send_link_report_action_frame: 4575: RRM: Sending Link Report to 08:79:8c:36:92:70 on vdev[0]
05-24 13:23:44.014 0 0 I : [ 9595.324906] read descriptors
05-24 13:23:44.014 0 0 I : [ 9595.325123] read strings
05-24 13:23:44.526 0 0 I [ 9595.837042] [schedu][0x2ae8a557b5][13: 23:44.523295] wlan: [2025:I:PE] rrm_process_link_measurement_request: 275: Received Link report frame with 0
05-24 13:23:44.526 0 0 W [ 9595.837103] [schedu][0x2ae8a55cff][13: 23:44.523365] wlan: [2025:W:PE] lim_send_link_report_action_frame: 4575: RRM: Sending Link Report to 08:79:8c:36:92:70 on vdev[0]
05-24 13:23:45.034 0 0 I : [ 9596.344853] read descriptors
05-24 13:23:45.034 0 0 I : [ 9596.345055] read strings
05-24 13:23:45.550 0 0 I [ 9596.862053] [schedu][0x2ae9d1a2d2][13: 23:45.548296] wlan: [2025:I:PE] rrm_process_link_measurement_request: 275: Received Link report frame with 0
05-24 13:23:45.550 0 0 W [ 9596.862180] [schedu][0x2ae9d1ad71][13: 23:45.548438] wlan: [2025:W:PE] lim_send_link_report_action_frame: 4575: RRM: Sending Link Report to 08:79:8c:36:92:70 on vdev[0]
05-24 13:23:46.050 0 0 I : [ 9597.360937] read descriptors
05-24 13:23:46.050 0 0 I : [ 9597.361157] read strings
05-24 13:23:46.570 0 0 I [ 9597.882680] [schedu][0x2aeafca684][13: 23:46.568932] wlan: [2025:I:PE] rrm_process_link_measurement_request: 275: Received Link report frame with 0
05-24 13:23:46.570 0 0 W [ 9597.882737] [schedu][0x2aeafcab86][13: 23:46.568999] wlan: [2025:W:PE] lim_send_link_report_action_frame: 4575: RRM: Sending Link Report to 08:79:8c:36:92:70 on vdev[0]
05-24 13:23:47.074 0 0 I : [ 9598.384885] read descriptors
05-24 13:23:47.074 0 0 I : [ 9598.385087] read strings
05-24 13:23:47.614 0 0 I [ 9598.924669] [schedu][0x2aec2deafa][13: 23:47.610912] wlan: [2025:I:PE] rrm_process_link_measurement_request: 275: Received Link report frame with -55
05-24 13:23:47.614 0 0 W [ 9598.924753] [schedu][0x2aec2df286][13: 23:47.611012] wlan: [2025:W:PE] lim_send_link_report_action_frame: 4575: RRM: Sending Link Report to 08:79:8c:36:92:70 on vdev[0]
05-24 13:23:48.098 0 0 I : [ 9599.408957] read descriptors
05-24 13:23:48.098 0 0 I : [ 9599.409212] read strings
05-24 13:23:48.626 0 0 I [ 9599.936767] [schedu][0x2aed566ed2][13: 23:48.623016] wlan: [2025:I:PE] rrm_process_link_measurement_request: 275: Received Link report frame with -57
05-24 13:23:48.626 0 0 W [ 9599.936865] [schedu][0x2aed56749b][13: 23:48.623093] wlan: [2025:W:PE] lim_send_link_report_action_frame: 4575: RRM: Sending Link Report to 08:79:8c:36:92:70 on vdev[0]
05-24 13:23:49.122 0 0 I : [ 9600.433097] read descriptors
05-24 13:23:49.122 0 0 I : [ 9600.433351] read strings
05-24 13:23:49.550 0 0 I [ 9600.863304] [schedu][0x2aee65ddb7][13: 23:49.549508] wlan: [2025:I:PE] rrm_process_link_measurement_request: 275: Received Link report frame with -56
05-24 13:23:49.550 0 0 W [ 9600.863384] [schedu][0x2aee65e7c4][13: 23:49.549642] wlan: [2025:W:PE] lim_send_link_report_action_frame: 4575: RRM: Sending Link Report to 08:79:8c:36:92:70 on vdev[0]
05-24 13:23:50.146 0 0 I : [ 9601.456883] read descriptors
05-24 13:23:50.146 0 0 I : [ 9601.457089] read strings
05-24 13:23:50.566 0 0 I [ 9601.877273] [schedu][0x2aef8ef178][13: 23:50.563531] wlan: [2025:I:PE] rrm_process_link_measurement_request: 275: Received Link report frame with 0
05-24 13:23:50.566 0 0 W [ 9601.877311] [schedu][0x2aef8ef4c5][13: 23:50.563576] wlan: [2025:W:PE] lim_send_link_report_action_frame: 4575: RRM: Sending Link Report to 08:79:8c:36:92:70 on vdev[0]
05-24 13:23:51.172 0 0 I : [ 9602.481406] read descriptors
05-24 13:23:51.172 0 0 I : [ 9602.481545] read strings
05-24 13:23:51.606 0 0 I [ 9602.919611] [schedu][0x2af0c04fad][13: 23:51.605854] wlan: [2025:I:PE] rrm_process_link_measurement_request: 275: Received Link report frame with -56
05-24 13:23:51.606 0 0 W [ 9602.919735] [schedu][0x2af0c05a25][13: 23:51.605995] wlan: [2025:W:PE] lim_send_link_report_action_frame: 4575: RRM: Sending Link Report to 08:79:8c:36:92:70 on vdev[0]
05-24 13:23:52.194 0 0 I : [ 9603.506276] read descriptors
05-24 13:23:52.194 0 0 I : [ 9603.506499] read strings
05-24 13:23:52.626 0 0 I [ 9603.938837] [schedu][0x2af1eaea26][13: 23:52.625087] wlan: [2025:I:PE] rrm_process_link_measurement_request: 275: Received Link report frame with -56
05-24 13:23:52.626 0 0 W [ 9603.938903] [schedu][0x2af1eaeff8][13: 23:52.625165] wlan: [2025:W:PE] lim_send_link_report_action_frame: 4575: RRM: Sending Link Report to 08:79:8c:36:92:70 on vdev[0]
05-24 13:23:53.222 0 0 I : [ 9604.532615] read descriptors
05-24 13:23:53.222 0 0 I : [ 9604.532817] read strings
05-24 13:23:53.538 0 0 I [ 9604.850942] [schedu][0x2af2f6219c][13: 23:53.537187] wlan: [2025:I:PE] rrm_process_link_measurement_request: 275: Received Link report frame with -57
05-24 13:23:53.538 0 0 W [ 9604.851062] [schedu][0x2af2f62b97][13: 23:53.537320] wlan: [2025:W:PE] lim_send_link_report_action_frame: 4575: RRM: Sending Link Report to 08:79:8c:36:92:70 on vdev[0]
05-24 13:23:54.242 0 0 I : [ 9605.552904] read descriptors
05-24 13:23:54.242 0 0 I : [ 9605.553118] read strings
05-24 13:23:54.598 0 0 I [ 9605.909272] [schedu][0x2af42c2dd2][13: 23:54.595483] wlan: [2025:I:PE] rrm_process_link_measurement_request: 275: Received Link report frame with 0
05-24 13:23:54.598 0 0 W [ 9605.909339] [schedu][0x2af42c36ae][13: 23:54.595601] wlan: [2025:W:PE] lim_send_link_report_action_frame: 4575: RRM: Sending Link Report to 08:79:8c:36:92:70 on vdev[0]
05-24 13:23:55.266 0 0 I : [ 9606.576800] read descriptors
05-24 13:23:55.266 0 0 I : [ 9606.577008] read strings
05-24 13:23:55.698 0 0 I [ 9607.008662] [schedu][0x2af56e46e9][13: 23:55.694911] wlan: [2025:I:PE] rrm_process_link_measurement_request: 275: Received Link report frame with -56
05-24 13:23:55.698 0 0 W [ 9607.008769] [schedu][0x2af56e4fa0][13: 23:55.695027] wlan: [2025:W:PE] lim_send_link_report_action_frame: 4575: RRM: Sending Link Report to 08:79:8c:36:92:70 on vdev[0]
05-24 13:23:56.286 0 0 I : [ 9607.597414] read descriptors
05-24 13:23:56.286 0 0 I : [ 9607.597619] read strings
05-24 13:23:56.618 0 0 I [ 9607.929065] [schedu][0x2af67bed42][13: 23:56.615315] wlan: [2025:I:PE] rrm_process_link_measurement_request: 275: Received Link report frame with 0
05-24 13:23:56.618 0 0 W [ 9607.929128] [schedu][0x2af67bf2e3][13: 23:56.615390] wlan: [2025:W:PE] lim_send_link_report_action_frame: 4575: RRM: Sending Link Report to 08:79:8c:36:92:70 on vdev[0]
05-24 13:23:57.140 0 0 I [ 9608.449478] binder: 1528:1801 ioctl 400c620e 6e510eb5d8 returned -22
05-24 13:23:57.140 0 0 I [ 9608.451934] binder: 1528:1801 ioctl c00c620f 6e510eb5b8 returned -22
05-24 13:23:57.135 1528 1801 D ActivityManager: freezing 1505 com.android.gallery3d
05-24 13:23:57.136 1528 1801 E ActivityManager: Unable to freeze binder for 1505 com.android.gallery3d
05-24 13:23:57.138 1528 1801 D ActivityManager: froze 1505 com.android.gallery3d
05-24 13:23:57.138 1528 1801 E ActivityManager: Unable to freeze binder for 1505 com.android.gallery3d
05-24 13:23:57.141 1528 1801 I ActivityManager: Killing 1505:com.android.gallery3d/u0a66 (adj 950): Unable to freeze binder interface
05-24 13:23:57.196 1528 2699 I WindowManager: WIN DEATH: Window{c1385ac u0 com.android.gallery3d/com.android.gallery3d.app.GalleryActivity}
05-24 13:23:57.205 1528 1666 W ActivityManager: setHasOverlayUi called on unknown pid: 1505
05-24 13:23:57.270 1528 1674 W UsageStatsService: Unexpected activity event reported! (com.android.gallery3d/com.android.gallery3d.app.GalleryActivity event : 23 instanceId : 168527065)
05-24 13:23:57.310 0 0 I : [ 9608.622277] read descriptors
05-24 13:23:57.310 0 0 I : [ 9608.622469] read strings
05-24 13:23:57.642 0 0 I [ 9608.954033] [schedu][0x2af7a8357e][13: 23:57.640278] wlan: [2025:I:PE] rrm_process_link_measurement_request: 275: Received Link report frame with 0
05-24 13:23:57.642 0 0 W [ 9608.954146] [schedu][0x2af7a83ef0][13: 23:57.640404] wlan: [2025:W:PE] lim_send_link_report_action_frame: 4575: RRM: Sending Link Report to 08:79:8c:36:92:70 on vdev[0]
05-24 13:23:58.334 0 0 I : [ 9609.644859] read descriptors
05-24 13:23:58.334 0 0 I : [ 9609.645108] read strings
05-24 13:23:58.562 0 0 I [ 9609.874160] [schedu][0x2af8b5c7b5][13: 23:58.560415] wlan: [2025:I:PE] rrm_process_link_measurement_request: 275: Received Link report frame with 0
05-24 13:23:58.562 0 0 W [ 9609.874202] [schedu][0x2af8b5cb94][13: 23:58.560466] wlan: [2025:W:PE] lim_send_link_report_action_frame: 4575: RRM: Sending Link Report to 08:79:8c:36:92:70 on vdev[0]
05-24 13:23:59.354 0 0 I : [ 9610.664613] read descriptors
05-24 13:23:59.354 0 0 I : [ 9610.664746] read strings
05-24 13:23:59.602 0 0 I [ 9610.914920] [schedu][0x2af9e6afee][13: 23:59.601164] wlan: [2025:I:PE] rrm_process_link_measurement_request: 275: Received Link report frame with -52
05-24 13:23:59.602 0 0 W [ 9610.915042] [schedu][0x2af9e6ba17][13: 23:59.601300] wlan: [2025:W:PE] lim_send_link_report_action_frame: 4575: RRM: Sending Link Report to 08:79:8c:36:92:70 on vdev[0]
05-24 13:24:00.374 0 0 I : [ 9611.684826] read descriptors
05-24 13:24:00.374 0 0 I : [ 9611.685043] read strings
05-24 13:24:00.618 0 0 I [ 9611.929540] [schedu][0x2afb0ff0a8][13: 24:00.615787] wlan: [2025:I:PE] rrm_process_link_measurement_request: 275: Received Link report frame with -56
05-24 13:24:00.618 0 0 W [ 9611.929629] [schedu][0x2afb0ff869][13: 24:00.615891] wlan: [2025:W:PE] lim_send_link_report_action_frame: 4575: RRM: Sending Link Report to 08:79:8c:36:92:70 on vdev[0]
05-24 13:24:01.398 0 0 I : [ 9612.709162] read descriptors
05-24 13:24:01.398 0 0 I : [ 9612.709373] read strings
05-24 13:24:01.642 0 0 I [ 9612.952800] [schedu][0x2afc3bb91e][13: 24:01.639047] wlan: [2025:I:PE] rrm_process_link_measurement_request: 275: Received Link report frame with -56
05-24 13:24:01.642 0 0 W [ 9612.952918] [schedu][0x2afc3bc01c][13: 24:01.639140] wlan: [2025:W:PE] lim_send_link_report_action_frame: 4575: RRM: Sending Link Report to 08:79:8c:36:92:70 on vdev[0]
05-24 13:24:02.422 0 0 I : [ 9613.733226] read descriptors
05-24 13:24:02.422 0 0 I : [ 9613.733426] read strings
05-24 13:24:02.554 0 0 I [ 9613.865471] [schedu][0x2afd471b9a][13: 24:02.551720] wlan: [2025:I:PE] rrm_process_link_measurement_request: 275: Received Link report frame with -59
05-24 13:24:02.554 0 0 W [ 9613.865561] [schedu][0x2afd472110][13: 24:02.551793] wlan: [2025:W:PE] lim_send_link_report_action_frame: 4575: RRM: Sending Link Report to 08:79:8c:36:92:70 on vdev[0]
05-24 13:24:03.292 1528 1801 D ActivityManager: freezing 5112 com.android.webview:sandboxed_process0:org.chromium.content.app.SandboxedProcessService0:0
05-24 13:24:03.292 1528 1801 E ActivityManager: Unable to freeze binder for 5112 com.android.webview:sandboxed_process0:org.chromium.content.app.SandboxedProcessService0:0
05-24 13:24:03.294 1528 1801 D ActivityManager: froze 5112 com.android.webview:sandboxed_process0:org.chromium.content.app.SandboxedProcessService0:0
05-24 13:24:03.294 1528 1801 E ActivityManager: Unable to freeze binder for 5112 com.android.webview:sandboxed_process0:org.chromium.content.app.SandboxedProcessService0:0
05-24 13:24:03.296 0 0 I [ 9614.606296] binder: 1528:1801 ioctl 400c620e 6e510eb5d8 returned -22
05-24 13:24:03.297 0 0 I [ 9614.608344] binder: 1528:1801 ioctl c00c620f 6e510eb5b8 returned -22
05-24 13:24:03.297 1528 1801 I ActivityManager: Killing 5112:com.android.webview:sandboxed_process0:org.chromium.content.app.SandboxedProcessService0:0/u0a94i0 (adj 930): Unable to freeze binder interface
05-24 13:24:03.332 1528 2699 W ActivityManager: Scheduling restart of crashed service com.huawei.appmarket/org.chromium.content.app.SandboxedProcessService0:0 in 1000ms for connection
05-24 13:24:03.342 1528 1682 E KernelCpuSpeedReader: Failed to read cpu-freq: /sys/devices/system/cpu/cpu4/cpufreq/stats/time_in_state: open failed: ENOENT (No such file or directory)
05-24 13:24:03.342 1528 1682 E KernelCpuSpeedReader: Failed to read cpu-freq: /sys/devices/system/cpu/cpu0/cpufreq/stats/time_in_state: open failed: ENOENT (No such file or directory)
05-24 13:24:03.342 1528 1682 D KernelCpuUidUserSysTimeReader: Removing uids 90017-90017
05-24 13:24:03.342 1528 1682 D KernelCpuUidUserSysTimeReader: Removing uids 99001-99001
05-24 13:24:03.343 1528 1682 D KernelCpuUidUserSysTimeReader: Removing uids 90019-90019
05-24 13:24:03.360 1528 1674 I UsageStatsService: User[0] Flushing usage stats to disk
05-24 13:24:03.368 1528 1801 D ActivityManager: freezing 5647 com.microsoft.emmx:sandboxed_process0:org.chromium.content.app.SandboxedProcessService0:0
05-24 13:24:03.368 1528 1801 E ActivityManager: Unable to freeze binder for 5647 com.microsoft.emmx:sandboxed_process0:org.chromium.content.app.SandboxedProcessService0:0
05-24 13:24:03.370 1528 1801 D ActivityManager: froze 5647 com.microsoft.emmx:sandboxed_process0:org.chromium.content.app.SandboxedProcessService0:0
05-24 13:24:03.370 1528 1801 E ActivityManager: Unable to freeze binder for 5647 com.microsoft.emmx:sandboxed_process0:org.chromium.content.app.SandboxedProcessService0:0
05-24 13:24:03.372 1528 1801 D ActivityManager: freezing 5701 com.microsoft.emmx:privileged_process0
05-24 13:24:03.372 1528 1801 E ActivityManager: Unable to freeze binder for 5701 com.microsoft.emmx:privileged_process0
05-24 13:24:03.373 0 0 I [ 9614.682500] binder: 1528:1801 ioctl 400c620e 6e510eb5d8 returned -22
05-24 13:24:03.373 0 0 I [ 9614.684327] binder: 1528:1801 ioctl c00c620f 6e510eb5b8 returned -22
05-24 13:24:03.373 0 0 I [ 9614.686194] binder: 1528:1801 ioctl 400c620e 6e510eb5d8 returned -22
05-24 13:24:03.373 0 0 I [ 9614.687308] binder: 1528:1801 ioctl c00c620f 6e510eb5b8 returned -22
05-24 13:24:03.373 1528 1801 D ActivityManager: froze 5701 com.microsoft.emmx:privileged_process0
05-24 13:24:03.373 1528 1801 E ActivityManager: Unable to freeze binder for 5701 com.microsoft.emmx:privileged_process0
05-24 13:24:03.374 1528 1801 I ActivityManager: Killing 5647:com.microsoft.emmx:sandboxed_process0:org.chromium.content.app.SandboxedProcessService0:0/u0a20i-8984 (adj 910): Unable to freeze binder interface
05-24 13:24:03.377 1528 1801 I ActivityManager: Killing 5701:com.microsoft.emmx:privileged_process0/u0a20 (adj 930): Unable to freeze binder interface
05-24 13:24:03.417 1528 8862 W ActivityManager: Exception when unbinding service com.microsoft.emmx/org.chromium.content.app.PrivilegedProcessService0
05-24 13:24:03.417 1528 8862 W ActivityManager: android.os.DeadObjectException
05-24 13:24:03.417 1528 8862 W ActivityManager: at android.os.BinderProxy.transactNative(Native Method)
05-24 13:24:03.417 1528 8862 W ActivityManager: at android.os.BinderProxy.transact(BinderProxy.java:571)
05-24 13:24:03.417 1528 8862 W ActivityManager: at android.app.IApplicationThread$Stub$Proxy.scheduleUnbindService(IApplicationThread.java:1790)
05-24 13:24:03.417 1528 8862 W ActivityManager: at com.android.server.am.ActiveServices.removeConnectionLocked(ActiveServices.java:4629)
05-24 13:24:03.417 1528 8862 W ActivityManager: at com.android.server.am.ActiveServices.unbindServiceLocked(ActiveServices.java:3079)
05-24 13:24:03.417 1528 8862 W ActivityManager: at com.android.server.am.ActivityManagerService.unbindService(ActivityManagerService.java:12147)
05-24 13:24:03.417 1528 8862 W ActivityManager: at android.app.IActivityManager$Stub.onTransact(IActivityManager.java:2629)
05-24 13:24:03.417 1528 8862 W ActivityManager: at com.android.server.am.ActivityManagerService.onTransact(ActivityManagerService.java:2528)
05-24 13:24:03.417 1528 8862 W ActivityManager: at android.os.Binder.execTransactInternal(Binder.java:1179)
05-24 13:24:03.417 1528 8862 W ActivityManager: at android.os.Binder.execTransact(Binder.java:1143)
05-24 13:24:03.418 0 0 I [ 9614.730419] binder_alloc: 5701: binder_alloc_buf, no vma
05-24 13:24:03.418 0 0 I [ 9614.730428] binder: 1528:8862 transaction failed 29189/-3, size 620-8 line 3240
05-24 13:24:03.441 1528 2165 W ActivityManager: Scheduling restart of crashed service com.microsoft.emmx/org.chromium.content.app.SandboxedProcessService0:0 in 1000ms for connection
05-24 13:24:03.444 1528 1682 E KernelCpuSpeedReader: Failed to read cpu-freq: /sys/devices/system/cpu/cpu4/cpufreq/stats/time_in_state: open failed: ENOENT (No such file or directory)
05-24 13:24:03.444 1528 1682 E KernelCpuSpeedReader: Failed to read cpu-freq: /sys/devices/system/cpu/cpu0/cpufreq/stats/time_in_state: open failed: ENOENT (No such file or directory)
05-24 13:24:03.462 0 0 I : [ 9614.772683] read descriptors
05-24 13:24:03.462 0 0 I : [ 9614.772793] read strings
05-24 13:24:03.578 0 0 I [ 9614.890583] [schedu][0x2afe736edd][13: 24:03.576830] wlan: [2025:I:PE] rrm_process_link_measurement_request: 275: Received Link report frame with -59
05-24 13:24:03.578 0 0 W [ 9614.890661] [schedu][0x2afe737597][13: 24:03.576920] wlan: [2025:W:PE] lim_send_link_report_action_frame: 4575: RRM: Sending Link Report to 08:79:8c:36:92:70 on vdev[0]
05-24 13:24:04.494 0 0 I : [ 9615.805822] read descriptors
05-24 13:24:04.494 0 0 I : [ 9615.806009] read strings
05-24 13:24:04.594 0 0 I [ 9615.907562] [schedu][0x2aff9d6060][13: 24:04.593810] wlan: [2025:I:PE] rrm_process_link_measurement_request: 275: Received Link report frame with 0
05-24 13:24:04.594 0 0 W [ 9615.907635] [schedu][0x2aff9d66ff][13: 24:04.593898] wlan: [2025:W:PE] lim_send_link_report_action_frame: 4575: RRM: Sending Link Report to 08:79:8c:36:92:70 on vdev[0]
05-24 13:24:05.518 0 0 I : [ 9616.828680] read descriptors
05-24 13:24:05.518 0 0 I : [ 9616.828834] read strings
05-24 13:24:05.722 0 0 I [ 9617.034537] [schedu][0x2b00e78bda][13: 24:05.720790] wlan: [2025:I:PE] rrm_process_link_measurement_request: 275: Received Link report frame with 0
05-24 13:24:05.722 0 0 W [ 9617.034633] [schedu][0x2b00e793b2][13: 24:05.720895] wlan: [2025:W:PE] lim_send_link_report_action_frame: 4575: RRM: Sending Link Report to 08:79:8c:36:92:70 on vdev[0]
05-24 13:24:06.138 0 0 I [ 9617.451454] binder: 1528:1801 ioctl 400c620e 6e510eb5d8 returned -22
05-24 13:24:06.137 1528 1801 D ActivityManager: freezing 6627 com.taptap:process
05-24 13:24:06.138 1528 1801 E ActivityManager: Unable to freeze binder for 6627 com.taptap:process
05-24 13:24:06.139 1528 1801 D ActivityManager: froze 6627 com.taptap:process
05-24 13:24:06.139 1528 1801 E ActivityManager: Unable to freeze binder for 6627 com.taptap:process
05-24 13:24:06.142 0 0 I [ 9617.453315] binder: 1528:1801 ioctl c00c620f 6e510eb5b8 returned -22
05-24 13:24:06.142 1528 1801 I ActivityManager: Killing 6627:com.taptap:process/u0a95 (adj 945): Unable to freeze binder interface
05-24 13:24:06.542 0 0 I : [ 9617.852913] read descriptors
05-24 13:24:06.542 0 0 I : [ 9617.853113] read strings
05-24 13:24:06.546 0 0 I [ 9617.857677] [schedu][0x2b01d8b364][13: 24:06.543931] wlan: [2025:I:PE] rrm_process_link_measurement_request: 275: Received Link report frame with -59
05-24 13:24:06.546 0 0 W [ 9617.857755] [schedu][0x2b01d8b994][13: 24:06.544013] wlan: [2025:W:PE] lim_send_link_report_action_frame: 4575: RRM: Sending Link Report to 08:79:8c:36:92:70 on vdev[0]
05-24 13:24:07.562 0 0 I : [ 9618.873722] read descriptors
05-24 13:24:07.562 0 0 I : [ 9618.873925] read strings
05-24 13:24:07.574 0 0 I [ 9618.886329] [schedu][0x2b0306109f][13: 24:07.572587] wlan: [2025:I:PE] rrm_process_link_measurement_request: 275: Received Link report frame with -58
05-24 13:24:07.574 0 0 W [ 9618.886381] [schedu][0x2b030614ed][13: 24:07.572644] wlan: [2025:W:PE] lim_send_link_report_action_frame: 4575: RRM: Sending Link Report to 08:79:8c:36:92:70 on vdev[0]
05-24 13:24:08.462 0 0 W [ 9619.772845] audit: audit_lost=7147 audit_rate_limit=5 audit_backlog_limit=64
05-24 13:24:08.462 0 0 E [ 9619.772852] audit: rate limit exceeded
05-24 13:24:08.590 0 0 I [ 9619.901662] [schedu][0x2b042f8638][13: 24:08.587915] wlan: [2025:I:PE] rrm_process_link_measurement_request: 275: Received Link report frame with -57
05-24 13:24:08.590 0 0 W [ 9619.901746] [schedu][0x2b042f8d3f][13: 24:08.588008] wlan: [2025:W:PE] lim_send_link_report_action_frame: 4575: RRM: Sending Link Report to 08:79:8c:36:92:70 on vdev[0]
05-24 13:24:08.590 0 0 I : [ 9619.902788] read descriptors
05-24 13:24:08.590 0 0 I : [ 9619.902888] read strings
05-24 13:24:09.614 0 0 I : [ 9620.925233] read descriptors
05-24 13:24:09.614 0 0 I : [ 9620.925402] read strings
05-24 13:24:09.614 0 0 I [ 9620.927801] [schedu][0x2b055c2721][13: 24:09.614060] wlan: [2025:I:PE] rrm_process_link_measurement_request: 275: Received Link report frame with -60
05-24 13:24:09.614 0 0 W [ 9620.927856] [schedu][0x2b055c2b81][13: 24:09.614119] wlan: [2025:W:PE] lim_send_link_report_action_frame: 4575: RRM: Sending Link Report to 08:79:8c:36:92:70 on vdev[0]
05-24 13:24:10.542 0 0 I [ 9621.854581] [schedu][0x2b066bab0d][13: 24:10.540833] wlan: [2025:I:PE] rrm_process_link_measurement_request: 275: Received Link report frame with -60
05-24 13:24:10.542 0 0 W [ 9621.854640] [schedu][0x2b066bb037][13: 24:10.540901] wlan: [2025:W:PE] lim_send_link_report_action_frame: 4575: RRM: Sending Link Report to 08:79:8c:36:92:70 on vdev[0]
05-24 13:24:10.639 0 0 I : [ 9621.953011] read descriptors
05-24 13:24:10.639 0 0 I : [ 9621.953191] read strings
05-24 13:24:11.574 0 0 I [ 9622.885252] [schedu][0x2b07999ef8][13: 24:11.571498] wlan: [2025:I:PE] rrm_process_link_measurement_request: 275: Received Link report frame with 0
05-24 13:24:11.574 0 0 W [ 9622.885372] [schedu][0x2b0799a8e4][13: 24:11.571631] wlan: [2025:W:PE] lim_send_link_report_action_frame: 4575: RRM: Sending Link Report to 08:79:8c:36:92:70 on vdev[0]
05-24 13:24:11.662 0 0 I : [ 9622.972902] read descriptors
05-24 13:24:11.662 0 0 I : [ 9622.973114] read strings
05-24 13:24:12.446 1528 1801 D ActivityManager: freezing 6830 com.taptap:upgrade
05-24 13:24:12.448 0 0 I [ 9623.760271] binder: 1528:1801 ioctl 400c620e 6e510eb5d8 returned -22
05-24 13:24:12.446 1528 1801 E ActivityManager: Unable to freeze binder for 6830 com.taptap:upgrade
05-24 13:24:12.448 1528 1801 D ActivityManager: froze 6830 com.taptap:upgrade
05-24 13:24:12.448 1528 1801 E ActivityManager: Unable to freeze binder for 6830 com.taptap:upgrade
05-24 13:24:12.450 0 0 I [ 9623.762322] binder: 1528:1801 ioctl c00c620f 6e510eb5b8 returned -22
05-24 13:24:12.450 1528 1801 I ActivityManager: Killing 6830:com.taptap:upgrade/u0a95 (adj 935): Unable to freeze binder interface
05-24 13:24:12.582 0 0 I [ 9623.895083] [schedu][0x2b08c17821][13: 24:12.581327] wlan: [2025:I:PE] rrm_process_link_measurement_request: 275: Received Link report frame with -57
05-24 13:24:12.582 0 0 W [ 9623.895168] [schedu][0x2b08c17f94][13: 24:12.581426] wlan: [2025:W:PE] lim_send_link_report_action_frame: 4575: RRM: Sending Link Report to 08:79:8c:36:92:70 on vdev[0]
05-24 13:24:12.696 0 0 I : [ 9624.005312] read descriptors
05-24 13:24:12.696 0 0 I : [ 9624.005584] read strings
05-24 13:24:13.610 0 0 I [ 9624.923167] [schedu][0x2b09eeaa41][13: 24:13.609409] wlan: [2025:I:PE] rrm_process_link_measurement_request: 275: Received Link report frame with 0
05-24 13:24:13.610 0 0 W [ 9624.923295] [schedu][0x2b09eeb213][13: 24:13.609513] wlan: [2025:W:PE] lim_send_link_report_action_frame: 4575: RRM: Sending Link Report to 08:79:8c:36:92:70 on vdev[0]
05-24 13:24:13.722 0 0 I : [ 9625.032915] read descriptors
05-24 13:24:13.723 0 0 I : [ 9625.033097] read strings
05-24 13:24:14.638 0 0 I [ 9625.950962] [schedu][0x2b0b1bc76d][13: 24:14.637211] wlan: [2025:I:PE] rrm_process_link_measurement_request: 275: Received Link report frame with 0
05-24 13:24:14.638 0 0 W [ 9625.951052] [schedu][0x2b0b1bcf2f][13: 24:14.637314] wlan: [2025:W:PE] lim_send_link_report_action_frame: 4575: RRM: Sending Link Report to 08:79:8c:36:92:70 on vdev[0]
05-24 13:24:14.758 0 0 I : [ 9626.069274] read descriptors
05-24 13:24:14.758 0 0 I : [ 9626.069477] read strings
05-24 13:24:15.562 0 0 I [ 9626.872444] [schedu][0x2b0c29be26][13: 24:15.558687] wlan: [2025:I:PE] rrm_process_link_measurement_request: 275: Received Link report frame with -58
05-24 13:24:15.562 0 0 W [ 9626.872579] [schedu][0x2b0c29c957][13: 24:15.558837] wlan: [2025:W:PE] lim_send_link_report_action_frame: 4575: RRM: Sending Link Report to 08:79:8c:36:92:70 on vdev[0]
05-24 13:24:15.778 0 0 I : [ 9627.088784] read descriptors
05-24 13:24:15.779 0 0 I : [ 9627.088991] read strings
05-24 13:24:16.574 0 0 I [ 9627.884783] [schedu][0x2b0d5253c5][13: 24:16.571029] wlan: [2025:I:PE] rrm_process_link_measurement_request: 275: Received Link report frame with -59
05-24 13:24:16.574 0 0 W [ 9627.884895] [schedu][0x2b0d525d15][13: 24:16.571153] wlan: [2025:W:PE] lim_send_link_report_action_frame: 4575: RRM: Sending Link Report to 08:79:8c:36:92:70 on vdev[0]
05-24 13:24:16.798 0 0 I : [ 9628.108792] read descriptors
05-24 13:24:16.798 0 0 I : [ 9628.109133] read strings
05-24 13:24:17.610 0 0 I [ 9628.922832] [schedu][0x2b0e826ed4][13: 24:17.609043] wlan: [2025:I:PE] rrm_process_link_measurement_request: 275: Received Link report frame with -55
05-24 13:24:17.610 0 0 W [ 9628.922900] [schedu][0x2b0e8277b7][13: 24:17.609161] wlan: [2025:W:PE] lim_send_link_report_action_frame: 4575: RRM: Sending Link Report to 08:79:8c:36:92:70 on vdev[0]
05-24 13:24:17.810 0 0 I : [ 9629.120667] read descriptors
05-24 13:24:17.810 0 0 I : [ 9629.120823] read strings
05-24 13:24:18.627 0 0 I [ 9629.937326] [schedu][0x2b0faba8a6][13: 24:18.623574] wlan: [2025:I:PE] rrm_process_link_measurement_request: 275: Received Link report frame with -60
05-24 13:24:18.627 0 0 W [ 9629.937398] [schedu][0x2b0fabaeea][13: 24:18.623657] wlan: [2025:W:PE] lim_send_link_report_action_frame: 4575: RRM: Sending Link Report to 08:79:8c:36:92:70 on vdev[0]
05-24 13:24:18.830 0 0 I : [ 9630.140793] read descriptors
05-24 13:24:18.830 0 0 I : [ 9630.140939] read strings
05-24 13:24:19.562 0 0 I [ 9630.873230] [schedu][0x2b10bdd99e][13: 24:19.559480] wlan: [2025:I:PE] rrm_process_link_measurement_request: 275: Received Link report frame with -58
05-24 13:24:19.562 0 0 W [ 9630.873292] [schedu][0x2b10bddf29][13: 24:19.559554] wlan: [2025:W:PE] lim_send_link_report_action_frame: 4575: RRM: Sending Link Report to 08:79:8c:36:92:70 on vdev[0]
05-24 13:24:19.850 0 0 I : [ 9631.160991] read descriptors
05-24 13:24:19.850 0 0 I : [ 9631.161134] read strings
05-24 13:24:20.570 0 0 I [ 9631.882564] [schedu][0x2b11e58d42][13: 24:20.568809] wlan: [2025:I:PE] rrm_process_link_measurement_request: 275: Received Link report frame with 0
05-24 13:24:20.570 0 0 W [ 9631.882676] [schedu][0x2b11e5969e][13: 24:20.568934] wlan: [2025:W:PE] lim_send_link_report_action_frame: 4575: RRM: Sending Link Report to 08:79:8c:36:92:70 on vdev[0]
05-24 13:24:20.878 0 0 I : [ 9632.188516] read descriptors
05-24 13:24:20.878 0 0 I : [ 9632.188644] read strings
05-24 13:24:21.377 1528 1801 D ActivityManager: freezing 2551 com.android.permissioncontroller
05-24 13:24:21.377 1528 1801 E ActivityManager: Unable to freeze binder for 2551 com.android.permissioncontroller
05-24 13:24:21.378 0 0 I [ 9632.691240] binder: 1528:1801 ioctl 400c620e 6e510eb5d8 returned -22
05-24 13:24:21.382 0 0 I [ 9632.694109] binder: 1528:1801 ioctl c00c620f 6e510eb5b8 returned -22
05-24 13:24:21.379 1528 1801 D ActivityManager: froze 2551 com.android.permissioncontroller
05-24 13:24:21.380 1528 1801 E ActivityManager: Unable to freeze binder for 2551 com.android.permissioncontroller
05-24 13:24:21.381 1528 1801 I ActivityManager: Killing 2551:com.android.permissioncontroller/u0a91 (adj 925): Unable to freeze binder interface
05-24 13:24:21.427 1528 1666 W ActivityManager: setHasOverlayUi called on unknown pid: 2551
05-24 13:24:21.594 0 0 I [ 9632.905186] [schedu][0x2b13112491][13: 24:21.591413] wlan: [2025:I:PE] rrm_process_link_measurement_request: 275: Received Link report frame with -59
05-24 13:24:21.594 0 0 W [ 9632.905246] [schedu][0x2b13112bb6][13: 24:21.591508] wlan: [2025:W:PE] lim_send_link_report_action_frame: 4575: RRM: Sending Link Report to 08:79:8c:36:92:70 on vdev[0]
05-24 13:24:21.898 0 0 I : [ 9633.208881] read descriptors
05-24 13:24:21.898 0 0 I : [ 9633.209042] read strings
05-24 13:24:22.618 0 0 I [ 9633.929436] [schedu][0x2b143d38bc][13: 24:22.615682] wlan: [2025:I:PE] rrm_process_link_measurement_request: 275: Received Link report frame with -58
05-24 13:24:22.618 0 0 W [ 9633.929499] [schedu][0x2b143d3ea9][13: 24:22.615761] wlan: [2025:W:PE] lim_send_link_report_action_frame: 4575: RRM: Sending Link Report to 08:79:8c:36:92:70 on vdev[0]
05-24 13:24:22.914 0 0 I : [ 9634.224843] read descriptors
05-24 13:24:22.914 0 0 I : [ 9634.224998] read strings
05-24 13:24:23.558 0 0 I [ 9634.870649] [schedu][0x2b1550f538][13: 24:23.556861] wlan: [2025:I:PE] rrm_process_link_measurement_request: 275: Received Link report frame with -55
05-24 13:24:23.558 0 0 W [ 9634.870727] [schedu][0x2b1550fe83][13: 24:23.556985] wlan: [2025:W:PE] lim_send_link_report_action_frame: 4575: RRM: Sending Link Report to 08:79:8c:36:92:70 on vdev[0]
05-24 13:24:23.934 0 0 I : [ 9635.244737] read descriptors
05-24 13:24:23.934 0 0 I : [ 9635.244996] read strings
05-24 13:24:24.570 0 0 I [ 9635.881019] [schedu][0x2b1678f786][13: 24:24.567239] wlan: [2025:I:PE] rrm_process_link_measurement_request: 275: Received Link report frame with 0
05-24 13:24:24.570 0 0 W [ 9635.881095] [schedu][0x2b16790033][13: 24:24.567355] wlan: [2025:W:PE] lim_send_link_report_action_frame: 4575: RRM: Sending Link Report to 08:79:8c:36:92:70 on vdev[0]
05-24 13:24:24.958 0 0 I : [ 9636.268903] read descriptors
05-24 13:24:24.958 0 0 I : [ 9636.269052] read strings
05-24 13:24:25.603 0 0 I [ 9636.901747] [schedu][0x2b17a40424][13: 24:25.601114] wlan: [2025:I:PE] rrm_process_link_measurement_request: 275: Received Link report frame with 0
05-24 13:24:25.603 0 0 W [ 9636.901824] [schedu][0x2b17a40ade][13: 24:25.601204] wlan: [2025:W:PE] lim_send_link_report_action_frame: 4575: RRM: Sending Link Report to 08:79:8c:36:92:70 on vdev[0]
05-24 13:24:25.991 0 0 I : [ 9637.288799] read descriptors
05-24 13:24:25.991 0 0 I : [ 9637.288946] read strings
05-24 13:24:26.627 0 0 I [ 9637.925826] [schedu][0x2b18d00a41][13: 24:26.625196] wlan: [2025:I:PE] rrm_process_link_measurement_request: 275: Received Link report frame with 0
05-24 13:24:26.627 0 0 W [ 9637.925904] [schedu][0x2b18d01115][13: 24:26.625287] wlan: [2025:W:PE] lim_send_link_report_action_frame: 4575: RRM: Sending Link Report to 08:79:8c:36:92:70 on vdev[0]
05-24 13:24:27.006 2571 8955 W ContextImpl: Calling a method in the system process without a qualified user: android.app.ContextImpl.sendBroadcast:1173 android.content.ContextWrapper.sendBroadcast:479 com.thundercomm.microsettings.action.SetTimeAction.timeUpdated:212 com.thundercomm.microsettings.action.SetTimeAction.update24HourFormat:194 com.thundercomm.microsettings.action.SetTimeAction.doActualAction:154
05-24 13:24:27.014 0 0 I : [ 9638.309404] read descriptors
05-24 13:24:27.014 0 0 I : [ 9638.309534] read strings
05-24 13:24:27.017 1528 1528 D DevicePolicyManager: updateSystemUpdateFreezePeriodsRecord
05-24 13:24:27.017 1528 1528 D ConditionProviders.SCP: onReceive android.intent.action.TIME_SET
05-24 13:24:27.018 1528 1528 D ConditionProviders.SCP: evaluateSubscriptionLocked cal=ScheduleCalendar[mDays={1, 2, 3, 4, 5, 6, 7}, mSchedule=ScheduleInfo{days=[1, 2, 3, 4, 5, 6, 7], startHour=22, startMinute=0, endHour=7, endMinute=0, exitAtAlarm=true, nextAlarm=Thu Jan 01 08:00:00 GMT+08:00 1970 (0)}], now=Wed May 24 13:24:27 GMT+08:00 2023 (1684905867017), nextUserAlarmTime=Thu Jan 01 08:00:00 GMT+08:00 1970 (0)
05-24 13:24:27.018 1528 1528 D ConditionProviders.SCP: notifyCondition condition://android/schedule?days=1.2.3.4.5.6.7&start=22.0&end=7.0&exitAtAlarm=true STATE_FALSE reason=!meetsSchedule
05-24 13:24:27.019 1528 1528 D ConditionProviders.SCP: Scheduling evaluate for Wed May 24 22:00:00 GMT+08:00 2023 (1684936800000), in +8h35m32s983ms, now=Wed May 24 13:24:27 GMT+08:00 2023 (1684905867017)
05-24 13:24:27.659 0 0 I [ 9638.957623] [schedu][0x2b19fe52e4][13: 24:27.656991] wlan: [2025:I:PE] rrm_process_link_measurement_request: 275: Received Link report frame with -59
05-24 13:24:27.659 0 0 W [ 9638.957704] [schedu][0x2b19fe59c5][13: 24:27.657083] wlan: [2025:W:PE] lim_send_link_report_action_frame: 4575: RRM: Sending Link Report to 08:79:8c:36:92:70 on vdev[0]
05-24 13:24:28.031 0 0 I : [ 9639.328796] read descriptors
05-24 13:24:28.031 0 0 I : [ 9639.328958] read strings
05-24 13:24:28.571 0 0 I [ 9639.871168] [schedu][0x2b1b09f6cb][13: 24:28.570536] wlan: [2025:I:PE] rrm_process_link_measurement_request: 275: Received Link report frame with 0
05-24 13:24:28.571 0 0 W [ 9639.871246] [schedu][0x2b1b09fd70][13: 24:28.570625] wlan: [2025:W:PE] lim_send_link_report_action_frame: 4575: RRM: Sending Link Report to 08:79:8c:36:92:70 on vdev[0]
05-24 13:24:29.051 0 0 I : [ 9640.348898] read descriptors
05-24 13:24:29.051 0 0 I : [ 9640.349042] read strings
05-24 13:24:29.595 0 0 I [ 9640.893632] [schedu][0x2b1c35837f][13: 24:29.592999] wlan: [2025:I:PE] rrm_process_link_measurement_request: 275: Received Link report frame with 0
05-24 13:24:29.595 0 0 W [ 9640.893739] [schedu][0x2b1c358c7f][13: 24:29.593119] wlan: [2025:W:PE] lim_send_link_report_action_frame: 4575: RRM: Sending Link Report to 08:79:8c:36:92:70 on vdev[0]
05-24 13:24:30.071 0 0 I : [ 9641.369413] read descriptors
05-24 13:24:30.071 0 0 I : [ 9641.369625] read strings
05-24 13:24:30.631 0 0 I [ 9641.930933] [schedu][0x2b1d6568da][13: 24:30.630297] wlan: [2025:I:PE] rrm_process_link_measurement_request: 275: Received Link report frame with 0
05-24 13:24:30.631 0 0 W [ 9641.931045] [schedu][0x2b1d657258][13: 24:30.630424] wlan: [2025:W:PE] lim_send_link_report_action_frame: 4575: RRM: Sending Link Report to 08:79:8c:36:92:70 on vdev[0]
05-24 13:24:31.095 0 0 I : [ 9642.393002] read descriptors
05-24 13:24:31.095 0 0 I : [ 9642.393159] read strings
05-24 13:24:31.655 0 0 I [ 9642.953528] [schedu][0x2b1e90ff88][13: 24:31.652893] wlan: [2025:I:PE] rrm_process_link_measurement_request: 275: Received Link report frame with -58
05-24 13:24:31.655 0 0 W [ 9642.953610] [schedu][0x2b1e9106bf][13: 24:31.652989] wlan: [2025:W:PE] lim_send_link_report_action_frame: 4575: RRM: Sending Link Report to 08:79:8c:36:92:70 on vdev[0]
05-24 13:24:31.999 1528 1801 D ActivityManager: freezing 824 com.thundercomm.gamemode.provider
05-24 13:24:31.999 1528 1801 E ActivityManager: Unable to freeze binder for 824 com.thundercomm.gamemode.provider
05-24 13:24:32.005 0 0 I [ 9643.300192] binder: 1528:1801 ioctl 400c620e 6e510eb5d8 returned -22
