05-24 13:32:51.297 0 0 W [10142.650573] audit: audit_lost=7507 audit_rate_limit=5 audit_backlog_limit=64
05-24 13:32:51.298 0 0 E [10142.650577] audit: rate limit exceeded
05-24 13:32:51.645 0 0 I [10142.997074] [schedu][0x2d5ad2220e][13: 32:51.642706] wlan: [2025:I:PE] rrm_process_link_measurement_request: 275: Received Link report frame with -51
05-24 13:32:51.646 0 0 W [10142.997132] [schedu][0x2d5ad2271e][13: 32:51.642773] wlan: [2025:W:PE] lim_send_link_report_action_frame: 4575: RRM: Sending Link Report to 08:79:8c:36:92:70 on vdev[0]
05-24 13:32:51.973 0 0 I : [10143.325542] read descriptors
05-24 13:32:51.974 0 0 I : [10143.325747] read strings
05-24 13:32:52.265 1528 1666 I ActivityTaskManager: Config changes=40000000 {1.0 ?mcc?mnc [zh_CN] ldltr sw720dp w1706dp h665dp 240dpi lrg long hdr land finger -keyb/v/h -nav/h winConfig={ mBounds=Rect(0, 0 - 2560, 1080) mAppBounds=Rect(0, 0 - 2560, 1034) mMaxBounds=Rect(0, 0 - 2560, 1080) mWindowingMode=fullscreen mDisplayWindowingMode=fullscreen mActivityType=undefined mAlwaysOnTop=undefined mRotation=ROTATION_0} s.167 fontWeightAdjustment=0}
05-24 13:32:52.281 1528 1666 I WindowManager: Override config changes=40000000 {1.0 ?mcc?mnc [zh_CN] ldltr sw720dp w1706dp h665dp 240dpi lrg long hdr land finger -keyb/v/h -nav/h winConfig={ mBounds=Rect(0, 0 - 2560, 1080) mAppBounds=Rect(0, 0 - 2560, 1034) mMaxBounds=Rect(0, 0 - 2560, 1080) mWindowingMode=fullscreen mDisplayWindowingMode=fullscreen mActivityType=undefined mAlwaysOnTop=undefined mRotation=ROTATION_0} s.167 fontWeightAdjustment=0} for displayId=0
05-24 13:32:52.301 1528 8286 W ActivityManager: Receiver with filter android.content.IntentFilter@97675f1 already registered for pid 2966, callerPackage is com.android.music
05-24 13:32:52.305 0 0 W [10143.658857] audit: audit_lost=7517 audit_rate_limit=5 audit_backlog_limit=64
05-24 13:32:52.305 0 0 E [10143.658862] audit: rate limit exceeded
05-24 13:32:52.339 1528 22256 E UserRestrictionsUtils: Unknown restriction queried by uid 1000 (com.thundercomm.debugtools et al): null
05-24 13:32:52.340 1528 22256 E UserRestrictionsUtils: Unknown restriction queried by uid 1000 (com.thundercomm.debugtools et al): null
05-24 13:32:52.340 1528 22256 E UserRestrictionsUtils: Unknown restriction queried by uid 1000 (com.thundercomm.debugtools et al): null
05-24 13:32:52.340 1528 22256 E UserRestrictionsUtils: Unknown restriction queried by uid 1000 (com.thundercomm.debugtools et al): null
05-24 13:32:52.340 1528 22256 E UserRestrictionsUtils: Unknown restriction queried by uid 1000 (com.thundercomm.debugtools et al): null
05-24 13:32:52.340 1528 22256 E UserRestrictionsUtils: Unknown restriction queried by uid 1000 (com.thundercomm.debugtools et al): null
05-24 13:32:52.340 1528 22256 E UserRestrictionsUtils: Unknown restriction queried by uid 1000 (com.thundercomm.debugtools et al): null
05-24 13:32:52.341 1528 22256 E UserRestrictionsUtils: Unknown restriction queried by uid 1000 (com.thundercomm.debugtools et al): null
05-24 13:32:52.341 1528 22256 E UserRestrictionsUtils: Unknown restriction queried by uid 1000 (com.thundercomm.debugtools et al): null
05-24 13:32:52.341 1528 22256 E UserRestrictionsUtils: Unknown restriction queried by uid 1000 (com.thundercomm.debugtools et al): null
05-24 13:32:52.341 1528 22256 E UserRestrictionsUtils: Unknown restriction queried by uid 1000 (com.thundercomm.debugtools et al): null
05-24 13:32:52.341 1528 22256 E UserRestrictionsUtils: Unknown restriction queried by uid 1000 (com.thundercomm.debugtools et al): null
05-24 13:32:52.342 1528 22256 E UserRestrictionsUtils: Unknown restriction queried by uid 1000 (com.thundercomm.debugtools et al): null
05-24 13:32:52.342 1528 22256 E UserRestrictionsUtils: Unknown restriction queried by uid 1000 (com.thundercomm.debugtools et al): null
05-24 13:32:52.342 1528 22256 E UserRestrictionsUtils: Unknown restriction queried by uid 1000 (com.thundercomm.debugtools et al): null
05-24 13:32:52.342 1528 22256 E UserRestrictionsUtils: Unknown restriction queried by uid 1000 (com.thundercomm.debugtools et al): null
05-24 13:32:52.343 1528 22256 E UserRestrictionsUtils: Unknown restriction queried by uid 1000 (com.thundercomm.debugtools et al): null
05-24 13:32:52.343 1528 22256 E UserRestrictionsUtils: Unknown restriction queried by uid 1000 (com.thundercomm.debugtools et al): null
05-24 13:32:52.355 1528 22256 E UserRestrictionsUtils: Unknown restriction queried by uid 1000 (com.thundercomm.debugtools et al): null
05-24 13:32:52.355 1528 22256 E UserRestrictionsUtils: Unknown restriction queried by uid 1000 (com.thundercomm.debugtools et al): null
05-24 13:32:52.355 1528 22256 E UserRestrictionsUtils: Unknown restriction queried by uid 1000 (com.thundercomm.debugtools et al): null
05-24 13:32:52.355 1528 2697 E UserRestrictionsUtils: Unknown restriction queried by uid 1000 (com.thundercomm.debugtools et al): null
05-24 13:32:52.356 1528 22256 E UserRestrictionsUtils: Unknown restriction queried by uid 1000 (com.thundercomm.debugtools et al): null
05-24 13:32:52.385 1528 22256 E UserRestrictionsUtils: Unknown restriction queried by uid 1000 (com.thundercomm.debugtools et al): null
05-24 13:32:52.385 1528 5562 E UserRestrictionsUtils: Unknown restriction queried by uid 1000 (com.thundercomm.debugtools et al): null
05-24 13:32:52.385 1528 5562 E UserRestrictionsUtils: Unknown restriction queried by uid 1000 (com.thundercomm.debugtools et al): null
05-24 13:32:52.385 1528 5562 E UserRestrictionsUtils: Unknown restriction queried by uid 1000 (com.thundercomm.debugtools et al): null
05-24 13:32:52.386 1528 5562 E UserRestrictionsUtils: Unknown restriction queried by uid 1000 (com.thundercomm.debugtools et al): null
05-24 13:32:52.386 1528 5562 E UserRestrictionsUtils: Unknown restriction queried by uid 1000 (com.thundercomm.debugtools et al): null
05-24 13:32:52.386 1528 5562 E UserRestrictionsUtils: Unknown restriction queried by uid 1000 (com.thundercomm.debugtools et al): null
05-24 13:32:52.386 1528 5562 E UserRestrictionsUtils: Unknown restriction queried by uid 1000 (com.thundercomm.debugtools et al): null
05-24 13:32:52.386 1528 5562 E UserRestrictionsUtils: Unknown restriction queried by uid 1000 (com.thundercomm.debugtools et al): null
05-24 13:32:52.386 1528 5562 E UserRestrictionsUtils: Unknown restriction queried by uid 1000 (com.thundercomm.debugtools et al): null
05-24 13:32:52.386 1528 5562 E UserRestrictionsUtils: Unknown restriction queried by uid 1000 (com.thundercomm.debugtools et al): null
05-24 13:32:52.387 1528 5562 E UserRestrictionsUtils: Unknown restriction queried by uid 1000 (com.thundercomm.debugtools et al): null
05-24 13:32:52.387 1528 5562 E UserRestrictionsUtils: Unknown restriction queried by uid 1000 (com.thundercomm.debugtools et al): null
05-24 13:32:52.387 1528 5562 E UserRestrictionsUtils: Unknown restriction queried by uid 1000 (com.thundercomm.debugtools et al): null
05-24 13:32:52.387 1528 5562 E UserRestrictionsUtils: Unknown restriction queried by uid 1000 (com.thundercomm.debugtools et al): null
05-24 13:32:52.387 1528 5562 E UserRestrictionsUtils: Unknown restriction queried by uid 1000 (com.thundercomm.debugtools et al): null
05-24 13:32:52.387 1528 22256 E UserRestrictionsUtils: Unknown restriction queried by uid 1000 (com.thundercomm.debugtools et al): null
05-24 13:32:52.387 1528 22256 E UserRestrictionsUtils: Unknown restriction queried by uid 1000 (com.thundercomm.debugtools et al): null
05-24 13:32:52.493 1528 8941 I WindowManager: finishDrawing of relaunch: Window{656aed3 u0 com.android.settings/com.android.settings.Settings} 171ms
05-24 13:32:52.512 1528 1667 I WindowManager: Screen frozen for +208ms due to Window{f854974 u0 NavigationBar0}
05-24 13:32:52.653 0 0 I [10144.007838] [schedu][0x2d5bfa41e0][13: 32:52.653477] wlan: [2025:I:PE] rrm_process_link_measurement_request: 275: Received Link report frame with 0
05-24 13:32:52.653 0 0 W [10144.007874] [schedu][0x2d5bfa44d9][13: 32:52.653517] wlan: [2025:W:PE] lim_send_link_report_action_frame: 4575: RRM: Sending Link Report to 08:79:8c:36:92:70 on vdev[0]
05-24 13:32:53.002 0 0 I : [10144.352913] read descriptors
05-24 13:32:53.002 0 0 I : [10144.353046] read strings
05-24 13:32:53.577 0 0 I [10144.929721] [schedu][0x2d5d085665][13: 32:53.575351] wlan: [2025:I:PE] rrm_process_link_measurement_request: 275: Received Link report frame with 0
05-24 13:32:53.577 0 0 W [10144.929780] [schedu][0x2d5d085bb5][13: 32:53.575421] wlan: [2025:W:PE] lim_send_link_report_action_frame: 4575: RRM: Sending Link Report to 08:79:8c:36:92:70 on vdev[0]
05-24 13:32:54.025 0 0 I : [10145.376674] read descriptors
05-24 13:32:54.025 0 0 I : [10145.376783] read strings
05-24 13:32:54.601 0 0 I [10145.953321] [schedu][0x2d5e3438e0][13: 32:54.598957] wlan: [2025:I:PE] rrm_process_link_measurement_request: 275: Received Link report frame with 0
05-24 13:32:54.602 0 0 W [10145.953395] [schedu][0x2d5e343ece][13: 32:54.599036] wlan: [2025:W:PE] lim_send_link_report_action_frame: 4575: RRM: Sending Link Report to 08:79:8c:36:92:70 on vdev[0]
05-24 13:32:55.050 0 0 I : [10146.401888] read descriptors
05-24 13:32:55.050 0 0 I : [10146.402040] read strings
05-24 13:32:55.643 0 0 I [10146.993336] [schedu][0x2d5f64e9b2][13: 32:55.638968] wlan: [2025:I:PE] rrm_process_link_measurement_request: 275: Received Link report frame with -52
05-24 13:32:55.643 0 0 W [10146.993394] [schedu][0x2d5f64eeb9][13: 32:55.639035] wlan: [2025:W:PE] lim_send_link_report_action_frame: 4575: RRM: Sending Link Report to 08:79:8c:36:92:70 on vdev[0]
05-24 13:32:55.819 1528 22256 E UserRestrictionsUtils: Unknown restriction queried by uid 1000 (com.thundercomm.debugtools et al): null
05-24 13:32:55.820 1528 22256 E UserRestrictionsUtils: Unknown restriction queried by uid 1000 (com.thundercomm.debugtools et al): null
05-24 13:32:55.820 1528 22256 E UserRestrictionsUtils: Unknown restriction queried by uid 1000 (com.thundercomm.debugtools et al): null
05-24 13:32:55.821 1528 22256 E UserRestrictionsUtils: Unknown restriction queried by uid 1000 (com.thundercomm.debugtools et al): null
05-24 13:32:55.821 1528 22256 E UserRestrictionsUtils: Unknown restriction queried by uid 1000 (com.thundercomm.debugtools et al): null
05-24 13:32:55.822 1528 22256 E UserRestrictionsUtils: Unknown restriction queried by uid 1000 (com.thundercomm.debugtools et al): null
05-24 13:32:55.902 0 0 W [10147.254357] audit: audit_lost=7539 audit_rate_limit=5 audit_backlog_limit=64
05-24 13:32:55.902 0 0 E [10147.254360] audit: rate limit exceeded
05-24 13:32:56.069 0 0 I : [10147.420875] read descriptors
05-24 13:32:56.069 0 0 I : [10147.421011] read strings
05-24 13:32:56.549 0 0 I [10147.902557] [schedu][0x2d606f493b][13: 32:56.548188] wlan: [2025:I:PE] rrm_process_link_measurement_request: 275: Received Link report frame with -53
05-24 13:32:56.549 0 0 W [10147.902647] [schedu][0x2d606f4e9f][13: 32:56.548260] wlan: [2025:W:PE] lim_send_link_report_action_frame: 4575: RRM: Sending Link Report to 08:79:8c:36:92:70 on vdev[0]
05-24 13:32:57.089 0 0 I : [10148.441160] read descriptors
05-24 13:32:57.089 0 0 I : [10148.441355] read strings
05-24 13:32:57.565 0 0 I [10148.919114] [schedu][0x2d61991af7][13: 32:57.564745] wlan: [2025:I:PE] rrm_process_link_measurement_request: 275: Received Link report frame with 0
05-24 13:32:57.566 0 0 W [10148.919235] [schedu][0x2d619924ac][13: 32:57.564874] wlan: [2025:W:PE] lim_send_link_report_action_frame: 4575: RRM: Sending Link Report to 08:79:8c:36:92:70 on vdev[0]
05-24 13:32:58.109 0 0 I : [10149.460917] read descriptors
05-24 13:32:58.109 0 0 I : [10149.461036] read strings
05-24 13:32:58.597 0 0 I [10149.950267] [schedu][0x2d62c73315][13: 32:58.595893] wlan: [2025:I:PE] rrm_process_link_measurement_request: 275: Received Link report frame with 0
05-24 13:32:58.598 0 0 W [10149.950384] [schedu][0x2d62c73c9c][13: 32:58.596020] wlan: [2025:W:PE] lim_send_link_report_action_frame: 4575: RRM: Sending Link Report to 08:79:8c:36:92:70 on vdev[0]
05-24 13:32:59.130 0 0 I : [10150.480765] read descriptors
05-24 13:32:59.130 0 0 I : [10150.480862] read strings
05-24 13:32:59.629 0 0 I [10150.982230] [schedu][0x2d63f588ca][13: 32:59.627862] wlan: [2025:I:PE] rrm_process_link_measurement_request: 275: Received Link report frame with -52
05-24 13:32:59.629 0 0 W [10150.982280] [schedu][0x2d63f58d36][13: 32:59.627921] wlan: [2025:W:PE] lim_send_link_report_action_frame: 4575: RRM: Sending Link Report to 08:79:8c:36:92:70 on vdev[0]
05-24 13:32:59.831 1528 22256 E UserRestrictionsUtils: Unknown restriction queried by uid 1000 (com.thundercomm.debugtools et al): null
05-24 13:32:59.877 0 0 W [10151.228753] audit: audit_lost=7545 audit_rate_limit=5 audit_backlog_limit=64
05-24 13:32:59.877 0 0 E [10151.228811] audit: rate limit exceeded
05-24 13:33:00.157 0 0 I : [10151.508731] read descriptors
05-24 13:33:00.157 0 0 I : [10151.508843] read strings
05-24 13:33:00.645 0 0 I [10151.996848] [schedu][0x2d651ec8c7][13: 33:00.642476] wlan: [2025:I:PE] rrm_process_link_measurement_request: 275: Received Link report frame with -52
05-24 13:33:00.646 0 0 W [10151.996923] [schedu][0x2d651ecf28][13: 33:00.642561] wlan: [2025:W:PE] lim_send_link_report_action_frame: 4575: RRM: Sending Link Report to 08:79:8c:36:92:70 on vdev[0]
05-24 13:33:01.178 0 0 I : [10152.528885] read descriptors
05-24 13:33:01.178 0 0 I : [10152.529085] read strings
05-24 13:33:01.565 0 0 I [10152.918319] [schedu][0x2d662cbf78][13: 33:01.563952] wlan: [2025:I:PE] rrm_process_link_measurement_request: 275: Received Link report frame with 0
05-24 13:33:01.565 0 0 W [10152.918366] [schedu][0x2d662cc3cb][13: 33:01.564009] wlan: [2025:W:PE] lim_send_link_report_action_frame: 4575: RRM: Sending Link Report to 08:79:8c:36:92:70 on vdev[0]
05-24 13:33:02.205 0 0 I : [10153.557256] read descriptors
05-24 13:33:02.206 0 0 I : [10153.557389] read strings
05-24 13:33:02.597 0 0 I [10153.949792] [schedu][0x2d675aefa7][13: 33:02.595421] wlan: [2025:I:PE] rrm_process_link_measurement_request: 275: Received Link report frame with 0
05-24 13:33:02.598 0 0 W [10153.949869] [schedu][0x2d675af621][13: 33:02.595507] wlan: [2025:W:PE] lim_send_link_report_action_frame: 4575: RRM: Sending Link Report to 08:79:8c:36:92:70 on vdev[0]
05-24 13:33:03.245 0 0 I : [10154.596972] read descriptors
05-24 13:33:03.245 0 0 I : [10154.597070] read strings
05-24 13:33:03.629 0 0 I [10154.980178] [schedu][0x2d6888cf31][13: 33:03.625814] wlan: [2025:I:PE] rrm_process_link_measurement_request: 275: Received Link report frame with -53
05-24 13:33:03.629 0 0 W [10154.980220] [schedu][0x2d6888d2db][13: 33:03.625863] wlan: [2025:W:PE] lim_send_link_report_action_frame: 4575: RRM: Sending Link Report to 08:79:8c:36:92:70 on vdev[0]
05-24 13:33:04.261 0 0 I : [10155.613008] read descriptors
05-24 13:33:04.262 0 0 I : [10155.613205] read strings
05-24 13:33:04.629 0 0 I [10155.983937] [schedu][0x2d69aee049][13: 33:04.629562] wlan: [2025:I:PE] rrm_process_link_measurement_request: 275: Received Link report frame with 0
05-24 13:33:04.630 0 0 W [10155.984022] [schedu][0x2d69aee777][13: 33:04.629658] wlan: [2025:W:PE] lim_send_link_report_action_frame: 4575: RRM: Sending Link Report to 08:79:8c:36:92:70 on vdev[0]
05-24 13:33:05.281 0 0 I : [10156.634370] read descriptors
05-24 13:33:05.282 0 0 I : [10156.634581] read strings
05-24 13:33:05.558 0 0 I [10156.910362] [schedu][0x2d6abe4ad7][13: 33:05.555996] wlan: [2025:I:PE] rrm_process_link_measurement_request: 275: Received Link report frame with 0
05-24 13:33:05.558 0 0 W [10156.910449] [schedu][0x2d6abe51ea][13: 33:05.556091] wlan: [2025:W:PE] lim_send_link_report_action_frame: 4575: RRM: Sending Link Report to 08:79:8c:36:92:70 on vdev[0]
05-24 13:33:06.301 0 0 I : [10157.653448] read descriptors
05-24 13:33:06.302 0 0 I : [10157.653652] read strings
05-24 13:33:06.577 0 0 I [10157.929507] [schedu][0x2d6be8de87][13: 33:06.575139] wlan: [2025:I:PE] rrm_process_link_measurement_request: 275: Received Link report frame with -50
05-24 13:33:06.577 0 0 W [10157.929634] [schedu][0x2d6be8e864][13: 33:06.575270] wlan: [2025:W:PE] lim_send_link_report_action_frame: 4575: RRM: Sending Link Report to 08:79:8c:36:92:70 on vdev[0]
05-24 13:33:07.330 0 0 I : [10158.681056] read descriptors
05-24 13:33:07.330 0 0 I : [10158.681171] read strings
05-24 13:33:07.609 0 0 I [10158.962631] [schedu][0x2d6d178a93][13: 33:07.608260] wlan: [2025:I:PE] rrm_process_link_measurement_request: 275: Received Link report frame with 0
05-24 13:33:07.610 0 0 W [10158.962738] [schedu][0x2d6d179352][13: 33:07.608376] wlan: [2025:W:PE] lim_send_link_report_action_frame: 4575: RRM: Sending Link Report to 08:79:8c:36:92:70 on vdev[0]
05-24 13:33:08.341 0 0 I : [10159.693359] read descriptors
05-24 13:33:08.342 0 0 I : [10159.693555] read strings
05-24 13:33:08.633 0 0 I [10159.987052] [schedu][0x2d6e43aabe][13: 33:08.632688] wlan: [2025:I:PE] rrm_process_link_measurement_request: 275: Received Link report frame with -51
05-24 13:33:08.633 0 0 W [10159.987100] [schedu][0x2d6e43aebb][13: 33:08.632742] wlan: [2025:W:PE] lim_send_link_report_action_frame: 4575: RRM: Sending Link Report to 08:79:8c:36:92:70 on vdev[0]
05-24 13:33:09.365 0 0 I : [10160.716925] read descriptors
05-24 13:33:09.365 0 0 I : [10160.717041] read strings
05-24 13:33:09.565 0 0 I [10160.919254] [schedu][0x2d6f54c57d][13: 33:09.564885] wlan: [2025:I:PE] rrm_process_link_measurement_request: 275: Received Link report frame with -52
05-24 13:33:09.566 0 0 W [10160.919336] [schedu][0x2d6f54cc0e][13: 33:09.564973] wlan: [2025:W:PE] lim_send_link_report_action_frame: 4575: RRM: Sending Link Report to 08:79:8c:36:92:70 on vdev[0]
05-24 13:33:10.385 0 0 I : [10161.737206] read descriptors
05-24 13:33:10.385 0 0 I : [10161.737300] read strings
05-24 13:33:10.577 0 0 I [10161.930428] [schedu][0x2d707d038f][13: 33:10.576059] wlan: [2025:I:PE] rrm_process_link_measurement_request: 275: Received Link report frame with 0
05-24 13:33:10.577 0 0 W [10161.930507] [schedu][0x2d707d09ea][13: 33:10.576144] wlan: [2025:W:PE] lim_send_link_report_action_frame: 4575: RRM: Sending Link Report to 08:79:8c:36:92:70 on vdev[0]
05-24 13:33:11.405 0 0 I : [10162.756990] read descriptors
05-24 13:33:11.406 0 0 I : [10162.757191] read strings
05-24 13:33:11.605 0 0 I [10162.959746] [schedu][0x2d71aa9260][13: 33:11.605377] wlan: [2025:I:PE] rrm_process_link_measurement_request: 275: Received Link report frame with 0
05-24 13:33:11.605 0 0 W [10162.959818] [schedu][0x2d71aa9846][13: 33:11.605456] wlan: [2025:W:PE] lim_send_link_report_action_frame: 4575: RRM: Sending Link Report to 08:79:8c:36:92:70 on vdev[0]
05-24 13:33:12.421 0 0 I : [10163.772863] read descriptors
05-24 13:33:12.421 0 0 I : [10163.773061] read strings
05-24 13:33:12.625 0 0 I [10163.979754] [schedu][0x2d72d5670d][13: 33:12.625386] wlan: [2025:I:PE] rrm_process_link_measurement_request: 275: Received Link report frame with 0
05-24 13:33:12.626 0 0 W [10163.979835] [schedu][0x2d72d56d92][13: 33:12.625473] wlan: [2025:W:PE] lim_send_link_report_action_frame: 4575: RRM: Sending Link Report to 08:79:8c:36:92:70 on vdev[0]
05-24 13:33:13.441 0 0 I : [10164.793044] read descriptors
05-24 13:33:13.442 0 0 I : [10164.793251] read strings
05-24 13:33:13.657 0 0 I [10165.008319] [schedu][0x2d7402b7cf][13: 33:13.653876] wlan: [2025:I:PE] rrm_process_link_measurement_request: 275: Received Link report frame with 0
05-24 13:33:13.658 0 0 W [10165.008397] [schedu][0x2d7402c3b5][13: 33:13.654035] wlan: [2025:W:PE] lim_send_link_report_action_frame: 4575: RRM: Sending Link Report to 08:79:8c:36:92:70 on vdev[0]
05-24 13:33:14.473 0 0 I : [10165.824391] read descriptors
05-24 13:33:14.473 0 0 I : [10165.824488] read strings
05-24 13:33:14.569 0 0 I [10165.923440] [schedu][0x2d750ed76a][13: 33:14.569071] wlan: [2025:I:PE] rrm_process_link_measurement_request: 275: Received Link report frame with 0
05-24 13:33:14.569 0 0 W [10165.923523] [schedu][0x2d750ede11][13: 33:14.569159] wlan: [2025:W:PE] lim_send_link_report_action_frame: 4575: RRM: Sending Link Report to 08:79:8c:36:92:70 on vdev[0]
05-24 13:33:15.494 0 0 I : [10166.845135] read descriptors
05-24 13:33:15.494 0 0 I : [10166.845357] read strings
05-24 13:33:15.605 0 0 I [10166.956441] [schedu][0x2d763d7a16][13: 33:15.602067] wlan: [2025:I:PE] rrm_process_link_measurement_request: 275: Received Link report frame with -51
05-24 13:33:15.605 0 0 W [10166.956528] [schedu][0x2d763d8184][13: 33:15.602165] wlan: [2025:W:PE] lim_send_link_report_action_frame: 4575: RRM: Sending Link Report to 08:79:8c:36:92:70 on vdev[0]
05-24 13:33:16.513 0 0 I : [10167.864829] read descriptors
05-24 13:33:16.514 0 0 I : [10167.865028] read strings
05-24 13:33:16.617 0 0 I [10167.970161] [schedu][0x2d7766773d][13: 33:16.615788] wlan: [2025:I:PE] rrm_process_link_measurement_request: 275: Received Link report frame with 0
05-24 13:33:16.618 0 0 W [10167.970229] [schedu][0x2d77667d3d][13: 33:16.615868] wlan: [2025:W:PE] lim_send_link_report_action_frame: 4575: RRM: Sending Link Report to 08:79:8c:36:92:70 on vdev[0]
05-24 13:33:17.537 0 0 I : [10168.889385] read descriptors
05-24 13:33:17.538 0 0 I : [10168.889579] read strings
05-24 13:33:17.649 0 0 I [10169.002855] [schedu][0x2d78950378][13: 33:17.648485] wlan: [2025:I:PE] rrm_process_link_measurement_request: 275: Received Link report frame with 0
05-24 13:33:17.649 0 0 W [10169.003003] [schedu][0x2d78950f0a][13: 33:17.648639] wlan: [2025:W:PE] lim_send_link_report_action_frame: 4575: RRM: Sending Link Report to 08:79:8c:36:92:70 on vdev[0]
05-24 13:33:18.557 0 0 I [10169.911624] [schedu][0x2d799f40a6][13: 33:18.557247] wlan: [2025:I:PE] rrm_process_link_measurement_request: 275: Received Link report frame with 0
05-24 13:33:18.557 0 0 W [10169.911675] [schedu][0x2d799f45ea][13: 33:18.557317] wlan: [2025:W:PE] lim_send_link_report_action_frame: 4575: RRM: Sending Link Report to 08:79:8c:36:92:70 on vdev[0]
05-24 13:33:18.573 0 0 I : [10169.924530] read descriptors
05-24 13:33:18.573 0 0 I : [10169.924621] read strings
05-24 13:33:19.593 0 0 I : [10170.944826] read descriptors
05-24 13:33:19.594 0 0 I : [10170.945039] read strings
05-24 13:33:19.689 0 0 I [10171.043058] [schedu][0x2d7aeaba9d][13: 33:19.688687] wlan: [2025:I:PE] rrm_process_link_measurement_request: 275: Received Link report frame with 0
05-24 13:33:19.690 0 0 W [10171.043124] [schedu][0x2d7aeac040][13: 33:19.688762] wlan: [2025:W:PE] lim_send_link_report_action_frame: 4575: RRM: Sending Link Report to 08:79:8c:36:92:70 on vdev[0]
05-24 13:33:19.690 0 0 E [10171.043876] [schedu][0x2d7aeaf898][13: 33:19.689513] wlan: [2025:E:PE] lim_is_valid_frame: 6671: Duplicate frame from 08:79:8c:36:92:70 Seq Number 1479
05-24 13:33:20.609 0 0 I : [10171.961102] read descriptors
05-24 13:33:20.610 0 0 I : [10171.961316] read strings
05-24 13:33:20.726 0 0 I [10172.080042] [schedu][0x2d7c1a8532][13: 33:20.725628] wlan: [2025:I:PE] rrm_process_link_measurement_request: 275: Received Link report frame with -51
05-24 13:33:20.726 0 0 W [10172.080206] [schedu][0x2d7c1a9175][13: 33:20.725791] wlan: [2025:W:PE] lim_send_link_report_action_frame: 4575: RRM: Sending Link Report to 08:79:8c:36:92:70 on vdev[0]
05-24 13:33:21.625 0 0 I : [10172.977082] read descriptors
05-24 13:33:21.626 0 0 I : [10172.977276] read strings
05-24 13:33:21.626 0 0 I [10172.979255] [schedu][0x2d7d21f9de][13: 33:21.624890] wlan: [2025:I:PE] rrm_process_link_measurement_request: 275: Received Link report frame with 0
05-24 13:33:21.626 0 0 W [10172.979317] [schedu][0x2d7d21fec9][13: 33:21.624956] wlan: [2025:W:PE] lim_send_link_report_action_frame: 4575: RRM: Sending Link Report to 08:79:8c:36:92:70 on vdev[0]
05-24 13:33:22.557 0 0 I [10173.909790] [schedu][0x2d7e3297b2][13: 33:22.555421] wlan: [2025:I:PE] rrm_process_link_measurement_request: 275: Received Link report frame with 0
05-24 13:33:22.557 0 0 W [10173.909846] [schedu][0x2d7e329c9d][13: 33:22.555487] wlan: [2025:W:PE] lim_send_link_report_action_frame: 4575: RRM: Sending Link Report to 08:79:8c:36:92:70 on vdev[0]
05-24 13:33:22.649 0 0 I : [10174.000451] read descriptors
05-24 13:33:22.649 0 0 I : [10174.000545] read strings
05-24 13:33:23.585 0 0 I [10174.937475] [schedu][0x2d7f5fabb4][13: 33:23.583101] wlan: [2025:I:PE] rrm_process_link_measurement_request: 275: Received Link report frame with -51
05-24 13:33:23.585 0 0 W [10174.937601] [schedu][0x2d7f5fb5c8][13: 33:23.583236] wlan: [2025:W:PE] lim_send_link_report_action_frame: 4575: RRM: Sending Link Report to 08:79:8c:36:92:70 on vdev[0]
05-24 13:33:23.669 0 0 I : [10175.020841] read descriptors
05-24 13:33:23.669 0 0 I : [10175.021046] read strings
05-24 13:33:24.601 0 0 I [10175.953779] [schedu][0x2d80896a96][13: 33:24.599406] wlan: [2025:I:PE] rrm_process_link_measurement_request: 275: Received Link report frame with -51
05-24 13:33:24.602 0 0 W [10175.953862] [schedu][0x2d80897183][13: 33:24.599499] wlan: [2025:W:PE] lim_send_link_report_action_frame: 4575: RRM: Sending Link Report to 08:79:8c:36:92:70 on vdev[0]
05-24 13:33:24.693 0 0 I : [10176.045409] read descriptors
05-24 13:33:24.694 0 0 I : [10176.045617] read strings
05-24 13:33:25.713 0 0 I : [10177.064728] read descriptors
05-24 13:33:25.713 0 0 I : [10177.064898] read strings
05-24 13:33:25.729 0 0 I [10177.083843] [schedu][0x2d81d47dcd][13: 33:25.729476] wlan: [2025:I:PE] rrm_process_link_measurement_request: 275: Received Link report frame with -52
05-24 13:33:25.730 0 0 W [10177.083920] [schedu][0x2d81d483e1][13: 33:25.729557] wlan: [2025:W:PE] lim_send_link_report_action_frame: 4575: RRM: Sending Link Report to 08:79:8c:36:92:70 on vdev[0]
05-24 13:33:26.645 0 0 I [10177.999410] [schedu][0x2d82e0b928][13: 33:26.645041] wlan: [2025:I:PE] rrm_process_link_measurement_request: 275: Received Link report frame with 0
05-24 13:33:26.645 0 0 W [10177.999463] [schedu][0x2d82e0bdec][13: 33:26.645104] wlan: [2025:W:PE] lim_send_link_report_action_frame: 4575: RRM: Sending Link Report to 08:79:8c:36:92:70 on vdev[0]
05-24 13:33:26.733 0 0 I : [10178.084590] read descriptors
05-24 13:33:26.733 0 0 I : [10178.084706] read strings
05-24 13:33:27.329 1528 8941 E UserRestrictionsUtils: Unknown restriction queried by uid 1000 (com.thundercomm.debugtools et al): null
05-24 13:33:27.330 1528 8941 E UserRestrictionsUtils: Unknown restriction queried by uid 1000 (com.thundercomm.debugtools et al): null
05-24 13:33:27.330 1528 8941 E UserRestrictionsUtils: Unknown restriction queried by uid 1000 (com.thundercomm.debugtools et al): null
05-24 13:33:27.331 1528 8941 E UserRestrictionsUtils: Unknown restriction queried by uid 1000 (com.thundercomm.debugtools et al): null
05-24 13:33:27.332 1528 8941 E UserRestrictionsUtils: Unknown restriction queried by uid 1000 (com.thundercomm.debugtools et al): null
05-24 13:33:27.369 0 0 W [10178.723734] audit: audit_lost=7564 audit_rate_limit=5 audit_backlog_limit=64
05-24 13:33:27.370 0 0 E [10178.723737] audit: rate limit exceeded
05-24 13:33:27.581 0 0 I [10178.935273] [schedu][0x2d83f2e5db][13: 33:27.580890] wlan: [2025:I:PE] rrm_process_link_measurement_request: 275: Received Link report frame with -51
05-24 13:33:27.582 0 0 W [10178.935344] [schedu][0x2d83f2ecf7][13: 33:27.580985] wlan: [2025:W:PE] lim_send_link_report_action_frame: 4575: RRM: Sending Link Report to 08:79:8c:36:92:70 on vdev[0]
05-24 13:33:27.757 0 0 I : [10179.104736] read descriptors
05-24 13:33:27.757 0 0 I : [10179.104835] read strings
05-24 13:33:28.526 0 0 W [10179.877238] audit: audit_lost=7583 audit_rate_limit=5 audit_backlog_limit=64
05-24 13:33:28.526 0 0 E [10179.877244] audit: rate limit exceeded
05-24 13:33:28.598 0 0 I [10179.945378] [schedu][0x2d851ad4a3][13: 33:28.591007] wlan: [2025:I:PE] rrm_process_link_measurement_request: 275: Received Link report frame with 0
05-24 13:33:28.599 0 0 W [10179.945436] [schedu][0x2d851ad9d0][13: 33:28.591076] wlan: [2025:W:PE] lim_send_link_report_action_frame: 4575: RRM: Sending Link Report to 08:79:8c:36:92:70 on vdev[0]
05-24 13:33:28.777 0 0 I : [10180.129135] read descriptors
05-24 13:33:28.777 0 0 I : [10180.129275] read strings
05-24 13:33:29.621 0 0 I [10180.974506] [schedu][0x2d86485512][13: 33:29.620133] wlan: [2025:I:PE] rrm_process_link_measurement_request: 275: Received Link report frame with -52
05-24 13:33:29.621 0 0 W [10180.974625] [schedu][0x2d86485ebb][13: 33:29.620262] wlan: [2025:W:PE] lim_send_link_report_action_frame: 4575: RRM: Sending Link Report to 08:79:8c:36:92:70 on vdev[0]
05-24 13:33:29.797 0 0 I : [10181.148810] read descriptors
05-24 13:33:29.797 0 0 I : [10181.149011] read strings
05-24 13:33:30.654 0 0 I [10182.005015] [schedu][0x2d87763db9][13: 33:30.650648] wlan: [2025:I:PE] rrm_process_link_measurement_request: 275: Received Link report frame with 0
05-24 13:33:30.654 0 0 W [10182.005059] [schedu][0x2d877641cc][13: 33:30.650702] wlan: [2025:W:PE] lim_send_link_report_action_frame: 4575: RRM: Sending Link Report to 08:79:8c:36:92:70 on vdev[0]
05-24 13:33:30.734 1528 1666 I ActivityTaskManager: Config changes=40000000 {1.3 ?mcc?mnc [zh_CN] ldltr sw720dp w1706dp h665dp 240dpi lrg long hdr land finger -keyb/v/h -nav/h winConfig={ mBounds=Rect(0, 0 - 2560, 1080) mAppBounds=Rect(0, 0 - 2560, 1034) mMaxBounds=Rect(0, 0 - 2560, 1080) mWindowingMode=fullscreen mDisplayWindowingMode=fullscreen mActivityType=undefined mAlwaysOnTop=undefined mRotation=ROTATION_0} s.220 fontWeightAdjustment=0}
05-24 13:33:30.753 1528 1666 I WindowManager: Override config changes=40000000 {1.3 ?mcc?mnc [zh_CN] ldltr sw720dp w1706dp h665dp 240dpi lrg long hdr land finger -keyb/v/h -nav/h winConfig={ mBounds=Rect(0, 0 - 2560, 1080) mAppBounds=Rect(0, 0 - 2560, 1034) mMaxBounds=Rect(0, 0 - 2560, 1080) mWindowingMode=fullscreen mDisplayWindowingMode=fullscreen mActivityType=undefined mAlwaysOnTop=undefined mRotation=ROTATION_0} s.220 fontWeightAdjustment=0} for displayId=0
05-24 13:33:30.778 0 0 W [10182.129536] audit: audit_lost=7591 audit_rate_limit=5 audit_backlog_limit=64
05-24 13:33:30.778 0 0 E [10182.129539] audit: rate limit exceeded
05-24 13:33:30.787 1528 10039 W ActivityManager: Receiver with filter android.content.IntentFilter@37a370 already registered for pid 2966, callerPackage is com.android.music
05-24 13:33:30.824 1528 10045 E UserRestrictionsUtils: Unknown restriction queried by uid 1000 (com.thundercomm.debugtools et al): null
05-24 13:33:30.824 1528 10045 E UserRestrictionsUtils: Unknown restriction queried by uid 1000 (com.thundercomm.debugtools et al): null
05-24 13:33:30.824 1528 9633 E UserRestrictionsUtils: Unknown restriction queried by uid 1000 (com.thundercomm.debugtools et al): null
05-24 13:33:30.824 1528 8941 E UserRestrictionsUtils: Unknown restriction queried by uid 1000 (com.thundercomm.debugtools et al): null
05-24 13:33:30.825 1528 8941 E UserRestrictionsUtils: Unknown restriction queried by uid 1000 (com.thundercomm.debugtools et al): null
05-24 13:33:30.825 1528 8941 E UserRestrictionsUtils: Unknown restriction queried by uid 1000 (com.thundercomm.debugtools et al): null
05-24 13:33:30.825 1528 8941 E UserRestrictionsUtils: Unknown restriction queried by uid 1000 (com.thundercomm.debugtools et al): null
05-24 13:33:30.825 1528 8941 E UserRestrictionsUtils: Unknown restriction queried by uid 1000 (com.thundercomm.debugtools et al): null
05-24 13:33:30.825 1528 8941 E UserRestrictionsUtils: Unknown restriction queried by uid 1000 (com.thundercomm.debugtools et al): null
05-24 13:33:30.826 1528 8941 E UserRestrictionsUtils: Unknown restriction queried by uid 1000 (com.thundercomm.debugtools et al): null
05-24 13:33:30.826 1528 8941 E UserRestrictionsUtils: Unknown restriction queried by uid 1000 (com.thundercomm.debugtools et al): null
05-24 13:33:30.826 1528 8941 E UserRestrictionsUtils: Unknown restriction queried by uid 1000 (com.thundercomm.debugtools et al): null
05-24 13:33:30.827 1528 9633 E UserRestrictionsUtils: Unknown restriction queried by uid 1000 (com.thundercomm.debugtools et al): null
05-24 13:33:30.827 1528 8941 E UserRestrictionsUtils: Unknown restriction queried by uid 1000 (com.thundercomm.debugtools et al): null
05-24 13:33:30.827 1528 10045 E UserRestrictionsUtils: Unknown restriction queried by uid 1000 (com.thundercomm.debugtools et al): null
05-24 13:33:30.827 1528 8941 E UserRestrictionsUtils: Unknown restriction queried by uid 1000 (com.thundercomm.debugtools et al): null
05-24 13:33:30.827 1528 8437 E UserRestrictionsUtils: Unknown restriction queried by uid 1000 (com.thundercomm.debugtools et al): null
05-24 13:33:30.828 1528 8437 E UserRestrictionsUtils: Unknown restriction queried by uid 1000 (com.thundercomm.debugtools et al): null
05-24 13:33:30.829 0 0 I : [10182.180302] read descriptors
05-24 13:33:30.829 0 0 I : [10182.180332] read strings
05-24 13:33:30.839 1528 9633 E UserRestrictionsUtils: Unknown restriction queried by uid 1000 (com.thundercomm.debugtools et al): null
05-24 13:33:30.839 1528 9633 E UserRestrictionsUtils: Unknown restriction queried by uid 1000 (com.thundercomm.debugtools et al): null
05-24 13:33:30.840 1528 9633 E UserRestrictionsUtils: Unknown restriction queried by uid 1000 (com.thundercomm.debugtools et al): null
05-24 13:33:30.840 1528 9633 E UserRestrictionsUtils: Unknown restriction queried by uid 1000 (com.thundercomm.debugtools et al): null
05-24 13:33:30.840 1528 9633 E UserRestrictionsUtils: Unknown restriction queried by uid 1000 (com.thundercomm.debugtools et al): null
05-24 13:33:30.869 1528 9633 E UserRestrictionsUtils: Unknown restriction queried by uid 1000 (com.thundercomm.debugtools et al): null
05-24 13:33:30.869 1528 9633 E UserRestrictionsUtils: Unknown restriction queried by uid 1000 (com.thundercomm.debugtools et al): null
05-24 13:33:30.869 1528 9633 E UserRestrictionsUtils: Unknown restriction queried by uid 1000 (com.thundercomm.debugtools et al): null
05-24 13:33:30.869 1528 9633 E UserRestrictionsUtils: Unknown restriction queried by uid 1000 (com.thundercomm.debugtools et al): null
05-24 13:33:30.870 1528 9633 E UserRestrictionsUtils: Unknown restriction queried by uid 1000 (com.thundercomm.debugtools et al): null
05-24 13:33:30.870 1528 9633 E UserRestrictionsUtils: Unknown restriction queried by uid 1000 (com.thundercomm.debugtools et al): null
05-24 13:33:30.870 1528 9633 E UserRestrictionsUtils: Unknown restriction queried by uid 1000 (com.thundercomm.debugtools et al): null
05-24 13:33:30.870 1528 9633 E UserRestrictionsUtils: Unknown restriction queried by uid 1000 (com.thundercomm.debugtools et al): null
05-24 13:33:30.870 1528 9633 E UserRestrictionsUtils: Unknown restriction queried by uid 1000 (com.thundercomm.debugtools et al): null
05-24 13:33:30.870 1528 9633 E UserRestrictionsUtils: Unknown restriction queried by uid 1000 (com.thundercomm.debugtools et al): null
05-24 13:33:30.871 1528 9633 E UserRestrictionsUtils: Unknown restriction queried by uid 1000 (com.thundercomm.debugtools et al): null
05-24 13:33:30.871 1528 9633 E UserRestrictionsUtils: Unknown restriction queried by uid 1000 (com.thundercomm.debugtools et al): null
05-24 13:33:30.871 1528 9633 E UserRestrictionsUtils: Unknown restriction queried by uid 1000 (com.thundercomm.debugtools et al): null
05-24 13:33:30.871 1528 9633 E UserRestrictionsUtils: Unknown restriction queried by uid 1000 (com.thundercomm.debugtools et al): null
05-24 13:33:30.871 1528 9633 E UserRestrictionsUtils: Unknown restriction queried by uid 1000 (com.thundercomm.debugtools et al): null
05-24 13:33:30.871 1528 9633 E UserRestrictionsUtils: Unknown restriction queried by uid 1000 (com.thundercomm.debugtools et al): null
05-24 13:33:30.871 1528 9633 E UserRestrictionsUtils: Unknown restriction queried by uid 1000 (com.thundercomm.debugtools et al): null
05-24 13:33:30.872 1528 9633 E UserRestrictionsUtils: Unknown restriction queried by uid 1000 (com.thundercomm.debugtools et al): null
05-24 13:33:30.984 1528 22252 I WindowManager: finishDrawing of relaunch: Window{6da3594 u0 com.android.settings/com.android.settings.Settings} 178ms
05-24 13:33:31.011 1528 1667 I WindowManager: Screen frozen for +220ms due to Window{6916515 u0 NavigationBar0}
05-24 13:33:31.685 0 0 I [10183.036308] [schedu][0x2d88a46042][13: 33:31.681935] wlan: [2025:I:PE] rrm_process_link_measurement_request: 275: Received Link report frame with -52
05-24 13:33:31.686 0 0 W [10183.036413] [schedu][0x2d88a46751][13: 33:31.682029] wlan: [2025:W:PE] lim_send_link_report_action_frame: 4575: RRM: Sending Link Report to 08:79:8c:36:92:70 on vdev[0]
05-24 13:33:31.857 0 0 I : [10183.210731] read descriptors
05-24 13:33:31.857 0 0 I : [10183.210929] read strings
05-24 13:33:32.365 1528 22252 E UserRestrictionsUtils: Unknown restriction queried by uid 1000 (com.thundercomm.debugtools et al): null
05-24 13:33:32.525 0 0 W [10183.879292] audit: audit_lost=7613 audit_rate_limit=5 audit_backlog_limit=64
05-24 13:33:32.525 0 0 E [10183.879296] audit: rate limit exceeded
05-24 13:33:32.597 0 0 I [10183.950921] [schedu][0x2d89b054e7][13: 33:32.596557] wlan: [2025:I:PE] rrm_process_link_measurement_request: 275: Received Link report frame with -53
05-24 13:33:32.598 0 0 W [10183.950958] [schedu][0x2d89b05834][13: 33:32.596601] wlan: [2025:W:PE] lim_send_link_report_action_frame: 4575: RRM: Sending Link Report to 08:79:8c:36:92:70 on vdev[0]
05-24 13:33:32.925 0 0 I : [10184.276786] read descriptors
05-24 13:33:32.925 0 0 I : [10184.276880] read strings
05-24 13:33:33.622 0 0 I [10184.976220] [schedu][0x2d8adcb57e][13: 33:33.621845] wlan: [2025:I:PE] rrm_process_link_measurement_request: 275: Received Link report frame with 0
05-24 13:33:33.622 0 0 W [10184.976337] [schedu][0x2d8adcbc3a][13: 33:33.621935] wlan: [2025:W:PE] lim_send_link_report_action_frame: 4575: RRM: Sending Link Report to 08:79:8c:36:92:70 on vdev[0]
05-24 13:33:33.946 0 0 I : [10185.297049] read descriptors
05-24 13:33:33.946 0 0 I : [10185.297171] read strings
05-24 13:33:34.846 0 0 I [10186.199994] [schedu][0x2d8c433ce8][13: 33:34.845624] wlan: [2025:I:PE] rrm_process_link_measurement_request: 275: Received Link report frame with -51
05-24 13:33:34.846 0 0 W [10186.200129] [schedu][0x2d8c4347e7][13: 33:34.845771] wlan: [2025:W:PE] lim_send_link_report_action_frame: 4575: RRM: Sending Link Report to 08:79:8c:36:92:70 on vdev[0]
05-24 13:33:34.997 0 0 I : [10186.349830] read descriptors
05-24 13:33:34.997 0 0 I : [10186.349936] read strings
05-24 13:33:35.557 0 0 I [10186.908730] [schedu][0x2d8d12e015][13: 33:35.554360] wlan: [2025:I:PE] rrm_process_link_measurement_request: 275: Received Link report frame with -53
05-24 13:33:35.557 0 0 W [10186.908776] [schedu][0x2d8d12e499][13: 33:35.554420] wlan: [2025:W:PE] lim_send_link_report_action_frame: 4575: RRM: Sending Link Report to 08:79:8c:36:92:70 on vdev[0]
05-24 13:33:36.033 0 0 I : [10187.385689] read descriptors
05-24 13:33:36.033 0 0 I : [10187.385816] read strings
05-24 13:33:36.585 0 0 I [10187.937241] [schedu][0x2d8e40322d][13: 33:36.582868] wlan: [2025:I:PE] rrm_process_link_measurement_request: 275: Received Link report frame with 0
05-24 13:33:36.586 0 0 W [10187.937369] [schedu][0x2d8e40393e][13: 33:36.582962] wlan: [2025:W:PE] lim_send_link_report_action_frame: 4575: RRM: Sending Link Report to 08:79:8c:36:92:70 on vdev[0]
05-24 13:33:37.049 0 0 I : [10188.401001] read descriptors
05-24 13:33:37.050 0 0 I : [10188.401214] read strings
05-24 13:33:37.447 1528 22252 E UserRestrictionsUtils: Unknown restriction queried by uid 1000 (com.thundercomm.debugtools et al): null
05-24 13:33:37.448 1528 22252 E UserRestrictionsUtils: Unknown restriction queried by uid 1000 (com.thundercomm.debugtools et al): null
05-24 13:33:37.449 1528 22252 E UserRestrictionsUtils: Unknown restriction queried by uid 1000 (com.thundercomm.debugtools et al): null
05-24 13:33:37.451 1528 22252 E UserRestrictionsUtils: Unknown restriction queried by uid 1000 (com.thundercomm.debugtools et al): null
05-24 13:33:37.452 1528 22252 E UserRestrictionsUtils: Unknown restriction queried by uid 1000 (com.thundercomm.debugtools et al): null
05-24 13:33:37.533 0 0 W [10188.887433] audit: audit_lost=7624 audit_rate_limit=5 audit_backlog_limit=64
05-24 13:33:37.533 0 0 E [10188.887439] audit: rate limit exceeded
05-24 13:33:37.813 0 0 I [10189.167504] [schedu][0x2d8fa8a03e][13: 33:37.813135] wlan: [2025:I:PE] rrm_process_link_measurement_request: 275: Received Link report frame with 0
05-24 13:33:37.814 0 0 W [10189.167562] [schedu][0x2d8fa8a559][13: 33:37.813203] wlan: [2025:W:PE] lim_send_link_report_action_frame: 4575: RRM: Sending Link Report to 08:79:8c:36:92:70 on vdev[0]
05-24 13:33:38.073 0 0 I : [10189.424857] read descriptors
05-24 13:33:38.073 0 0 I : [10189.425055] read strings
05-24 13:33:38.642 0 0 I [10189.988902] [schedu][0x2d9099455c][13: 33:38.634537] wlan: [2025:I:PE] rrm_process_link_measurement_request: 275: Received Link report frame with -52
05-24 13:33:38.642 0 0 W [10189.988959] [schedu][0x2d90994a16][13: 33:38.634600] wlan: [2025:W:PE] lim_send_link_report_action_frame: 4575: RRM: Sending Link Report to 08:79:8c:36:92:70 on vdev[0]
05-24 13:33:38.642 0 0 W [10189.995975] audit: audit_lost=7645 audit_rate_limit=5 audit_backlog_limit=64
05-24 13:33:38.642 0 0 E [10189.995979] audit: rate limit exceeded
05-24 13:33:39.102 0 0 I : [10190.453384] read descriptors
05-24 13:33:39.102 0 0 I : [10190.453522] read strings
05-24 13:33:39.465 1528 1666 I ActivityTaskManager: Config changes=40000000 {1.0 ?mcc?mnc [zh_CN] ldltr sw720dp w1706dp h665dp 240dpi lrg long hdr land finger -keyb/v/h -nav/h winConfig={ mBounds=Rect(0, 0 - 2560, 1080) mAppBounds=Rect(0, 0 - 2560, 1034) mMaxBounds=Rect(0, 0 - 2560, 1080) mWindowingMode=fullscreen mDisplayWindowingMode=fullscreen mActivityType=undefined mAlwaysOnTop=undefined mRotation=ROTATION_0} s.273 fontWeightAdjustment=0}
05-24 13:33:39.482 1528 1666 I WindowManager: Override config changes=40000000 {1.0 ?mcc?mnc [zh_CN] ldltr sw720dp w1706dp h665dp 240dpi lrg long hdr land finger -keyb/v/h -nav/h winConfig={ mBounds=Rect(0, 0 - 2560, 1080) mAppBounds=Rect(0, 0 - 2560, 1034) mMaxBounds=Rect(0, 0 - 2560, 1080) mWindowingMode=fullscreen mDisplayWindowingMode=fullscreen mActivityType=undefined mAlwaysOnTop=undefined mRotation=ROTATION_0} s.273 fontWeightAdjustment=0} for displayId=0
05-24 13:33:39.502 1528 2684 W ActivityManager: Receiver with filter android.content.IntentFilter@682f2eb already registered for pid 2966, callerPackage is com.android.music
05-24 13:33:39.543 1528 19621 E UserRestrictionsUtils: Unknown restriction queried by uid 1000 (com.thundercomm.debugtools et al): null
05-24 13:33:39.543 1528 19621 E UserRestrictionsUtils: Unknown restriction queried by uid 1000 (com.thundercomm.debugtools et al): null
05-24 13:33:39.543 1528 19621 E UserRestrictionsUtils: Unknown restriction queried by uid 1000 (com.thundercomm.debugtools et al): null
05-24 13:33:39.544 1528 19621 E UserRestrictionsUtils: Unknown restriction queried by uid 1000 (com.thundercomm.debugtools et al): null
05-24 13:33:39.544 1528 19621 E UserRestrictionsUtils: Unknown restriction queried by uid 1000 (com.thundercomm.debugtools et al): null
05-24 13:33:39.544 1528 19621 E UserRestrictionsUtils: Unknown restriction queried by uid 1000 (com.thundercomm.debugtools et al): null
05-24 13:33:39.544 1528 19621 E UserRestrictionsUtils: Unknown restriction queried by uid 1000 (com.thundercomm.debugtools et al): null
05-24 13:33:39.544 1528 19621 E UserRestrictionsUtils: Unknown restriction queried by uid 1000 (com.thundercomm.debugtools et al): null
05-24 13:33:39.544 1528 19621 E UserRestrictionsUtils: Unknown restriction queried by uid 1000 (com.thundercomm.debugtools et al): null
05-24 13:33:39.545 1528 19621 E UserRestrictionsUtils: Unknown restriction queried by uid 1000 (com.thundercomm.debugtools et al): null
05-24 13:33:39.545 1528 8941 E UserRestrictionsUtils: Unknown restriction queried by uid 1000 (com.thundercomm.debugtools et al): null
05-24 13:33:39.545 1528 8941 E UserRestrictionsUtils: Unknown restriction queried by uid 1000 (com.thundercomm.debugtools et al): null
05-24 13:33:39.545 1528 8941 E UserRestrictionsUtils: Unknown restriction queried by uid 1000 (com.thundercomm.debugtools et al): null
05-24 13:33:39.545 1528 19621 E UserRestrictionsUtils: Unknown restriction queried by uid 1000 (com.thundercomm.debugtools et al): null
05-24 13:33:39.545 1528 19621 E UserRestrictionsUtils: Unknown restriction queried by uid 1000 (com.thundercomm.debugtools et al): null
05-24 13:33:39.546 1528 19621 E UserRestrictionsUtils: Unknown restriction queried by uid 1000 (com.thundercomm.debugtools et al): null
05-24 13:33:39.546 1528 19621 E UserRestrictionsUtils: Unknown restriction queried by uid 1000 (com.thundercomm.debugtools et al): null
05-24 13:33:39.546 1528 19621 E UserRestrictionsUtils: Unknown restriction queried by uid 1000 (com.thundercomm.debugtools et al): null
05-24 13:33:39.555 1528 8941 E UserRestrictionsUtils: Unknown restriction queried by uid 1000 (com.thundercomm.debugtools et al): null
05-24 13:33:39.556 1528 8941 E UserRestrictionsUtils: Unknown restriction queried by uid 1000 (com.thundercomm.debugtools et al): null
05-24 13:33:39.556 1528 8941 E UserRestrictionsUtils: Unknown restriction queried by uid 1000 (com.thundercomm.debugtools et al): null
05-24 13:33:39.556 1528 8941 E UserRestrictionsUtils: Unknown restriction queried by uid 1000 (com.thundercomm.debugtools et al): null
05-24 13:33:39.556 1528 8941 E UserRestrictionsUtils: Unknown restriction queried by uid 1000 (com.thundercomm.debugtools et al): null
05-24 13:33:39.583 1528 22256 E UserRestrictionsUtils: Unknown restriction queried by uid 1000 (com.thundercomm.debugtools et al): null
05-24 13:33:39.584 1528 22256 E UserRestrictionsUtils: Unknown restriction queried by uid 1000 (com.thundercomm.debugtools et al): null
05-24 13:33:39.584 1528 22256 E UserRestrictionsUtils: Unknown restriction queried by uid 1000 (com.thundercomm.debugtools et al): null
05-24 13:33:39.584 1528 22256 E UserRestrictionsUtils: Unknown restriction queried by uid 1000 (com.thundercomm.debugtools et al): null
05-24 13:33:39.584 1528 22256 E UserRestrictionsUtils: Unknown restriction queried by uid 1000 (com.thundercomm.debugtools et al): null
05-24 13:33:39.584 1528 22256 E UserRestrictionsUtils: Unknown restriction queried by uid 1000 (com.thundercomm.debugtools et al): null
05-24 13:33:39.584 1528 22256 E UserRestrictionsUtils: Unknown restriction queried by uid 1000 (com.thundercomm.debugtools et al): null
05-24 13:33:39.585 1528 22256 E UserRestrictionsUtils: Unknown restriction queried by uid 1000 (com.thundercomm.debugtools et al): null
05-24 13:33:39.585 1528 22256 E UserRestrictionsUtils: Unknown restriction queried by uid 1000 (com.thundercomm.debugtools et al): null
05-24 13:33:39.585 1528 22256 E UserRestrictionsUtils: Unknown restriction queried by uid 1000 (com.thundercomm.debugtools et al): null
05-24 13:33:39.585 1528 22256 E UserRestrictionsUtils: Unknown restriction queried by uid 1000 (com.thundercomm.debugtools et al): null
05-24 13:33:39.585 1528 22256 E UserRestrictionsUtils: Unknown restriction queried by uid 1000 (com.thundercomm.debugtools et al): null
05-24 13:33:39.585 1528 22256 E UserRestrictionsUtils: Unknown restriction queried by uid 1000 (com.thundercomm.debugtools et al): null
05-24 13:33:39.585 1528 22256 E UserRestrictionsUtils: Unknown restriction queried by uid 1000 (com.thundercomm.debugtools et al): null
05-24 13:33:39.586 1528 22256 E UserRestrictionsUtils: Unknown restriction queried by uid 1000 (com.thundercomm.debugtools et al): null
05-24 13:33:39.586 1528 22256 E UserRestrictionsUtils: Unknown restriction queried by uid 1000 (com.thundercomm.debugtools et al): null
05-24 13:33:39.586 1528 22256 E UserRestrictionsUtils: Unknown restriction queried by uid 1000 (com.thundercomm.debugtools et al): null
05-24 13:33:39.586 1528 22256 E UserRestrictionsUtils: Unknown restriction queried by uid 1000 (com.thundercomm.debugtools et al): null
05-24 13:33:39.665 0 0 I [10191.018240] [schedu][0x2d91c6d66f][13: 33:39.663884] wlan: [2025:I:PE] rrm_process_link_measurement_request: 275: Received Link report frame with 0
05-24 13:33:39.665 0 0 W [10191.018252] [schedu][0x2d91c6d77c][13: 33:39.663898] wlan: [2025:W:PE] lim_send_link_report_action_frame: 4575: RRM: Sending Link Report to 08:79:8c:36:92:70 on vdev[0]
05-24 13:33:39.687 1528 8862 I WindowManager: finishDrawing of relaunch: Window{b704043 u0 com.android.settings/com.android.settings.Settings} 164ms
05-24 13:33:39.713 1528 1667 I WindowManager: Screen frozen for +208ms due to Window{c1f1f24 u0 NavigationBar0}
05-24 13:33:39.735 0 0 W [10191.085960] audit: audit_lost=7667 audit_rate_limit=5 audit_backlog_limit=64
05-24 13:33:39.735 0 0 E [10191.085964] audit: rate limit exceeded
05-24 13:33:40.141 0 0 I : [10191.492712] read descriptors
05-24 13:33:40.141 0 0 I : [10191.492840] read strings
05-24 13:33:40.573 0 0 I [10191.926749] [schedu][0x2d92d0fcd0][13: 33:40.572343] wlan: [2025:I:PE] rrm_process_link_measurement_request: 275: Received Link report frame with 0
05-24 13:33:40.573 0 0 W [10191.926831] [schedu][0x2d92d1063a][13: 33:40.572468] wlan: [2025:W:PE] lim_send_link_report_action_frame: 4575: RRM: Sending Link Report to 08:79:8c:36:92:70 on vdev[0]
05-24 13:33:41.161 0 0 I : [10192.512877] read descriptors
05-24 13:33:41.161 0 0 I : [10192.513053] read strings
05-24 13:33:41.610 0 0 I [10192.963017] [schedu][0x2d94009198][13: 33:41.608567] wlan: [2025:I:PE] rrm_process_link_measurement_request: 275: Received Link report frame with 0
05-24 13:33:41.610 0 0 W [10192.963140] [schedu][0x2d9400a157][13: 33:41.608776] wlan: [2025:W:PE] lim_send_link_report_action_frame: 4575: RRM: Sending Link Report to 08:79:8c:36:92:70 on vdev[0]
05-24 13:33:42.181 0 0 I : [10193.534218] read descriptors
05-24 13:33:42.182 0 0 I : [10193.534426] read strings
