05-24 13:59:34.928 1528 22256 I ActivityTaskManager: START u0 {flg=0x10000000 pkg=com.thundercomm.screensaver cmp=com.thundercomm.screensaver/android.service.dreams.DreamActivity (has extras)} from uid 10042
05-24 13:59:34.930 1528 22256 W ActivityTaskManager: Can't find TaskDisplayArea to determine support for multi window. Task id=69 attached=false
05-24 13:59:34.940 1528 8941 I ActivityTaskManager: FOREGROUND_APPLICATION_CHANGED to android.service.dreams.DreamActivity
05-24 13:59:34.941 1528 8941 I ActivityTaskManager: The Process com.thundercomm.screensaver Already Exists in BG. So sending its PID: 13872
05-24 13:59:34.941 1528 8941 W ActivityTaskManager: Tried to set launchTime (0) < mLastActivityLaunchTime (11732298)
05-24 13:59:34.948 1528 10045 W WindowManager: Failed looking up window session=Session{a666445 13872:u0a10042} callers=com.android.server.wm.WindowManagerService.windowForClientLocked:5628 com.android.server.wm.Session.insetsModified:629 android.view.IWindowSession$Stub.onTransact:1151
05-24 13:59:35.006 0 0 W [11746.489881] audit: audit_lost=10178 audit_rate_limit=5 audit_backlog_limit=64
05-24 13:59:35.006 0 0 E [11746.489886] audit: rate limit exceeded
05-24 13:59:35.162 0 0 I : [11746.648248] read descriptors
05-24 13:59:35.162 0 0 I : [11746.648277] read strings
05-24 13:59:35.903 1528 15317 I DreamManagerService: Gently waking up from dream.
05-24 13:59:35.903 1528 1694 I PowerManagerService: Powering on display group fromDreaming (groupId=0, uid=1000, reason=WAKE_REASON_UNKNOWN, details=android.server.power:DREAM_FINISHED)...
05-24 13:59:35.903 1528 1694 I PowerManagerService: Waking up from Dreaming (uid=1000, reason=WAKE_REASON_UNKNOWN, details=android.server.power:DREAM_FINISHED)...
05-24 13:59:35.903 1528 1663 I DreamManagerService: Performing gentle wake from dream.
05-24 13:59:35.908 1528 10045 I ActivityTaskManager: FOREGROUND_APPLICATION_CHANGED to com.android.settings.homepage.SettingsHomepageActivity
05-24 13:59:36.178 0 0 I : [11747.664271] read descriptors
05-24 13:59:36.178 0 0 I : [11747.664292] read strings
05-24 13:59:36.477 1528 22256 I DreamManagerService: Leaving dreamland.
05-24 13:59:36.477 1528 1663 I DreamManagerService: Performing gentle wake from dream.
05-24 13:59:36.477 1528 1663 I DreamController: Stopping dream: name=ComponentInfo{com.thundercomm.screensaver/com.thundercomm.screensaver.service.SystemDream}, isTest=false, canDoze=false, userId=0, reason='finished self'(from 'request awaken')
05-24 13:59:36.482 1528 1667 W ActivityTaskManager: Can't find TaskDisplayArea to determine support for multi window. Task id=69 attached=false
05-24 13:59:36.724 1528 1528 D WindowManager: powerPress: eventTime=11748208 interactive=true count=0 beganFromNonInteractive=false mShortPressOnPowerBehavior=1
05-24 13:59:36.724 1528 1528 I PowerManagerService: Powering off display group due to power_button (groupId= 0, uid= 1000)...
05-24 13:59:36.724 1528 1528 I PowerManagerService: Going to sleep due to power_button (uid 1000)...
05-24 13:59:36.724 1528 1664 D CompatibilityChangeReporter: Compat change id reported: 173031413; UID 1000; state: ENABLED
05-24 13:59:36.724 1528 1664 D CompatibilityChangeReporter: Compat change id reported: 173031413; UID 1000; state: DISABLED
05-24 13:59:36.724 1528 1694 I PowerManagerService: Sleeping display group (groupId=0, uid=1000)...
05-24 13:59:36.724 1528 1694 I PowerManagerService: Sleeping (uid 1000)...
05-24 13:59:36.726 1528 1528 D CompatibilityChangeReporter: Compat change id reported: 156215187; UID 10036; state: DISABLED
05-24 13:59:36.732 0 0 W [11748.218159] audit: audit_lost=10199 audit_rate_limit=5 audit_backlog_limit=64
05-24 13:59:36.732 0 0 E [11748.218162] audit: rate limit exceeded
05-24 13:59:36.828 1528 1694 I DisplayPowerController[0]: Blocking screen off
05-24 13:59:36.828 1528 2225 E DisplayDeviceConfig: requesting nits when no mapping exists.
05-24 13:59:36.829 1528 1694 I DisplayPowerController[0]: Unblocked screen off after 0 ms
05-24 13:59:36.829 1528 2225 E DisplayDeviceConfig: requesting nits when no mapping exists.
05-24 13:59:36.829 1528 1675 I DropBoxManagerService: add tag=system_server_wtf isTagEnabled=true flags=0x2
05-24 13:59:36.830 1528 1675 I DropBoxManagerService: add tag=system_server_wtf isTagEnabled=true flags=0x2
05-24 13:59:36.832 1528 1682 E KernelCpuSpeedReader: Failed to read cpu-freq: /sys/devices/system/cpu/cpu4/cpufreq/stats/time_in_state: open failed: ENOENT (No such file or directory)
05-24 13:59:36.832 1528 1682 E KernelCpuSpeedReader: Failed to read cpu-freq: /sys/devices/system/cpu/cpu0/cpufreq/stats/time_in_state: open failed: ENOENT (No such file or directory)
05-24 13:59:36.833 1528 1694 D ActivityTaskManager: Top Process State changed to PROCESS_STATE_TOP_SLEEPING
05-24 13:59:36.843 1528 1694 V DisplayPowerController[0]: Brightness [0.0] reason changing to: 'screen_off', previous reason: 'manual'.
05-24 13:59:36.843 1528 1666 I DisplayDeviceRepository: Display device changed state: "内置屏幕", OFF
05-24 13:59:36.874 0 0 I : [11748.359782] atmel_mxt_ts 0-004a: FB event:2,blank:1
05-24 13:59:36.874 0 0 I : [11748.359784] atmel_mxt_ts 0-004a: drm_notifier_callback: POWERDOWN! Suspend by drm notifier.
05-24 13:59:36.894 0 0 I [11748.376776] [MAX975X: max96755x_drm_notifier_callback] *INFO* receives BLANK: POWERDOWN
05-24 13:59:36.895 0 0 I : [11748.377148] atmel_mxt_ts 0-004a: FB event:1,blank:1
05-24 13:59:36.895 0 0 I : [11748.377150] atmel_mxt_ts 0-004a: resume: event = 1 blank = 1, not care
05-24 13:59:36.902 0 0 W [11748.388103] ALERT: changing window size from 16000000 to 20000000 at 11748388047599
05-24 13:59:36.910 2571 2571 I MicroServiceManager: requestResult(reportScreenDisplay) parameters is{"ScreenDisplay":0}.
05-24 13:59:37.203 0 0 I : [11748.687851] read descriptors
05-24 13:59:37.203 0 0 I : [11748.688238] read strings
05-24 13:59:37.555 1528 22252 I PowerManagerService: Powering on display group fromAsleep (groupId=0, uid=1000, reason=WAKE_REASON_POWER_BUTTON, details=android.policy:POWER)...
05-24 13:59:37.555 1528 22252 I PowerManagerService: Waking up from Asleep (uid=1000, reason=WAKE_REASON_POWER_BUTTON, details=android.policy:POWER)...
05-24 13:59:37.560 1528 1694 I DisplayPowerController[0]: Blocking screen on until initial contents have been drawn.
05-24 13:59:37.561 1528 1694 D ActivityTaskManager: Top Process State changed to PROCESS_STATE_TOP
05-24 13:59:37.562 1528 1682 E KernelCpuSpeedReader: Failed to read cpu-freq: /sys/devices/system/cpu/cpu4/cpufreq/stats/time_in_state: open failed: ENOENT (No such file or directory)
05-24 13:59:37.562 1528 1682 E KernelCpuSpeedReader: Failed to read cpu-freq: /sys/devices/system/cpu/cpu0/cpufreq/stats/time_in_state: open failed: ENOENT (No such file or directory)
05-24 13:59:37.579 1528 1694 V DisplayPowerController[0]: Brightness [0.6262626] reason changing to: 'manual', previous reason: 'screen_off'.
05-24 13:59:37.587 1528 1666 I DisplayDeviceRepository: Display device changed state: "内置屏幕", ON
05-24 13:59:37.590 0 0 I : [11749.075714] atmel_mxt_ts 0-004a: FB event:2,blank:0
05-24 13:59:37.590 0 0 I : [11749.075724] atmel_mxt_ts 0-004a: suspend: event = 2, blank = 0, not care
05-24 13:59:37.590 0 0 I [11749.075755] [drm: dsi_display_set_mode] [msm-dsi-info]: mdp_transfer_time_us=0 us
05-24 13:59:37.590 0 0 I [11749.075760] [drm: dsi_display_set_mode] [msm-dsi-info]: hactive= 2560,vactive= 1080,fps=60
05-24 13:59:37.590 0 0 I [11749.075845] [drm: dsi_ctrl_isr_configure] [msm-dsi-info]: dsi-ctrl-0: IRQ 385 registered
05-24 13:59:37.590 1528 1528 I WindowManager: Suppressed redundant power key press while already in the process of turning the screen on.
05-24 13:59:37.595 1528 1694 I DisplayPowerController[0]: Unblocked screen on after 35 ms
05-24 13:59:37.602 0 0 W [11749.088090] ALERT: changing window size from 20000000 to 16000000 at 11749088035098
05-24 13:59:37.606 1528 1675 W BroadcastQueue: Background execution not allowed: receiving Intent { act=android.intent.action.USER_PRESENT flg=0x24200010 } to com.microsoft.emmx/org.chromium.chrome.browser.sharing.click_to_call.ClickToCallMessageHandler$PhoneUnlockedReceiver
05-24 13:59:37.612 2571 2571 I MicroServiceManager: requestResult(reportScreenDisplay) parameters is{"ScreenDisplay":1}.
05-24 13:59:37.646 0 0 W [11749.129135] [drm: programmable_fetch_get_num_lines:228] low vbp+vfp may lead to perf issues in some cases
05-24 13:59:37.646 0 0 I [11749.129956] [MAX975X: max96755x_drm_notifier_callback] *INFO* receives BLANK: UNBLANK
05-24 13:59:37.645 1528 2225 E DisplayDeviceConfig: requesting nits when no mapping exists.
05-24 13:59:37.646 1528 2225 E DisplayDeviceConfig: requesting nits when no mapping exists.
05-24 13:59:37.652 1528 1675 I DropBoxManagerService: add tag=system_server_wtf isTagEnabled=true flags=0x2
05-24 13:59:37.655 1528 1675 I DropBoxManagerService: add tag=system_server_wtf isTagEnabled=true flags=0x2
05-24 13:59:37.851 0 0 I : [11749.332682] atmel_mxt_ts 0-004a: FB event:1,blank:0
05-24 13:59:37.851 0 0 I : [11749.332698] atmel_mxt_ts 0-004a: drm_notifier_callback: UNBLANK! Resume by drm notifier.
05-24 13:59:38.230 0 0 I : [11749.713076] read descriptors
05-24 13:59:38.230 0 0 I : [11749.713295] read strings
05-24 13:59:38.780 1528 10039 I PowerManagerService: Napping display group (groupId=0, uid=1000)...
05-24 13:59:38.780 1528 10039 I PowerManagerService: Nap time (uid 1000)...
05-24 13:59:38.782 1528 1694 I DreamManagerService: Entering dreamland.
05-24 13:59:38.785 1528 1694 I PowerManagerService: Dreaming...
05-24 13:59:38.787 1528 1663 I DreamController: Starting dream: name=ComponentInfo{com.thundercomm.screensaver/com.thundercomm.screensaver.service.SystemDream}, isTest=false, canDoze=false, userId=0
05-24 13:59:38.799 1528 10039 I ActivityTaskManager: START u0 {flg=0x10000000 pkg=com.thundercomm.screensaver cmp=com.thundercomm.screensaver/android.service.dreams.DreamActivity (has extras)} from uid 10042
05-24 13:59:38.802 1528 10039 W ActivityTaskManager: Can't find TaskDisplayArea to determine support for multi window. Task id=70 attached=false
05-24 13:59:38.812 1528 8437 I ActivityTaskManager: FOREGROUND_APPLICATION_CHANGED to android.service.dreams.DreamActivity
05-24 13:59:38.812 1528 8437 I ActivityTaskManager: The Process com.thundercomm.screensaver Already Exists in BG. So sending its PID: 13872
05-24 13:59:38.812 1528 8437 W ActivityTaskManager: Tried to set launchTime (0) < mLastActivityLaunchTime (11746427)
05-24 13:59:38.821 1528 2249 W WindowManager: Failed looking up window session=Session{a666445 13872:u0a10042} callers=com.android.server.wm.WindowManagerService.windowForClientLocked:5628 com.android.server.wm.Session.insetsModified:629 android.view.IWindowSession$Stub.onTransact:1151
05-24 13:59:38.874 0 0 W [11750.358979] audit: audit_lost=10221 audit_rate_limit=5 audit_backlog_limit=64
05-24 13:59:38.874 0 0 E [11750.358982] audit: rate limit exceeded
05-24 13:59:39.258 0 0 I : [11750.744199] read descriptors
05-24 13:59:39.258 0 0 I : [11750.744218] read strings
05-24 13:59:39.695 1528 8437 I DreamManagerService: Gently waking up from dream.
05-24 13:59:39.695 1528 1663 I DreamManagerService: Performing gentle wake from dream.
05-24 13:59:39.695 1528 1694 I PowerManagerService: Powering on display group fromDreaming (groupId=0, uid=1000, reason=WAKE_REASON_UNKNOWN, details=android.server.power:DREAM_FINISHED)...
05-24 13:59:39.695 1528 1694 I PowerManagerService: Waking up from Dreaming (uid=1000, reason=WAKE_REASON_UNKNOWN, details=android.server.power:DREAM_FINISHED)...
05-24 13:59:39.701 1528 2249 I ActivityTaskManager: FOREGROUND_APPLICATION_CHANGED to com.android.settings.homepage.SettingsHomepageActivity
05-24 13:59:39.951 0 0 W [11751.437423] audit: audit_lost=10239 audit_rate_limit=5 audit_backlog_limit=64
05-24 13:59:39.951 0 0 E [11751.437425] audit: rate limit exceeded
05-24 13:59:40.270 1528 10045 I DreamManagerService: Leaving dreamland.
05-24 13:59:40.270 1528 1663 I DreamManagerService: Performing gentle wake from dream.
05-24 13:59:40.270 1528 1663 I DreamController: Stopping dream: name=ComponentInfo{com.thundercomm.screensaver/com.thundercomm.screensaver.service.SystemDream}, isTest=false, canDoze=false, userId=0, reason='finished self'(from 'request awaken')
05-24 13:59:40.275 0 0 I : [11751.760299] read descriptors
05-24 13:59:40.275 0 0 I : [11751.760327] read strings
05-24 13:59:40.275 1528 1667 W ActivityTaskManager: Can't find TaskDisplayArea to determine support for multi window. Task id=70 attached=false
05-24 13:59:40.839 1528 10045 I PowerManagerService: Napping display group (groupId=0, uid=1000)...
05-24 13:59:40.839 1528 10045 I PowerManagerService: Nap time (uid 1000)...
05-24 13:59:40.841 1528 1694 I DreamManagerService: Entering dreamland.
05-24 13:59:40.843 1528 1694 I PowerManagerService: Dreaming...
05-24 13:59:40.847 1528 1663 I DreamController: Starting dream: name=ComponentInfo{com.thundercomm.screensaver/com.thundercomm.screensaver.service.SystemDream}, isTest=false, canDoze=false, userId=0
05-24 13:59:40.862 1528 10045 I ActivityTaskManager: START u0 {flg=0x10000000 pkg=com.thundercomm.screensaver cmp=com.thundercomm.screensaver/android.service.dreams.DreamActivity (has extras)} from uid 10042
05-24 13:59:40.864 1528 10045 W ActivityTaskManager: Can't find TaskDisplayArea to determine support for multi window. Task id=71 attached=false
05-24 13:59:40.874 1528 8941 I ActivityTaskManager: FOREGROUND_APPLICATION_CHANGED to android.service.dreams.DreamActivity
05-24 13:59:40.874 1528 8941 I ActivityTaskManager: The Process com.thundercomm.screensaver Already Exists in BG. So sending its PID: 13872
05-24 13:59:40.874 1528 8941 W ActivityTaskManager: Tried to set launchTime (0) < mLastActivityLaunchTime (11750299)
05-24 13:59:40.882 1528 8941 W WindowManager: Failed looking up window session=Session{a666445 13872:u0a10042} callers=com.android.server.wm.WindowManagerService.windowForClientLocked:5628 com.android.server.wm.Session.insetsModified:629 android.view.IWindowSession$Stub.onTransact:1151
05-24 13:59:41.318 0 0 I : [11752.804215] read descriptors
05-24 13:59:41.318 0 0 I : [11752.804238] read strings
05-24 13:59:42.342 0 0 I : [11753.828181] read descriptors
05-24 13:59:42.342 0 0 I : [11753.828205] read strings
05-24 13:59:43.365 0 0 I : [11754.850075] read descriptors
05-24 13:59:43.365 0 0 I : [11754.850284] read strings
05-24 13:59:44.386 0 0 I : [11755.869986] read descriptors
05-24 13:59:44.386 0 0 I : [11755.870112] read strings
05-24 13:59:44.466 13872 13872 V DreamService[SystemDream]: mActionDownY = 627.0
05-24 13:59:44.466 13872 13872 V DreamService[SystemDream]: mActionUpY = 627.0
05-24 13:59:45.359 1528 10045 I DreamManagerService: Gently waking up from dream.
05-24 13:59:45.360 1528 1663 I DreamManagerService: Performing gentle wake from dream.
05-24 13:59:45.365 1528 1694 I PowerManagerService: Powering on display group fromDreaming (groupId=0, uid=1000, reason=WAKE_REASON_UNKNOWN, details=android.server.power:DREAM_FINISHED)...
05-24 13:59:45.365 1528 1694 I PowerManagerService: Waking up from Dreaming (uid=1000, reason=WAKE_REASON_UNKNOWN, details=android.server.power:DREAM_FINISHED)...
05-24 13:59:45.377 1528 8941 I ActivityTaskManager: FOREGROUND_APPLICATION_CHANGED to com.android.settings.homepage.SettingsHomepageActivity
05-24 13:59:45.410 0 0 I : [11756.892789] read descriptors
05-24 13:59:45.410 0 0 I : [11756.892867] read strings
05-24 13:59:45.442 0 0 W [11756.926563] audit: audit_lost=10249 audit_rate_limit=5 audit_backlog_limit=64
05-24 13:59:45.442 0 0 E [11756.926566] audit: rate limit exceeded
05-24 13:59:45.954 1528 22252 I DreamManagerService: Leaving dreamland.
05-24 13:59:45.955 1528 1663 I DreamManagerService: Performing gentle wake from dream.
05-24 13:59:45.955 1528 1663 I DreamController: Stopping dream: name=ComponentInfo{com.thundercomm.screensaver/com.thundercomm.screensaver.service.SystemDream}, isTest=false, canDoze=false, userId=0, reason='finished self'(from 'request awaken')
05-24 13:59:45.963 1528 1667 W ActivityTaskManager: Can't find TaskDisplayArea to determine support for multi window. Task id=71 attached=false
05-24 13:59:46.430 0 0 I : [11757.912935] read descriptors
05-24 13:59:46.430 0 0 I : [11757.913026] read strings
05-24 13:59:47.455 0 0 I : [11758.937911] read descriptors
05-24 13:59:47.455 0 0 I : [11758.938118] read strings
05-24 13:59:48.232 1528 22252 I PowerManagerService: Napping display group (groupId=0, uid=1000)...
05-24 13:59:48.232 1528 22252 I PowerManagerService: Nap time (uid 1000)...
05-24 13:59:48.233 1528 1694 I DreamManagerService: Entering dreamland.
05-24 13:59:48.236 1528 1694 I PowerManagerService: Dreaming...
05-24 13:59:48.241 1528 1663 I DreamController: Starting dream: name=ComponentInfo{com.thundercomm.screensaver/com.thundercomm.screensaver.service.SystemDream}, isTest=false, canDoze=false, userId=0
05-24 13:59:48.255 1528 10039 I ActivityTaskManager: START u0 {flg=0x10000000 pkg=com.thundercomm.screensaver cmp=com.thundercomm.screensaver/android.service.dreams.DreamActivity (has extras)} from uid 10042
05-24 13:59:48.258 1528 10039 W ActivityTaskManager: Can't find TaskDisplayArea to determine support for multi window. Task id=72 attached=false
05-24 13:59:48.266 1528 22252 I ActivityTaskManager: FOREGROUND_APPLICATION_CHANGED to android.service.dreams.DreamActivity
05-24 13:59:48.267 1528 22252 I ActivityTaskManager: The Process com.thundercomm.screensaver Already Exists in BG. So sending its PID: 13872
05-24 13:59:48.267 1528 22252 W ActivityTaskManager: Tried to set launchTime (0) < mLastActivityLaunchTime (11752361)
05-24 13:59:48.275 1528 10045 W WindowManager: Failed looking up window session=Session{a666445 13872:u0a10042} callers=com.android.server.wm.WindowManagerService.windowForClientLocked:5628 com.android.server.wm.Session.insetsModified:629 android.view.IWindowSession$Stub.onTransact:1151
05-24 13:59:48.330 0 0 W [11759.814753] audit: audit_lost=10258 audit_rate_limit=5 audit_backlog_limit=64
05-24 13:59:48.330 0 0 E [11759.814755] audit: rate limit exceeded
05-24 13:59:48.478 0 0 I : [11759.960282] read descriptors
05-24 13:59:48.478 0 0 I : [11759.960311] read strings
05-24 13:59:49.494 0 0 I : [11760.976169] read descriptors
05-24 13:59:49.494 0 0 I : [11760.976193] read strings
05-24 13:59:49.719 13872 13872 V DreamService[SystemDream]: mActionDownY = 951.0
05-24 13:59:49.719 13872 13872 V DreamService[SystemDream]: mActionUpY = 699.0
05-24 13:59:49.722 1528 22252 I DreamManagerService: Gently waking up from dream.
05-24 13:59:49.723 1528 1663 I DreamManagerService: Performing gentle wake from dream.
05-24 13:59:49.724 1528 22252 I ActivityTaskManager: FOREGROUND_APPLICATION_CHANGED to com.android.settings.homepage.SettingsHomepageActivity
05-24 13:59:49.776 1528 1694 I PowerManagerService: Powering on display group fromDreaming (groupId=0, uid=1000, reason=WAKE_REASON_UNKNOWN, details=android.server.power:DREAM_FINISHED)...
05-24 13:59:49.776 1528 1694 I PowerManagerService: Waking up from Dreaming (uid=1000, reason=WAKE_REASON_UNKNOWN, details=android.server.power:DREAM_FINISHED)...
05-24 13:59:49.784 0 0 W [11761.268595] audit: audit_lost=10264 audit_rate_limit=5 audit_backlog_limit=64
05-24 13:59:49.784 0 0 E [11761.268598] audit: rate limit exceeded
05-24 13:59:50.297 1528 10039 I DreamManagerService: Leaving dreamland.
05-24 13:59:50.298 1528 1663 I DreamManagerService: Performing gentle wake from dream.
05-24 13:59:50.298 1528 1663 I DreamController: Stopping dream: name=ComponentInfo{com.thundercomm.screensaver/com.thundercomm.screensaver.service.SystemDream}, isTest=false, canDoze=false, userId=0, reason='finished self'(from 'finished self')
05-24 13:59:50.311 1528 1667 W ActivityTaskManager: Can't find TaskDisplayArea to determine support for multi window. Task id=72 attached=false
05-24 13:59:50.510 0 0 I : [11761.993025] read descriptors
05-24 13:59:50.510 0 0 I : [11761.993155] read strings
05-24 13:59:51.546 0 0 I : [11763.029106] read descriptors
05-24 13:59:51.546 0 0 I : [11763.029248] read strings
05-24 13:59:51.585 1528 1528 D WindowManager: powerPress: eventTime=11763064 interactive=true count=0 beganFromNonInteractive=false mShortPressOnPowerBehavior=1
05-24 13:59:51.587 1528 1528 I PowerManagerService: Powering off display group due to power_button (groupId= 0, uid= 1000)...
05-24 13:59:51.587 1528 1528 I PowerManagerService: Going to sleep due to power_button (uid 1000)...
05-24 13:59:51.589 1528 1694 I PowerManagerService: Sleeping display group (groupId=0, uid=1000)...
05-24 13:59:51.589 1528 1694 I PowerManagerService: Sleeping (uid 1000)...
05-24 13:59:51.622 0 0 W [11763.106462] audit: audit_lost=10273 audit_rate_limit=5 audit_backlog_limit=64
05-24 13:59:51.622 0 0 E [11763.106472] audit: rate limit exceeded
05-24 13:59:51.707 1528 1694 I DisplayPowerController[0]: Blocking screen off
05-24 13:59:51.708 1528 2225 E DisplayDeviceConfig: requesting nits when no mapping exists.
05-24 13:59:51.708 1528 1694 I DisplayPowerController[0]: Unblocked screen off after 0 ms
05-24 13:59:51.708 1528 2225 E DisplayDeviceConfig: requesting nits when no mapping exists.
05-24 13:59:51.710 1528 1675 I DropBoxManagerService: add tag=system_server_wtf isTagEnabled=true flags=0x2
05-24 13:59:51.715 1528 1675 I DropBoxManagerService: add tag=system_server_wtf isTagEnabled=true flags=0x2
05-24 13:59:51.722 1528 1694 D ActivityTaskManager: Top Process State changed to PROCESS_STATE_TOP_SLEEPING
05-24 13:59:51.730 1528 1694 V DisplayPowerController[0]: Brightness [0.0] reason changing to: 'screen_off', previous reason: 'manual'.
05-24 13:59:51.735 1528 1666 I DisplayDeviceRepository: Display device changed state: "内置屏幕", OFF
05-24 13:59:51.737 1528 1682 E KernelCpuSpeedReader: Failed to read cpu-freq: /sys/devices/system/cpu/cpu4/cpufreq/stats/time_in_state: open failed: ENOENT (No such file or directory)
05-24 13:59:51.737 1528 1682 E KernelCpuSpeedReader: Failed to read cpu-freq: /sys/devices/system/cpu/cpu0/cpufreq/stats/time_in_state: open failed: ENOENT (No such file or directory)
05-24 13:59:51.762 0 0 I : [11763.246904] atmel_mxt_ts 0-004a: FB event:2,blank:1
05-24 13:59:51.762 0 0 I : [11763.246911] atmel_mxt_ts 0-004a: drm_notifier_callback: POWERDOWN! Suspend by drm notifier.
05-24 13:59:51.782 0 0 I [11763.264048] [MAX975X: max96755x_drm_notifier_callback] *INFO* receives BLANK: POWERDOWN
05-24 13:59:51.782 0 0 I : [11763.264512] atmel_mxt_ts 0-004a: FB event:1,blank:1
05-24 13:59:51.782 0 0 I : [11763.264520] atmel_mxt_ts 0-004a: resume: event = 1 blank = 1, not care
05-24 13:59:51.794 0 0 W [11763.280098] ALERT: changing window size from 16000000 to 20000000 at 11763280045770
05-24 13:59:51.800 2571 2571 I MicroServiceManager: requestResult(reportScreenDisplay) parameters is{"ScreenDisplay":0}.
05-24 13:59:52.390 0 0 D [11763.873282] cnss: Runtime suspend start
05-24 13:59:52.390 0 0 I [11763.874584] [kworke][0x3499c49711][13: 59:52.388896] wlan: [11587:I:PMO] pmo_core_is_wow_applicable: 319: lpass enabled, enabling wow
05-24 13:59:52.390 0 0 I [11763.874706] [kworke][0x3499c4a098][13: 59:52.389023] wlan: [11587:I:PMO] pmo_core_enable_wow_in_fw: 807: drv wow is enabled
05-24 13:59:52.390 0 0 I [11763.874721] [kworke][0x3499c4a1c7][13: 59:52.389039] wlan: [11587:I:PMO] pmo_core_enable_wow_in_fw: 820: RTPM wow
05-24 13:59:52.390 0 0 I [11763.874765] [kworke][0x3499c4a4f0][13: 59:52.389081] wlan: [11587:I:WMI] send_wow_enable_cmd_tlv: 1831: suspend type: WOW_IFACE_PAUSE_ENABLED flag is 0x10
05-24 13:59:52.446 0 0 D [11763.930103] cnss: Setting MHI state: SUSPEND(6)
05-24 13:59:52.471 0 0 D [11763.955216] cnss: Suspending PCI link
05-24 13:59:52.471 0 0 D [11763.955226] cnss: Use PCIe DRV suspend
05-24 13:59:52.474 0 0 D [11763.959802] cnss: Runtime suspend status: 0
05-24 13:59:52.574 0 0 I : [11764.058007] read descriptors
05-24 13:59:52.574 0 0 I : [11764.058252] read strings
05-24 13:59:53.036 0 0 I [11764.521500] [irq][0x349a821b72][13: 59:53.035783] wlan: [0:I:HIF] wake interrupt received on irq 364
05-24 13:59:53.037 0 0 I [11764.522166] [irq][0x349a824f9c][13: 59:53.036477] wlan: [0:I:HIF] Runtime PM resume is requested by hif_wake_interrupt_handler [wlan]
05-24 13:59:53.038 0 0 D [11764.523989] cnss: Runtime resume start
05-24 13:59:53.039 0 0 D [11764.524235] cnss: Resuming PCI link
05-24 13:59:53.042 0 0 D [11764.527956] cnss: Set PCI link status to: 2
05-24 13:59:53.043 0 0 D [11764.527994] cnss: Setting MHI state: RESUME(7)
05-24 13:59:53.046 0 0 I [11764.529775] [kworke][0x349a848a6e][13: 59:53.044087] wlan: [19006:I:PMO] pmo_core_psoc_send_host_wakeup_ind_to_fw: 1225: Host wakeup indication sent to fw
05-24 13:59:53.058 0 0 F [11764.541491] [soft_i][0x349a87f937][13: 59:53.055805] wlan: [0:F:WMA] WLAN triggered wakeup: BPF_ALLOW (39), vdev: 0 (STA)
05-24 13:59:53.058 0 0 F [11764.541651] [soft_i][0x349a880588][13: 59:53.055969] wlan: [0:F:WMA] WLAN wake reason counters:
05-24 13:59:53.058 0 0 F [11764.541675] [soft_i][0x349a880757][13: 59:53.055993] wlan: [0:F:WMA] uc:0 bc:0 v4_mc:0 v6_mc:0 ra:0 ns:0 na:0 icmp:0 icmpv6:0
05-24 13:59:53.058 0 0 F [11764.541724] [soft_i][0x349a8808f7][13: 59:53.056015] wlan: [0:F:WMA] assoc:0 disassoc:0 assoc_resp:0 reassoc:0 reassoc_resp:0 auth:0 deauth:0 action:0
05-24 13:59:53.059 0 0 F [11764.541749] [soft_i][0x349a880ce5][13: 59:53.056067] wlan: [0:F:WMA] pno_match:0 pno_complete:0 gscan:0 low_rssi:0 rssi_breach:0 oem:0 scan_11d:0
05-24 13:59:53.059 0 0 I [11764.541842] [soft_i][0x349a8813ce][13: 59:53.056159] wlan: [0:I:WMA] wma_wow_parse_data_pkt: 2172: Src_mac: 1a:67:be:de:a1:d1, Dst_mac: 52:0b:87:ab:c5:c7
05-24 13:59:53.059 0 0 I [11764.541882] [soft_i][0x349a8816dc][13: 59:53.056200] wlan: [0:I:WMA] WOW Wakeup: IPV4 TCP Packet rcvd
05-24 13:59:53.059 0 0 I [11764.541914] [soft_i][0x349a881959][13: 59:53.056233] wlan: [0:I:WMA] Pkt_len: 60, src_port: 60963, dst_port: 12600
05-24 13:59:53.059 0 0 F [11764.541939] [soft_i][0x349a881b30][13: 59:53.056257] wlan: [0:F:WMA] WLAN wake reason counters:
05-24 13:59:53.059 0 0 F [11764.541960] [soft_i][0x349a881cc4][13: 59:53.056279] wlan: [0:F:WMA] uc:1 bc:0 v4_mc:0 v6_mc:0 ra:0 ns:0 na:0 icmp:0 icmpv6:0
05-24 13:59:53.059 0 0 F [11764.541983] [soft_i][0x349a881e47][13: 59:53.056299] wlan: [0:F:WMA] assoc:0 disassoc:0 assoc_resp:0 reassoc:0 reassoc_resp:0 auth:0 deauth:0 action:0
05-24 13:59:53.059 0 0 F [11764.542004] [soft_i][0x349a881ffd][13: 59:53.056321] wlan: [0:F:WMA] pno_match:0 pno_complete:0 gscan:0 low_rssi:0 rssi_breach:0 oem:0 scan_11d:0
05-24 13:59:53.059 0 0 D [11764.543173] cnss: Runtime resume status: 0
05-24 13:59:53.059 0 0 D [11764.543255] cnss: Runtime idle
05-24 13:59:53.123 1528 10039 I PowerManagerService: Powering on display group fromAsleep (groupId=0, uid=1000, reason=WAKE_REASON_POWER_BUTTON, details=android.policy:POWER)...
05-24 13:59:53.123 1528 10039 I PowerManagerService: Waking up from Asleep (uid=1000, reason=WAKE_REASON_POWER_BUTTON, details=android.policy:POWER)...
05-24 13:59:53.135 1528 1694 I DisplayPowerController[0]: Blocking screen on until initial contents have been drawn.
05-24 13:59:53.135 1528 1694 D ActivityTaskManager: Top Process State changed to PROCESS_STATE_TOP
05-24 13:59:53.146 1528 1694 V DisplayPowerController[0]: Brightness [0.6262626] reason changing to: 'manual', previous reason: 'screen_off'.
05-24 13:59:53.148 1528 1528 I WindowManager: Suppressed redundant power key press while already in the process of turning the screen on.
05-24 13:59:53.153 1528 1682 E KernelCpuSpeedReader: Failed to read cpu-freq: /sys/devices/system/cpu/cpu4/cpufreq/stats/time_in_state: open failed: ENOENT (No such file or directory)
05-24 13:59:53.153 1528 1682 E KernelCpuSpeedReader: Failed to read cpu-freq: /sys/devices/system/cpu/cpu0/cpufreq/stats/time_in_state: open failed: ENOENT (No such file or directory)
05-24 13:59:53.154 0 0 I : [11764.637777] atmel_mxt_ts 0-004a: FB event:2,blank:0
05-24 13:59:53.154 0 0 I : [11764.637786] atmel_mxt_ts 0-004a: suspend: event = 2, blank = 0, not care
05-24 13:59:53.154 0 0 I [11764.637817] [drm: dsi_display_set_mode] [msm-dsi-info]: mdp_transfer_time_us=0 us
05-24 13:59:53.154 0 0 I [11764.637821] [drm: dsi_display_set_mode] [msm-dsi-info]: hactive= 2560,vactive= 1080,fps=60
05-24 13:59:53.154 0 0 I [11764.637911] [drm: dsi_ctrl_isr_configure] [msm-dsi-info]: dsi-ctrl-0: IRQ 385 registered
05-24 13:59:53.154 0 0 W [11764.640103] ALERT: changing window size from 20000000 to 16000000 at 11764640046290
05-24 13:59:53.158 1528 1675 W BroadcastQueue: Background execution not allowed: receiving Intent { act=android.intent.action.USER_PRESENT flg=0x24200010 } to com.microsoft.emmx/org.chromium.chrome.browser.sharing.click_to_call.ClickToCallMessageHandler$PhoneUnlockedReceiver
05-24 13:59:53.160 1528 1666 I DisplayDeviceRepository: Display device changed state: "内置屏幕", ON
05-24 13:59:53.162 1528 1694 I DisplayPowerController[0]: Unblocked screen on after 27 ms
05-24 13:59:53.165 2571 2571 I MicroServiceManager: requestResult(reportScreenDisplay) parameters is{"ScreenDisplay":1}.
05-24 13:59:53.206 0 0 I [11764.691574] [MAX975X: max96755x_drm_notifier_callback] *INFO* receives BLANK: UNBLANK
05-24 13:59:53.207 1528 2225 E DisplayDeviceConfig: requesting nits when no mapping exists.
05-24 13:59:53.208 1528 2225 E DisplayDeviceConfig: requesting nits when no mapping exists.
05-24 13:59:53.210 1528 1675 I DropBoxManagerService: add tag=system_server_wtf isTagEnabled=true flags=0x2
05-24 13:59:53.217 1528 1675 I DropBoxManagerService: add tag=system_server_wtf isTagEnabled=true flags=0x2
05-24 13:59:53.410 0 0 I : [11764.893636] atmel_mxt_ts 0-004a: FB event:1,blank:0
05-24 13:59:53.410 0 0 I : [11764.893651] atmel_mxt_ts 0-004a: drm_notifier_callback: UNBLANK! Resume by drm notifier.
05-24 13:59:53.466 0 0 W [11764.945134] audit: audit_lost=10283 audit_rate_limit=5 audit_backlog_limit=64
05-24 13:59:53.466 0 0 E [11764.945138] audit: rate limit exceeded
05-24 13:59:53.602 0 0 I : [11765.084706] read descriptors
05-24 13:59:53.602 0 0 I : [11765.084845] read strings
05-24 13:59:54.630 0 0 I : [11766.113470] read descriptors
05-24 13:59:54.630 0 0 I : [11766.113555] read strings
05-24 13:59:55.650 0 0 I : [11767.133342] read descriptors
05-24 13:59:55.650 0 0 I : [11767.133474] read strings
05-24 13:59:56.670 0 0 I : [11768.152831] read descriptors
05-24 13:59:56.670 0 0 I : [11768.152960] read strings
05-24 13:59:57.379 1528 9633 I PowerManagerService: Napping display group (groupId=0, uid=1000)...
05-24 13:59:57.379 1528 9633 I PowerManagerService: Nap time (uid 1000)...
05-24 13:59:57.380 1528 1694 I DreamManagerService: Entering dreamland.
05-24 13:59:57.382 1528 1694 I PowerManagerService: Dreaming...
05-24 13:59:57.385 1528 1663 I DreamController: Starting dream: name=ComponentInfo{com.thundercomm.screensaver/com.thundercomm.screensaver.service.SystemDream}, isTest=false, canDoze=false, userId=0
05-24 13:59:57.394 1528 9633 I ActivityTaskManager: START u0 {flg=0x10000000 pkg=com.thundercomm.screensaver cmp=com.thundercomm.screensaver/android.service.dreams.DreamActivity (has extras)} from uid 10042
05-24 13:59:57.396 1528 9633 W ActivityTaskManager: Can't find TaskDisplayArea to determine support for multi window. Task id=73 attached=false
05-24 13:59:57.409 1528 8437 I ActivityTaskManager: FOREGROUND_APPLICATION_CHANGED to android.service.dreams.DreamActivity
05-24 13:59:57.409 1528 8437 I ActivityTaskManager: The Process com.thundercomm.screensaver Already Exists in BG. So sending its PID: 13872
05-24 13:59:57.409 1528 8437 W ActivityTaskManager: Tried to set launchTime (0) < mLastActivityLaunchTime (11759753)
05-24 13:59:57.478 0 0 W [11768.962142] audit: audit_lost=10293 audit_rate_limit=5 audit_backlog_limit=64
05-24 13:59:57.479 0 0 E [11768.962147] audit: rate limit exceeded
05-24 13:59:57.682 0 0 I : [11769.168206] read descriptors
05-24 13:59:57.682 0 0 I : [11769.168232] read strings
05-24 13:59:58.698 0 0 I : [11770.184165] read descriptors
05-24 13:59:58.698 0 0 I : [11770.184190] read strings
05-24 13:59:58.738 1528 7362 I DreamManagerService: Gently waking up from dream.
05-24 13:59:58.738 1528 1663 I DreamManagerService: Performing gentle wake from dream.
05-24 13:59:58.738 1528 1694 I PowerManagerService: Powering on display group fromDreaming (groupId=0, uid=1000, reason=WAKE_REASON_UNKNOWN, details=android.server.power:DREAM_FINISHED)...
05-24 13:59:58.738 1528 1694 I PowerManagerService: Waking up from Dreaming (uid=1000, reason=WAKE_REASON_UNKNOWN, details=android.server.power:DREAM_FINISHED)...
05-24 13:59:58.743 1528 7568 I ActivityTaskManager: FOREGROUND_APPLICATION_CHANGED to com.android.settings.homepage.SettingsHomepageActivity
05-24 13:59:58.796 0 0 W [11770.281043] audit: audit_lost=10299 audit_rate_limit=5 audit_backlog_limit=64
05-24 13:59:58.796 0 0 E [11770.281045] audit: rate limit exceeded
05-24 13:59:59.306 1528 15317 I DreamManagerService: Leaving dreamland.
05-24 13:59:59.307 1528 1663 I DreamManagerService: Performing gentle wake from dream.
05-24 13:59:59.307 1528 1663 I DreamController: Stopping dream: name=ComponentInfo{com.thundercomm.screensaver/com.thundercomm.screensaver.service.SystemDream}, isTest=false, canDoze=false, userId=0, reason='finished self'(from 'request awaken')
05-24 13:59:59.311 1528 1667 W ActivityTaskManager: Can't find TaskDisplayArea to determine support for multi window. Task id=73 attached=false
05-24 13:59:59.725 0 0 I : [11771.209654] read descriptors
05-24 13:59:59.725 0 0 I : [11771.209873] read strings
05-24 14:00:00.746 0 0 I : [11772.230002] read descriptors
05-24 14:00:00.746 0 0 I : [11772.230205] read strings
05-24 14:00:01.766 0 0 I : [11773.248842] read descriptors
05-24 14:00:01.766 0 0 I : [11773.248966] read strings
05-24 14:00:02.535 1528 7362 I PowerManagerService: Napping display group (groupId=0, uid=1000)...
05-24 14:00:02.535 1528 7362 I PowerManagerService: Nap time (uid 1000)...
05-24 14:00:02.537 1528 1694 I DreamManagerService: Entering dreamland.
05-24 14:00:02.539 1528 1694 I PowerManagerService: Dreaming...
05-24 14:00:02.543 1528 1663 I DreamController: Starting dream: name=ComponentInfo{com.thundercomm.screensaver/com.thundercomm.screensaver.service.SystemDream}, isTest=false, canDoze=false, userId=0
05-24 14:00:02.556 1528 15317 I ActivityTaskManager: START u0 {flg=0x10000000 pkg=com.thundercomm.screensaver cmp=com.thundercomm.screensaver/android.service.dreams.DreamActivity (has extras)} from uid 10042
05-24 14:00:02.558 1528 15317 W ActivityTaskManager: Can't find TaskDisplayArea to determine support for multi window. Task id=74 attached=false
05-24 14:00:02.568 1528 8862 I ActivityTaskManager: FOREGROUND_APPLICATION_CHANGED to android.service.dreams.DreamActivity
05-24 14:00:02.568 1528 8862 I ActivityTaskManager: The Process com.thundercomm.screensaver Already Exists in BG. So sending its PID: 13872
05-24 14:00:02.568 1528 8862 W ActivityTaskManager: Tried to set launchTime (0) < mLastActivityLaunchTime (11768896)
05-24 14:00:02.576 1528 7568 W WindowManager: Failed looking up window session=Session{a666445 13872:u0a10042} callers=com.android.server.wm.WindowManagerService.windowForClientLocked:5628 com.android.server.wm.Session.insetsModified:629 android.view.IWindowSession$Stub.onTransact:1151
05-24 14:00:02.625 0 0 W [11774.111205] audit: audit_lost=10308 audit_rate_limit=5 audit_backlog_limit=64
05-24 14:00:02.625 0 0 E [11774.111209] audit: rate limit exceeded
05-24 14:00:02.786 0 0 I : [11774.268280] read descriptors
05-24 14:00:02.786 0 0 I : [11774.268302] read strings
05-24 14:00:03.798 0 0 I : [11775.284162] read descriptors
05-24 14:00:03.798 0 0 I : [11775.284186] read strings
05-24 14:00:04.584 1528 10039 I DreamManagerService: Gently waking up from dream.
05-24 14:00:04.586 1528 1663 I DreamManagerService: Performing gentle wake from dream.
05-24 14:00:04.586 1528 1694 I PowerManagerService: Powering on display group fromDreaming (groupId=0, uid=1000, reason=WAKE_REASON_UNKNOWN, details=android.server.power:DREAM_FINISHED)...
05-24 14:00:04.586 1528 1694 I PowerManagerService: Waking up from Dreaming (uid=1000, reason=WAKE_REASON_UNKNOWN, details=android.server.power:DREAM_FINISHED)...
05-24 14:00:04.607 1528 10039 I ActivityTaskManager: FOREGROUND_APPLICATION_CHANGED to com.android.settings.homepage.SettingsHomepageActivity
05-24 14:00:04.678 0 0 W [11776.162573] audit: audit_lost=10315 audit_rate_limit=5 audit_backlog_limit=64
05-24 14:00:04.678 0 0 E [11776.162578] audit: rate limit exceeded
05-24 14:00:04.823 0 0 I : [11776.305352] read descriptors
05-24 14:00:04.823 0 0 I : [11776.305441] read strings
05-24 14:00:05.187 1528 10045 I DreamManagerService: Leaving dreamland.
05-24 14:00:05.190 1528 1663 I DreamManagerService: Performing gentle wake from dream.
05-24 14:00:05.190 1528 1663 I DreamController: Stopping dream: name=ComponentInfo{com.thundercomm.screensaver/com.thundercomm.screensaver.service.SystemDream}, isTest=false, canDoze=false, userId=0, reason='finished self'(from 'request awaken')
05-24 14:00:05.209 1528 1667 W ActivityTaskManager: Can't find TaskDisplayArea to determine support for multi window. Task id=74 attached=false
05-24 14:00:05.842 0 0 I : [11777.326498] read descriptors
05-24 14:00:05.842 0 0 I : [11777.326717] read strings
05-24 14:00:06.027 1528 7362 I PowerManagerService: Napping display group (groupId=0, uid=1000)...
05-24 14:00:06.027 1528 7362 I PowerManagerService: Nap time (uid 1000)...
05-24 14:00:06.029 1528 1694 I DreamManagerService: Entering dreamland.
05-24 14:00:06.035 1528 1694 I PowerManagerService: Dreaming...
05-24 14:00:06.037 1528 1663 I DreamController: Starting dream: name=ComponentInfo{com.thundercomm.screensaver/com.thundercomm.screensaver.service.SystemDream}, isTest=false, canDoze=false, userId=0
05-24 14:00:06.045 1528 7362 I ActivityTaskManager: START u0 {flg=0x10000000 pkg=com.thundercomm.screensaver cmp=com.thundercomm.screensaver/android.service.dreams.DreamActivity (has extras)} from uid 10042
05-24 14:00:06.046 1528 7362 W ActivityTaskManager: Can't find TaskDisplayArea to determine support for multi window. Task id=75 attached=false
05-24 14:00:06.055 1528 5562 I ActivityTaskManager: FOREGROUND_APPLICATION_CHANGED to android.service.dreams.DreamActivity
05-24 14:00:06.055 1528 5562 I ActivityTaskManager: The Process com.thundercomm.screensaver Already Exists in BG. So sending its PID: 13872
05-24 14:00:06.055 1528 5562 W ActivityTaskManager: Tried to set launchTime (0) < mLastActivityLaunchTime (11774054)
05-24 14:00:06.063 1528 7362 W WindowManager: Failed looking up window session=Session{a666445 13872:u0a10042} callers=com.android.server.wm.WindowManagerService.windowForClientLocked:5628 com.android.server.wm.Session.insetsModified:629 android.view.IWindowSession$Stub.onTransact:1151
05-24 14:00:06.114 0 0 W [11777.597644] audit: audit_lost=10325 audit_rate_limit=5 audit_backlog_limit=64
05-24 14:00:06.114 0 0 E [11777.597646] audit: rate limit exceeded
05-24 14:00:06.870 0 0 I : [11778.352200] read descriptors
05-24 14:00:06.870 0 0 I : [11778.352224] read strings
05-24 14:00:06.942 1528 5562 I DreamManagerService: Gently waking up from dream.
05-24 14:00:06.943 1528 1663 I DreamManagerService: Performing gentle wake from dream.
05-24 14:00:06.943 1528 1694 I PowerManagerService: Powering on display group fromDreaming (groupId=0, uid=1000, reason=WAKE_REASON_UNKNOWN, details=android.server.power:DREAM_FINISHED)...
05-24 14:00:06.943 1528 1694 I PowerManagerService: Waking up from Dreaming (uid=1000, reason=WAKE_REASON_UNKNOWN, details=android.server.power:DREAM_FINISHED)...
05-24 14:00:06.949 1528 15317 I ActivityTaskManager: FOREGROUND_APPLICATION_CHANGED to com.android.settings.homepage.SettingsHomepageActivity
05-24 14:00:07.509 1528 10045 I DreamManagerService: Leaving dreamland.
05-24 14:00:07.510 1528 1663 I DreamManagerService: Performing gentle wake from dream.
05-24 14:00:07.510 1528 1663 I DreamController: Stopping dream: name=ComponentInfo{com.thundercomm.screensaver/com.thundercomm.screensaver.service.SystemDream}, isTest=false, canDoze=false, userId=0, reason='finished self'(from 'request awaken')
05-24 14:00:07.515 1528 1667 W ActivityTaskManager: Can't find TaskDisplayArea to determine support for multi window. Task id=75 attached=false
05-24 14:00:07.812 1528 15317 I PowerManagerService: Napping display group (groupId=0, uid=1000)...
05-24 14:00:07.812 1528 15317 I PowerManagerService: Nap time (uid 1000)...
05-24 14:00:07.813 1528 1694 I DreamManagerService: Entering dreamland.
05-24 14:00:07.813 1528 1694 I PowerManagerService: Dreaming...
05-24 14:00:07.813 1528 1663 I DreamController: Starting dream: name=ComponentInfo{com.thundercomm.screensaver/com.thundercomm.screensaver.service.SystemDream}, isTest=false, canDoze=false, userId=0
05-24 14:00:07.816 1528 15317 I ActivityTaskManager: START u0 {flg=0x10000000 pkg=com.thundercomm.screensaver cmp=com.thundercomm.screensaver/android.service.dreams.DreamActivity (has extras)} from uid 10042
05-24 14:00:07.817 1528 15317 W ActivityTaskManager: Can't find TaskDisplayArea to determine support for multi window. Task id=76 attached=false
05-24 14:00:07.822 1528 10045 I ActivityTaskManager: FOREGROUND_APPLICATION_CHANGED to android.service.dreams.DreamActivity
05-24 14:00:07.822 1528 10045 I ActivityTaskManager: The Process com.thundercomm.screensaver Already Exists in BG. So sending its PID: 13872
05-24 14:00:07.823 1528 10045 W ActivityTaskManager: Tried to set launchTime (0) < mLastActivityLaunchTime (11777542)
05-24 14:00:07.830 1528 10045 W WindowManager: Failed looking up window session=Session{a666445 13872:u0a10042} callers=com.android.server.wm.WindowManagerService.windowForClientLocked:5628 com.android.server.wm.Session.insetsModified:629 android.view.IWindowSession$Stub.onTransact:1151
05-24 14:00:07.886 0 0 I : [11779.368216] read descriptors
05-24 14:00:07.887 0 0 I : [11779.368239] read strings
05-24 14:00:07.887 0 0 W [11779.368882] audit: audit_lost=10343 audit_rate_limit=5 audit_backlog_limit=64
05-24 14:00:07.887 0 0 E [11779.368885] audit: rate limit exceeded
05-24 14:00:08.000 1528 10045 I DreamManagerService: Gently waking up from dream.
05-24 14:00:08.000 1528 1663 I DreamManagerService: Performing gentle wake from dream.
05-24 14:00:08.000 1528 1694 I PowerManagerService: Powering on display group fromDreaming (groupId=0, uid=1000, reason=WAKE_REASON_UNKNOWN, details=android.server.power:DREAM_FINISHED)...
05-24 14:00:08.000 1528 1694 I PowerManagerService: Waking up from Dreaming (uid=1000, reason=WAKE_REASON_UNKNOWN, details=android.server.power:DREAM_FINISHED)...
05-24 14:00:08.004 1528 10039 I ActivityTaskManager: FOREGROUND_APPLICATION_CHANGED to com.android.settings.homepage.SettingsHomepageActivity
05-24 14:00:08.167 1528 15317 I PowerManagerService: Napping display group (groupId=0, uid=1000)...
05-24 14:00:08.167 1528 15317 I PowerManagerService: Nap time (uid 1000)...
05-24 14:00:08.168 1528 1694 I DreamManagerService: Leaving dreamland.
05-24 14:00:08.168 1528 1694 I DreamManagerService: Entering dreamland.
05-24 14:00:08.168 1528 1663 I DreamManagerService: Performing gentle wake from dream.
05-24 14:00:08.168 1528 1663 I DreamController: Stopping dream: name=ComponentInfo{com.thundercomm.screensaver/com.thundercomm.screensaver.service.SystemDream}, isTest=false, canDoze=false, userId=0, reason='starting new dream'(from 'request awaken')
05-24 14:00:08.168 1528 1694 I PowerManagerService: Dreaming...
05-24 14:00:08.170 1528 1663 I DreamController: Starting dream: name=ComponentInfo{com.thundercomm.screensaver/com.thundercomm.screensaver.service.SystemDream}, isTest=false, canDoze=false, userId=0
05-24 14:00:08.173 1528 5562 I ActivityTaskManager: START u0 {flg=0x10000000 pkg=com.thundercomm.screensaver cmp=com.thundercomm.screensaver/android.service.dreams.DreamActivity (has extras)} from uid 10042
05-24 14:00:08.179 1528 10039 I ActivityTaskManager: FOREGROUND_APPLICATION_CHANGED to android.service.dreams.DreamActivity
05-24 14:00:08.180 1528 10039 I ActivityTaskManager: The Process com.thundercomm.screensaver Already Exists in BG. So sending its PID: 13872
05-24 14:00:08.180 1528 10039 W ActivityTaskManager: Tried to set launchTime (0) < mLastActivityLaunchTime (11779309)
05-24 14:00:08.186 1528 5562 W WindowManager: Failed looking up window session=Session{a666445 13872:u0a10042} callers=com.android.server.wm.WindowManagerService.windowForClientLocked:5628 com.android.server.wm.Session.insetsModified:629 android.view.IWindowSession$Stub.onTransact:1151
05-24 14:00:08.315 1528 5562 I DreamManagerService: Gently waking up from dream.
05-24 14:00:08.315 1528 1663 I DreamManagerService: Performing gentle wake from dream.
05-24 14:00:08.315 1528 1694 I PowerManagerService: Powering on display group fromDreaming (groupId=0, uid=1000, reason=WAKE_REASON_UNKNOWN, details=android.server.power:DREAM_FINISHED)...
05-24 14:00:08.315 1528 1694 I PowerManagerService: Waking up from Dreaming (uid=1000, reason=WAKE_REASON_UNKNOWN, details=android.server.power:DREAM_FINISHED)...
05-24 14:00:08.319 1528 5562 I ActivityTaskManager: FOREGROUND_APPLICATION_CHANGED to com.android.settings.homepage.SettingsHomepageActivity
05-24 14:00:08.450 1528 10039 I PowerManagerService: Napping display group (groupId=0, uid=1000)...
05-24 14:00:08.450 1528 10039 I PowerManagerService: Nap time (uid 1000)...
05-24 14:00:08.451 1528 1694 I DreamManagerService: Leaving dreamland.
05-24 14:00:08.451 1528 1694 I DreamManagerService: Entering dreamland.
05-24 14:00:08.451 1528 1694 I PowerManagerService: Dreaming...
05-24 14:00:08.452 1528 1663 I DreamManagerService: Performing gentle wake from dream.
05-24 14:00:08.452 1528 1663 I DreamController: Stopping dream: name=ComponentInfo{com.thundercomm.screensaver/com.thundercomm.screensaver.service.SystemDream}, isTest=false, canDoze=false, userId=0, reason='starting new dream'(from 'request awaken')
05-24 14:00:08.454 1528 1663 I DreamController: Starting dream: name=ComponentInfo{com.thundercomm.screensaver/com.thundercomm.screensaver.service.SystemDream}, isTest=false, canDoze=false, userId=0
05-24 14:00:08.456 1528 10039 I ActivityTaskManager: START u0 {flg=0x10000000 pkg=com.thundercomm.screensaver cmp=com.thundercomm.screensaver/android.service.dreams.DreamActivity (has extras)} from uid 10042
05-24 14:00:08.464 1528 10045 I ActivityTaskManager: FOREGROUND_APPLICATION_CHANGED to android.service.dreams.DreamActivity
05-24 14:00:08.464 1528 10045 I ActivityTaskManager: The Process com.thundercomm.screensaver Already Exists in BG. So sending its PID: 13872
05-24 14:00:08.464 1528 10045 W ActivityTaskManager: Tried to set launchTime (0) < mLastActivityLaunchTime (11779666)
05-24 14:00:08.471 1528 10045 W WindowManager: Failed looking up window session=Session{a666445 13872:u0a10042} callers=com.android.server.wm.WindowManagerService.windowForClientLocked:5628 com.android.server.wm.Session.insetsModified:629 android.view.IWindowSession$Stub.onTransact:1151
05-24 14:00:08.488 1528 1667 I WindowManager: Queue is too deep! Purged item with taskid=11
05-24 14:00:08.580 1528 10039 I DreamManagerService: Gently waking up from dream.
05-24 14:00:08.580 1528 1663 I DreamManagerService: Performing gentle wake from dream.
05-24 14:00:08.580 1528 1694 I PowerManagerService: Powering on display group fromDreaming (groupId=0, uid=1000, reason=WAKE_REASON_UNKNOWN, details=android.server.power:DREAM_FINISHED)...
05-24 14:00:08.580 1528 1694 I PowerManagerService: Waking up from Dreaming (uid=1000, reason=WAKE_REASON_UNKNOWN, details=android.server.power:DREAM_FINISHED)...
05-24 14:00:08.585 1528 10045 I ActivityTaskManager: FOREGROUND_APPLICATION_CHANGED to com.android.settings.homepage.SettingsHomepageActivity
05-24 14:00:08.702 1528 15317 I PowerManagerService: Napping display group (groupId=0, uid=1000)...
05-24 14:00:08.702 1528 15317 I PowerManagerService: Nap time (uid 1000)...
05-24 14:00:08.702 1528 1694 I DreamManagerService: Leaving dreamland.
05-24 14:00:08.703 1528 1694 I DreamManagerService: Entering dreamland.
05-24 14:00:08.703 1528 1663 I DreamManagerService: Performing gentle wake from dream.
05-24 14:00:08.703 1528 1663 I DreamController: Stopping dream: name=ComponentInfo{com.thundercomm.screensaver/com.thundercomm.screensaver.service.SystemDream}, isTest=false, canDoze=false, userId=0, reason='starting new dream'(from 'request awaken')
05-24 14:00:08.703 1528 1694 I PowerManagerService: Dreaming...
05-24 14:00:08.705 1528 1663 I DreamController: Starting dream: name=ComponentInfo{com.thundercomm.screensaver/com.thundercomm.screensaver.service.SystemDream}, isTest=false, canDoze=false, userId=0
05-24 14:00:08.707 1528 15317 I ActivityTaskManager: START u0 {flg=0x10000000 pkg=com.thundercomm.screensaver cmp=com.thundercomm.screensaver/android.service.dreams.DreamActivity (has extras)} from uid 10042
05-24 14:00:08.715 1528 15317 I ActivityTaskManager: FOREGROUND_APPLICATION_CHANGED to android.service.dreams.DreamActivity
05-24 14:00:08.715 1528 15317 I ActivityTaskManager: The Process com.thundercomm.screensaver Already Exists in BG. So sending its PID: 13872
05-24 14:00:08.715 1528 15317 W ActivityTaskManager: Tried to set launchTime (0) < mLastActivityLaunchTime (11779951)
05-24 14:00:08.721 1528 15317 W WindowManager: Failed looking up window session=Session{a666445 13872:u0a10042} callers=com.android.server.wm.WindowManagerService.windowForClientLocked:5628 com.android.server.wm.Session.insetsModified:629 android.view.IWindowSession$Stub.onTransact:1151
05-24 14:00:08.745 1528 1667 I WindowManager: Queue is too deep! Purged item with taskid=11
05-24 14:00:08.836 1528 15317 I DreamManagerService: Gently waking up from dream.
