06-07 13:06:26.850 2105 16961 I MicroService: onRequest(setScreenDisplay): {"ScreenDisplay":0}
06-07 13:06:26.851 2129 2183 D MicroSettings: ITCMicroCommonCallback: get request method = setScreenDisplay parameters = {"ScreenDisplay":0}
06-07 13:06:26.852 2105 16961 D MicroService: handleHeartBeat:18607
06-07 13:06:26.852 2129 16962 D MicroSettings: SetScreenDisplayAction: screen off
06-07 13:06:26.852 1566 1881 I PowerManagerService: Powering off display group due to application (groupId= 0, uid= 1000)...
06-07 13:06:26.852 1566 1881 I PowerManagerService: Going to sleep due to application (uid 1000)...
06-07 13:06:26.853 1566 1881 I power_sleep_requested: 0
06-07 13:06:26.854 1566 1691 I PowerManagerService: Sleeping display group (groupId=0, uid=1000)...
06-07 13:06:26.854 1566 1691 I PowerManagerService: Sleeping (uid 1000)...
06-07 13:06:26.857 843 1045 I SDM : HWCDisplay::GetColorModeCount: Supported color mode count = 1
06-07 13:06:26.857 843 1045 I SDM : HWCDisplay::GetColorModes: Color mode = 0 is supported
06-07 13:06:26.857 991 1081 E HWComposer: getSupportedContentTypes: getSupportedContentTypes failed for display 4630946816427681409: Unsupported (8)
06-07 13:06:26.857 1909 3008 D KeyguardViewMediator: onStartedGoingToSleep(2)
06-07 13:06:26.859 1909 3008 D KeyguardViewMediator: notifyStartedGoingToSleep
06-07 13:06:26.862 1909 1909 V KeyguardUpdateMonitor: startListeningForFingerprint()
06-07 13:06:26.863 1909 1909 V KeyguardUpdateMonitor: startListeningForFingerprint()
06-07 13:06:26.863 1909 1909 D KeyguardViewMediator: handleNotifyStartedGoingToSleep
06-07 13:06:26.879 1566 1691 I sysui_multi_action: [757,1696,758,6,759,0]
06-07 13:06:26.919 2770 2770 I auditd : type=1400 audit(0.0:3253853665): avc: denied { read } for comm="event_loop" lport=13400 scontext=u:r:hht_ota_mgr:s0 tcontext=u:r:hht_ota_mgr:s0 tclass=udp_socket permissive=0
06-07 13:06:26.919 2770 2770 W event_loop: type=1400 audit(0.0:3253853665): avc: denied { read } for lport=13400 scontext=u:r:hht_ota_mgr:s0 tcontext=u:r:hht_ota_mgr:s0 tclass=udp_socket permissive=0
06-07 13:06:26.920 0 0 W [12142.880084] audit: audit_lost=3254150402 audit_rate_limit=5 audit_backlog_limit=64
06-07 13:06:26.919 2770 2770 I auditd : type=1400 audit(0.0:3253853666): avc: denied { read } for comm="event_loop" lport=13400 scontext=u:r:hht_ota_mgr:s0 tcontext=u:r:hht_ota_mgr:s0 tclass=udp_socket permissive=0
06-07 13:06:26.919 2770 2770 W event_loop: type=1400 audit(0.0:3253853666): avc: denied { read } for lport=13400 scontext=u:r:hht_ota_mgr:s0 tcontext=u:r:hht_ota_mgr:s0 tclass=udp_socket permissive=0
06-07 13:06:26.920 0 0 E [12142.880085] audit: rate limit exceeded
06-07 13:06:26.919 2770 2770 I auditd : type=1400 audit(0.0:3253853667): avc: denied { read } for comm="event_loop" lport=13400 scontext=u:r:hht_ota_mgr:s0 tcontext=u:r:hht_ota_mgr:s0 tclass=udp_socket permissive=0
06-07 13:06:26.919 2770 2770 W event_loop: type=1400 audit(0.0:3253853667): avc: denied { read } for lport=13400 scontext=u:r:hht_ota_mgr:s0 tcontext=u:r:hht_ota_mgr:s0 tclass=udp_socket permissive=0
06-07 13:06:26.919 2770 2770 I auditd : type=1400 audit(0.0:3253853668): avc: denied { read } for comm="event_loop" lport=13400 scontext=u:r:hht_ota_mgr:s0 tcontext=u:r:hht_ota_mgr:s0 tclass=udp_socket permissive=0
06-07 13:06:26.919 2770 2770 W event_loop: type=1400 audit(0.0:3253853668): avc: denied { read } for lport=13400 scontext=u:r:hht_ota_mgr:s0 tcontext=u:r:hht_ota_mgr:s0 tclass=udp_socket permissive=0
06-07 13:06:26.919 2770 2770 I auditd : type=1400 audit(0.0:3253853669): avc: denied { read } for comm="event_loop" lport=13400 scontext=u:r:hht_ota_mgr:s0 tcontext=u:r:hht_ota_mgr:s0 tclass=udp_socket permissive=0
06-07 13:06:26.919 2770 2770 W event_loop: type=1400 audit(0.0:3253853669): avc: denied { read } for lport=13400 scontext=u:r:hht_ota_mgr:s0 tcontext=u:r:hht_ota_mgr:s0 tclass=udp_socket permissive=0
06-07 13:06:26.963 1566 1691 I DisplayPowerController[0]: Blocking screen off
06-07 13:06:26.963 1566 1888 E DisplayDeviceConfig: requesting nits when no mapping exists.
06-07 13:06:26.963 1566 1691 I DisplayPowerController[0]: Unblocked screen off after 0 ms
06-07 13:06:26.963 1566 1888 E DisplayDeviceConfig: requesting nits when no mapping exists.
06-07 13:06:26.964 1566 1653 I am_wtf : [0,1566,system_server,-1,DisplayDeviceConfig,requesting nits when no mapping exists.]
06-07 13:06:26.964 1566 1691 D ActivityTaskManager: Top Process State changed to PROCESS_STATE_TOP_SLEEPING
06-07 13:06:26.964 1566 1653 I am_wtf : [0,1566,system_server,-1,DisplayDeviceConfig,requesting nits when no mapping exists.]
06-07 13:06:26.965 1566 1691 D ActivityTrigger: ActivityTrigger activityPauseTrigger
06-07 13:06:26.966 1566 1691 I wm_pause_activity: [0,146989118,com.android.launcher3/.uioverrides.QuickstepLauncher,userLeaving=false,sleep]
06-07 13:06:26.966 2580 2580 I wm_on_top_resumed_lost_called: [146989118,com.android.launcher3.uioverrides.QuickstepLauncher,topStateChangedWhenResumed]
06-07 13:06:26.967 2580 2580 I wm_on_paused_called: [146989118,com.android.launcher3.uioverrides.QuickstepLauncher,performPause]
06-07 13:06:26.967 1566 1881 I wm_add_to_stopping: [0,146989118,com.android.launcher3/.uioverrides.QuickstepLauncher,completePauseLocked]
06-07 13:06:26.974 1909 3008 D KeyguardViewMediator: notifyScreenTurnedOff
06-07 13:06:26.974 1909 1909 D KeyguardViewMediator: handleNotifyScreenTurnedOff
06-07 13:06:26.976 1566 1637 I wm_stop_activity: [0,146989118,com.android.launcher3/.uioverrides.QuickstepLauncher]
06-07 13:06:26.976 1566 1806 I input_focus: [Focus leaving 1523125 com.android.launcher3/com.android.launcher3.uioverrides.QuickstepLauncher (server),reason=NOT_VISIBLE]
06-07 13:06:26.978 1566 1637 I sysui_multi_action: [757,803,799,window_time_0,802,1]
06-07 13:06:26.979 1566 1691 V DisplayPowerController[0]: Brightness [0.0] reason changing to: 'screen_off', previous reason: 'manual'.
06-07 13:06:26.979 1909 1909 V PanelView: com.android.systemui:id/notification_panel: setExpandedHeight(0.0)
06-07 13:06:26.979 1909 1909 D StatusBar: updateQsExpansionEnabled - QS Expand enabled: true
06-07 13:06:26.980 1909 2291 D Tile.BluetoothTile: handleUpdateState: true, connected: false, isTransient: false
06-07 13:06:26.981 991 991 D SurfaceFlinger: Setting power mode 0 on display 4630946816427681409
06-07 13:06:26.982 843 1045 I SDM : DisplayBase::SetDisplayState: Set state = 0, display 29-0, teardown = 0
06-07 13:06:26.983 1566 1667 E KernelCpuSpeedReader: Failed to read cpu-freq: /sys/devices/system/cpu/cpu4/cpufreq/stats/time_in_state: open failed: ENOENT (No such file or directory)
06-07 13:06:26.983 1566 1667 E KernelCpuSpeedReader: Failed to read cpu-freq: /sys/devices/system/cpu/cpu0/cpufreq/stats/time_in_state: open failed: ENOENT (No such file or directory)
06-07 13:06:26.983 1566 1637 I DisplayDeviceRepository: Display device changed state: "内置屏幕", OFF
06-07 13:06:26.985 1566 1637 I InputManager-JNI: Viewport [0] to add: local:4630946816427681409, isActive: false
06-07 13:06:26.987 1566 1807 I InputReader: Reconfiguring input devices, changes=DISPLAY_INFO |
06-07 13:06:26.987 1566 1807 I InputReader: Disabling gpio-keys (device 4) because the associated viewport is not active
06-07 13:06:26.987 2580 2580 D StateManager: goToState: Normal
06-07 13:06:26.987 1566 1807 I InputReader: Disabling gpio-keys (device 4) because the associated viewport is not active
06-07 13:06:26.987 1566 1807 I InputReader: Disabling Atmel maXTouch Touchscreen (device 3) because the associated viewport is not active
06-07 13:06:26.988 2580 2580 I wm_on_stop_called: [146989118,com.android.launcher3.uioverrides.QuickstepLauncher,STOP_ACTIVITY_ITEM]
06-07 13:06:26.989 2143 2297 E QmiAgentHwInterface: Failed to sendRequest: android.os.RemoteException: sendRequest failed with status: 2
06-07 13:06:26.989 1893 2564 I BtGatt.ScanManager: msg.what = 8
06-07 13:06:26.990 1893 2564 I BtGatt.ScanManager: msg.what = 4
06-07 13:06:27.024 0 0 I [12142.983583] [drm: dsi_ctrl_hw_cmn_video_engine_en] [msm-dsi-info]: DSI_0: MAX975X: Video engine = 0
06-07 13:06:27.024 0 0 I [12142.984217] [MAX975X: max96755x_drm_notifier_callback] *INFO* receives BLANK: POWERDOWN
06-07 13:06:27.027 991 991 D SurfaceFlinger: Finished setting power mode 0 on display 4630946816427681409
06-07 13:06:27.030 0 0 I : [12142.984658] atmel_mxt_ts 0-004a: Enter suspend
06-07 13:06:27.028 1566 1566 I sysui_multi_action: [757,198,758,2,759,2,1359,176,1695,0]
06-07 13:06:27.029 1566 1566 I power_screen_state: [0,2,0,0,176]
06-07 13:06:27.029 1566 1566 I screen_toggled: 0
06-07 13:06:27.029 1566 1566 I sysui_multi_action: [757,804,799,screen_timeout,801,600,802,1]
06-07 13:06:27.028 832 832 I QTI PowerHAL: Power setMode: 7 to: 0
06-07 13:06:27.029 832 832 I QTI PowerHAL: Got set_interactive hint
06-07 13:06:27.030 1566 1566 I sysui_multi_action: [757,1594,758,4,759,-2147483648,1359,1372]
06-07 13:06:27.030 1909 2799 D KeyguardViewMediator: onFinishedGoingToSleep(2)
06-07 13:06:27.030 1909 2799 D KeyguardViewMediator: notifyFinishedGoingToSleep
06-07 13:06:27.030 1566 1566 I power_screen_broadcast_send: 1
06-07 13:06:27.031 849 16964 E ANDR-PERF-LM: Core: detectAndRunIdle() 174: Not able to open /sys/class/power_supply/battery/status, Error: No such file or directory
06-07 13:06:27.031 1566 1807 I intercept_power: [ACTION_DOWN,0,0]
06-07 13:06:27.032 1566 1807 I PowerManagerService: Powering on display group fromAsleep (groupId=0, uid=1000, reason=WAKE_REASON_POWER_BUTTON, details=android.policy:POWER)...
06-07 13:06:27.032 1566 1807 I PowerManagerService: Waking up from Asleep (uid=1000, reason=WAKE_REASON_POWER_BUTTON, details=android.policy:POWER)...
06-07 13:06:27.033 1909 1909 D KeyguardViewMediator: handleNotifyFinishedGoingToSleep
06-07 13:06:27.034 1566 1807 I intercept_power: [ACTION_UP,0,0]
06-07 13:06:27.034 1566 1691 I DisplayPowerController[0]: Blocking screen on until initial contents have been drawn.
06-07 13:06:27.034 1566 1691 D ActivityTaskManager: Top Process State changed to PROCESS_STATE_TOP
06-07 13:06:27.034 1566 1667 E KernelCpuSpeedReader: Failed to read cpu-freq: /sys/devices/system/cpu/cpu4/cpufreq/stats/time_in_state: open failed: ENOENT (No such file or directory)
06-07 13:06:27.035 1566 1667 E KernelCpuSpeedReader: Failed to read cpu-freq: /sys/devices/system/cpu/cpu0/cpufreq/stats/time_in_state: open failed: ENOENT (No such file or directory)
06-07 13:06:27.035 1909 1909 V KeyguardUpdateMonitor: startListeningForFingerprint()
06-07 13:06:27.037 1909 1909 V PanelView: com.android.systemui:id/notification_panel: setExpandedHeight(0.0)
06-07 13:06:27.037 1909 1909 D StatusBar: updateQsExpansionEnabled - QS Expand enabled: true
06-07 13:06:27.038 1566 1691 I wm_set_resumed_activity: [0,com.android.launcher3/.uioverrides.QuickstepLauncher,resumeTopActivityInnerLocked]
06-07 13:06:27.038 1909 2291 D Tile.BluetoothTile: handleUpdateState: true, connected: false, isTransient: false
06-07 13:06:27.039 1566 1691 I wm_resume_activity: [0,146989118,8,com.android.launcher3/.uioverrides.QuickstepLauncher]
06-07 13:06:27.040 1909 2799 D KeyguardViewMediator: notifyScreenOn
06-07 13:06:27.040 1909 1909 D KeyguardViewMediator: handleNotifyScreenTurningOn
06-07 13:06:27.040 0 0 W [12143.000067] ALERT: changing window size from 16000000 to 20000000 at 12143000014270
06-07 13:06:27.040 1566 1566 I screen_toggled: 1
06-07 13:06:27.043 1566 1691 E SensorManager: sensor or listener is null
06-07 13:06:27.043 1909 2799 D KeyguardViewMediator: onStartedWakingUp, seq = 9
06-07 13:06:27.043 1909 2799 D KeyguardViewMediator: notifyStartedWakingUp
06-07 13:06:27.043 1909 1909 D KeyguardViewMediator: handleNotifyWakingUp
06-07 13:06:27.043 1566 1691 V DisplayPowerController[0]: Brightness [0.74747473] reason changing to: 'manual', previous reason: 'screen_off'.
06-07 13:06:27.043 1566 1691 I sysui_multi_action: [757,1696,758,6,759,3]
06-07 13:06:27.044 1566 1566 I WindowManager: Suppressed redundant power key press while already in the process of turning the screen on.
06-07 13:06:27.044 832 832 I QTI PowerHAL: Power setMode: 7 to: 1
06-07 13:06:27.044 991 991 D SurfaceFlinger: Setting power mode 2 on display 4630946816427681409
06-07 13:06:27.044 1566 1637 I DisplayDeviceRepository: Display device changed state: "内置屏幕", ON
06-07 13:06:27.045 1566 1637 I InputManager-JNI: Viewport [0] to add: local:4630946816427681409, isActive: true
06-07 13:06:27.046 843 1045 I SDM : DisplayBase::SetDisplayState: Set state = 1, display 29-0, teardown = 0
06-07 13:06:27.046 1566 1653 W BroadcastQueue: Background execution not allowed: receiving Intent { act=android.intent.action.USER_PRESENT flg=0x24200010 } to com.microsoft.emmx/org.chromium.chrome.browser.sharing.click_to_call.ClickToCallMessageHandler$PhoneUnlockedReceiver
06-07 13:06:27.046 1566 1653 W BroadcastQueue: Background execution not allowed: receiving Intent { act=android.intent.action.USER_PRESENT flg=0x24200010 } to com.ss.android.article.video.landscape/com.taobao.accs.EventReceiver
06-07 13:06:27.046 1566 1691 I DisplayPowerController[0]: Unblocked screen on after 12 ms
06-07 13:06:27.046 832 832 I QTI PowerHAL: Got set_interactive hint
06-07 13:06:27.048 0 0 I [12143.007816] [drm: dsi_display_set_mode] [msm-dsi-info]: mdp_transfer_time_us=0 us
06-07 13:06:27.048 0 0 I [12143.007821] [drm: dsi_display_set_mode] [msm-dsi-info]: hactive= 2560,vactive= 1080,fps=60
06-07 13:06:27.048 0 0 I [12143.007877] [drm: dsi_ctrl_isr_configure] [msm-dsi-info]: dsi-ctrl-0: IRQ 385 registered
06-07 13:06:27.047 3570 3570 D SYS_EVENT: send event 64 notification to client
06-07 13:06:27.048 1893 2564 I BtGatt.ScanManager: msg.what = 8
06-07 13:06:27.048 1566 1807 I InputReader: Reconfiguring input devices, changes=DISPLAY_INFO |
06-07 13:06:27.048 1566 1807 I InputReader: Device reconfigured: id=4, name='gpio-keys', size 2560x1080, orientation 0, mode 4, display id 0
06-07 13:06:27.048 1566 1807 I InputReader: Device reconfigured: id=3, name='Atmel maXTouch Touchscreen', size 2560x1080, orientation 0, mode 1, display id 0
06-07 13:06:27.048 2143 2297 E QmiAgentHwInterface: Failed to sendRequest: android.os.RemoteException: sendRequest failed with status: 2
06-07 13:06:27.048 1893 2564 I BtGatt.ScanManager: msg.what = 5
06-07 13:06:27.051 658 673 I mpu_uart: [MSG-P:RECV]:No message received in 1000 ms
06-07 13:06:27.052 813 1849 D audio_hw_primary: adev_set_parameters: enter: screen_state=off
06-07 13:06:27.052 813 1849 D audio_hw_hfp: hfp_set_parameters: enter
06-07 13:06:27.052 813 1849 D sound_trigger_hw: handle_screen_status_change: screen off
06-07 13:06:27.052 813 1849 D audio_hw_extn: audio_extn_fm_set_parameters: Enter
06-07 13:06:27.055 2129 2129 I MicroServiceManager: requestResult(reportScreenDisplay) parameters is{"ScreenDisplay":1}.