06-13 18:26:35.914 1551 1686 I am_wtf : [0,1551,system_server,-1,DisplayDeviceConfig,requesting nits when no mapping exists.]
06-13 18:26:35.915 1551 1686 I am_wtf : [0,1551,system_server,-1,DisplayDeviceConfig,requesting nits when no mapping exists.]
06-13 18:26:35.931 1551 1686 I am_wtf : [0,1551,system_server,-1,DisplayDeviceConfig,requesting nits when no mapping exists.]
06-13 18:26:35.931 1551 1686 I am_wtf : [0,1551,system_server,-1,DisplayDeviceConfig,requesting nits when no mapping exists.]
06-13 18:26:36.316 1551 1670 I wm_stop_activity: [0,87018331,com.android.launcher3/.uioverrides.QuickstepLauncher]
06-13 18:26:36.317 1551 1670 I wm_stop_activity: [0,86616444,com.android.packageinstaller/.DeleteStagedFileOnResult]
06-13 18:26:36.317 1551 1670 I wm_stop_activity: [0,27001122,com.android.packageinstaller/.InstallSuccess]
06-13 18:26:36.317 1551 1670 I wm_stop_activity: [0,53462805,com.android.packageinstaller/.DeleteStagedFileOnResult]
06-13 18:26:36.317 1551 1670 I wm_stop_activity: [0,223077111,com.android.packageinstaller/.PackageInstallerActivity]
06-13 18:26:36.317 1551 1670 I wm_stop_activity: [0,3960262,com.android.packageinstaller/.DeleteStagedFileOnResult]
06-13 18:26:36.318 1551 1670 I wm_stop_activity: [0,240921632,com.android.packageinstaller/.PackageInstallerActivity]
06-13 18:26:36.318 1551 1670 I wm_stop_activity: [0,171589283,com.android.packageinstaller/.DeleteStagedFileOnResult]
06-13 18:26:36.318 1551 1670 I wm_stop_activity: [0,220425749,com.android.packageinstaller/.PackageInstallerActivity]
06-13 18:26:36.318 1551 1670 I wm_stop_activity: [0,249091709,com.android.packageinstaller/.DeleteStagedFileOnResult]
06-13 18:26:36.318 1551 1670 I wm_stop_activity: [0,240662303,com.android.packageinstaller/.PackageInstallerActivity]
06-13 18:26:36.319 1551 1670 I wm_stop_activity: [0,186497273,com.android.packageinstaller/.DeleteStagedFileOnResult]
06-13 18:26:36.319 1551 1670 I wm_stop_activity: [0,216049083,com.android.packageinstaller/.PackageInstallerActivity]
06-13 18:26:36.319 1551 1670 I wm_stop_activity: [0,148957047,com.android.packageinstaller/.DeleteStagedFileOnResult]
06-13 18:26:36.319 1551 1670 I wm_stop_activity: [0,220082946,com.android.packageinstaller/.PackageInstallerActivity]
06-13 18:26:36.319 1551 1670 I wm_stop_activity: [0,134710260,com.android.packageinstaller/.DeleteStagedFileOnResult]
06-13 18:26:36.319 1551 1670 I wm_stop_activity: [0,123708259,com.android.packageinstaller/.PackageInstallerActivity]
06-13 18:26:36.320 1551 1670 I wm_stop_activity: [0,175349344,com.android.packageinstaller/.DeleteStagedFileOnResult]
06-13 18:26:36.320 1551 1670 I wm_stop_activity: [0,133276095,com.android.packageinstaller/.PackageInstallerActivity]
06-13 18:26:36.320 1551 1670 I wm_stop_activity: [0,72266132,com.android.packageinstaller/.DeleteStagedFileOnResult]
06-13 18:26:36.320 1551 1670 I wm_stop_activity: [0,24644341,com.android.packageinstaller/.InstallSuccess]
06-13 18:26:36.335 2614 2614 I wm_on_stop_called: [87018331,com.android.launcher3.uioverrides.QuickstepLauncher,STOP_ACTIVITY_ITEM]
06-13 18:26:36.340 2159 2159 I wm_on_stop_called: [86616444,com.android.packageinstaller.DeleteStagedFileOnResult,STOP_ACTIVITY_ITEM]
06-13 18:26:36.340 2159 2159 I wm_on_stop_called: [27001122,com.android.packageinstaller.InstallSuccess,STOP_ACTIVITY_ITEM]
06-13 18:26:36.340 2159 2159 I wm_on_stop_called: [53462805,com.android.packageinstaller.DeleteStagedFileOnResult,STOP_ACTIVITY_ITEM]
06-13 18:26:36.341 2159 2159 I wm_on_stop_called: [223077111,com.android.packageinstaller.PackageInstallerActivity,STOP_ACTIVITY_ITEM]
06-13 18:26:36.341 2159 2159 I wm_on_stop_called: [3960262,com.android.packageinstaller.DeleteStagedFileOnResult,STOP_ACTIVITY_ITEM]
06-13 18:26:36.341 2159 2159 I wm_on_stop_called: [240921632,com.android.packageinstaller.PackageInstallerActivity,STOP_ACTIVITY_ITEM]
06-13 18:26:36.341 2159 2159 I wm_on_stop_called: [171589283,com.android.packageinstaller.DeleteStagedFileOnResult,STOP_ACTIVITY_ITEM]
06-13 18:26:36.342 2159 2159 I wm_on_stop_called: [220425749,com.android.packageinstaller.PackageInstallerActivity,STOP_ACTIVITY_ITEM]
06-13 18:26:36.342 2159 2159 I wm_on_stop_called: [249091709,com.android.packageinstaller.DeleteStagedFileOnResult,STOP_ACTIVITY_ITEM]
06-13 18:26:36.342 2159 2159 I wm_on_stop_called: [240662303,com.android.packageinstaller.PackageInstallerActivity,STOP_ACTIVITY_ITEM]
06-13 18:26:36.342 2159 2159 I wm_on_stop_called: [186497273,com.android.packageinstaller.DeleteStagedFileOnResult,STOP_ACTIVITY_ITEM]
06-13 18:26:36.343 2159 2159 I wm_on_stop_called: [216049083,com.android.packageinstaller.PackageInstallerActivity,STOP_ACTIVITY_ITEM]
06-13 18:26:36.343 2159 2159 I wm_on_stop_called: [148957047,com.android.packageinstaller.DeleteStagedFileOnResult,STOP_ACTIVITY_ITEM]
06-13 18:26:36.343 2159 2159 I wm_on_stop_called: [220082946,com.android.packageinstaller.PackageInstallerActivity,STOP_ACTIVITY_ITEM]
06-13 18:26:36.343 2159 2159 I wm_on_stop_called: [134710260,com.android.packageinstaller.DeleteStagedFileOnResult,STOP_ACTIVITY_ITEM]
06-13 18:26:36.344 2159 2159 I wm_on_stop_called: [123708259,com.android.packageinstaller.PackageInstallerActivity,STOP_ACTIVITY_ITEM]
06-13 18:26:36.344 2159 2159 I wm_on_stop_called: [175349344,com.android.packageinstaller.DeleteStagedFileOnResult,STOP_ACTIVITY_ITEM]
06-13 18:26:36.344 2159 2159 I wm_on_stop_called: [133276095,com.android.packageinstaller.PackageInstallerActivity,STOP_ACTIVITY_ITEM]
06-13 18:26:36.345 2159 2159 I wm_on_stop_called: [72266132,com.android.packageinstaller.DeleteStagedFileOnResult,STOP_ACTIVITY_ITEM]
06-13 18:26:36.345 2159 2159 I wm_on_stop_called: [24644341,com.android.packageinstaller.InstallSuccess,STOP_ACTIVITY_ITEM]
06-13 18:26:37.020 0 0 E [61118.944254] link_delay_work_func: DTC_ETH: SQI=0, link=0
06-13 18:26:39.587 1551 1551 I notification_enqueue: [10092,17024,com.tencent.android.qqdownloader,127,NULL,0,Notification(channel=channel_id_default_silent shortcut=null contentView=com.tencent.android.qqdownloader/0x7f0a01c2 vibrate=null sound=null defaults=0x0 flags=0x2a2 color=0x00000000 groupKey=com.tencent.android.qqdownloader vis=PRIVATE),1]
06-13 18:26:40.545 1551 1911 I sync : [com.tencent.android.qqdownloader.YYBLiveAccountProvider,0,3,24220937]
06-13 18:26:40.589 1551 1911 I sync : [com.tencent.android.qqdownloader.YYBLiveAccountProvider,1,3,24220937]
06-13 18:26:40.592 1551 1911 I commit_sys_config_file: [sync-status,54179957]
06-13 18:26:40.600 1551 1911 I sync : [com.tencent.android.qqdownloader.YYBLiveAccountProvider,0,3,24220937]
06-13 18:26:40.633 1551 1911 I sync : [com.tencent.android.qqdownloader.YYBLiveAccountProvider,1,3,24220937]
06-13 18:26:40.636 1551 1911 I commit_sys_config_file: [sync-status,54180001]
06-13 18:26:41.324 0 0 I [61123.248772] init: processing action (sys.tlog.tlogdshc.active=1) from (/system/etc/init/tlogd.rc:195)
06-13 18:26:41.324 0 0 I [61123.249659] init: starting service 'tlogdshc'...
06-13 18:26:41.444 0 0 I [61123.369056] init: Service 'tlogdshc' (pid 10016) exited with status 0 oneshot service took 0.114000 seconds in background
06-13 18:26:41.444 0 0 I [61123.369084] init: Sending signal 9 to service 'tlogdshc' (pid 10016) process group...
06-13 18:26:41.444 0 0 I [61123.369287] libprocessgroup: Successfully killed process cgroup uid 0 pid 10016 in 0ms
06-13 18:26:42.136 0 0 E [61124.064380] link_delay_work_func: DTC_ETH: SQI=0, link=0
06-13 18:26:42.597 1551 1669 I commit_sys_config_file: [jobs,5]
06-13 18:26:47.260 0 0 E [61129.184336] link_delay_work_func: DTC_ETH: SQI=0, link=0
06-13 18:26:52.380 0 0 E [61134.304492] link_delay_work_func: DTC_ETH: SQI=0, link=0
06-13 18:26:53.430 1551 1686 I am_uid_idle: 10089
06-13 18:26:57.500 0 0 E [61139.424333] link_delay_work_func: DTC_ETH: SQI=0, link=0
06-13 18:27:02.616 0 0 E [61144.544365] link_delay_work_func: DTC_ETH: SQI=0, link=0
06-13 18:27:07.740 0 0 E [61149.664346] link_delay_work_func: DTC_ETH: SQI=0, link=0
06-13 18:27:11.324 0 0 I [61153.250457] init: processing action (sys.tlog.tlogdshc.active=1) from (/system/etc/init/tlogd.rc:195)
06-13 18:27:11.324 0 0 I [61153.251186] init: starting service 'tlogdshc'...
06-13 18:27:11.432 0 0 I [61153.359109] init: Service 'tlogdshc' (pid 10069) exited with status 0 oneshot service took 0.104000 seconds in background
06-13 18:27:11.432 0 0 I [61153.359137] init: Sending signal 9 to service 'tlogdshc' (pid 10069) process group...
06-13 18:27:11.432 0 0 I [61153.359319] libprocessgroup: Successfully killed process cgroup uid 0 pid 10069 in 0ms
06-13 18:27:12.860 0 0 E [61154.784377] link_delay_work_func: DTC_ETH: SQI=0, link=0
06-13 18:27:15.552 1551 1911 I sync : [com.tencent.android.qqdownloader.YYBLiveAccountProvider,0,3,24220937]
06-13 18:27:15.592 1551 1911 I sync : [com.tencent.android.qqdownloader.YYBLiveAccountProvider,1,3,24220937]
06-13 18:27:15.595 1551 1911 I commit_sys_config_file: [sync-status,54214961]
06-13 18:27:15.603 1551 1911 I sync : [com.tencent.android.qqdownloader.YYBLiveAccountProvider,0,3,24220937]
06-13 18:27:15.642 1551 1911 I sync : [com.tencent.android.qqdownloader.YYBLiveAccountProvider,1,3,24220937]
06-13 18:27:15.644 1551 1911 I commit_sys_config_file: [sync-status,54215010]
06-13 18:27:17.600 1551 1669 I commit_sys_config_file: [jobs,6]
06-13 18:27:17.980 0 0 E [61159.904330] link_delay_work_func: DTC_ETH: SQI=0, link=0
06-13 18:27:23.100 0 0 E [61165.024309] link_delay_work_func: DTC_ETH: SQI=0, link=0
06-13 18:27:28.220 0 0 E [61170.144310] link_delay_work_func: DTC_ETH: SQI=0, link=0
06-13 18:27:33.336 0 0 E [61175.264347] link_delay_work_func: DTC_ETH: SQI=0, link=0
06-13 18:27:36.333 1551 1686 I am_uid_idle: 10025
06-13 18:27:38.460 0 0 E [61180.384352] link_delay_work_func: DTC_ETH: SQI=0, link=0
06-13 18:27:41.063 1551 1551 I notification_enqueue: [10092,17024,com.tencent.android.qqdownloader,127,NULL,0,Notification(channel=channel_id_default_silent shortcut=null contentView=com.tencent.android.qqdownloader/0x7f0a01c2 vibrate=null sound=null defaults=0x0 flags=0x2a2 color=0x00000000 groupKey=com.tencent.android.qqdownloader vis=PRIVATE),1]
06-13 18:27:41.328 0 0 I [61183.253364] init: processing action (sys.tlog.tlogdshc.active=1) from (/system/etc/init/tlogd.rc:195)
06-13 18:27:41.328 0 0 I [61183.253806] init: starting service 'tlogdshc'...
06-13 18:27:41.440 0 0 I [61183.366546] init: Service 'tlogdshc' (pid 10112) exited with status 0 oneshot service took 0.109000 seconds in background
06-13 18:27:41.440 0 0 I [61183.366573] init: Sending signal 9 to service 'tlogdshc' (pid 10112) process group...
06-13 18:27:41.440 0 0 I [61183.366747] libprocessgroup: Successfully killed process cgroup uid 0 pid 10112 in 0ms
06-13 18:27:41.838 1551 1686 I am_uid_idle: 10062
06-13 18:27:43.576 0 0 E [61185.504318] link_delay_work_func: DTC_ETH: SQI=0, link=0
06-13 18:27:48.701 0 0 E [61190.624325] link_delay_work_func: DTC_ETH: SQI=0, link=0
06-13 18:27:50.546 1551 1911 I sync : [com.tencent.android.qqdownloader.YYBLiveAccountProvider,0,3,24220937]
06-13 18:27:50.590 1551 1911 I sync : [com.tencent.android.qqdownloader.YYBLiveAccountProvider,1,3,24220937]
06-13 18:27:50.593 1551 1911 I commit_sys_config_file: [sync-status,54249959]
06-13 18:27:50.600 1551 1911 I sync : [com.tencent.android.qqdownloader.YYBLiveAccountProvider,0,3,24220937]
06-13 18:27:50.627 1551 1911 I sync : [com.tencent.android.qqdownloader.YYBLiveAccountProvider,1,3,24220937]
06-13 18:27:50.629 1551 1911 I commit_sys_config_file: [sync-status,54249995]
06-13 18:27:52.599 1551 1669 I commit_sys_config_file: [jobs,6]
06-13 18:27:53.820 0 0 E [61195.744321] link_delay_work_func: DTC_ETH: SQI=0, link=0
06-13 18:27:58.356 575 575 I auditd : type=1400 audit(0.0:3592): avc: denied { read } for comm="Binder:575_2" name="wakeup58" dev="sysfs" ino=71937 scontext=u:r:system_suspend:s0 tcontext=u:object_r:sysfs:s0 tclass=dir permissive=0
06-13 18:27:58.356 575 575 I auditd : type=1400 audit(0.0:3593): avc: denied { read } for comm="Binder:575_2" name="wakeup48" dev="sysfs" ino=67611 scontext=u:r:system_suspend:s0 tcontext=u:object_r:sysfs:s0 tclass=dir permissive=0
06-13 18:27:58.356 575 575 I auditd : type=1400 audit(0.0:3594): avc: denied { read } for comm="Binder:575_2" name="wakeup4" dev="sysfs" ino=46990 scontext=u:r:system_suspend:s0 tcontext=u:object_r:sysfs:s0 tclass=dir permissive=0
06-13 18:27:58.360 575 575 I auditd : type=1400 audit(0.0:3595): avc: denied { read } for comm="Binder:575_2" name="wakeup76" dev="sysfs" ino=76672 scontext=u:r:system_suspend:s0 tcontext=u:object_r:sysfs:s0 tclass=dir permissive=0
06-13 18:27:58.360 575 575 I auditd : type=1400 audit(0.0:3596): avc: denied { read } for comm="Binder:575_2" name="wakeup28" dev="sysfs" ino=53195 scontext=u:r:system_suspend:s0 tcontext=u:object_r:sysfs:s0 tclass=dir permissive=0
06-13 18:27:58.360 575 575 I auditd : type=1400 audit(0.0:3597): avc: denied { read } for comm="Binder:575_2" name="wakeup56" dev="sysfs" ino=71865 scontext=u:r:system_suspend:s0 tcontext=u:object_r:sysfs:s0 tclass=dir permissive=0
06-13 18:27:58.364 575 575 I auditd : type=1400 audit(0.0:3598): avc: denied { read } for comm="Binder:575_2" name="wakeup2" dev="sysfs" ino=46514 scontext=u:r:system_suspend:s0 tcontext=u:object_r:sysfs:s0 tclass=dir permissive=0
06-13 18:27:58.368 575 575 I auditd : type=1400 audit(0.0:3599): avc: denied { read } for comm="Binder:575_2" name="wakeup36" dev="sysfs" ino=62429 scontext=u:r:system_suspend:s0 tcontext=u:object_r:sysfs:s0 tclass=dir permissive=0
06-13 18:27:58.368 575 575 I auditd : type=1400 audit(0.0:3600): avc: denied { read } for comm="Binder:575_2" name="wakeup54" dev="sysfs" ino=71793 scontext=u:r:system_suspend:s0 tcontext=u:object_r:sysfs:s0 tclass=dir permissive=0
06-13 18:27:58.380 0 0 W [61200.305128] audit: audit_lost=3053 audit_rate_limit=5 audit_backlog_limit=64
06-13 18:27:58.380 0 0 E [61200.305132] audit: rate limit exceeded
06-13 18:27:58.428 1551 1684 I commit_sys_config_file: [batterystats,5]
06-13 18:27:58.430 1551 1684 I commit_sys_config_file: [batterystats,2]
06-13 18:27:58.940 0 0 E [61200.864318] link_delay_work_func: DTC_ETH: SQI=0, link=0
06-13 18:28:04.060 0 0 E [61205.984349] link_delay_work_func: DTC_ETH: SQI=0, link=0
06-13 18:28:09.180 0 0 E [61211.104446] link_delay_work_func: DTC_ETH: SQI=0, link=0
06-13 18:28:11.336 0 0 I [61213.261746] init: processing action (sys.tlog.tlogdshc.active=1) from (/system/etc/init/tlogd.rc:195)
06-13 18:28:11.336 0 0 I [61213.262416] init: starting service 'tlogdshc'...
06-13 18:28:11.444 0 0 I [61213.370690] init: Service 'tlogdshc' (pid 10164) exited with status 0 oneshot service took 0.103000 seconds in background
06-13 18:28:11.444 0 0 I [61213.370719] init: Sending signal 9 to service 'tlogdshc' (pid 10164) process group...
06-13 18:28:11.444 0 0 I [61213.370884] libprocessgroup: Successfully killed process cgroup uid 0 pid 10164 in 0ms
06-13 18:28:14.300 0 0 E [61216.224313] link_delay_work_func: DTC_ETH: SQI=0, link=0
06-13 18:28:18.156 0 0 I [61220.081539] init: processing action (sys.tlog.pstore.active=1) from (/system/etc/init/tlogd.rc:134)
06-13 18:28:18.156 0 0 I [61220.082343] init: starting service 'pstore_save'...
06-13 18:28:18.196 0 0 I [61220.120838] init: Service 'pstore_save' (pid 10187) exited with status 1 oneshot service took 0.035000 seconds in background
06-13 18:28:18.196 0 0 I [61220.120870] init: Sending signal 9 to service 'pstore_save' (pid 10187) process group...
06-13 18:28:18.196 0 0 I [61220.121043] libprocessgroup: Successfully killed process cgroup uid 1000 pid 10187 in 0ms
06-13 18:28:19.207 0 0 I [61221.130906] init: processing action (sys.tlog.tlogdsho.active=1) from (/system/etc/init/tlogd.rc:167)
06-13 18:28:19.207 0 0 I [61221.131205] init: starting service 'tlogdsho'...
06-13 18:28:19.216 0 0 I [61221.141450] init: processing action (sys.tlog.bluetooth.active=1) from (/system/etc/init/tlogd.rc:163)
06-13 18:28:19.216 0 0 I [61221.142006] init: starting service 'tlogdBluetooth'...
06-13 18:28:19.230 0 0 I [61221.153391] init: processing action (sys.tlog.fatal.active=1) from (/system/etc/init/tlogd.rc:130)
06-13 18:28:19.420 0 0 E [61221.344327] link_delay_work_func: DTC_ETH: SQI=0, link=0
06-13 18:28:24.480 0 0 I [61226.405424] init: Untracked pid 10211 exited with status 0
06-13 18:28:24.536 0 0 E [61226.464362] link_delay_work_func: DTC_ETH: SQI=0, link=0
06-13 18:28:25.544 1551 1911 I sync : [com.tencent.android.qqdownloader.YYBLiveAccountProvider,0,3,24220937]
06-13 18:28:25.544 1551 1843 I netstats_mobile_sample: [0,0,0,0,0,0,0,0,0,0,0,0,1686652105544]
06-13 18:28:25.545 1551 1843 I netstats_wifi_sample: [11005662041,7802457,138515652,2316795,11005662041,7802457,138515652,2316795,11120074377,7916629,137708036,2313086,1686652105544]
06-13 18:28:25.549 1551 1844 I service_manager_stats: [100,65,1058913]
06-13 18:28:25.576 1551 1911 I sync : [com.tencent.android.qqdownloader.YYBLiveAccountProvider,1,3,24220937]
06-13 18:28:25.579 1551 1911 I commit_sys_config_file: [sync-status,54284945]
06-13 18:28:25.589 1551 1911 I sync : [com.tencent.android.qqdownloader.YYBLiveAccountProvider,0,3,24220937]
06-13 18:28:25.629 1551 1911 I sync : [com.tencent.android.qqdownloader.YYBLiveAccountProvider,1,3,24220937]
06-13 18:28:25.632 1551 1911 I commit_sys_config_file: [sync-status,54284997]
06-13 18:28:27.586 1551 1669 I commit_sys_config_file: [jobs,7]
06-13 18:28:29.660 0 0 E [61231.584332] link_delay_work_func: DTC_ETH: SQI=0, link=0
06-13 18:28:34.777 0 0 E [61236.704363] link_delay_work_func: DTC_ETH: SQI=0, link=0
06-13 18:28:39.900 0 0 E [61241.824348] link_delay_work_func: DTC_ETH: SQI=0, link=0
06-13 18:28:41.343 0 0 I [61243.263174] init: processing action (sys.tlog.tlogdshc.active=1) from (/system/etc/init/tlogd.rc:195)
06-13 18:28:41.343 0 0 I [61243.263930] init: starting service 'tlogdshc'...
06-13 18:28:41.452 0 0 I [61243.377837] init: Service 'tlogdshc' (pid 10250) exited with status 0 oneshot service took 0.109000 seconds in background
06-13 18:28:41.452 0 0 I [61243.377866] init: Sending signal 9 to service 'tlogdshc' (pid 10250) process group...
06-13 18:28:41.452 0 0 I [61243.378035] libprocessgroup: Successfully killed process cgroup uid 0 pid 10250 in 0ms
06-13 18:28:42.577 1551 1551 I notification_enqueue: [10092,17024,com.tencent.android.qqdownloader,127,NULL,0,Notification(channel=channel_id_default_silent shortcut=null contentView=com.tencent.android.qqdownloader/0x7f0a01c2 vibrate=null sound=null defaults=0x0 flags=0x2a2 color=0x00000000 groupKey=com.tencent.android.qqdownloader vis=PRIVATE),1]
06-13 18:28:45.016 0 0 E [61246.944357] link_delay_work_func: DTC_ETH: SQI=0, link=0
06-13 18:28:50.140 0 0 E [61252.064339] link_delay_work_func: DTC_ETH: SQI=0, link=0
06-13 18:28:55.260 0 0 E [61257.184341] link_delay_work_func: DTC_ETH: SQI=0, link=0
06-13 18:29:00.380 0 0 E [61262.304337] link_delay_work_func: DTC_ETH: SQI=0, link=0
06-13 18:29:00.552 1551 1911 I sync : [com.tencent.android.qqdownloader.YYBLiveAccountProvider,0,3,24220937]
06-13 18:29:00.587 1551 1911 I sync : [com.tencent.android.qqdownloader.YYBLiveAccountProvider,1,3,24220937]
06-13 18:29:00.590 1551 1911 I commit_sys_config_file: [sync-status,54319955]
06-13 18:29:00.597 1551 1911 I sync : [com.tencent.android.qqdownloader.YYBLiveAccountProvider,0,3,24220937]
06-13 18:29:00.625 1551 1911 I sync : [com.tencent.android.qqdownloader.YYBLiveAccountProvider,1,3,24220937]
06-13 18:29:00.628 1551 1911 I commit_sys_config_file: [sync-status,54319993]
06-13 18:29:02.596 1551 1669 I commit_sys_config_file: [jobs,5]
06-13 18:29:05.500 0 0 E [61267.424357] link_delay_work_func: DTC_ETH: SQI=0, link=0
06-13 18:29:10.620 0 0 E [61272.544389] link_delay_work_func: DTC_ETH: SQI=0, link=0
06-13 18:29:11.340 0 0 I [61273.265048] init: processing action (sys.tlog.tlogdshc.active=1) from (/system/etc/init/tlogd.rc:195)
06-13 18:29:11.340 0 0 I [61273.265678] init: starting service 'tlogdshc'...
06-13 18:29:11.456 0 0 I [61273.380799] init: Service 'tlogdshc' (pid 10294) exited with status 0 oneshot service took 0.110000 seconds in background
06-13 18:29:11.456 0 0 I [61273.380823] init: Sending signal 9 to service 'tlogdshc' (pid 10294) process group...
06-13 18:29:11.456 0 0 I [61273.380984] libprocessgroup: Successfully killed process cgroup uid 0 pid 10294 in 0ms
06-13 18:29:15.736 0 0 E [61277.664329] link_delay_work_func: DTC_ETH: SQI=0, link=0
06-13 18:29:20.860 0 0 E [61282.784328] link_delay_work_func: DTC_ETH: SQI=0, link=0
06-13 18:29:25.980 0 0 E [61287.904356] link_delay_work_func: DTC_ETH: SQI=0, link=0
06-13 18:29:31.100 0 0 E [61293.024330] link_delay_work_func: DTC_ETH: SQI=0, link=0
06-13 18:29:35.554 1551 1911 I sync : [com.tencent.android.qqdownloader.YYBLiveAccountProvider,0,3,24220937]
06-13 18:29:35.592 1551 1911 I sync : [com.tencent.android.qqdownloader.YYBLiveAccountProvider,1,3,24220937]
06-13 18:29:35.596 1551 1911 I commit_sys_config_file: [sync-status,54354962]
06-13 18:29:35.608 1551 1911 I sync : [com.tencent.android.qqdownloader.YYBLiveAccountProvider,0,3,24220937]
06-13 18:29:35.647 1551 1911 I sync : [com.tencent.android.qqdownloader.YYBLiveAccountProvider,1,3,24220937]
06-13 18:29:35.648 1551 1911 I commit_sys_config_file: [sync-status,54355014]
06-13 18:29:35.712 0 0 D [61297.638104] cnss: Host time = 61300294060 us, device time = 61275221490 us, offset = 25072570 us
06-13 18:29:35.712 0 0 D [61297.638172] cnss: Updated time sync regs [0x984] = 0x17e93ba, [0x988] = 0x0
06-13 18:29:36.220 0 0 E [61298.144323] link_delay_work_func: DTC_ETH: SQI=0, link=0
06-13 18:29:37.600 1551 1669 I commit_sys_config_file: [jobs,5]
06-13 18:29:41.340 0 0 E [61303.264319] link_delay_work_func: DTC_ETH: SQI=0, link=0
06-13 18:29:41.340 0 0 I [61303.266583] init: processing action (sys.tlog.tlogdshc.active=1) from (/system/etc/init/tlogd.rc:195)
06-13 18:29:41.340 0 0 I [61303.267191] init: starting service 'tlogdshc'...
06-13 18:29:41.460 0 0 I [61303.385010] init: Service 'tlogdshc' (pid 10336) exited with status 0 oneshot service took 0.112000 seconds in background
06-13 18:29:41.460 0 0 I [61303.385059] init: Sending signal 9 to service 'tlogdshc' (pid 10336) process group...
06-13 18:29:41.460 0 0 I [61303.385310] libprocessgroup: Successfully killed process cgroup uid 0 pid 10336 in 0ms
06-13 18:29:44.068 1551 1551 I notification_enqueue: [10092,17024,com.tencent.android.qqdownloader,127,NULL,0,Notification(channel=channel_id_default_silent shortcut=null contentView=com.tencent.android.qqdownloader/0x7f0a01c2 vibrate=null sound=null defaults=0x0 flags=0x2a2 color=0x00000000 groupKey=com.tencent.android.qqdownloader vis=PRIVATE),1]
06-13 18:29:46.460 0 0 E [61308.384323] link_delay_work_func: DTC_ETH: SQI=0, link=0
06-13 18:29:51.580 0 0 E [61313.504314] link_delay_work_func: DTC_ETH: SQI=0, link=0
06-13 18:29:56.696 0 0 E [61318.624338] link_delay_work_func: DTC_ETH: SQI=0, link=0
06-13 18:30:01.820 0 0 E [61323.744335] link_delay_work_func: DTC_ETH: SQI=0, link=0
06-13 18:30:06.936 0 0 E [61328.864340] link_delay_work_func: DTC_ETH: SQI=0, link=0
06-13 18:30:10.557 1551 1911 I sync : [com.tencent.android.qqdownloader.YYBLiveAccountProvider,0,3,24220937]
06-13 18:30:10.589 1551 1911 I sync : [com.tencent.android.qqdownloader.YYBLiveAccountProvider,1,3,24220937]
06-13 18:30:10.593 1551 1911 I commit_sys_config_file: [sync-status,54389958]
06-13 18:30:10.599 1551 1911 I sync : [com.tencent.android.qqdownloader.YYBLiveAccountProvider,0,3,24220937]
06-13 18:30:10.630 1551 1911 I sync : [com.tencent.android.qqdownloader.YYBLiveAccountProvider,1,3,24220937]
06-13 18:30:10.632 1551 1911 I commit_sys_config_file: [sync-status,54389998]
06-13 18:30:11.340 0 0 I [61333.268139] init: processing action (sys.tlog.tlogdshc.active=1) from (/system/etc/init/tlogd.rc:195)
06-13 18:30:11.344 0 0 I [61333.269012] init: starting service 'tlogdshc'...
06-13 18:30:11.452 0 0 I [61333.379691] init: Service 'tlogdshc' (pid 10380) exited with status 0 oneshot service took 0.105000 seconds in background
06-13 18:30:11.452 0 0 I [61333.379721] init: Sending signal 9 to service 'tlogdshc' (pid 10380) process group...
06-13 18:30:11.452 0 0 I [61333.379893] libprocessgroup: Successfully killed process cgroup uid 0 pid 10380 in 0ms
06-13 18:30:12.060 0 0 E [61333.984304] link_delay_work_func: DTC_ETH: SQI=0, link=0
06-13 18:30:12.596 1551 1669 I commit_sys_config_file: [jobs,6]
06-13 18:30:17.180 0 0 E [61339.104436] link_delay_work_func: DTC_ETH: SQI=0, link=0
06-13 18:30:22.300 0 0 E [61344.224320] link_delay_work_func: DTC_ETH: SQI=0, link=0
06-13 18:30:27.420 0 0 E [61349.344313] link_delay_work_func: DTC_ETH: SQI=0, link=0
06-13 18:30:32.541 0 0 E [61354.464326] link_delay_work_func: DTC_ETH: SQI=0, link=0
06-13 18:30:37.660 0 0 E [61359.584332] link_delay_work_func: DTC_ETH: SQI=0, link=0
06-13 18:30:41.344 0 0 I [61363.271164] init: processing action (sys.tlog.tlogdshc.active=1) from (/system/etc/init/tlogd.rc:195)
06-13 18:30:41.344 0 0 I [61363.271683] init: starting service 'tlogdshc'...
06-13 18:30:41.456 0 0 I [61363.384107] init: Service 'tlogdshc' (pid 10421) exited with status 0 oneshot service took 0.108000 seconds in background
06-13 18:30:41.456 0 0 I [61363.384135] init: Sending signal 9 to service 'tlogdshc' (pid 10421) process group...
06-13 18:30:41.456 0 0 I [61363.384387] libprocessgroup: Successfully killed process cgroup uid 0 pid 10421 in 0ms
06-13 18:30:42.780 0 0 E [61364.704343] link_delay_work_func: DTC_ETH: SQI=0, link=0
06-13 18:30:45.558 1551 1911 I sync : [com.tencent.android.qqdownloader.YYBLiveAccountProvider,0,3,24220937]
06-13 18:30:45.568 1551 1551 I notification_enqueue: [10092,17024,com.tencent.android.qqdownloader,127,NULL,0,Notification(channel=channel_id_default_silent shortcut=null contentView=com.tencent.android.qqdownloader/0x7f0a01c2 vibrate=null sound=null defaults=0x0 flags=0x2a2 color=0x00000000 groupKey=com.tencent.android.qqdownloader vis=PRIVATE),1]
06-13 18:30:45.583 1551 1911 I sync : [com.tencent.android.qqdownloader.YYBLiveAccountProvider,1,3,24220937]
06-13 18:30:45.585 1551 1911 I commit_sys_config_file: [sync-status,54424951]
06-13 18:30:45.591 1551 1911 I sync : [com.tencent.android.qqdownloader.YYBLiveAccountProvider,0,3,24220937]
06-13 18:30:45.614 1551 1911 I sync : [com.tencent.android.qqdownloader.YYBLiveAccountProvider,1,3,24220937]
06-13 18:30:45.616 1551 1911 I commit_sys_config_file: [sync-status,54424982]
06-13 18:30:47.593 1551 1669 I commit_sys_config_file: [jobs,6]
06-13 18:30:47.900 0 0 E [61369.824361] link_delay_work_func: DTC_ETH: SQI=0, link=0
06-13 18:30:53.020 0 0 E [61374.944294] link_delay_work_func: DTC_ETH: SQI=0, link=0
06-13 18:30:58.140 0 0 E [61380.064316] link_delay_work_func: DTC_ETH: SQI=0, link=0
06-13 18:31:03.260 0 0 E [61385.184325] link_delay_work_func: DTC_ETH: SQI=0, link=0
06-13 18:31:08.380 0 0 E [61390.304320] link_delay_work_func: DTC_ETH: SQI=0, link=0
06-13 18:31:11.348 0 0 I [61393.272611] init: processing action (sys.tlog.tlogdshc.active=1) from (/system/etc/init/tlogd.rc:195)
06-13 18:31:11.348 0 0 I [61393.273192] init: starting service 'tlogdshc'...
06-13 18:31:11.460 0 0 I [61393.386135] init: Service 'tlogdshc' (pid 10468) exited with status 0 oneshot service took 0.105000 seconds in background
06-13 18:31:11.460 0 0 I [61393.386161] init: Sending signal 9 to service 'tlogdshc' (pid 10468) process group...
06-13 18:31:11.460 0 0 I [61393.386326] libprocessgroup: Successfully killed process cgroup uid 0 pid 10468 in 0ms
06-13 18:31:13.496 0 0 E [61395.424349] link_delay_work_func: DTC_ETH: SQI=0, link=0
06-13 18:31:18.616 0 0 E [61400.544374] link_delay_work_func: DTC_ETH: SQI=0, link=0
06-13 18:31:20.559 1551 1911 I sync : [com.tencent.android.qqdownloader.YYBLiveAccountProvider,0,3,24220937]
06-13 18:31:20.610 1551 1911 I sync : [com.tencent.android.qqdownloader.YYBLiveAccountProvider,1,3,24220937]
06-13 18:31:20.614 1551 1911 I commit_sys_config_file: [sync-status,54459980]
06-13 18:31:20.624 1551 1911 I sync : [com.tencent.android.qqdownloader.YYBLiveAccountProvider,0,3,24220937]
06-13 18:31:20.662 1551 1911 I sync : [com.tencent.android.qqdownloader.YYBLiveAccountProvider,1,3,24220937]
06-13 18:31:20.665 1551 1911 I commit_sys_config_file: [sync-status,54460031]
06-13 18:31:22.616 1551 1669 I commit_sys_config_file: [jobs,6]
06-13 18:31:23.740 0 0 E [61405.664313] link_delay_work_func: DTC_ETH: SQI=0, link=0
06-13 18:31:28.860 0 0 E [61410.784333] link_delay_work_func: DTC_ETH: SQI=0, link=0
06-13 18:31:33.976 0 0 E [61415.904348] link_delay_work_func: DTC_ETH: SQI=0, link=0
06-13 18:31:39.100 0 0 E [61421.024348] link_delay_work_func: DTC_ETH: SQI=0, link=0
06-13 18:31:41.352 0 0 I [61423.279994] init: processing action (sys.tlog.tlogdshc.active=1) from (/system/etc/init/tlogd.rc:195)
06-13 18:31:41.357 0 0 I [61423.280794] init: starting service 'tlogdshc'...
06-13 18:31:41.472 0 0 I [61423.397576] init: Service 'tlogdshc' (pid 10510) exited with status 0 oneshot service took 0.112000 seconds in background
06-13 18:31:41.472 0 0 I [61423.397606] init: Sending signal 9 to service 'tlogdshc' (pid 10510) process group...
06-13 18:31:41.472 0 0 I [61423.397793] libprocessgroup: Successfully killed process cgroup uid 0 pid 10510 in 0ms
06-13 18:31:44.216 0 0 E [61426.144389] link_delay_work_func: DTC_ETH: SQI=0, link=0
06-13 18:31:47.070 1551 1551 I notification_enqueue: [10092,17024,com.tencent.android.qqdownloader,127,NULL,0,Notification(channel=channel_id_default_silent shortcut=null contentView=com.tencent.android.qqdownloader/0x7f0a01c2 vibrate=null sound=null defaults=0x0 flags=0x2a2 color=0x00000000 groupKey=com.tencent.android.qqdownloader vis=PRIVATE),1]
06-13 18:31:49.340 0 0 E [61431.264317] link_delay_work_func: DTC_ETH: SQI=0, link=0
06-13 18:31:54.460 0 0 E [61436.384319] link_delay_work_func: DTC_ETH: SQI=0, link=0
06-13 18:31:55.561 1551 1911 I sync : [com.tencent.android.qqdownloader.YYBLiveAccountProvider,0,3,24220937]
06-13 18:31:55.608 1551 1911 I sync : [com.tencent.android.qqdownloader.YYBLiveAccountProvider,1,3,24220937]
06-13 18:31:55.611 1551 1911 I commit_sys_config_file: [sync-status,54494977]
06-13 18:31:55.620 1551 1911 I sync : [com.tencent.android.qqdownloader.YYBLiveAccountProvider,0,3,24220937]
06-13 18:31:55.669 1551 1911 I sync : [com.tencent.android.qqdownloader.YYBLiveAccountProvider,1,3,24220937]
06-13 18:31:55.672 1551 1911 I commit_sys_config_file: [sync-status,54495037]
06-13 18:31:57.617 1551 1669 I commit_sys_config_file: [jobs,6]
06-13 18:31:59.580 0 0 E [61441.504315] link_delay_work_func: DTC_ETH: SQI=0, link=0
06-13 18:32:04.700 0 0 E [61446.624313] link_delay_work_func: DTC_ETH: SQI=0, link=0
06-13 18:32:09.820 0 0 E [61451.744328] link_delay_work_func: DTC_ETH: SQI=0, link=0
06-13 18:32:11.356 0 0 I [61453.281849] init: processing action (sys.tlog.tlogdshc.active=1) from (/system/etc/init/tlogd.rc:195)
06-13 18:32:11.356 0 0 I [61453.282367] init: starting service 'tlogdshc'...
06-13 18:32:11.472 0 0 I [61453.397189] init: Service 'tlogdshc' (pid 10556) exited with status 0 oneshot service took 0.109000 seconds in background
06-13 18:32:11.472 0 0 I [61453.397216] init: Sending signal 9 to service 'tlogdshc' (pid 10556) process group...
06-13 18:32:11.472 0 0 I [61453.397389] libprocessgroup: Successfully killed process cgroup uid 0 pid 10556 in 0ms
06-13 18:32:14.940 0 0 E [61456.864324] link_delay_work_func: DTC_ETH: SQI=0, link=0
06-13 18:32:20.064 0 0 E [61461.988401] link_delay_work_func: DTC_ETH: SQI=0, link=0
06-13 18:32:25.176 0 0 E [61467.104347] link_delay_work_func: DTC_ETH: SQI=0, link=0
06-13 18:32:30.296 0 0 E [61472.224320] link_delay_work_func: DTC_ETH: SQI=0, link=0
06-13 18:32:30.562 1551 1911 I sync : [com.tencent.android.qqdownloader.YYBLiveAccountProvider,0,3,24220937]
06-13 18:32:30.569 1551 1684 I commit_sys_config_file: [procstats,13]
06-13 18:32:30.593 1551 1911 I sync : [com.tencent.android.qqdownloader.YYBLiveAccountProvider,1,3,24220937]
06-13 18:32:30.596 1551 1911 I commit_sys_config_file: [sync-status,54529961]
06-13 18:32:30.603 1551 1911 I sync : [com.tencent.android.qqdownloader.YYBLiveAccountProvider,0,3,24220937]
06-13 18:32:30.633 1551 1911 I sync : [com.tencent.android.qqdownloader.YYBLiveAccountProvider,1,3,24220937]
06-13 18:32:30.635 1551 1911 I commit_sys_config_file: [sync-status,54530001]
06-13 18:32:32.602 1551 1669 I commit_sys_config_file: [jobs,5]
06-13 18:32:35.420 0 0 E [61477.344356] link_delay_work_func: DTC_ETH: SQI=0, link=0
06-13 18:32:38.081 1551 7377 I commit_sys_config_file: [appops,61460735]
06-13 18:32:40.542 0 0 E [61482.464314] link_delay_work_func: DTC_ETH: SQI=0, link=0
06-13 18:32:41.364 0 0 I [61483.287098] init: processing action (sys.tlog.tlogdshc.active=1) from (/system/etc/init/tlogd.rc:195)
06-13 18:32:41.364 0 0 I [61483.287664] init: starting service 'tlogdshc'...
06-13 18:32:41.476 0 0 I [61483.400792] init: Service 'tlogdshc' (pid 10599) exited with status 0 oneshot service took 0.108000 seconds in background
06-13 18:32:41.476 0 0 I [61483.400819] init: Sending signal 9 to service 'tlogdshc' (pid 10599) process group...
06-13 18:32:41.476 0 0 I [61483.400992] libprocessgroup: Successfully killed process cgroup uid 0 pid 10599 in 0ms
06-13 18:32:45.660 0 0 E [61487.584398] link_delay_work_func: DTC_ETH: SQI=0, link=0
06-13 18:32:48.567 1551 1551 I notification_enqueue: [10092,17024,com.tencent.android.qqdownloader,127,NULL,0,Notification(channel=channel_id_default_silent shortcut=null contentView=com.tencent.android.qqdownloader/0x7f0a01c2 vibrate=null sound=null defaults=0x0 flags=0x2a2 color=0x00000000 groupKey=com.tencent.android.qqdownloader vis=PRIVATE),1]
06-13 18:32:50.780 0 0 E [61492.704333] link_delay_work_func: DTC_ETH: SQI=0, link=0
06-13 18:32:55.896 0 0 E [61497.824370] link_delay_work_func: DTC_ETH: SQI=0, link=0
06-13 18:33:01.020 0 0 E [61502.944323] link_delay_work_func: DTC_ETH: SQI=0, link=0
06-13 18:33:05.564 1551 1911 I sync : [com.tencent.android.qqdownloader.YYBLiveAccountProvider,0,3,24220937]
06-13 18:33:05.615 1551 1911 I sync : [com.tencent.android.qqdownloader.YYBLiveAccountProvider,1,3,24220937]
06-13 18:33:05.619 1551 1911 I commit_sys_config_file: [sync-status,54564985]
06-13 18:33:05.625 1551 1911 I sync : [com.tencent.android.qqdownloader.YYBLiveAccountProvider,0,3,24220937]
06-13 18:33:05.659 1551 1911 I sync : [com.tencent.android.qqdownloader.YYBLiveAccountProvider,1,3,24220937]
06-13 18:33:05.660 1551 1911 I commit_sys_config_file: [sync-status,54565026]
06-13 18:33:06.140 0 0 E [61508.064309] link_delay_work_func: DTC_ETH: SQI=0, link=0
06-13 18:33:07.624 1551 1669 I commit_sys_config_file: [jobs,6]
06-13 18:33:11.260 0 0 E [61513.184331] link_delay_work_func: DTC_ETH: SQI=0, link=0
06-13 18:33:11.368 0 0 I [61513.295043] init: processing action (sys.tlog.tlogdshc.active=1) from (/system/etc/init/tlogd.rc:195)
06-13 18:33:11.368 0 0 I [61513.295566] init: starting service 'tlogdshc'...
06-13 18:33:11.488 0 0 I [61513.413244] init: Service 'tlogdshc' (pid 10644) exited with status 0 oneshot service took 0.113000 seconds in background
06-13 18:33:11.488 0 0 I [61513.413272] init: Sending signal 9 to service 'tlogdshc' (pid 10644) process group...
06-13 18:33:11.488 0 0 I [61513.413445] libprocessgroup: Successfully killed process cgroup uid 0 pid 10644 in 0ms
06-13 18:33:16.380 0 0 E [61518.304317] link_delay_work_func: DTC_ETH: SQI=0, link=0
06-13 18:33:21.500 0 0 E [61523.424309] link_delay_work_func: DTC_ETH: SQI=0, link=0
06-13 18:33:26.620 0 0 E [61528.544309] link_delay_work_func: DTC_ETH: SQI=0, link=0
06-13 18:33:31.740 0 0 E [61533.664437] link_delay_work_func: DTC_ETH: SQI=0, link=0
06-13 18:33:36.860 0 0 E [61538.784383] link_delay_work_func: DTC_ETH: SQI=0, link=0
06-13 18:33:40.568 1551 1911 I sync : [com.tencent.android.qqdownloader.YYBLiveAccountProvider,0,3,24220937]
06-13 18:33:40.604 1551 1911 I sync : [com.tencent.android.qqdownloader.YYBLiveAccountProvider,1,3,24220937]
06-13 18:33:40.607 1551 1911 I commit_sys_config_file: [sync-status,54599972]
06-13 18:33:40.613 1551 1911 I sync : [com.tencent.android.qqdownloader.YYBLiveAccountProvider,0,3,24220937]
06-13 18:33:40.641 1551 1911 I sync : [com.tencent.android.qqdownloader.YYBLiveAccountProvider,1,3,24220937]
06-13 18:33:40.644 1551 1911 I commit_sys_config_file: [sync-status,54600009]
06-13 18:33:41.372 0 0 I [61543.296824] init: processing action (sys.tlog.tlogdshc.active=1) from (/system/etc/init/tlogd.rc:195)
06-13 18:33:41.372 0 0 I [61543.297525] init: starting service 'tlogdshc'...
06-13 18:33:41.484 0 0 I [61543.409778] init: Service 'tlogdshc' (pid 10685) exited with status 0 oneshot service took 0.108000 seconds in background
06-13 18:33:41.484 0 0 I [61543.409807] init: Sending signal 9 to service 'tlogdshc' (pid 10685) process group...
06-13 18:33:41.484 0 0 I [61543.409979] libprocessgroup: Successfully killed process cgroup uid 0 pid 10685 in 0ms
06-13 18:33:41.980 0 0 E [61543.904307] link_delay_work_func: DTC_ETH: SQI=0, link=0
06-13 18:33:42.613 1551 1669 I commit_sys_config_file: [jobs,6]
06-13 18:33:47.096 0 0 E [61549.024361] link_delay_work_func: DTC_ETH: SQI=0, link=0
06-13 18:33:50.081 1551 1551 I notification_enqueue: [10092,17024,com.tencent.android.qqdownloader,127,NULL,0,Notification(channel=channel_id_default_silent shortcut=null contentView=com.tencent.android.qqdownloader/0x7f0a01c2 vibrate=null sound=null defaults=0x0 flags=0x2a2 color=0x00000000 groupKey=com.tencent.android.qqdownloader vis=PRIVATE),1]
06-13 18:33:52.216 0 0 E [61554.144313] link_delay_work_func: DTC_ETH: SQI=0, link=0
06-13 18:33:57.340 0 0 E [61559.264318] link_delay_work_func: DTC_ETH: SQI=0, link=0
06-13 18:34:02.460 0 0 E [61564.384445] link_delay_work_func: DTC_ETH: SQI=0, link=0
06-13 18:34:07.580 0 0 E [61569.504359] link_delay_work_func: DTC_ETH: SQI=0, link=0
06-13 18:34:11.373 0 0 I [61573.298172] init: processing action (sys.tlog.tlogdshc.active=1) from (/system/etc/init/tlogd.rc:195)
06-13 18:34:11.373 0 0 I [61573.298797] init: starting service 'tlogdshc'...
06-13 18:34:11.484 0 0 I [61573.410391] init: Service 'tlogdshc' (pid 10733) exited with status 0 oneshot service took 0.106000 seconds in background
06-13 18:34:11.484 0 0 I [61573.410419] init: Sending signal 9 to service 'tlogdshc' (pid 10733) process group...
06-13 18:34:11.484 0 0 I [61573.410594] libprocessgroup: Successfully killed process cgroup uid 0 pid 10733 in 0ms
06-13 18:34:12.700 0 0 E [61574.624359] link_delay_work_func: DTC_ETH: SQI=0, link=0
06-13 18:34:15.567 1551 1911 I sync : [com.tencent.android.qqdownloader.YYBLiveAccountProvider,0,3,24220937]
06-13 18:34:15.602 1551 1911 I sync : [com.tencent.android.qqdownloader.YYBLiveAccountProvider,1,3,24220937]
06-13 18:34:15.604 1551 1911 I commit_sys_config_file: [sync-status,54634970]
06-13 18:34:15.613 1551 1911 I sync : [com.tencent.android.qqdownloader.YYBLiveAccountProvider,0,3,24220937]
06-13 18:34:15.647 1551 1911 I sync : [com.tencent.android.qqdownloader.YYBLiveAccountProvider,1,3,24220937]
06-13 18:34:15.650 1551 1911 I commit_sys_config_file: [sync-status,54635016]
06-13 18:34:17.610 1551 1669 I commit_sys_config_file: [jobs,6]
06-13 18:34:17.820 0 0 E [61579.744312] link_delay_work_func: DTC_ETH: SQI=0, link=0
06-13 18:34:22.940 0 0 E [61584.864301] link_delay_work_func: DTC_ETH: SQI=0, link=0
06-13 18:34:28.060 0 0 E [61589.984311] link_delay_work_func: DTC_ETH: SQI=0, link=0
06-13 18:34:33.180 0 0 E [61595.104312] link_delay_work_func: DTC_ETH: SQI=0, link=0
06-13 18:34:38.300 0 0 E [61600.224352] link_delay_work_func: DTC_ETH: SQI=0, link=0
06-13 18:34:41.376 0 0 I [61603.303301] init: processing action (sys.tlog.tlogdshc.active=1) from (/system/etc/init/tlogd.rc:195)
06-13 18:34:41.376 0 0 I [61603.303911] init: starting service 'tlogdshc'...
06-13 18:34:41.484 0 0 I [61603.412017] init: Service 'tlogdshc' (pid 10776) exited with status 0 oneshot service took 0.103000 seconds in background
06-13 18:34:41.484 0 0 I [61603.412045] init: Sending signal 9 to service 'tlogdshc' (pid 10776) process group...
06-13 18:34:41.484 0 0 I [61603.412339] libprocessgroup: Successfully killed process cgroup uid 0 pid 10776 in 0ms
06-13 18:34:43.420 0 0 E [61605.344331] link_delay_work_func: DTC_ETH: SQI=0, link=0
06-13 18:34:48.540 0 0 E [61610.464358] link_delay_work_func: DTC_ETH: SQI=0, link=0
06-13 18:34:50.571 1551 1911 I sync : [com.tencent.android.qqdownloader.YYBLiveAccountProvider,0,3,24220937]
06-13 18:34:50.619 1551 1911 I sync : [com.tencent.android.qqdownloader.YYBLiveAccountProvider,1,3,24220937]
06-13 18:34:50.622 1551 1911 I commit_sys_config_file: [sync-status,54669988]
06-13 18:34:50.630 1551 1911 I sync : [com.tencent.android.qqdownloader.YYBLiveAccountProvider,0,3,24220937]
06-13 18:34:50.662 1551 1911 I sync : [com.tencent.android.qqdownloader.YYBLiveAccountProvider,1,3,24220937]
06-13 18:34:50.665 1551 1911 I commit_sys_config_file: [sync-status,54670031]
06-13 18:34:51.568 1551 1551 I notification_enqueue: [10092,17024,com.tencent.android.qqdownloader,127,NULL,0,Notification(channel=channel_id_default_silent shortcut=null contentView=com.tencent.android.qqdownloader/0x7f0a01c2 vibrate=null sound=null defaults=0x0 flags=0x2a2 color=0x00000000 groupKey=com.tencent.android.qqdownloader vis=PRIVATE),1]
06-13 18:34:52.628 1551 1669 I commit_sys_config_file: [jobs,6]
06-13 18:34:53.660 0 0 E [61615.584376] link_delay_work_func: DTC_ETH: SQI=0, link=0
06-13 18:34:58.780 0 0 E [61620.704321] link_delay_work_func: DTC_ETH: SQI=0, link=0
06-13 18:35:03.900 0 0 E [61625.824319] link_delay_work_func: DTC_ETH: SQI=0, link=0
06-13 18:35:09.020 0 0 E [61630.944317] link_delay_work_func: DTC_ETH: SQI=0, link=0
06-13 18:35:11.380 0 0 I [61633.304713] init: processing action (sys.tlog.tlogdshc.active=1) from (/system/etc/init/tlogd.rc:195)
06-13 18:35:11.380 0 0 I [61633.305265] init: starting service 'tlogdshc'...
06-13 18:35:11.488 0 0 I [61633.416060] init: Service 'tlogdshc' (pid 10824) exited with status 0 oneshot service took 0.106000 seconds in background
06-13 18:35:11.488 0 0 I [61633.416096] init: Sending signal 9 to service 'tlogdshc' (pid 10824) process group...
06-13 18:35:11.488 0 0 I [61633.416351] libprocessgroup: Successfully killed process cgroup uid 0 pid 10824 in 0ms
06-13 18:35:14.140 0 0 E [61636.064323] link_delay_work_func: DTC_ETH: SQI=0, link=0
06-13 18:35:19.260 0 0 E [61641.184376] link_delay_work_func: DTC_ETH: SQI=0, link=0
06-13 18:35:24.380 0 0 E [61646.304328] link_delay_work_func: DTC_ETH: SQI=0, link=0
06-13 18:35:25.571 1551 1911 I sync : [com.tencent.android.qqdownloader.YYBLiveAccountProvider,0,3,24220937]
06-13 18:35:25.614 1551 1911 I sync : [com.tencent.android.qqdownloader.YYBLiveAccountProvider,1,3,24220937]
06-13 18:35:25.617 1551 1911 I commit_sys_config_file: [sync-status,54704982]
06-13 18:35:25.628 1551 1911 I sync : [com.tencent.android.qqdownloader.YYBLiveAccountProvider,0,3,24220937]
06-13 18:35:25.667 1551 1911 I sync : [com.tencent.android.qqdownloader.YYBLiveAccountProvider,1,3,24220937]
06-13 18:35:25.670 1551 1911 I commit_sys_config_file: [sync-status,54705036]
06-13 18:35:27.624 1551 1669 I commit_sys_config_file: [jobs,7]
06-13 18:35:29.500 0 0 E [61651.424314] link_delay_work_func: DTC_ETH: SQI=0, link=0
06-13 18:35:34.620 0 0 E [61656.544351] link_delay_work_func: DTC_ETH: SQI=0, link=0
06-13 18:35:39.740 0 0 E [61661.664339] link_delay_work_func: DTC_ETH: SQI=0, link=0
06-13 18:35:41.380 0 0 I [61663.307745] init: processing action (sys.tlog.tlogdshc.active=1) from (/system/etc/init/tlogd.rc:195)
06-13 18:35:41.380 0 0 I [61663.308509] init: starting service 'tlogdshc'...
06-13 18:35:41.500 0 0 I [61663.427469] init: Service 'tlogdshc' (pid 10866) exited with status 0 oneshot service took 0.114000 seconds in background
06-13 18:35:41.500 0 0 I [61663.427498] init: Sending signal 9 to service 'tlogdshc' (pid 10866) process group...
06-13 18:35:41.500 0 0 I [61663.427687] libprocessgroup: Successfully killed process cgroup uid 0 pid 10866 in 0ms
06-13 18:35:44.856 0 0 E [61666.784337] link_delay_work_func: DTC_ETH: SQI=0, link=0
06-13 18:35:49.980 0 0 E [61671.904310] link_delay_work_func: DTC_ETH: SQI=0, link=0
06-13 18:35:53.062 1551 1551 I notification_enqueue: [10092,17024,com.tencent.android.qqdownloader,127,NULL,0,Notification(channel=channel_id_default_silent shortcut=null contentView=com.tencent.android.qqdownloader/0x7f0a01c2 vibrate=null sound=null defaults=0x0 flags=0x2a2 color=0x00000000 groupKey=com.tencent.android.qqdownloader vis=PRIVATE),1]
06-13 18:35:55.100 0 0 E [61677.024346] link_delay_work_func: DTC_ETH: SQI=0, link=0
06-13 18:36:00.220 0 0 E [61682.144329] link_delay_work_func: DTC_ETH: SQI=0, link=0
06-13 18:36:00.567 1551 1911 I sync : [com.tencent.android.qqdownloader.YYBLiveAccountProvider,0,3,24220937]
06-13 18:36:00.595 1551 1911 I sync : [com.tencent.android.qqdownloader.YYBLiveAccountProvider,1,3,24220937]
06-13 18:36:00.597 1551 1911 I commit_sys_config_file: [sync-status,54739962]
06-13 18:36:00.603 1551 1911 I sync : [com.tencent.android.qqdownloader.YYBLiveAccountProvider,0,3,24220937]
06-13 18:36:00.629 1551 1911 I sync : [com.tencent.android.qqdownloader.YYBLiveAccountProvider,1,3,24220937]
06-13 18:36:00.631 1551 1911 I commit_sys_config_file: [sync-status,54739997]
06-13 18:36:02.603 1551 1669 I commit_sys_config_file: [jobs,5]
06-13 18:36:05.336 0 0 E [61687.264331] link_delay_work_func: DTC_ETH: SQI=0, link=0
06-13 18:36:10.460 0 0 E [61692.384366] link_delay_work_func: DTC_ETH: SQI=0, link=0
06-13 18:36:11.384 0 0 I [61693.310244] init: processing action (sys.tlog.tlogdshc.active=1) from (/system/etc/init/tlogd.rc:195)
06-13 18:36:11.384 0 0 I [61693.310859] init: starting service 'tlogdshc'...
06-13 18:36:11.500 0 0 I [61693.425360] init: Service 'tlogdshc' (pid 10916) exited with status 0 oneshot service took 0.110000 seconds in background
06-13 18:36:11.500 0 0 I [61693.425389] init: Sending signal 9 to service 'tlogdshc' (pid 10916) process group...
06-13 18:36:11.500 0 0 I [61693.425573] libprocessgroup: Successfully killed process cgroup uid 0 pid 10916 in 0ms
06-13 18:36:15.580 0 0 E [61697.504341] link_delay_work_func: DTC_ETH: SQI=0, link=0
06-13 18:36:20.700 0 0 E [61702.624334] link_delay_work_func: DTC_ETH: SQI=0, link=0
06-13 18:36:25.820 0 0 E [61707.744322] link_delay_work_func: DTC_ETH: SQI=0, link=0
06-13 18:36:30.940 0 0 E [61712.864314] link_delay_work_func: DTC_ETH: SQI=0, link=0
06-13 18:36:35.571 1551 1911 I sync : [com.tencent.android.qqdownloader.YYBLiveAccountProvider,0,3,24220937]
06-13 18:36:35.604 1551 1911 I sync : [com.tencent.android.qqdownloader.YYBLiveAccountProvider,1,3,24220937]
06-13 18:36:35.607 1551 1911 I commit_sys_config_file: [sync-status,54774972]
06-13 18:36:35.615 1551 1911 I sync : [com.tencent.android.qqdownloader.YYBLiveAccountProvider,0,3,24220937]
06-13 18:36:35.647 1551 1911 I sync : [com.tencent.android.qqdownloader.YYBLiveAccountProvider,1,3,24220937]
06-13 18:36:35.650 1551 1911 I commit_sys_config_file: [sync-status,54775015]
06-13 18:36:36.056 0 0 E [61717.984338] link_delay_work_func: DTC_ETH: SQI=0, link=0
06-13 18:36:37.614 1551 1669 I commit_sys_config_file: [jobs,7]
06-13 18:36:41.180 0 0 E [61723.104325] link_delay_work_func: DTC_ETH: SQI=0, link=0
06-13 18:36:41.384 0 0 I [61723.311959] init: processing action (sys.tlog.tlogdshc.active=1) from (/system/etc/init/tlogd.rc:195)
06-13 18:36:41.388 0 0 I [61723.312648] init: starting service 'tlogdshc'...
06-13 18:36:41.496 0 0 I [61723.423461] init: Service 'tlogdshc' (pid 10960) exited with status 0 oneshot service took 0.106000 seconds in background
06-13 18:36:41.496 0 0 I [61723.423488] init: Sending signal 9 to service 'tlogdshc' (pid 10960) process group...
06-13 18:36:41.496 0 0 I [61723.423661] libprocessgroup: Successfully killed process cgroup uid 0 pid 10960 in 0ms
06-13 18:36:46.296 0 0 E [61728.224331] link_delay_work_func: DTC_ETH: SQI=0, link=0
06-13 18:36:50.401 1551 1684 I commit_sys_config_file: [sync-stats,52989662]
06-13 18:36:51.420 0 0 E [61733.344336] link_delay_work_func: DTC_ETH: SQI=0, link=0
06-13 18:36:54.566 1551 1551 I notification_enqueue: [10092,17024,com.tencent.android.qqdownloader,127,NULL,0,Notification(channel=channel_id_default_silent shortcut=null contentView=com.tencent.android.qqdownloader/0x7f0a01c2 vibrate=null sound=null defaults=0x0 flags=0x2a2 color=0x00000000 groupKey=com.tencent.android.qqdownloader vis=PRIVATE),1]
06-13 18:36:56.540 0 0 E [61738.464310] link_delay_work_func: DTC_ETH: SQI=0, link=0
06-13 18:37:01.660 0 0 E [61743.585115] link_delay_work_func: DTC_ETH: SQI=0, link=0
06-13 18:37:06.780 0 0 E [61748.704326] link_delay_work_func: DTC_ETH: SQI=0, link=0
06-13 18:37:10.575 1551 1911 I sync : [com.tencent.android.qqdownloader.YYBLiveAccountProvider,0,3,24220937]
06-13 18:37:10.622 1551 1911 I sync : [com.tencent.android.qqdownloader.YYBLiveAccountProvider,1,3,24220937]
06-13 18:37:10.625 1551 1911 I commit_sys_config_file: [sync-status,54809991]
06-13 18:37:10.634 1551 1911 I sync : [com.tencent.android.qqdownloader.YYBLiveAccountProvider,0,3,24220937]
06-13 18:37:10.665 1551 1911 I sync : [com.tencent.android.qqdownloader.YYBLiveAccountProvider,1,3,24220937]
06-13 18:37:10.667 1551 1911 I commit_sys_config_file: [sync-status,54810033]
06-13 18:37:11.388 0 0 I [61753.313692] init: processing action (sys.tlog.tlogdshc.active=1) from (/system/etc/init/tlogd.rc:195)
06-13 18:37:11.388 0 0 I [61753.314255] init: starting service 'tlogdshc'...
06-13 18:37:11.500 0 0 I [61753.426086] init: Service 'tlogdshc' (pid 11004) exited with status 0 oneshot service took 0.107000 seconds in background
06-13 18:37:11.500 0 0 I [61753.426114] init: Sending signal 9 to service 'tlogdshc' (pid 11004) process group...
