06-13 18:37:11.500 0 0 I [61753.426296] libprocessgroup: Successfully killed process cgroup uid 0 pid 11004 in 0ms
06-13 18:37:11.897 0 0 E [61753.824333] link_delay_work_func: DTC_ETH: SQI=0, link=0
06-13 18:37:12.631 1551 1669 I commit_sys_config_file: [jobs,6]
06-13 18:37:17.020 0 0 E [61758.944311] link_delay_work_func: DTC_ETH: SQI=0, link=0
06-13 18:37:22.140 0 0 E [61764.064357] link_delay_work_func: DTC_ETH: SQI=0, link=0
06-13 18:37:27.260 0 0 E [61769.184362] link_delay_work_func: DTC_ETH: SQI=0, link=0
06-13 18:37:32.377 0 0 E [61774.304332] link_delay_work_func: DTC_ETH: SQI=0, link=0
06-13 18:37:37.500 0 0 E [61779.424316] link_delay_work_func: DTC_ETH: SQI=0, link=0
06-13 18:37:41.396 0 0 I [61783.323169] init: processing action (sys.tlog.tlogdshc.active=1) from (/system/etc/init/tlogd.rc:195)
06-13 18:37:41.396 0 0 I [61783.323735] init: starting service 'tlogdshc'...
06-13 18:37:41.512 0 0 I [61783.439663] init: Service 'tlogdshc' (pid 11045) exited with status 0 oneshot service took 0.110000 seconds in background
06-13 18:37:41.512 0 0 I [61783.439690] init: Sending signal 9 to service 'tlogdshc' (pid 11045) process group...
06-13 18:37:41.512 0 0 I [61783.439856] libprocessgroup: Successfully killed process cgroup uid 0 pid 11045 in 0ms
06-13 18:37:42.620 0 0 E [61784.544306] link_delay_work_func: DTC_ETH: SQI=0, link=0
06-13 18:37:45.570 1551 1911 I sync : [com.tencent.android.qqdownloader.YYBLiveAccountProvider,0,3,24220937]
06-13 18:37:45.601 1551 1911 I sync : [com.tencent.android.qqdownloader.YYBLiveAccountProvider,1,3,24220937]
06-13 18:37:45.603 1551 1911 I commit_sys_config_file: [sync-status,54844969]
06-13 18:37:45.613 1551 1911 I sync : [com.tencent.android.qqdownloader.YYBLiveAccountProvider,0,3,24220937]
06-13 18:37:45.645 1551 1911 I sync : [com.tencent.android.qqdownloader.YYBLiveAccountProvider,1,3,24220937]
06-13 18:37:45.647 1551 1911 I commit_sys_config_file: [sync-status,54845013]
06-13 18:37:47.608 1551 1669 I commit_sys_config_file: [jobs,5]
06-13 18:37:47.740 0 0 E [61789.664325] link_delay_work_func: DTC_ETH: SQI=0, link=0
06-13 18:37:52.860 0 0 E [61794.784339] link_delay_work_func: DTC_ETH: SQI=0, link=0
06-13 18:37:56.076 1551 1551 I notification_enqueue: [10092,17024,com.tencent.android.qqdownloader,127,NULL,0,Notification(channel=channel_id_default_silent shortcut=null contentView=com.tencent.android.qqdownloader/0x7f0a01c2 vibrate=null sound=null defaults=0x0 flags=0x2a2 color=0x00000000 groupKey=com.tencent.android.qqdownloader vis=PRIVATE),1]
06-13 18:37:57.980 0 0 E [61799.904358] link_delay_work_func: DTC_ETH: SQI=0, link=0
06-13 18:38:03.100 0 0 E [61805.025154] link_delay_work_func: DTC_ETH: SQI=0, link=0
06-13 18:38:08.220 0 0 E [61810.144308] link_delay_work_func: DTC_ETH: SQI=0, link=0
06-13 18:38:11.400 0 0 I [61813.327243] init: processing action (sys.tlog.tlogdshc.active=1) from (/system/etc/init/tlogd.rc:195)
06-13 18:38:11.400 0 0 I [61813.327738] init: starting service 'tlogdshc'...
06-13 18:38:11.512 0 0 I [61813.438722] init: Service 'tlogdshc' (pid 11094) exited with status 0 oneshot service took 0.106000 seconds in background
06-13 18:38:11.512 0 0 I [61813.438749] init: Sending signal 9 to service 'tlogdshc' (pid 11094) process group...
06-13 18:38:11.512 0 0 I [61813.438943] libprocessgroup: Successfully killed process cgroup uid 0 pid 11094 in 0ms
06-13 18:38:13.340 0 0 E [61815.264310] link_delay_work_func: DTC_ETH: SQI=0, link=0
06-13 18:38:18.460 0 0 E [61820.384337] link_delay_work_func: DTC_ETH: SQI=0, link=0
06-13 18:38:20.575 1551 1911 I sync : [com.tencent.android.qqdownloader.YYBLiveAccountProvider,0,3,24220937]
06-13 18:38:20.621 1551 1911 I sync : [com.tencent.android.qqdownloader.YYBLiveAccountProvider,1,3,24220937]
06-13 18:38:20.627 1551 1911 I commit_sys_config_file: [sync-status,54879993]
06-13 18:38:20.636 1551 1911 I sync : [com.tencent.android.qqdownloader.YYBLiveAccountProvider,0,3,24220937]
06-13 18:38:20.674 1551 1911 I sync : [com.tencent.android.qqdownloader.YYBLiveAccountProvider,1,3,24220937]
06-13 18:38:20.676 1551 1911 I commit_sys_config_file: [sync-status,54880042]
06-13 18:38:22.629 1551 1669 I commit_sys_config_file: [jobs,6]
06-13 18:38:23.576 0 0 E [61825.504355] link_delay_work_func: DTC_ETH: SQI=0, link=0
06-13 18:38:28.700 0 0 E [61830.624306] link_delay_work_func: DTC_ETH: SQI=0, link=0
06-13 18:38:33.820 0 0 E [61835.744312] link_delay_work_func: DTC_ETH: SQI=0, link=0
06-13 18:38:38.940 0 0 E [61840.864350] link_delay_work_func: DTC_ETH: SQI=0, link=0
06-13 18:38:41.404 0 0 I [61843.329135] init: processing action (sys.tlog.tlogdshc.active=1) from (/system/etc/init/tlogd.rc:195)
06-13 18:38:41.404 0 0 I [61843.329852] init: starting service 'tlogdshc'...
06-13 18:38:41.516 0 0 I [61843.443100] init: Service 'tlogdshc' (pid 11137) exited with status 0 oneshot service took 0.108000 seconds in background
06-13 18:38:41.516 0 0 I [61843.443129] init: Sending signal 9 to service 'tlogdshc' (pid 11137) process group...
06-13 18:38:41.516 0 0 I [61843.443328] libprocessgroup: Successfully killed process cgroup uid 0 pid 11137 in 0ms
06-13 18:38:44.057 0 0 E [61845.984353] link_delay_work_func: DTC_ETH: SQI=0, link=0
06-13 18:38:49.180 0 0 E [61851.104347] link_delay_work_func: DTC_ETH: SQI=0, link=0
06-13 18:38:54.300 0 0 E [61856.224321] link_delay_work_func: DTC_ETH: SQI=0, link=0
06-13 18:38:55.577 1551 1911 I sync : [com.tencent.android.qqdownloader.YYBLiveAccountProvider,0,3,24220937]
06-13 18:38:55.607 1551 1911 I sync : [com.tencent.android.qqdownloader.YYBLiveAccountProvider,1,3,24220937]
06-13 18:38:55.609 1551 1911 I commit_sys_config_file: [sync-status,54914974]
06-13 18:38:55.615 1551 1911 I sync : [com.tencent.android.qqdownloader.YYBLiveAccountProvider,0,3,24220937]
06-13 18:38:55.645 1551 1911 I sync : [com.tencent.android.qqdownloader.YYBLiveAccountProvider,1,3,24220937]
06-13 18:38:55.648 1551 1911 I commit_sys_config_file: [sync-status,54915013]
06-13 18:38:57.570 1551 1551 I notification_enqueue: [10092,17024,com.tencent.android.qqdownloader,127,NULL,0,Notification(channel=channel_id_default_silent shortcut=null contentView=com.tencent.android.qqdownloader/0x7f0a01c2 vibrate=null sound=null defaults=0x0 flags=0x2a2 color=0x00000000 groupKey=com.tencent.android.qqdownloader vis=PRIVATE),1]
06-13 18:38:57.617 1551 1669 I commit_sys_config_file: [jobs,7]
06-13 18:38:59.416 0 0 E [61861.344350] link_delay_work_func: DTC_ETH: SQI=0, link=0
06-13 18:39:04.540 0 0 E [61866.464308] link_delay_work_func: DTC_ETH: SQI=0, link=0
06-13 18:39:09.660 0 0 E [61871.584339] link_delay_work_func: DTC_ETH: SQI=0, link=0
06-13 18:39:11.404 0 0 I [61873.330871] init: processing action (sys.tlog.tlogdshc.active=1) from (/system/etc/init/tlogd.rc:195)
06-13 18:39:11.404 0 0 I [61873.331506] init: starting service 'tlogdshc'...
06-13 18:39:11.520 0 0 I [61873.445511] init: Service 'tlogdshc' (pid 11183) exited with status 0 oneshot service took 0.109000 seconds in background
06-13 18:39:11.520 0 0 I [61873.445538] init: Sending signal 9 to service 'tlogdshc' (pid 11183) process group...
06-13 18:39:11.520 0 0 I [61873.445714] libprocessgroup: Successfully killed process cgroup uid 0 pid 11183 in 0ms
06-13 18:39:14.784 0 0 E [61876.704342] link_delay_work_func: DTC_ETH: SQI=0, link=0
06-13 18:39:19.900 0 0 E [61881.824331] link_delay_work_func: DTC_ETH: SQI=0, link=0
06-13 18:39:25.020 0 0 E [61886.944315] link_delay_work_func: DTC_ETH: SQI=0, link=0
06-13 18:39:30.140 0 0 E [61892.064350] link_delay_work_func: DTC_ETH: SQI=0, link=0
06-13 18:39:30.575 1551 1911 I sync : [com.tencent.android.qqdownloader.YYBLiveAccountProvider,0,3,24220937]
06-13 18:39:30.618 1551 1911 I sync : [com.tencent.android.qqdownloader.YYBLiveAccountProvider,1,3,24220937]
06-13 18:39:30.621 1551 1911 I commit_sys_config_file: [sync-status,54949986]
06-13 18:39:30.631 1551 1911 I sync : [com.tencent.android.qqdownloader.YYBLiveAccountProvider,0,3,24220937]
06-13 18:39:30.666 1551 1911 I sync : [com.tencent.android.qqdownloader.YYBLiveAccountProvider,1,3,24220937]
06-13 18:39:30.669 1551 1911 I commit_sys_config_file: [sync-status,54950035]
06-13 18:39:32.625 1551 1669 I commit_sys_config_file: [jobs,6]
06-13 18:39:35.260 0 0 E [61897.184326] link_delay_work_func: DTC_ETH: SQI=0, link=0
06-13 18:39:40.380 0 0 E [61902.304325] link_delay_work_func: DTC_ETH: SQI=0, link=0
06-13 18:39:41.408 0 0 I [61903.332771] init: processing action (sys.tlog.tlogdshc.active=1) from (/system/etc/init/tlogd.rc:195)
06-13 18:39:41.408 0 0 I [61903.333344] init: starting service 'tlogdshc'...
06-13 18:39:41.520 0 0 I [61903.446913] init: Service 'tlogdshc' (pid 11226) exited with status 0 oneshot service took 0.108000 seconds in background
06-13 18:39:41.520 0 0 I [61903.446942] init: Sending signal 9 to service 'tlogdshc' (pid 11226) process group...
06-13 18:39:41.520 0 0 I [61903.447112] libprocessgroup: Successfully killed process cgroup uid 0 pid 11226 in 0ms
06-13 18:39:45.500 0 0 E [61907.424306] link_delay_work_func: DTC_ETH: SQI=0, link=0
06-13 18:39:50.620 0 0 E [61912.544317] link_delay_work_func: DTC_ETH: SQI=0, link=0
06-13 18:39:51.492 0 0 I [61913.416372] [dp_rx_][0x114c9525311][18: 39:51.488443] wlan: [3484:I:QDF] DHCP-R RX: SA:e6:6f:1a:7d:c3:fb DA:ff:ff:ff:ff:ff:ff
06-13 18:39:55.740 0 0 E [61917.664312] link_delay_work_func: DTC_ETH: SQI=0, link=0
06-13 18:39:59.066 1551 1551 I notification_enqueue: [10092,17024,com.tencent.android.qqdownloader,127,NULL,0,Notification(channel=channel_id_default_silent shortcut=null contentView=com.tencent.android.qqdownloader/0x7f0a01c2 vibrate=null sound=null defaults=0x0 flags=0x2a2 color=0x00000000 groupKey=com.tencent.android.qqdownloader vis=PRIVATE),1]
06-13 18:40:00.860 0 0 E [61922.784321] link_delay_work_func: DTC_ETH: SQI=0, link=0
06-13 18:40:05.584 1551 1911 I sync : [com.tencent.android.qqdownloader.YYBLiveAccountProvider,0,3,24220937]
06-13 18:40:05.625 1551 1911 I sync : [com.tencent.android.qqdownloader.YYBLiveAccountProvider,1,3,24220937]
06-13 18:40:05.627 1551 1911 I commit_sys_config_file: [sync-status,54984993]
06-13 18:40:05.636 1551 1911 I sync : [com.tencent.android.qqdownloader.YYBLiveAccountProvider,0,3,24220937]
06-13 18:40:05.678 1551 1911 I sync : [com.tencent.android.qqdownloader.YYBLiveAccountProvider,1,3,24220937]
06-13 18:40:05.689 1551 1911 I commit_sys_config_file: [sync-status,54985054]
06-13 18:40:05.980 0 0 E [61927.904346] link_delay_work_func: DTC_ETH: SQI=0, link=0
06-13 18:40:07.634 1551 1669 I commit_sys_config_file: [jobs,6]
06-13 18:40:11.096 0 0 E [61933.024405] link_delay_work_func: DTC_ETH: SQI=0, link=0
06-13 18:40:11.412 0 0 I [61933.336859] init: processing action (sys.tlog.tlogdshc.active=1) from (/system/etc/init/tlogd.rc:195)
06-13 18:40:11.412 0 0 I [61933.337375] init: starting service 'tlogdshc'...
06-13 18:40:11.524 0 0 I [61933.449116] init: Service 'tlogdshc' (pid 11269) exited with status 0 oneshot service took 0.107000 seconds in background
06-13 18:40:11.524 0 0 I [61933.449145] init: Sending signal 9 to service 'tlogdshc' (pid 11269) process group...
06-13 18:40:11.524 0 0 I [61933.449325] libprocessgroup: Successfully killed process cgroup uid 0 pid 11269 in 0ms
06-13 18:40:16.216 0 0 E [61938.144337] link_delay_work_func: DTC_ETH: SQI=0, link=0
06-13 18:40:21.340 0 0 E [61943.264316] link_delay_work_func: DTC_ETH: SQI=0, link=0
06-13 18:40:26.460 0 0 E [61948.384318] link_delay_work_func: DTC_ETH: SQI=0, link=0
06-13 18:40:31.580 0 0 E [61953.504352] link_delay_work_func: DTC_ETH: SQI=0, link=0
06-13 18:40:36.700 0 0 E [61958.624341] link_delay_work_func: DTC_ETH: SQI=0, link=0
06-13 18:40:40.585 1551 1911 I sync : [com.tencent.android.qqdownloader.YYBLiveAccountProvider,0,3,24220937]
06-13 18:40:40.641 1551 1911 I sync : [com.tencent.android.qqdownloader.YYBLiveAccountProvider,1,3,24220937]
06-13 18:40:40.644 1551 1911 I commit_sys_config_file: [sync-status,55020010]
06-13 18:40:40.656 1551 1911 I sync : [com.tencent.android.qqdownloader.YYBLiveAccountProvider,0,3,24220937]
06-13 18:40:40.689 1551 1911 I sync : [com.tencent.android.qqdownloader.YYBLiveAccountProvider,1,3,24220937]
06-13 18:40:40.692 1551 1911 I commit_sys_config_file: [sync-status,55020058]
06-13 18:40:41.412 0 0 I [61963.338534] init: processing action (sys.tlog.tlogdshc.active=1) from (/system/etc/init/tlogd.rc:195)
06-13 18:40:41.412 0 0 I [61963.339112] init: starting service 'tlogdshc'...
06-13 18:40:41.524 0 0 I [61963.449377] init: Service 'tlogdshc' (pid 11307) exited with status 0 oneshot service took 0.105000 seconds in background
06-13 18:40:41.524 0 0 I [61963.449403] init: Sending signal 9 to service 'tlogdshc' (pid 11307) process group...
06-13 18:40:41.524 0 0 I [61963.449568] libprocessgroup: Successfully killed process cgroup uid 0 pid 11307 in 0ms
06-13 18:40:41.822 0 0 E [61963.744315] link_delay_work_func: DTC_ETH: SQI=0, link=0
06-13 18:40:42.647 1551 1669 I commit_sys_config_file: [jobs,6]
06-13 18:40:46.940 0 0 E [61968.864319] link_delay_work_func: DTC_ETH: SQI=0, link=0
06-13 18:40:52.064 0 0 E [61973.988403] link_delay_work_func: DTC_ETH: SQI=0, link=0
06-13 18:40:57.180 0 0 E [61979.104338] link_delay_work_func: DTC_ETH: SQI=0, link=0
06-13 18:41:00.566 1551 1551 I notification_enqueue: [10092,17024,com.tencent.android.qqdownloader,127,NULL,0,Notification(channel=channel_id_default_silent shortcut=null contentView=com.tencent.android.qqdownloader/0x7f0a01c2 vibrate=null sound=null defaults=0x0 flags=0x2a2 color=0x00000000 groupKey=com.tencent.android.qqdownloader vis=PRIVATE),1]
06-13 18:41:02.300 0 0 E [61984.224338] link_delay_work_func: DTC_ETH: SQI=0, link=0
06-13 18:41:07.416 0 0 E [61989.344454] link_delay_work_func: DTC_ETH: SQI=0, link=0
06-13 18:41:11.416 0 0 I [61993.340356] init: processing action (sys.tlog.tlogdshc.active=1) from (/system/etc/init/tlogd.rc:195)
06-13 18:41:11.416 0 0 I [61993.340864] init: starting service 'tlogdshc'...
06-13 18:41:11.532 0 0 I [61993.459378] init: Service 'tlogdshc' (pid 11354) exited with status 0 oneshot service took 0.114000 seconds in background
06-13 18:41:11.532 0 0 I [61993.459406] init: Sending signal 9 to service 'tlogdshc' (pid 11354) process group...
06-13 18:41:11.532 0 0 I [61993.459582] libprocessgroup: Successfully killed process cgroup uid 0 pid 11354 in 0ms
06-13 18:41:12.540 0 0 E [61994.464360] link_delay_work_func: DTC_ETH: SQI=0, link=0
06-13 18:41:15.583 1551 1911 I sync : [com.tencent.android.qqdownloader.YYBLiveAccountProvider,0,3,24220937]
06-13 18:41:15.615 1551 1911 I sync : [com.tencent.android.qqdownloader.YYBLiveAccountProvider,1,3,24220937]
06-13 18:41:15.617 1551 1911 I commit_sys_config_file: [sync-status,55054983]
06-13 18:41:15.624 1551 1911 I sync : [com.tencent.android.qqdownloader.YYBLiveAccountProvider,0,3,24220937]
06-13 18:41:15.652 1551 1911 I sync : [com.tencent.android.qqdownloader.YYBLiveAccountProvider,1,3,24220937]
06-13 18:41:15.654 1551 1911 I commit_sys_config_file: [sync-status,55055020]
06-13 18:41:17.621 1551 1669 I commit_sys_config_file: [jobs,5]
06-13 18:41:17.660 0 0 E [61999.584338] link_delay_work_func: DTC_ETH: SQI=0, link=0
06-13 18:41:22.780 0 0 E [62004.704319] link_delay_work_func: DTC_ETH: SQI=0, link=0
06-13 18:41:27.900 0 0 E [62009.824321] link_delay_work_func: DTC_ETH: SQI=0, link=0
06-13 18:41:33.020 0 0 E [62014.944308] link_delay_work_func: DTC_ETH: SQI=0, link=0
06-13 18:41:38.140 0 0 E [62020.064342] link_delay_work_func: DTC_ETH: SQI=0, link=0
06-13 18:41:41.419 0 0 I [62023.344658] init: processing action (sys.tlog.tlogdshc.active=1) from (/system/etc/init/tlogd.rc:195)
06-13 18:41:41.419 0 0 I [62023.345238] init: starting service 'tlogdshc'...
06-13 18:41:41.528 0 0 I [62023.455513] init: Service 'tlogdshc' (pid 11398) exited with status 0 oneshot service took 0.105000 seconds in background
06-13 18:41:41.528 0 0 I [62023.455542] init: Sending signal 9 to service 'tlogdshc' (pid 11398) process group...
06-13 18:41:41.528 0 0 I [62023.455718] libprocessgroup: Successfully killed process cgroup uid 0 pid 11398 in 0ms
06-13 18:41:43.260 0 0 E [62025.184329] link_delay_work_func: DTC_ETH: SQI=0, link=0
06-13 18:41:48.380 0 0 E [62030.304317] link_delay_work_func: DTC_ETH: SQI=0, link=0
06-13 18:41:50.584 1551 1911 I sync : [com.tencent.android.qqdownloader.YYBLiveAccountProvider,0,3,24220937]
06-13 18:41:50.621 1551 1911 I sync : [com.tencent.android.qqdownloader.YYBLiveAccountProvider,1,3,24220937]
06-13 18:41:50.623 1551 1911 I commit_sys_config_file: [sync-status,55089989]
06-13 18:41:50.629 1551 1911 I sync : [com.tencent.android.qqdownloader.YYBLiveAccountProvider,0,3,24220937]
06-13 18:41:50.657 1551 1911 I sync : [com.tencent.android.qqdownloader.YYBLiveAccountProvider,1,3,24220937]
06-13 18:41:50.659 1551 1911 I commit_sys_config_file: [sync-status,55090025]
06-13 18:41:52.627 1551 1669 I commit_sys_config_file: [jobs,6]
06-13 18:41:53.500 0 0 E [62035.424309] link_delay_work_func: DTC_ETH: SQI=0, link=0
06-13 18:41:58.616 0 0 E [62040.544319] link_delay_work_func: DTC_ETH: SQI=0, link=0
06-13 18:42:02.076 1551 1551 I notification_enqueue: [10092,17024,com.tencent.android.qqdownloader,127,NULL,0,Notification(channel=channel_id_default_silent shortcut=null contentView=com.tencent.android.qqdownloader/0x7f0a01c2 vibrate=null sound=null defaults=0x0 flags=0x2a2 color=0x00000000 groupKey=com.tencent.android.qqdownloader vis=PRIVATE),1]
06-13 18:42:03.740 0 0 E [62045.664345] link_delay_work_func: DTC_ETH: SQI=0, link=0
06-13 18:42:08.860 0 0 E [62050.784421] link_delay_work_func: DTC_ETH: SQI=0, link=0
06-13 18:42:11.424 0 0 I [62053.349461] init: processing action (sys.tlog.tlogdshc.active=1) from (/system/etc/init/tlogd.rc:195)
06-13 18:42:11.424 0 0 I [62053.349995] init: starting service 'tlogdshc'...
06-13 18:42:11.536 0 0 I [62053.462303] init: Service 'tlogdshc' (pid 11445) exited with status 0 oneshot service took 0.107000 seconds in background
06-13 18:42:11.536 0 0 I [62053.462330] init: Sending signal 9 to service 'tlogdshc' (pid 11445) process group...
06-13 18:42:11.536 0 0 I [62053.462481] libprocessgroup: Successfully killed process cgroup uid 0 pid 11445 in 0ms
06-13 18:42:13.980 0 0 E [62055.904306] link_delay_work_func: DTC_ETH: SQI=0, link=0
06-13 18:42:19.100 0 0 E [62061.024382] link_delay_work_func: DTC_ETH: SQI=0, link=0
06-13 18:42:24.220 0 0 E [62066.144316] link_delay_work_func: DTC_ETH: SQI=0, link=0
06-13 18:42:25.589 1551 1911 I sync : [com.tencent.android.qqdownloader.YYBLiveAccountProvider,0,3,24220937]
06-13 18:42:25.630 1551 1911 I sync : [com.tencent.android.qqdownloader.YYBLiveAccountProvider,1,3,24220937]
06-13 18:42:25.633 1551 1911 I commit_sys_config_file: [sync-status,55124999]
06-13 18:42:25.641 1551 1911 I sync : [com.tencent.android.qqdownloader.YYBLiveAccountProvider,0,3,24220937]
06-13 18:42:25.670 1551 1911 I sync : [com.tencent.android.qqdownloader.YYBLiveAccountProvider,1,3,24220937]
06-13 18:42:25.672 1551 1911 I commit_sys_config_file: [sync-status,55125038]
06-13 18:42:27.638 1551 1669 I commit_sys_config_file: [jobs,6]
06-13 18:42:29.340 0 0 E [62071.264306] link_delay_work_func: DTC_ETH: SQI=0, link=0
06-13 18:42:34.460 0 0 E [62076.384360] link_delay_work_func: DTC_ETH: SQI=0, link=0
06-13 18:42:39.580 0 0 E [62081.504315] link_delay_work_func: DTC_ETH: SQI=0, link=0
06-13 18:42:41.420 0 0 I [62083.347686] init: processing action (sys.tlog.tlogdshc.active=1) from (/system/etc/init/tlogd.rc:195)
06-13 18:42:41.420 0 0 I [62083.348408] init: starting service 'tlogdshc'...
06-13 18:42:41.536 0 0 I [62083.462513] init: Service 'tlogdshc' (pid 11488) exited with status 0 oneshot service took 0.109000 seconds in background
06-13 18:42:41.536 0 0 I [62083.462539] init: Sending signal 9 to service 'tlogdshc' (pid 11488) process group...
06-13 18:42:41.536 0 0 I [62083.462704] libprocessgroup: Successfully killed process cgroup uid 0 pid 11488 in 0ms
06-13 18:42:44.700 0 0 E [62086.624316] link_delay_work_func: DTC_ETH: SQI=0, link=0
06-13 18:42:49.820 0 0 E [62091.744325] link_delay_work_func: DTC_ETH: SQI=0, link=0
06-13 18:42:54.936 0 0 E [62096.864329] link_delay_work_func: DTC_ETH: SQI=0, link=0
06-13 18:43:00.060 0 0 E [62101.984321] link_delay_work_func: DTC_ETH: SQI=0, link=0
06-13 18:43:00.592 1551 1911 I sync : [com.tencent.android.qqdownloader.YYBLiveAccountProvider,0,3,24220937]
06-13 18:43:00.614 1551 1684 I am_pss : [13749,10092,com.tencent.android.qqdownloader,307676160,292159488,196608,385323008,0,2,25]
06-13 18:43:00.623 1551 1911 I sync : [com.tencent.android.qqdownloader.YYBLiveAccountProvider,1,3,24220937]
06-13 18:43:00.625 1551 1911 I commit_sys_config_file: [sync-status,55159991]
06-13 18:43:00.632 1551 1911 I sync : [com.tencent.android.qqdownloader.YYBLiveAccountProvider,0,3,24220937]
06-13 18:43:00.661 1551 1911 I sync : [com.tencent.android.qqdownloader.YYBLiveAccountProvider,1,3,24220937]
06-13 18:43:00.663 1551 1911 I commit_sys_config_file: [sync-status,55160029]
06-13 18:43:02.633 1551 1669 I commit_sys_config_file: [jobs,7]
06-13 18:43:03.569 1551 1551 I notification_enqueue: [10092,17024,com.tencent.android.qqdownloader,127,NULL,0,Notification(channel=channel_id_default_silent shortcut=null contentView=com.tencent.android.qqdownloader/0x7f0a01c2 vibrate=null sound=null defaults=0x0 flags=0x2a2 color=0x00000000 groupKey=com.tencent.android.qqdownloader vis=PRIVATE),1]
06-13 18:43:05.176 0 0 E [62107.104358] link_delay_work_func: DTC_ETH: SQI=0, link=0
06-13 18:43:10.300 0 0 E [62112.224341] link_delay_work_func: DTC_ETH: SQI=0, link=0
06-13 18:43:11.424 0 0 I [62113.349401] init: processing action (sys.tlog.tlogdshc.active=1) from (/system/etc/init/tlogd.rc:195)
06-13 18:43:11.424 0 0 I [62113.349970] init: starting service 'tlogdshc'...
06-13 18:43:11.536 0 0 I [62113.464076] init: Service 'tlogdshc' (pid 11532) exited with status 0 oneshot service took 0.109000 seconds in background
06-13 18:43:11.536 0 0 I [62113.464105] init: Sending signal 9 to service 'tlogdshc' (pid 11532) process group...
06-13 18:43:11.536 0 0 I [62113.464310] libprocessgroup: Successfully killed process cgroup uid 0 pid 11532 in 0ms
06-13 18:43:15.420 0 0 E [62117.344351] link_delay_work_func: DTC_ETH: SQI=0, link=0
06-13 18:43:20.536 0 0 E [62122.464324] link_delay_work_func: DTC_ETH: SQI=0, link=0
06-13 18:43:25.660 0 0 E [62127.584309] link_delay_work_func: DTC_ETH: SQI=0, link=0
06-13 18:43:30.780 0 0 E [62132.704345] link_delay_work_func: DTC_ETH: SQI=0, link=0
06-13 18:43:35.591 1551 1911 I sync : [com.tencent.android.qqdownloader.YYBLiveAccountProvider,0,3,24220937]
06-13 18:43:35.629 1551 1911 I sync : [com.tencent.android.qqdownloader.YYBLiveAccountProvider,1,3,24220937]
06-13 18:43:35.631 1551 1911 I commit_sys_config_file: [sync-status,55194997]
06-13 18:43:35.638 1551 1911 I sync : [com.tencent.android.qqdownloader.YYBLiveAccountProvider,0,3,24220937]
06-13 18:43:35.665 1551 1911 I sync : [com.tencent.android.qqdownloader.YYBLiveAccountProvider,1,3,24220937]
06-13 18:43:35.668 1551 1911 I commit_sys_config_file: [sync-status,55195033]
06-13 18:43:35.900 0 0 E [62137.824322] link_delay_work_func: DTC_ETH: SQI=0, link=0
06-13 18:43:37.637 1551 1669 I commit_sys_config_file: [jobs,7]
06-13 18:43:41.020 0 0 E [62142.944319] link_delay_work_func: DTC_ETH: SQI=0, link=0
06-13 18:43:41.424 0 0 I [62143.351236] init: processing action (sys.tlog.tlogdshc.active=1) from (/system/etc/init/tlogd.rc:195)
06-13 18:43:41.424 0 0 I [62143.352010] init: starting service 'tlogdshc'...
06-13 18:43:41.540 0 0 I [62143.467498] init: Service 'tlogdshc' (pid 11575) exited with status 0 oneshot service took 0.108000 seconds in background
06-13 18:43:41.540 0 0 I [62143.467524] init: Sending signal 9 to service 'tlogdshc' (pid 11575) process group...
06-13 18:43:41.540 0 0 I [62143.467729] libprocessgroup: Successfully killed process cgroup uid 0 pid 11575 in 0ms
06-13 18:43:46.140 0 0 E [62148.064348] link_delay_work_func: DTC_ETH: SQI=0, link=0
06-13 18:43:51.256 0 0 E [62153.184360] link_delay_work_func: DTC_ETH: SQI=0, link=0
06-13 18:43:56.380 0 0 E [62158.304333] link_delay_work_func: DTC_ETH: SQI=0, link=0
06-13 18:44:01.501 0 0 E [62163.424328] link_delay_work_func: DTC_ETH: SQI=0, link=0
06-13 18:44:05.068 1551 1551 I notification_enqueue: [10092,17024,com.tencent.android.qqdownloader,127,NULL,0,Notification(channel=channel_id_default_silent shortcut=null contentView=com.tencent.android.qqdownloader/0x7f0a01c2 vibrate=null sound=null defaults=0x0 flags=0x2a2 color=0x00000000 groupKey=com.tencent.android.qqdownloader vis=PRIVATE),1]
06-13 18:44:06.620 0 0 E [62168.544297] link_delay_work_func: DTC_ETH: SQI=0, link=0
06-13 18:44:10.591 1551 1911 I sync : [com.tencent.android.qqdownloader.YYBLiveAccountProvider,0,3,24220937]
06-13 18:44:10.637 1551 1911 I sync : [com.tencent.android.qqdownloader.YYBLiveAccountProvider,1,3,24220937]
06-13 18:44:10.639 1551 1911 I commit_sys_config_file: [sync-status,55230005]
06-13 18:44:10.645 1551 1911 I sync : [com.tencent.android.qqdownloader.YYBLiveAccountProvider,0,3,24220937]
06-13 18:44:10.676 1551 1911 I sync : [com.tencent.android.qqdownloader.YYBLiveAccountProvider,1,3,24220937]
06-13 18:44:10.679 1551 1911 I commit_sys_config_file: [sync-status,55230044]
06-13 18:44:11.428 0 0 I [62173.352673] init: processing action (sys.tlog.tlogdshc.active=1) from (/system/etc/init/tlogd.rc:195)
06-13 18:44:11.428 0 0 I [62173.353213] init: starting service 'tlogdshc'...
06-13 18:44:11.544 0 0 I [62173.468502] init: Service 'tlogdshc' (pid 11618) exited with status 0 oneshot service took 0.110000 seconds in background
06-13 18:44:11.544 0 0 I [62173.468532] init: Sending signal 9 to service 'tlogdshc' (pid 11618) process group...
06-13 18:44:11.544 0 0 I [62173.468711] libprocessgroup: Successfully killed process cgroup uid 0 pid 11618 in 0ms
06-13 18:44:11.744 0 0 E [62173.668388] link_delay_work_func: DTC_ETH: SQI=0, link=0
06-13 18:44:12.645 1551 1669 I commit_sys_config_file: [jobs,6]
06-13 18:44:16.860 0 0 E [62178.784354] link_delay_work_func: DTC_ETH: SQI=0, link=0
06-13 18:44:21.980 0 0 E [62183.904306] link_delay_work_func: DTC_ETH: SQI=0, link=0
06-13 18:44:27.100 0 0 E [62189.024319] link_delay_work_func: DTC_ETH: SQI=0, link=0
06-13 18:44:32.220 0 0 E [62194.144424] link_delay_work_func: DTC_ETH: SQI=0, link=0
06-13 18:44:36.828 0 0 D [62198.752987] cnss: Host time = 62201408940 us, device time = 62176214940 us, offset = 25194000 us
06-13 18:44:36.828 0 0 D [62198.753036] cnss: Updated time sync regs [0x984] = 0x1806e10, [0x988] = 0x0
06-13 18:44:37.340 0 0 E [62199.264336] link_delay_work_func: DTC_ETH: SQI=0, link=0
06-13 18:44:41.428 0 0 I [62203.354091] init: processing action (sys.tlog.tlogdshc.active=1) from (/system/etc/init/tlogd.rc:195)
06-13 18:44:41.428 0 0 I [62203.354741] init: starting service 'tlogdshc'...
06-13 18:44:41.540 0 0 I [62203.466750] init: Service 'tlogdshc' (pid 11661) exited with status 0 oneshot service took 0.107000 seconds in background
06-13 18:44:41.540 0 0 I [62203.466777] init: Sending signal 9 to service 'tlogdshc' (pid 11661) process group...
06-13 18:44:41.540 0 0 I [62203.466947] libprocessgroup: Successfully killed process cgroup uid 0 pid 11661 in 0ms
06-13 18:44:42.456 0 0 E [62204.384333] link_delay_work_func: DTC_ETH: SQI=0, link=0
06-13 18:44:45.593 1551 1911 I sync : [com.tencent.android.qqdownloader.YYBLiveAccountProvider,0,3,24220937]
06-13 18:44:45.621 1551 1911 I sync : [com.tencent.android.qqdownloader.YYBLiveAccountProvider,1,3,24220937]
06-13 18:44:45.624 1551 1911 I commit_sys_config_file: [sync-status,55264990]
06-13 18:44:45.630 1551 1911 I sync : [com.tencent.android.qqdownloader.YYBLiveAccountProvider,0,3,24220937]
06-13 18:44:45.657 1551 1911 I sync : [com.tencent.android.qqdownloader.YYBLiveAccountProvider,1,3,24220937]
06-13 18:44:45.659 1551 1911 I commit_sys_config_file: [sync-status,55265025]
06-13 18:44:47.580 0 0 E [62209.504311] link_delay_work_func: DTC_ETH: SQI=0, link=0
06-13 18:44:47.631 1551 1669 I commit_sys_config_file: [jobs,6]
06-13 18:44:52.700 0 0 E [62214.624332] link_delay_work_func: DTC_ETH: SQI=0, link=0
06-13 18:44:57.820 0 0 E [62219.744352] link_delay_work_func: DTC_ETH: SQI=0, link=0
06-13 18:45:02.940 0 0 E [62224.864316] link_delay_work_func: DTC_ETH: SQI=0, link=0
06-13 18:45:06.574 1551 1551 I notification_enqueue: [10092,17024,com.tencent.android.qqdownloader,127,NULL,0,Notification(channel=channel_id_default_silent shortcut=null contentView=com.tencent.android.qqdownloader/0x7f0a01c2 vibrate=null sound=null defaults=0x0 flags=0x2a2 color=0x00000000 groupKey=com.tencent.android.qqdownloader vis=PRIVATE),1]
06-13 18:45:08.056 0 0 E [62229.984310] link_delay_work_func: DTC_ETH: SQI=0, link=0
06-13 18:45:11.428 0 0 I [62233.355833] init: processing action (sys.tlog.tlogdshc.active=1) from (/system/etc/init/tlogd.rc:195)
06-13 18:45:11.432 0 0 I [62233.356531] init: starting service 'tlogdshc'...
06-13 18:45:11.540 0 0 I [62233.467505] init: Service 'tlogdshc' (pid 11713) exited with status 0 oneshot service took 0.105000 seconds in background
06-13 18:45:11.540 0 0 I [62233.467532] init: Sending signal 9 to service 'tlogdshc' (pid 11713) process group...
06-13 18:45:11.540 0 0 I [62233.467702] libprocessgroup: Successfully killed process cgroup uid 0 pid 11713 in 0ms
06-13 18:45:13.180 0 0 E [62235.104318] link_delay_work_func: DTC_ETH: SQI=0, link=0
06-13 18:45:18.300 0 0 E [62240.224357] link_delay_work_func: DTC_ETH: SQI=0, link=0
06-13 18:45:20.592 1551 1911 I sync : [com.tencent.android.qqdownloader.YYBLiveAccountProvider,0,3,24220937]
06-13 18:45:20.627 1551 1911 I sync : [com.tencent.android.qqdownloader.YYBLiveAccountProvider,1,3,24220937]
06-13 18:45:20.630 1551 1911 I commit_sys_config_file: [sync-status,55299996]
06-13 18:45:20.639 1551 1911 I sync : [com.tencent.android.qqdownloader.YYBLiveAccountProvider,0,3,24220937]
06-13 18:45:20.673 1551 1911 I sync : [com.tencent.android.qqdownloader.YYBLiveAccountProvider,1,3,24220937]
06-13 18:45:20.675 1551 1911 I commit_sys_config_file: [sync-status,55300041]
06-13 18:45:22.636 1551 1669 I commit_sys_config_file: [jobs,5]
06-13 18:45:23.420 0 0 E [62245.345142] link_delay_work_func: DTC_ETH: SQI=0, link=0
06-13 18:45:28.540 0 0 E [62250.464308] link_delay_work_func: DTC_ETH: SQI=0, link=0
06-13 18:45:33.660 0 0 E [62255.584353] link_delay_work_func: DTC_ETH: SQI=0, link=0
06-13 18:45:38.780 0 0 E [62260.704337] link_delay_work_func: DTC_ETH: SQI=0, link=0
06-13 18:45:41.436 0 0 I [62263.360394] init: processing action (sys.tlog.tlogdshc.active=1) from (/system/etc/init/tlogd.rc:195)
06-13 18:45:41.436 0 0 I [62263.360807] init: starting service 'tlogdshc'...
06-13 18:45:41.540 0 0 I [62263.464339] init: Service 'tlogdshc' (pid 11756) exited with status 0 oneshot service took 0.099000 seconds in background
06-13 18:45:41.540 0 0 I [62263.464369] init: Sending signal 9 to service 'tlogdshc' (pid 11756) process group...
06-13 18:45:41.540 0 0 I [62263.464549] libprocessgroup: Successfully killed process cgroup uid 0 pid 11756 in 0ms
06-13 18:45:43.900 0 0 E [62265.824321] link_delay_work_func: DTC_ETH: SQI=0, link=0
06-13 18:45:49.020 0 0 E [62270.944345] link_delay_work_func: DTC_ETH: SQI=0, link=0
06-13 18:45:54.141 0 0 E [62276.064321] link_delay_work_func: DTC_ETH: SQI=0, link=0
06-13 18:45:55.600 1551 1911 I sync : [com.tencent.android.qqdownloader.YYBLiveAccountProvider,0,3,24220937]
06-13 18:45:55.637 1551 1911 I sync : [com.tencent.android.qqdownloader.YYBLiveAccountProvider,1,3,24220937]
06-13 18:45:55.640 1551 1911 I commit_sys_config_file: [sync-status,55335006]
06-13 18:45:55.650 1551 1911 I sync : [com.tencent.android.qqdownloader.YYBLiveAccountProvider,0,3,24220937]
06-13 18:45:55.690 1551 1911 I sync : [com.tencent.android.qqdownloader.YYBLiveAccountProvider,1,3,24220937]
06-13 18:45:55.693 1551 1911 I commit_sys_config_file: [sync-status,55335059]
06-13 18:45:57.646 1551 1669 I commit_sys_config_file: [jobs,6]
06-13 18:45:59.260 0 0 E [62281.184319] link_delay_work_func: DTC_ETH: SQI=0, link=0
06-13 18:46:04.376 0 0 E [62286.304354] link_delay_work_func: DTC_ETH: SQI=0, link=0
06-13 18:46:08.067 1551 1551 I notification_enqueue: [10092,17024,com.tencent.android.qqdownloader,127,NULL,0,Notification(channel=channel_id_default_silent shortcut=null contentView=com.tencent.android.qqdownloader/0x7f0a01c2 vibrate=null sound=null defaults=0x0 flags=0x2a2 color=0x00000000 groupKey=com.tencent.android.qqdownloader vis=PRIVATE),1]
06-13 18:46:09.500 0 0 E [62291.424312] link_delay_work_func: DTC_ETH: SQI=0, link=0
06-13 18:46:11.444 0 0 I [62293.369400] init: processing action (sys.tlog.tlogdshc.active=1) from (/system/etc/init/tlogd.rc:195)
06-13 18:46:11.444 0 0 I [62293.369904] init: starting service 'tlogdshc'...
06-13 18:46:11.548 0 0 I [62293.475858] init: Service 'tlogdshc' (pid 11801) exited with status 0 oneshot service took 0.100000 seconds in background
06-13 18:46:11.548 0 0 I [62293.475886] init: Sending signal 9 to service 'tlogdshc' (pid 11801) process group...
06-13 18:46:11.548 0 0 I [62293.476065] libprocessgroup: Successfully killed process cgroup uid 0 pid 11801 in 0ms
06-13 18:46:14.620 0 0 E [62296.544341] link_delay_work_func: DTC_ETH: SQI=0, link=0
06-13 18:46:19.740 0 0 E [62301.664329] link_delay_work_func: DTC_ETH: SQI=0, link=0
06-13 18:46:24.860 0 0 E [62306.784380] link_delay_work_func: DTC_ETH: SQI=0, link=0
06-13 18:46:29.980 0 0 E [62311.904313] link_delay_work_func: DTC_ETH: SQI=0, link=0
06-13 18:46:30.604 1551 1911 I sync : [com.tencent.android.qqdownloader.YYBLiveAccountProvider,0,3,24220937]
06-13 18:46:30.652 1551 1911 I sync : [com.tencent.android.qqdownloader.YYBLiveAccountProvider,1,3,24220937]
06-13 18:46:30.662 1551 1911 I commit_sys_config_file: [sync-status,55370021]
06-13 18:46:30.673 1551 1911 I sync : [com.tencent.android.qqdownloader.YYBLiveAccountProvider,0,3,24220937]
06-13 18:46:30.718 1551 1911 I sync : [com.tencent.android.qqdownloader.YYBLiveAccountProvider,1,3,24220937]
06-13 18:46:30.721 1551 1911 I commit_sys_config_file: [sync-status,55370086]
06-13 18:46:32.661 1551 1669 I commit_sys_config_file: [jobs,6]
06-13 18:46:35.096 0 0 E [62317.024313] link_delay_work_func: DTC_ETH: SQI=0, link=0
06-13 18:46:40.216 0 0 E [62322.144358] link_delay_work_func: DTC_ETH: SQI=0, link=0
06-13 18:46:41.448 0 0 I [62323.375557] init: processing action (sys.tlog.tlogdshc.active=1) from (/system/etc/init/tlogd.rc:195)
06-13 18:46:41.448 0 0 I [62323.376183] init: starting service 'tlogdshc'...
06-13 18:46:41.564 0 0 I [62323.489452] init: Service 'tlogdshc' (pid 11844) exited with status 0 oneshot service took 0.107000 seconds in background
06-13 18:46:41.564 0 0 I [62323.489480] init: Sending signal 9 to service 'tlogdshc' (pid 11844) process group...
06-13 18:46:41.564 0 0 I [62323.489651] libprocessgroup: Successfully killed process cgroup uid 0 pid 11844 in 0ms
06-13 18:46:45.340 0 0 E [62327.264327] link_delay_work_func: DTC_ETH: SQI=0, link=0
06-13 18:46:50.462 0 0 E [62332.384320] link_delay_work_func: DTC_ETH: SQI=0, link=0
06-13 18:46:55.580 0 0 E [62337.504348] link_delay_work_func: DTC_ETH: SQI=0, link=0
06-13 18:47:00.700 0 0 E [62342.624793] link_delay_work_func: DTC_ETH: SQI=0, link=0
06-13 18:47:05.597 1551 1911 I sync : [com.tencent.android.qqdownloader.YYBLiveAccountProvider,0,3,24220937]
06-13 18:47:05.639 1551 1911 I sync : [com.tencent.android.qqdownloader.YYBLiveAccountProvider,1,3,24220937]
06-13 18:47:05.642 1551 1911 I commit_sys_config_file: [sync-status,55405008]
06-13 18:47:05.653 1551 1911 I sync : [com.tencent.android.qqdownloader.YYBLiveAccountProvider,0,3,24220937]
06-13 18:47:05.683 1551 1911 I sync : [com.tencent.android.qqdownloader.YYBLiveAccountProvider,1,3,24220937]
06-13 18:47:05.686 1551 1911 I commit_sys_config_file: [sync-status,55405051]
06-13 18:47:05.820 0 0 E [62347.744376] link_delay_work_func: DTC_ETH: SQI=0, link=0
06-13 18:47:07.648 1551 1669 I commit_sys_config_file: [jobs,6]
06-13 18:47:09.568 1551 1551 I notification_enqueue: [10092,17024,com.tencent.android.qqdownloader,127,NULL,0,Notification(channel=channel_id_default_silent shortcut=null contentView=com.tencent.android.qqdownloader/0x7f0a01c2 vibrate=null sound=null defaults=0x0 flags=0x2a2 color=0x00000000 groupKey=com.tencent.android.qqdownloader vis=PRIVATE),1]
06-13 18:47:10.940 0 0 E [62352.864314] link_delay_work_func: DTC_ETH: SQI=0, link=0
06-13 18:47:11.452 0 0 I [62353.377444] init: processing action (sys.tlog.tlogdshc.active=1) from (/system/etc/init/tlogd.rc:195)
06-13 18:47:11.452 0 0 I [62353.378033] init: starting service 'tlogdshc'...
06-13 18:47:11.572 0 0 I [62353.496956] init: Service 'tlogdshc' (pid 11887) exited with status 0 oneshot service took 0.113000 seconds in background
06-13 18:47:11.572 0 0 I [62353.496984] init: Sending signal 9 to service 'tlogdshc' (pid 11887) process group...
06-13 18:47:11.572 0 0 I [62353.497149] libprocessgroup: Successfully killed process cgroup uid 0 pid 11887 in 0ms
06-13 18:47:16.060 0 0 E [62357.984337] link_delay_work_func: DTC_ETH: SQI=0, link=0
06-13 18:47:21.176 0 0 E [62363.104325] link_delay_work_func: DTC_ETH: SQI=0, link=0
06-13 18:47:26.300 0 0 E [62368.224315] link_delay_work_func: DTC_ETH: SQI=0, link=0
06-13 18:47:31.416 0 0 E [62373.344327] link_delay_work_func: DTC_ETH: SQI=0, link=0
06-13 18:47:36.540 0 0 E [62378.464335] link_delay_work_func: DTC_ETH: SQI=0, link=0
06-13 18:47:40.602 1551 1911 I sync : [com.tencent.android.qqdownloader.YYBLiveAccountProvider,0,3,24220937]
06-13 18:47:40.635 1551 1911 I sync : [com.tencent.android.qqdownloader.YYBLiveAccountProvider,1,3,24220937]
06-13 18:47:40.637 1551 1911 I commit_sys_config_file: [sync-status,55440003]
06-13 18:47:40.644 1551 1911 I sync : [com.tencent.android.qqdownloader.YYBLiveAccountProvider,0,3,24220937]
06-13 18:47:40.672 1551 1911 I sync : [com.tencent.android.qqdownloader.YYBLiveAccountProvider,1,3,24220937]
06-13 18:47:40.676 1551 1911 I commit_sys_config_file: [sync-status,55440042]
06-13 18:47:41.452 0 0 I [62383.379070] init: processing action (sys.tlog.tlogdshc.active=1) from (/system/etc/init/tlogd.rc:195)
06-13 18:47:41.452 0 0 I [62383.379690] init: starting service 'tlogdshc'...
06-13 18:47:41.584 0 0 I [62383.509238] init: Service 'tlogdshc' (pid 11929) exited with status 0 oneshot service took 0.124000 seconds in background
06-13 18:47:41.584 0 0 I [62383.509266] init: Sending signal 9 to service 'tlogdshc' (pid 11929) process group...
06-13 18:47:41.584 0 0 I [62383.509444] libprocessgroup: Successfully killed process cgroup uid 0 pid 11929 in 0ms
06-13 18:47:41.660 0 0 E [62383.584308] link_delay_work_func: DTC_ETH: SQI=0, link=0
06-13 18:47:42.643 1551 1669 I commit_sys_config_file: [jobs,6]
06-13 18:47:46.776 0 0 E [62388.704306] link_delay_work_func: DTC_ETH: SQI=0, link=0
06-13 18:47:51.896 0 0 E [62393.824308] link_delay_work_func: DTC_ETH: SQI=0, link=0
06-13 18:47:57.020 0 0 E [62398.944317] link_delay_work_func: DTC_ETH: SQI=0, link=0
06-13 18:48:02.140 0 0 E [62404.064331] link_delay_work_func: DTC_ETH: SQI=0, link=0
06-13 18:48:07.260 0 0 E [62409.184323] link_delay_work_func: DTC_ETH: SQI=0, link=0
06-13 18:48:11.070 1551 1551 I notification_enqueue: [10092,17024,com.tencent.android.qqdownloader,127,NULL,0,Notification(channel=channel_id_default_silent shortcut=null contentView=com.tencent.android.qqdownloader/0x7f0a01c2 vibrate=null sound=null defaults=0x0 flags=0x2a2 color=0x00000000 groupKey=com.tencent.android.qqdownloader vis=PRIVATE),1]
06-13 18:48:11.456 0 0 I [62413.381134] init: processing action (sys.tlog.tlogdshc.active=1) from (/system/etc/init/tlogd.rc:195)
06-13 18:48:11.456 0 0 I [62413.381704] init: starting service 'tlogdshc'...
06-13 18:48:11.572 0 0 I [62413.498143] init: Service 'tlogdshc' (pid 11976) exited with status 0 oneshot service took 0.111000 seconds in background
06-13 18:48:11.572 0 0 I [62413.498172] init: Sending signal 9 to service 'tlogdshc' (pid 11976) process group...
06-13 18:48:11.572 0 0 I [62413.498341] libprocessgroup: Successfully killed process cgroup uid 0 pid 11976 in 0ms
06-13 18:48:12.380 0 0 E [62414.304344] link_delay_work_func: DTC_ETH: SQI=0, link=0
06-13 18:48:15.598 1551 1911 I sync : [com.tencent.android.qqdownloader.YYBLiveAccountProvider,0,3,24220937]
06-13 18:48:15.624 1551 1911 I sync : [com.tencent.android.qqdownloader.YYBLiveAccountProvider,1,3,24220937]
06-13 18:48:15.626 1551 1911 I commit_sys_config_file: [sync-status,55474991]
06-13 18:48:15.632 1551 1911 I sync : [com.tencent.android.qqdownloader.YYBLiveAccountProvider,0,3,24220937]
06-13 18:48:15.659 1551 1911 I sync : [com.tencent.android.qqdownloader.YYBLiveAccountProvider,1,3,24220937]
06-13 18:48:15.661 1551 1911 I commit_sys_config_file: [sync-status,55475027]
06-13 18:48:17.500 0 0 E [62419.424330] link_delay_work_func: DTC_ETH: SQI=0, link=0
06-13 18:48:17.632 1551 1669 I commit_sys_config_file: [jobs,6]
06-13 18:48:22.620 0 0 E [62424.544344] link_delay_work_func: DTC_ETH: SQI=0, link=0
06-13 18:48:27.740 0 0 E [62429.664323] link_delay_work_func: DTC_ETH: SQI=0, link=0
06-13 18:48:32.856 0 0 E [62434.784362] link_delay_work_func: DTC_ETH: SQI=0, link=0
06-13 18:48:37.980 0 0 E [62439.904310] link_delay_work_func: DTC_ETH: SQI=0, link=0
06-13 18:48:41.460 0 0 I [62443.387179] init: processing action (sys.tlog.tlogdshc.active=1) from (/system/etc/init/tlogd.rc:195)
06-13 18:48:41.460 0 0 I [62443.387948] init: starting service 'tlogdshc'...
06-13 18:48:41.576 0 0 I [62443.503760] init: Service 'tlogdshc' (pid 12019) exited with status 0 oneshot service took 0.110000 seconds in background
06-13 18:48:41.576 0 0 I [62443.503788] init: Sending signal 9 to service 'tlogdshc' (pid 12019) process group...
06-13 18:48:41.576 0 0 I [62443.503959] libprocessgroup: Successfully killed process cgroup uid 0 pid 12019 in 0ms
06-13 18:48:43.096 0 0 E [62445.024347] link_delay_work_func: DTC_ETH: SQI=0, link=0
06-13 18:48:48.220 0 0 E [62450.144331] link_delay_work_func: DTC_ETH: SQI=0, link=0
06-13 18:48:50.603 1551 1911 I sync : [com.tencent.android.qqdownloader.YYBLiveAccountProvider,0,3,24220937]
06-13 18:48:50.649 1551 1911 I sync : [com.tencent.android.qqdownloader.YYBLiveAccountProvider,1,3,24220937]
06-13 18:48:50.652 1551 1911 I commit_sys_config_file: [sync-status,55510017]
06-13 18:48:50.659 1551 1911 I sync : [com.tencent.android.qqdownloader.YYBLiveAccountProvider,0,3,24220937]
06-13 18:48:50.694 1551 1911 I sync : [com.tencent.android.qqdownloader.YYBLiveAccountProvider,1,3,24220937]
06-13 18:48:50.697 1551 1911 I commit_sys_config_file: [sync-status,55510062]
06-13 18:48:52.659 1551 1669 I commit_sys_config_file: [jobs,7]
06-13 18:48:53.340 0 0 E [62455.264354] link_delay_work_func: DTC_ETH: SQI=0, link=0
06-13 18:48:58.460 0 0 E [62460.384308] link_delay_work_func: DTC_ETH: SQI=0, link=0
06-13 18:49:03.580 0 0 E [62465.504344] link_delay_work_func: DTC_ETH: SQI=0, link=0
06-13 18:49:08.700 0 0 E [62470.624332] link_delay_work_func: DTC_ETH: SQI=0, link=0
06-13 18:49:11.468 0 0 I [62473.395703] init: processing action (sys.tlog.tlogdshc.active=1) from (/system/etc/init/tlogd.rc:195)
06-13 18:49:11.468 0 0 I [62473.396520] init: starting service 'tlogdshc'...
06-13 18:49:11.592 0 0 I [62473.517142] init: Service 'tlogdshc' (pid 12065) exited with status 0 oneshot service took 0.115000 seconds in background
06-13 18:49:11.592 0 0 I [62473.517170] init: Sending signal 9 to service 'tlogdshc' (pid 12065) process group...
06-13 18:49:11.592 0 0 I [62473.517339] libprocessgroup: Successfully killed process cgroup uid 0 pid 12065 in 0ms
06-13 18:49:12.580 1551 1551 I notification_enqueue: [10092,17024,com.tencent.android.qqdownloader,127,NULL,0,Notification(channel=channel_id_default_silent shortcut=null contentView=com.tencent.android.qqdownloader/0x7f0a01c2 vibrate=null sound=null defaults=0x0 flags=0x2a2 color=0x00000000 groupKey=com.tencent.android.qqdownloader vis=PRIVATE),1]
06-13 18:49:13.820 0 0 E [62475.744356] link_delay_work_func: DTC_ETH: SQI=0, link=0
06-13 18:49:18.936 0 0 E [62480.864392] link_delay_work_func: DTC_ETH: SQI=0, link=0
06-13 18:49:24.056 0 0 E [62485.984311] link_delay_work_func: DTC_ETH: SQI=0, link=0
06-13 18:49:25.603 1551 1911 I sync : [com.tencent.android.qqdownloader.YYBLiveAccountProvider,0,3,24220937]
06-13 18:49:25.649 1551 1911 I sync : [com.tencent.android.qqdownloader.YYBLiveAccountProvider,1,3,24220937]
06-13 18:49:25.651 1551 1911 I commit_sys_config_file: [sync-status,55545017]
06-13 18:49:25.661 1551 1911 I sync : [com.tencent.android.qqdownloader.YYBLiveAccountProvider,0,3,24220937]
06-13 18:49:25.687 1551 1911 I sync : [com.tencent.android.qqdownloader.YYBLiveAccountProvider,1,3,24220937]
06-13 18:49:25.690 1551 1911 I commit_sys_config_file: [sync-status,55545056]
06-13 18:49:27.658 1551 1669 I commit_sys_config_file: [jobs,7]
06-13 18:49:29.180 0 0 E [62491.104341] link_delay_work_func: DTC_ETH: SQI=0, link=0
06-13 18:49:33.248 1551 1822 I input_interaction: Interaction with: 2571f6e com.thundercomm.screensaver/android.service.dreams.DreamActivity (server), edge-swipe (server), swipe-up (server), PointerEventDispatcher0 (server),
06-13 18:49:33.365 1551 18714 I wm_finish_activity: [0,236924371,70,com.thundercomm.screensaver/android.service.dreams.DreamActivity,finish-activity]
06-13 18:49:33.365 1551 18714 I wm_task_moved: [63,1,8]
06-13 18:49:33.365 1551 18714 I wm_task_to_front: [0,63]
06-13 18:49:33.367 1551 18714 I wm_focused_root_task: [0,0,63,70,finish-top adjustFocusToNextFocusableTask]
06-13 18:49:33.368 1551 18714 I wm_pause_activity: [0,236924371,com.thundercomm.screensaver/android.service.dreams.DreamActivity,userLeaving=false,finish]
06-13 18:49:33.377 1551 1670 I sysui_multi_action: [757,803,799,window_time_0,802,1378]
06-13 18:49:33.378 4423 4423 I wm_on_top_resumed_lost_called: [236924371,android.service.dreams.DreamActivity,topStateChangedWhenResumed]
06-13 18:49:33.378 4423 4423 I wm_on_paused_called: [236924371,android.service.dreams.DreamActivity,performPause]
06-13 18:49:33.379 1551 19338 I wm_add_to_stopping: [0,236924371,com.thundercomm.screensaver/android.service.dreams.DreamActivity,completeFinishing]
06-13 18:49:33.381 1551 19338 I wm_set_resumed_activity: [0,com.android.packageinstaller/.InstallSuccess,resumeTopActivityInnerLocked]
06-13 18:49:33.392 1551 19338 I wm_resume_activity: [0,24644341,63,com.android.packageinstaller/.InstallSuccess]
06-13 18:49:33.399 2614 2614 I wm_on_restart_called: [87018331,com.android.launcher3.uioverrides.QuickstepLauncher,performRestartActivity]
06-13 18:49:33.400 2159 2159 I wm_on_restart_called: [72266132,com.android.packageinstaller.DeleteStagedFileOnResult,performRestartActivity]
06-13 18:49:33.400 1551 1670 I am_uid_active: 10025
06-13 18:49:33.400 2159 2159 I wm_on_start_called: [72266132,com.android.packageinstaller.DeleteStagedFileOnResult,handleStartActivity]
06-13 18:49:33.400 2614 2614 I wm_on_start_called: [87018331,com.android.launcher3.uioverrides.QuickstepLauncher,handleStartActivity]
06-13 18:49:33.400 2159 2159 I wm_on_restart_called: [133276095,com.android.packageinstaller.PackageInstallerActivity,performRestartActivity]
06-13 18:49:33.400 2159 2159 I wm_on_start_called: [133276095,com.android.packageinstaller.PackageInstallerActivity,handleStartActivity]
06-13 18:49:33.400 2159 2159 I wm_on_restart_called: [175349344,com.android.packageinstaller.DeleteStagedFileOnResult,performRestartActivity]
06-13 18:49:33.400 2159 2159 I wm_on_start_called: [175349344,com.android.packageinstaller.DeleteStagedFileOnResult,handleStartActivity]
06-13 18:49:33.400 2159 2159 I wm_on_restart_called: [123708259,com.android.packageinstaller.PackageInstallerActivity,performRestartActivity]
06-13 18:49:33.401 2159 2159 I wm_on_start_called: [123708259,com.android.packageinstaller.PackageInstallerActivity,handleStartActivity]
06-13 18:49:33.401 2159 2159 I wm_on_restart_called: [134710260,com.android.packageinstaller.DeleteStagedFileOnResult,performRestartActivity]
06-13 18:49:33.401 2159 2159 I wm_on_start_called: [134710260,com.android.packageinstaller.DeleteStagedFileOnResult,handleStartActivity]
06-13 18:49:33.401 2159 2159 I wm_on_restart_called: [220082946,com.android.packageinstaller.PackageInstallerActivity,performRestartActivity]
06-13 18:49:33.401 2159 2159 I wm_on_start_called: [220082946,com.android.packageinstaller.PackageInstallerActivity,handleStartActivity]
06-13 18:49:33.401 2159 2159 I wm_on_restart_called: [148957047,com.android.packageinstaller.DeleteStagedFileOnResult,performRestartActivity]
06-13 18:49:33.401 2159 2159 I wm_on_start_called: [148957047,com.android.packageinstaller.DeleteStagedFileOnResult,handleStartActivity]
06-13 18:49:33.403 1551 1822 I input_focus: [Focus leaving 2571f6e com.thundercomm.screensaver/android.service.dreams.DreamActivity (server),reason=NO_WINDOW]
06-13 18:49:33.403 2159 2159 I wm_on_restart_called: [216049083,com.android.packageinstaller.PackageInstallerActivity,performRestartActivity]
06-13 18:49:33.403 2159 2159 I wm_on_start_called: [216049083,com.android.packageinstaller.PackageInstallerActivity,handleStartActivity]
06-13 18:49:33.403 2159 2159 I wm_on_restart_called: [186497273,com.android.packageinstaller.DeleteStagedFileOnResult,performRestartActivity]
06-13 18:49:33.403 2159 2159 I wm_on_start_called: [186497273,com.android.packageinstaller.DeleteStagedFileOnResult,handleStartActivity]
06-13 18:49:33.404 2159 2159 I wm_on_restart_called: [240662303,com.android.packageinstaller.PackageInstallerActivity,performRestartActivity]
06-13 18:49:33.404 2159 2159 I wm_on_start_called: [240662303,com.android.packageinstaller.PackageInstallerActivity,handleStartActivity]
06-13 18:49:33.404 2159 2159 I wm_on_restart_called: [249091709,com.android.packageinstaller.DeleteStagedFileOnResult,performRestartActivity]
