06-13 19:01:40.743 1551 1684 I am_pss : [2461,10091,android.ext.services,11148288,8663040,69632,86962176,0,5,5]
06-13 19:01:40.748 1551 1684 I am_pss : [3131,10070,com.qualcomm.location.XT,6108160,4194304,69632,76865536,0,6,4]
06-13 19:01:40.754 1551 1684 I am_pss : [2770,10076,com.qualcomm.location,7968768,5537792,69632,82833408,0,0,5]
06-13 19:01:40.759 1551 1684 I am_pss : [2153,1001,.dataservices,8340480,6135808,69632,80850944,0,0,5]
06-13 19:01:40.765 1551 1684 I am_pss : [2202,1073,com.android.networkstack.process,14327808,11239424,68608,93159424,0,0,5]
06-13 19:01:40.779 1551 1684 I am_pss : [1949,10075,com.android.systemui,172266496,163700736,67584,270516224,0,0,14]
06-13 19:01:41.340 0 0 E [63223.264314] link_delay_work_func: DTC_ETH: SQI=0, link=0
06-13 19:01:41.536 0 0 I [63223.457387] init: processing action (sys.tlog.tlogdshc.active=1) from (/system/etc/init/tlogd.rc:195)
06-13 19:01:41.536 0 0 I [63223.458016] init: starting service 'tlogdshc'...
06-13 19:01:41.648 0 0 I [63223.574933] init: Service 'tlogdshc' (pid 13550) exited with status 0 oneshot service took 0.112000 seconds in background
06-13 19:01:41.648 0 0 I [63223.574960] init: Sending signal 9 to service 'tlogdshc' (pid 13550) process group...
06-13 19:01:41.648 0 0 I [63223.575142] libprocessgroup: Successfully killed process cgroup uid 0 pid 13550 in 0ms
06-13 19:01:42.687 1551 1669 I commit_sys_config_file: [jobs,6]
06-13 19:01:46.460 0 0 E [63228.384330] link_delay_work_func: DTC_ETH: SQI=0, link=0
06-13 19:01:48.596 0 0 I [63230.521322] logd: logdr: UID=1000 GID=1000 PID=13568 n tail=127 logMask=19 pid=0 start=0ns deadline=0ns
06-13 19:01:48.708 0 0 I [63230.634729] logd: logdr: UID=1000 GID=1000 PID=13571 n tail=127 logMask=80 pid=0 start=0ns deadline=0ns
06-13 19:01:48.800 0 0 E [63230.726888] [wifi@1][0x11aacdd241a][19: 01:48.798963] wlan: [837:E:QDF] cds_flush_logs: 2424: Bug report already in progress - dropping! type:0, indicator=1 reason_code=0
06-13 19:01:48.800 0 0 E [63230.726919] [wifi@1][0x11aacdd26f6][19: 01:48.799001] wlan: [837:E:HDD] __wlan_hdd_cfg80211_wifi_logger_get_ring_data: 9840: Failed to trigger bug report
06-13 19:01:48.832 0 0 I [63230.757182] logd: logdr: UID=1000 GID=1000 PID=13573 n tail=127 logMask=19 pid=0 start=0ns deadline=0ns
06-13 19:01:48.944 0 0 I [63230.872182] logd: logdr: UID=1000 GID=1000 PID=13575 n tail=127 logMask=80 pid=0 start=0ns deadline=0ns
06-13 19:01:51.580 0 0 E [63233.504360] link_delay_work_func: DTC_ETH: SQI=0, link=0
06-13 19:01:56.700 0 0 E [63238.624338] link_delay_work_func: DTC_ETH: SQI=0, link=0
06-13 19:02:01.824 0 0 E [63243.748384] link_delay_work_func: DTC_ETH: SQI=0, link=0
06-13 19:02:06.940 0 0 E [63248.864325] link_delay_work_func: DTC_ETH: SQI=0, link=0
06-13 19:02:11.532 0 0 I [63253.458933] init: processing action (sys.tlog.tlogdshc.active=1) from (/system/etc/init/tlogd.rc:195)
06-13 19:02:11.532 0 0 I [63253.459540] init: starting service 'tlogdshc'...
06-13 19:02:11.648 0 0 I [63253.575150] init: Service 'tlogdshc' (pid 13591) exited with status 0 oneshot service took 0.110000 seconds in background
06-13 19:02:11.648 0 0 I [63253.575180] init: Sending signal 9 to service 'tlogdshc' (pid 13591) process group...
06-13 19:02:11.648 0 0 I [63253.575355] libprocessgroup: Successfully killed process cgroup uid 0 pid 13591 in 0ms
06-13 19:02:12.060 0 0 E [63253.984824] link_delay_work_func: DTC_ETH: SQI=0, link=0
06-13 19:02:15.644 1551 1911 I sync : [com.tencent.android.qqdownloader.YYBLiveAccountProvider,0,3,24220937]
06-13 19:02:15.694 1551 1911 I sync : [com.tencent.android.qqdownloader.YYBLiveAccountProvider,1,3,24220937]
06-13 19:02:15.698 1551 1911 I commit_sys_config_file: [sync-status,56315063]
06-13 19:02:15.710 1551 1911 I sync : [com.tencent.android.qqdownloader.YYBLiveAccountProvider,0,3,24220937]
06-13 19:02:15.761 1551 1911 I sync : [com.tencent.android.qqdownloader.YYBLiveAccountProvider,1,3,24220937]
06-13 19:02:15.765 1551 1911 I commit_sys_config_file: [sync-status,56315131]
06-13 19:02:17.180 0 0 E [63259.104326] link_delay_work_func: DTC_ETH: SQI=0, link=0
06-13 19:02:17.703 1551 1669 I commit_sys_config_file: [jobs,6]
06-13 19:02:22.300 0 0 E [63264.224311] link_delay_work_func: DTC_ETH: SQI=0, link=0
06-13 19:02:27.420 0 0 E [63269.344320] link_delay_work_func: DTC_ETH: SQI=0, link=0
06-13 19:02:27.568 1551 1551 I notification_enqueue: [10092,17024,com.tencent.android.qqdownloader,127,NULL,0,Notification(channel=channel_id_default_silent shortcut=null contentView=com.tencent.android.qqdownloader/0x7f0a01c2 vibrate=null sound=null defaults=0x0 flags=0x2a2 color=0x00000000 groupKey=com.tencent.android.qqdownloader vis=PRIVATE),1]
06-13 19:02:32.540 0 0 E [63274.464319] link_delay_work_func: DTC_ETH: SQI=0, link=0
06-13 19:02:37.660 0 0 E [63279.584358] link_delay_work_func: DTC_ETH: SQI=0, link=0
06-13 19:02:41.536 0 0 I [63283.462965] init: processing action (sys.tlog.tlogdshc.active=1) from (/system/etc/init/tlogd.rc:195)
06-13 19:02:41.536 0 0 I [63283.463538] init: starting service 'tlogdshc'...
06-13 19:02:41.648 0 0 I [63283.576022] init: Service 'tlogdshc' (pid 13643) exited with status 0 oneshot service took 0.107000 seconds in background
06-13 19:02:41.648 0 0 I [63283.576050] init: Sending signal 9 to service 'tlogdshc' (pid 13643) process group...
06-13 19:02:41.648 0 0 I [63283.576224] libprocessgroup: Successfully killed process cgroup uid 0 pid 13643 in 0ms
06-13 19:02:42.780 0 0 E [63284.704344] link_delay_work_func: DTC_ETH: SQI=0, link=0
06-13 19:02:47.900 0 0 E [63289.824452] link_delay_work_func: DTC_ETH: SQI=0, link=0
06-13 19:02:48.587 1551 7377 I commit_sys_config_file: [appops,63271242]
06-13 19:02:50.649 1551 1911 I sync : [com.tencent.android.qqdownloader.YYBLiveAccountProvider,0,3,24220937]
06-13 19:02:50.653 1551 1684 I commit_sys_config_file: [procstats,8]
06-13 19:02:50.681 1551 1911 I sync : [com.tencent.android.qqdownloader.YYBLiveAccountProvider,1,3,24220937]
06-13 19:02:50.684 1551 1911 I commit_sys_config_file: [sync-status,56350050]
06-13 19:02:50.691 1551 1911 I sync : [com.tencent.android.qqdownloader.YYBLiveAccountProvider,0,3,24220937]
06-13 19:02:50.736 1551 1911 I sync : [com.tencent.android.qqdownloader.YYBLiveAccountProvider,1,3,24220937]
06-13 19:02:50.738 1551 1911 I commit_sys_config_file: [sync-status,56350104]
06-13 19:02:52.689 1551 1669 I commit_sys_config_file: [jobs,7]
06-13 19:02:53.020 0 0 E [63294.944327] link_delay_work_func: DTC_ETH: SQI=0, link=0
06-13 19:02:58.140 0 0 E [63300.064335] link_delay_work_func: DTC_ETH: SQI=0, link=0
06-13 19:03:03.260 0 0 E [63305.184341] link_delay_work_func: DTC_ETH: SQI=0, link=0
06-13 19:03:08.380 0 0 E [63310.304325] link_delay_work_func: DTC_ETH: SQI=0, link=0
06-13 19:03:11.542 0 0 I [63313.465799] init: processing action (sys.tlog.tlogdshc.active=1) from (/system/etc/init/tlogd.rc:195)
06-13 19:03:11.542 0 0 I [63313.466353] init: starting service 'tlogdshc'...
06-13 19:03:11.652 0 0 I [63313.577510] init: Service 'tlogdshc' (pid 13702) exited with status 0 oneshot service took 0.106000 seconds in background
06-13 19:03:11.652 0 0 I [63313.577537] init: Sending signal 9 to service 'tlogdshc' (pid 13702) process group...
06-13 19:03:11.652 0 0 I [63313.577699] libprocessgroup: Successfully killed process cgroup uid 0 pid 13702 in 0ms
06-13 19:03:13.500 0 0 E [63315.424347] link_delay_work_func: DTC_ETH: SQI=0, link=0
06-13 19:03:16.595 0 0 I [63318.523337] [dp_rx_][0x11b1156c103][19: 03:16.595402] wlan: [3484:I:QDF] DHCP-D RX: SA:0e:89:b1:60:70:ab DA:ff:ff:ff:ff:ff:ff
06-13 19:03:18.620 0 0 E [63320.544444] link_delay_work_func: DTC_ETH: SQI=0, link=0
06-13 19:03:23.740 0 0 E [63325.664290] link_delay_work_func: DTC_ETH: SQI=0, link=0
06-13 19:03:25.652 1551 1911 I sync : [com.tencent.android.qqdownloader.YYBLiveAccountProvider,0,3,24220937]
06-13 19:03:25.692 1551 1911 I sync : [com.tencent.android.qqdownloader.YYBLiveAccountProvider,1,3,24220937]
06-13 19:03:25.696 1551 1911 I commit_sys_config_file: [sync-status,56385062]
06-13 19:03:25.705 1551 1911 I sync : [com.tencent.android.qqdownloader.YYBLiveAccountProvider,0,3,24220937]
06-13 19:03:25.742 1551 1911 I sync : [com.tencent.android.qqdownloader.YYBLiveAccountProvider,1,3,24220937]
06-13 19:03:25.745 1551 1911 I commit_sys_config_file: [sync-status,56385110]
06-13 19:03:27.699 1551 1669 I commit_sys_config_file: [jobs,6]
06-13 19:03:28.860 0 0 E [63330.784395] link_delay_work_func: DTC_ETH: SQI=0, link=0
06-13 19:03:29.080 1551 1551 I notification_enqueue: [10092,17024,com.tencent.android.qqdownloader,127,NULL,0,Notification(channel=channel_id_default_silent shortcut=null contentView=com.tencent.android.qqdownloader/0x7f0a01c2 vibrate=null sound=null defaults=0x0 flags=0x2a2 color=0x00000000 groupKey=com.tencent.android.qqdownloader vis=PRIVATE),1]
06-13 19:03:33.980 0 0 E [63335.904403] link_delay_work_func: DTC_ETH: SQI=0, link=0
06-13 19:03:39.100 0 0 E [63341.024444] link_delay_work_func: DTC_ETH: SQI=0, link=0
06-13 19:03:41.540 0 0 I [63343.468187] init: processing action (sys.tlog.tlogdshc.active=1) from (/system/etc/init/tlogd.rc:195)
06-13 19:03:41.544 0 0 I [63343.469166] init: starting service 'tlogdshc'...
06-13 19:03:41.652 0 0 I [63343.579018] init: Service 'tlogdshc' (pid 13754) exited with status 0 oneshot service took 0.104000 seconds in background
06-13 19:03:41.652 0 0 I [63343.579045] init: Sending signal 9 to service 'tlogdshc' (pid 13754) process group...
06-13 19:03:41.652 0 0 I [63343.579223] libprocessgroup: Successfully killed process cgroup uid 0 pid 13754 in 0ms
06-13 19:03:44.220 0 0 E [63346.144357] link_delay_work_func: DTC_ETH: SQI=0, link=0
06-13 19:03:49.340 0 0 E [63351.264344] link_delay_work_func: DTC_ETH: SQI=0, link=0
06-13 19:03:54.460 0 0 E [63356.384321] link_delay_work_func: DTC_ETH: SQI=0, link=0
06-13 19:03:59.580 0 0 E [63361.504318] link_delay_work_func: DTC_ETH: SQI=0, link=0
06-13 19:04:00.652 1551 1911 I sync : [com.tencent.android.qqdownloader.YYBLiveAccountProvider,0,3,24220937]
06-13 19:04:00.699 1551 1911 I sync : [com.tencent.android.qqdownloader.YYBLiveAccountProvider,1,3,24220937]
06-13 19:04:00.703 1551 1911 I commit_sys_config_file: [sync-status,56420068]
06-13 19:04:00.716 1551 1911 I sync : [com.tencent.android.qqdownloader.YYBLiveAccountProvider,0,3,24220937]
06-13 19:04:00.744 1551 1911 I sync : [com.tencent.android.qqdownloader.YYBLiveAccountProvider,1,3,24220937]
06-13 19:04:00.747 1551 1911 I commit_sys_config_file: [sync-status,56420112]
06-13 19:04:02.707 1551 1669 I commit_sys_config_file: [jobs,6]
06-13 19:04:04.696 0 0 E [63366.624347] link_delay_work_func: DTC_ETH: SQI=0, link=0
06-13 19:04:09.820 0 0 E [63371.744369] link_delay_work_func: DTC_ETH: SQI=0, link=0
06-13 19:04:11.544 0 0 I [63373.469807] init: processing action (sys.tlog.tlogdshc.active=1) from (/system/etc/init/tlogd.rc:195)
06-13 19:04:11.544 0 0 I [63373.470370] init: starting service 'tlogdshc'...
06-13 19:04:11.660 0 0 I [63373.584620] init: Service 'tlogdshc' (pid 13830) exited with status 0 oneshot service took 0.109000 seconds in background
06-13 19:04:11.660 0 0 I [63373.584646] init: Sending signal 9 to service 'tlogdshc' (pid 13830) process group...
06-13 19:04:11.660 0 0 I [63373.584810] libprocessgroup: Successfully killed process cgroup uid 0 pid 13830 in 0ms
06-13 19:04:14.936 0 0 E [63376.864321] link_delay_work_func: DTC_ETH: SQI=0, link=0
06-13 19:04:20.060 0 0 E [63381.984317] link_delay_work_func: DTC_ETH: SQI=0, link=0
06-13 19:04:25.180 0 0 E [63387.104334] link_delay_work_func: DTC_ETH: SQI=0, link=0
06-13 19:04:30.300 0 0 E [63392.224347] link_delay_work_func: DTC_ETH: SQI=0, link=0
06-13 19:04:30.567 1551 1551 I notification_enqueue: [10092,17024,com.tencent.android.qqdownloader,127,NULL,0,Notification(channel=channel_id_default_silent shortcut=null contentView=com.tencent.android.qqdownloader/0x7f0a01c2 vibrate=null sound=null defaults=0x0 flags=0x2a2 color=0x00000000 groupKey=com.tencent.android.qqdownloader vis=PRIVATE),1]
06-13 19:04:35.420 0 0 E [63397.344320] link_delay_work_func: DTC_ETH: SQI=0, link=0
06-13 19:04:35.657 1551 1911 I sync : [com.tencent.android.qqdownloader.YYBLiveAccountProvider,0,3,24220937]
06-13 19:04:35.699 1551 1911 I sync : [com.tencent.android.qqdownloader.YYBLiveAccountProvider,1,3,24220937]
06-13 19:04:35.701 1551 1911 I commit_sys_config_file: [sync-status,56455067]
06-13 19:04:35.709 1551 1911 I sync : [com.tencent.android.qqdownloader.YYBLiveAccountProvider,0,3,24220937]
06-13 19:04:35.743 1551 1911 I sync : [com.tencent.android.qqdownloader.YYBLiveAccountProvider,1,3,24220937]
06-13 19:04:35.745 1551 1911 I commit_sys_config_file: [sync-status,56455111]
06-13 19:04:37.708 1551 1669 I commit_sys_config_file: [jobs,6]
06-13 19:04:40.540 0 0 E [63402.464330] link_delay_work_func: DTC_ETH: SQI=0, link=0
06-13 19:04:41.548 0 0 I [63403.475132] init: processing action (sys.tlog.tlogdshc.active=1) from (/system/etc/init/tlogd.rc:195)
06-13 19:04:41.548 0 0 I [63403.475791] init: starting service 'tlogdshc'...
06-13 19:04:41.664 0 0 I [63403.590979] init: Service 'tlogdshc' (pid 13879) exited with status 0 oneshot service took 0.110000 seconds in background
06-13 19:04:41.664 0 0 I [63403.591007] init: Sending signal 9 to service 'tlogdshc' (pid 13879) process group...
06-13 19:04:41.664 0 0 I [63403.591177] libprocessgroup: Successfully killed process cgroup uid 0 pid 13879 in 0ms
06-13 19:04:45.661 0 0 E [63407.584306] link_delay_work_func: DTC_ETH: SQI=0, link=0
06-13 19:04:50.780 0 0 E [63412.704330] link_delay_work_func: DTC_ETH: SQI=0, link=0
06-13 19:04:55.900 0 0 E [63417.824378] link_delay_work_func: DTC_ETH: SQI=0, link=0
06-13 19:05:01.020 0 0 E [63422.944322] link_delay_work_func: DTC_ETH: SQI=0, link=0
06-13 19:05:06.140 0 0 E [63428.064338] link_delay_work_func: DTC_ETH: SQI=0, link=0
06-13 19:05:10.666 1551 1911 I sync : [com.tencent.android.qqdownloader.YYBLiveAccountProvider,0,3,24220937]
06-13 19:05:10.693 1551 1911 I sync : [com.tencent.android.qqdownloader.YYBLiveAccountProvider,1,3,24220937]
06-13 19:05:10.695 1551 1911 I commit_sys_config_file: [sync-status,56490061]
06-13 19:05:10.701 1551 1911 I sync : [com.tencent.android.qqdownloader.YYBLiveAccountProvider,0,3,24220937]
06-13 19:05:10.729 1551 1911 I sync : [com.tencent.android.qqdownloader.YYBLiveAccountProvider,1,3,24220937]
06-13 19:05:10.732 1551 1911 I commit_sys_config_file: [sync-status,56490097]
06-13 19:05:11.260 0 0 E [63433.184321] link_delay_work_func: DTC_ETH: SQI=0, link=0
06-13 19:05:11.552 0 0 I [63433.476883] init: processing action (sys.tlog.tlogdshc.active=1) from (/system/etc/init/tlogd.rc:195)
06-13 19:05:11.552 0 0 I [63433.477412] init: starting service 'tlogdshc'...
06-13 19:05:11.664 0 0 I [63433.589513] init: Service 'tlogdshc' (pid 13927) exited with status 0 oneshot service took 0.107000 seconds in background
06-13 19:05:11.664 0 0 I [63433.589541] init: Sending signal 9 to service 'tlogdshc' (pid 13927) process group...
06-13 19:05:11.664 0 0 I [63433.589720] libprocessgroup: Successfully killed process cgroup uid 0 pid 13927 in 0ms
06-13 19:05:12.702 1551 1669 I commit_sys_config_file: [jobs,6]
06-13 19:05:16.380 0 0 E [63438.304319] link_delay_work_func: DTC_ETH: SQI=0, link=0
06-13 19:05:21.500 0 0 E [63443.424346] link_delay_work_func: DTC_ETH: SQI=0, link=0
06-13 19:05:26.616 0 0 E [63448.544374] link_delay_work_func: DTC_ETH: SQI=0, link=0
06-13 19:05:31.740 0 0 E [63453.664328] link_delay_work_func: DTC_ETH: SQI=0, link=0
06-13 19:05:32.067 1551 1551 I notification_enqueue: [10092,17024,com.tencent.android.qqdownloader,127,NULL,0,Notification(channel=channel_id_default_silent shortcut=null contentView=com.tencent.android.qqdownloader/0x7f0a01c2 vibrate=null sound=null defaults=0x0 flags=0x2a2 color=0x00000000 groupKey=com.tencent.android.qqdownloader vis=PRIVATE),1]
06-13 19:05:36.860 0 0 E [63458.784325] link_delay_work_func: DTC_ETH: SQI=0, link=0
06-13 19:05:41.556 0 0 I [63463.480965] init: processing action (sys.tlog.tlogdshc.active=1) from (/system/etc/init/tlogd.rc:195)
06-13 19:05:41.556 0 0 I [63463.481607] init: starting service 'tlogdshc'...
06-13 19:05:41.672 0 0 I [63463.598531] init: Service 'tlogdshc' (pid 13976) exited with status 0 oneshot service took 0.111000 seconds in background
06-13 19:05:41.672 0 0 I [63463.598562] init: Sending signal 9 to service 'tlogdshc' (pid 13976) process group...
06-13 19:05:41.672 0 0 I [63463.598737] libprocessgroup: Successfully killed process cgroup uid 0 pid 13976 in 0ms
06-13 19:05:41.976 0 0 E [63463.904350] link_delay_work_func: DTC_ETH: SQI=0, link=0
06-13 19:05:45.678 1551 1911 I sync : [com.tencent.android.qqdownloader.YYBLiveAccountProvider,0,3,24220937]
06-13 19:05:45.727 1551 1911 I sync : [com.tencent.android.qqdownloader.YYBLiveAccountProvider,1,3,24220937]
06-13 19:05:45.730 1551 1911 I commit_sys_config_file: [sync-status,56525096]
06-13 19:05:45.741 1551 1911 I sync : [com.tencent.android.qqdownloader.YYBLiveAccountProvider,0,3,24220937]
06-13 19:05:45.783 1551 1911 I sync : [com.tencent.android.qqdownloader.YYBLiveAccountProvider,1,3,24220937]
06-13 19:05:45.787 1551 1911 I commit_sys_config_file: [sync-status,56525152]
06-13 19:05:47.100 0 0 E [63469.024315] link_delay_work_func: DTC_ETH: SQI=0, link=0
06-13 19:05:47.735 1551 1669 I commit_sys_config_file: [jobs,7]
06-13 19:05:52.220 0 0 E [63474.144338] link_delay_work_func: DTC_ETH: SQI=0, link=0
06-13 19:05:57.340 0 0 E [63479.264331] link_delay_work_func: DTC_ETH: SQI=0, link=0
06-13 19:06:02.460 0 0 E [63484.384348] link_delay_work_func: DTC_ETH: SQI=0, link=0
06-13 19:06:07.580 0 0 E [63489.504309] link_delay_work_func: DTC_ETH: SQI=0, link=0
06-13 19:06:11.560 0 0 I [63493.484695] init: processing action (sys.tlog.tlogdshc.active=1) from (/system/etc/init/tlogd.rc:195)
06-13 19:06:11.560 0 0 I [63493.485251] init: starting service 'tlogdshc'...
06-13 19:06:11.672 0 0 I [63493.596231] init: Service 'tlogdshc' (pid 14035) exited with status 0 oneshot service took 0.106000 seconds in background
06-13 19:06:11.672 0 0 I [63493.596283] init: Sending signal 9 to service 'tlogdshc' (pid 14035) process group...
06-13 19:06:11.672 0 0 I [63493.596458] libprocessgroup: Successfully killed process cgroup uid 0 pid 14035 in 0ms
06-13 19:06:12.700 0 0 E [63494.624325] link_delay_work_func: DTC_ETH: SQI=0, link=0
06-13 19:06:17.820 0 0 E [63499.744336] link_delay_work_func: DTC_ETH: SQI=0, link=0
06-13 19:06:20.682 1551 1911 I sync : [com.tencent.android.qqdownloader.YYBLiveAccountProvider,0,3,24220937]
06-13 19:06:20.736 1551 1911 I sync : [com.tencent.android.qqdownloader.YYBLiveAccountProvider,1,3,24220937]
06-13 19:06:20.739 1551 1911 I commit_sys_config_file: [sync-status,56560105]
06-13 19:06:20.748 1551 1911 I sync : [com.tencent.android.qqdownloader.YYBLiveAccountProvider,0,3,24220937]
06-13 19:06:20.784 1551 1911 I sync : [com.tencent.android.qqdownloader.YYBLiveAccountProvider,1,3,24220937]
06-13 19:06:20.787 1551 1911 I commit_sys_config_file: [sync-status,56560152]
06-13 19:06:22.745 1551 1669 I commit_sys_config_file: [jobs,6]
06-13 19:06:22.940 0 0 E [63504.864309] link_delay_work_func: DTC_ETH: SQI=0, link=0
06-13 19:06:28.056 0 0 E [63509.984317] link_delay_work_func: DTC_ETH: SQI=0, link=0
06-13 19:06:33.180 0 0 E [63515.104322] link_delay_work_func: DTC_ETH: SQI=0, link=0
06-13 19:06:33.569 1551 1551 I notification_enqueue: [10092,17024,com.tencent.android.qqdownloader,127,NULL,0,Notification(channel=channel_id_default_silent shortcut=null contentView=com.tencent.android.qqdownloader/0x7f0a01c2 vibrate=null sound=null defaults=0x0 flags=0x2a2 color=0x00000000 groupKey=com.tencent.android.qqdownloader vis=PRIVATE),1]
06-13 19:06:38.300 0 0 E [63520.224341] link_delay_work_func: DTC_ETH: SQI=0, link=0
06-13 19:06:41.564 0 0 I [63523.490954] init: processing action (sys.tlog.tlogdshc.active=1) from (/system/etc/init/tlogd.rc:195)
06-13 19:06:41.564 0 0 I [63523.491696] init: starting service 'tlogdshc'...
06-13 19:06:41.680 0 0 I [63523.606085] init: Service 'tlogdshc' (pid 14090) exited with status 0 oneshot service took 0.109000 seconds in background
06-13 19:06:41.680 0 0 I [63523.606112] init: Sending signal 9 to service 'tlogdshc' (pid 14090) process group...
06-13 19:06:41.680 0 0 I [63523.606283] libprocessgroup: Successfully killed process cgroup uid 0 pid 14090 in 0ms
06-13 19:06:43.420 0 0 E [63525.344329] link_delay_work_func: DTC_ETH: SQI=0, link=0
06-13 19:06:48.540 0 0 E [63530.464354] link_delay_work_func: DTC_ETH: SQI=0, link=0
06-13 19:06:53.660 0 0 E [63535.584451] link_delay_work_func: DTC_ETH: SQI=0, link=0
06-13 19:06:55.678 1551 1911 I sync : [com.tencent.android.qqdownloader.YYBLiveAccountProvider,0,3,24220937]
06-13 19:06:55.725 1551 1911 I sync : [com.tencent.android.qqdownloader.YYBLiveAccountProvider,1,3,24220937]
06-13 19:06:55.728 1551 1911 I commit_sys_config_file: [sync-status,56595093]
06-13 19:06:55.742 1551 1911 I sync : [com.tencent.android.qqdownloader.YYBLiveAccountProvider,0,3,24220937]
06-13 19:06:55.777 1551 1911 I sync : [com.tencent.android.qqdownloader.YYBLiveAccountProvider,1,3,24220937]
06-13 19:06:55.779 1551 1911 I commit_sys_config_file: [sync-status,56595145]
06-13 19:06:57.731 1551 1669 I commit_sys_config_file: [jobs,6]
06-13 19:06:58.780 0 0 E [63540.704353] link_delay_work_func: DTC_ETH: SQI=0, link=0
06-13 19:07:03.896 0 0 E [63545.824383] link_delay_work_func: DTC_ETH: SQI=0, link=0
06-13 19:07:09.016 0 0 E [63550.944352] link_delay_work_func: DTC_ETH: SQI=0, link=0
06-13 19:07:10.705 1551 1684 I commit_sys_config_file: [sync-stats,54809966]
06-13 19:07:11.568 0 0 I [63553.492756] init: processing action (sys.tlog.tlogdshc.active=1) from (/system/etc/init/tlogd.rc:195)
06-13 19:07:11.568 0 0 I [63553.493360] init: starting service 'tlogdshc'...
06-13 19:07:11.680 0 0 I [63553.606963] init: Service 'tlogdshc' (pid 14152) exited with status 0 oneshot service took 0.107000 seconds in background
06-13 19:07:11.680 0 0 I [63553.606991] init: Sending signal 9 to service 'tlogdshc' (pid 14152) process group...
06-13 19:07:11.680 0 0 I [63553.607156] libprocessgroup: Successfully killed process cgroup uid 0 pid 14152 in 0ms
06-13 19:07:14.140 0 0 E [63556.064340] link_delay_work_func: DTC_ETH: SQI=0, link=0
06-13 19:07:19.260 0 0 E [63561.184322] link_delay_work_func: DTC_ETH: SQI=0, link=0
06-13 19:07:24.380 0 0 E [63566.304716] link_delay_work_func: DTC_ETH: SQI=0, link=0
06-13 19:07:29.500 0 0 E [63571.424360] link_delay_work_func: DTC_ETH: SQI=0, link=0
06-13 19:07:30.683 1551 1911 I sync : [com.tencent.android.qqdownloader.YYBLiveAccountProvider,0,3,24220937]
06-13 19:07:30.729 1551 1911 I sync : [com.tencent.android.qqdownloader.YYBLiveAccountProvider,1,3,24220937]
06-13 19:07:30.732 1551 1911 I commit_sys_config_file: [sync-status,56630097]
06-13 19:07:30.741 1551 1911 I sync : [com.tencent.android.qqdownloader.YYBLiveAccountProvider,0,3,24220937]
06-13 19:07:30.787 1551 1911 I sync : [com.tencent.android.qqdownloader.YYBLiveAccountProvider,1,3,24220937]
06-13 19:07:30.790 1551 1911 I commit_sys_config_file: [sync-status,56630156]
06-13 19:07:32.767 1551 1669 I commit_sys_config_file: [jobs,36]
06-13 19:07:34.616 0 0 E [63576.544352] link_delay_work_func: DTC_ETH: SQI=0, link=0
06-13 19:07:35.084 1551 1551 I notification_enqueue: [10092,17024,com.tencent.android.qqdownloader,127,NULL,0,Notification(channel=channel_id_default_silent shortcut=null contentView=com.tencent.android.qqdownloader/0x7f0a01c2 vibrate=null sound=null defaults=0x0 flags=0x2a2 color=0x00000000 groupKey=com.tencent.android.qqdownloader vis=PRIVATE),1]
06-13 19:07:39.740 0 0 E [63581.664313] link_delay_work_func: DTC_ETH: SQI=0, link=0
06-13 19:07:41.568 0 0 I [63583.494571] init: processing action (sys.tlog.tlogdshc.active=1) from (/system/etc/init/tlogd.rc:195)
06-13 19:07:41.568 0 0 I [63583.495141] init: starting service 'tlogdshc'...
06-13 19:07:41.692 0 0 I [63583.617573] init: Service 'tlogdshc' (pid 14216) exited with status 0 oneshot service took 0.117000 seconds in background
06-13 19:07:41.692 0 0 I [63583.617601] init: Sending signal 9 to service 'tlogdshc' (pid 14216) process group...
06-13 19:07:41.692 0 0 I [63583.617800] libprocessgroup: Successfully killed process cgroup uid 0 pid 14216 in 0ms
06-13 19:07:44.860 0 0 E [63586.784382] link_delay_work_func: DTC_ETH: SQI=0, link=0
06-13 19:07:49.980 0 0 E [63591.904328] link_delay_work_func: DTC_ETH: SQI=0, link=0
06-13 19:07:55.096 0 0 E [63597.024336] link_delay_work_func: DTC_ETH: SQI=0, link=0
06-13 19:08:00.220 0 0 E [63602.144352] link_delay_work_func: DTC_ETH: SQI=0, link=0
06-13 19:08:05.340 0 0 E [63607.264352] link_delay_work_func: DTC_ETH: SQI=0, link=0
06-13 19:08:05.683 1551 1911 I sync : [com.tencent.android.qqdownloader.YYBLiveAccountProvider,0,3,24220937]
06-13 19:08:05.725 1551 1911 I sync : [com.tencent.android.qqdownloader.YYBLiveAccountProvider,1,3,24220937]
06-13 19:08:05.729 1551 1911 I commit_sys_config_file: [sync-status,56665095]
06-13 19:08:05.736 1551 1911 I sync : [com.tencent.android.qqdownloader.YYBLiveAccountProvider,0,3,24220937]
06-13 19:08:05.763 1551 1911 I sync : [com.tencent.android.qqdownloader.YYBLiveAccountProvider,1,3,24220937]
06-13 19:08:05.766 1551 1911 I commit_sys_config_file: [sync-status,56665132]
06-13 19:08:07.734 1551 1669 I commit_sys_config_file: [jobs,7]
06-13 19:08:10.464 0 0 E [63612.384328] link_delay_work_func: DTC_ETH: SQI=0, link=0
06-13 19:08:11.578 0 0 I [63613.499454] init: processing action (sys.tlog.tlogdshc.active=1) from (/system/etc/init/tlogd.rc:195)
06-13 19:08:11.578 0 0 I [63613.499986] init: starting service 'tlogdshc'...
06-13 19:08:11.688 0 0 I [63613.614009] init: Service 'tlogdshc' (pid 14259) exited with status 0 oneshot service took 0.109000 seconds in background
06-13 19:08:11.688 0 0 I [63613.614037] init: Sending signal 9 to service 'tlogdshc' (pid 14259) process group...
06-13 19:08:11.688 0 0 I [63613.614201] libprocessgroup: Successfully killed process cgroup uid 0 pid 14259 in 0ms
06-13 19:08:15.580 0 0 E [63617.504308] link_delay_work_func: DTC_ETH: SQI=0, link=0
06-13 19:08:20.700 0 0 E [63622.624413] link_delay_work_func: DTC_ETH: SQI=0, link=0
06-13 19:08:25.820 0 0 E [63627.744344] link_delay_work_func: DTC_ETH: SQI=0, link=0
06-13 19:08:30.940 0 0 E [63632.864353] link_delay_work_func: DTC_ETH: SQI=0, link=0
06-13 19:08:36.060 0 0 E [63637.984351] link_delay_work_func: DTC_ETH: SQI=0, link=0
06-13 19:08:36.567 1551 1551 I notification_enqueue: [10092,17024,com.tencent.android.qqdownloader,127,NULL,0,Notification(channel=channel_id_default_silent shortcut=null contentView=com.tencent.android.qqdownloader/0x7f0a01c2 vibrate=null sound=null defaults=0x0 flags=0x2a2 color=0x00000000 groupKey=com.tencent.android.qqdownloader vis=PRIVATE),1]
06-13 19:08:40.685 1551 1911 I sync : [com.tencent.android.qqdownloader.YYBLiveAccountProvider,0,3,24220937]
06-13 19:08:40.721 1551 1911 I sync : [com.tencent.android.qqdownloader.YYBLiveAccountProvider,1,3,24220937]
06-13 19:08:40.725 1551 1911 I commit_sys_config_file: [sync-status,56700090]
06-13 19:08:40.732 1551 1911 I sync : [com.tencent.android.qqdownloader.YYBLiveAccountProvider,0,3,24220937]
06-13 19:08:40.757 1551 1911 I sync : [com.tencent.android.qqdownloader.YYBLiveAccountProvider,1,3,24220937]
06-13 19:08:40.759 1551 1911 I commit_sys_config_file: [sync-status,56700125]
06-13 19:08:41.180 0 0 E [63643.104352] link_delay_work_func: DTC_ETH: SQI=0, link=0
06-13 19:08:41.576 0 0 I [63643.501224] init: processing action (sys.tlog.tlogdshc.active=1) from (/system/etc/init/tlogd.rc:195)
06-13 19:08:41.576 0 0 I [63643.502029] init: starting service 'tlogdshc'...
06-13 19:08:41.696 0 0 I [63643.621194] init: Service 'tlogdshc' (pid 14317) exited with status 0 oneshot service took 0.114000 seconds in background
06-13 19:08:41.696 0 0 I [63643.621222] init: Sending signal 9 to service 'tlogdshc' (pid 14317) process group...
06-13 19:08:41.696 0 0 I [63643.621394] libprocessgroup: Successfully killed process cgroup uid 0 pid 14317 in 0ms
06-13 19:08:42.730 1551 1669 I commit_sys_config_file: [jobs,6]
06-13 19:08:46.296 0 0 E [63648.224373] link_delay_work_func: DTC_ETH: SQI=0, link=0
06-13 19:08:51.420 0 0 E [63653.344363] link_delay_work_func: DTC_ETH: SQI=0, link=0
06-13 19:08:56.540 0 0 E [63658.464341] link_delay_work_func: DTC_ETH: SQI=0, link=0
06-13 19:09:01.660 0 0 E [63663.585249] link_delay_work_func: DTC_ETH: SQI=0, link=0
06-13 19:09:06.780 0 0 E [63668.704358] link_delay_work_func: DTC_ETH: SQI=0, link=0
06-13 19:09:11.580 0 0 I [63673.507145] init: processing action (sys.tlog.tlogdshc.active=1) from (/system/etc/init/tlogd.rc:195)
06-13 19:09:11.580 0 0 I [63673.507754] init: starting service 'tlogdshc'...
06-13 19:09:11.697 0 0 I [63673.624529] init: Service 'tlogdshc' (pid 14388) exited with status 0 oneshot service took 0.111000 seconds in background
06-13 19:09:11.697 0 0 I [63673.624580] init: Sending signal 9 to service 'tlogdshc' (pid 14388) process group...
06-13 19:09:11.697 0 0 I [63673.624952] libprocessgroup: Successfully killed process cgroup uid 0 pid 14388 in 0ms
06-13 19:09:11.900 0 0 E [63673.824323] link_delay_work_func: DTC_ETH: SQI=0, link=0
06-13 19:09:15.686 1551 1911 I sync : [com.tencent.android.qqdownloader.YYBLiveAccountProvider,0,3,24220937]
06-13 19:09:15.732 1551 1911 I sync : [com.tencent.android.qqdownloader.YYBLiveAccountProvider,1,3,24220937]
06-13 19:09:15.736 1551 1911 I commit_sys_config_file: [sync-status,56735101]
06-13 19:09:15.744 1551 1911 I sync : [com.tencent.android.qqdownloader.YYBLiveAccountProvider,0,3,24220937]
06-13 19:09:15.790 1551 1911 I sync : [com.tencent.android.qqdownloader.YYBLiveAccountProvider,1,3,24220937]
06-13 19:09:15.793 1551 1911 I commit_sys_config_file: [sync-status,56735159]
06-13 19:09:17.020 0 0 E [63678.944307] link_delay_work_func: DTC_ETH: SQI=0, link=0
06-13 19:09:17.740 1551 1669 I commit_sys_config_file: [jobs,6]
06-13 19:09:22.140 0 0 E [63684.064339] link_delay_work_func: DTC_ETH: SQI=0, link=0
06-13 19:09:27.260 0 0 E [63689.184358] link_delay_work_func: DTC_ETH: SQI=0, link=0
06-13 19:09:32.380 0 0 E [63694.304330] link_delay_work_func: DTC_ETH: SQI=0, link=0
06-13 19:09:37.496 0 0 E [63699.424394] link_delay_work_func: DTC_ETH: SQI=0, link=0
06-13 19:09:38.068 1551 1551 I notification_enqueue: [10092,17024,com.tencent.android.qqdownloader,127,NULL,0,Notification(channel=channel_id_default_silent shortcut=null contentView=com.tencent.android.qqdownloader/0x7f0a01c2 vibrate=null sound=null defaults=0x0 flags=0x2a2 color=0x00000000 groupKey=com.tencent.android.qqdownloader vis=PRIVATE),1]
06-13 19:09:41.594 0 0 I [63703.514469] init: processing action (sys.tlog.tlogdshc.active=1) from (/system/etc/init/tlogd.rc:195)
06-13 19:09:41.594 0 0 I [63703.515091] init: starting service 'tlogdshc'...
06-13 19:09:41.704 0 0 I [63703.630702] init: Service 'tlogdshc' (pid 14465) exited with status 0 oneshot service took 0.109000 seconds in background
06-13 19:09:41.704 0 0 I [63703.630729] init: Sending signal 9 to service 'tlogdshc' (pid 14465) process group...
06-13 19:09:41.704 0 0 I [63703.630898] libprocessgroup: Successfully killed process cgroup uid 0 pid 14465 in 0ms
06-13 19:09:42.620 0 0 E [63704.544324] link_delay_work_func: DTC_ETH: SQI=0, link=0
06-13 19:09:47.740 0 0 E [63709.664346] link_delay_work_func: DTC_ETH: SQI=0, link=0
06-13 19:09:48.000 0 0 I [63709.925332] logd: logdr: UID=1000 GID=1000 PID=14484 n tail=127 logMask=19 pid=0 start=0ns deadline=0ns
06-13 19:09:48.112 0 0 I [63710.038681] logd: logdr: UID=1000 GID=1000 PID=14487 n tail=127 logMask=80 pid=0 start=0ns deadline=0ns
06-13 19:09:48.204 0 0 E [63710.131573] [wifi@1][0x11cd17fbb2e][19: 09:48.203644] wlan: [837:E:QDF] cds_flush_logs: 2424: Bug report already in progress - dropping! type:0, indicator=1 reason_code=0
06-13 19:09:48.204 0 0 E [63710.131609] [wifi@1][0x11cd17fbe83][19: 09:48.203688] wlan: [837:E:HDD] __wlan_hdd_cfg80211_wifi_logger_get_ring_data: 9840: Failed to trigger bug report
06-13 19:09:48.240 0 0 I [63710.166577] logd: logdr: UID=1000 GID=1000 PID=14489 n tail=127 logMask=19 pid=0 start=0ns deadline=0ns
06-13 19:09:48.356 0 0 I [63710.281074] logd: logdr: UID=1000 GID=1000 PID=14493 n tail=127 logMask=80 pid=0 start=0ns deadline=0ns
06-13 19:09:50.688 1551 1911 I sync : [com.tencent.android.qqdownloader.YYBLiveAccountProvider,0,3,24220937]
06-13 19:09:50.726 1551 1911 I sync : [com.tencent.android.qqdownloader.YYBLiveAccountProvider,1,3,24220937]
06-13 19:09:50.729 1551 1911 I commit_sys_config_file: [sync-status,56770094]
06-13 19:09:50.737 1551 1911 I sync : [com.tencent.android.qqdownloader.YYBLiveAccountProvider,0,3,24220937]
06-13 19:09:50.769 1551 1911 I sync : [com.tencent.android.qqdownloader.YYBLiveAccountProvider,1,3,24220937]
06-13 19:09:50.771 1551 1911 I commit_sys_config_file: [sync-status,56770137]
06-13 19:09:52.735 1551 1669 I commit_sys_config_file: [jobs,7]
06-13 19:09:52.860 0 0 E [63714.784344] link_delay_work_func: DTC_ETH: SQI=0, link=0
06-13 19:09:57.980 0 0 E [63719.904329] link_delay_work_func: DTC_ETH: SQI=0, link=0
06-13 19:10:03.100 0 0 E [63725.024312] link_delay_work_func: DTC_ETH: SQI=0, link=0
06-13 19:10:08.220 0 0 E [63730.144319] link_delay_work_func: DTC_ETH: SQI=0, link=0
06-13 19:10:09.156 0 0 I [63731.080597] [schedu][0x11ce9792166][19: 10:09.152633] wlan: [3481:I:PE] Assoc rsp RX: subtype 1 vdev 0 sys role 3 lim state 1 rssi 0 from 38:a9:1c:35:03:06
06-13 19:10:09.156 0 0 E [63731.083618] [schedu][0x11ce97a06f5][19: 10:09.155694] wlan: [3481:E:QDF] Cannot malloc 0 bytes @ csr_get_cfg_max_tx_power:14199
06-13 19:10:09.156 0 0 E [63731.083654] [schedu][0x11ce97a09d5][19: 10:09.155732] wlan: [3481:E:QDF] Cannot malloc 0 bytes @ csr_get_cfg_max_tx_power:14199
06-13 19:10:09.159 0 0 W [63731.086542] [schedu][0x11ce97ae2a7][19: 10:09.158623] wlan: [3481:W:HDD] hdd_get_rssi_snr_by_bssid: 17749: sme_get_rssi_snr_by_bssid failed
06-13 19:10:09.159 0 0 I [63731.086679] [schedu][0x11ce97aeced][19: 10:09.158760] wlan: [3481:I:HDD] wlan0(vdevid-0): fa:df:69:bb:e9:b5 connected to 38:a9:1c:35:03:06
06-13 19:10:09.172 0 0 I [63731.094326] [schedu][0x11ce97d2a77][19: 10:09.166407] wlan: [3481:I:WMA] LFR3: Posting WMA_ROAM_OFFLOAD_SYNCH_CNF
06-13 19:10:09.172 0 0 E [63731.096510] [schedu][0x11ce97dce5b][19: 10:09.168593] wlan: [3481:E:QDF] Cannot malloc 0 bytes @ csr_get_cfg_max_tx_power:14199
06-13 19:10:09.172 0 0 I [63731.098190] [soft_i][0x11ce97e4c5a][19: 10:09.170273] wlan: [0:I:TXRX] HTT_T2H_MSG_TYPE_PEER_MAP msg for peer id 9 vdev id 0 n
06-13 19:10:09.172 0 0 E [63731.098209] [soft_i][0x11ce97e4ddd][19: 10:09.170293] wlan: [0:E:DP] dp_peer_find_add_id: peer 0000000000000000 ID 9 vid 0 mac 38:a9:1c:35:03:06
06-13 19:10:09.172 0 0 I [63731.098221] [soft_i][0x11ce97e4ec7][19: 10:09.170305] wlan: [0:I:DP] dp_peer_find_add_id: ref_cnt: 2
06-13 19:10:09.172 0 0 E [63731.098252] [soft_i][0x11ce97e50fc][19: 10:09.170334] wlan: [0:E:DP] dp_peer_map_ast: peer 0000000000000000 ID 123 vid 0 mac 38:a9:1c:35:03:06
06-13 19:10:09.172 0 0 I [63731.098565] [schedu][0x11ce97e687b][19: 10:09.170648] wlan: [3481:I:WMA] [19:10:08.929000] [ROAM_TRIGGER]: VDEV[0] Reason: "BEACON MISS"
06-13 19:10:09.172 0 0 I [63731.098578] [schedu][0x11ce97e6987][19: 10:09.170662] wlan: [3481:I:WMA] [19:10:08.929000] [ROAM_SCAN]: VDEV[0] Scan_type: PARTIAL {2412 5180 }
06-13 19:10:09.172 0 0 I [63731.098586] [schedu][0x11ce97e6a1a][19: 10:09.170669] wlan: [3481:I:WMA] ============================================================================================================================
06-13 19:10:09.172 0 0 I [63731.098596] [schedu][0x11ce97e6aeb][19: 10:09.170680] wlan: [3481:I:WMA] AP BSSID TSTAMP CH TY ETP RSSI/SCR CU%/SCR TOT_SCR BL_RSN BL_SRC BL_TSTAMP BL_TIMEOUT(ms)
06-13 19:10:09.172 0 0 I [63731.098605] [schedu][0x11ce97e6b7c][19: 10:09.170688] wlan: [3481:I:WMA] ============================================================================================================================
06-13 19:10:09.172 0 0 I [63731.098618] [schedu][0x11ce97e6c86][19: 10:09.170702] wlan: [3481:I:WMA] 38:a9:1c:35:03:09 [19:10:08.929000] 5180 P_AP 0 45/0 0/0 6092 0 0 [00:00:00.000000] 0
06-13 19:10:09.172 0 0 I [63731.098632] [schedu][0x11ce97e6d82][19: 10:09.170715] wlan: [3481:I:WMA] 38:a9:1c:35:03:06 [19:10:08.962000] 2412 R_AP 65 43/0 0/0 5136 0 0 [00:00:00.000000] 0
06-13 19:10:09.172 0 0 I [63731.098642] [schedu][0x11ce97e6e5c][19: 10:09.170726] wlan: [3481:I:WMA] [19:10:09.166000] [ROAM_RESULT]: VDEV[0] SUCCESS
06-13 19:10:09.172 0 0 I [63731.099136] [schedu][0x11ce97e9366][19: 10:09.171220] wlan: [3481:I:WMI] LFR3:OKC enabled
06-13 19:10:09.172 0 0 I [63731.099142] [schedu][0x11ce97e93ed][19: 10:09.171227] wlan: [3481:I:WMI] LFR3:PMKSA caching enabled
06-13 19:10:09.376 0 0 I [63731.302771] [soft_i][0x11ce9ba3bba][19: 10:09.374851] wlan: [0:I:DP] dp_addba_requestprocess_wifi3 restore BA win 64 based on addba req
06-13 19:10:09.376 1551 1686 I am_wtf : [0,1551,system_server,-1,ConnectivityService,BUG: NetworkAgentInfo{network{100} handle{432902426637} ni{WIFI CONNECTED extra: } Score(60 ; KeepConnected : 1 ; Policies : TRANSPORT_PRIMARY&EVER_VALIDATED&IS_UNMETERED&EVER_USER_SELECTED&IS_VALIDATED) everValidated lastValidated explicitlySelected lp{{InterfaceName: wlan0 LinkAddresses: [ fe80::f8df:69ff:febb:e9b5/64,192.168.124.48/24 ] DnsAddresses: [ /192.168.124.1 ] Domains: null MTU: 0 ServerAddress: /192.168.124.1 TcpBufferSizes: 524288,1048576,2097152,262144,524288,1048576 Routes: [ fe80::/64 -> :: wlan0 mtu 0,192.168.124.0/24 -> 0.0.0.0 wlan0 mtu 0,0.0.0.0/0 -> 192.168.124.1 wlan0 mtu 0 ]}} nc{[ Transports: WIFI Capabilities: NOT_METERED&INTERNET&NOT_RESTRICTED&TRUSTED&NOT_VPN&VALIDATED&NOT_ROAMING&FOREGROUND&NOT_CONGESTED&NOT_SUSPENDED&NOT_VCN_MANAGED LinkUpBandwidth>=4047Kbps LinkDnBandwidth>=160103Kbps Specifier: ^
06-13 19:10:09.792 0 0 I [63731.719468] [soft_i][0x11cea344f3f][19: 10:09.791538] wlan: [0:I:DP] dp_addba_requestprocess_wifi3 restore BA win 64 based on addba req
06-13 19:10:10.704 0 0 I [63732.629753] [soft_i][0x11ceb3efeae][19: 10:10.701824] wlan: [0:I:DP] dp_addba_requestprocess_wifi3 restore BA win 64 based on addba req
06-13 19:10:11.588 0 0 I [63733.515685] init: processing action (sys.tlog.tlogdshc.active=1) from (/system/etc/init/tlogd.rc:195)
06-13 19:10:11.589 0 0 I [63733.516604] init: starting service 'tlogdshc'...
06-13 19:10:11.700 0 0 I [63733.626105] init: Service 'tlogdshc' (pid 14522) exited with status 0 oneshot service took 0.104000 seconds in background
06-13 19:10:11.700 0 0 I [63733.626135] init: Sending signal 9 to service 'tlogdshc' (pid 14522) process group...
06-13 19:10:11.700 0 0 I [63733.626321] libprocessgroup: Successfully killed process cgroup uid 0 pid 14522 in 0ms
06-13 19:10:13.340 0 0 E [63735.264344] link_delay_work_func: DTC_ETH: SQI=0, link=0
06-13 19:10:15.764 0 0 I [63737.692151] [dp_rx_][0x11cf10a1c61][19: 10:15.764193] wlan: [3484:I:QDF] DHCP-D RX: SA:66:95:cf:15:0a:17 DA:ff:ff:ff:ff:ff:ff
06-13 19:10:16.776 0 0 I [63738.701878] [dp_rx_][0x11cf231efc8][19: 10:16.773945] wlan: [3484:I:QDF] DHCP-D RX: SA:66:95:cf:15:0a:17 DA:ff:ff:ff:ff:ff:ff
06-13 19:10:16.881 0 0 I [63738.809416] [dp_rx_][0x11cf251712a][19: 10:16.881484] wlan: [3484:I:QDF] DHCP-R RX: SA:66:95:cf:15:0a:17 DA:ff:ff:ff:ff:ff:ff
06-13 19:10:18.460 0 0 E [63740.384341] link_delay_work_func: DTC_ETH: SQI=0, link=0
06-13 19:10:19.852 0 0 I [63741.778601] [dp_rx_][0x11cf5b751da][19: 10:19.850667] wlan: [3484:I:QDF] DHCP-R RX: SA:04:7f:0e:5e:98:0b DA:ff:ff:ff:ff:ff:ff
06-13 19:10:23.580 0 0 E [63745.504352] link_delay_work_func: DTC_ETH: SQI=0, link=0
06-13 19:10:25.694 1551 1911 I sync : [com.tencent.android.qqdownloader.YYBLiveAccountProvider,0,3,24220937]
06-13 19:10:25.737 1551 1911 I sync : [com.tencent.android.qqdownloader.YYBLiveAccountProvider,1,3,24220937]
06-13 19:10:25.741 1551 1911 I commit_sys_config_file: [sync-status,56805107]
06-13 19:10:25.755 1551 1911 I sync : [com.tencent.android.qqdownloader.YYBLiveAccountProvider,0,3,24220937]
06-13 19:10:25.788 1551 1911 I sync : [com.tencent.android.qqdownloader.YYBLiveAccountProvider,1,3,24220937]
06-13 19:10:25.790 1551 1911 I commit_sys_config_file: [sync-status,56805156]
06-13 19:10:27.743 1551 1669 I commit_sys_config_file: [jobs,5]
06-13 19:10:28.700 0 0 E [63750.624375] link_delay_work_func: DTC_ETH: SQI=0, link=0
06-13 19:10:33.820 0 0 E [63755.744316] link_delay_work_func: DTC_ETH: SQI=0, link=0
06-13 19:10:38.936 0 0 E [63760.864319] link_delay_work_func: DTC_ETH: SQI=0, link=0
06-13 19:10:39.569 1551 1551 I notification_enqueue: [10092,17024,com.tencent.android.qqdownloader,127,NULL,0,Notification(channel=channel_id_default_silent shortcut=null contentView=com.tencent.android.qqdownloader/0x7f0a01c2 vibrate=null sound=null defaults=0x0 flags=0x2a2 color=0x00000000 groupKey=com.tencent.android.qqdownloader vis=PRIVATE),1]
06-13 19:10:41.592 0 0 I [63763.517298] init: processing action (sys.tlog.tlogdshc.active=1) from (/system/etc/init/tlogd.rc:195)
06-13 19:10:41.592 0 0 I [63763.517974] init: starting service 'tlogdshc'...
06-13 19:10:41.704 0 0 I [63763.631468] init: Service 'tlogdshc' (pid 14589) exited with status 0 oneshot service took 0.108000 seconds in background
06-13 19:10:41.704 0 0 I [63763.631496] init: Sending signal 9 to service 'tlogdshc' (pid 14589) process group...
06-13 19:10:41.704 0 0 I [63763.631668] libprocessgroup: Successfully killed process cgroup uid 0 pid 14589 in 0ms
06-13 19:10:44.064 0 0 E [63765.988377] link_delay_work_func: DTC_ETH: SQI=0, link=0
06-13 19:10:49.180 0 0 E [63771.104330] link_delay_work_func: DTC_ETH: SQI=0, link=0
06-13 19:10:54.300 0 0 E [63776.224322] link_delay_work_func: DTC_ETH: SQI=0, link=0
06-13 19:10:59.420 0 0 E [63781.344371] link_delay_work_func: DTC_ETH: SQI=0, link=0
06-13 19:11:00.694 1551 1911 I sync : [com.tencent.android.qqdownloader.YYBLiveAccountProvider,0,3,24220937]
06-13 19:11:00.737 1551 1911 I sync : [com.tencent.android.qqdownloader.YYBLiveAccountProvider,1,3,24220937]
06-13 19:11:00.739 1551 1911 I commit_sys_config_file: [sync-status,56840105]
06-13 19:11:00.749 1551 1911 I sync : [com.tencent.android.qqdownloader.YYBLiveAccountProvider,0,3,24220937]
06-13 19:11:00.776 1551 1911 I sync : [com.tencent.android.qqdownloader.YYBLiveAccountProvider,1,3,24220937]
06-13 19:11:00.778 1551 1911 I commit_sys_config_file: [sync-status,56840143]
06-13 19:11:02.746 1551 1669 I commit_sys_config_file: [jobs,6]
06-13 19:11:04.536 0 0 E [63786.464372] link_delay_work_func: DTC_ETH: SQI=0, link=0
06-13 19:11:09.660 0 0 E [63791.584356] link_delay_work_func: DTC_ETH: SQI=0, link=0
06-13 19:11:11.592 0 0 I [63793.518948] init: processing action (sys.tlog.tlogdshc.active=1) from (/system/etc/init/tlogd.rc:195)
06-13 19:11:11.592 0 0 I [63793.519507] init: starting service 'tlogdshc'...
06-13 19:11:11.708 0 0 I [63793.635200] init: Service 'tlogdshc' (pid 14640) exited with status 0 oneshot service took 0.111000 seconds in background
06-13 19:11:11.708 0 0 I [63793.635229] init: Sending signal 9 to service 'tlogdshc' (pid 14640) process group...
06-13 19:11:11.708 0 0 I [63793.635414] libprocessgroup: Successfully killed process cgroup uid 0 pid 14640 in 0ms
06-13 19:11:14.780 0 0 E [63796.704353] link_delay_work_func: DTC_ETH: SQI=0, link=0
06-13 19:11:19.900 0 0 E [63801.824370] link_delay_work_func: DTC_ETH: SQI=0, link=0
06-13 19:11:25.020 0 0 E [63806.944429] link_delay_work_func: DTC_ETH: SQI=0, link=0
06-13 19:11:30.140 0 0 E [63812.064313] link_delay_work_func: DTC_ETH: SQI=0, link=0
06-13 19:11:35.260 0 0 E [63817.184347] link_delay_work_func: DTC_ETH: SQI=0, link=0
06-13 19:11:35.699 1551 1911 I sync : [com.tencent.android.qqdownloader.YYBLiveAccountProvider,0,3,24220937]
06-13 19:11:35.736 1551 1911 I sync : [com.tencent.android.qqdownloader.YYBLiveAccountProvider,1,3,24220937]
06-13 19:11:35.739 1551 1911 I commit_sys_config_file: [sync-status,56875105]
06-13 19:11:35.746 1551 1911 I sync : [com.tencent.android.qqdownloader.YYBLiveAccountProvider,0,3,24220937]
06-13 19:11:35.779 1551 1911 I sync : [com.tencent.android.qqdownloader.YYBLiveAccountProvider,1,3,24220937]
06-13 19:11:35.781 1551 1911 I commit_sys_config_file: [sync-status,56875147]
06-13 19:11:37.746 1551 1669 I commit_sys_config_file: [jobs,6]
06-13 19:11:40.380 0 0 E [63822.304323] link_delay_work_func: DTC_ETH: SQI=0, link=0
06-13 19:11:41.083 1551 1551 I notification_enqueue: [10092,17024,com.tencent.android.qqdownloader,127,NULL,0,Notification(channel=channel_id_default_silent shortcut=null contentView=com.tencent.android.qqdownloader/0x7f0a01c2 vibrate=null sound=null defaults=0x0 flags=0x2a2 color=0x00000000 groupKey=com.tencent.android.qqdownloader vis=PRIVATE),1]
06-13 19:11:41.596 0 0 I [63823.520356] init: processing action (sys.tlog.tlogdshc.active=1) from (/system/etc/init/tlogd.rc:195)
06-13 19:11:41.596 0 0 I [63823.520994] init: starting service 'tlogdshc'...
06-13 19:11:41.708 0 0 I [63823.632943] init: Service 'tlogdshc' (pid 14688) exited with status 0 oneshot service took 0.107000 seconds in background
06-13 19:11:41.708 0 0 I [63823.632973] init: Sending signal 9 to service 'tlogdshc' (pid 14688) process group...
06-13 19:11:41.708 0 0 I [63823.633436] libprocessgroup: Successfully killed process cgroup uid 0 pid 14688 in 0ms
06-13 19:11:45.500 0 0 E [63827.424350] link_delay_work_func: DTC_ETH: SQI=0, link=0
06-13 19:11:50.620 0 0 E [63832.544325] link_delay_work_func: DTC_ETH: SQI=0, link=0
06-13 19:11:55.740 0 0 E [63837.664336] link_delay_work_func: DTC_ETH: SQI=0, link=0
06-13 19:12:00.860 0 0 E [63842.784339] link_delay_work_func: DTC_ETH: SQI=0, link=0
06-13 19:12:05.980 0 0 E [63847.904316] link_delay_work_func: DTC_ETH: SQI=0, link=0
06-13 19:12:10.697 1551 1911 I sync : [com.tencent.android.qqdownloader.YYBLiveAccountProvider,0,3,24220937]
06-13 19:12:10.731 1551 1911 I sync : [com.tencent.android.qqdownloader.YYBLiveAccountProvider,1,3,24220937]
06-13 19:12:10.736 1551 1911 I commit_sys_config_file: [sync-status,56910102]
06-13 19:12:10.743 1551 1911 I sync : [com.tencent.android.qqdownloader.YYBLiveAccountProvider,0,3,24220937]
06-13 19:12:10.783 1551 1911 I sync : [com.tencent.android.qqdownloader.YYBLiveAccountProvider,1,3,24220937]
06-13 19:12:10.786 1551 1911 I commit_sys_config_file: [sync-status,56910152]
06-13 19:12:11.100 0 0 E [63853.024368] link_delay_work_func: DTC_ETH: SQI=0, link=0
06-13 19:12:11.596 0 0 I [63853.521739] init: processing action (sys.tlog.tlogdshc.active=1) from (/system/etc/init/tlogd.rc:195)
06-13 19:12:11.596 0 0 I [63853.522332] init: starting service 'tlogdshc'...
06-13 19:12:11.704 0 0 I [63853.630878] init: Service 'tlogdshc' (pid 14742) exited with status 0 oneshot service took 0.103000 seconds in background
06-13 19:12:11.704 0 0 I [63853.630907] init: Sending signal 9 to service 'tlogdshc' (pid 14742) process group...
06-13 19:12:11.704 0 0 I [63853.631087] libprocessgroup: Successfully killed process cgroup uid 0 pid 14742 in 0ms
06-13 19:12:12.739 1551 1669 I commit_sys_config_file: [jobs,6]
06-13 19:12:16.220 0 0 E [63858.144369] link_delay_work_func: DTC_ETH: SQI=0, link=0
06-13 19:12:21.336 0 0 E [63863.264341] link_delay_work_func: DTC_ETH: SQI=0, link=0
06-13 19:12:26.460 0 0 E [63868.384427] link_delay_work_func: DTC_ETH: SQI=0, link=0
06-13 19:12:31.580 0 0 E [63873.504339] link_delay_work_func: DTC_ETH: SQI=0, link=0
06-13 19:12:32.524 0 0 I [63874.451069] [soft_i][0x11d8d8c3552][19: 12:32.523139] wlan: [0:I:DP] dp_addba_requestprocess_wifi3 restore BA win 64 based on addba req
06-13 19:12:36.700 0 0 E [63878.624332] link_delay_work_func: DTC_ETH: SQI=0, link=0
06-13 19:12:41.596 0 0 I [63883.523559] init: processing action (sys.tlog.tlogdshc.active=1) from (/system/etc/init/tlogd.rc:195)
06-13 19:12:41.596 0 0 I [63883.524377] init: starting service 'tlogdshc'...
06-13 19:12:41.712 0 0 I [63883.638921] init: Service 'tlogdshc' (pid 14820) exited with status 0 oneshot service took 0.109000 seconds in background
06-13 19:12:41.712 0 0 I [63883.638950] init: Sending signal 9 to service 'tlogdshc' (pid 14820) process group...
06-13 19:12:41.712 0 0 I [63883.639120] libprocessgroup: Successfully killed process cgroup uid 0 pid 14820 in 0ms
06-13 19:12:41.816 0 0 E [63883.744343] link_delay_work_func: DTC_ETH: SQI=0, link=0
06-13 19:12:42.578 1551 1551 I notification_enqueue: [10092,17024,com.tencent.android.qqdownloader,127,NULL,0,Notification(channel=channel_id_default_silent shortcut=null contentView=com.tencent.android.qqdownloader/0x7f0a01c2 vibrate=null sound=null defaults=0x0 flags=0x2a2 color=0x00000000 groupKey=com.tencent.android.qqdownloader vis=PRIVATE),1]
06-13 19:12:45.700 1551 1911 I sync : [com.tencent.android.qqdownloader.YYBLiveAccountProvider,0,3,24220937]
06-13 19:12:45.746 1551 1911 I sync : [com.tencent.android.qqdownloader.YYBLiveAccountProvider,1,3,24220937]
06-13 19:12:45.749 1551 1911 I commit_sys_config_file: [sync-status,56945115]
06-13 19:12:45.759 1551 1911 I sync : [com.tencent.android.qqdownloader.YYBLiveAccountProvider,0,3,24220937]
06-13 19:12:45.796 1551 1911 I sync : [com.tencent.android.qqdownloader.YYBLiveAccountProvider,1,3,24220937]
06-13 19:12:45.799 1551 1911 I commit_sys_config_file: [sync-status,56945164]
06-13 19:12:46.940 0 0 E [63888.864312] link_delay_work_func: DTC_ETH: SQI=0, link=0
06-13 19:12:47.755 1551 1669 I commit_sys_config_file: [jobs,6]
06-13 19:12:52.060 0 0 E [63893.984353] link_delay_work_func: DTC_ETH: SQI=0, link=0
06-13 19:12:57.180 0 0 E [63899.104345] link_delay_work_func: DTC_ETH: SQI=0, link=0
06-13 19:13:02.300 0 0 E [63904.224317] link_delay_work_func: DTC_ETH: SQI=0, link=0
06-13 19:13:07.420 0 0 E [63909.344360] link_delay_work_func: DTC_ETH: SQI=0, link=0
