06-13 20:55:47.083 1551 1551 I notification_enqueue: [10092,17024,com.tencent.android.qqdownloader,127,NULL,0,Notification(channel=channel_id_default_silent shortcut=null contentView=com.tencent.android.qqdownloader/0x7f0a01c2 vibrate=null sound=null defaults=0x0 flags=0x2a2 color=0x00000000 groupKey=com.tencent.android.qqdownloader vis=PRIVATE),1]
06-13 20:55:51.900 0 0 E [70073.824457] link_delay_work_func: DTC_ETH: SQI=0, link=0
06-13 20:55:57.020 0 0 E [70078.944336] link_delay_work_func: DTC_ETH: SQI=0, link=0
06-13 20:56:01.040 1551 1911 I sync : [com.tencent.android.qqdownloader.YYBLiveAccountProvider,0,3,24220937]
06-13 20:56:01.084 1551 1911 I sync : [com.tencent.android.qqdownloader.YYBLiveAccountProvider,1,3,24220937]
06-13 20:56:01.088 1551 1911 I commit_sys_config_file: [sync-status,63140453]
06-13 20:56:01.102 1551 1911 I sync : [com.tencent.android.qqdownloader.YYBLiveAccountProvider,0,3,24220937]
06-13 20:56:01.145 1551 1911 I sync : [com.tencent.android.qqdownloader.YYBLiveAccountProvider,1,3,24220937]
06-13 20:56:01.148 1551 1911 I commit_sys_config_file: [sync-status,63140513]
06-13 20:56:02.140 0 0 E [70084.064582] link_delay_work_func: DTC_ETH: SQI=0, link=0
06-13 20:56:03.091 1551 1669 I commit_sys_config_file: [jobs,6]
06-13 20:56:07.260 0 0 E [70089.184363] link_delay_work_func: DTC_ETH: SQI=0, link=0
06-13 20:56:12.372 0 0 I [70094.300017] init: processing action (sys.tlog.tlogdshc.active=1) from (/system/etc/init/tlogd.rc:195)
06-13 20:56:12.376 0 0 I [70094.300710] init: starting service 'tlogdshc'...
06-13 20:56:12.376 0 0 E [70094.304368] link_delay_work_func: DTC_ETH: SQI=0, link=0
06-13 20:56:12.504 0 0 I [70094.429093] init: Service 'tlogdshc' (pid 24612) exited with status 0 oneshot service took 0.122000 seconds in background
06-13 20:56:12.504 0 0 I [70094.429158] init: Sending signal 9 to service 'tlogdshc' (pid 24612) process group...
06-13 20:56:12.504 0 0 I [70094.429518] libprocessgroup: Successfully killed process cgroup uid 0 pid 24612 in 0ms
06-13 20:56:17.500 0 0 E [70099.424349] link_delay_work_func: DTC_ETH: SQI=0, link=0
06-13 20:56:22.620 0 0 E [70104.544329] link_delay_work_func: DTC_ETH: SQI=0, link=0
06-13 20:56:27.740 0 0 E [70109.664362] link_delay_work_func: DTC_ETH: SQI=0, link=0
06-13 20:56:30.220 0 0 I [70112.146607] [dp_rx_][0x139700610c1][20: 56:30.218650] wlan: [3484:I:QDF] DHCP-R RX: SA:e6:6f:1a:7d:c3:fb DA:ff:ff:ff:ff:ff:ff
06-13 20:56:32.632 1551 1843 I netstats_mobile_sample: [0,0,0,0,0,0,0,0,0,0,0,0,1686660992632]
06-13 20:56:32.633 1551 1843 I netstats_wifi_sample: [11013629416,7836720,145716563,2338989,11013629416,7836720,145716563,2338989,11164022159,8019904,144876517,2335093,1686660992632]
06-13 20:56:32.860 0 0 E [70114.784507] link_delay_work_func: DTC_ETH: SQI=0, link=0
06-13 20:56:36.043 1551 1911 I sync : [com.tencent.android.qqdownloader.YYBLiveAccountProvider,0,3,24220937]
06-13 20:56:36.085 1551 1911 I sync : [com.tencent.android.qqdownloader.YYBLiveAccountProvider,1,3,24220937]
06-13 20:56:36.088 1551 1911 I commit_sys_config_file: [sync-status,63175453]
06-13 20:56:36.096 1551 1911 I sync : [com.tencent.android.qqdownloader.YYBLiveAccountProvider,0,3,24220937]
06-13 20:56:36.132 1551 1911 I sync : [com.tencent.android.qqdownloader.YYBLiveAccountProvider,1,3,24220937]
06-13 20:56:36.134 1551 1911 I commit_sys_config_file: [sync-status,63175500]
06-13 20:56:37.980 0 0 E [70119.904335] link_delay_work_func: DTC_ETH: SQI=0, link=0
06-13 20:56:38.088 1551 1669 I commit_sys_config_file: [jobs,6]
06-13 20:56:42.376 0 0 I [70124.302136] init: processing action (sys.tlog.tlogdshc.active=1) from (/system/etc/init/tlogd.rc:195)
06-13 20:56:42.376 0 0 I [70124.302714] init: starting service 'tlogdshc'...
06-13 20:56:42.484 0 0 I [70124.411656] init: Service 'tlogdshc' (pid 24654) exited with status 0 oneshot service took 0.104000 seconds in background
06-13 20:56:42.484 0 0 I [70124.411684] init: Sending signal 9 to service 'tlogdshc' (pid 24654) process group...
06-13 20:56:42.484 0 0 I [70124.411854] libprocessgroup: Successfully killed process cgroup uid 0 pid 24654 in 0ms
06-13 20:56:43.096 0 0 E [70125.024366] link_delay_work_func: DTC_ETH: SQI=0, link=0
06-13 20:56:48.220 0 0 E [70130.144369] link_delay_work_func: DTC_ETH: SQI=0, link=0
06-13 20:56:48.567 1551 1551 I notification_enqueue: [10092,17024,com.tencent.android.qqdownloader,127,NULL,0,Notification(channel=channel_id_default_silent shortcut=null contentView=com.tencent.android.qqdownloader/0x7f0a01c2 vibrate=null sound=null defaults=0x0 flags=0x2a2 color=0x00000000 groupKey=com.tencent.android.qqdownloader vis=PRIVATE),1]
06-13 20:56:53.340 0 0 E [70135.264570] link_delay_work_func: DTC_ETH: SQI=0, link=0
06-13 20:56:58.460 0 0 E [70140.384354] link_delay_work_func: DTC_ETH: SQI=0, link=0
06-13 20:57:03.580 0 0 E [70145.504343] link_delay_work_func: DTC_ETH: SQI=0, link=0
06-13 20:57:08.700 0 0 E [70150.624418] link_delay_work_func: DTC_ETH: SQI=0, link=0
06-13 20:57:11.049 1551 1911 I sync : [com.tencent.android.qqdownloader.YYBLiveAccountProvider,0,3,24220937]
06-13 20:57:11.079 1551 1911 I sync : [com.tencent.android.qqdownloader.YYBLiveAccountProvider,1,3,24220937]
06-13 20:57:11.082 1551 1911 I commit_sys_config_file: [sync-status,63210448]
06-13 20:57:11.088 1551 1911 I sync : [com.tencent.android.qqdownloader.YYBLiveAccountProvider,0,3,24220937]
06-13 20:57:11.114 1551 1911 I sync : [com.tencent.android.qqdownloader.YYBLiveAccountProvider,1,3,24220937]
06-13 20:57:11.116 1551 1911 I commit_sys_config_file: [sync-status,63210482]
06-13 20:57:12.380 0 0 I [70154.307955] init: processing action (sys.tlog.tlogdshc.active=1) from (/system/etc/init/tlogd.rc:195)
06-13 20:57:12.384 0 0 I [70154.308757] init: starting service 'tlogdshc'...
06-13 20:57:12.496 0 0 I [70154.424677] init: Service 'tlogdshc' (pid 24698) exited with status 0 oneshot service took 0.110000 seconds in background
06-13 20:57:12.497 0 0 I [70154.424794] init: Sending signal 9 to service 'tlogdshc' (pid 24698) process group...
06-13 20:57:12.500 0 0 I [70154.425209] libprocessgroup: Successfully killed process cgroup uid 0 pid 24698 in 0ms
06-13 20:57:13.088 1551 1669 I commit_sys_config_file: [jobs,6]
06-13 20:57:13.816 0 0 E [70155.744403] link_delay_work_func: DTC_ETH: SQI=0, link=0
06-13 20:57:18.936 0 0 E [70160.864374] link_delay_work_func: DTC_ETH: SQI=0, link=0
06-13 20:57:24.060 0 0 E [70165.984346] link_delay_work_func: DTC_ETH: SQI=0, link=0
06-13 20:57:29.180 0 0 E [70171.104370] link_delay_work_func: DTC_ETH: SQI=0, link=0
06-13 20:57:34.300 0 0 E [70176.224398] link_delay_work_func: DTC_ETH: SQI=0, link=0
06-13 20:57:39.420 0 0 E [70181.344371] link_delay_work_func: DTC_ETH: SQI=0, link=0
06-13 20:57:42.388 0 0 I [70184.315057] init: processing action (sys.tlog.tlogdshc.active=1) from (/system/etc/init/tlogd.rc:195)
06-13 20:57:42.388 0 0 I [70184.315688] init: starting service 'tlogdshc'...
06-13 20:57:42.504 0 0 I [70184.431275] init: Service 'tlogdshc' (pid 24739) exited with status 0 oneshot service took 0.110000 seconds in background
06-13 20:57:42.504 0 0 I [70184.431304] init: Sending signal 9 to service 'tlogdshc' (pid 24739) process group...
06-13 20:57:42.504 0 0 I [70184.431478] libprocessgroup: Successfully killed process cgroup uid 0 pid 24739 in 0ms
06-13 20:57:44.540 0 0 E [70186.464360] link_delay_work_func: DTC_ETH: SQI=0, link=0
06-13 20:57:46.046 1551 1911 I sync : [com.tencent.android.qqdownloader.YYBLiveAccountProvider,0,3,24220937]
06-13 20:57:46.082 1551 1911 I sync : [com.tencent.android.qqdownloader.YYBLiveAccountProvider,1,3,24220937]
06-13 20:57:46.085 1551 1911 I commit_sys_config_file: [sync-status,63245450]
06-13 20:57:46.092 1551 1911 I sync : [com.tencent.android.qqdownloader.YYBLiveAccountProvider,0,3,24220937]
06-13 20:57:46.121 1551 1911 I sync : [com.tencent.android.qqdownloader.YYBLiveAccountProvider,1,3,24220937]
06-13 20:57:46.123 1551 1911 I commit_sys_config_file: [sync-status,63245488]
06-13 20:57:48.089 1551 1669 I commit_sys_config_file: [jobs,6]
06-13 20:57:49.660 0 0 E [70191.584364] link_delay_work_func: DTC_ETH: SQI=0, link=0
06-13 20:57:50.067 1551 1551 I notification_enqueue: [10092,17024,com.tencent.android.qqdownloader,127,NULL,0,Notification(channel=channel_id_default_silent shortcut=null contentView=com.tencent.android.qqdownloader/0x7f0a01c2 vibrate=null sound=null defaults=0x0 flags=0x2a2 color=0x00000000 groupKey=com.tencent.android.qqdownloader vis=PRIVATE),1]
06-13 20:57:54.780 0 0 E [70196.704360] link_delay_work_func: DTC_ETH: SQI=0, link=0
06-13 20:57:58.368 575 575 I auditd : type=1400 audit(0.0:3847): avc: denied { read } for comm="Binder:575_2" name="wakeup58" dev="sysfs" ino=71937 scontext=u:r:system_suspend:s0 tcontext=u:object_r:sysfs:s0 tclass=dir permissive=0
06-13 20:57:58.368 575 575 I auditd : type=1400 audit(0.0:3848): avc: denied { read } for comm="Binder:575_2" name="wakeup48" dev="sysfs" ino=67611 scontext=u:r:system_suspend:s0 tcontext=u:object_r:sysfs:s0 tclass=dir permissive=0
06-13 20:57:58.368 575 575 I auditd : type=1400 audit(0.0:3849): avc: denied { read } for comm="Binder:575_2" name="wakeup4" dev="sysfs" ino=46990 scontext=u:r:system_suspend:s0 tcontext=u:object_r:sysfs:s0 tclass=dir permissive=0
06-13 20:57:58.368 575 575 I auditd : type=1400 audit(0.0:3850): avc: denied { read } for comm="Binder:575_2" name="wakeup76" dev="sysfs" ino=76672 scontext=u:r:system_suspend:s0 tcontext=u:object_r:sysfs:s0 tclass=dir permissive=0
06-13 20:57:58.368 575 575 I auditd : type=1400 audit(0.0:3851): avc: denied { read } for comm="Binder:575_2" name="wakeup28" dev="sysfs" ino=53195 scontext=u:r:system_suspend:s0 tcontext=u:object_r:sysfs:s0 tclass=dir permissive=0
06-13 20:57:58.376 0 0 W [70200.304176] audit: audit_lost=3264 audit_rate_limit=5 audit_backlog_limit=64
06-13 20:57:58.376 0 0 E [70200.304179] audit: rate limit exceeded
06-13 20:57:58.408 1551 1684 I commit_sys_config_file: [batterystats,4]
06-13 20:57:58.410 1551 1684 I commit_sys_config_file: [batterystats,1]
06-13 20:57:59.900 0 0 E [70201.824338] link_delay_work_func: DTC_ETH: SQI=0, link=0
06-13 20:58:05.020 0 0 E [70206.944352] link_delay_work_func: DTC_ETH: SQI=0, link=0
06-13 20:58:10.140 0 0 E [70212.064378] link_delay_work_func: DTC_ETH: SQI=0, link=0
06-13 20:58:12.392 0 0 I [70214.317090] init: processing action (sys.tlog.tlogdshc.active=1) from (/system/etc/init/tlogd.rc:195)
06-13 20:58:12.392 0 0 I [70214.317828] init: starting service 'tlogdshc'...
06-13 20:58:12.504 0 0 I [70214.431442] init: Service 'tlogdshc' (pid 24785) exited with status 0 oneshot service took 0.109000 seconds in background
06-13 20:58:12.504 0 0 I [70214.431471] init: Sending signal 9 to service 'tlogdshc' (pid 24785) process group...
06-13 20:58:12.504 0 0 I [70214.431645] libprocessgroup: Successfully killed process cgroup uid 0 pid 24785 in 0ms
06-13 20:58:15.256 0 0 E [70217.184338] link_delay_work_func: DTC_ETH: SQI=0, link=0
06-13 20:58:18.136 0 0 I [70220.064013] init: processing action (sys.tlog.pstore.active=1) from (/system/etc/init/tlogd.rc:134)
06-13 20:58:18.140 0 0 I [70220.064802] init: starting service 'pstore_save'...
06-13 20:58:18.172 0 0 I [70220.097788] init: Service 'pstore_save' (pid 24807) exited with status 1 oneshot service took 0.029000 seconds in background
06-13 20:58:18.172 0 0 I [70220.097818] init: Sending signal 9 to service 'pstore_save' (pid 24807) process group...
06-13 20:58:18.172 0 0 I [70220.097989] libprocessgroup: Successfully killed process cgroup uid 1000 pid 24807 in 0ms
06-13 20:58:19.195 0 0 I [70221.117535] init: processing action (sys.tlog.tlogdsho.active=1) from (/system/etc/init/tlogd.rc:167)
06-13 20:58:19.195 0 0 I [70221.117961] init: starting service 'tlogdsho'...
06-13 20:58:19.208 0 0 I [70221.134709] init: processing action (sys.tlog.bluetooth.active=1) from (/system/etc/init/tlogd.rc:163)
06-13 20:58:19.208 0 0 I [70221.135563] init: starting service 'tlogdBluetooth'...
06-13 20:58:19.221 0 0 I [70221.147540] init: processing action (sys.tlog.fatal.active=1) from (/system/etc/init/tlogd.rc:130)
06-13 20:58:20.376 0 0 E [70222.304371] link_delay_work_func: DTC_ETH: SQI=0, link=0
06-13 20:58:21.052 1551 1911 I sync : [com.tencent.android.qqdownloader.YYBLiveAccountProvider,0,3,24220937]
06-13 20:58:21.058 1551 1843 I netstats_mobile_sample: [0,0,0,0,0,0,0,0,0,0,0,0,1686661101058]
06-13 20:58:21.059 1551 1843 I netstats_wifi_sample: [11013758367,7837293,145738717,2339193,11013758367,7837293,145738717,2339193,11164802894,8022299,144898671,2335297,1686661101058]
06-13 20:58:21.086 1551 1911 I sync : [com.tencent.android.qqdownloader.YYBLiveAccountProvider,1,3,24220937]
06-13 20:58:21.089 1551 1911 I commit_sys_config_file: [sync-status,63280454]
06-13 20:58:21.096 1551 1911 I sync : [com.tencent.android.qqdownloader.YYBLiveAccountProvider,0,3,24220937]
06-13 20:58:21.127 1551 1911 I sync : [com.tencent.android.qqdownloader.YYBLiveAccountProvider,1,3,24220937]
06-13 20:58:21.129 1551 1911 I commit_sys_config_file: [sync-status,63280495]
06-13 20:58:23.095 1551 1669 I commit_sys_config_file: [jobs,6]
06-13 20:58:24.408 0 0 I [70226.333672] init: Untracked pid 24833 exited with status 0
06-13 20:58:25.500 0 0 E [70227.424310] link_delay_work_func: DTC_ETH: SQI=0, link=0
06-13 20:58:30.620 0 0 E [70232.544406] link_delay_work_func: DTC_ETH: SQI=0, link=0
06-13 20:58:35.740 0 0 E [70237.664487] link_delay_work_func: DTC_ETH: SQI=0, link=0
06-13 20:58:40.856 0 0 E [70242.784564] link_delay_work_func: DTC_ETH: SQI=0, link=0
06-13 20:58:42.392 0 0 I [70244.318656] init: processing action (sys.tlog.tlogdshc.active=1) from (/system/etc/init/tlogd.rc:195)
06-13 20:58:42.392 0 0 I [70244.319551] init: starting service 'tlogdshc'...
06-13 20:58:42.504 0 0 I [70244.430608] init: Service 'tlogdshc' (pid 24874) exited with status 0 oneshot service took 0.106000 seconds in background
06-13 20:58:42.504 0 0 I [70244.430637] init: Sending signal 9 to service 'tlogdshc' (pid 24874) process group...
06-13 20:58:42.504 0 0 I [70244.430819] libprocessgroup: Successfully killed process cgroup uid 0 pid 24874 in 0ms
06-13 20:58:45.980 0 0 E [70247.904367] link_delay_work_func: DTC_ETH: SQI=0, link=0
06-13 20:58:51.100 0 0 E [70253.024554] link_delay_work_func: DTC_ETH: SQI=0, link=0
06-13 20:58:51.583 1551 1551 I notification_enqueue: [10092,17024,com.tencent.android.qqdownloader,127,NULL,0,Notification(channel=channel_id_default_silent shortcut=null contentView=com.tencent.android.qqdownloader/0x7f0a01c2 vibrate=null sound=null defaults=0x0 flags=0x2a2 color=0x00000000 groupKey=com.tencent.android.qqdownloader vis=PRIVATE),1]
06-13 20:58:56.050 1551 1911 I sync : [com.tencent.android.qqdownloader.YYBLiveAccountProvider,0,3,24220937]
06-13 20:58:56.088 1551 1911 I sync : [com.tencent.android.qqdownloader.YYBLiveAccountProvider,1,3,24220937]
06-13 20:58:56.091 1551 1911 I commit_sys_config_file: [sync-status,63315457]
06-13 20:58:56.099 1551 1911 I sync : [com.tencent.android.qqdownloader.YYBLiveAccountProvider,0,3,24220937]
06-13 20:58:56.126 1551 1911 I sync : [com.tencent.android.qqdownloader.YYBLiveAccountProvider,1,3,24220937]
06-13 20:58:56.129 1551 1911 I commit_sys_config_file: [sync-status,63315494]
06-13 20:58:56.216 0 0 E [70258.144345] link_delay_work_func: DTC_ETH: SQI=0, link=0
06-13 20:58:58.097 1551 1669 I commit_sys_config_file: [jobs,7]
06-13 20:59:01.340 0 0 E [70263.264368] link_delay_work_func: DTC_ETH: SQI=0, link=0
06-13 20:59:06.460 0 0 E [70268.384350] link_delay_work_func: DTC_ETH: SQI=0, link=0
06-13 20:59:11.580 0 0 E [70273.504512] link_delay_work_func: DTC_ETH: SQI=0, link=0
06-13 20:59:12.396 0 0 I [70274.320335] init: processing action (sys.tlog.tlogdshc.active=1) from (/system/etc/init/tlogd.rc:195)
06-13 20:59:12.396 0 0 I [70274.320946] init: starting service 'tlogdshc'...
06-13 20:59:12.508 0 0 I [70274.433969] init: Service 'tlogdshc' (pid 24925) exited with status 0 oneshot service took 0.108000 seconds in background
06-13 20:59:12.508 0 0 I [70274.433998] init: Sending signal 9 to service 'tlogdshc' (pid 24925) process group...
06-13 20:59:12.508 0 0 I [70274.434172] libprocessgroup: Successfully killed process cgroup uid 0 pid 24925 in 0ms
06-13 20:59:16.700 0 0 E [70278.624391] link_delay_work_func: DTC_ETH: SQI=0, link=0
06-13 20:59:21.820 0 0 E [70283.744361] link_delay_work_func: DTC_ETH: SQI=0, link=0
06-13 20:59:26.940 0 0 E [70288.864332] link_delay_work_func: DTC_ETH: SQI=0, link=0
06-13 20:59:31.053 1551 1911 I sync : [com.tencent.android.qqdownloader.YYBLiveAccountProvider,0,3,24220937]
06-13 20:59:31.101 1551 1911 I sync : [com.tencent.android.qqdownloader.YYBLiveAccountProvider,1,3,24220937]
06-13 20:59:31.104 1551 1911 I commit_sys_config_file: [sync-status,63350469]
06-13 20:59:31.112 1551 1911 I sync : [com.tencent.android.qqdownloader.YYBLiveAccountProvider,0,3,24220937]
06-13 20:59:31.143 1551 1911 I sync : [com.tencent.android.qqdownloader.YYBLiveAccountProvider,1,3,24220937]
06-13 20:59:31.145 1551 1911 I commit_sys_config_file: [sync-status,63350511]
06-13 20:59:32.060 0 0 E [70293.984325] link_delay_work_func: DTC_ETH: SQI=0, link=0
06-13 20:59:33.108 1551 1669 I commit_sys_config_file: [jobs,6]
06-13 20:59:37.180 0 0 E [70299.104347] link_delay_work_func: DTC_ETH: SQI=0, link=0
06-13 20:59:42.300 0 0 E [70304.224346] link_delay_work_func: DTC_ETH: SQI=0, link=0
06-13 20:59:42.396 0 0 I [70304.321984] init: processing action (sys.tlog.tlogdshc.active=1) from (/system/etc/init/tlogd.rc:195)
06-13 20:59:42.396 0 0 I [70304.322559] init: starting service 'tlogdshc'...
06-13 20:59:42.516 0 0 I [70304.441504] init: Service 'tlogdshc' (pid 24968) exited with status 0 oneshot service took 0.113000 seconds in background
06-13 20:59:42.516 0 0 I [70304.441532] init: Sending signal 9 to service 'tlogdshc' (pid 24968) process group...
06-13 20:59:42.516 0 0 I [70304.441730] libprocessgroup: Successfully killed process cgroup uid 0 pid 24968 in 0ms
06-13 20:59:46.908 0 0 D [70308.834363] cnss: Host time = 70311490290 us, device time = 70283892610 us, offset = 27597680 us
06-13 20:59:46.908 0 0 D [70308.834424] cnss: Updated time sync regs [0x984] = 0x1a51b70, [0x988] = 0x0
06-13 20:59:47.421 0 0 E [70309.344568] link_delay_work_func: DTC_ETH: SQI=0, link=0
06-13 20:59:52.540 0 0 E [70314.464369] link_delay_work_func: DTC_ETH: SQI=0, link=0
06-13 20:59:53.069 1551 1551 I notification_enqueue: [10092,17024,com.tencent.android.qqdownloader,127,NULL,0,Notification(channel=channel_id_default_silent shortcut=null contentView=com.tencent.android.qqdownloader/0x7f0a01c2 vibrate=null sound=null defaults=0x0 flags=0x2a2 color=0x00000000 groupKey=com.tencent.android.qqdownloader vis=PRIVATE),1]
06-13 20:59:57.660 0 0 E [70319.584349] link_delay_work_func: DTC_ETH: SQI=0, link=0
06-13 21:00:02.780 0 0 E [70324.704541] link_delay_work_func: DTC_ETH: SQI=0, link=0
06-13 21:00:06.053 1551 1911 I sync : [com.tencent.android.qqdownloader.YYBLiveAccountProvider,0,3,24220937]
06-13 21:00:06.101 1551 1911 I sync : [com.tencent.android.qqdownloader.YYBLiveAccountProvider,1,3,24220937]
06-13 21:00:06.104 1551 1911 I commit_sys_config_file: [sync-status,63385469]
06-13 21:00:06.111 1551 1911 I sync : [com.tencent.android.qqdownloader.YYBLiveAccountProvider,0,3,24220937]
06-13 21:00:06.148 1551 1911 I sync : [com.tencent.android.qqdownloader.YYBLiveAccountProvider,1,3,24220937]
06-13 21:00:06.151 1551 1911 I commit_sys_config_file: [sync-status,63385517]
06-13 21:00:07.900 0 0 E [70329.824356] link_delay_work_func: DTC_ETH: SQI=0, link=0
06-13 21:00:08.106 1551 1669 I commit_sys_config_file: [jobs,6]
06-13 21:00:12.400 0 0 I [70334.326960] init: processing action (sys.tlog.tlogdshc.active=1) from (/system/etc/init/tlogd.rc:195)
06-13 21:00:12.400 0 0 I [70334.327525] init: starting service 'tlogdshc'...
06-13 21:00:12.512 0 0 I [70334.440027] init: Service 'tlogdshc' (pid 25014) exited with status 0 oneshot service took 0.107000 seconds in background
06-13 21:00:12.512 0 0 I [70334.440054] init: Sending signal 9 to service 'tlogdshc' (pid 25014) process group...
06-13 21:00:12.512 0 0 I [70334.440221] libprocessgroup: Successfully killed process cgroup uid 0 pid 25014 in 0ms
06-13 21:00:13.020 0 0 E [70334.944361] link_delay_work_func: DTC_ETH: SQI=0, link=0
06-13 21:00:18.140 0 0 E [70340.064549] link_delay_work_func: DTC_ETH: SQI=0, link=0
06-13 21:00:23.260 0 0 E [70345.184537] link_delay_work_func: DTC_ETH: SQI=0, link=0
06-13 21:00:28.380 0 0 E [70350.304332] link_delay_work_func: DTC_ETH: SQI=0, link=0
06-13 21:00:33.500 0 0 E [70355.424639] link_delay_work_func: DTC_ETH: SQI=0, link=0
06-13 21:00:38.620 0 0 E [70360.544369] link_delay_work_func: DTC_ETH: SQI=0, link=0
06-13 21:00:41.056 1551 1911 I sync : [com.tencent.android.qqdownloader.YYBLiveAccountProvider,0,3,24220937]
06-13 21:00:41.084 1551 1911 I sync : [com.tencent.android.qqdownloader.YYBLiveAccountProvider,1,3,24220937]
06-13 21:00:41.086 1551 1911 I commit_sys_config_file: [sync-status,63420452]
06-13 21:00:41.093 1551 1911 I sync : [com.tencent.android.qqdownloader.YYBLiveAccountProvider,0,3,24220937]
06-13 21:00:41.121 1551 1911 I sync : [com.tencent.android.qqdownloader.YYBLiveAccountProvider,1,3,24220937]
06-13 21:00:41.123 1551 1911 I commit_sys_config_file: [sync-status,63420489]
06-13 21:00:42.408 0 0 I [70364.334898] init: processing action (sys.tlog.tlogdshc.active=1) from (/system/etc/init/tlogd.rc:195)
06-13 21:00:42.408 0 0 I [70364.335414] init: starting service 'tlogdshc'...
06-13 21:00:42.524 0 0 I [70364.451255] init: Service 'tlogdshc' (pid 25055) exited with status 0 oneshot service took 0.111000 seconds in background
06-13 21:00:42.524 0 0 I [70364.451283] init: Sending signal 9 to service 'tlogdshc' (pid 25055) process group...
06-13 21:00:42.524 0 0 I [70364.451457] libprocessgroup: Successfully killed process cgroup uid 0 pid 25055 in 0ms
06-13 21:00:43.093 1551 1669 I commit_sys_config_file: [jobs,6]
06-13 21:00:43.740 0 0 E [70365.664365] link_delay_work_func: DTC_ETH: SQI=0, link=0
06-13 21:00:48.856 0 0 E [70370.784352] link_delay_work_func: DTC_ETH: SQI=0, link=0
06-13 21:00:53.980 0 0 E [70375.904369] link_delay_work_func: DTC_ETH: SQI=0, link=0
06-13 21:00:54.565 1551 1551 I notification_enqueue: [10092,17024,com.tencent.android.qqdownloader,127,NULL,0,Notification(channel=channel_id_default_silent shortcut=null contentView=com.tencent.android.qqdownloader/0x7f0a01c2 vibrate=null sound=null defaults=0x0 flags=0x2a2 color=0x00000000 groupKey=com.tencent.android.qqdownloader vis=PRIVATE),1]
06-13 21:00:59.100 0 0 E [70381.024362] link_delay_work_func: DTC_ETH: SQI=0, link=0
06-13 21:01:04.220 0 0 E [70386.144389] link_delay_work_func: DTC_ETH: SQI=0, link=0
06-13 21:01:09.340 0 0 E [70391.264591] link_delay_work_func: DTC_ETH: SQI=0, link=0
06-13 21:01:12.412 0 0 I [70394.336493] init: processing action (sys.tlog.tlogdshc.active=1) from (/system/etc/init/tlogd.rc:195)
06-13 21:01:12.412 0 0 I [70394.337049] init: starting service 'tlogdshc'...
06-13 21:01:12.524 0 0 I [70394.449798] init: Service 'tlogdshc' (pid 25099) exited with status 0 oneshot service took 0.107000 seconds in background
06-13 21:01:12.524 0 0 I [70394.449824] init: Sending signal 9 to service 'tlogdshc' (pid 25099) process group...
06-13 21:01:12.524 0 0 I [70394.449975] libprocessgroup: Successfully killed process cgroup uid 0 pid 25099 in 0ms
06-13 21:01:14.460 0 0 E [70396.384357] link_delay_work_func: DTC_ETH: SQI=0, link=0
06-13 21:01:16.059 1551 1911 I sync : [com.tencent.android.qqdownloader.YYBLiveAccountProvider,0,3,24220937]
06-13 21:01:16.096 1551 1911 I sync : [com.tencent.android.qqdownloader.YYBLiveAccountProvider,1,3,24220937]
06-13 21:01:16.099 1551 1911 I commit_sys_config_file: [sync-status,63455465]
06-13 21:01:16.108 1551 1911 I sync : [com.tencent.android.qqdownloader.YYBLiveAccountProvider,0,3,24220937]
06-13 21:01:16.136 1551 1911 I sync : [com.tencent.android.qqdownloader.YYBLiveAccountProvider,1,3,24220937]
06-13 21:01:16.139 1551 1911 I commit_sys_config_file: [sync-status,63455504]
06-13 21:01:18.103 1551 1669 I commit_sys_config_file: [jobs,6]
06-13 21:01:19.580 0 0 E [70401.504352] link_delay_work_func: DTC_ETH: SQI=0, link=0
06-13 21:01:24.700 0 0 E [70406.624367] link_delay_work_func: DTC_ETH: SQI=0, link=0
06-13 21:01:29.820 0 0 E [70411.744334] link_delay_work_func: DTC_ETH: SQI=0, link=0
06-13 21:01:34.936 0 0 E [70416.864402] link_delay_work_func: DTC_ETH: SQI=0, link=0
06-13 21:01:40.060 0 0 E [70421.984403] link_delay_work_func: DTC_ETH: SQI=0, link=0
06-13 21:01:42.412 0 0 I [70424.338641] init: processing action (sys.tlog.tlogdshc.active=1) from (/system/etc/init/tlogd.rc:195)
06-13 21:01:42.412 0 0 I [70424.339193] init: starting service 'tlogdshc'...
06-13 21:01:42.532 0 0 I [70424.456709] init: Service 'tlogdshc' (pid 25142) exited with status 0 oneshot service took 0.112000 seconds in background
06-13 21:01:42.532 0 0 I [70424.456760] init: Sending signal 9 to service 'tlogdshc' (pid 25142) process group...
06-13 21:01:42.532 0 0 I [70424.457023] libprocessgroup: Successfully killed process cgroup uid 0 pid 25142 in 0ms
06-13 21:01:45.181 0 0 E [70427.104448] link_delay_work_func: DTC_ETH: SQI=0, link=0
06-13 21:01:50.300 0 0 E [70432.224348] link_delay_work_func: DTC_ETH: SQI=0, link=0
06-13 21:01:51.059 1551 1911 I sync : [com.tencent.android.qqdownloader.YYBLiveAccountProvider,0,3,24220937]
06-13 21:01:51.111 1551 1911 I sync : [com.tencent.android.qqdownloader.YYBLiveAccountProvider,1,3,24220937]
06-13 21:01:51.114 1551 1911 I commit_sys_config_file: [sync-status,63490480]
06-13 21:01:51.121 1551 1911 I sync : [com.tencent.android.qqdownloader.YYBLiveAccountProvider,0,3,24220937]
06-13 21:01:51.151 1551 1911 I sync : [com.tencent.android.qqdownloader.YYBLiveAccountProvider,1,3,24220937]
06-13 21:01:51.153 1551 1911 I commit_sys_config_file: [sync-status,63490519]
06-13 21:01:53.113 1551 1669 I commit_sys_config_file: [jobs,6]
06-13 21:01:55.420 0 0 E [70437.344392] link_delay_work_func: DTC_ETH: SQI=0, link=0
06-13 21:01:56.072 1551 1551 I notification_enqueue: [10092,17024,com.tencent.android.qqdownloader,127,NULL,0,Notification(channel=channel_id_default_silent shortcut=null contentView=com.tencent.android.qqdownloader/0x7f0a01c2 vibrate=null sound=null defaults=0x0 flags=0x2a2 color=0x00000000 groupKey=com.tencent.android.qqdownloader vis=PRIVATE),1]
06-13 21:02:00.540 0 0 E [70442.464382] link_delay_work_func: DTC_ETH: SQI=0, link=0
06-13 21:02:05.656 0 0 E [70447.584392] link_delay_work_func: DTC_ETH: SQI=0, link=0
06-13 21:02:10.780 0 0 E [70452.704348] link_delay_work_func: DTC_ETH: SQI=0, link=0
06-13 21:02:12.416 0 0 I [70454.340463] init: processing action (sys.tlog.tlogdshc.active=1) from (/system/etc/init/tlogd.rc:195)
06-13 21:02:12.416 0 0 I [70454.341029] init: starting service 'tlogdshc'...
06-13 21:02:12.528 0 0 I [70454.455920] init: Service 'tlogdshc' (pid 25189) exited with status 0 oneshot service took 0.110000 seconds in background
06-13 21:02:12.528 0 0 I [70454.455949] init: Sending signal 9 to service 'tlogdshc' (pid 25189) process group...
06-13 21:02:12.528 0 0 I [70454.456119] libprocessgroup: Successfully killed process cgroup uid 0 pid 25189 in 0ms
06-13 21:02:15.900 0 0 E [70457.824643] link_delay_work_func: DTC_ETH: SQI=0, link=0
06-13 21:02:16.024 0 0 I [70457.949042] [dp_rx_][0x13afbc35c3a][21: 02:16.021043] wlan: [3484:I:QDF] DHCP-R RX: SA:04:7f:0e:62:f8:6b DA:ff:ff:ff:ff:ff:ff
06-13 21:02:21.020 0 0 E [70462.944480] link_delay_work_func: DTC_ETH: SQI=0, link=0
06-13 21:02:26.060 1551 1911 I sync : [com.tencent.android.qqdownloader.YYBLiveAccountProvider,0,3,24220937]
06-13 21:02:26.091 1551 1911 I sync : [com.tencent.android.qqdownloader.YYBLiveAccountProvider,1,3,24220937]
06-13 21:02:26.093 1551 1911 I commit_sys_config_file: [sync-status,63525458]
06-13 21:02:26.099 1551 1911 I sync : [com.tencent.android.qqdownloader.YYBLiveAccountProvider,0,3,24220937]
06-13 21:02:26.128 1551 1911 I sync : [com.tencent.android.qqdownloader.YYBLiveAccountProvider,1,3,24220937]
06-13 21:02:26.130 1551 1911 I commit_sys_config_file: [sync-status,63525496]
06-13 21:02:26.140 0 0 E [70468.064296] link_delay_work_func: DTC_ETH: SQI=0, link=0
06-13 21:02:28.100 1551 1669 I commit_sys_config_file: [jobs,6]
06-13 21:02:31.260 0 0 E [70473.184355] link_delay_work_func: DTC_ETH: SQI=0, link=0
06-13 21:02:36.380 0 0 E [70478.304346] link_delay_work_func: DTC_ETH: SQI=0, link=0
06-13 21:02:41.500 0 0 E [70483.424382] link_delay_work_func: DTC_ETH: SQI=0, link=0
06-13 21:02:42.417 0 0 I [70484.342148] init: processing action (sys.tlog.tlogdshc.active=1) from (/system/etc/init/tlogd.rc:195)
06-13 21:02:42.417 0 0 I [70484.342716] init: starting service 'tlogdshc'...
06-13 21:02:42.536 0 0 I [70484.462013] init: Service 'tlogdshc' (pid 25233) exited with status 0 oneshot service took 0.114000 seconds in background
06-13 21:02:42.536 0 0 I [70484.462042] init: Sending signal 9 to service 'tlogdshc' (pid 25233) process group...
06-13 21:02:42.536 0 0 I [70484.462224] libprocessgroup: Successfully killed process cgroup uid 0 pid 25233 in 0ms
06-13 21:02:46.620 0 0 E [70488.544347] link_delay_work_func: DTC_ETH: SQI=0, link=0
06-13 21:02:51.740 0 0 E [70493.664380] link_delay_work_func: DTC_ETH: SQI=0, link=0
06-13 21:02:56.860 0 0 E [70498.784338] link_delay_work_func: DTC_ETH: SQI=0, link=0
06-13 21:02:57.570 1551 1551 I notification_enqueue: [10092,17024,com.tencent.android.qqdownloader,127,NULL,0,Notification(channel=channel_id_default_silent shortcut=null contentView=com.tencent.android.qqdownloader/0x7f0a01c2 vibrate=null sound=null defaults=0x0 flags=0x2a2 color=0x00000000 groupKey=com.tencent.android.qqdownloader vis=PRIVATE),1]
06-13 21:03:01.063 1551 1911 I sync : [com.tencent.android.qqdownloader.YYBLiveAccountProvider,0,3,24220937]
06-13 21:03:01.103 1551 1911 I sync : [com.tencent.android.qqdownloader.YYBLiveAccountProvider,1,3,24220937]
06-13 21:03:01.106 1551 1911 I commit_sys_config_file: [sync-status,63560471]
06-13 21:03:01.113 1551 1911 I sync : [com.tencent.android.qqdownloader.YYBLiveAccountProvider,0,3,24220937]
06-13 21:03:01.143 1551 1911 I sync : [com.tencent.android.qqdownloader.YYBLiveAccountProvider,1,3,24220937]
06-13 21:03:01.145 1551 1911 I commit_sys_config_file: [sync-status,63560511]
06-13 21:03:01.980 0 0 E [70503.904576] link_delay_work_func: DTC_ETH: SQI=0, link=0
06-13 21:03:03.110 1551 1669 I commit_sys_config_file: [jobs,6]
06-13 21:03:07.100 0 0 E [70509.024357] link_delay_work_func: DTC_ETH: SQI=0, link=0
06-13 21:03:12.220 0 0 E [70514.144373] link_delay_work_func: DTC_ETH: SQI=0, link=0
06-13 21:03:12.420 0 0 I [70514.348013] init: processing action (sys.tlog.tlogdshc.active=1) from (/system/etc/init/tlogd.rc:195)
06-13 21:03:12.424 0 0 I [70514.348751] init: starting service 'tlogdshc'...
06-13 21:03:12.532 0 0 I [70514.458558] init: Service 'tlogdshc' (pid 25279) exited with status 0 oneshot service took 0.105000 seconds in background
06-13 21:03:12.532 0 0 I [70514.458585] init: Sending signal 9 to service 'tlogdshc' (pid 25279) process group...
06-13 21:03:12.532 0 0 I [70514.458754] libprocessgroup: Successfully killed process cgroup uid 0 pid 25279 in 0ms
06-13 21:03:17.340 0 0 E [70519.264404] link_delay_work_func: DTC_ETH: SQI=0, link=0
06-13 21:03:22.456 0 0 E [70524.384362] link_delay_work_func: DTC_ETH: SQI=0, link=0
06-13 21:03:27.580 0 0 E [70529.504335] link_delay_work_func: DTC_ETH: SQI=0, link=0
06-13 21:03:32.700 0 0 E [70534.624357] link_delay_work_func: DTC_ETH: SQI=0, link=0
06-13 21:03:36.067 1551 1911 I sync : [com.tencent.android.qqdownloader.YYBLiveAccountProvider,0,3,24220937]
06-13 21:03:36.096 1551 1684 I am_pss : [1551,1000,system,199710720,127954944,64512,443637760,0,0,28]
06-13 21:03:36.106 1551 1684 I am_pss : [4423,1000,com.thundercomm.screensaver,64256000,57339904,3825664,124477440,0,2,8]
06-13 21:03:36.112 1551 1911 I sync : [com.tencent.android.qqdownloader.YYBLiveAccountProvider,1,3,24220937]
06-13 21:03:36.115 1551 1911 I commit_sys_config_file: [sync-status,63595481]
06-13 21:03:36.119 1551 1684 I am_pss : [2614,10069,com.android.launcher3,104761344,99303424,67584,197509120,0,6,10]
06-13 21:03:36.123 1551 1911 I sync : [com.tencent.android.qqdownloader.YYBLiveAccountProvider,0,3,24220937]
06-13 21:03:36.144 1551 1684 I am_pss : [13749,10092,com.tencent.android.qqdownloader,294886400,278851584,196608,373411840,0,2,23]
06-13 21:03:36.158 1551 1684 I am_pss : [17024,10092,com.tencent.android.qqdownloader:daemon,115721216,100548608,216064,191766528,0,3,13]
06-13 21:03:36.162 1551 1911 I sync : [com.tencent.android.qqdownloader.YYBLiveAccountProvider,1,3,24220937]
06-13 21:03:36.163 1551 1684 I am_pss : [14553,10065,com.android.webview:webview_service,32458752,2854912,27163648,36966400,0,3,4]
06-13 21:03:36.165 1551 1911 I commit_sys_config_file: [sync-status,63595530]
06-13 21:03:36.168 1551 1684 I am_pss : [14417,10092,com.tencent.android.qqdownloader:cloud,16909312,10362880,239616,72015872,0,3,5]
06-13 21:03:36.174 1551 1684 I am_pss : [17276,99000,com.android.webview:sandboxed_process0:org.chromium.content.app.SandboxedProcessService0:0,20338688,11673600,239616,73416704,0,3,5]
06-13 21:03:36.183 1551 1684 I am_pss : [1924,1002,com.android.bluetooth,40991744,38047744,69632,121319424,0,0,8]
06-13 21:03:36.190 1551 1684 I am_pss : [13669,10092,com.tencent.android.qqdownloader:live,21740544,12619776,237568,84254720,0,5,6]
06-13 21:03:36.202 1551 1684 I am_pss : [3299,10031,com.baidu.input,66743296,61652992,67584,158883840,0,7,10]
06-13 21:03:36.208 1551 1684 I am_pss : [3097,10090,com.android.providers.media.module,15006720,12599296,69632,90902528,0,0,6]
06-13 21:03:36.215 1551 1684 I am_pss : [2461,10091,android.ext.services,11671552,9129984,69632,87994368,0,5,6]
06-13 21:03:36.220 1551 1684 I am_pss : [3131,10070,com.qualcomm.location.XT,6106112,4194304,69632,76865536,0,6,5]
06-13 21:03:36.226 1551 1684 I am_pss : [2770,10076,com.qualcomm.location,9561088,6889472,69632,86155264,0,0,6]
06-13 21:03:36.232 1551 1684 I am_pss : [2153,1001,.dataservices,8313856,6139904,69632,80855040,0,0,5]
06-13 21:03:36.238 1551 1684 I am_pss : [2202,1073,com.android.networkstack.process,15038464,11771904,68608,94846976,0,0,5]
06-13 21:03:36.253 1551 1684 I am_pss : [1949,10075,com.android.systemui,179675136,171589632,67584,277884928,0,0,15]
06-13 21:03:37.820 0 0 E [70539.744640] link_delay_work_func: DTC_ETH: SQI=0, link=0
06-13 21:03:38.120 1551 1669 I commit_sys_config_file: [jobs,6]
06-13 21:03:42.424 0 0 I [70544.349656] init: processing action (sys.tlog.tlogdshc.active=1) from (/system/etc/init/tlogd.rc:195)
06-13 21:03:42.424 0 0 I [70544.350514] init: starting service 'tlogdshc'...
06-13 21:03:42.536 0 0 I [70544.461605] init: Service 'tlogdshc' (pid 25328) exited with status 0 oneshot service took 0.105000 seconds in background
06-13 21:03:42.536 0 0 I [70544.461633] init: Sending signal 9 to service 'tlogdshc' (pid 25328) process group...
06-13 21:03:42.536 0 0 I [70544.461809] libprocessgroup: Successfully killed process cgroup uid 0 pid 25328 in 0ms
06-13 21:03:42.940 0 0 E [70544.864361] link_delay_work_func: DTC_ETH: SQI=0, link=0
06-13 21:03:48.060 0 0 E [70549.984351] link_delay_work_func: DTC_ETH: SQI=0, link=0
06-13 21:03:50.994 1551 7377 I commit_sys_config_file: [appops,70533648]
06-13 21:03:53.176 0 0 E [70555.104423] link_delay_work_func: DTC_ETH: SQI=0, link=0
06-13 21:03:56.109 1551 1684 I commit_sys_config_file: [procstats,10]
06-13 21:03:58.300 0 0 E [70560.224408] link_delay_work_func: DTC_ETH: SQI=0, link=0
06-13 21:03:59.082 1551 1551 I notification_enqueue: [10092,17024,com.tencent.android.qqdownloader,127,NULL,0,Notification(channel=channel_id_default_silent shortcut=null contentView=com.tencent.android.qqdownloader/0x7f0a01c2 vibrate=null sound=null defaults=0x0 flags=0x2a2 color=0x00000000 groupKey=com.tencent.android.qqdownloader vis=PRIVATE),1]
06-13 21:04:03.420 0 0 E [70565.344369] link_delay_work_func: DTC_ETH: SQI=0, link=0
06-13 21:04:08.540 0 0 E [70570.464338] link_delay_work_func: DTC_ETH: SQI=0, link=0
06-13 21:04:11.066 1551 1911 I sync : [com.tencent.android.qqdownloader.YYBLiveAccountProvider,0,3,24220937]
06-13 21:04:11.098 1551 1911 I sync : [com.tencent.android.qqdownloader.YYBLiveAccountProvider,1,3,24220937]
06-13 21:04:11.100 1551 1911 I commit_sys_config_file: [sync-status,63630466]
06-13 21:04:11.111 1551 1911 I sync : [com.tencent.android.qqdownloader.YYBLiveAccountProvider,0,3,24220937]
06-13 21:04:11.142 1551 1911 I sync : [com.tencent.android.qqdownloader.YYBLiveAccountProvider,1,3,24220937]
06-13 21:04:11.144 1551 1911 I commit_sys_config_file: [sync-status,63630510]
06-13 21:04:12.424 0 0 I [70574.351085] init: processing action (sys.tlog.tlogdshc.active=1) from (/system/etc/init/tlogd.rc:195)
06-13 21:04:12.424 0 0 I [70574.351751] init: starting service 'tlogdshc'...
06-13 21:04:12.536 0 0 I [70574.463944] init: Service 'tlogdshc' (pid 25370) exited with status 0 oneshot service took 0.107000 seconds in background
06-13 21:04:12.536 0 0 I [70574.463973] init: Sending signal 9 to service 'tlogdshc' (pid 25370) process group...
06-13 21:04:12.536 0 0 I [70574.464141] libprocessgroup: Successfully killed process cgroup uid 0 pid 25370 in 0ms
06-13 21:04:13.107 1551 1669 I commit_sys_config_file: [jobs,6]
06-13 21:04:13.660 0 0 E [70575.584561] link_delay_work_func: DTC_ETH: SQI=0, link=0
06-13 21:04:18.780 0 0 E [70580.704574] link_delay_work_func: DTC_ETH: SQI=0, link=0
06-13 21:04:23.900 0 0 E [70585.824408] link_delay_work_func: DTC_ETH: SQI=0, link=0
06-13 21:04:29.020 0 0 E [70590.944539] link_delay_work_func: DTC_ETH: SQI=0, link=0
06-13 21:04:34.140 0 0 E [70596.064376] link_delay_work_func: DTC_ETH: SQI=0, link=0
06-13 21:04:39.260 0 0 E [70601.184367] link_delay_work_func: DTC_ETH: SQI=0, link=0
06-13 21:04:42.428 0 0 I [70604.353036] init: processing action (sys.tlog.tlogdshc.active=1) from (/system/etc/init/tlogd.rc:195)
06-13 21:04:42.428 0 0 I [70604.353648] init: starting service 'tlogdshc'...
06-13 21:04:42.544 0 0 I [70604.469018] init: Service 'tlogdshc' (pid 25411) exited with status 0 oneshot service took 0.110000 seconds in background
06-13 21:04:42.544 0 0 I [70604.469048] init: Sending signal 9 to service 'tlogdshc' (pid 25411) process group...
06-13 21:04:42.544 0 0 I [70604.469218] libprocessgroup: Successfully killed process cgroup uid 0 pid 25411 in 0ms
06-13 21:04:44.380 0 0 E [70606.304376] link_delay_work_func: DTC_ETH: SQI=0, link=0
06-13 21:04:46.074 1551 1911 I sync : [com.tencent.android.qqdownloader.YYBLiveAccountProvider,0,3,24220937]
06-13 21:04:46.116 1551 1911 I sync : [com.tencent.android.qqdownloader.YYBLiveAccountProvider,1,3,24220937]
06-13 21:04:46.138 1551 1911 I commit_sys_config_file: [sync-status,63665504]
06-13 21:04:46.147 1551 1911 I sync : [com.tencent.android.qqdownloader.YYBLiveAccountProvider,0,3,24220937]
06-13 21:04:46.173 1551 1911 I sync : [com.tencent.android.qqdownloader.YYBLiveAccountProvider,1,3,24220937]
06-13 21:04:46.175 1551 1911 I commit_sys_config_file: [sync-status,63665541]
06-13 21:04:48.124 1551 1669 I commit_sys_config_file: [jobs,6]
06-13 21:04:49.496 0 0 E [70611.424385] link_delay_work_func: DTC_ETH: SQI=0, link=0
06-13 21:04:54.620 0 0 E [70616.544342] link_delay_work_func: DTC_ETH: SQI=0, link=0
06-13 21:04:59.740 0 0 E [70621.664382] link_delay_work_func: DTC_ETH: SQI=0, link=0
06-13 21:05:00.567 1551 1551 I notification_enqueue: [10092,17024,com.tencent.android.qqdownloader,127,NULL,0,Notification(channel=channel_id_default_silent shortcut=null contentView=com.tencent.android.qqdownloader/0x7f0a01c2 vibrate=null sound=null defaults=0x0 flags=0x2a2 color=0x00000000 groupKey=com.tencent.android.qqdownloader vis=PRIVATE),1]
06-13 21:05:04.860 0 0 E [70626.784391] link_delay_work_func: DTC_ETH: SQI=0, link=0
06-13 21:05:09.980 0 0 E [70631.904336] link_delay_work_func: DTC_ETH: SQI=0, link=0
06-13 21:05:12.428 0 0 I [70634.354671] init: processing action (sys.tlog.tlogdshc.active=1) from (/system/etc/init/tlogd.rc:195)
06-13 21:05:12.428 0 0 I [70634.355230] init: starting service 'tlogdshc'...
06-13 21:05:12.544 0 0 I [70634.469695] init: Service 'tlogdshc' (pid 25458) exited with status 0 oneshot service took 0.109000 seconds in background
06-13 21:05:12.544 0 0 I [70634.469721] init: Sending signal 9 to service 'tlogdshc' (pid 25458) process group...
06-13 21:05:12.544 0 0 I [70634.469895] libprocessgroup: Successfully killed process cgroup uid 0 pid 25458 in 0ms
06-13 21:05:15.100 0 0 E [70637.024555] link_delay_work_func: DTC_ETH: SQI=0, link=0
06-13 21:05:20.220 0 0 E [70642.144421] link_delay_work_func: DTC_ETH: SQI=0, link=0
06-13 21:05:21.070 1551 1911 I sync : [com.tencent.android.qqdownloader.YYBLiveAccountProvider,0,3,24220937]
06-13 21:05:21.106 1551 1911 I sync : [com.tencent.android.qqdownloader.YYBLiveAccountProvider,1,3,24220937]
06-13 21:05:21.109 1551 1911 I commit_sys_config_file: [sync-status,63700474]
06-13 21:05:21.114 1551 1911 I sync : [com.tencent.android.qqdownloader.YYBLiveAccountProvider,0,3,24220937]
06-13 21:05:21.141 1551 1911 I sync : [com.tencent.android.qqdownloader.YYBLiveAccountProvider,1,3,24220937]
06-13 21:05:21.143 1551 1911 I commit_sys_config_file: [sync-status,63700509]
06-13 21:05:23.115 1551 1669 I commit_sys_config_file: [jobs,6]
06-13 21:05:25.340 0 0 E [70647.264492] link_delay_work_func: DTC_ETH: SQI=0, link=0
06-13 21:05:30.460 0 0 E [70652.384578] link_delay_work_func: DTC_ETH: SQI=0, link=0
06-13 21:05:35.580 0 0 E [70657.504381] link_delay_work_func: DTC_ETH: SQI=0, link=0
06-13 21:05:40.700 0 0 E [70662.624346] link_delay_work_func: DTC_ETH: SQI=0, link=0
06-13 21:05:42.432 0 0 I [70664.359089] init: processing action (sys.tlog.tlogdshc.active=1) from (/system/etc/init/tlogd.rc:195)
06-13 21:05:42.432 0 0 I [70664.359672] init: starting service 'tlogdshc'...
06-13 21:05:42.556 0 0 I [70664.480444] init: Service 'tlogdshc' (pid 25501) exited with status 0 oneshot service took 0.115000 seconds in background
06-13 21:05:42.556 0 0 I [70664.480497] init: Sending signal 9 to service 'tlogdshc' (pid 25501) process group...
06-13 21:05:42.556 0 0 I [70664.480786] libprocessgroup: Successfully killed process cgroup uid 0 pid 25501 in 0ms
06-13 21:05:45.821 0 0 E [70667.744372] link_delay_work_func: DTC_ETH: SQI=0, link=0
06-13 21:05:50.940 0 0 E [70672.864350] link_delay_work_func: DTC_ETH: SQI=0, link=0
06-13 21:05:56.060 0 0 E [70677.985266] link_delay_work_func: DTC_ETH: SQI=0, link=0
06-13 21:05:56.068 1551 1911 I sync : [com.tencent.android.qqdownloader.YYBLiveAccountProvider,0,3,24220937]
06-13 21:05:56.100 1551 1911 I sync : [com.tencent.android.qqdownloader.YYBLiveAccountProvider,1,3,24220937]
06-13 21:05:56.103 1551 1911 I commit_sys_config_file: [sync-status,63735468]
06-13 21:05:56.113 1551 1911 I sync : [com.tencent.android.qqdownloader.YYBLiveAccountProvider,0,3,24220937]
06-13 21:05:56.147 1551 1911 I sync : [com.tencent.android.qqdownloader.YYBLiveAccountProvider,1,3,24220937]
06-13 21:05:56.150 1551 1911 I commit_sys_config_file: [sync-status,63735515]
06-13 21:05:58.109 1551 1669 I commit_sys_config_file: [jobs,6]
06-13 21:06:01.180 0 0 E [70683.104330] link_delay_work_func: DTC_ETH: SQI=0, link=0
06-13 21:06:02.069 1551 1551 I notification_enqueue: [10092,17024,com.tencent.android.qqdownloader,127,NULL,0,Notification(channel=channel_id_default_silent shortcut=null contentView=com.tencent.android.qqdownloader/0x7f0a01c2 vibrate=null sound=null defaults=0x0 flags=0x2a2 color=0x00000000 groupKey=com.tencent.android.qqdownloader vis=PRIVATE),1]
06-13 21:06:06.300 0 0 E [70688.224366] link_delay_work_func: DTC_ETH: SQI=0, link=0
06-13 21:06:11.416 0 0 E [70693.344549] link_delay_work_func: DTC_ETH: SQI=0, link=0
06-13 21:06:12.440 0 0 I [70694.366787] init: processing action (sys.tlog.tlogdshc.active=1) from (/system/etc/init/tlogd.rc:195)
06-13 21:06:12.440 0 0 I [70694.367340] init: starting service 'tlogdshc'...
06-13 21:06:12.556 0 0 I [70694.483930] init: Service 'tlogdshc' (pid 25547) exited with status 0 oneshot service took 0.110000 seconds in background
06-13 21:06:12.556 0 0 I [70694.483957] init: Sending signal 9 to service 'tlogdshc' (pid 25547) process group...
06-13 21:06:12.556 0 0 I [70694.484115] libprocessgroup: Successfully killed process cgroup uid 0 pid 25547 in 0ms
06-13 21:06:16.540 0 0 E [70698.464349] link_delay_work_func: DTC_ETH: SQI=0, link=0
06-13 21:06:21.660 0 0 E [70703.584543] link_delay_work_func: DTC_ETH: SQI=0, link=0
06-13 21:06:26.780 0 0 E [70708.704461] link_delay_work_func: DTC_ETH: SQI=0, link=0
06-13 21:06:31.069 1551 1911 I sync : [com.tencent.android.qqdownloader.YYBLiveAccountProvider,0,3,24220937]
06-13 21:06:31.112 1551 1911 I sync : [com.tencent.android.qqdownloader.YYBLiveAccountProvider,1,3,24220937]
06-13 21:06:31.114 1551 1911 I commit_sys_config_file: [sync-status,63770480]
06-13 21:06:31.120 1551 1911 I sync : [com.tencent.android.qqdownloader.YYBLiveAccountProvider,0,3,24220937]
06-13 21:06:31.155 1551 1911 I sync : [com.tencent.android.qqdownloader.YYBLiveAccountProvider,1,3,24220937]
06-13 21:06:31.157 1551 1911 I commit_sys_config_file: [sync-status,63770523]
06-13 21:06:31.900 0 0 E [70713.824554] link_delay_work_func: DTC_ETH: SQI=0, link=0
06-13 21:06:33.120 1551 1669 I commit_sys_config_file: [jobs,6]
06-13 21:06:37.020 0 0 E [70718.944532] link_delay_work_func: DTC_ETH: SQI=0, link=0
06-13 21:06:42.136 0 0 E [70724.064382] link_delay_work_func: DTC_ETH: SQI=0, link=0
06-13 21:06:42.444 0 0 I [70724.368565] init: processing action (sys.tlog.tlogdshc.active=1) from (/system/etc/init/tlogd.rc:195)
06-13 21:06:42.444 0 0 I [70724.369136] init: starting service 'tlogdshc'...
06-13 21:06:42.552 0 0 I [70724.478188] init: Service 'tlogdshc' (pid 25590) exited with status 0 oneshot service took 0.104000 seconds in background
06-13 21:06:42.552 0 0 I [70724.478214] init: Sending signal 9 to service 'tlogdshc' (pid 25590) process group...
06-13 21:06:42.552 0 0 I [70724.478361] libprocessgroup: Successfully killed process cgroup uid 0 pid 25590 in 0ms
06-13 21:06:47.260 0 0 E [70729.184553] link_delay_work_func: DTC_ETH: SQI=0, link=0
06-13 21:06:52.380 0 0 E [70734.304544] link_delay_work_func: DTC_ETH: SQI=0, link=0
06-13 21:06:57.500 0 0 E [70739.424349] link_delay_work_func: DTC_ETH: SQI=0, link=0
06-13 21:07:02.620 0 0 E [70744.544354] link_delay_work_func: DTC_ETH: SQI=0, link=0
06-13 21:07:03.583 1551 1551 I notification_enqueue: [10092,17024,com.tencent.android.qqdownloader,127,NULL,0,Notification(channel=channel_id_default_silent shortcut=null contentView=com.tencent.android.qqdownloader/0x7f0a01c2 vibrate=null sound=null defaults=0x0 flags=0x2a2 color=0x00000000 groupKey=com.tencent.android.qqdownloader vis=PRIVATE),1]
06-13 21:07:06.072 1551 1911 I sync : [com.tencent.android.qqdownloader.YYBLiveAccountProvider,0,3,24220937]
06-13 21:07:06.100 1551 1911 I sync : [com.tencent.android.qqdownloader.YYBLiveAccountProvider,1,3,24220937]
06-13 21:07:06.102 1551 1911 I commit_sys_config_file: [sync-status,63805468]
06-13 21:07:06.108 1551 1911 I sync : [com.tencent.android.qqdownloader.YYBLiveAccountProvider,0,3,24220937]
06-13 21:07:06.136 1551 1911 I sync : [com.tencent.android.qqdownloader.YYBLiveAccountProvider,1,3,24220937]
06-13 21:07:06.139 1551 1911 I commit_sys_config_file: [sync-status,63805504]
06-13 21:07:07.740 0 0 E [70749.664395] link_delay_work_func: DTC_ETH: SQI=0, link=0
06-13 21:07:08.108 1551 1669 I commit_sys_config_file: [jobs,7]
06-13 21:07:12.444 0 0 I [70754.370872] init: processing action (sys.tlog.tlogdshc.active=1) from (/system/etc/init/tlogd.rc:195)
06-13 21:07:12.444 0 0 I [70754.371429] init: starting service 'tlogdshc'...
06-13 21:07:12.552 0 0 I [70754.480205] init: Service 'tlogdshc' (pid 25634) exited with status 0 oneshot service took 0.104000 seconds in background
06-13 21:07:12.552 0 0 I [70754.480233] init: Sending signal 9 to service 'tlogdshc' (pid 25634) process group...
06-13 21:07:12.556 0 0 I [70754.480455] libprocessgroup: Successfully killed process cgroup uid 0 pid 25634 in 0ms
06-13 21:07:12.860 0 0 E [70754.784434] link_delay_work_func: DTC_ETH: SQI=0, link=0
06-13 21:07:17.980 0 0 E [70759.904551] link_delay_work_func: DTC_ETH: SQI=0, link=0
06-13 21:07:23.100 0 0 E [70765.024605] link_delay_work_func: DTC_ETH: SQI=0, link=0
06-13 21:07:28.220 0 0 E [70770.144358] link_delay_work_func: DTC_ETH: SQI=0, link=0
06-13 21:07:33.340 0 0 E [70775.264427] link_delay_work_func: DTC_ETH: SQI=0, link=0
06-13 21:07:38.460 0 0 E [70780.384364] link_delay_work_func: DTC_ETH: SQI=0, link=0
06-13 21:07:41.072 1551 1911 I sync : [com.tencent.android.qqdownloader.YYBLiveAccountProvider,0,3,24220937]
06-13 21:07:41.113 1551 1911 I sync : [com.tencent.android.qqdownloader.YYBLiveAccountProvider,1,3,24220937]
06-13 21:07:41.116 1551 1911 I commit_sys_config_file: [sync-status,63840482]
06-13 21:07:41.126 1551 1911 I sync : [com.tencent.android.qqdownloader.YYBLiveAccountProvider,0,3,24220937]
06-13 21:07:41.172 1551 1911 I sync : [com.tencent.android.qqdownloader.YYBLiveAccountProvider,1,3,24220937]
06-13 21:07:41.177 1551 1911 I commit_sys_config_file: [sync-status,63840543]
06-13 21:07:42.452 0 0 I [70784.377543] init: processing action (sys.tlog.tlogdshc.active=1) from (/system/etc/init/tlogd.rc:195)
06-13 21:07:42.452 0 0 I [70784.378156] init: starting service 'tlogdshc'...
06-13 21:07:42.564 0 0 I [70784.488434] init: Service 'tlogdshc' (pid 25676) exited with status 0 oneshot service took 0.105000 seconds in background
06-13 21:07:42.564 0 0 I [70784.488464] init: Sending signal 9 to service 'tlogdshc' (pid 25676) process group...
06-13 21:07:42.564 0 0 I [70784.488636] libprocessgroup: Successfully killed process cgroup uid 0 pid 25676 in 0ms
