06-13 18:05:09.461 1551 2091 I wm_task_to_front: [0,63]
06-13 18:05:09.464 1551 2091 I wm_set_resumed_activity: [0,com.android.packageinstaller/.PackageInstallerActivity,positionChildAt]
06-13 18:05:09.464 1551 2091 I wm_focused_root_task: [0,0,63,62,bringingFoundTaskToFront]
06-13 18:05:09.464 1551 2091 I wm_set_resumed_activity: [0,com.android.packageinstaller/.PackageInstallerActivity,bringingFoundTaskToFront]
06-13 18:05:09.465 1551 2091 I wm_task_moved: [63,1,8]
06-13 18:05:09.465 1551 2091 I wm_set_resumed_activity: [0,com.android.packageinstaller/.PackageInstallerActivity,positionChildAt]
06-13 18:05:09.465 1551 2091 I wm_create_activity: [0,53847564,63,com.android.packageinstaller/.InstallStart,android.intent.action.VIEW,application/vnd.android.package-archive,content://com.tencent.pangu.fileprovider/external_path/Android/data/com.tencent.android.qqdownloader/files/tassistant/apk/com.tencent.qqmusic_4408.apk,281018371]
06-13 18:05:09.466 1551 2091 I wm_pause_activity: [0,220425749,com.android.packageinstaller/.PackageInstallerActivity,userLeaving=true,resumeTopActivityInnerLocked]
06-13 18:05:09.466 2159 2159 I wm_on_paused_called: [220425749,com.android.packageinstaller.PackageInstallerActivity,performPause]
06-13 18:05:09.468 13749 13749 I wm_on_create_called: [265660946,com.tencent.pangu.activity.InstallerListenerActivity,performCreate]
06-13 18:05:09.470 1551 1672 I input_focus: [Focus request 847c6c9 com.android.packageinstaller/com.android.packageinstaller.PackageInstallerActivity,reason=UpdateInputWindows]
06-13 18:05:09.474 1551 1586 I wm_restart_activity: [0,53847564,63,com.android.packageinstaller/.InstallStart]
06-13 18:05:09.475 1551 1586 I wm_set_resumed_activity: [0,com.android.packageinstaller/.InstallStart,minimalResumeActivityLocked]
06-13 18:05:09.481 1551 1670 I sysui_multi_action: [757,803,799,window_time_0,802,22]
06-13 18:05:09.483 13749 13749 I wm_on_start_called: [265660946,com.tencent.pangu.activity.InstallerListenerActivity,handleStartActivity]
06-13 18:05:09.484 13749 13749 I wm_on_resume_called: [265660946,com.tencent.pangu.activity.InstallerListenerActivity,RESUME_ACTIVITY]
06-13 18:05:09.491 13749 13749 I wm_on_top_resumed_gained_called: [265660946,com.tencent.pangu.activity.InstallerListenerActivity,topStateChangedWhenResumed]
06-13 18:05:09.500 1551 17020 I wm_task_moved: [63,1,8]
06-13 18:05:09.501 1551 17020 I wm_set_resumed_activity: [0,com.android.packageinstaller/.InstallStart,positionChildAt]
06-13 18:05:09.501 1551 17020 I wm_create_activity: [0,75158030,63,com.android.packageinstaller/.InstallStaging,android.intent.action.VIEW,application/vnd.android.package-archive,content://com.tencent.pangu.fileprovider/external_path/Android/data/com.tencent.android.qqdownloader/files/tassistant/apk/com.tencent.qqmusic_4408.apk,33554433]
06-13 18:05:09.502 1551 17020 I wm_pause_activity: [0,53847564,com.android.packageinstaller/.InstallStart,userLeaving=true,resumeTopActivityInnerLocked]
06-13 18:05:09.503 1551 2564 I wm_finish_activity: [0,53847564,63,com.android.packageinstaller/.InstallStart,app-request]
06-13 18:05:09.503 2159 2159 I wm_on_create_called: [53847564,com.android.packageinstaller.InstallStart,performCreate]
06-13 18:05:09.506 13749 13749 I wm_on_paused_called: [265660946,com.tencent.pangu.activity.InstallerListenerActivity,performPause]
06-13 18:05:09.509 1551 2564 I wm_add_to_stopping: [0,53847564,com.android.packageinstaller/.InstallStart,completeFinishing]
06-13 18:05:09.511 1551 2564 I wm_restart_activity: [0,75158030,63,com.android.packageinstaller/.InstallStaging]
06-13 18:05:09.511 1551 2564 I wm_set_resumed_activity: [0,com.android.packageinstaller/.InstallStaging,minimalResumeActivityLocked]
06-13 18:05:09.514 13749 13749 I wm_on_activity_result_called: [265660946,com.tencent.pangu.activity.InstallerListenerActivity,ACTIVITY_RESULT]
06-13 18:05:09.515 13749 13749 I wm_on_resume_called: [265660946,com.tencent.pangu.activity.InstallerListenerActivity,ACTIVITY_RESULT]
06-13 18:05:09.515 13749 13749 I wm_on_top_resumed_lost_called: [265660946,com.tencent.pangu.activity.InstallerListenerActivity,topStateChangedWhenResumed]
06-13 18:05:09.516 1551 1670 I sysui_multi_action: [757,803,799,window_time_0,802,0]
06-13 18:05:09.519 2159 2159 I wm_on_create_called: [75158030,com.android.packageinstaller.InstallStaging,performCreate]
06-13 18:05:09.519 2159 2159 I wm_on_start_called: [75158030,com.android.packageinstaller.InstallStaging,handleStartActivity]
06-13 18:05:09.520 2159 2159 I wm_on_resume_called: [75158030,com.android.packageinstaller.InstallStaging,RESUME_ACTIVITY]
06-13 18:05:09.521 1551 2564 I wm_destroy_activity: [0,53847564,63,com.android.packageinstaller/.InstallStart,finish-imm:idle]
06-13 18:05:09.525 2159 2159 I wm_on_top_resumed_gained_called: [75158030,com.android.packageinstaller.InstallStaging,topStateChangedWhenResumed]
06-13 18:05:09.525 2159 2159 I wm_on_destroy_called: [53847564,com.android.packageinstaller.InstallStart,performDestroy]
06-13 18:05:09.532 1551 1672 I input_focus: [Focus request 116011a com.android.packageinstaller/com.android.packageinstaller.InstallStaging,reason=UpdateInputWindows]
06-13 18:05:09.547 1551 1667 I wm_activity_launch_time: [0,265660946,com.tencent.android.qqdownloader/com.tencent.pangu.activity.InstallerListenerActivity,73]
06-13 18:05:09.550 1551 1667 I wm_activity_launch_time: [0,75158030,com.android.packageinstaller/.InstallStaging,86]
06-13 18:05:09.557 1551 1822 I input_focus: [Focus leaving 847c6c9 com.android.packageinstaller/com.android.packageinstaller.PackageInstallerActivity (server),reason=setFocusedWindow]
06-13 18:05:09.557 1551 1822 I input_focus: [Focus entering 116011a com.android.packageinstaller/com.android.packageinstaller.InstallStaging (server),reason=setFocusedWindow]
06-13 18:05:09.658 1551 2564 I wm_task_moved: [63,1,8]
06-13 18:05:09.658 1551 2564 I wm_set_resumed_activity: [0,com.android.packageinstaller/.InstallStaging,positionChildAt]
06-13 18:05:09.658 1551 2564 I wm_create_activity: [0,249091709,63,com.android.packageinstaller/.DeleteStagedFileOnResult,android.intent.action.VIEW,NULL,file:///data/user_de/0/com.android.packageinstaller/no_backup/package2657035657518753757.apk,33619969]
06-13 18:05:09.659 1551 2564 I wm_pause_activity: [0,75158030,com.android.packageinstaller/.InstallStaging,userLeaving=true,resumeTopActivityInnerLocked]
06-13 18:05:09.661 1551 1586 I wm_finish_activity: [0,75158030,63,com.android.packageinstaller/.InstallStaging,app-request]
06-13 18:05:09.663 2159 2159 I wm_on_top_resumed_lost_called: [75158030,com.android.packageinstaller.InstallStaging,topStateChangedWhenResumed]
06-13 18:05:09.663 2159 2159 I wm_on_paused_called: [75158030,com.android.packageinstaller.InstallStaging,performPause]
06-13 18:05:09.663 1551 1586 I wm_add_to_stopping: [0,75158030,com.android.packageinstaller/.InstallStaging,completeFinishing]
06-13 18:05:09.665 1551 1586 I wm_restart_activity: [0,249091709,63,com.android.packageinstaller/.DeleteStagedFileOnResult]
06-13 18:05:09.666 1551 1586 I wm_set_resumed_activity: [0,com.android.packageinstaller/.DeleteStagedFileOnResult,minimalResumeActivityLocked]
06-13 18:05:09.670 1551 1670 I sysui_multi_action: [757,803,799,window_time_0,802,0]
06-13 18:05:09.680 1551 2564 I wm_task_moved: [63,1,8]
06-13 18:05:09.680 1551 2564 I wm_set_resumed_activity: [0,com.android.packageinstaller/.DeleteStagedFileOnResult,positionChildAt]
06-13 18:05:09.680 1551 2564 I wm_create_activity: [0,240662303,63,com.android.packageinstaller/.PackageInstallerActivity,android.intent.action.VIEW,NULL,file:///data/user_de/0/com.android.packageinstaller/no_backup/package2657035657518753757.apk,65536]
06-13 18:05:09.681 1551 2564 I wm_pause_activity: [0,249091709,com.android.packageinstaller/.DeleteStagedFileOnResult,userLeaving=true,resumeTopActivityInnerLocked]
06-13 18:05:09.682 2159 2159 I wm_on_create_called: [249091709,com.android.packageinstaller.DeleteStagedFileOnResult,performCreate]
06-13 18:05:09.684 2159 2159 I wm_on_start_called: [249091709,com.android.packageinstaller.DeleteStagedFileOnResult,handleStartActivity]
06-13 18:05:09.684 2159 2159 I wm_on_resume_called: [249091709,com.android.packageinstaller.DeleteStagedFileOnResult,RESUME_ACTIVITY]
06-13 18:05:09.685 2159 2159 I wm_on_top_resumed_gained_called: [249091709,com.android.packageinstaller.DeleteStagedFileOnResult,topStateChangedWhenResumed]
06-13 18:05:09.688 1551 1672 I input_focus: [Focus request 6d15835 com.android.packageinstaller/com.android.packageinstaller.DeleteStagedFileOnResult,reason=UpdateInputWindows]
06-13 18:05:09.690 1551 1822 I input_focus: [Focus leaving 116011a com.android.packageinstaller/com.android.packageinstaller.InstallStaging (server),reason=NO_WINDOW]
06-13 18:05:09.691 2159 2159 I wm_on_top_resumed_lost_called: [249091709,com.android.packageinstaller.DeleteStagedFileOnResult,topStateChangedWhenResumed]
06-13 18:05:09.692 2159 2159 I wm_on_paused_called: [249091709,com.android.packageinstaller.DeleteStagedFileOnResult,performPause]
06-13 18:05:09.694 1551 2564 I wm_restart_activity: [0,240662303,63,com.android.packageinstaller/.PackageInstallerActivity]
06-13 18:05:09.695 1551 2564 I wm_set_resumed_activity: [0,com.android.packageinstaller/.PackageInstallerActivity,minimalResumeActivityLocked]
06-13 18:05:09.700 1551 1670 I sysui_multi_action: [757,803,799,window_time_0,802,0]
06-13 18:05:09.762 2159 2159 I wm_on_create_called: [240662303,com.android.packageinstaller.PackageInstallerActivity,performCreate]
06-13 18:05:09.763 2159 2159 I wm_on_start_called: [240662303,com.android.packageinstaller.PackageInstallerActivity,handleStartActivity]
06-13 18:05:09.767 2159 2159 I wm_on_resume_called: [240662303,com.android.packageinstaller.PackageInstallerActivity,RESUME_ACTIVITY]
06-13 18:05:09.768 2159 2159 I wm_on_top_resumed_gained_called: [240662303,com.android.packageinstaller.PackageInstallerActivity,topStateChangedWhenResumed]
06-13 18:05:09.779 1551 1672 I input_focus: [Focus request 61221b3 com.android.packageinstaller/com.android.packageinstaller.PackageInstallerActivity,reason=UpdateInputWindows]
06-13 18:05:09.785 1551 1667 I wm_activity_launch_time: [0,240662303,com.android.packageinstaller/.PackageInstallerActivity,129]
06-13 18:05:09.787 1551 1670 I wm_destroy_activity: [0,75158030,63,com.android.packageinstaller/.InstallStaging,finish-imm:transit]
06-13 18:05:09.790 1551 1822 I input_focus: [Focus entering 6d15835 com.android.packageinstaller/com.android.packageinstaller.DeleteStagedFileOnResult (server),reason=Window became focusable. Previous reason: NOT_VISIBLE]
06-13 18:05:09.790 1551 1822 I input_focus: [Focus leaving 6d15835 com.android.packageinstaller/com.android.packageinstaller.DeleteStagedFileOnResult (server),reason=setFocusedWindow]
06-13 18:05:09.790 1551 1822 I input_focus: [Focus entering 61221b3 com.android.packageinstaller/com.android.packageinstaller.PackageInstallerActivity (server),reason=setFocusedWindow]
06-13 18:05:09.792 2159 2159 I wm_on_stop_called: [75158030,com.android.packageinstaller.InstallStaging,LIFECYCLER_STOP_ACTIVITY]
06-13 18:05:09.792 2159 2159 I wm_on_destroy_called: [75158030,com.android.packageinstaller.InstallStaging,performDestroy]
06-13 18:05:10.017 1551 1586 I wm_finish_activity: [0,265660946,62,com.tencent.android.qqdownloader/com.tencent.pangu.activity.InstallerListenerActivity,app-request]
06-13 18:05:10.022 1551 1586 I wm_pause_activity: [0,265660946,com.tencent.android.qqdownloader/com.tencent.pangu.activity.InstallerListenerActivity,userLeaving=false,finish]
06-13 18:05:10.025 13749 13749 I wm_on_paused_called: [265660946,com.tencent.pangu.activity.InstallerListenerActivity,performPause]
06-13 18:05:10.027 1551 2564 I wm_destroy_activity: [0,265660946,62,com.tencent.android.qqdownloader/com.tencent.pangu.activity.InstallerListenerActivity,finish-imm:completePausedLocked]
06-13 18:05:10.035 1551 1670 I sysui_multi_action: [757,803,799,window_time_0,802,0]
06-13 18:05:10.037 13749 13749 I wm_on_stop_called: [265660946,com.tencent.pangu.activity.InstallerListenerActivity,LIFECYCLER_STOP_ACTIVITY]
06-13 18:05:10.044 13749 13749 I wm_on_destroy_called: [265660946,com.tencent.pangu.activity.InstallerListenerActivity,performDestroy]
06-13 18:05:10.054 1551 1843 I netstats_mobile_sample: [0,0,0,0,0,0,0,0,0,0,0,0,1686650710054]
06-13 18:05:10.054 1551 1843 I netstats_wifi_sample: [8999878100,6449706,114266064,1955961,8999878100,6449706,114266064,1955961,9110928899,6560887,113457772,1952247,1686650710054]
06-13 18:05:11.154 1551 1843 I netstats_mobile_sample: [0,0,0,0,0,0,0,0,0,0,0,0,1686650711154]
06-13 18:05:11.154 1551 1843 I netstats_wifi_sample: [9027719864,6468516,114480310,1959841,9027719864,6468516,114480310,1959841,9138870423,6579763,113673206,1956148,1686650711154]
06-13 18:05:11.182 0 0 I [59833.109681] init: processing action (sys.tlog.tlogdshc.active=1) from (/system/etc/init/tlogd.rc:195)
06-13 18:05:11.183 0 0 I [59833.109800] init: starting service 'tlogdshc'...
06-13 18:05:11.210 0 0 I [59833.138182] init: Service 'tlogdshc' (pid 7594) exited with status 0 oneshot service took 0.027000 seconds in background
06-13 18:05:11.210 0 0 I [59833.138191] init: Sending signal 9 to service 'tlogdshc' (pid 7594) process group...
06-13 18:05:11.210 0 0 I [59833.138250] libprocessgroup: Successfully killed process cgroup uid 0 pid 7594 in 0ms
06-13 18:05:11.900 0 0 E [59833.824290] link_delay_work_func: DTC_ETH: SQI=0, link=0
06-13 18:05:12.267 1551 1843 I netstats_mobile_sample: [0,0,0,0,0,0,0,0,0,0,0,0,1686650712267]
06-13 18:05:12.267 1551 1843 I netstats_wifi_sample: [9052743096,6485424,114647080,1962876,9052743096,6485424,114647080,1962876,9163797441,6596607,113839180,1959169,1686650712267]
06-13 18:05:13.386 1551 1843 I service_manager_stats: [100,45,16814]
06-13 18:05:13.386 1551 1843 I netstats_mobile_sample: [0,0,0,0,0,0,0,0,0,0,0,0,1686650713386]
06-13 18:05:13.386 1551 1843 I netstats_wifi_sample: [9079961650,6503782,114828250,1966267,9079955650,6503778,114828198,1966266,9191045651,6614984,114020550,1962563,1686650713386]
06-13 18:05:14.500 1551 1843 I netstats_mobile_sample: [0,0,0,0,0,0,0,0,0,0,0,0,1686650714500]
06-13 18:05:14.500 1551 1843 I netstats_wifi_sample: [9107280427,6522227,114994190,1969493,9107277427,6522225,114994138,1969492,9218331272,6633405,114186758,1965793,1686650714500]
06-13 18:05:15.652 1551 1843 I netstats_mobile_sample: [0,0,0,0,0,0,0,0,0,0,0,0,1686650715652]
06-13 18:05:15.652 1551 1843 I netstats_wifi_sample: [9134448619,6540577,115180490,1973072,9134436578,6540568,115180322,1973069,9245373031,6651670,114372142,1969356,1686650715652]
06-13 18:05:16.766 1551 1843 I netstats_mobile_sample: [0,0,0,0,0,0,0,0,0,0,0,0,1686650716766]
06-13 18:05:16.766 1551 1843 I netstats_wifi_sample: [9161940994,6559141,115346204,1976253,9161922994,6559129,115346152,1976252,9272867005,6670234,114537364,1972528,1686650716766]
06-13 18:05:17.020 0 0 E [59838.944290] link_delay_work_func: DTC_ETH: SQI=0, link=0
06-13 18:05:17.869 1551 1843 I netstats_mobile_sample: [0,0,0,0,0,0,0,0,0,0,0,0,1686650717869]
06-13 18:05:17.869 1551 1843 I netstats_wifi_sample: [9188347663,6576952,115512093,1979404,9188337399,6576945,115512053,1979403,9299421194,6688144,114704765,1975706,1686650717869]
06-13 18:05:18.307 1551 1860 I storage_state: [41217664-9172-527a-b3d5-edabb50a7d69,0,0,101997723648,118610538496]
06-13 18:05:18.832 17024 17024 I auditd : type=1400 audit(0.0:3588): avc: denied { read } for comm="getapkinfo" name="/" dev="dm-5" ino=2 scontext=u:r:untrusted_app_27:s0:c512,c768 tcontext=u:object_r:rootfs:s0 tclass=dir permissive=0 app=com.tencent.android.qqdownloader
06-13 18:05:18.837 1551 1551 I notification_enqueue: [10092,13749,com.tencent.android.qqdownloader,101,NULL,0,Notification(channel=channel_id_default_silent shortcut=null contentView=null vibrate=null sound=null tick defaults=0x0 flags=0x240 color=0x00000000 groupKey=com.tencent.android.qqdownloader vis=PRIVATE),1]
06-13 18:05:18.869 1551 1551 I notification_enqueue: [10092,13749,com.tencent.android.qqdownloader,101,NULL,0,Notification(channel=channel_id_default_silent shortcut=null contentView=null vibrate=null sound=null tick defaults=0x0 flags=0x240 color=0x00000000 groupKey=com.tencent.android.qqdownloader vis=PRIVATE),1]
06-13 18:05:18.969 1551 1843 I netstats_mobile_sample: [0,0,0,0,0,0,0,0,0,0,0,0,1686650718969]
06-13 18:05:18.969 1551 1843 I netstats_wifi_sample: [9210417907,6591828,115774557,1983770,9210387907,6591808,115774029,1983761,9321522590,6703041,114966437,1980060,1686650718969]
06-13 18:05:19.143 1551 1551 I notification_enqueue: [10092,17024,com.tencent.android.qqdownloader,127,NULL,0,Notification(channel=channel_id_default_silent shortcut=null contentView=com.tencent.android.qqdownloader/0x7f0a01c2 vibrate=null sound=null defaults=0x0 flags=0x2a2 color=0x00000000 groupKey=com.tencent.android.qqdownloader vis=PRIVATE),1]
06-13 18:05:19.284 1551 2564 I wm_task_moved: [62,1,8]
06-13 18:05:19.284 1551 2564 I wm_task_to_front: [0,62]
06-13 18:05:19.285 1551 2564 I wm_focused_root_task: [0,0,62,63,bringingFoundTaskToFront]
06-13 18:05:19.285 1551 2564 I wm_set_resumed_activity: [0,com.tencent.android.qqdownloader/com.tencent.assistantv2.activity.MainActivity,bringingFoundTaskToFront]
06-13 18:05:19.285 2159 2159 I wm_on_top_resumed_lost_called: [240662303,com.android.packageinstaller.PackageInstallerActivity,topStateChangedWhenResumed]
06-13 18:05:19.287 1551 2564 I wm_task_moved: [62,1,8]
06-13 18:05:19.288 1551 2564 I wm_create_activity: [0,82545374,62,com.tencent.android.qqdownloader/com.tencent.pangu.activity.InstallerListenerActivity,NULL,NULL,NULL,272629760]
06-13 18:05:19.289 1551 2564 I wm_restart_activity: [0,82545374,62,com.tencent.android.qqdownloader/com.tencent.pangu.activity.InstallerListenerActivity]
06-13 18:05:19.291 1551 2564 I wm_set_resumed_activity: [0,com.tencent.android.qqdownloader/com.tencent.pangu.activity.InstallerListenerActivity,minimalResumeActivityLocked]
06-13 18:05:19.302 1551 2100 I wm_task_moved: [63,1,8]
06-13 18:05:19.302 1551 2100 I wm_task_to_front: [0,63]
06-13 18:05:19.302 1551 2100 I wm_set_resumed_activity: [0,com.android.packageinstaller/.PackageInstallerActivity,positionChildAt]
06-13 18:05:19.302 1551 2100 I wm_focused_root_task: [0,0,63,62,bringingFoundTaskToFront]
06-13 18:05:19.302 1551 2100 I wm_set_resumed_activity: [0,com.android.packageinstaller/.PackageInstallerActivity,bringingFoundTaskToFront]
06-13 18:05:19.303 1551 2100 I wm_task_moved: [63,1,8]
06-13 18:05:19.303 1551 2100 I wm_set_resumed_activity: [0,com.android.packageinstaller/.PackageInstallerActivity,positionChildAt]
06-13 18:05:19.303 1551 2100 I wm_create_activity: [0,137535608,63,com.android.packageinstaller/.InstallStart,android.intent.action.VIEW,application/vnd.android.package-archive,content://com.tencent.pangu.fileprovider/external_path/Android/data/com.tencent.android.qqdownloader/files/tassistant/apk/com.tencent.qqlive_27374.apk,281018371]
06-13 18:05:19.304 1551 2100 I wm_pause_activity: [0,240662303,com.android.packageinstaller/.PackageInstallerActivity,userLeaving=true,resumeTopActivityInnerLocked]
06-13 18:05:19.304 2159 2159 I wm_on_paused_called: [240662303,com.android.packageinstaller.PackageInstallerActivity,performPause]
06-13 18:05:19.306 13749 13749 I wm_on_create_called: [82545374,com.tencent.pangu.activity.InstallerListenerActivity,performCreate]
06-13 18:05:19.306 1551 1672 I input_focus: [Focus request 61221b3 com.android.packageinstaller/com.android.packageinstaller.PackageInstallerActivity,reason=UpdateInputWindows]
06-13 18:05:19.308 1551 1586 I wm_restart_activity: [0,137535608,63,com.android.packageinstaller/.InstallStart]
06-13 18:05:19.310 1551 1586 I wm_set_resumed_activity: [0,com.android.packageinstaller/.InstallStart,minimalResumeActivityLocked]
06-13 18:05:19.317 1551 1670 I sysui_multi_action: [757,803,799,window_time_0,802,10]
06-13 18:05:19.318 13749 13749 I wm_on_start_called: [82545374,com.tencent.pangu.activity.InstallerListenerActivity,handleStartActivity]
06-13 18:05:19.318 13749 13749 I wm_on_resume_called: [82545374,com.tencent.pangu.activity.InstallerListenerActivity,RESUME_ACTIVITY]
06-13 18:05:19.323 13749 13749 I wm_on_top_resumed_gained_called: [82545374,com.tencent.pangu.activity.InstallerListenerActivity,topStateChangedWhenResumed]
06-13 18:05:19.323 13749 13749 I wm_on_paused_called: [82545374,com.tencent.pangu.activity.InstallerListenerActivity,performPause]
06-13 18:05:19.324 13749 13749 I wm_on_activity_result_called: [82545374,com.tencent.pangu.activity.InstallerListenerActivity,ACTIVITY_RESULT]
06-13 18:05:19.324 13749 13749 I wm_on_resume_called: [82545374,com.tencent.pangu.activity.InstallerListenerActivity,ACTIVITY_RESULT]
06-13 18:05:19.324 13749 13749 I wm_on_top_resumed_lost_called: [82545374,com.tencent.pangu.activity.InstallerListenerActivity,topStateChangedWhenResumed]
06-13 18:05:19.335 1551 1586 I wm_task_moved: [63,1,8]
06-13 18:05:19.335 1551 1586 I wm_set_resumed_activity: [0,com.android.packageinstaller/.InstallStart,positionChildAt]
06-13 18:05:19.335 1551 1586 I wm_create_activity: [0,172336965,63,com.android.packageinstaller/.InstallStaging,android.intent.action.VIEW,application/vnd.android.package-archive,content://com.tencent.pangu.fileprovider/external_path/Android/data/com.tencent.android.qqdownloader/files/tassistant/apk/com.tencent.qqlive_27374.apk,33554433]
06-13 18:05:19.336 1551 1586 I wm_pause_activity: [0,137535608,com.android.packageinstaller/.InstallStart,userLeaving=true,resumeTopActivityInnerLocked]
06-13 18:05:19.341 1551 17020 I wm_finish_activity: [0,137535608,63,com.android.packageinstaller/.InstallStart,app-request]
06-13 18:05:19.341 2159 2159 I wm_on_create_called: [137535608,com.android.packageinstaller.InstallStart,performCreate]
06-13 18:05:19.345 1551 2564 I wm_add_to_stopping: [0,137535608,com.android.packageinstaller/.InstallStart,completeFinishing]
06-13 18:05:19.348 1551 2564 I wm_restart_activity: [0,172336965,63,com.android.packageinstaller/.InstallStaging]
06-13 18:05:19.348 1551 2564 I wm_set_resumed_activity: [0,com.android.packageinstaller/.InstallStaging,minimalResumeActivityLocked]
06-13 18:05:19.353 1551 1670 I sysui_multi_action: [757,803,799,window_time_0,802,0]
06-13 18:05:19.357 1551 1586 I wm_destroy_activity: [0,137535608,63,com.android.packageinstaller/.InstallStart,finish-imm:idle]
06-13 18:05:19.358 2159 2159 I wm_on_create_called: [172336965,com.android.packageinstaller.InstallStaging,performCreate]
06-13 18:05:19.359 2159 2159 I wm_on_start_called: [172336965,com.android.packageinstaller.InstallStaging,handleStartActivity]
06-13 18:05:19.359 2159 2159 I wm_on_resume_called: [172336965,com.android.packageinstaller.InstallStaging,RESUME_ACTIVITY]
06-13 18:05:19.362 2159 2159 I wm_on_top_resumed_gained_called: [172336965,com.android.packageinstaller.InstallStaging,topStateChangedWhenResumed]
06-13 18:05:19.365 1551 1672 I input_focus: [Focus request 49e72c1 com.android.packageinstaller/com.android.packageinstaller.InstallStaging,reason=UpdateInputWindows]
06-13 18:05:19.370 2159 2159 I wm_on_destroy_called: [137535608,com.android.packageinstaller.InstallStart,performDestroy]
06-13 18:05:19.377 1551 1667 I wm_activity_launch_time: [0,172336965,com.android.packageinstaller/.InstallStaging,75]
06-13 18:05:19.379 1551 1667 I wm_activity_launch_time: [0,82545374,com.tencent.android.qqdownloader/com.tencent.pangu.activity.InstallerListenerActivity,61]
06-13 18:05:19.391 1551 1822 I input_focus: [Focus leaving 61221b3 com.android.packageinstaller/com.android.packageinstaller.PackageInstallerActivity (server),reason=setFocusedWindow]
06-13 18:05:19.391 1551 1822 I input_focus: [Focus entering 49e72c1 com.android.packageinstaller/com.android.packageinstaller.InstallStaging (server),reason=setFocusedWindow]
06-13 18:05:19.448 1551 17020 I wm_task_moved: [63,1,8]
06-13 18:05:19.448 1551 17020 I wm_set_resumed_activity: [0,com.android.packageinstaller/.InstallStaging,positionChildAt]
06-13 18:05:19.448 1551 17020 I wm_create_activity: [0,186497273,63,com.android.packageinstaller/.DeleteStagedFileOnResult,android.intent.action.VIEW,NULL,file:///data/user_de/0/com.android.packageinstaller/no_backup/package6093982474983238344.apk,33619969]
06-13 18:05:19.449 1551 17020 I wm_pause_activity: [0,172336965,com.android.packageinstaller/.InstallStaging,userLeaving=true,resumeTopActivityInnerLocked]
06-13 18:05:19.451 1551 1586 I wm_finish_activity: [0,172336965,63,com.android.packageinstaller/.InstallStaging,app-request]
06-13 18:05:19.451 2159 2159 I wm_on_top_resumed_lost_called: [172336965,com.android.packageinstaller.InstallStaging,topStateChangedWhenResumed]
06-13 18:05:19.451 2159 2159 I wm_on_paused_called: [172336965,com.android.packageinstaller.InstallStaging,performPause]
06-13 18:05:19.452 1551 2564 I wm_add_to_stopping: [0,172336965,com.android.packageinstaller/.InstallStaging,completeFinishing]
06-13 18:05:19.454 1551 2564 I wm_restart_activity: [0,186497273,63,com.android.packageinstaller/.DeleteStagedFileOnResult]
06-13 18:05:19.455 1551 2564 I wm_set_resumed_activity: [0,com.android.packageinstaller/.DeleteStagedFileOnResult,minimalResumeActivityLocked]
06-13 18:05:19.461 1551 1670 I sysui_multi_action: [757,803,799,window_time_0,802,0]
06-13 18:05:19.471 1551 1586 I wm_task_moved: [63,1,8]
06-13 18:05:19.471 1551 1586 I wm_set_resumed_activity: [0,com.android.packageinstaller/.DeleteStagedFileOnResult,positionChildAt]
06-13 18:05:19.471 1551 1586 I wm_create_activity: [0,216049083,63,com.android.packageinstaller/.PackageInstallerActivity,android.intent.action.VIEW,NULL,file:///data/user_de/0/com.android.packageinstaller/no_backup/package6093982474983238344.apk,65536]
06-13 18:05:19.472 1551 1586 I wm_pause_activity: [0,186497273,com.android.packageinstaller/.DeleteStagedFileOnResult,userLeaving=true,resumeTopActivityInnerLocked]
06-13 18:05:19.473 2159 2159 I wm_on_create_called: [186497273,com.android.packageinstaller.DeleteStagedFileOnResult,performCreate]
06-13 18:05:19.474 1551 1822 I input_focus: [Focus leaving 49e72c1 com.android.packageinstaller/com.android.packageinstaller.InstallStaging (server),reason=NO_WINDOW]
06-13 18:05:19.475 2159 2159 I wm_on_start_called: [186497273,com.android.packageinstaller.DeleteStagedFileOnResult,handleStartActivity]
06-13 18:05:19.475 2159 2159 I wm_on_resume_called: [186497273,com.android.packageinstaller.DeleteStagedFileOnResult,RESUME_ACTIVITY]
06-13 18:05:19.477 2159 2159 I wm_on_top_resumed_gained_called: [186497273,com.android.packageinstaller.DeleteStagedFileOnResult,topStateChangedWhenResumed]
06-13 18:05:19.477 2159 2159 I wm_on_top_resumed_lost_called: [186497273,com.android.packageinstaller.DeleteStagedFileOnResult,topStateChangedWhenResumed]
06-13 18:05:19.477 2159 2159 I wm_on_paused_called: [186497273,com.android.packageinstaller.DeleteStagedFileOnResult,performPause]
06-13 18:05:19.479 1551 2100 I wm_restart_activity: [0,216049083,63,com.android.packageinstaller/.PackageInstallerActivity]
06-13 18:05:19.480 1551 2100 I wm_set_resumed_activity: [0,com.android.packageinstaller/.PackageInstallerActivity,minimalResumeActivityLocked]
06-13 18:05:19.483 1551 1670 I sysui_multi_action: [757,803,799,window_time_0,802,0]
06-13 18:05:19.517 2159 2159 I wm_on_create_called: [216049083,com.android.packageinstaller.PackageInstallerActivity,performCreate]
06-13 18:05:19.518 2159 2159 I wm_on_start_called: [216049083,com.android.packageinstaller.PackageInstallerActivity,handleStartActivity]
06-13 18:05:19.522 2159 2159 I wm_on_resume_called: [216049083,com.android.packageinstaller.PackageInstallerActivity,RESUME_ACTIVITY]
06-13 18:05:19.530 2159 2159 I wm_on_top_resumed_gained_called: [216049083,com.android.packageinstaller.PackageInstallerActivity,topStateChangedWhenResumed]
06-13 18:05:19.537 1551 1672 I input_focus: [Focus request de01133 com.android.packageinstaller/com.android.packageinstaller.PackageInstallerActivity,reason=UpdateInputWindows]
06-13 18:05:19.550 1551 1667 I wm_activity_launch_time: [0,216049083,com.android.packageinstaller/.PackageInstallerActivity,103]
06-13 18:05:19.554 1551 1670 I wm_destroy_activity: [0,172336965,63,com.android.packageinstaller/.InstallStaging,finish-imm:transit]
06-13 18:05:19.557 1551 1822 I input_focus: [Focus entering de01133 com.android.packageinstaller/com.android.packageinstaller.PackageInstallerActivity (server),reason=setFocusedWindow]
06-13 18:05:19.560 2159 2159 I wm_on_stop_called: [172336965,com.android.packageinstaller.InstallStaging,LIFECYCLER_STOP_ACTIVITY]
06-13 18:05:19.560 2159 2159 I wm_on_destroy_called: [172336965,com.android.packageinstaller.InstallStaging,performDestroy]
06-13 18:05:19.825 1551 2100 I wm_finish_activity: [0,82545374,62,com.tencent.android.qqdownloader/com.tencent.pangu.activity.InstallerListenerActivity,app-request]
06-13 18:05:19.827 1551 2100 I wm_pause_activity: [0,82545374,com.tencent.android.qqdownloader/com.tencent.pangu.activity.InstallerListenerActivity,userLeaving=false,finish]
06-13 18:05:19.839 13749 13749 I wm_on_paused_called: [82545374,com.tencent.pangu.activity.InstallerListenerActivity,performPause]
06-13 18:05:19.840 1551 2100 I wm_destroy_activity: [0,82545374,62,com.tencent.android.qqdownloader/com.tencent.pangu.activity.InstallerListenerActivity,finish-imm:completePausedLocked]
06-13 18:05:19.846 13749 13749 I wm_on_stop_called: [82545374,com.tencent.pangu.activity.InstallerListenerActivity,LIFECYCLER_STOP_ACTIVITY]
06-13 18:05:19.847 1551 1670 I sysui_multi_action: [757,803,799,window_time_0,802,0]
06-13 18:05:19.848 13749 13749 I wm_on_destroy_called: [82545374,com.tencent.pangu.activity.InstallerListenerActivity,performDestroy]
06-13 18:05:20.083 1551 1843 I netstats_mobile_sample: [0,0,0,0,0,0,0,0,0,0,0,0,1686650720083]
06-13 18:05:20.083 1551 1843 I netstats_wifi_sample: [9231417618,6605970,116092019,1989050,9231417618,6605970,116092019,1989050,9342591719,6717229,115284915,1985357,1686650720083]
06-13 18:05:21.197 1551 1843 I netstats_mobile_sample: [0,0,0,0,0,0,0,0,0,0,0,0,1686650721197]
06-13 18:05:21.197 1551 1843 I netstats_wifi_sample: [9255115653,6621944,116360585,1993776,9255115653,6621944,116360585,1993776,9366289754,6733203,115553481,1990083,1686650721197]
06-13 18:05:22.140 0 0 E [59844.064370] link_delay_work_func: DTC_ETH: SQI=0, link=0
06-13 18:05:22.318 1551 1843 I netstats_mobile_sample: [0,0,0,0,0,0,0,0,0,0,0,0,1686650722318]
06-13 18:05:22.318 1551 1843 I netstats_wifi_sample: [9281000993,6639412,116574207,1997710,9281000993,6639412,116574207,1997710,9392175038,6750670,115767103,1994017,1686650722318]
06-13 18:05:23.450 1551 1843 I netstats_mobile_sample: [0,0,0,0,0,0,0,0,0,0,0,0,1686650723449]
06-13 18:05:23.450 1551 1843 I netstats_wifi_sample: [9307949992,6657586,116817119,2001983,9307949992,6657586,116817119,2001983,9419124037,6768844,116010015,1998290,1686650723449]
06-13 18:05:24.558 1551 1843 I netstats_mobile_sample: [0,0,0,0,0,0,0,0,0,0,0,0,1686650724558]
06-13 18:05:24.558 1551 1843 I netstats_wifi_sample: [9335639860,6676271,117031559,2005826,9335639860,6676271,117031559,2005826,9446758025,6787497,116224415,2002132,1686650724558]
06-13 18:05:25.679 1551 1843 I netstats_mobile_sample: [0,0,0,0,0,0,0,0,0,0,0,0,1686650725679]
06-13 18:05:25.679 1551 1843 I netstats_wifi_sample: [9362167134,6694204,117192681,2008817,9362159634,6694199,117192513,2008814,9473336419,6805464,116385229,2005118,1686650725679]
06-13 18:05:26.827 1551 1843 I netstats_mobile_sample: [0,0,0,0,0,0,0,0,0,0,0,0,1686650726826]
06-13 18:05:26.827 1551 1843 I netstats_wifi_sample: [9388100986,6711696,117404329,2012716,9388097986,6711694,117404329,2012716,9499277093,6822966,116597109,2009021,1686650726826]
06-13 18:05:27.260 0 0 E [59849.184312] link_delay_work_func: DTC_ETH: SQI=0, link=0
06-13 18:05:27.931 1551 1843 I netstats_mobile_sample: [0,0,0,0,0,0,0,0,0,0,0,0,1686650727931]
06-13 18:05:27.931 1551 1843 I netstats_wifi_sample: [9410426712,6726753,117602693,2016338,9410426712,6726753,117602693,2016338,9521546419,6837985,116794605,2012628,1686650727931]
06-13 18:05:29.048 1551 1843 I netstats_mobile_sample: [0,0,0,0,0,0,0,0,0,0,0,0,1686650729048]
06-13 18:05:29.049 1551 1843 I netstats_wifi_sample: [9436992889,6744667,117818519,2020325,9436986889,6744663,117818467,2020324,9548181522,6855949,117011363,2016631,1686650729048]
06-13 18:05:30.154 1551 1843 I service_manager_stats: [100,31,16769]
06-13 18:05:30.169 1551 1843 I netstats_mobile_sample: [0,0,0,0,0,0,0,0,0,0,0,0,1686650730168]
06-13 18:05:30.169 1551 1843 I netstats_wifi_sample: [9464663854,6763344,118009887,2023944,9464663854,6763344,118009887,2023944,9575779771,6874576,117202303,2020242,1686650730168]
06-13 18:05:31.373 1551 1709 I sysui_multi_action: [757,1696,758,6,759,2]
06-13 18:05:31.376 1551 1843 I netstats_mobile_sample: [0,0,0,0,0,0,0,0,0,0,0,0,1686650731376]
06-13 18:05:31.377 1551 1843 I netstats_wifi_sample: [9489615912,6780158,118229665,2027957,9489615912,6780158,118229665,2027957,9600768408,6891413,117422017,2024254,1686650731376]
06-13 18:05:31.377 1551 1667 I sysui_multi_action: [757,222,758,1]
06-13 18:05:31.392 1551 1686 I am_wtf : [0,1551,system_server,-1,DisplayDeviceConfig,requesting nits when no mapping exists.]
06-13 18:05:31.405 1551 1686 I am_wtf : [0,1551,system_server,-1,DisplayDeviceConfig,requesting nits when no mapping exists.]
06-13 18:05:31.406 1551 1686 I am_wtf : [0,1551,system_server,-1,DisplayDeviceConfig,requesting nits when no mapping exists.]
06-13 18:05:31.410 1551 1686 I am_wtf : [0,1551,system_server,-1,DisplayDeviceConfig,requesting nits when no mapping exists.]
06-13 18:05:31.420 1551 1686 I am_wtf : [0,1551,system_server,-1,DisplayDeviceConfig,requesting nits when no mapping exists.]
06-13 18:05:31.421 1551 1686 I am_wtf : [0,1551,system_server,-1,DisplayDeviceConfig,requesting nits when no mapping exists.]
06-13 18:05:31.428 1551 2100 I wm_task_created: [68,-1]
06-13 18:05:31.430 1551 2100 I wm_task_moved: [68,1,9]
06-13 18:05:31.430 1551 2100 I wm_task_to_front: [0,68]
06-13 18:05:31.430 1551 2100 I wm_create_task: [0,68]
06-13 18:05:31.430 1551 2100 I wm_create_activity: [0,178852985,68,com.thundercomm.screensaver/android.service.dreams.DreamActivity,NULL,NULL,NULL,276824064]
06-13 18:05:31.430 1551 2100 I wm_task_moved: [68,1,9]
06-13 18:05:31.431 1551 2100 I wm_pause_activity: [0,216049083,com.android.packageinstaller/.PackageInstallerActivity,userLeaving=true,pauseBackTasks]
06-13 18:05:31.432 2159 2159 I wm_on_top_resumed_lost_called: [216049083,com.android.packageinstaller.PackageInstallerActivity,topStateChangedWhenResumed]
06-13 18:05:31.437 1551 1686 I am_wtf : [0,1551,system_server,-1,DisplayDeviceConfig,requesting nits when no mapping exists.]
06-13 18:05:31.438 1551 1686 I am_wtf : [0,1551,system_server,-1,DisplayDeviceConfig,requesting nits when no mapping exists.]
06-13 18:05:31.439 2159 2159 I wm_on_paused_called: [216049083,com.android.packageinstaller.PackageInstallerActivity,performPause]
06-13 18:05:31.441 1551 2564 I wm_add_to_stopping: [0,216049083,com.android.packageinstaller/.PackageInstallerActivity,makeInvisible]
06-13 18:05:31.441 1551 2564 I wm_add_to_stopping: [0,186497273,com.android.packageinstaller/.DeleteStagedFileOnResult,makeInvisible]
06-13 18:05:31.441 1551 2564 I wm_add_to_stopping: [0,240662303,com.android.packageinstaller/.PackageInstallerActivity,makeInvisible]
06-13 18:05:31.441 1551 2564 I wm_add_to_stopping: [0,249091709,com.android.packageinstaller/.DeleteStagedFileOnResult,makeInvisible]
06-13 18:05:31.441 1551 2564 I wm_add_to_stopping: [0,220425749,com.android.packageinstaller/.PackageInstallerActivity,makeInvisible]
06-13 18:05:31.441 1551 2564 I wm_add_to_stopping: [0,171589283,com.android.packageinstaller/.DeleteStagedFileOnResult,makeInvisible]
06-13 18:05:31.441 1551 2564 I wm_add_to_stopping: [0,240921632,com.android.packageinstaller/.PackageInstallerActivity,makeInvisible]
06-13 18:05:31.441 1551 2564 I wm_add_to_stopping: [0,3960262,com.android.packageinstaller/.DeleteStagedFileOnResult,makeInvisible]
06-13 18:05:31.441 1551 2564 I wm_add_to_stopping: [0,223077111,com.android.packageinstaller/.PackageInstallerActivity,makeInvisible]
06-13 18:05:31.441 1551 2564 I wm_add_to_stopping: [0,53462805,com.android.packageinstaller/.DeleteStagedFileOnResult,makeInvisible]
06-13 18:05:31.441 1551 2564 I wm_add_to_stopping: [0,27001122,com.android.packageinstaller/.InstallSuccess,makeInvisible]
06-13 18:05:31.441 1551 2564 I wm_add_to_stopping: [0,86616444,com.android.packageinstaller/.DeleteStagedFileOnResult,makeInvisible]
06-13 18:05:31.441 1551 2564 I wm_add_to_stopping: [0,87018331,com.android.launcher3/.uioverrides.QuickstepLauncher,makeInvisible]
06-13 18:05:31.446 1551 2564 I wm_restart_activity: [0,178852985,68,com.thundercomm.screensaver/android.service.dreams.DreamActivity]
06-13 18:05:31.448 1551 2564 I wm_set_resumed_activity: [0,com.thundercomm.screensaver/android.service.dreams.DreamActivity,minimalResumeActivityLocked]
06-13 18:05:31.456 1551 1551 I notification_enqueue: [10092,13749,com.tencent.android.qqdownloader,101,NULL,0,Notification(channel=channel_id_default_silent shortcut=null contentView=null vibrate=null sound=null tick defaults=0x0 flags=0x240 color=0x00000000 groupKey=com.tencent.android.qqdownloader vis=PRIVATE),1]
06-13 18:05:31.459 1551 1686 I am_wtf : [0,1551,system_server,-1,DisplayDeviceConfig,requesting nits when no mapping exists.]
06-13 18:05:31.464 1551 1686 I am_wtf : [0,1551,system_server,-1,DisplayDeviceConfig,requesting nits when no mapping exists.]
06-13 18:05:31.469 1551 1551 I notification_enqueue: [10092,13749,com.tencent.android.qqdownloader,101,NULL,0,Notification(channel=channel_id_default_silent shortcut=null contentView=null vibrate=null sound=null tick defaults=0x0 flags=0x240 color=0x00000000 groupKey=com.tencent.android.qqdownloader vis=PRIVATE),1]
06-13 18:05:31.476 1551 1686 I am_wtf : [0,1551,system_server,-1,DisplayDeviceConfig,requesting nits when no mapping exists.]
06-13 18:05:31.477 1551 1686 I am_wtf : [0,1551,system_server,-1,DisplayDeviceConfig,requesting nits when no mapping exists.]
06-13 18:05:31.477 4423 4423 I wm_on_create_called: [178852985,android.service.dreams.DreamActivity,performCreate]
06-13 18:05:31.477 1551 1670 I sysui_multi_action: [757,803,799,window_time_0,802,12]
06-13 18:05:31.478 4423 4423 I wm_on_start_called: [178852985,android.service.dreams.DreamActivity,handleStartActivity]
06-13 18:05:31.478 4423 4423 I wm_on_resume_called: [178852985,android.service.dreams.DreamActivity,RESUME_ACTIVITY]
06-13 18:05:31.479 1551 1822 I input_focus: [Focus leaving de01133 com.android.packageinstaller/com.android.packageinstaller.PackageInstallerActivity (server),reason=NO_WINDOW]
06-13 18:05:31.487 4423 4423 I wm_on_top_resumed_gained_called: [178852985,android.service.dreams.DreamActivity,topStateChangedWhenResumed]
06-13 18:05:31.498 1551 1686 I am_wtf : [0,1551,system_server,-1,DisplayDeviceConfig,requesting nits when no mapping exists.]
06-13 18:05:31.499 1551 1686 I am_wtf : [0,1551,system_server,-1,DisplayDeviceConfig,requesting nits when no mapping exists.]
06-13 18:05:31.507 1551 17020 I am_uid_active: 10062
06-13 18:05:31.509 1551 1686 I am_wtf : [0,1551,system_server,-1,DisplayDeviceConfig,requesting nits when no mapping exists.]
06-13 18:05:31.511 1551 1686 I am_wtf : [0,1551,system_server,-1,DisplayDeviceConfig,requesting nits when no mapping exists.]
06-13 18:05:31.532 1551 1686 I am_wtf : [0,1551,system_server,-1,DisplayDeviceConfig,requesting nits when no mapping exists.]
06-13 18:05:31.535 1551 1672 I input_focus: [Focus request dc1199c com.thundercomm.screensaver/android.service.dreams.DreamActivity,reason=UpdateInputWindows]
06-13 18:05:31.538 1551 1686 I am_wtf : [0,1551,system_server,-1,DisplayDeviceConfig,requesting nits when no mapping exists.]
06-13 18:05:31.543 1551 1686 I am_wtf : [0,1551,system_server,-1,DisplayDeviceConfig,requesting nits when no mapping exists.]
06-13 18:05:31.547 1551 1686 I am_wtf : [0,1551,system_server,-1,DisplayDeviceConfig,requesting nits when no mapping exists.]
06-13 18:05:31.558 1551 1686 I am_wtf : [0,1551,system_server,-1,DisplayDeviceConfig,requesting nits when no mapping exists.]
06-13 18:05:31.564 1551 1686 I am_wtf : [0,1551,system_server,-1,DisplayDeviceConfig,requesting nits when no mapping exists.]
06-13 18:05:31.573 1551 1686 I am_wtf : [0,1551,system_server,-1,DisplayDeviceConfig,requesting nits when no mapping exists.]
06-13 18:05:31.576 1551 1686 I am_wtf : [0,1551,system_server,-1,DisplayDeviceConfig,requesting nits when no mapping exists.]
06-13 18:05:31.587 1551 1709 I sysui_multi_action: [757,1696,758,6,759,3]
06-13 18:05:31.591 1551 1686 I am_wtf : [0,1551,system_server,-1,DisplayDeviceConfig,requesting nits when no mapping exists.]
06-13 18:05:31.592 1551 1686 I am_wtf : [0,1551,system_server,-1,DisplayDeviceConfig,requesting nits when no mapping exists.]
06-13 18:05:31.592 1551 1822 I input_focus: [Focus entering dc1199c com.thundercomm.screensaver/android.service.dreams.DreamActivity (server),reason=Window became focusable. Previous reason: NOT_VISIBLE]
06-13 18:05:31.603 1551 1667 I sysui_multi_action: [319,155,321,129,322,164,325,59853,757,761,758,8,759,1,806,com.thundercomm.screensaver,871,android.service.dreams.DreamActivity,904,com.thundercomm.screensaver,905,0,1320,4,1321,2]
06-13 18:05:31.603 1551 1667 I wm_activity_launch_time: [0,178852985,com.thundercomm.screensaver/android.service.dreams.DreamActivity,164]
06-13 18:05:31.607 1551 1686 I am_wtf : [0,1551,system_server,-1,DisplayDeviceConfig,requesting nits when no mapping exists.]
06-13 18:05:31.609 1551 1686 I am_wtf : [0,1551,system_server,-1,DisplayDeviceConfig,requesting nits when no mapping exists.]
06-13 18:05:31.625 1551 1686 I am_wtf : [0,1551,system_server,-1,DisplayDeviceConfig,requesting nits when no mapping exists.]
06-13 18:05:31.626 1551 1686 I am_wtf : [0,1551,system_server,-1,DisplayDeviceConfig,requesting nits when no mapping exists.]
06-13 18:05:31.640 1551 1686 I am_wtf : [0,1551,system_server,-1,DisplayDeviceConfig,requesting nits when no mapping exists.]
06-13 18:05:31.641 1551 1686 I am_wtf : [0,1551,system_server,-1,DisplayDeviceConfig,requesting nits when no mapping exists.]
06-13 18:05:31.656 1551 1686 I am_wtf : [0,1551,system_server,-1,DisplayDeviceConfig,requesting nits when no mapping exists.]
06-13 18:05:31.658 1551 1686 I am_wtf : [0,1551,system_server,-1,DisplayDeviceConfig,requesting nits when no mapping exists.]
06-13 18:05:31.679 1551 1686 I am_wtf : [0,1551,system_server,-1,DisplayDeviceConfig,requesting nits when no mapping exists.]
06-13 18:05:31.679 1551 1686 I am_wtf : [0,1551,system_server,-1,DisplayDeviceConfig,requesting nits when no mapping exists.]
06-13 18:05:31.690 1551 1686 I am_wtf : [0,1551,system_server,-1,DisplayDeviceConfig,requesting nits when no mapping exists.]
06-13 18:05:31.690 1551 1686 I am_wtf : [0,1551,system_server,-1,DisplayDeviceConfig,requesting nits when no mapping exists.]
06-13 18:05:31.706 1551 1686 I am_wtf : [0,1551,system_server,-1,DisplayDeviceConfig,requesting nits when no mapping exists.]
06-13 18:05:31.706 1551 1686 I am_wtf : [0,1551,system_server,-1,DisplayDeviceConfig,requesting nits when no mapping exists.]
06-13 18:05:31.723 1551 1686 I am_wtf : [0,1551,system_server,-1,DisplayDeviceConfig,requesting nits when no mapping exists.]
06-13 18:05:31.724 1551 1686 I am_wtf : [0,1551,system_server,-1,DisplayDeviceConfig,requesting nits when no mapping exists.]
06-13 18:05:31.740 1551 1686 I am_wtf : [0,1551,system_server,-1,DisplayDeviceConfig,requesting nits when no mapping exists.]
06-13 18:05:31.740 1551 1686 I am_wtf : [0,1551,system_server,-1,DisplayDeviceConfig,requesting nits when no mapping exists.]
06-13 18:05:31.757 1551 1686 I am_wtf : [0,1551,system_server,-1,DisplayDeviceConfig,requesting nits when no mapping exists.]
06-13 18:05:31.758 1551 1686 I am_wtf : [0,1551,system_server,-1,DisplayDeviceConfig,requesting nits when no mapping exists.]
06-13 18:05:31.774 1551 1686 I am_wtf : [0,1551,system_server,-1,DisplayDeviceConfig,requesting nits when no mapping exists.]
06-13 18:05:31.774 1551 1686 I am_wtf : [0,1551,system_server,-1,DisplayDeviceConfig,requesting nits when no mapping exists.]
06-13 18:05:31.812 1551 1551 I notification_enqueue: [10092,17024,com.tencent.android.qqdownloader,127,NULL,0,Notification(channel=channel_id_default_silent shortcut=null contentView=com.tencent.android.qqdownloader/0x7f0a01c2 vibrate=null sound=null defaults=0x0 flags=0x2a2 color=0x00000000 groupKey=com.tencent.android.qqdownloader vis=PRIVATE),1]
06-13 18:05:32.073 1551 1670 I wm_stop_activity: [0,86616444,com.android.packageinstaller/.DeleteStagedFileOnResult]
06-13 18:05:32.074 1551 1670 I wm_stop_activity: [0,27001122,com.android.packageinstaller/.InstallSuccess]
06-13 18:05:32.074 1551 1670 I wm_stop_activity: [0,53462805,com.android.packageinstaller/.DeleteStagedFileOnResult]
06-13 18:05:32.074 1551 1670 I wm_stop_activity: [0,223077111,com.android.packageinstaller/.PackageInstallerActivity]
06-13 18:05:32.074 1551 1670 I wm_stop_activity: [0,3960262,com.android.packageinstaller/.DeleteStagedFileOnResult]
06-13 18:05:32.075 1551 1670 I wm_stop_activity: [0,240921632,com.android.packageinstaller/.PackageInstallerActivity]
06-13 18:05:32.075 1551 1670 I wm_stop_activity: [0,171589283,com.android.packageinstaller/.DeleteStagedFileOnResult]
06-13 18:05:32.075 1551 1670 I wm_stop_activity: [0,220425749,com.android.packageinstaller/.PackageInstallerActivity]
06-13 18:05:32.075 1551 1670 I wm_stop_activity: [0,249091709,com.android.packageinstaller/.DeleteStagedFileOnResult]
06-13 18:05:32.075 1551 1670 I wm_stop_activity: [0,240662303,com.android.packageinstaller/.PackageInstallerActivity]
06-13 18:05:32.075 1551 1670 I wm_stop_activity: [0,186497273,com.android.packageinstaller/.DeleteStagedFileOnResult]
06-13 18:05:32.076 1551 1670 I wm_stop_activity: [0,216049083,com.android.packageinstaller/.PackageInstallerActivity]
06-13 18:05:32.078 1551 1670 I wm_stop_activity: [0,87018331,com.android.launcher3/.uioverrides.QuickstepLauncher]
06-13 18:05:32.090 1551 18730 I wm_task_moved: [62,1,8]
06-13 18:05:32.090 1551 18730 I wm_task_to_front: [0,62]
06-13 18:05:32.093 1551 18730 I wm_task_moved: [62,1,8]
06-13 18:05:32.093 1551 18730 I wm_create_activity: [0,226091702,62,com.tencent.android.qqdownloader/com.tencent.pangu.activity.InstallerListenerActivity,NULL,NULL,NULL,272629760]
06-13 18:05:32.094 1551 18730 I wm_restart_activity: [0,226091702,62,com.tencent.android.qqdownloader/com.tencent.pangu.activity.InstallerListenerActivity]
06-13 18:05:32.095 1551 18730 I wm_task_moved: [62,1,8]
06-13 18:05:32.095 1551 18730 I wm_focused_root_task: [0,0,62,68,startActivityInner]
06-13 18:05:32.095 4423 4423 I wm_on_top_resumed_lost_called: [178852985,android.service.dreams.DreamActivity,topStateChangedWhenResumed]
06-13 18:05:32.095 1551 18730 I wm_set_resumed_activity: [0,com.tencent.android.qqdownloader/com.tencent.pangu.activity.InstallerListenerActivity,resumeTopActivityInnerLocked]
06-13 18:05:32.096 1551 18730 I wm_resume_activity: [0,226091702,62,com.tencent.android.qqdownloader/com.tencent.pangu.activity.InstallerListenerActivity]
06-13 18:05:32.100 2159 2159 I wm_on_stop_called: [86616444,com.android.packageinstaller.DeleteStagedFileOnResult,STOP_ACTIVITY_ITEM]
06-13 18:05:32.101 2159 2159 I wm_on_stop_called: [27001122,com.android.packageinstaller.InstallSuccess,STOP_ACTIVITY_ITEM]
06-13 18:05:32.101 2159 2159 I wm_on_stop_called: [53462805,com.android.packageinstaller.DeleteStagedFileOnResult,STOP_ACTIVITY_ITEM]
06-13 18:05:32.101 2159 2159 I wm_on_stop_called: [223077111,com.android.packageinstaller.PackageInstallerActivity,STOP_ACTIVITY_ITEM]
06-13 18:05:32.102 2159 2159 I wm_on_stop_called: [3960262,com.android.packageinstaller.DeleteStagedFileOnResult,STOP_ACTIVITY_ITEM]
06-13 18:05:32.102 2159 2159 I wm_on_stop_called: [240921632,com.android.packageinstaller.PackageInstallerActivity,STOP_ACTIVITY_ITEM]
06-13 18:05:32.103 2159 2159 I wm_on_stop_called: [171589283,com.android.packageinstaller.DeleteStagedFileOnResult,STOP_ACTIVITY_ITEM]
06-13 18:05:32.103 2159 2159 I wm_on_stop_called: [220425749,com.android.packageinstaller.PackageInstallerActivity,STOP_ACTIVITY_ITEM]
06-13 18:05:32.103 2159 2159 I wm_on_stop_called: [249091709,com.android.packageinstaller.DeleteStagedFileOnResult,STOP_ACTIVITY_ITEM]
06-13 18:05:32.104 2159 2159 I wm_on_stop_called: [240662303,com.android.packageinstaller.PackageInstallerActivity,STOP_ACTIVITY_ITEM]
06-13 18:05:32.104 2159 2159 I wm_on_stop_called: [186497273,com.android.packageinstaller.DeleteStagedFileOnResult,STOP_ACTIVITY_ITEM]
06-13 18:05:32.105 2159 2159 I wm_on_stop_called: [216049083,com.android.packageinstaller.PackageInstallerActivity,STOP_ACTIVITY_ITEM]
06-13 18:05:32.115 2614 2614 I wm_on_stop_called: [87018331,com.android.launcher3.uioverrides.QuickstepLauncher,STOP_ACTIVITY_ITEM]
06-13 18:05:32.115 1551 3105 I wm_task_moved: [63,1,8]
06-13 18:05:32.115 1551 3105 I wm_task_to_front: [0,63]
06-13 18:05:32.117 1551 3105 I wm_task_moved: [63,1,8]
06-13 18:05:32.117 1551 3105 I wm_create_activity: [0,32427091,63,com.android.packageinstaller/.InstallStart,android.intent.action.VIEW,application/vnd.android.package-archive,content://com.tencent.pangu.fileprovider/external_path/Android/data/com.tencent.android.qqdownloader/files/tassistant/apk/com.kugou.android_11649.apk,281018371]
06-13 18:05:32.118 1551 3105 I wm_restart_activity: [0,32427091,63,com.android.packageinstaller/.InstallStart]
06-13 18:05:32.120 1551 3105 I wm_task_moved: [63,1,8]
06-13 18:05:32.120 1551 3105 I wm_focused_root_task: [0,0,63,62,startActivityInner]
06-13 18:05:32.120 1551 3105 I wm_set_resumed_activity: [0,com.android.packageinstaller/.InstallStart,resumeTopActivityInnerLocked]
