06-13 21:22:49.970 1551 3105 D PowerManagerService: updateWakeLockSummaryLocked: mWakefulness=Awake, mWakeLockSummary=0x1
06-13 21:22:49.970 1551 3105 D PowerManagerService: updateUserActivitySummaryLocked: groupId=0, mWakefulness=Awake, mUserActivitySummary=0x1, nextTimeout=71747592 (in 55694 ms)
06-13 21:22:49.970 1551 3105 D PowerManagerNotifier: onScreenPolicyUpdate: newPolicy=3
06-13 21:22:49.970 1551 3105 D PowerManagerService: updateDisplayPowerStateLocked: displayReady=true, groupId=0, policy=BRIGHT, mWakefulness=Awake, mWakeLockSummary=0x1, mUserActivitySummary=0x1, mBootCompleted=true, screenBrightnessOverride=NaN, useAutoBrightness=true, mScreenBrightnessBoostInProgress=false, mIsVrModeEnabled= false, sQuiescent=false
06-13 21:22:49.976 1551 1684 W VoiceInteractionManager: no available voice recognition services found for user 0
06-13 21:22:49.976 1551 1684 W PackageManager: Failed registering loading progress callback. Package is fully loaded.
06-13 21:22:49.980 1551 3105 D PowerManagerService: releaseWakeLockInternal: lock=224536618 [j], flags=0x0
06-13 21:22:49.981 1551 3105 D PowerManagerNotifier: onWakeLockReleased: flags=1, tag="j", packageName=com.tencent.android.qqdownloader, ownerUid=10092, ownerPid=17024, workSource=null
06-13 21:22:49.981 1551 3105 D PowerManagerService: updateWakeLockSummaryLocked: mWakefulness=Awake, mWakeLockSummary=0x1
06-13 21:22:49.981 1551 3105 D PowerManagerService: updateUserActivitySummaryLocked: groupId=0, mWakefulness=Awake, mUserActivitySummary=0x1, nextTimeout=71747592 (in 55683 ms)
06-13 21:22:49.981 1551 3105 D PowerManagerNotifier: onScreenPolicyUpdate: newPolicy=3
06-13 21:22:49.981 1551 3105 D PowerManagerService: updateDisplayPowerStateLocked: displayReady=true, groupId=0, policy=BRIGHT, mWakefulness=Awake, mWakeLockSummary=0x1, mUserActivitySummary=0x1, mBootCompleted=true, screenBrightnessOverride=NaN, useAutoBrightness=true, mScreenBrightnessBoostInProgress=false, mIsVrModeEnabled= false, sQuiescent=false
06-13 21:22:49.994 1551 3376 D PowerManagerService: releaseWakeLockInternal: lock=134589562 [j], flags=0x0
06-13 21:22:49.994 1551 3376 D PowerManagerNotifier: onWakeLockReleased: flags=1, tag="j", packageName=com.tencent.android.qqdownloader, ownerUid=10092, ownerPid=17024, workSource=null
06-13 21:22:49.994 1551 3376 D PowerManagerService: updateWakeLockSummaryLocked: mWakefulness=Awake, mWakeLockSummary=0x1
06-13 21:22:49.994 1551 3376 D PowerManagerService: updateUserActivitySummaryLocked: groupId=0, mWakefulness=Awake, mUserActivitySummary=0x1, nextTimeout=71747592 (in 55670 ms)
06-13 21:22:49.994 1551 3376 D PowerManagerNotifier: onScreenPolicyUpdate: newPolicy=3
06-13 21:22:49.994 1551 3376 D PowerManagerService: updateDisplayPowerStateLocked: displayReady=true, groupId=0, policy=BRIGHT, mWakefulness=Awake, mWakeLockSummary=0x1, mUserActivitySummary=0x1, mBootCompleted=true, screenBrightnessOverride=NaN, useAutoBrightness=true, mScreenBrightnessBoostInProgress=false, mIsVrModeEnabled= false, sQuiescent=false
06-13 21:22:50.011 1551 1684 W VoiceInteractionManager: no available voice recognition services found for user 0
06-13 21:22:50.025 1551 3105 D PowerManagerService: releaseWakeLockInternal: lock=104923143 [j], flags=0x0
06-13 21:22:50.025 1551 3105 D PowerManagerNotifier: onWakeLockReleased: flags=1, tag="j", packageName=com.tencent.android.qqdownloader, ownerUid=10092, ownerPid=17024, workSource=null
06-13 21:22:50.025 1551 3105 D PowerManagerService: updateWakeLockSummaryLocked: mWakefulness=Awake, mWakeLockSummary=0x1
06-13 21:22:50.025 1551 3105 D PowerManagerService: updateUserActivitySummaryLocked: groupId=0, mWakefulness=Awake, mUserActivitySummary=0x1, nextTimeout=71747592 (in 55639 ms)
06-13 21:22:50.025 1551 3105 D PowerManagerNotifier: onScreenPolicyUpdate: newPolicy=3
06-13 21:22:50.027 1551 3105 D PowerManagerService: updateDisplayPowerStateLocked: displayReady=true, groupId=0, policy=BRIGHT, mWakefulness=Awake, mWakeLockSummary=0x1, mUserActivitySummary=0x1, mBootCompleted=true, screenBrightnessOverride=NaN, useAutoBrightness=true, mScreenBrightnessBoostInProgress=false, mIsVrModeEnabled= false, sQuiescent=false
06-13 21:22:50.027 1551 19338 D PowerManagerService: releaseWakeLockInternal: lock=194137163 [j], flags=0x0
06-13 21:22:50.027 1551 19338 D PowerManagerNotifier: onWakeLockReleased: flags=1, tag="j", packageName=com.tencent.android.qqdownloader, ownerUid=10092, ownerPid=17024, workSource=null
06-13 21:22:50.027 1551 19338 D PowerManagerService: updateWakeLockSummaryLocked: mWakefulness=Awake, mWakeLockSummary=0x1
06-13 21:22:50.027 1551 19338 D PowerManagerService: updateUserActivitySummaryLocked: groupId=0, mWakefulness=Awake, mUserActivitySummary=0x1, nextTimeout=71747592 (in 55637 ms)
06-13 21:22:50.027 1551 19338 D PowerManagerNotifier: onScreenPolicyUpdate: newPolicy=3
06-13 21:22:50.028 1551 19338 D PowerManagerService: updateDisplayPowerStateLocked: displayReady=true, groupId=0, policy=BRIGHT, mWakefulness=Awake, mWakeLockSummary=0x1, mUserActivitySummary=0x1, mBootCompleted=true, screenBrightnessOverride=NaN, useAutoBrightness=true, mScreenBrightnessBoostInProgress=false, mIsVrModeEnabled= false, sQuiescent=false
06-13 21:22:50.095 1551 3376 D PowerManagerService: releaseWakeLockInternal: lock=135445515 [j], flags=0x0
06-13 21:22:50.095 1551 3376 D PowerManagerNotifier: onWakeLockReleased: flags=1, tag="j", packageName=com.tencent.android.qqdownloader, ownerUid=10092, ownerPid=17024, workSource=null
06-13 21:22:50.095 1551 1551 I GameModeConfig: isGameModeOn = false
06-13 21:22:50.095 1551 3376 D PowerManagerService: updateWakeLockSummaryLocked: mWakefulness=Awake, mWakeLockSummary=0x1
06-13 21:22:50.095 1551 3376 D PowerManagerService: updateUserActivitySummaryLocked: groupId=0, mWakefulness=Awake, mUserActivitySummary=0x1, nextTimeout=71747592 (in 55569 ms)
06-13 21:22:50.095 1551 3376 D PowerManagerNotifier: onScreenPolicyUpdate: newPolicy=3
06-13 21:22:50.095 1551 3376 D PowerManagerService: updateDisplayPowerStateLocked: displayReady=true, groupId=0, policy=BRIGHT, mWakefulness=Awake, mWakeLockSummary=0x1, mUserActivitySummary=0x1, mBootCompleted=true, screenBrightnessOverride=NaN, useAutoBrightness=true, mScreenBrightnessBoostInProgress=false, mIsVrModeEnabled= false, sQuiescent=false
06-13 21:22:50.096 1551 19338 D PowerManagerService: acquireWakeLockInternal: lock=71994253, flags=0x1, tag="j", ws=null, uid=10092, pid=17024
06-13 21:22:50.096 1551 19338 D PowerManagerService: updateWakeLockSummaryLocked: mWakefulness=Awake, mWakeLockSummary=0x1
06-13 21:22:50.096 1551 19338 D PowerManagerService: updateUserActivitySummaryLocked: groupId=0, mWakefulness=Awake, mUserActivitySummary=0x1, nextTimeout=71747592 (in 55569 ms)
06-13 21:22:50.096 1551 19338 D PowerManagerNotifier: onScreenPolicyUpdate: newPolicy=3
06-13 21:22:50.096 1551 19338 D PowerManagerService: updateDisplayPowerStateLocked: displayReady=true, groupId=0, policy=BRIGHT, mWakefulness=Awake, mWakeLockSummary=0x1, mUserActivitySummary=0x1, mBootCompleted=true, screenBrightnessOverride=NaN, useAutoBrightness=true, mScreenBrightnessBoostInProgress=false, mIsVrModeEnabled= false, sQuiescent=false
06-13 21:22:50.096 1551 19338 D PowerManagerNotifier: onWakeLockAcquired: flags=1, tag="j", packageName=com.tencent.android.qqdownloader, ownerUid=10092, ownerPid=17024, workSource=null
06-13 21:22:50.103 1551 2879 D PowerManagerService: acquireWakeLockInternal: lock=98653065, flags=0x1, tag="j", ws=null, uid=10092, pid=17024
06-13 21:22:50.103 1551 2879 D PowerManagerService: updateWakeLockSummaryLocked: mWakefulness=Awake, mWakeLockSummary=0x1
06-13 21:22:50.103 1551 2879 D PowerManagerService: updateUserActivitySummaryLocked: groupId=0, mWakefulness=Awake, mUserActivitySummary=0x1, nextTimeout=71747592 (in 55561 ms)
06-13 21:22:50.103 1551 2879 D PowerManagerNotifier: onScreenPolicyUpdate: newPolicy=3
06-13 21:22:50.103 1551 2879 D PowerManagerService: updateDisplayPowerStateLocked: displayReady=true, groupId=0, policy=BRIGHT, mWakefulness=Awake, mWakeLockSummary=0x1, mUserActivitySummary=0x1, mBootCompleted=true, screenBrightnessOverride=NaN, useAutoBrightness=true, mScreenBrightnessBoostInProgress=false, mIsVrModeEnabled= false, sQuiescent=false
06-13 21:22:50.103 1551 2879 D PowerManagerNotifier: onWakeLockAcquired: flags=1, tag="j", packageName=com.tencent.android.qqdownloader, ownerUid=10092, ownerPid=17024, workSource=null
06-13 21:22:50.130 1551 1551 W NotificationService: Removed summary didn't match old notification: old=0|com.tencent.android.qqdownloader|127|null|10092, removed=0|com.tencent.android.qqdownloader|10197|null|10092
06-13 21:22:50.130 1551 1551 I notification_enqueue: [10092,17024,com.tencent.android.qqdownloader,127,NULL,0,Notification(channel=channel_id_default_silent shortcut=null contentView=com.tencent.android.qqdownloader/0x7f0a01c2 vibrate=null sound=null defaults=0x0 flags=0x2a2 color=0x00000000 groupKey=com.tencent.android.qqdownloader vis=PRIVATE),1]
06-13 21:22:50.132 1551 19338 D PowerManagerService: acquireWakeLockInternal: lock=138003375, flags=0x1, tag="j", ws=null, uid=10092, pid=17024
06-13 21:22:50.133 1551 19338 D PowerManagerService: updateWakeLockSummaryLocked: mWakefulness=Awake, mWakeLockSummary=0x1
06-13 21:22:50.133 1551 19338 D PowerManagerService: updateUserActivitySummaryLocked: groupId=0, mWakefulness=Awake, mUserActivitySummary=0x1, nextTimeout=71747592 (in 55532 ms)
06-13 21:22:50.133 1551 19338 D PowerManagerNotifier: onScreenPolicyUpdate: newPolicy=3
06-13 21:22:50.133 1551 19338 D PowerManagerService: updateDisplayPowerStateLocked: displayReady=true, groupId=0, policy=BRIGHT, mWakefulness=Awake, mWakeLockSummary=0x1, mUserActivitySummary=0x1, mBootCompleted=true, screenBrightnessOverride=NaN, useAutoBrightness=true, mScreenBrightnessBoostInProgress=false, mIsVrModeEnabled= false, sQuiescent=false
06-13 21:22:50.133 1551 19338 D PowerManagerNotifier: onWakeLockAcquired: flags=1, tag="j", packageName=com.tencent.android.qqdownloader, ownerUid=10092, ownerPid=17024, workSource=null
06-13 21:22:50.139 1551 19338 D PowerManagerService: acquireWakeLockInternal: lock=43111356, flags=0x1, tag="j", ws=null, uid=10092, pid=17024
06-13 21:22:50.139 1551 19338 D PowerManagerService: updateWakeLockSummaryLocked: mWakefulness=Awake, mWakeLockSummary=0x1
06-13 21:22:50.139 1551 19338 D PowerManagerService: updateUserActivitySummaryLocked: groupId=0, mWakefulness=Awake, mUserActivitySummary=0x1, nextTimeout=71747592 (in 55525 ms)
06-13 21:22:50.139 1551 19338 D PowerManagerNotifier: onScreenPolicyUpdate: newPolicy=3
06-13 21:22:50.140 1551 19338 D PowerManagerService: updateDisplayPowerStateLocked: displayReady=true, groupId=0, policy=BRIGHT, mWakefulness=Awake, mWakeLockSummary=0x1, mUserActivitySummary=0x1, mBootCompleted=true, screenBrightnessOverride=NaN, useAutoBrightness=true, mScreenBrightnessBoostInProgress=false, mIsVrModeEnabled= false, sQuiescent=false
06-13 21:22:50.140 1551 19338 D PowerManagerNotifier: onWakeLockAcquired: flags=1, tag="j", packageName=com.tencent.android.qqdownloader, ownerUid=10092, ownerPid=17024, workSource=null
06-13 21:22:50.198 1551 19338 D PowerManagerService: releaseWakeLockInternal: lock=46848009 [j], flags=0x0
06-13 21:22:50.198 1551 19338 D PowerManagerNotifier: onWakeLockReleased: flags=1, tag="j", packageName=com.tencent.android.qqdownloader, ownerUid=10092, ownerPid=17024, workSource=null
06-13 21:22:50.198 1551 19338 D PowerManagerService: updateWakeLockSummaryLocked: mWakefulness=Awake, mWakeLockSummary=0x1
06-13 21:22:50.198 1551 19338 D PowerManagerService: updateUserActivitySummaryLocked: groupId=0, mWakefulness=Awake, mUserActivitySummary=0x1, nextTimeout=71747592 (in 55466 ms)
06-13 21:22:50.198 1551 19338 D PowerManagerNotifier: onScreenPolicyUpdate: newPolicy=3
06-13 21:22:50.199 1551 19338 D PowerManagerService: updateDisplayPowerStateLocked: displayReady=true, groupId=0, policy=BRIGHT, mWakefulness=Awake, mWakeLockSummary=0x1, mUserActivitySummary=0x1, mBootCompleted=true, screenBrightnessOverride=NaN, useAutoBrightness=true, mScreenBrightnessBoostInProgress=false, mIsVrModeEnabled= false, sQuiescent=false
06-13 21:22:50.209 1551 19338 D PowerManagerService: releaseWakeLockInternal: lock=138003375 [j], flags=0x0
06-13 21:22:50.209 1551 19338 D PowerManagerNotifier: onWakeLockReleased: flags=1, tag="j", packageName=com.tencent.android.qqdownloader, ownerUid=10092, ownerPid=17024, workSource=null
06-13 21:22:50.209 1551 19338 D PowerManagerService: updateWakeLockSummaryLocked: mWakefulness=Awake, mWakeLockSummary=0x1
06-13 21:22:50.209 1551 19338 D PowerManagerService: updateUserActivitySummaryLocked: groupId=0, mWakefulness=Awake, mUserActivitySummary=0x1, nextTimeout=71747592 (in 55455 ms)
06-13 21:22:50.209 1551 19338 D PowerManagerNotifier: onScreenPolicyUpdate: newPolicy=3
06-13 21:22:50.210 1551 19338 D PowerManagerService: updateDisplayPowerStateLocked: displayReady=true, groupId=0, policy=BRIGHT, mWakefulness=Awake, mWakeLockSummary=0x1, mUserActivitySummary=0x1, mBootCompleted=true, screenBrightnessOverride=NaN, useAutoBrightness=true, mScreenBrightnessBoostInProgress=false, mIsVrModeEnabled= false, sQuiescent=false
06-13 21:22:50.210 1551 3376 D PowerManagerService: releaseWakeLockInternal: lock=43111356 [j], flags=0x0
06-13 21:22:50.210 1551 3376 D PowerManagerNotifier: onWakeLockReleased: flags=1, tag="j", packageName=com.tencent.android.qqdownloader, ownerUid=10092, ownerPid=17024, workSource=null
06-13 21:22:50.210 1551 3376 D PowerManagerService: updateWakeLockSummaryLocked: mWakefulness=Awake, mWakeLockSummary=0x1
06-13 21:22:50.210 1551 3376 D PowerManagerService: updateUserActivitySummaryLocked: groupId=0, mWakefulness=Awake, mUserActivitySummary=0x1, nextTimeout=71747592 (in 55454 ms)
06-13 21:22:50.210 1551 3376 D PowerManagerNotifier: onScreenPolicyUpdate: newPolicy=3
06-13 21:22:50.210 1551 3376 D PowerManagerService: updateDisplayPowerStateLocked: displayReady=true, groupId=0, policy=BRIGHT, mWakefulness=Awake, mWakeLockSummary=0x1, mUserActivitySummary=0x1, mBootCompleted=true, screenBrightnessOverride=NaN, useAutoBrightness=true, mScreenBrightnessBoostInProgress=false, mIsVrModeEnabled= false, sQuiescent=false
06-13 21:22:50.280 1551 3376 D PowerManagerService: releaseWakeLockInternal: lock=71994253 [j], flags=0x0
06-13 21:22:50.280 1551 3376 D PowerManagerNotifier: onWakeLockReleased: flags=1, tag="j", packageName=com.tencent.android.qqdownloader, ownerUid=10092, ownerPid=17024, workSource=null
06-13 21:22:50.280 1551 3376 D PowerManagerService: updateWakeLockSummaryLocked: mWakefulness=Awake, mWakeLockSummary=0x1
06-13 21:22:50.280 1551 3376 D PowerManagerService: updateUserActivitySummaryLocked: groupId=0, mWakefulness=Awake, mUserActivitySummary=0x1, nextTimeout=71747592 (in 55384 ms)
06-13 21:22:50.280 1551 3376 D PowerManagerNotifier: onScreenPolicyUpdate: newPolicy=3
06-13 21:22:50.281 1551 3376 D PowerManagerService: updateDisplayPowerStateLocked: displayReady=true, groupId=0, policy=BRIGHT, mWakefulness=Awake, mWakeLockSummary=0x1, mUserActivitySummary=0x1, mBootCompleted=true, screenBrightnessOverride=NaN, useAutoBrightness=true, mScreenBrightnessBoostInProgress=false, mIsVrModeEnabled= false, sQuiescent=false
06-13 21:22:50.281 1551 19338 D PowerManagerService: releaseWakeLockInternal: lock=98653065 [j], flags=0x0
06-13 21:22:50.281 1551 19338 D PowerManagerNotifier: onWakeLockReleased: flags=1, tag="j", packageName=com.tencent.android.qqdownloader, ownerUid=10092, ownerPid=17024, workSource=null
06-13 21:22:50.281 1551 19338 D PowerManagerService: updateWakeLockSummaryLocked: mWakefulness=Awake, mWakeLockSummary=0x1
06-13 21:22:50.281 1551 19338 D PowerManagerService: updateUserActivitySummaryLocked: groupId=0, mWakefulness=Awake, mUserActivitySummary=0x1, nextTimeout=71747592 (in 55383 ms)
06-13 21:22:50.281 1551 19338 D PowerManagerNotifier: onScreenPolicyUpdate: newPolicy=3
06-13 21:22:50.281 1551 19338 D PowerManagerService: updateDisplayPowerStateLocked: displayReady=true, groupId=0, policy=BRIGHT, mWakefulness=Awake, mWakeLockSummary=0x1, mUserActivitySummary=0x1, mBootCompleted=true, screenBrightnessOverride=NaN, useAutoBrightness=true, mScreenBrightnessBoostInProgress=false, mIsVrModeEnabled= false, sQuiescent=false
06-13 21:22:50.323 1551 19338 D PowerManagerService: acquireWakeLockInternal: lock=100835141, flags=0x1, tag="j", ws=null, uid=10092, pid=17024
06-13 21:22:50.323 1551 19338 D PowerManagerService: updateWakeLockSummaryLocked: mWakefulness=Awake, mWakeLockSummary=0x1
06-13 21:22:50.323 1551 19338 D PowerManagerService: updateUserActivitySummaryLocked: groupId=0, mWakefulness=Awake, mUserActivitySummary=0x1, nextTimeout=71747592 (in 55341 ms)
06-13 21:22:50.323 1551 19338 D PowerManagerNotifier: onScreenPolicyUpdate: newPolicy=3
06-13 21:22:50.323 1551 19338 D PowerManagerService: updateDisplayPowerStateLocked: displayReady=true, groupId=0, policy=BRIGHT, mWakefulness=Awake, mWakeLockSummary=0x1, mUserActivitySummary=0x1, mBootCompleted=true, screenBrightnessOverride=NaN, useAutoBrightness=true, mScreenBrightnessBoostInProgress=false, mIsVrModeEnabled= false, sQuiescent=false
06-13 21:22:50.323 1551 19338 D PowerManagerNotifier: onWakeLockAcquired: flags=1, tag="j", packageName=com.tencent.android.qqdownloader, ownerUid=10092, ownerPid=17024, workSource=null
06-13 21:22:50.325 1551 19338 D PowerManagerService: acquireWakeLockInternal: lock=198298, flags=0x1, tag="j", ws=null, uid=10092, pid=17024
06-13 21:22:50.326 1551 19338 D PowerManagerService: updateWakeLockSummaryLocked: mWakefulness=Awake, mWakeLockSummary=0x1
06-13 21:22:50.326 1551 19338 D PowerManagerService: updateUserActivitySummaryLocked: groupId=0, mWakefulness=Awake, mUserActivitySummary=0x1, nextTimeout=71747592 (in 55339 ms)
06-13 21:22:50.326 1551 19338 D PowerManagerNotifier: onScreenPolicyUpdate: newPolicy=3
06-13 21:22:50.326 1551 19338 D PowerManagerService: updateDisplayPowerStateLocked: displayReady=true, groupId=0, policy=BRIGHT, mWakefulness=Awake, mWakeLockSummary=0x1, mUserActivitySummary=0x1, mBootCompleted=true, screenBrightnessOverride=NaN, useAutoBrightness=true, mScreenBrightnessBoostInProgress=false, mIsVrModeEnabled= false, sQuiescent=false
06-13 21:22:50.326 1551 19338 D PowerManagerNotifier: onWakeLockAcquired: flags=1, tag="j", packageName=com.tencent.android.qqdownloader, ownerUid=10092, ownerPid=17024, workSource=null
06-13 21:22:50.331 1551 1551 I GameModeConfig: isGameModeOn = false
06-13 21:22:50.391 17024 17047 E ActivityThread: Failed to find provider info for com.android.badge
06-13 21:22:50.393 17024 17062 E ActivityThread: Failed to find provider info for com.android.badge
06-13 21:22:50.406 1551 3376 D PowerManagerService: acquireWakeLockInternal: lock=40430539, flags=0x1, tag="j", ws=null, uid=10092, pid=17024
06-13 21:22:50.406 1551 3376 D PowerManagerService: updateWakeLockSummaryLocked: mWakefulness=Awake, mWakeLockSummary=0x1
06-13 21:22:50.406 1551 3376 D PowerManagerService: updateUserActivitySummaryLocked: groupId=0, mWakefulness=Awake, mUserActivitySummary=0x1, nextTimeout=71747592 (in 55258 ms)
06-13 21:22:50.406 1551 3376 D PowerManagerNotifier: onScreenPolicyUpdate: newPolicy=3
06-13 21:22:50.406 1551 3376 D PowerManagerService: updateDisplayPowerStateLocked: displayReady=true, groupId=0, policy=BRIGHT, mWakefulness=Awake, mWakeLockSummary=0x1, mUserActivitySummary=0x1, mBootCompleted=true, screenBrightnessOverride=NaN, useAutoBrightness=true, mScreenBrightnessBoostInProgress=false, mIsVrModeEnabled= false, sQuiescent=false
06-13 21:22:50.406 1551 3376 D PowerManagerNotifier: onWakeLockAcquired: flags=1, tag="j", packageName=com.tencent.android.qqdownloader, ownerUid=10092, ownerPid=17024, workSource=null
06-13 21:22:50.408 1551 3376 D PowerManagerService: acquireWakeLockInternal: lock=143028136, flags=0x1, tag="j", ws=null, uid=10092, pid=17024
06-13 21:22:50.408 1551 3376 D PowerManagerService: updateWakeLockSummaryLocked: mWakefulness=Awake, mWakeLockSummary=0x1
06-13 21:22:50.408 1551 3376 D PowerManagerService: updateUserActivitySummaryLocked: groupId=0, mWakefulness=Awake, mUserActivitySummary=0x1, nextTimeout=71747592 (in 55256 ms)
06-13 21:22:50.408 1551 3376 D PowerManagerNotifier: onScreenPolicyUpdate: newPolicy=3
06-13 21:22:50.408 1551 3376 D PowerManagerService: updateDisplayPowerStateLocked: displayReady=true, groupId=0, policy=BRIGHT, mWakefulness=Awake, mWakeLockSummary=0x1, mUserActivitySummary=0x1, mBootCompleted=true, screenBrightnessOverride=NaN, useAutoBrightness=true, mScreenBrightnessBoostInProgress=false, mIsVrModeEnabled= false, sQuiescent=false
06-13 21:22:50.408 1551 3376 D PowerManagerNotifier: onWakeLockAcquired: flags=1, tag="j", packageName=com.tencent.android.qqdownloader, ownerUid=10092, ownerPid=17024, workSource=null
06-13 21:22:50.466 1551 3376 D PowerManagerService: releaseWakeLockInternal: lock=100835141 [j], flags=0x0
06-13 21:22:50.466 1551 3376 D PowerManagerNotifier: onWakeLockReleased: flags=1, tag="j", packageName=com.tencent.android.qqdownloader, ownerUid=10092, ownerPid=17024, workSource=null
06-13 21:22:50.467 1551 3376 D PowerManagerService: updateWakeLockSummaryLocked: mWakefulness=Awake, mWakeLockSummary=0x1
06-13 21:22:50.467 1551 3376 D PowerManagerService: updateUserActivitySummaryLocked: groupId=0, mWakefulness=Awake, mUserActivitySummary=0x1, nextTimeout=71747592 (in 55197 ms)
06-13 21:22:50.467 1551 3376 D PowerManagerNotifier: onScreenPolicyUpdate: newPolicy=3
06-13 21:22:50.467 1551 3376 D PowerManagerService: updateDisplayPowerStateLocked: displayReady=true, groupId=0, policy=BRIGHT, mWakefulness=Awake, mWakeLockSummary=0x1, mUserActivitySummary=0x1, mBootCompleted=true, screenBrightnessOverride=NaN, useAutoBrightness=true, mScreenBrightnessBoostInProgress=false, mIsVrModeEnabled= false, sQuiescent=false
06-13 21:22:50.486 1551 3376 D PowerManagerService: releaseWakeLockInternal: lock=40430539 [j], flags=0x0
06-13 21:22:50.487 1551 3376 D PowerManagerNotifier: onWakeLockReleased: flags=1, tag="j", packageName=com.tencent.android.qqdownloader, ownerUid=10092, ownerPid=17024, workSource=null
06-13 21:22:50.487 1551 3376 D PowerManagerService: updateWakeLockSummaryLocked: mWakefulness=Awake, mWakeLockSummary=0x1
06-13 21:22:50.487 1551 3376 D PowerManagerService: updateUserActivitySummaryLocked: groupId=0, mWakefulness=Awake, mUserActivitySummary=0x1, nextTimeout=71747592 (in 55177 ms)
06-13 21:22:50.487 1551 3376 D PowerManagerNotifier: onScreenPolicyUpdate: newPolicy=3
06-13 21:22:50.487 1551 3376 D PowerManagerService: updateDisplayPowerStateLocked: displayReady=true, groupId=0, policy=BRIGHT, mWakefulness=Awake, mWakeLockSummary=0x1, mUserActivitySummary=0x1, mBootCompleted=true, screenBrightnessOverride=NaN, useAutoBrightness=true, mScreenBrightnessBoostInProgress=false, mIsVrModeEnabled= false, sQuiescent=false
06-13 21:22:50.487 1551 19338 D PowerManagerService: releaseWakeLockInternal: lock=198298 [j], flags=0x0
06-13 21:22:50.487 1551 19338 D PowerManagerNotifier: onWakeLockReleased: flags=1, tag="j", packageName=com.tencent.android.qqdownloader, ownerUid=10092, ownerPid=17024, workSource=null
06-13 21:22:50.488 1551 19338 D PowerManagerService: updateWakeLockSummaryLocked: mWakefulness=Awake, mWakeLockSummary=0x1
06-13 21:22:50.488 1551 19338 D PowerManagerService: updateUserActivitySummaryLocked: groupId=0, mWakefulness=Awake, mUserActivitySummary=0x1, nextTimeout=71747592 (in 55177 ms)
06-13 21:22:50.488 1551 19338 D PowerManagerNotifier: onScreenPolicyUpdate: newPolicy=3
06-13 21:22:50.488 1551 19338 D PowerManagerService: updateDisplayPowerStateLocked: displayReady=true, groupId=0, policy=BRIGHT, mWakefulness=Awake, mWakeLockSummary=0x1, mUserActivitySummary=0x1, mBootCompleted=true, screenBrightnessOverride=NaN, useAutoBrightness=true, mScreenBrightnessBoostInProgress=false, mIsVrModeEnabled= false, sQuiescent=false
06-13 21:22:50.488 1551 19338 D PowerManagerService: releaseWakeLockInternal: lock=143028136 [j], flags=0x0
06-13 21:22:50.488 1551 19338 D PowerManagerNotifier: onWakeLockReleased: flags=1, tag="j", packageName=com.tencent.android.qqdownloader, ownerUid=10092, ownerPid=17024, workSource=null
06-13 21:22:50.488 1551 19338 D PowerManagerService: updateWakeLockSummaryLocked: mWakefulness=Awake, mWakeLockSummary=0x1
06-13 21:22:50.488 1551 19338 D PowerManagerService: updateUserActivitySummaryLocked: groupId=0, mWakefulness=Awake, mUserActivitySummary=0x1, nextTimeout=71747592 (in 55176 ms)
06-13 21:22:50.488 1551 19338 D PowerManagerNotifier: onScreenPolicyUpdate: newPolicy=3
06-13 21:22:50.488 1551 19338 D PowerManagerService: updateDisplayPowerStateLocked: displayReady=true, groupId=0, policy=BRIGHT, mWakefulness=Awake, mWakeLockSummary=0x1, mUserActivitySummary=0x1, mBootCompleted=true, screenBrightnessOverride=NaN, useAutoBrightness=true, mScreenBrightnessBoostInProgress=false, mIsVrModeEnabled= false, sQuiescent=false
06-13 21:22:50.584 17024 17062 E ActivityThread: Failed to find provider info for com.android.badge
06-13 21:22:50.587 17024 17062 E ActivityThread: Failed to find provider info for com.android.badge
06-13 21:22:50.605 1551 19338 D PowerManagerService: acquireWakeLockInternal: lock=187886273, flags=0x1, tag="j", ws=null, uid=10092, pid=17024
06-13 21:22:50.605 1551 19338 D PowerManagerService: updateWakeLockSummaryLocked: mWakefulness=Awake, mWakeLockSummary=0x1
06-13 21:22:50.605 1551 19338 D PowerManagerService: updateUserActivitySummaryLocked: groupId=0, mWakefulness=Awake, mUserActivitySummary=0x1, nextTimeout=71747592 (in 55059 ms)
06-13 21:22:50.605 1551 19338 D PowerManagerNotifier: onScreenPolicyUpdate: newPolicy=3
06-13 21:22:50.605 1551 19338 D PowerManagerService: updateDisplayPowerStateLocked: displayReady=true, groupId=0, policy=BRIGHT, mWakefulness=Awake, mWakeLockSummary=0x1, mUserActivitySummary=0x1, mBootCompleted=true, screenBrightnessOverride=NaN, useAutoBrightness=true, mScreenBrightnessBoostInProgress=false, mIsVrModeEnabled= false, sQuiescent=false
06-13 21:22:50.605 1551 19338 D PowerManagerNotifier: onWakeLockAcquired: flags=1, tag="j", packageName=com.tencent.android.qqdownloader, ownerUid=10092, ownerPid=17024, workSource=null
06-13 21:22:50.611 1551 19338 D PowerManagerService: acquireWakeLockInternal: lock=175829606, flags=0x1, tag="j", ws=null, uid=10092, pid=17024
06-13 21:22:50.611 1551 19338 D PowerManagerService: updateWakeLockSummaryLocked: mWakefulness=Awake, mWakeLockSummary=0x1
06-13 21:22:50.611 1551 19338 D PowerManagerService: updateUserActivitySummaryLocked: groupId=0, mWakefulness=Awake, mUserActivitySummary=0x1, nextTimeout=71747592 (in 55053 ms)
06-13 21:22:50.611 1551 19338 D PowerManagerNotifier: onScreenPolicyUpdate: newPolicy=3
06-13 21:22:50.611 1551 19338 D PowerManagerService: updateDisplayPowerStateLocked: displayReady=true, groupId=0, policy=BRIGHT, mWakefulness=Awake, mWakeLockSummary=0x1, mUserActivitySummary=0x1, mBootCompleted=true, screenBrightnessOverride=NaN, useAutoBrightness=true, mScreenBrightnessBoostInProgress=false, mIsVrModeEnabled= false, sQuiescent=false
06-13 21:22:50.611 1551 19338 D PowerManagerNotifier: onWakeLockAcquired: flags=1, tag="j", packageName=com.tencent.android.qqdownloader, ownerUid=10092, ownerPid=17024, workSource=null
06-13 21:22:50.701 1551 3376 D PowerManagerService: releaseWakeLockInternal: lock=175829606 [j], flags=0x0
06-13 21:22:50.701 1551 3376 D PowerManagerNotifier: onWakeLockReleased: flags=1, tag="j", packageName=com.tencent.android.qqdownloader, ownerUid=10092, ownerPid=17024, workSource=null
06-13 21:22:50.701 1551 3376 D PowerManagerService: updateWakeLockSummaryLocked: mWakefulness=Awake, mWakeLockSummary=0x1
06-13 21:22:50.701 1551 3376 D PowerManagerService: updateUserActivitySummaryLocked: groupId=0, mWakefulness=Awake, mUserActivitySummary=0x1, nextTimeout=71747592 (in 54963 ms)
06-13 21:22:50.701 1551 3376 D PowerManagerNotifier: onScreenPolicyUpdate: newPolicy=3
06-13 21:22:50.702 1551 3376 D PowerManagerService: updateDisplayPowerStateLocked: displayReady=true, groupId=0, policy=BRIGHT, mWakefulness=Awake, mWakeLockSummary=0x1, mUserActivitySummary=0x1, mBootCompleted=true, screenBrightnessOverride=NaN, useAutoBrightness=true, mScreenBrightnessBoostInProgress=false, mIsVrModeEnabled= false, sQuiescent=false
06-13 21:22:50.703 1551 19338 D PowerManagerService: releaseWakeLockInternal: lock=187886273 [j], flags=0x0
06-13 21:22:50.703 1551 19338 D PowerManagerNotifier: onWakeLockReleased: flags=1, tag="j", packageName=com.tencent.android.qqdownloader, ownerUid=10092, ownerPid=17024, workSource=null
06-13 21:22:50.703 1551 19338 D PowerManagerService: updateWakeLockSummaryLocked: mWakefulness=Awake, mWakeLockSummary=0x1
06-13 21:22:50.703 1551 19338 D PowerManagerService: updateUserActivitySummaryLocked: groupId=0, mWakefulness=Awake, mUserActivitySummary=0x1, nextTimeout=71747592 (in 54961 ms)
06-13 21:22:50.703 1551 19338 D PowerManagerNotifier: onScreenPolicyUpdate: newPolicy=3
06-13 21:22:50.704 1551 19338 D PowerManagerService: updateDisplayPowerStateLocked: displayReady=true, groupId=0, policy=BRIGHT, mWakefulness=Awake, mWakeLockSummary=0x1, mUserActivitySummary=0x1, mBootCompleted=true, screenBrightnessOverride=NaN, useAutoBrightness=true, mScreenBrightnessBoostInProgress=false, mIsVrModeEnabled= false, sQuiescent=false
06-13 21:22:51.098 1551 1811 D PowerManagerService: acquireWakeLockInternal: lock=203627084, flags=0x1, tag="*alarm*", ws=WorkSource{1000}, uid=1000, pid=1551
06-13 21:22:51.098 1551 1811 D PowerManagerService: updateWakeLockSummaryLocked: mWakefulness=Awake, mWakeLockSummary=0x1
06-13 21:22:51.098 1551 1811 D PowerManagerService: updateUserActivitySummaryLocked: groupId=0, mWakefulness=Awake, mUserActivitySummary=0x1, nextTimeout=71747592 (in 54566 ms)
06-13 21:22:51.099 1551 1811 D PowerManagerNotifier: onScreenPolicyUpdate: newPolicy=3
06-13 21:22:51.099 1551 1811 D PowerManagerService: updateDisplayPowerStateLocked: displayReady=true, groupId=0, policy=BRIGHT, mWakefulness=Awake, mWakeLockSummary=0x1, mUserActivitySummary=0x1, mBootCompleted=true, screenBrightnessOverride=NaN, useAutoBrightness=true, mScreenBrightnessBoostInProgress=false, mIsVrModeEnabled= false, sQuiescent=false
06-13 21:22:51.099 1551 1811 D PowerManagerNotifier: onWakeLockAcquired: flags=1, tag="*alarm*", packageName=android, ownerUid=1000, ownerPid=1551, workSource=WorkSource{1000}
06-13 21:22:51.099 1551 1846 D PowerManagerService: releaseWakeLockInternal: lock=203627084 [*alarm*], flags=0x0
06-13 21:22:51.099 1551 1846 D PowerManagerNotifier: onWakeLockReleased: flags=1, tag="*alarm*", packageName=android, ownerUid=1000, ownerPid=1551, workSource=WorkSource{1000}
06-13 21:22:51.100 1551 1846 D PowerManagerService: updateWakeLockSummaryLocked: mWakefulness=Awake, mWakeLockSummary=0x1
06-13 21:22:51.100 1551 1846 D PowerManagerService: updateUserActivitySummaryLocked: groupId=0, mWakefulness=Awake, mUserActivitySummary=0x1, nextTimeout=71747592 (in 54565 ms)
06-13 21:22:51.100 1551 1846 D PowerManagerNotifier: onScreenPolicyUpdate: newPolicy=3
06-13 21:22:51.100 1551 1846 D PowerManagerService: updateDisplayPowerStateLocked: displayReady=true, groupId=0, policy=BRIGHT, mWakefulness=Awake, mWakeLockSummary=0x1, mUserActivitySummary=0x1, mBootCompleted=true, screenBrightnessOverride=NaN, useAutoBrightness=true, mScreenBrightnessBoostInProgress=false, mIsVrModeEnabled= false, sQuiescent=false
06-13 21:22:51.141 1551 1551 I notification_enqueue: [10092,17024,com.tencent.android.qqdownloader,127,NULL,0,Notification(channel=channel_id_default_silent shortcut=null contentView=com.tencent.android.qqdownloader/0x7f0a01c2 vibrate=null sound=null defaults=0x0 flags=0x2a2 color=0x00000000 groupKey=com.tencent.android.qqdownloader vis=PRIVATE),1]
06-13 21:22:51.343 1551 1551 I GameModeConfig: isGameModeOn = false
06-13 21:22:51.852 1551 1669 I commit_sys_config_file: [jobs,7]
06-13 21:22:53.155 1551 1684 I sysui_multi_action: [757,1717,758,1,759,0]
06-13 21:22:53.155 1551 1684 I sysui_multi_action: [757,1717,758,2,759,0]
06-13 21:22:53.156 1551 1684 I sysui_multi_action: [757,1717,758,3,759,0]
06-13 21:22:54.936 0 0 E [71696.864522] link_delay_work_func: DTC_ETH: SQI=0, link=0
06-13 21:22:57.239 1551 1822 I input_interaction: Interaction with: e0cc80d com.android.packageinstaller/com.android.packageinstaller.InstallSuccess (server), edge-swipe (server), swipe-up (server), PointerEventDispatcher0 (server),
06-13 21:22:57.240 1551 1822 D PowerManagerService: userActivityNoUpdateLocked: groupId=0, eventTime=71699166, event=2, flags=0x0, uid=1000
06-13 21:22:57.240 1551 1822 D PowerManagerNotifier: onUserActivity: event=2, uid=1000
06-13 21:22:57.241 1551 1822 D PowerManagerService: updateUserActivitySummaryLocked: groupId=0, mWakefulness=Awake, mUserActivitySummary=0x1, nextTimeout=71759166 (in 59998 ms)
06-13 21:22:57.241 1551 1822 D PowerManagerNotifier: onScreenPolicyUpdate: newPolicy=3
06-13 21:22:57.241 1551 1822 D PowerManagerService: updateDisplayPowerStateLocked: displayReady=true, groupId=0, policy=BRIGHT, mWakefulness=Awake, mWakeLockSummary=0x1, mUserActivitySummary=0x1, mBootCompleted=true, screenBrightnessOverride=NaN, useAutoBrightness=true, mScreenBrightnessBoostInProgress=false, mIsVrModeEnabled= false, sQuiescent=false
06-13 21:22:57.362 1551 1822 D PowerManagerService: userActivityNoUpdateLocked: groupId=0, eventTime=71699289, event=2, flags=0x0, uid=1000
06-13 21:22:57.362 1551 1822 D PowerManagerNotifier: onUserActivity: event=2, uid=1000
06-13 21:22:57.363 1551 1822 D PowerManagerService: updateUserActivitySummaryLocked: groupId=0, mWakefulness=Awake, mUserActivitySummary=0x1, nextTimeout=71759289 (in 59999 ms)
06-13 21:22:57.363 1551 1822 D PowerManagerNotifier: onScreenPolicyUpdate: newPolicy=3
06-13 21:22:57.363 1551 1822 D PowerManagerService: updateDisplayPowerStateLocked: displayReady=true, groupId=0, policy=BRIGHT, mWakefulness=Awake, mWakeLockSummary=0x1, mUserActivitySummary=0x1, mBootCompleted=true, screenBrightnessOverride=NaN, useAutoBrightness=true, mScreenBrightnessBoostInProgress=false, mIsVrModeEnabled= false, sQuiescent=false
06-13 21:22:57.373 1551 18712 I wm_finish_activity: [0,24019443,63,com.android.packageinstaller/.InstallSuccess,app-request]
06-13 21:22:57.394 1551 18712 I wm_pause_activity: [0,24019443,com.android.packageinstaller/.InstallSuccess,userLeaving=false,finish]
06-13 21:22:57.394 1551 18712 D PowerManagerService: acquireWakeLockInternal: lock=206401359, flags=0x1, tag="*launch*", ws=WorkSource{10025}, uid=1000, pid=1551
06-13 21:22:57.395 1551 18712 D PowerManagerService: updateWakeLockSummaryLocked: mWakefulness=Awake, mWakeLockSummary=0x1
06-13 21:22:57.395 1551 18712 D PowerManagerService: updateUserActivitySummaryLocked: groupId=0, mWakefulness=Awake, mUserActivitySummary=0x1, nextTimeout=71759289 (in 59967 ms)
06-13 21:22:57.395 1551 18712 D PowerManagerNotifier: onScreenPolicyUpdate: newPolicy=3
06-13 21:22:57.395 1551 18712 D PowerManagerService: updateDisplayPowerStateLocked: displayReady=true, groupId=0, policy=BRIGHT, mWakefulness=Awake, mWakeLockSummary=0x1, mUserActivitySummary=0x1, mBootCompleted=true, screenBrightnessOverride=NaN, useAutoBrightness=true, mScreenBrightnessBoostInProgress=false, mIsVrModeEnabled= false, sQuiescent=false
06-13 21:22:57.395 1551 18712 D PowerManagerNotifier: onWakeLockAcquired: flags=1, tag="*launch*", packageName=android, ownerUid=1000, ownerPid=1551, workSource=WorkSource{10025}
06-13 21:22:57.402 2159 2159 I wm_on_top_resumed_lost_called: [24019443,com.android.packageinstaller.InstallSuccess,topStateChangedWhenResumed]
06-13 21:22:57.402 2159 2159 I wm_on_paused_called: [24019443,com.android.packageinstaller.InstallSuccess,performPause]
06-13 21:22:57.404 1551 18712 I ActivityTaskManager: FOREGROUND_APPLICATION_CHANGED to com.android.packageinstaller.DeleteStagedFileOnResult
06-13 21:22:57.407 1551 18712 I wm_set_resumed_activity: [0,com.android.packageinstaller/.DeleteStagedFileOnResult,resumeTopActivityInnerLocked]
06-13 21:22:57.410 1551 18712 I wm_resume_activity: [0,3960262,63,com.android.packageinstaller/.DeleteStagedFileOnResult]
06-13 21:22:57.423 1551 1672 I input_focus: [Focus request 6756f9e com.android.packageinstaller/com.android.packageinstaller.DeleteStagedFileOnResult,reason=UpdateInputWindows]
06-13 21:22:57.423 1551 1670 I sysui_multi_action: [757,803,799,window_time_0,802,8]
06-13 21:22:57.423 1551 1670 I wm_destroy_activity: [0,24019443,63,com.android.packageinstaller/.InstallSuccess,finish-transit]
06-13 21:22:57.425 1551 18712 I wm_finish_activity: [0,3960262,63,com.android.packageinstaller/.DeleteStagedFileOnResult,app-request]
06-13 21:22:57.428 1551 1822 I input_focus: [Focus leaving e0cc80d com.android.packageinstaller/com.android.packageinstaller.InstallSuccess (server),reason=NO_WINDOW]
06-13 21:22:57.428 1551 1822 I input_focus: [Focus entering 6756f9e com.android.packageinstaller/com.android.packageinstaller.DeleteStagedFileOnResult (server),reason=setFocusedWindow]
06-13 21:22:57.439 1551 18712 I wm_pause_activity: [0,3960262,com.android.packageinstaller/.DeleteStagedFileOnResult,userLeaving=false,finish]
06-13 21:22:57.439 1551 18712 D PowerManagerService: acquireWakeLockInternal: lock=206401359, flags=0x1, tag="*launch*", ws=WorkSource{10025}, uid=1000, pid=1551
06-13 21:22:57.439 1551 18712 D PowerManagerService: updateWakeLockSummaryLocked: mWakefulness=Awake, mWakeLockSummary=0x1
06-13 21:22:57.439 1551 18712 D PowerManagerService: updateUserActivitySummaryLocked: groupId=0, mWakefulness=Awake, mUserActivitySummary=0x1, nextTimeout=71759289 (in 59922 ms)
06-13 21:22:57.439 1551 18712 D PowerManagerNotifier: onScreenPolicyUpdate: newPolicy=3
06-13 21:22:57.439 1551 18712 D PowerManagerService: updateDisplayPowerStateLocked: displayReady=true, groupId=0, policy=BRIGHT, mWakefulness=Awake, mWakeLockSummary=0x1, mUserActivitySummary=0x1, mBootCompleted=true, screenBrightnessOverride=NaN, useAutoBrightness=true, mScreenBrightnessBoostInProgress=false, mIsVrModeEnabled= false, sQuiescent=false
06-13 21:22:57.442 2159 2159 I wm_on_activity_result_called: [3960262,com.android.packageinstaller.DeleteStagedFileOnResult,ACTIVITY_RESULT]
06-13 21:22:57.443 2159 2159 I wm_on_stop_called: [24019443,com.android.packageinstaller.InstallSuccess,LIFECYCLER_STOP_ACTIVITY]
06-13 21:22:57.443 2159 2159 I wm_on_destroy_called: [24019443,com.android.packageinstaller.InstallSuccess,performDestroy]
06-13 21:22:57.452 1551 18712 I ActivityTaskManager: FOREGROUND_APPLICATION_CHANGED to com.android.packageinstaller.PackageInstallerActivity
06-13 21:22:57.454 1551 18712 I wm_set_resumed_activity: [0,com.android.packageinstaller/.PackageInstallerActivity,resumeTopActivityInnerLocked]
06-13 21:22:57.456 1551 18712 I wm_resume_activity: [0,223077111,63,com.android.packageinstaller/.PackageInstallerActivity]
06-13 21:22:57.460 1551 1822 I input_focus: [Focus leaving 6756f9e com.android.packageinstaller/com.android.packageinstaller.DeleteStagedFileOnResult (server),reason=NO_WINDOW]
06-13 21:22:57.469 1551 1672 I input_focus: [Focus request ef6860b com.android.packageinstaller/com.android.packageinstaller.PackageInstallerActivity,reason=UpdateInputWindows]
06-13 21:22:57.471 1551 1670 I sysui_multi_action: [757,803,799,window_time_0,802,0]
06-13 21:22:57.476 2159 2159 I wm_on_resume_called: [223077111,com.android.packageinstaller.PackageInstallerActivity,RESUME_ACTIVITY]
06-13 21:22:57.476 2159 2159 I wm_on_top_resumed_gained_called: [223077111,com.android.packageinstaller.PackageInstallerActivity,topWhenResuming]
06-13 21:22:57.479 1551 1822 I input_focus: [Focus entering ef6860b com.android.packageinstaller/com.android.packageinstaller.PackageInstallerActivity (server),reason=setFocusedWindow]
06-13 21:22:57.522 1551 19338 D PowerManagerService: releaseWakeLockInternal: lock=206401359 [*launch*], flags=0x0
06-13 21:22:57.522 1551 19338 D PowerManagerNotifier: onWakeLockReleased: flags=1, tag="*launch*", packageName=android, ownerUid=1000, ownerPid=1551, workSource=WorkSource{10025}
06-13 21:22:57.523 1551 19338 D PowerManagerService: updateWakeLockSummaryLocked: mWakefulness=Awake, mWakeLockSummary=0x1
06-13 21:22:57.523 1551 19338 D PowerManagerService: updateUserActivitySummaryLocked: groupId=0, mWakefulness=Awake, mUserActivitySummary=0x1, nextTimeout=71759289 (in 59839 ms)
06-13 21:22:57.524 1551 19338 D PowerManagerNotifier: onScreenPolicyUpdate: newPolicy=3
06-13 21:22:57.524 1551 19338 D PowerManagerService: updateDisplayPowerStateLocked: displayReady=true, groupId=0, policy=BRIGHT, mWakefulness=Awake, mWakeLockSummary=0x1, mUserActivitySummary=0x1, mBootCompleted=true, screenBrightnessOverride=NaN, useAutoBrightness=true, mScreenBrightnessBoostInProgress=false, mIsVrModeEnabled= false, sQuiescent=false
06-13 21:22:57.525 1551 19338 I wm_destroy_activity: [0,3960262,63,com.android.packageinstaller/.DeleteStagedFileOnResult,finish-idle]
06-13 21:22:57.526 2159 2159 I wm_on_stop_called: [3960262,com.android.packageinstaller.DeleteStagedFileOnResult,LIFECYCLER_STOP_ACTIVITY]
06-13 21:22:57.526 2159 2159 I wm_on_destroy_called: [3960262,com.android.packageinstaller.DeleteStagedFileOnResult,performDestroy]
06-13 21:22:57.566 1551 2102 D ActivityTaskManager: Skipping, freeform mode : Task{c574d51 #62 type=standard A=10092:com.tencent.android.qqdownloader U=0 visible=true mode=freeform translucent=false sz=1 visible freeform task=true rootAffinity=10092:com.tencent.android.qqdownloader isMini=false}
06-13 21:22:58.537 1551 1822 I input_interaction: Interaction with: ef6860b com.android.packageinstaller/com.android.packageinstaller.PackageInstallerActivity (server), edge-swipe (server), swipe-up (server), PointerEventDispatcher0 (server),
06-13 21:22:58.538 1551 1822 D PowerManagerService: userActivityNoUpdateLocked: groupId=0, eventTime=71700464, event=2, flags=0x0, uid=1000
06-13 21:22:58.538 1551 1822 D PowerManagerNotifier: onUserActivity: event=2, uid=1000
06-13 21:22:58.539 1551 1822 D PowerManagerService: updateUserActivitySummaryLocked: groupId=0, mWakefulness=Awake, mUserActivitySummary=0x1, nextTimeout=71760464 (in 59998 ms)
06-13 21:22:58.539 1551 1822 D PowerManagerNotifier: onScreenPolicyUpdate: newPolicy=3
06-13 21:22:58.539 1551 1822 D PowerManagerService: updateDisplayPowerStateLocked: displayReady=true, groupId=0, policy=BRIGHT, mWakefulness=Awake, mWakeLockSummary=0x1, mUserActivitySummary=0x1, mBootCompleted=true, screenBrightnessOverride=NaN, useAutoBrightness=true, mScreenBrightnessBoostInProgress=false, mIsVrModeEnabled= false, sQuiescent=false
06-13 21:22:58.817 1551 1822 D PowerManagerService: userActivityNoUpdateLocked: groupId=0, eventTime=71700743, event=2, flags=0x0, uid=1000
06-13 21:22:58.817 1551 1822 D PowerManagerNotifier: onUserActivity: event=2, uid=1000
06-13 21:22:58.817 1551 1822 D PowerManagerService: updateUserActivitySummaryLocked: groupId=0, mWakefulness=Awake, mUserActivitySummary=0x1, nextTimeout=71760743 (in 59998 ms)
06-13 21:22:58.817 1551 1822 D PowerManagerNotifier: onScreenPolicyUpdate: newPolicy=3
06-13 21:22:58.817 1551 1822 D PowerManagerService: updateDisplayPowerStateLocked: displayReady=true, groupId=0, policy=BRIGHT, mWakefulness=Awake, mWakeLockSummary=0x1, mUserActivitySummary=0x1, mBootCompleted=true, screenBrightnessOverride=NaN, useAutoBrightness=true, mScreenBrightnessBoostInProgress=false, mIsVrModeEnabled= false, sQuiescent=false
06-13 21:22:58.825 1551 2102 I thunderperf: PlatormCompat.setOverrides: Uid1=10025 Pid1=2159 Uid2=10025 Pid2=2159
06-13 21:22:58.825 1551 2102 I thunderperf: PlatormCompat.setOverrides: needCheck:false
06-13 21:22:58.825 1551 2102 I thunderperf: CompatConfig.addOverrideUnsafe: bef-state=1
06-13 21:22:58.825 1551 2102 E thunderperf: CompatConfig.addOverrideUnsafe: exception:java.lang.SecurityException: Cannot override a change on a non-debuggable app and user build.
06-13 21:22:58.825 1551 2102 I thunderperf: CompatConfig.addOverrideUnsafe: aft-state=1
06-13 21:22:58.827 1551 2102 I thunderperf: CompatConfig.addOverrideUnsafe: bef-state=1
06-13 21:22:58.828 1551 2102 E thunderperf: CompatConfig.addOverrideUnsafe: exception:java.lang.SecurityException: Cannot override a change on a non-debuggable app and user build.
06-13 21:22:58.828 1551 2102 I thunderperf: CompatConfig.addOverrideUnsafe: aft-state=1
06-13 21:22:58.828 1551 2102 I thunderperf: CompatConfig.addOverrideUnsafe: bef-state=1
06-13 21:22:58.829 1551 2102 E thunderperf: CompatConfig.addOverrideUnsafe: exception:java.lang.SecurityException: Cannot override a change on a non-debuggable app and user build.
06-13 21:22:58.829 1551 2102 I thunderperf: CompatConfig.addOverrideUnsafe: aft-state=1
06-13 21:22:58.829 1551 2102 I thunderperf: CompatConfig.addOverrideUnsafe: bef-state=1
06-13 21:22:58.829 1551 2102 E thunderperf: CompatConfig.addOverrideUnsafe: exception:java.lang.SecurityException: Cannot override a change on a non-debuggable app and user build.
06-13 21:22:58.829 1551 2102 I thunderperf: CompatConfig.addOverrideUnsafe: aft-state=1
06-13 21:22:58.830 1551 2102 I thunderperf: CompatConfig.addOverrideUnsafe: bef-state=1
06-13 21:22:58.830 1551 2102 E thunderperf: CompatConfig.addOverrideUnsafe: exception:java.lang.SecurityException: Cannot override a change on a non-debuggable app and user build.
06-13 21:22:58.830 1551 2102 I thunderperf: CompatConfig.addOverrideUnsafe: aft-state=1
06-13 21:22:58.830 1551 2102 I thunderperf: CompatConfig.addOverrideUnsafe: bef-state=1
06-13 21:22:58.831 1551 2102 E thunderperf: CompatConfig.addOverrideUnsafe: exception:java.lang.SecurityException: Cannot override a change on a non-debuggable app and user build.
06-13 21:22:58.831 1551 2102 I thunderperf: CompatConfig.addOverrideUnsafe: aft-state=1
06-13 21:22:58.831 1551 2102 I thunderperf: CompatConfig.addOverrideUnsafe: bef-state=1
06-13 21:22:58.831 1551 2102 E thunderperf: CompatConfig.addOverrideUnsafe: exception:java.lang.SecurityException: Cannot override a change on a non-debuggable app and user build.
06-13 21:22:58.831 1551 2102 I thunderperf: CompatConfig.addOverrideUnsafe: aft-state=1
06-13 21:22:58.832 1551 2102 I thunderperf: CompatConfig.addOverrideUnsafe: bef-state=1
06-13 21:22:58.832 1551 2102 E thunderperf: CompatConfig.addOverrideUnsafe: exception:java.lang.SecurityException: Cannot override a change on a non-debuggable app and user build.
06-13 21:22:58.832 1551 2102 I thunderperf: CompatConfig.addOverrideUnsafe: aft-state=1
06-13 21:22:58.832 1551 2102 I thunderperf: CompatConfig.addOverrideUnsafe: bef-state=1
06-13 21:22:58.833 1551 2102 E thunderperf: CompatConfig.addOverrideUnsafe: exception:java.lang.SecurityException: Cannot override a change on a non-debuggable app and user build.
06-13 21:22:58.833 1551 2102 I thunderperf: CompatConfig.addOverrideUnsafe: aft-state=1
06-13 21:22:58.833 1551 2102 I thunderperf: CompatConfig.addOverrideUnsafe: bef-state=1
06-13 21:22:58.833 1551 2102 E thunderperf: CompatConfig.addOverrideUnsafe: exception:java.lang.SecurityException: Cannot override a change on a non-debuggable app and user build.
06-13 21:22:58.833 1551 2102 I thunderperf: CompatConfig.addOverrideUnsafe: aft-state=1
06-13 21:22:58.834 1551 2102 I thunderperf: CompatConfig.addOverrideUnsafe: bef-state=1
06-13 21:22:58.834 1551 2102 E thunderperf: CompatConfig.addOverrideUnsafe: exception:java.lang.SecurityException: Cannot override a change on a non-debuggable app and user build.
06-13 21:22:58.834 1551 2102 I thunderperf: CompatConfig.addOverrideUnsafe: aft-state=1
06-13 21:22:58.834 1551 2102 I thunderperf: CompatConfig.addOverrideUnsafe: bef-state=1
06-13 21:22:58.834 1551 2102 E thunderperf: CompatConfig.addOverrideUnsafe: exception:java.lang.SecurityException: Cannot override a change on a non-debuggable app and user build.
06-13 21:22:58.834 1551 2102 I thunderperf: CompatConfig.addOverrideUnsafe: aft-state=1
06-13 21:22:58.835 1551 2102 I thunderperf: CompatConfig.addOverrideUnsafe: bef-state=1
06-13 21:22:58.835 1551 2102 E thunderperf: CompatConfig.addOverrideUnsafe: exception:java.lang.SecurityException: Cannot override a change on a non-debuggable app and user build.
06-13 21:22:58.835 1551 2102 I thunderperf: CompatConfig.addOverrideUnsafe: aft-state=1
06-13 21:22:58.836 1551 2102 I thunderperf: CompatConfig.addOverrideUnsafe: bef-state=1
06-13 21:22:58.836 1551 2102 E thunderperf: CompatConfig.addOverrideUnsafe: exception:java.lang.SecurityException: Cannot override a change on a non-debuggable app and user build.
06-13 21:22:58.836 1551 2102 I thunderperf: CompatConfig.addOverrideUnsafe: aft-state=1
06-13 21:22:58.842 1551 2102 I ActivityTaskManager: START u0 {dat=file:///data/user_de/0/com.android.packageinstaller/no_backup/package5296491771891808355.apk flg=0x2000000 cmp=com.android.packageinstaller/.InstallInstalling (has extras)} from uid 10025
06-13 21:22:58.843 1551 2102 D ActivityTaskManager: TaskLaunchParamsModifier:task=null activity=ActivityRecord{7d06095 u0 com.android.packageinstaller/.InstallInstalling taskAffinity=10025:com.android.packageinstaller display-area-from-source=DefaultTaskDisplayArea@246865503 display-id=0 display-windowing-mode=1 suggested-display-area=DefaultTaskDisplayArea@246865503
