06-13 18:06:54.873 2159 2159 I wm_on_restart_called: [53462805,com.android.packageinstaller.DeleteStagedFileOnResult,performRestartActivity]
06-13 18:06:54.873 2159 2159 I wm_on_start_called: [53462805,com.android.packageinstaller.DeleteStagedFileOnResult,handleStartActivity]
06-13 18:06:54.873 2159 2159 I wm_on_restart_called: [27001122,com.android.packageinstaller.InstallSuccess,performRestartActivity]
06-13 18:06:54.873 2159 2159 I wm_on_start_called: [27001122,com.android.packageinstaller.InstallSuccess,handleStartActivity]
06-13 18:06:54.873 2159 2159 I wm_on_restart_called: [86616444,com.android.packageinstaller.DeleteStagedFileOnResult,performRestartActivity]
06-13 18:06:54.873 2159 2159 I wm_on_start_called: [86616444,com.android.packageinstaller.DeleteStagedFileOnResult,handleStartActivity]
06-13 18:06:54.873 2159 2159 I wm_on_resume_called: [74738226,com.android.packageinstaller.DeleteStagedFileOnResult,RESUME_ACTIVITY]
06-13 18:06:54.873 2159 2159 I wm_on_top_resumed_gained_called: [74738226,com.android.packageinstaller.DeleteStagedFileOnResult,topStateChangedWhenResumed]
06-13 18:06:54.873 2159 2159 I wm_on_top_resumed_lost_called: [74738226,com.android.packageinstaller.DeleteStagedFileOnResult,topStateChangedWhenResumed]
06-13 18:06:54.884 2159 2159 I wm_on_create_called: [96073017,com.android.packageinstaller.PackageInstallerActivity,performCreate]
06-13 18:06:54.885 2159 2159 I wm_on_start_called: [96073017,com.android.packageinstaller.PackageInstallerActivity,handleStartActivity]
06-13 18:06:54.890 2159 2159 I wm_on_resume_called: [96073017,com.android.packageinstaller.PackageInstallerActivity,LIFECYCLER_RESUME_ACTIVITY]
06-13 18:06:54.892 2159 2159 I wm_on_paused_called: [96073017,com.android.packageinstaller.PackageInstallerActivity,performPause]
06-13 18:06:54.892 2159 2159 I wm_on_paused_called: [74738226,com.android.packageinstaller.DeleteStagedFileOnResult,performPause]
06-13 18:06:54.893 1551 17020 I wm_set_resumed_activity: [0,com.android.packageinstaller/.PackageInstallerActivity,resumeTopActivityInnerLocked]
06-13 18:06:54.895 1551 17020 I wm_resume_activity: [0,96073017,63,com.android.packageinstaller/.PackageInstallerActivity]
06-13 18:06:54.896 1551 1670 I sysui_multi_action: [757,803,799,window_time_0,802,4]
06-13 18:06:55.004 2159 2159 I wm_on_resume_called: [96073017,com.android.packageinstaller.PackageInstallerActivity,RESUME_ACTIVITY]
06-13 18:06:55.004 2159 2159 I wm_on_top_resumed_gained_called: [96073017,com.android.packageinstaller.PackageInstallerActivity,topWhenResuming]
06-13 18:06:55.022 1551 1667 I sysui_multi_action: [319,212,322,195,325,59936,757,761,758,8,759,2,806,com.android.packageinstaller,871,com.android.packageinstaller.PackageInstallerActivity,904,com.android.packageinstaller,905,0,1320,4,1321,1]
06-13 18:06:55.022 1551 1667 I wm_activity_launch_time: [0,96073017,com.android.packageinstaller/.PackageInstallerActivity,195]
06-13 18:06:55.024 1551 18730 I wm_add_to_stopping: [0,96073017,com.android.packageinstaller/.PackageInstallerActivity,makeInvisible]
06-13 18:06:55.026 1551 18730 I wm_add_to_stopping: [0,74738226,com.android.packageinstaller/.DeleteStagedFileOnResult,makeInvisible]
06-13 18:06:55.028 1551 18730 I wm_add_to_stopping: [0,7374649,com.android.packageinstaller/.PackageInstallerActivity,makeInvisible]
06-13 18:06:55.029 1551 18730 I wm_add_to_stopping: [0,72266132,com.android.packageinstaller/.DeleteStagedFileOnResult,makeInvisible]
06-13 18:06:55.030 1551 18730 I wm_add_to_stopping: [0,133276095,com.android.packageinstaller/.PackageInstallerActivity,makeInvisible]
06-13 18:06:55.032 1551 18730 I wm_add_to_stopping: [0,175349344,com.android.packageinstaller/.DeleteStagedFileOnResult,makeInvisible]
06-13 18:06:55.033 1551 18730 I wm_add_to_stopping: [0,123708259,com.android.packageinstaller/.PackageInstallerActivity,makeInvisible]
06-13 18:06:55.034 1551 18730 I wm_add_to_stopping: [0,134710260,com.android.packageinstaller/.DeleteStagedFileOnResult,makeInvisible]
06-13 18:06:55.035 1551 18730 I wm_add_to_stopping: [0,220082946,com.android.packageinstaller/.PackageInstallerActivity,makeInvisible]
06-13 18:06:55.036 1551 18730 I wm_add_to_stopping: [0,148957047,com.android.packageinstaller/.DeleteStagedFileOnResult,makeInvisible]
06-13 18:06:55.037 1551 18730 I wm_add_to_stopping: [0,216049083,com.android.packageinstaller/.PackageInstallerActivity,makeInvisible]
06-13 18:06:55.038 1551 18730 I wm_add_to_stopping: [0,186497273,com.android.packageinstaller/.DeleteStagedFileOnResult,makeInvisible]
06-13 18:06:55.039 1551 18730 I wm_add_to_stopping: [0,240662303,com.android.packageinstaller/.PackageInstallerActivity,makeInvisible]
06-13 18:06:55.040 1551 18730 I wm_add_to_stopping: [0,249091709,com.android.packageinstaller/.DeleteStagedFileOnResult,makeInvisible]
06-13 18:06:55.043 1551 18730 I wm_add_to_stopping: [0,220425749,com.android.packageinstaller/.PackageInstallerActivity,makeInvisible]
06-13 18:06:55.044 1551 18730 I wm_add_to_stopping: [0,171589283,com.android.packageinstaller/.DeleteStagedFileOnResult,makeInvisible]
06-13 18:06:55.045 1551 18730 I wm_add_to_stopping: [0,240921632,com.android.packageinstaller/.PackageInstallerActivity,makeInvisible]
06-13 18:06:55.046 1551 18730 I wm_add_to_stopping: [0,3960262,com.android.packageinstaller/.DeleteStagedFileOnResult,makeInvisible]
06-13 18:06:55.046 1551 18730 I wm_add_to_stopping: [0,223077111,com.android.packageinstaller/.PackageInstallerActivity,makeInvisible]
06-13 18:06:55.047 1551 18730 I wm_add_to_stopping: [0,53462805,com.android.packageinstaller/.DeleteStagedFileOnResult,makeInvisible]
06-13 18:06:55.048 1551 18730 I wm_add_to_stopping: [0,27001122,com.android.packageinstaller/.InstallSuccess,makeInvisible]
06-13 18:06:55.049 1551 18730 I wm_add_to_stopping: [0,86616444,com.android.packageinstaller/.DeleteStagedFileOnResult,makeInvisible]
06-13 18:06:55.049 1551 18730 I wm_stop_activity: [0,86616444,com.android.packageinstaller/.DeleteStagedFileOnResult]
06-13 18:06:55.049 1551 18730 I wm_stop_activity: [0,27001122,com.android.packageinstaller/.InstallSuccess]
06-13 18:06:55.049 1551 18730 I wm_stop_activity: [0,53462805,com.android.packageinstaller/.DeleteStagedFileOnResult]
06-13 18:06:55.049 1551 18730 I wm_stop_activity: [0,223077111,com.android.packageinstaller/.PackageInstallerActivity]
06-13 18:06:55.049 1551 18730 I wm_stop_activity: [0,3960262,com.android.packageinstaller/.DeleteStagedFileOnResult]
06-13 18:06:55.049 1551 18730 I wm_stop_activity: [0,240921632,com.android.packageinstaller/.PackageInstallerActivity]
06-13 18:06:55.050 1551 18730 I wm_stop_activity: [0,171589283,com.android.packageinstaller/.DeleteStagedFileOnResult]
06-13 18:06:55.050 1551 18730 I wm_stop_activity: [0,220425749,com.android.packageinstaller/.PackageInstallerActivity]
06-13 18:06:55.050 1551 18730 I wm_stop_activity: [0,249091709,com.android.packageinstaller/.DeleteStagedFileOnResult]
06-13 18:06:55.050 1551 18730 I wm_stop_activity: [0,240662303,com.android.packageinstaller/.PackageInstallerActivity]
06-13 18:06:55.050 1551 18730 I wm_stop_activity: [0,186497273,com.android.packageinstaller/.DeleteStagedFileOnResult]
06-13 18:06:55.050 1551 18730 I wm_stop_activity: [0,216049083,com.android.packageinstaller/.PackageInstallerActivity]
06-13 18:06:55.050 1551 18730 I wm_stop_activity: [0,148957047,com.android.packageinstaller/.DeleteStagedFileOnResult]
06-13 18:06:55.050 1551 18730 I wm_stop_activity: [0,220082946,com.android.packageinstaller/.PackageInstallerActivity]
06-13 18:06:55.051 1551 18730 I wm_stop_activity: [0,134710260,com.android.packageinstaller/.DeleteStagedFileOnResult]
06-13 18:06:55.051 1551 18730 I wm_stop_activity: [0,123708259,com.android.packageinstaller/.PackageInstallerActivity]
06-13 18:06:55.051 1551 18730 I wm_stop_activity: [0,175349344,com.android.packageinstaller/.DeleteStagedFileOnResult]
06-13 18:06:55.051 1551 18730 I wm_stop_activity: [0,133276095,com.android.packageinstaller/.PackageInstallerActivity]
06-13 18:06:55.051 1551 18730 I wm_stop_activity: [0,72266132,com.android.packageinstaller/.DeleteStagedFileOnResult]
06-13 18:06:55.051 1551 18730 I wm_stop_activity: [0,7374649,com.android.packageinstaller/.PackageInstallerActivity]
06-13 18:06:55.051 1551 18730 I wm_stop_activity: [0,74738226,com.android.packageinstaller/.DeleteStagedFileOnResult]
06-13 18:06:55.051 1551 18730 I wm_stop_activity: [0,96073017,com.android.packageinstaller/.PackageInstallerActivity]
06-13 18:06:55.052 1551 18730 I wm_destroy_activity: [0,117178387,63,com.android.packageinstaller/.InstallStaging,finish-imm:idle]
06-13 18:06:55.054 2159 2159 I wm_on_stop_called: [86616444,com.android.packageinstaller.DeleteStagedFileOnResult,STOP_ACTIVITY_ITEM]
06-13 18:06:55.054 2159 2159 I wm_on_stop_called: [27001122,com.android.packageinstaller.InstallSuccess,STOP_ACTIVITY_ITEM]
06-13 18:06:55.054 2159 2159 I wm_on_stop_called: [53462805,com.android.packageinstaller.DeleteStagedFileOnResult,STOP_ACTIVITY_ITEM]
06-13 18:06:55.055 2159 2159 I wm_on_stop_called: [223077111,com.android.packageinstaller.PackageInstallerActivity,STOP_ACTIVITY_ITEM]
06-13 18:06:55.055 2159 2159 I wm_on_stop_called: [3960262,com.android.packageinstaller.DeleteStagedFileOnResult,STOP_ACTIVITY_ITEM]
06-13 18:06:55.055 2159 2159 I wm_on_stop_called: [240921632,com.android.packageinstaller.PackageInstallerActivity,STOP_ACTIVITY_ITEM]
06-13 18:06:55.055 2159 2159 I wm_on_stop_called: [171589283,com.android.packageinstaller.DeleteStagedFileOnResult,STOP_ACTIVITY_ITEM]
06-13 18:06:55.055 2159 2159 I wm_on_stop_called: [220425749,com.android.packageinstaller.PackageInstallerActivity,STOP_ACTIVITY_ITEM]
06-13 18:06:55.055 2159 2159 I wm_on_stop_called: [249091709,com.android.packageinstaller.DeleteStagedFileOnResult,STOP_ACTIVITY_ITEM]
06-13 18:06:55.056 2159 2159 I wm_on_stop_called: [240662303,com.android.packageinstaller.PackageInstallerActivity,STOP_ACTIVITY_ITEM]
06-13 18:06:55.056 2159 2159 I wm_on_stop_called: [186497273,com.android.packageinstaller.DeleteStagedFileOnResult,STOP_ACTIVITY_ITEM]
06-13 18:06:55.056 2159 2159 I wm_on_stop_called: [216049083,com.android.packageinstaller.PackageInstallerActivity,STOP_ACTIVITY_ITEM]
06-13 18:06:55.056 2159 2159 I wm_on_stop_called: [148957047,com.android.packageinstaller.DeleteStagedFileOnResult,STOP_ACTIVITY_ITEM]
06-13 18:06:55.056 2159 2159 I wm_on_stop_called: [220082946,com.android.packageinstaller.PackageInstallerActivity,STOP_ACTIVITY_ITEM]
06-13 18:06:55.056 2159 2159 I wm_on_stop_called: [134710260,com.android.packageinstaller.DeleteStagedFileOnResult,STOP_ACTIVITY_ITEM]
06-13 18:06:55.056 1551 1670 I sysui_multi_action: [757,803,799,window_time_0,802,0]
06-13 18:06:55.056 2159 2159 I wm_on_stop_called: [123708259,com.android.packageinstaller.PackageInstallerActivity,STOP_ACTIVITY_ITEM]
06-13 18:06:55.056 1551 1670 I sysui_multi_action: [757,803,799,window_time_0,802,0]
06-13 18:06:55.057 2159 2159 I wm_on_stop_called: [175349344,com.android.packageinstaller.DeleteStagedFileOnResult,STOP_ACTIVITY_ITEM]
06-13 18:06:55.057 2159 2159 I wm_on_stop_called: [133276095,com.android.packageinstaller.PackageInstallerActivity,STOP_ACTIVITY_ITEM]
06-13 18:06:55.057 2159 2159 I wm_on_stop_called: [72266132,com.android.packageinstaller.DeleteStagedFileOnResult,STOP_ACTIVITY_ITEM]
06-13 18:06:55.057 2159 2159 I wm_on_stop_called: [7374649,com.android.packageinstaller.PackageInstallerActivity,STOP_ACTIVITY_ITEM]
06-13 18:06:55.057 2159 2159 I wm_on_stop_called: [74738226,com.android.packageinstaller.DeleteStagedFileOnResult,STOP_ACTIVITY_ITEM]
06-13 18:06:55.057 2159 2159 I wm_on_top_resumed_lost_called: [96073017,com.android.packageinstaller.PackageInstallerActivity,topStateChangedWhenResumed]
06-13 18:06:55.058 2159 2159 I wm_on_paused_called: [96073017,com.android.packageinstaller.PackageInstallerActivity,performPause]
06-13 18:06:55.058 2159 2159 I wm_on_stop_called: [96073017,com.android.packageinstaller.PackageInstallerActivity,STOP_ACTIVITY_ITEM]
06-13 18:06:55.058 2159 2159 I wm_on_destroy_called: [117178387,com.android.packageinstaller.InstallStaging,performDestroy]
06-13 18:06:59.420 0 0 E [59941.344329] link_delay_work_func: DTC_ETH: SQI=0, link=0
06-13 18:07:04.540 0 0 E [59946.464492] link_delay_work_func: DTC_ETH: SQI=0, link=0
06-13 18:07:09.660 0 0 E [59951.584333] link_delay_work_func: DTC_ETH: SQI=0, link=0
06-13 18:07:11.192 0 0 I [59953.116701] init: processing action (sys.tlog.tlogdshc.active=1) from (/system/etc/init/tlogd.rc:195)
06-13 18:07:11.192 0 0 I [59953.117469] init: starting service 'tlogdshc'...
06-13 18:07:11.320 0 0 I [59953.245070] init: Service 'tlogdshc' (pid 8072) exited with status 0 oneshot service took 0.123000 seconds in background
06-13 18:07:11.320 0 0 I [59953.245098] init: Sending signal 9 to service 'tlogdshc' (pid 8072) process group...
06-13 18:07:11.320 0 0 I [59953.245273] libprocessgroup: Successfully killed process cgroup uid 0 pid 8072 in 0ms
06-13 18:07:14.776 0 0 E [59956.704353] link_delay_work_func: DTC_ETH: SQI=0, link=0
06-13 18:07:18.433 1551 1860 I storage_state: [41217664-9172-527a-b3d5-edabb50a7d69,0,0,97495273472,118610538496]
06-13 18:07:19.897 0 0 E [59961.824388] link_delay_work_func: DTC_ETH: SQI=0, link=0
06-13 18:07:25.020 0 0 E [59966.944509] link_delay_work_func: DTC_ETH: SQI=0, link=0
06-13 18:07:25.402 1551 1911 I sync : [com.tencent.android.qqdownloader.YYBLiveAccountProvider,0,3,24220937]
06-13 18:07:25.520 1551 1911 I sync : [com.tencent.android.qqdownloader.YYBLiveAccountProvider,1,3,24220937]
06-13 18:07:25.522 1551 1911 I commit_sys_config_file: [sync-status,53024888]
06-13 18:07:25.528 1551 1911 I sync : [com.tencent.android.qqdownloader.YYBLiveAccountProvider,0,3,24220937]
06-13 18:07:25.565 1551 1911 I sync : [com.tencent.android.qqdownloader.YYBLiveAccountProvider,1,3,24220937]
06-13 18:07:25.567 1551 1911 I commit_sys_config_file: [sync-status,53024933]
06-13 18:07:27.529 1551 1669 I commit_sys_config_file: [jobs,7]
06-13 18:07:30.140 0 0 E [59972.064510] link_delay_work_func: DTC_ETH: SQI=0, link=0
06-13 18:07:35.260 0 0 E [59977.184303] link_delay_work_func: DTC_ETH: SQI=0, link=0
06-13 18:07:40.380 0 0 E [59982.304471] link_delay_work_func: DTC_ETH: SQI=0, link=0
06-13 18:07:41.192 0 0 I [59983.118038] init: processing action (sys.tlog.tlogdshc.active=1) from (/system/etc/init/tlogd.rc:195)
06-13 18:07:41.192 0 0 I [59983.118643] init: starting service 'tlogdshc'...
06-13 18:07:41.305 0 0 I [59983.231089] init: Service 'tlogdshc' (pid 8115) exited with status 0 oneshot service took 0.107000 seconds in background
06-13 18:07:41.305 0 0 I [59983.231117] init: Sending signal 9 to service 'tlogdshc' (pid 8115) process group...
06-13 18:07:41.305 0 0 I [59983.231286] libprocessgroup: Successfully killed process cgroup uid 0 pid 8115 in 0ms
06-13 18:07:45.500 0 0 E [59987.424500] link_delay_work_func: DTC_ETH: SQI=0, link=0
06-13 18:07:50.085 1551 1551 I notification_enqueue: [10092,17024,com.tencent.android.qqdownloader,127,NULL,0,Notification(channel=channel_id_default_silent shortcut=null contentView=com.tencent.android.qqdownloader/0x7f0a01c2 vibrate=null sound=null defaults=0x0 flags=0x2a2 color=0x00000000 groupKey=com.tencent.android.qqdownloader vis=PRIVATE),1]
06-13 18:07:50.620 0 0 E [59992.544315] link_delay_work_func: DTC_ETH: SQI=0, link=0
06-13 18:07:55.740 0 0 E [59997.664304] link_delay_work_func: DTC_ETH: SQI=0, link=0
06-13 18:08:00.480 1551 1911 I sync : [com.tencent.android.qqdownloader.YYBLiveAccountProvider,0,3,24220937]
06-13 18:08:00.523 1551 1911 I sync : [com.tencent.android.qqdownloader.YYBLiveAccountProvider,1,3,24220937]
06-13 18:08:00.527 1551 1911 I commit_sys_config_file: [sync-status,53059893]
06-13 18:08:00.536 1551 1911 I sync : [com.tencent.android.qqdownloader.YYBLiveAccountProvider,0,3,24220937]
06-13 18:08:00.568 1551 1911 I sync : [com.tencent.android.qqdownloader.YYBLiveAccountProvider,1,3,24220937]
06-13 18:08:00.571 1551 1911 I commit_sys_config_file: [sync-status,53059937]
06-13 18:08:00.857 0 0 E [60002.784554] link_delay_work_func: DTC_ETH: SQI=0, link=0
06-13 18:08:02.534 1551 1669 I commit_sys_config_file: [jobs,8]
06-13 18:08:05.980 0 0 E [60007.904319] link_delay_work_func: DTC_ETH: SQI=0, link=0
06-13 18:08:11.100 0 0 E [60013.024697] link_delay_work_func: DTC_ETH: SQI=0, link=0
06-13 18:08:11.194 0 0 I [60013.119820] init: processing action (sys.tlog.tlogdshc.active=1) from (/system/etc/init/tlogd.rc:195)
06-13 18:08:11.194 0 0 I [60013.120497] init: starting service 'tlogdshc'...
06-13 18:08:11.308 0 0 I [60013.234394] init: Service 'tlogdshc' (pid 8159) exited with status 0 oneshot service took 0.109000 seconds in background
06-13 18:08:11.308 0 0 I [60013.234423] init: Sending signal 9 to service 'tlogdshc' (pid 8159) process group...
06-13 18:08:11.308 0 0 I [60013.234592] libprocessgroup: Successfully killed process cgroup uid 0 pid 8159 in 0ms
06-13 18:08:16.220 0 0 E [60018.144527] link_delay_work_func: DTC_ETH: SQI=0, link=0
06-13 18:08:21.336 0 0 E [60023.264491] link_delay_work_func: DTC_ETH: SQI=0, link=0
06-13 18:08:26.460 0 0 E [60028.385638] link_delay_work_func: DTC_ETH: SQI=0, link=0
06-13 18:08:31.580 0 0 E [60033.504547] link_delay_work_func: DTC_ETH: SQI=0, link=0
06-13 18:08:35.477 1551 1911 I sync : [com.tencent.android.qqdownloader.YYBLiveAccountProvider,0,3,24220937]
06-13 18:08:35.514 1551 1911 I sync : [com.tencent.android.qqdownloader.YYBLiveAccountProvider,1,3,24220937]
06-13 18:08:35.517 1551 1911 I commit_sys_config_file: [sync-status,53094882]
06-13 18:08:35.526 1551 1911 I sync : [com.tencent.android.qqdownloader.YYBLiveAccountProvider,0,3,24220937]
06-13 18:08:35.564 1551 1911 I sync : [com.tencent.android.qqdownloader.YYBLiveAccountProvider,1,3,24220937]
06-13 18:08:35.567 1551 1911 I commit_sys_config_file: [sync-status,53094933]
06-13 18:08:36.700 0 0 E [60038.624382] link_delay_work_func: DTC_ETH: SQI=0, link=0
06-13 18:08:37.523 1551 1669 I commit_sys_config_file: [jobs,7]
06-13 18:08:41.196 0 0 I [60043.122379] init: processing action (sys.tlog.tlogdshc.active=1) from (/system/etc/init/tlogd.rc:195)
06-13 18:08:41.196 0 0 I [60043.123114] init: starting service 'tlogdshc'...
06-13 18:08:41.312 0 0 I [60043.238434] init: Service 'tlogdshc' (pid 8207) exited with status 0 oneshot service took 0.110000 seconds in background
06-13 18:08:41.312 0 0 I [60043.238461] init: Sending signal 9 to service 'tlogdshc' (pid 8207) process group...
06-13 18:08:41.312 0 0 I [60043.238635] libprocessgroup: Successfully killed process cgroup uid 0 pid 8207 in 0ms
06-13 18:08:41.820 0 0 E [60043.744345] link_delay_work_func: DTC_ETH: SQI=0, link=0
06-13 18:08:46.940 0 0 E [60048.864338] link_delay_work_func: DTC_ETH: SQI=0, link=0
06-13 18:08:51.569 1551 1551 I notification_enqueue: [10092,17024,com.tencent.android.qqdownloader,127,NULL,0,Notification(channel=channel_id_default_silent shortcut=null contentView=com.tencent.android.qqdownloader/0x7f0a01c2 vibrate=null sound=null defaults=0x0 flags=0x2a2 color=0x00000000 groupKey=com.tencent.android.qqdownloader vis=PRIVATE),1]
06-13 18:08:52.057 0 0 E [60053.984343] link_delay_work_func: DTC_ETH: SQI=0, link=0
06-13 18:08:57.180 0 0 E [60059.104305] link_delay_work_func: DTC_ETH: SQI=0, link=0
06-13 18:09:02.300 0 0 E [60064.224524] link_delay_work_func: DTC_ETH: SQI=0, link=0
06-13 18:09:07.420 0 0 E [60069.344359] link_delay_work_func: DTC_ETH: SQI=0, link=0
06-13 18:09:10.483 1551 1911 I sync : [com.tencent.android.qqdownloader.YYBLiveAccountProvider,0,3,24220937]
06-13 18:09:10.528 1551 1911 I sync : [com.tencent.android.qqdownloader.YYBLiveAccountProvider,1,3,24220937]
06-13 18:09:10.532 1551 1911 I commit_sys_config_file: [sync-status,53129898]
06-13 18:09:10.540 1551 1911 I sync : [com.tencent.android.qqdownloader.YYBLiveAccountProvider,0,3,24220937]
06-13 18:09:10.570 1551 1911 I sync : [com.tencent.android.qqdownloader.YYBLiveAccountProvider,1,3,24220937]
06-13 18:09:10.573 1551 1911 I commit_sys_config_file: [sync-status,53129939]
06-13 18:09:11.204 0 0 I [60073.131071] init: processing action (sys.tlog.tlogdshc.active=1) from (/system/etc/init/tlogd.rc:195)
06-13 18:09:11.204 0 0 I [60073.131621] init: starting service 'tlogdshc'...
06-13 18:09:11.316 0 0 I [60073.243703] init: Service 'tlogdshc' (pid 8251) exited with status 0 oneshot service took 0.107000 seconds in background
06-13 18:09:11.316 0 0 I [60073.243730] init: Sending signal 9 to service 'tlogdshc' (pid 8251) process group...
06-13 18:09:11.316 0 0 I [60073.243901] libprocessgroup: Successfully killed process cgroup uid 0 pid 8251 in 0ms
06-13 18:09:12.536 0 0 E [60074.464355] link_delay_work_func: DTC_ETH: SQI=0, link=0
06-13 18:09:12.537 1551 1669 I commit_sys_config_file: [jobs,7]
06-13 18:09:17.660 0 0 E [60079.584293] link_delay_work_func: DTC_ETH: SQI=0, link=0
06-13 18:09:22.780 0 0 E [60084.704519] link_delay_work_func: DTC_ETH: SQI=0, link=0
06-13 18:09:27.900 0 0 E [60089.824513] link_delay_work_func: DTC_ETH: SQI=0, link=0
06-13 18:09:33.020 0 0 E [60094.944338] link_delay_work_func: DTC_ETH: SQI=0, link=0
06-13 18:09:38.140 0 0 E [60100.064645] link_delay_work_func: DTC_ETH: SQI=0, link=0
06-13 18:09:41.208 0 0 I [60103.132831] init: processing action (sys.tlog.tlogdshc.active=1) from (/system/etc/init/tlogd.rc:195)
06-13 18:09:41.208 0 0 I [60103.133459] init: starting service 'tlogdshc'...
06-13 18:09:41.320 0 0 I [60103.244361] init: Service 'tlogdshc' (pid 8292) exited with status 0 oneshot service took 0.106000 seconds in background
06-13 18:09:41.320 0 0 I [60103.244388] init: Sending signal 9 to service 'tlogdshc' (pid 8292) process group...
06-13 18:09:41.320 0 0 I [60103.244563] libprocessgroup: Successfully killed process cgroup uid 0 pid 8292 in 0ms
06-13 18:09:43.260 0 0 E [60105.184476] link_delay_work_func: DTC_ETH: SQI=0, link=0
06-13 18:09:44.499 1551 1822 I input_interaction: Interaction with: dc1199c com.thundercomm.screensaver/android.service.dreams.DreamActivity (server), edge-swipe (server), swipe-up (server), PointerEventDispatcher0 (server),
06-13 18:09:44.750 1551 2564 I wm_finish_activity: [0,178852985,68,com.thundercomm.screensaver/android.service.dreams.DreamActivity,finish-activity]
06-13 18:09:44.752 1551 2564 I wm_pause_activity: [0,178852985,com.thundercomm.screensaver/android.service.dreams.DreamActivity,userLeaving=false,finish]
06-13 18:09:44.757 1551 1670 I sysui_multi_action: [757,803,799,window_time_0,802,170]
06-13 18:09:44.765 4423 4423 I wm_on_paused_called: [178852985,android.service.dreams.DreamActivity,performPause]
06-13 18:09:44.765 1551 2564 I wm_add_to_stopping: [0,178852985,com.thundercomm.screensaver/android.service.dreams.DreamActivity,completeFinishing]
06-13 18:09:44.767 1551 2564 I wm_set_resumed_activity: [0,com.android.packageinstaller/.PackageInstallerActivity,resumeTopActivityInnerLocked]
06-13 18:09:44.776 1551 2564 I wm_resume_activity: [0,96073017,63,com.android.packageinstaller/.PackageInstallerActivity]
06-13 18:09:44.785 1551 1670 I sysui_multi_action: [757,803,799,window_time_0,802,0]
06-13 18:09:44.786 2159 2159 I wm_on_restart_called: [74738226,com.android.packageinstaller.DeleteStagedFileOnResult,performRestartActivity]
06-13 18:09:44.786 2159 2159 I wm_on_start_called: [74738226,com.android.packageinstaller.DeleteStagedFileOnResult,handleStartActivity]
06-13 18:09:44.787 2159 2159 I wm_on_restart_called: [7374649,com.android.packageinstaller.PackageInstallerActivity,performRestartActivity]
06-13 18:09:44.787 2159 2159 I wm_on_start_called: [7374649,com.android.packageinstaller.PackageInstallerActivity,handleStartActivity]
06-13 18:09:44.787 2159 2159 I wm_on_restart_called: [72266132,com.android.packageinstaller.DeleteStagedFileOnResult,performRestartActivity]
06-13 18:09:44.787 2159 2159 I wm_on_start_called: [72266132,com.android.packageinstaller.DeleteStagedFileOnResult,handleStartActivity]
06-13 18:09:44.788 2159 2159 I wm_on_restart_called: [133276095,com.android.packageinstaller.PackageInstallerActivity,performRestartActivity]
06-13 18:09:44.788 2159 2159 I wm_on_start_called: [133276095,com.android.packageinstaller.PackageInstallerActivity,handleStartActivity]
06-13 18:09:44.788 2159 2159 I wm_on_restart_called: [175349344,com.android.packageinstaller.DeleteStagedFileOnResult,performRestartActivity]
06-13 18:09:44.788 2159 2159 I wm_on_start_called: [175349344,com.android.packageinstaller.DeleteStagedFileOnResult,handleStartActivity]
06-13 18:09:44.788 2159 2159 I wm_on_restart_called: [123708259,com.android.packageinstaller.PackageInstallerActivity,performRestartActivity]
06-13 18:09:44.788 2159 2159 I wm_on_start_called: [123708259,com.android.packageinstaller.PackageInstallerActivity,handleStartActivity]
06-13 18:09:44.788 2159 2159 I wm_on_restart_called: [134710260,com.android.packageinstaller.DeleteStagedFileOnResult,performRestartActivity]
06-13 18:09:44.788 2159 2159 I wm_on_start_called: [134710260,com.android.packageinstaller.DeleteStagedFileOnResult,handleStartActivity]
06-13 18:09:44.788 2159 2159 I wm_on_restart_called: [220082946,com.android.packageinstaller.PackageInstallerActivity,performRestartActivity]
06-13 18:09:44.788 2159 2159 I wm_on_start_called: [220082946,com.android.packageinstaller.PackageInstallerActivity,handleStartActivity]
06-13 18:09:44.789 2159 2159 I wm_on_restart_called: [148957047,com.android.packageinstaller.DeleteStagedFileOnResult,performRestartActivity]
06-13 18:09:44.789 2159 2159 I wm_on_start_called: [148957047,com.android.packageinstaller.DeleteStagedFileOnResult,handleStartActivity]
06-13 18:09:44.789 2159 2159 I wm_on_restart_called: [216049083,com.android.packageinstaller.PackageInstallerActivity,performRestartActivity]
06-13 18:09:44.789 2159 2159 I wm_on_start_called: [216049083,com.android.packageinstaller.PackageInstallerActivity,handleStartActivity]
06-13 18:09:44.789 2159 2159 I wm_on_restart_called: [186497273,com.android.packageinstaller.DeleteStagedFileOnResult,performRestartActivity]
06-13 18:09:44.789 2614 2614 I wm_on_restart_called: [87018331,com.android.launcher3.uioverrides.QuickstepLauncher,performRestartActivity]
06-13 18:09:44.789 2159 2159 I wm_on_start_called: [186497273,com.android.packageinstaller.DeleteStagedFileOnResult,handleStartActivity]
06-13 18:09:44.790 2159 2159 I wm_on_restart_called: [240662303,com.android.packageinstaller.PackageInstallerActivity,performRestartActivity]
06-13 18:09:44.790 2159 2159 I wm_on_start_called: [240662303,com.android.packageinstaller.PackageInstallerActivity,handleStartActivity]
06-13 18:09:44.790 2159 2159 I wm_on_restart_called: [249091709,com.android.packageinstaller.DeleteStagedFileOnResult,performRestartActivity]
06-13 18:09:44.790 2159 2159 I wm_on_start_called: [249091709,com.android.packageinstaller.DeleteStagedFileOnResult,handleStartActivity]
06-13 18:09:44.790 2159 2159 I wm_on_restart_called: [220425749,com.android.packageinstaller.PackageInstallerActivity,performRestartActivity]
06-13 18:09:44.790 2159 2159 I wm_on_start_called: [220425749,com.android.packageinstaller.PackageInstallerActivity,handleStartActivity]
06-13 18:09:44.790 2159 2159 I wm_on_restart_called: [171589283,com.android.packageinstaller.DeleteStagedFileOnResult,performRestartActivity]
06-13 18:09:44.790 2159 2159 I wm_on_start_called: [171589283,com.android.packageinstaller.DeleteStagedFileOnResult,handleStartActivity]
06-13 18:09:44.790 2614 2614 I wm_on_start_called: [87018331,com.android.launcher3.uioverrides.QuickstepLauncher,handleStartActivity]
06-13 18:09:44.790 2159 2159 I wm_on_restart_called: [240921632,com.android.packageinstaller.PackageInstallerActivity,performRestartActivity]
06-13 18:09:44.790 2159 2159 I wm_on_start_called: [240921632,com.android.packageinstaller.PackageInstallerActivity,handleStartActivity]
06-13 18:09:44.791 2159 2159 I wm_on_restart_called: [3960262,com.android.packageinstaller.DeleteStagedFileOnResult,performRestartActivity]
06-13 18:09:44.791 2159 2159 I wm_on_start_called: [3960262,com.android.packageinstaller.DeleteStagedFileOnResult,handleStartActivity]
06-13 18:09:44.791 1551 18730 I am_uid_active: 10062
06-13 18:09:44.791 2159 2159 I wm_on_restart_called: [223077111,com.android.packageinstaller.PackageInstallerActivity,performRestartActivity]
06-13 18:09:44.791 2159 2159 I wm_on_start_called: [223077111,com.android.packageinstaller.PackageInstallerActivity,handleStartActivity]
06-13 18:09:44.792 2159 2159 I wm_on_restart_called: [53462805,com.android.packageinstaller.DeleteStagedFileOnResult,performRestartActivity]
06-13 18:09:44.792 2159 2159 I wm_on_start_called: [53462805,com.android.packageinstaller.DeleteStagedFileOnResult,handleStartActivity]
06-13 18:09:44.792 2159 2159 I wm_on_restart_called: [27001122,com.android.packageinstaller.InstallSuccess,performRestartActivity]
06-13 18:09:44.792 2159 2159 I wm_on_start_called: [27001122,com.android.packageinstaller.InstallSuccess,handleStartActivity]
06-13 18:09:44.792 2159 2159 I wm_on_restart_called: [86616444,com.android.packageinstaller.DeleteStagedFileOnResult,performRestartActivity]
06-13 18:09:44.792 2159 2159 I wm_on_start_called: [86616444,com.android.packageinstaller.DeleteStagedFileOnResult,handleStartActivity]
06-13 18:09:44.792 2159 2159 I wm_on_restart_called: [96073017,com.android.packageinstaller.PackageInstallerActivity,performRestartActivity]
06-13 18:09:44.793 2159 2159 I wm_on_start_called: [96073017,com.android.packageinstaller.PackageInstallerActivity,handleStartActivity]
06-13 18:09:44.795 1551 1822 I input_focus: [Focus leaving dc1199c com.thundercomm.screensaver/android.service.dreams.DreamActivity (server),reason=NO_WINDOW]
06-13 18:09:44.799 2159 2159 I wm_on_resume_called: [96073017,com.android.packageinstaller.PackageInstallerActivity,RESUME_ACTIVITY]
06-13 18:09:44.799 2159 2159 I wm_on_top_resumed_gained_called: [96073017,com.android.packageinstaller.PackageInstallerActivity,topWhenResuming]
06-13 18:09:44.806 1551 1672 I input_focus: [Focus request d9da818 com.android.packageinstaller/com.android.packageinstaller.PackageInstallerActivity,reason=UpdateInputWindows]
06-13 18:09:44.963 1551 1822 I input_focus: [Focus entering d9da818 com.android.packageinstaller/com.android.packageinstaller.PackageInstallerActivity (server),reason=Window became focusable. Previous reason: NOT_VISIBLE]
06-13 18:09:45.482 1551 1670 I wm_destroy_activity: [0,178852985,68,com.thundercomm.screensaver/android.service.dreams.DreamActivity,finish-imm:idle]
06-13 18:09:45.493 4423 4423 I wm_on_stop_called: [178852985,android.service.dreams.DreamActivity,LIFECYCLER_STOP_ACTIVITY]
06-13 18:09:45.495 1551 1911 I sync : [com.tencent.android.qqdownloader.YYBLiveAccountProvider,0,3,24220937]
06-13 18:09:45.499 4423 4423 I wm_on_destroy_called: [178852985,android.service.dreams.DreamActivity,performDestroy]
06-13 18:09:45.500 1551 1667 I sysui_multi_action: [757,222,758,2]
06-13 18:09:45.501 1551 1667 I sysui_multi_action: [757,804,799,dreaming_minutes,801,4,802,1]
06-13 18:09:45.512 1551 2564 I wm_task_removed: [68,removeChild:removeChild last r=ActivityRecord{aa91479 u0 com.thundercomm.screensaver/android.service.dreams.DreamActivity taskAffinity=1000:android:com.thundercomm.screensaver/dream t-1 f}} in t=Task{cd0c5be #68 type=dream A=1000:android:com.thundercomm.screensaver/dream U=0 visible=false mode=fullscreen translucent=true sz=0 visible freeform task=true rootAffinity=1000:android:com.thundercomm.screensaver/dream isMini=false}]
06-13 18:09:45.512 1551 2564 I wm_task_removed: [68,removeChild]
06-13 18:09:45.532 1551 1911 I sync : [com.tencent.android.qqdownloader.YYBLiveAccountProvider,1,3,24220937]
06-13 18:09:45.538 1551 1911 I commit_sys_config_file: [sync-status,53164904]
06-13 18:09:45.545 1551 1911 I sync : [com.tencent.android.qqdownloader.YYBLiveAccountProvider,0,3,24220937]
06-13 18:09:45.568 1551 1911 I sync : [com.tencent.android.qqdownloader.YYBLiveAccountProvider,1,3,24220937]
06-13 18:09:45.569 1551 1911 I commit_sys_config_file: [sync-status,53164935]
06-13 18:09:46.335 1551 1822 I input_interaction: Interaction with: d9da818 com.android.packageinstaller/com.android.packageinstaller.PackageInstallerActivity (server), edge-swipe (server), swipe-up (server), PointerEventDispatcher0 (server),
06-13 18:09:46.553 1551 17020 I wm_task_moved: [63,1,8]
06-13 18:09:46.554 1551 17020 I wm_set_resumed_activity: [0,com.android.packageinstaller/.PackageInstallerActivity,positionChildAt]
06-13 18:09:46.554 1551 17020 I wm_create_activity: [0,212757088,63,com.android.packageinstaller/.InstallInstalling,NULL,NULL,file:///data/user_de/0/com.android.packageinstaller/no_backup/package1532786179076987620.apk,33554432]
06-13 18:09:46.554 1551 17020 I wm_pause_activity: [0,96073017,com.android.packageinstaller/.PackageInstallerActivity,userLeaving=true,resumeTopActivityInnerLocked]
06-13 18:09:46.557 1551 17020 I wm_finish_activity: [0,96073017,63,com.android.packageinstaller/.PackageInstallerActivity,app-request]
06-13 18:09:46.563 2159 2159 I wm_on_top_resumed_lost_called: [96073017,com.android.packageinstaller.PackageInstallerActivity,topStateChangedWhenResumed]
06-13 18:09:46.564 2159 2159 I wm_on_paused_called: [96073017,com.android.packageinstaller.PackageInstallerActivity,performPause]
06-13 18:09:46.564 1551 17020 I wm_add_to_stopping: [0,96073017,com.android.packageinstaller/.PackageInstallerActivity,completeFinishing]
06-13 18:09:46.566 1551 17020 I wm_restart_activity: [0,212757088,63,com.android.packageinstaller/.InstallInstalling]
06-13 18:09:46.567 1551 17020 I wm_set_resumed_activity: [0,com.android.packageinstaller/.InstallInstalling,minimalResumeActivityLocked]
06-13 18:09:46.571 1551 1670 I sysui_multi_action: [757,803,799,window_time_0,802,2]
06-13 18:09:46.596 1551 1822 I input_focus: [Focus leaving d9da818 com.android.packageinstaller/com.android.packageinstaller.PackageInstallerActivity (server),reason=NO_WINDOW]
06-13 18:09:46.606 2159 2159 I wm_on_create_called: [212757088,com.android.packageinstaller.InstallInstalling,performCreate]
06-13 18:09:46.606 2159 2159 I wm_on_start_called: [212757088,com.android.packageinstaller.InstallInstalling,handleStartActivity]
06-13 18:09:46.607 1551 1669 I commit_sys_config_file: [package-session,60099302]
06-13 18:09:46.607 2159 2159 I wm_on_resume_called: [212757088,com.android.packageinstaller.InstallInstalling,RESUME_ACTIVITY]
06-13 18:09:46.609 1551 1669 I commit_sys_config_file: [package-session,60099304]
06-13 18:09:46.609 2159 2159 I wm_on_top_resumed_gained_called: [212757088,com.android.packageinstaller.InstallInstalling,topStateChangedWhenResumed]
06-13 18:09:46.630 1551 1672 I input_focus: [Focus request e31b451 com.android.packageinstaller/com.android.packageinstaller.InstallInstalling,reason=UpdateInputWindows]
06-13 18:09:46.649 1551 1667 I wm_activity_launch_time: [0,212757088,com.android.packageinstaller/.InstallInstalling,100]
06-13 18:09:46.651 1551 1670 I wm_destroy_activity: [0,96073017,63,com.android.packageinstaller/.PackageInstallerActivity,finish-imm:transit]
06-13 18:09:46.663 1551 1822 I input_focus: [Focus entering e31b451 com.android.packageinstaller/com.android.packageinstaller.InstallInstalling (server),reason=setFocusedWindow]
06-13 18:09:46.693 2159 2159 I wm_on_stop_called: [96073017,com.android.packageinstaller.PackageInstallerActivity,LIFECYCLER_STOP_ACTIVITY]
06-13 18:09:46.693 2159 2159 I wm_on_destroy_called: [96073017,com.android.packageinstaller.PackageInstallerActivity,performDestroy]
06-13 18:09:47.534 1551 1669 I commit_sys_config_file: [jobs,1]
06-13 18:09:48.376 0 0 E [60110.304292] link_delay_work_func: DTC_ETH: SQI=0, link=0
06-13 18:09:53.064 1551 1551 I notification_enqueue: [10092,17024,com.tencent.android.qqdownloader,127,NULL,0,Notification(channel=channel_id_default_silent shortcut=null contentView=com.tencent.android.qqdownloader/0x7f0a01c2 vibrate=null sound=null defaults=0x0 flags=0x2a2 color=0x00000000 groupKey=com.tencent.android.qqdownloader vis=PRIVATE),1]
06-13 18:09:53.497 0 0 E [60115.424268] link_delay_work_func: DTC_ETH: SQI=0, link=0
06-13 18:09:57.168 1551 1787 I commit_sys_config_file: [package-session,60109864]
06-13 18:09:58.616 0 0 E [60120.544276] link_delay_work_func: DTC_ETH: SQI=0, link=0
06-13 18:10:02.657 1551 1727 I commit_sys_config_file: [package-user-0,2]
06-13 18:10:02.657 1551 1727 I commit_sys_config_file: [package,50]
06-13 18:10:02.659 0 0 I [60124.584194] logd: start watching /data/system/packages.list ...
06-13 18:10:02.659 0 0 I [60124.585404] logd: ReadPackageList, total packages: 108
06-13 18:10:03.740 0 0 E [60125.666756] link_delay_work_func: DTC_ETH: SQI=0, link=0
06-13 18:10:04.036 1551 1727 I unknown_sources_enabled: 1
06-13 18:10:04.047 1551 1788 I commit_sys_config_file: [overlays,60117333]
06-13 18:10:04.054 1551 1667 I am_uid_active: 10089
06-13 18:10:04.062 1551 1787 I commit_sys_config_file: [package-session,60116758]
06-13 18:10:04.089 1551 1551 I notification_cancel_all: [1000,1551,com.tencent.tmgp.speedmobile,0,0,0,5,NULL]
06-13 18:10:04.121 1551 17020 I wm_task_moved: [63,1,8]
06-13 18:10:04.121 1551 17020 I wm_set_resumed_activity: [0,com.android.packageinstaller/.InstallInstalling,positionChildAt]
06-13 18:10:04.121 1551 17020 I wm_create_activity: [0,180441741,63,com.android.packageinstaller/.InstallSuccess,NULL,NULL,file:///data/user_de/0/com.android.packageinstaller/no_backup/package1532786179076987620.apk,33554432]
06-13 18:10:04.123 1551 17020 I wm_pause_activity: [0,212757088,com.android.packageinstaller/.InstallInstalling,userLeaving=true,resumeTopActivityInnerLocked]
06-13 18:10:04.127 1551 19338 I wm_finish_activity: [0,212757088,63,com.android.packageinstaller/.InstallInstalling,app-request]
06-13 18:10:04.127 2159 2159 I wm_on_top_resumed_lost_called: [212757088,com.android.packageinstaller.InstallInstalling,topStateChangedWhenResumed]
06-13 18:10:04.128 2159 2159 I wm_on_paused_called: [212757088,com.android.packageinstaller.InstallInstalling,performPause]
06-13 18:10:04.128 1551 19338 I wm_add_to_stopping: [0,212757088,com.android.packageinstaller/.InstallInstalling,completeFinishing]
06-13 18:10:04.130 1551 19338 I wm_restart_activity: [0,180441741,63,com.android.packageinstaller/.InstallSuccess]
06-13 18:10:04.132 1551 19338 I wm_set_resumed_activity: [0,com.android.packageinstaller/.InstallSuccess,minimalResumeActivityLocked]
06-13 18:10:04.143 1551 1670 I sysui_multi_action: [757,803,799,window_time_0,802,18]
06-13 18:10:04.163 1551 1822 I input_focus: [Focus leaving e31b451 com.android.packageinstaller/com.android.packageinstaller.InstallInstalling (server),reason=NO_WINDOW]
06-13 18:10:04.170 2159 2159 I wm_on_create_called: [180441741,com.android.packageinstaller.InstallSuccess,performCreate]
06-13 18:10:04.170 2159 2159 I wm_on_start_called: [180441741,com.android.packageinstaller.InstallSuccess,handleStartActivity]
06-13 18:10:04.176 2159 2159 I wm_on_resume_called: [180441741,com.android.packageinstaller.InstallSuccess,RESUME_ACTIVITY]
06-13 18:10:04.189 2159 2159 I wm_on_top_resumed_gained_called: [180441741,com.android.packageinstaller.InstallSuccess,topStateChangedWhenResumed]
06-13 18:10:04.203 1551 1672 I input_focus: [Focus request 5a546ec com.android.packageinstaller/com.android.packageinstaller.InstallSuccess,reason=UpdateInputWindows]
06-13 18:10:04.239 1551 1667 I wm_activity_launch_time: [0,180441741,com.android.packageinstaller/.InstallSuccess,122]
06-13 18:10:04.242 1551 1670 I wm_destroy_activity: [0,212757088,63,com.android.packageinstaller/.InstallInstalling,finish-imm:transit]
06-13 18:10:04.247 1551 1822 I input_focus: [Focus entering 5a546ec com.android.packageinstaller/com.android.packageinstaller.InstallSuccess (server),reason=Window became focusable. Previous reason: NOT_VISIBLE]
06-13 18:10:04.257 2159 2159 I wm_on_stop_called: [212757088,com.android.packageinstaller.InstallInstalling,LIFECYCLER_STOP_ACTIVITY]
06-13 18:10:04.257 2159 2159 I wm_on_destroy_called: [212757088,com.android.packageinstaller.InstallInstalling,performDestroy]
06-13 18:10:04.287 1551 1551 I sysui_multi_action: [757,128,758,5,759,8,793,363394,794,0,795,363394,796,116071,806,com.tencent.android.qqdownloader,857,channel_id_default_silent,858,3,946,com.tencent.android.qqdownloader,947,1,1500,363394,1688,1]
06-13 18:10:04.287 1551 1551 I notification_canceled: [0|com.tencent.android.qqdownloader|116071|null|10092,8,363394,363394,0,-1,-1,NULL]
06-13 18:10:04.336 1551 1551 I notification_enqueue: [10092,13749,com.tencent.android.qqdownloader,52488575,NULL,0,Notification(channel=channel_id_default_silent shortcut=null contentView=null vibrate=null sound=null tick defaults=0x0 flags=0x210 color=0x00000000 groupKey=com.tencent.android.qqdownloader vis=PRIVATE),0]
06-13 18:10:04.544 1551 1551 I notification_enqueue: [10092,17024,com.tencent.android.qqdownloader,127,NULL,0,Notification(channel=channel_id_default_silent shortcut=null contentView=com.tencent.android.qqdownloader/0x7f0a01c2 vibrate=null sound=null defaults=0x0 flags=0x2a2 color=0x00000000 groupKey=com.tencent.android.qqdownloader vis=PRIVATE),1]
06-13 18:10:05.557 1551 1551 I notification_enqueue: [10092,17024,com.tencent.android.qqdownloader,127,NULL,0,Notification(channel=channel_id_default_silent shortcut=null contentView=com.tencent.android.qqdownloader/0x7f0a01c2 vibrate=null sound=null defaults=0x0 flags=0x2a2 color=0x00000000 groupKey=com.tencent.android.qqdownloader vis=PRIVATE),1]
06-13 18:10:08.860 0 0 E [60130.784416] link_delay_work_func: DTC_ETH: SQI=0, link=0
06-13 18:10:11.212 0 0 I [60133.140013] init: processing action (sys.tlog.tlogdshc.active=1) from (/system/etc/init/tlogd.rc:195)
06-13 18:10:11.216 0 0 I [60133.141152] init: starting service 'tlogdshc'...
06-13 18:10:11.348 0 0 I [60133.273207] init: Service 'tlogdshc' (pid 8422) exited with status 0 oneshot service took 0.126000 seconds in background
06-13 18:10:11.348 0 0 I [60133.273234] init: Sending signal 9 to service 'tlogdshc' (pid 8422) process group...
06-13 18:10:11.348 0 0 I [60133.273443] libprocessgroup: Successfully killed process cgroup uid 0 pid 8422 in 0ms
06-13 18:10:13.980 0 0 E [60135.904679] link_delay_work_func: DTC_ETH: SQI=0, link=0
06-13 18:10:18.714 1551 1860 I storage_state: [41217664-9172-527a-b3d5-edabb50a7d69,0,0,97384497152,118610538496]
06-13 18:10:19.100 0 0 E [60141.024309] link_delay_work_func: DTC_ETH: SQI=0, link=0
06-13 18:10:20.495 1551 1911 I sync : [com.tencent.android.qqdownloader.YYBLiveAccountProvider,0,3,24220937]
06-13 18:10:20.531 1551 1911 I sync : [com.tencent.android.qqdownloader.YYBLiveAccountProvider,1,3,24220937]
06-13 18:10:20.534 1551 1911 I commit_sys_config_file: [sync-status,53199900]
06-13 18:10:20.542 1551 1911 I sync : [com.tencent.android.qqdownloader.YYBLiveAccountProvider,0,3,24220937]
06-13 18:10:20.570 1551 1911 I sync : [com.tencent.android.qqdownloader.YYBLiveAccountProvider,1,3,24220937]
06-13 18:10:20.573 1551 1911 I commit_sys_config_file: [sync-status,53199938]
06-13 18:10:22.540 1551 1669 I commit_sys_config_file: [jobs,6]
06-13 18:10:24.220 0 0 E [60146.144471] link_delay_work_func: DTC_ETH: SQI=0, link=0
06-13 18:10:29.340 0 0 E [60151.264320] link_delay_work_func: DTC_ETH: SQI=0, link=0
06-13 18:10:34.456 0 0 E [60156.384339] link_delay_work_func: DTC_ETH: SQI=0, link=0
06-13 18:10:39.580 0 0 E [60161.504515] link_delay_work_func: DTC_ETH: SQI=0, link=0
06-13 18:10:41.216 0 0 I [60163.142002] init: processing action (sys.tlog.tlogdshc.active=1) from (/system/etc/init/tlogd.rc:195)
06-13 18:10:41.216 0 0 I [60163.142636] init: starting service 'tlogdshc'...
06-13 18:10:41.336 0 0 I [60163.263446] init: Service 'tlogdshc' (pid 8467) exited with status 0 oneshot service took 0.115000 seconds in background
06-13 18:10:41.336 0 0 I [60163.263474] init: Sending signal 9 to service 'tlogdshc' (pid 8467) process group...
06-13 18:10:41.336 0 0 I [60163.263656] libprocessgroup: Successfully killed process cgroup uid 0 pid 8467 in 0ms
06-13 18:10:44.700 0 0 E [60166.624335] link_delay_work_func: DTC_ETH: SQI=0, link=0
06-13 18:10:46.501 1551 1709 I sysui_multi_action: [757,1696,758,6,759,2]
06-13 18:10:46.509 1551 1667 I sysui_multi_action: [757,222,758,1]
06-13 18:10:46.517 1551 1686 I am_wtf : [0,1551,system_server,-1,DisplayDeviceConfig,requesting nits when no mapping exists.]
06-13 18:10:46.530 1551 21190 I wm_task_created: [69,-1]
06-13 18:10:46.531 1551 1686 I am_wtf : [0,1551,system_server,-1,DisplayDeviceConfig,requesting nits when no mapping exists.]
06-13 18:10:46.533 1551 1686 I am_wtf : [0,1551,system_server,-1,DisplayDeviceConfig,requesting nits when no mapping exists.]
06-13 18:10:46.535 1551 1686 I am_wtf : [0,1551,system_server,-1,DisplayDeviceConfig,requesting nits when no mapping exists.]
06-13 18:10:46.536 1551 21190 I wm_task_moved: [69,1,9]
06-13 18:10:46.536 1551 21190 I wm_task_to_front: [0,69]
06-13 18:10:46.536 1551 21190 I wm_create_task: [0,69]
06-13 18:10:46.537 1551 21190 I wm_create_activity: [0,19593669,69,com.thundercomm.screensaver/android.service.dreams.DreamActivity,NULL,NULL,NULL,276824064]
06-13 18:10:46.537 1551 21190 I wm_task_moved: [69,1,9]
06-13 18:10:46.537 2159 2159 I wm_on_top_resumed_lost_called: [180441741,com.android.packageinstaller.InstallSuccess,topStateChangedWhenResumed]
06-13 18:10:46.538 1551 21190 I wm_pause_activity: [0,180441741,com.android.packageinstaller/.InstallSuccess,userLeaving=true,pauseBackTasks]
06-13 18:10:46.541 2159 2159 I wm_on_paused_called: [180441741,com.android.packageinstaller.InstallSuccess,performPause]
06-13 18:10:46.543 1551 21190 I wm_add_to_stopping: [0,180441741,com.android.packageinstaller/.InstallSuccess,makeInvisible]
06-13 18:10:46.543 1551 21190 I wm_add_to_stopping: [0,74738226,com.android.packageinstaller/.DeleteStagedFileOnResult,makeInvisible]
06-13 18:10:46.543 1551 21190 I wm_add_to_stopping: [0,7374649,com.android.packageinstaller/.PackageInstallerActivity,makeInvisible]
06-13 18:10:46.544 1551 21190 I wm_add_to_stopping: [0,72266132,com.android.packageinstaller/.DeleteStagedFileOnResult,makeInvisible]
06-13 18:10:46.544 1551 21190 I wm_add_to_stopping: [0,133276095,com.android.packageinstaller/.PackageInstallerActivity,makeInvisible]
06-13 18:10:46.544 1551 21190 I wm_add_to_stopping: [0,175349344,com.android.packageinstaller/.DeleteStagedFileOnResult,makeInvisible]
06-13 18:10:46.544 1551 21190 I wm_add_to_stopping: [0,123708259,com.android.packageinstaller/.PackageInstallerActivity,makeInvisible]
06-13 18:10:46.544 1551 21190 I wm_add_to_stopping: [0,134710260,com.android.packageinstaller/.DeleteStagedFileOnResult,makeInvisible]
06-13 18:10:46.544 1551 21190 I wm_add_to_stopping: [0,220082946,com.android.packageinstaller/.PackageInstallerActivity,makeInvisible]
06-13 18:10:46.544 1551 21190 I wm_add_to_stopping: [0,148957047,com.android.packageinstaller/.DeleteStagedFileOnResult,makeInvisible]
06-13 18:10:46.544 1551 21190 I wm_add_to_stopping: [0,216049083,com.android.packageinstaller/.PackageInstallerActivity,makeInvisible]
06-13 18:10:46.544 1551 21190 I wm_add_to_stopping: [0,186497273,com.android.packageinstaller/.DeleteStagedFileOnResult,makeInvisible]
06-13 18:10:46.544 1551 21190 I wm_add_to_stopping: [0,240662303,com.android.packageinstaller/.PackageInstallerActivity,makeInvisible]
06-13 18:10:46.544 1551 21190 I wm_add_to_stopping: [0,249091709,com.android.packageinstaller/.DeleteStagedFileOnResult,makeInvisible]
06-13 18:10:46.544 1551 21190 I wm_add_to_stopping: [0,220425749,com.android.packageinstaller/.PackageInstallerActivity,makeInvisible]
06-13 18:10:46.544 1551 21190 I wm_add_to_stopping: [0,171589283,com.android.packageinstaller/.DeleteStagedFileOnResult,makeInvisible]
06-13 18:10:46.544 1551 21190 I wm_add_to_stopping: [0,240921632,com.android.packageinstaller/.PackageInstallerActivity,makeInvisible]
06-13 18:10:46.544 1551 21190 I wm_add_to_stopping: [0,3960262,com.android.packageinstaller/.DeleteStagedFileOnResult,makeInvisible]
06-13 18:10:46.544 1551 21190 I wm_add_to_stopping: [0,223077111,com.android.packageinstaller/.PackageInstallerActivity,makeInvisible]
06-13 18:10:46.544 1551 21190 I wm_add_to_stopping: [0,53462805,com.android.packageinstaller/.DeleteStagedFileOnResult,makeInvisible]
06-13 18:10:46.544 1551 21190 I wm_add_to_stopping: [0,27001122,com.android.packageinstaller/.InstallSuccess,makeInvisible]
06-13 18:10:46.544 1551 21190 I wm_add_to_stopping: [0,86616444,com.android.packageinstaller/.DeleteStagedFileOnResult,makeInvisible]
06-13 18:10:46.544 1551 21190 I wm_add_to_stopping: [0,87018331,com.android.launcher3/.uioverrides.QuickstepLauncher,makeInvisible]
06-13 18:10:46.544 1551 1686 I am_wtf : [0,1551,system_server,-1,DisplayDeviceConfig,requesting nits when no mapping exists.]
06-13 18:10:46.544 1551 1684 I am_pss : [2159,10025,com.android.packageinstaller,129268736,123592704,81920,221184000,0,2,9]
06-13 18:10:46.545 1551 1686 I am_wtf : [0,1551,system_server,-1,DisplayDeviceConfig,requesting nits when no mapping exists.]
06-13 18:10:46.545 1551 21190 I wm_restart_activity: [0,19593669,69,com.thundercomm.screensaver/android.service.dreams.DreamActivity]
06-13 18:10:46.546 1551 21190 I wm_set_resumed_activity: [0,com.thundercomm.screensaver/android.service.dreams.DreamActivity,minimalResumeActivityLocked]
06-13 18:10:46.553 1551 1670 I sysui_multi_action: [757,803,799,window_time_0,802,42]
06-13 18:10:46.556 4423 4423 I wm_on_create_called: [19593669,android.service.dreams.DreamActivity,performCreate]
06-13 18:10:46.556 4423 4423 I wm_on_start_called: [19593669,android.service.dreams.DreamActivity,handleStartActivity]
06-13 18:10:46.563 1551 1686 I am_wtf : [0,1551,system_server,-1,DisplayDeviceConfig,requesting nits when no mapping exists.]
06-13 18:10:46.564 1551 1686 I am_wtf : [0,1551,system_server,-1,DisplayDeviceConfig,requesting nits when no mapping exists.]
