06-13 21:21:23.068 1551 1551 I notification_enqueue: [10092,17024,com.tencent.android.qqdownloader,127,NULL,0,Notification(channel=channel_id_default_silent shortcut=null contentView=com.tencent.android.qqdownloader/0x7f0a01c2 vibrate=null sound=null defaults=0x0 flags=0x2a2 color=0x00000000 groupKey=com.tencent.android.qqdownloader vis=PRIVATE),1]
06-13 21:21:27.900 0 0 E [71609.824807] link_delay_work_func: DTC_ETH: SQI=0, link=0
06-13 21:21:33.020 0 0 E [71614.944374] link_delay_work_func: DTC_ETH: SQI=0, link=0
06-13 21:21:38.140 0 0 E [71620.064367] link_delay_work_func: DTC_ETH: SQI=0, link=0
06-13 21:21:41.109 1551 1911 I sync : [com.tencent.android.qqdownloader.YYBLiveAccountProvider,0,3,24220937]
06-13 21:21:41.154 1551 1911 I sync : [com.tencent.android.qqdownloader.YYBLiveAccountProvider,1,3,24220937]
06-13 21:21:41.156 1551 1911 I commit_sys_config_file: [sync-status,64680522]
06-13 21:21:41.167 1551 1911 I sync : [com.tencent.android.qqdownloader.YYBLiveAccountProvider,0,3,24220937]
06-13 21:21:41.195 1551 1911 I sync : [com.tencent.android.qqdownloader.YYBLiveAccountProvider,1,3,24220937]
06-13 21:21:41.197 1551 1911 I commit_sys_config_file: [sync-status,64680563]
06-13 21:21:42.540 0 0 I [71624.464635] init: processing action (sys.tlog.tlogdshc.active=1) from (/system/etc/init/tlogd.rc:195)
06-13 21:21:42.540 0 0 I [71624.465145] init: starting service 'tlogdshc'...
06-13 21:21:42.656 0 0 I [71624.581635] init: Service 'tlogdshc' (pid 26918) exited with status 0 oneshot service took 0.109000 seconds in background
06-13 21:21:42.656 0 0 I [71624.581664] init: Sending signal 9 to service 'tlogdshc' (pid 26918) process group...
06-13 21:21:42.656 0 0 I [71624.581837] libprocessgroup: Successfully killed process cgroup uid 0 pid 26918 in 0ms
06-13 21:21:43.163 1551 1669 I commit_sys_config_file: [jobs,6]
06-13 21:21:43.260 0 0 E [71625.184335] link_delay_work_func: DTC_ETH: SQI=0, link=0
06-13 21:21:48.380 0 0 E [71630.304372] link_delay_work_func: DTC_ETH: SQI=0, link=0
06-13 21:21:53.500 0 0 E [71635.424379] link_delay_work_func: DTC_ETH: SQI=0, link=0
06-13 21:21:58.616 0 0 E [71640.544336] link_delay_work_func: DTC_ETH: SQI=0, link=0
06-13 21:22:03.740 0 0 E [71645.664341] link_delay_work_func: DTC_ETH: SQI=0, link=0
06-13 21:22:04.150 1551 1822 I input_interaction: Interaction with: 13f13cb com.thundercomm.screensaver/android.service.dreams.DreamActivity (server), edge-swipe (server), swipe-up (server), PointerEventDispatcher0 (server),
06-13 21:22:04.210 1551 19085 I wm_finish_activity: [0,65000639,73,com.thundercomm.screensaver/android.service.dreams.DreamActivity,finish-activity]
06-13 21:22:04.211 1551 19085 I wm_task_moved: [63,1,8]
06-13 21:22:04.211 1551 19085 I wm_task_to_front: [0,63]
06-13 21:22:04.212 1551 19085 I wm_focused_root_task: [0,0,63,73,finish-top adjustFocusToNextFocusableTask]
06-13 21:22:04.213 1551 19085 I wm_pause_activity: [0,65000639,com.thundercomm.screensaver/android.service.dreams.DreamActivity,userLeaving=false,finish]
06-13 21:22:04.219 1551 1670 I sysui_multi_action: [757,803,799,window_time_0,802,8632]
06-13 21:22:04.221 4423 4423 I wm_on_top_resumed_lost_called: [65000639,android.service.dreams.DreamActivity,topStateChangedWhenResumed]
06-13 21:22:04.222 4423 4423 I wm_on_paused_called: [65000639,android.service.dreams.DreamActivity,performPause]
06-13 21:22:04.222 1551 19085 I wm_add_to_stopping: [0,65000639,com.thundercomm.screensaver/android.service.dreams.DreamActivity,completeFinishing]
06-13 21:22:04.224 1551 19085 I wm_set_resumed_activity: [0,com.android.packageinstaller/.InstallSuccess,resumeTopActivityInnerLocked]
06-13 21:22:04.230 1551 19085 I wm_resume_activity: [0,93188775,63,com.android.packageinstaller/.InstallSuccess]
06-13 21:22:04.236 1551 1670 I am_uid_active: 10025
06-13 21:22:04.238 1551 1670 I sysui_multi_action: [757,803,799,window_time_0,802,0]
06-13 21:22:04.241 1551 1822 I input_focus: [Focus leaving 13f13cb com.thundercomm.screensaver/android.service.dreams.DreamActivity (server),reason=NO_WINDOW]
06-13 21:22:04.246 2159 2159 I wm_on_restart_called: [186497273,com.android.packageinstaller.DeleteStagedFileOnResult,performRestartActivity]
06-13 21:22:04.246 2159 2159 I wm_on_start_called: [186497273,com.android.packageinstaller.DeleteStagedFileOnResult,handleStartActivity]
06-13 21:22:04.246 2159 2159 I wm_on_restart_called: [240662303,com.android.packageinstaller.PackageInstallerActivity,performRestartActivity]
06-13 21:22:04.246 2159 2159 I wm_on_start_called: [240662303,com.android.packageinstaller.PackageInstallerActivity,handleStartActivity]
06-13 21:22:04.246 2159 2159 I wm_on_restart_called: [249091709,com.android.packageinstaller.DeleteStagedFileOnResult,performRestartActivity]
06-13 21:22:04.246 2159 2159 I wm_on_start_called: [249091709,com.android.packageinstaller.DeleteStagedFileOnResult,handleStartActivity]
06-13 21:22:04.246 2159 2159 I wm_on_restart_called: [220425749,com.android.packageinstaller.PackageInstallerActivity,performRestartActivity]
06-13 21:22:04.246 2159 2159 I wm_on_start_called: [220425749,com.android.packageinstaller.PackageInstallerActivity,handleStartActivity]
06-13 21:22:04.246 2159 2159 I wm_on_restart_called: [171589283,com.android.packageinstaller.DeleteStagedFileOnResult,performRestartActivity]
06-13 21:22:04.246 2159 2159 I wm_on_start_called: [171589283,com.android.packageinstaller.DeleteStagedFileOnResult,handleStartActivity]
06-13 21:22:04.247 2159 2159 I wm_on_restart_called: [240921632,com.android.packageinstaller.PackageInstallerActivity,performRestartActivity]
06-13 21:22:04.247 2159 2159 I wm_on_start_called: [240921632,com.android.packageinstaller.PackageInstallerActivity,handleStartActivity]
06-13 21:22:04.247 2159 2159 I wm_on_restart_called: [3960262,com.android.packageinstaller.DeleteStagedFileOnResult,performRestartActivity]
06-13 21:22:04.247 2159 2159 I wm_on_start_called: [3960262,com.android.packageinstaller.DeleteStagedFileOnResult,handleStartActivity]
06-13 21:22:04.247 2159 2159 I wm_on_restart_called: [223077111,com.android.packageinstaller.PackageInstallerActivity,performRestartActivity]
06-13 21:22:04.247 2159 2159 I wm_on_start_called: [223077111,com.android.packageinstaller.PackageInstallerActivity,handleStartActivity]
06-13 21:22:04.247 2159 2159 I wm_on_restart_called: [53462805,com.android.packageinstaller.DeleteStagedFileOnResult,performRestartActivity]
06-13 21:22:04.247 2159 2159 I wm_on_start_called: [53462805,com.android.packageinstaller.DeleteStagedFileOnResult,handleStartActivity]
06-13 21:22:04.247 2159 2159 I wm_on_restart_called: [27001122,com.android.packageinstaller.InstallSuccess,performRestartActivity]
06-13 21:22:04.247 2159 2159 I wm_on_start_called: [27001122,com.android.packageinstaller.InstallSuccess,handleStartActivity]
06-13 21:22:04.247 2159 2159 I wm_on_restart_called: [86616444,com.android.packageinstaller.DeleteStagedFileOnResult,performRestartActivity]
06-13 21:22:04.247 2159 2159 I wm_on_start_called: [86616444,com.android.packageinstaller.DeleteStagedFileOnResult,handleStartActivity]
06-13 21:22:04.247 2159 2159 I wm_on_restart_called: [93188775,com.android.packageinstaller.InstallSuccess,performRestartActivity]
06-13 21:22:04.247 2159 2159 I wm_on_start_called: [93188775,com.android.packageinstaller.InstallSuccess,handleStartActivity]
06-13 21:22:04.251 2159 2159 I wm_on_resume_called: [93188775,com.android.packageinstaller.InstallSuccess,RESUME_ACTIVITY]
06-13 21:22:04.251 2159 2159 I wm_on_top_resumed_gained_called: [93188775,com.android.packageinstaller.InstallSuccess,topWhenResuming]
06-13 21:22:04.252 1551 1684 I am_pss : [19086,1000,com.android.settings,147769344,70221824,74992640,130994176,0,16,9]
06-13 21:22:04.252 2614 2614 I wm_on_restart_called: [87018331,com.android.launcher3.uioverrides.QuickstepLauncher,performRestartActivity]
06-13 21:22:04.253 2614 2614 I wm_on_start_called: [87018331,com.android.launcher3.uioverrides.QuickstepLauncher,handleStartActivity]
06-13 21:22:04.259 1551 1684 I am_pss : [12962,10033,com.android.documentsui,30111744,18145280,9445376,81489920,0,19,6]
06-13 21:22:04.261 1551 1672 I input_focus: [Focus request 5171233 com.android.packageinstaller/com.android.packageinstaller.InstallSuccess,reason=UpdateInputWindows]
06-13 21:22:04.264 1551 19085 I am_uid_active: 10062
06-13 21:22:04.267 1551 1684 I am_pss : [9257,10019,com.android.providers.calendar,10426368,2678784,6606848,45527040,0,19,5]
06-13 21:22:04.274 1551 1684 I am_pss : [3737,10089,com.android.permissioncontroller,13870080,8372224,3829760,61857792,0,19,7]
06-13 21:22:04.280 1551 1684 I am_pss : [2400,10064,com.android.gallery3d,8756224,3751936,3803136,49397760,0,19,5]
06-13 21:22:04.286 1551 1684 I am_pss : [2635,10084,com.qualcomm.qti.qccauthmgr,9162752,1925120,6424576,40087552,0,19,5]
06-13 21:22:04.292 1551 1684 I am_pss : [3143,10018,android.process.media,10969088,1277952,8643584,42127360,0,19,5]
06-13 21:22:04.299 1551 1684 I am_pss : [18713,10035,com.microsoft.emmx,18750464,7348224,10016768,56815616,0,19,6]
06-13 21:22:04.305 1551 1684 I am_pss : [3350,1000,com.qti.diagservices,9376768,802816,7851008,36790272,0,10,4]
06-13 21:22:04.313 1551 1684 I am_pss : [3024,10080,com.hryt.lebotp,63912960,56471552,236544,124559360,0,0,6]
06-13 21:22:04.321 1551 1684 I am_pss : [3008,10079,com.qualcomm.qti.workloadclassifier,26372096,23851008,68608,100978688,0,0,7]
06-13 21:22:04.328 1551 1684 I am_pss : [3001,10078,com.qualcomm.qti.qccnetstat,5835776,3969024,69632,75481088,0,0,6]
06-13 21:22:04.333 1551 1684 I am_pss : [2994,10072,com.qualcomm.qti.services.systemhelper:systemhelper_service,5859328,4018176,69632,75022336,0,0,4]
06-13 21:22:04.339 1551 1684 I am_pss : [2964,10054,.pasr,5486592,3620864,69632,74035200,0,0,4]
06-13 21:22:04.343 1551 1822 I input_focus: [Focus entering 5171233 com.android.packageinstaller/com.android.packageinstaller.InstallSuccess (server),reason=Window became focusable. Previous reason: NOT_VISIBLE]
06-13 21:22:04.345 1551 1684 I am_pss : [2833,1000,com.hryt.hiphishowfsecontrol,6828032,4739072,69632,79884288,0,0,5]
06-13 21:22:04.350 1551 1684 I am_pss : [2829,10055,ts.car.uart,5590016,3727360,69632,74412032,0,0,4]
06-13 21:22:04.355 1551 1684 I am_pss : [2436,1000,com.qualcomm.qti.qdma,13590528,11284480,69632,89153536,0,0,4]
06-13 21:22:04.362 1551 1684 I am_pss : [3268,10060,com.qualcomm.qti.devicestatisticsservice,5436416,3575808,69632,73830400,0,0,5]
06-13 21:22:04.368 1551 1684 I am_pss : [2371,1000,com.thundercomm.tcservice,16095232,14082048,69632,88104960,0,0,6]
06-13 21:22:04.374 1551 1684 I am_pss : [2360,1000,com.thundercomm.remotecontrolservice,21762048,19910656,69632,90972160,0,0,5]
06-13 21:22:04.381 1551 1684 I am_pss : [2329,1068,com.android.se,5785600,3903488,69632,75669504,0,0,6]
06-13 21:22:04.387 1551 1684 I am_pss : [2284,10083,com.qti.qualcomm.mstatssystemservice,5587968,3743744,69632,74342400,0,0,5]
06-13 21:22:04.393 1551 1684 I am_pss : [2261,1000,com.thundercomm.tcsetupwizard,5710848,3846144,69632,74158080,0,0,5]
06-13 21:22:04.399 1551 1684 I am_pss : [2279,1000,vendor.qti.qesdk.sysservice,5711872,3809280,69632,75128832,0,0,5]
06-13 21:22:04.404 1551 1684 I am_pss : [2192,1000,com.tc.logclient,8036352,6123520,69632,78983168,0,0,5]
06-13 21:22:04.410 1551 1684 I am_pss : [2178,1000,com.thundercomm.tchttpserver,5964800,4100096,69632,75415552,0,0,4]
06-13 21:22:04.416 1551 1684 I am_pss : [2160,10052,.qtidataservices,5756928,3883008,69632,75075584,0,0,5]
06-13 21:22:04.422 1551 1684 I am_pss : [2144,1000,com.thundercomm.microsettings,7178240,5087232,69632,80363520,0,0,5]
06-13 21:22:04.428 1551 1684 I am_pss : [2103,1000,com.thundercomm.microservice,6287360,4403200,69632,76333056,0,0,5]
06-13 21:22:04.437 1551 1684 I am_pss : [2037,1000,com.thundercomm.gamemode,45504512,42311680,67584,129527808,0,0,8]
06-13 21:22:04.856 1551 1670 I wm_destroy_activity: [0,65000639,73,com.thundercomm.screensaver/android.service.dreams.DreamActivity,finish-imm:idle]
06-13 21:22:04.870 4423 4423 I wm_on_stop_called: [65000639,android.service.dreams.DreamActivity,LIFECYCLER_STOP_ACTIVITY]
06-13 21:22:04.872 4423 4423 I wm_on_destroy_called: [65000639,android.service.dreams.DreamActivity,performDestroy]
06-13 21:22:04.877 1551 1667 I sysui_multi_action: [757,222,758,2]
06-13 21:22:04.878 1551 1667 I sysui_multi_action: [757,804,799,dreaming_minutes,801,143,802,1]
06-13 21:22:04.890 1551 2861 I wm_task_removed: [73,removeChild:removeChild last r=ActivityRecord{3dfd4bf u0 com.thundercomm.screensaver/android.service.dreams.DreamActivity taskAffinity=1000:android:com.thundercomm.screensaver/dream t-1 f}} in t=Task{5c4d6ea #73 type=dream A=1000:android:com.thundercomm.screensaver/dream U=0 visible=false mode=fullscreen translucent=true sz=0 visible freeform task=true rootAffinity=1000:android:com.thundercomm.screensaver/dream isMini=false}]
06-13 21:22:04.890 1551 2861 I wm_task_removed: [73,removeChild]
06-13 21:22:08.860 0 0 E [71650.784546] link_delay_work_func: DTC_ETH: SQI=0, link=0
06-13 21:22:12.540 0 0 I [71654.466833] init: processing action (sys.tlog.tlogdshc.active=1) from (/system/etc/init/tlogd.rc:195)
06-13 21:22:12.540 0 0 I [71654.467593] init: starting service 'tlogdshc'...
06-13 21:22:12.652 0 0 I [71654.579316] init: Service 'tlogdshc' (pid 26987) exited with status 0 oneshot service took 0.107000 seconds in background
06-13 21:22:12.652 0 0 I [71654.579346] init: Sending signal 9 to service 'tlogdshc' (pid 26987) process group...
06-13 21:22:12.652 0 0 I [71654.579546] libprocessgroup: Successfully killed process cgroup uid 0 pid 26987 in 0ms
06-13 21:22:13.980 0 0 E [71655.904348] link_delay_work_func: DTC_ETH: SQI=0, link=0
06-13 21:22:14.851 1551 1822 I input_interaction: Interaction with: 5171233 com.android.packageinstaller/com.android.packageinstaller.InstallSuccess (server), edge-swipe (server), swipe-up (server), PointerEventDispatcher0 (server),
06-13 21:22:14.990 1551 19085 I wm_finish_activity: [0,93188775,63,com.android.packageinstaller/.InstallSuccess,app-request]
06-13 21:22:15.009 1551 19085 I wm_pause_activity: [0,93188775,com.android.packageinstaller/.InstallSuccess,userLeaving=false,finish]
06-13 21:22:15.017 2159 2159 I wm_on_top_resumed_lost_called: [93188775,com.android.packageinstaller.InstallSuccess,topStateChangedWhenResumed]
06-13 21:22:15.018 2159 2159 I wm_on_paused_called: [93188775,com.android.packageinstaller.InstallSuccess,performPause]
06-13 21:22:15.023 1551 18711 I wm_set_resumed_activity: [0,com.android.packageinstaller/.DeleteStagedFileOnResult,resumeTopActivityInnerLocked]
06-13 21:22:15.028 1551 18711 I wm_resume_activity: [0,186497273,63,com.android.packageinstaller/.DeleteStagedFileOnResult]
06-13 21:22:15.048 1551 1672 I input_focus: [Focus request 6088e31 com.android.packageinstaller/com.android.packageinstaller.DeleteStagedFileOnResult,reason=UpdateInputWindows]
06-13 21:22:15.048 1551 1670 I sysui_multi_action: [757,803,799,window_time_0,802,10]
06-13 21:22:15.049 1551 1670 I wm_destroy_activity: [0,93188775,63,com.android.packageinstaller/.InstallSuccess,finish-transit]
06-13 21:22:15.050 1551 18711 I wm_finish_activity: [0,186497273,63,com.android.packageinstaller/.DeleteStagedFileOnResult,app-request]
06-13 21:22:15.058 1551 18711 I wm_pause_activity: [0,186497273,com.android.packageinstaller/.DeleteStagedFileOnResult,userLeaving=false,finish]
06-13 21:22:15.061 1551 1822 I input_focus: [Focus leaving 5171233 com.android.packageinstaller/com.android.packageinstaller.InstallSuccess (server),reason=NOT_VISIBLE]
06-13 21:22:15.062 2159 2159 I wm_on_activity_result_called: [186497273,com.android.packageinstaller.DeleteStagedFileOnResult,ACTIVITY_RESULT]
06-13 21:22:15.066 2159 2159 I wm_on_stop_called: [93188775,com.android.packageinstaller.InstallSuccess,LIFECYCLER_STOP_ACTIVITY]
06-13 21:22:15.067 2159 2159 I wm_on_destroy_called: [93188775,com.android.packageinstaller.InstallSuccess,performDestroy]
06-13 21:22:15.083 1551 18711 I wm_set_resumed_activity: [0,com.android.packageinstaller/.PackageInstallerActivity,resumeTopActivityInnerLocked]
06-13 21:22:15.085 1551 18711 I wm_resume_activity: [0,240662303,63,com.android.packageinstaller/.PackageInstallerActivity]
06-13 21:22:15.093 1551 1672 I input_focus: [Focus request 61221b3 com.android.packageinstaller/com.android.packageinstaller.PackageInstallerActivity,reason=UpdateInputWindows]
06-13 21:22:15.094 1551 1670 I sysui_multi_action: [757,803,799,window_time_0,802,1]
06-13 21:22:15.098 2159 2159 I wm_on_resume_called: [240662303,com.android.packageinstaller.PackageInstallerActivity,RESUME_ACTIVITY]
06-13 21:22:15.098 2159 2159 I wm_on_top_resumed_gained_called: [240662303,com.android.packageinstaller.PackageInstallerActivity,topWhenResuming]
06-13 21:22:15.111 1551 18711 I wm_destroy_activity: [0,186497273,63,com.android.packageinstaller/.DeleteStagedFileOnResult,finish-idle]
06-13 21:22:15.112 2159 2159 I wm_on_stop_called: [186497273,com.android.packageinstaller.DeleteStagedFileOnResult,LIFECYCLER_STOP_ACTIVITY]
06-13 21:22:15.112 2159 2159 I wm_on_destroy_called: [186497273,com.android.packageinstaller.DeleteStagedFileOnResult,performDestroy]
06-13 21:22:15.116 1551 1822 I input_focus: [Focus entering 61221b3 com.android.packageinstaller/com.android.packageinstaller.PackageInstallerActivity (server),reason=setFocusedWindow]
06-13 21:22:16.116 1551 1911 I sync : [com.tencent.android.qqdownloader.YYBLiveAccountProvider,0,3,24220937]
06-13 21:22:16.167 1551 1911 I sync : [com.tencent.android.qqdownloader.YYBLiveAccountProvider,1,3,24220937]
06-13 21:22:16.170 1551 1911 I commit_sys_config_file: [sync-status,64715536]
06-13 21:22:16.180 1551 1911 I sync : [com.tencent.android.qqdownloader.YYBLiveAccountProvider,0,3,24220937]
06-13 21:22:16.219 1551 1911 I sync : [com.tencent.android.qqdownloader.YYBLiveAccountProvider,1,3,24220937]
06-13 21:22:16.223 1551 1911 I commit_sys_config_file: [sync-status,64715589]
06-13 21:22:16.323 1551 1822 I input_interaction: Interaction with: 61221b3 com.android.packageinstaller/com.android.packageinstaller.PackageInstallerActivity (server), edge-swipe (server), swipe-up (server), PointerEventDispatcher0 (server),
06-13 21:22:16.551 1551 18711 I wm_task_moved: [63,1,8]
06-13 21:22:16.551 1551 18711 I wm_set_resumed_activity: [0,com.android.packageinstaller/.PackageInstallerActivity,positionChildAt]
06-13 21:22:16.551 1551 18711 I wm_create_activity: [0,97777413,63,com.android.packageinstaller/.InstallInstalling,NULL,NULL,file:///data/user_de/0/com.android.packageinstaller/no_backup/package2657035657518753757.apk,33554432]
06-13 21:22:16.552 1551 18711 I wm_pause_activity: [0,240662303,com.android.packageinstaller/.PackageInstallerActivity,userLeaving=true,resumeTopActivityInnerLocked]
06-13 21:22:16.554 1551 2102 I wm_finish_activity: [0,240662303,63,com.android.packageinstaller/.PackageInstallerActivity,app-request]
06-13 21:22:16.554 2159 2159 I wm_on_top_resumed_lost_called: [240662303,com.android.packageinstaller.PackageInstallerActivity,topStateChangedWhenResumed]
06-13 21:22:16.554 2159 2159 I wm_on_paused_called: [240662303,com.android.packageinstaller.PackageInstallerActivity,performPause]
06-13 21:22:16.555 1551 2102 I wm_add_to_stopping: [0,240662303,com.android.packageinstaller/.PackageInstallerActivity,completeFinishing]
06-13 21:22:16.556 1551 2102 I wm_restart_activity: [0,97777413,63,com.android.packageinstaller/.InstallInstalling]
06-13 21:22:16.557 1551 2102 I wm_set_resumed_activity: [0,com.android.packageinstaller/.InstallInstalling,minimalResumeActivityLocked]
06-13 21:22:16.561 1551 1670 I sysui_multi_action: [757,803,799,window_time_0,802,1]
06-13 21:22:16.574 1551 1822 I input_focus: [Focus leaving 61221b3 com.android.packageinstaller/com.android.packageinstaller.PackageInstallerActivity (server),reason=NO_WINDOW]
06-13 21:22:16.637 2159 2159 I wm_on_create_called: [97777413,com.android.packageinstaller.InstallInstalling,performCreate]
06-13 21:22:16.637 2159 2159 I wm_on_start_called: [97777413,com.android.packageinstaller.InstallInstalling,handleStartActivity]
06-13 21:22:16.637 1551 1669 I commit_sys_config_file: [package-session,71649333]
06-13 21:22:16.637 2159 2159 I wm_on_resume_called: [97777413,com.android.packageinstaller.InstallInstalling,RESUME_ACTIVITY]
06-13 21:22:16.640 1551 1669 I commit_sys_config_file: [package-session,71649336]
06-13 21:22:16.640 2159 2159 I wm_on_top_resumed_gained_called: [97777413,com.android.packageinstaller.InstallInstalling,topStateChangedWhenResumed]
06-13 21:22:16.644 1551 1672 I input_focus: [Focus request c7983b2 com.android.packageinstaller/com.android.packageinstaller.InstallInstalling,reason=UpdateInputWindows]
06-13 21:22:16.651 1551 1667 I wm_activity_launch_time: [0,97777413,com.android.packageinstaller/.InstallInstalling,105]
06-13 21:22:16.653 1551 1670 I wm_destroy_activity: [0,240662303,63,com.android.packageinstaller/.PackageInstallerActivity,finish-imm:transit]
06-13 21:22:16.659 2159 2159 I wm_on_stop_called: [240662303,com.android.packageinstaller.PackageInstallerActivity,LIFECYCLER_STOP_ACTIVITY]
06-13 21:22:16.659 1551 1822 I input_focus: [Focus entering c7983b2 com.android.packageinstaller/com.android.packageinstaller.InstallInstalling (server),reason=setFocusedWindow]
06-13 21:22:16.659 2159 2159 I wm_on_destroy_called: [240662303,com.android.packageinstaller.PackageInstallerActivity,performDestroy]
06-13 21:22:17.472 1551 1787 I commit_sys_config_file: [package-session,71650167]
06-13 21:22:18.172 1551 1669 I commit_sys_config_file: [jobs,3]
06-13 21:22:18.542 0 0 I [71660.467827] logd: start watching /data/system/packages.list ...
06-13 21:22:18.542 0 0 I [71660.469738] logd: ReadPackageList, total packages: 113
06-13 21:22:18.542 1551 1727 I commit_sys_config_file: [package-user-0,1]
06-13 21:22:18.542 1551 1727 I commit_sys_config_file: [package,28]
06-13 21:22:19.100 0 0 E [71661.024352] link_delay_work_func: DTC_ETH: SQI=0, link=0
06-13 21:22:23.146 1551 1727 I unknown_sources_enabled: 1
06-13 21:22:23.158 1551 1551 I notification_cancel_all: [1000,1551,com.tencent.qqmusic,0,0,0,5,NULL]
06-13 21:22:23.161 1551 1788 I commit_sys_config_file: [overlays,71656446]
06-13 21:22:23.166 1551 1787 I commit_sys_config_file: [package-session,71655862]
06-13 21:22:23.173 1551 1810 I am_uid_active: 10089
06-13 21:22:23.222 1551 4173 I wm_task_moved: [63,1,8]
06-13 21:22:23.222 1551 4173 I wm_set_resumed_activity: [0,com.android.packageinstaller/.InstallInstalling,positionChildAt]
06-13 21:22:23.222 1551 4173 I wm_create_activity: [0,260869741,63,com.android.packageinstaller/.InstallSuccess,NULL,NULL,file:///data/user_de/0/com.android.packageinstaller/no_backup/package2657035657518753757.apk,33554432]
06-13 21:22:23.224 1551 4173 I wm_pause_activity: [0,97777413,com.android.packageinstaller/.InstallInstalling,userLeaving=true,resumeTopActivityInnerLocked]
06-13 21:22:23.228 1551 1585 I wm_finish_activity: [0,97777413,63,com.android.packageinstaller/.InstallInstalling,app-request]
06-13 21:22:23.229 2159 2159 I wm_on_top_resumed_lost_called: [97777413,com.android.packageinstaller.InstallInstalling,topStateChangedWhenResumed]
06-13 21:22:23.229 2159 2159 I wm_on_paused_called: [97777413,com.android.packageinstaller.InstallInstalling,performPause]
06-13 21:22:23.229 1551 1837 I wm_add_to_stopping: [0,97777413,com.android.packageinstaller/.InstallInstalling,completeFinishing]
06-13 21:22:23.233 1551 1837 I wm_restart_activity: [0,260869741,63,com.android.packageinstaller/.InstallSuccess]
06-13 21:22:23.235 1551 1837 I wm_set_resumed_activity: [0,com.android.packageinstaller/.InstallSuccess,minimalResumeActivityLocked]
06-13 21:22:23.252 1551 1670 I sysui_multi_action: [757,803,799,window_time_0,802,7]
06-13 21:22:23.258 1551 1822 I input_focus: [Focus leaving c7983b2 com.android.packageinstaller/com.android.packageinstaller.InstallInstalling (server),reason=NO_WINDOW]
06-13 21:22:23.284 2159 2159 I wm_on_create_called: [260869741,com.android.packageinstaller.InstallSuccess,performCreate]
06-13 21:22:23.284 2159 2159 I wm_on_start_called: [260869741,com.android.packageinstaller.InstallSuccess,handleStartActivity]
06-13 21:22:23.287 2159 2159 I wm_on_resume_called: [260869741,com.android.packageinstaller.InstallSuccess,RESUME_ACTIVITY]
06-13 21:22:23.302 2159 2159 I wm_on_top_resumed_gained_called: [260869741,com.android.packageinstaller.InstallSuccess,topStateChangedWhenResumed]
06-13 21:22:23.312 1551 1672 I input_focus: [Focus request 91a9a7f com.android.packageinstaller/com.android.packageinstaller.InstallSuccess,reason=UpdateInputWindows]
06-13 21:22:23.332 1551 2861 I service_manager_slow: [16,platform_compat]
06-13 21:22:23.340 1551 1667 I wm_activity_launch_time: [0,260869741,com.android.packageinstaller/.InstallSuccess,125]
06-13 21:22:23.349 1551 1670 I wm_destroy_activity: [0,97777413,63,com.android.packageinstaller/.InstallInstalling,finish-imm:transit]
06-13 21:22:23.359 1551 1822 I input_focus: [Focus entering 91a9a7f com.android.packageinstaller/com.android.packageinstaller.InstallSuccess (server),reason=Window became focusable. Previous reason: NOT_VISIBLE]
06-13 21:22:23.371 2159 2159 I wm_on_stop_called: [97777413,com.android.packageinstaller.InstallInstalling,LIFECYCLER_STOP_ACTIVITY]
06-13 21:22:23.371 2159 2159 I wm_on_destroy_called: [97777413,com.android.packageinstaller.InstallInstalling,performDestroy]
06-13 21:22:23.405 1551 1551 I sysui_multi_action: [757,128,758,5,759,8,793,9160060,794,0,795,9160060,796,10868231,806,com.tencent.android.qqdownloader,857,channel_id_default_silent,858,3,946,com.tencent.android.qqdownloader,947,1,1500,9160060,1688,1]
06-13 21:22:23.405 1551 1551 I notification_canceled: [0|com.tencent.android.qqdownloader|10868231|null|10092,8,9160060,9160060,0,-1,-1,NULL]
06-13 21:22:23.433 1551 1551 I notification_enqueue: [10092,13749,com.tencent.android.qqdownloader,6259,NULL,0,Notification(channel=channel_id_default_silent shortcut=null contentView=null vibrate=null sound=null tick defaults=0x0 flags=0x210 color=0x00000000 groupKey=com.tencent.android.qqdownloader vis=PRIVATE),0]
06-13 21:22:23.474 1551 1684 I am_pss : [2159,10025,com.android.packageinstaller,84692992,80535552,81920,173334528,0,2,8]
06-13 21:22:23.695 1551 1551 I notification_enqueue: [10092,17024,com.tencent.android.qqdownloader,127,NULL,0,Notification(channel=channel_id_default_silent shortcut=null contentView=com.tencent.android.qqdownloader/0x7f0a01c2 vibrate=null sound=null defaults=0x0 flags=0x2a2 color=0x00000000 groupKey=com.tencent.android.qqdownloader vis=PRIVATE),1]
06-13 21:22:24.216 0 0 E [71666.144308] link_delay_work_func: DTC_ETH: SQI=0, link=0
06-13 21:22:24.709 1551 1551 I notification_enqueue: [10092,17024,com.tencent.android.qqdownloader,127,NULL,0,Notification(channel=channel_id_default_silent shortcut=null contentView=com.tencent.android.qqdownloader/0x7f0a01c2 vibrate=null sound=null defaults=0x0 flags=0x2a2 color=0x00000000 groupKey=com.tencent.android.qqdownloader vis=PRIVATE),1]
06-13 21:22:25.718 1551 1551 I notification_enqueue: [10092,17024,com.tencent.android.qqdownloader,127,NULL,0,Notification(channel=channel_id_default_silent shortcut=null contentView=com.tencent.android.qqdownloader/0x7f0a01c2 vibrate=null sound=null defaults=0x0 flags=0x2a2 color=0x00000000 groupKey=com.tencent.android.qqdownloader vis=PRIVATE),1]
06-13 21:22:26.447 1551 1822 I input_interaction: Interaction with: 91a9a7f com.android.packageinstaller/com.android.packageinstaller.InstallSuccess (server), edge-swipe (server), swipe-up (server), PointerEventDispatcher0 (server),
06-13 21:22:26.503 1551 1684 I sysui_multi_action: [757,1717,758,1,759,0]
06-13 21:22:26.503 1551 1684 I sysui_multi_action: [757,1717,758,2,759,0]
06-13 21:22:26.503 1551 1684 I sysui_multi_action: [757,1717,758,3,759,0]
06-13 21:22:26.573 1551 4173 I wm_finish_activity: [0,260869741,63,com.android.packageinstaller/.InstallSuccess,app-request]
06-13 21:22:26.581 1551 4173 I wm_pause_activity: [0,260869741,com.android.packageinstaller/.InstallSuccess,userLeaving=false,finish]
06-13 21:22:26.588 2159 2159 I wm_on_top_resumed_lost_called: [260869741,com.android.packageinstaller.InstallSuccess,topStateChangedWhenResumed]
06-13 21:22:26.588 2159 2159 I wm_on_paused_called: [260869741,com.android.packageinstaller.InstallSuccess,performPause]
06-13 21:22:26.591 1551 4173 I wm_set_resumed_activity: [0,com.android.packageinstaller/.DeleteStagedFileOnResult,resumeTopActivityInnerLocked]
06-13 21:22:26.592 1551 4173 I wm_resume_activity: [0,249091709,63,com.android.packageinstaller/.DeleteStagedFileOnResult]
06-13 21:22:26.598 1551 1672 I input_focus: [Focus request 6d15835 com.android.packageinstaller/com.android.packageinstaller.DeleteStagedFileOnResult,reason=UpdateInputWindows]
06-13 21:22:26.598 1551 2861 I wm_finish_activity: [0,249091709,63,com.android.packageinstaller/.DeleteStagedFileOnResult,app-request]
06-13 21:22:26.607 1551 2861 I wm_pause_activity: [0,249091709,com.android.packageinstaller/.DeleteStagedFileOnResult,userLeaving=false,finish]
06-13 21:22:26.609 2159 2159 I wm_on_activity_result_called: [249091709,com.android.packageinstaller.DeleteStagedFileOnResult,ACTIVITY_RESULT]
06-13 21:22:26.611 1551 1822 I input_focus: [Focus leaving 91a9a7f com.android.packageinstaller/com.android.packageinstaller.InstallSuccess (server),reason=NO_WINDOW]
06-13 21:22:26.611 1551 1822 I input_focus: [Focus entering 6d15835 com.android.packageinstaller/com.android.packageinstaller.DeleteStagedFileOnResult (server),reason=setFocusedWindow]
06-13 21:22:26.611 1551 1670 I sysui_multi_action: [757,803,799,window_time_0,802,3]
06-13 21:22:26.612 1551 1670 I wm_destroy_activity: [0,260869741,63,com.android.packageinstaller/.InstallSuccess,finish-transit]
06-13 21:22:26.618 1551 17020 I wm_set_resumed_activity: [0,com.android.packageinstaller/.PackageInstallerActivity,resumeTopActivityInnerLocked]
06-13 21:22:26.619 1551 17020 I wm_resume_activity: [0,220425749,63,com.android.packageinstaller/.PackageInstallerActivity]
06-13 21:22:26.626 1551 1822 I input_focus: [Focus leaving 6d15835 com.android.packageinstaller/com.android.packageinstaller.DeleteStagedFileOnResult (server),reason=NO_WINDOW]
06-13 21:22:26.626 1551 1670 I sysui_multi_action: [757,803,799,window_time_0,802,0]
06-13 21:22:26.627 1551 1672 I input_focus: [Focus request 847c6c9 com.android.packageinstaller/com.android.packageinstaller.PackageInstallerActivity,reason=UpdateInputWindows]
06-13 21:22:26.627 2159 2159 I wm_on_stop_called: [260869741,com.android.packageinstaller.InstallSuccess,LIFECYCLER_STOP_ACTIVITY]
06-13 21:22:26.627 2159 2159 I wm_on_destroy_called: [260869741,com.android.packageinstaller.InstallSuccess,performDestroy]
06-13 21:22:26.635 2159 2159 I wm_on_resume_called: [220425749,com.android.packageinstaller.PackageInstallerActivity,RESUME_ACTIVITY]
06-13 21:22:26.635 2159 2159 I wm_on_top_resumed_gained_called: [220425749,com.android.packageinstaller.PackageInstallerActivity,topWhenResuming]
06-13 21:22:26.645 1551 1822 I input_focus: [Focus entering 847c6c9 com.android.packageinstaller/com.android.packageinstaller.PackageInstallerActivity (server),reason=setFocusedWindow]
06-13 21:22:26.672 1551 4173 I wm_destroy_activity: [0,249091709,63,com.android.packageinstaller/.DeleteStagedFileOnResult,finish-idle]
06-13 21:22:26.680 1551 1684 I am_pss : [4153,10062,com.thundercomm.gamemode.provider,9123840,2846720,5368832,42897408,0,15,6]
06-13 21:22:26.688 2159 2159 I wm_on_stop_called: [249091709,com.android.packageinstaller.DeleteStagedFileOnResult,LIFECYCLER_STOP_ACTIVITY]
06-13 21:22:26.689 2159 2159 I wm_on_destroy_called: [249091709,com.android.packageinstaller.DeleteStagedFileOnResult,performDestroy]
06-13 21:22:27.653 1551 1822 I input_interaction: Interaction with: 847c6c9 com.android.packageinstaller/com.android.packageinstaller.PackageInstallerActivity (server), edge-swipe (server), swipe-up (server), PointerEventDispatcher0 (server),
06-13 21:22:27.883 1551 17020 I wm_task_moved: [63,1,8]
06-13 21:22:27.883 1551 17020 I wm_set_resumed_activity: [0,com.android.packageinstaller/.PackageInstallerActivity,positionChildAt]
06-13 21:22:27.883 1551 17020 I wm_create_activity: [0,249079522,63,com.android.packageinstaller/.InstallInstalling,NULL,NULL,file:///data/user_de/0/com.android.packageinstaller/no_backup/package3817160209372711366.apk,33554432]
06-13 21:22:27.884 1551 17020 I wm_pause_activity: [0,220425749,com.android.packageinstaller/.PackageInstallerActivity,userLeaving=true,resumeTopActivityInnerLocked]
06-13 21:22:27.886 1551 4173 I wm_finish_activity: [0,220425749,63,com.android.packageinstaller/.PackageInstallerActivity,app-request]
06-13 21:22:27.887 2159 2159 I wm_on_top_resumed_lost_called: [220425749,com.android.packageinstaller.PackageInstallerActivity,topStateChangedWhenResumed]
06-13 21:22:27.887 2159 2159 I wm_on_paused_called: [220425749,com.android.packageinstaller.PackageInstallerActivity,performPause]
06-13 21:22:27.887 1551 4173 I wm_add_to_stopping: [0,220425749,com.android.packageinstaller/.PackageInstallerActivity,completeFinishing]
06-13 21:22:27.889 1551 4173 I wm_restart_activity: [0,249079522,63,com.android.packageinstaller/.InstallInstalling]
06-13 21:22:27.890 1551 4173 I wm_set_resumed_activity: [0,com.android.packageinstaller/.InstallInstalling,minimalResumeActivityLocked]
06-13 21:22:27.893 1551 1670 I sysui_multi_action: [757,803,799,window_time_0,802,1]
06-13 21:22:27.907 1551 1822 I input_focus: [Focus leaving 847c6c9 com.android.packageinstaller/com.android.packageinstaller.PackageInstallerActivity (server),reason=NO_WINDOW]
06-13 21:22:27.930 2159 2159 I wm_on_create_called: [249079522,com.android.packageinstaller.InstallInstalling,performCreate]
06-13 21:22:27.930 2159 2159 I wm_on_start_called: [249079522,com.android.packageinstaller.InstallInstalling,handleStartActivity]
06-13 21:22:27.930 1551 1669 I commit_sys_config_file: [package-session,71660626]
06-13 21:22:27.930 2159 2159 I wm_on_resume_called: [249079522,com.android.packageinstaller.InstallInstalling,RESUME_ACTIVITY]
06-13 21:22:27.933 2159 2159 I wm_on_top_resumed_gained_called: [249079522,com.android.packageinstaller.InstallInstalling,topStateChangedWhenResumed]
06-13 21:22:27.933 1551 1669 I commit_sys_config_file: [package-session,71660629]
06-13 21:22:27.936 1551 1672 I input_focus: [Focus request ecac248 com.android.packageinstaller/com.android.packageinstaller.InstallInstalling,reason=UpdateInputWindows]
06-13 21:22:27.943 1551 1667 I wm_activity_launch_time: [0,249079522,com.android.packageinstaller/.InstallInstalling,64]
06-13 21:22:27.945 1551 1670 I wm_destroy_activity: [0,220425749,63,com.android.packageinstaller/.PackageInstallerActivity,finish-imm:transit]
06-13 21:22:27.959 1551 1822 I input_focus: [Focus entering ecac248 com.android.packageinstaller/com.android.packageinstaller.InstallInstalling (server),reason=setFocusedWindow]
06-13 21:22:27.959 2159 2159 I wm_on_stop_called: [220425749,com.android.packageinstaller.PackageInstallerActivity,LIFECYCLER_STOP_ACTIVITY]
06-13 21:22:27.959 2159 2159 I wm_on_destroy_called: [220425749,com.android.packageinstaller.PackageInstallerActivity,performDestroy]
06-13 21:22:28.109 1551 1843 I netstats_mobile_sample: [0,0,0,0,0,0,0,0,0,0,0,0,1686662548109]
06-13 21:22:28.109 1551 1843 I netstats_wifi_sample: [11015119848,7843421,147323478,2343039,11015119848,7843421,147323478,2343039,11172330578,8042278,146476008,2339138,1686662548109]
06-13 21:22:28.213 1551 1787 I commit_sys_config_file: [package-session,71660909]
06-13 21:22:28.542 1551 1727 I commit_sys_config_file: [package-user-0,1]
06-13 21:22:28.542 1551 1727 I commit_sys_config_file: [package,35]
06-13 21:22:28.544 0 0 I [71670.469807] logd: start watching /data/system/packages.list ...
06-13 21:22:28.560 0 0 I [71670.484642] logd: ReadPackageList, total packages: 114
06-13 21:22:29.336 0 0 E [71671.264504] link_delay_work_func: DTC_ETH: SQI=0, link=0
06-13 21:22:31.751 1551 1727 I unknown_sources_enabled: 1
06-13 21:22:31.774 1551 1855 I service_manager_slow: [12,isub]
06-13 21:22:31.776 1551 1787 I commit_sys_config_file: [package-session,71664471]
06-13 21:22:31.779 1551 1788 I commit_sys_config_file: [overlays,71665065]
06-13 21:22:31.786 1551 1551 I notification_cancel_all: [1000,1551,com.dragon.read,0,0,0,5,NULL]
06-13 21:22:31.799 1551 3376 I service_manager_stats: [100,124,3273406]
06-13 21:22:31.802 1551 3376 I wm_task_moved: [63,1,8]
06-13 21:22:31.802 1551 3376 I wm_set_resumed_activity: [0,com.android.packageinstaller/.InstallInstalling,positionChildAt]
06-13 21:22:31.802 1551 3376 I wm_create_activity: [0,251845230,63,com.android.packageinstaller/.InstallSuccess,NULL,NULL,file:///data/user_de/0/com.android.packageinstaller/no_backup/package3817160209372711366.apk,33554432]
06-13 21:22:31.804 1551 3376 I wm_pause_activity: [0,249079522,com.android.packageinstaller/.InstallInstalling,userLeaving=true,resumeTopActivityInnerLocked]
06-13 21:22:31.807 1551 2102 I wm_finish_activity: [0,249079522,63,com.android.packageinstaller/.InstallInstalling,app-request]
06-13 21:22:31.807 2159 2159 I wm_on_top_resumed_lost_called: [249079522,com.android.packageinstaller.InstallInstalling,topStateChangedWhenResumed]
06-13 21:22:31.814 2159 2159 I wm_on_paused_called: [249079522,com.android.packageinstaller.InstallInstalling,performPause]
06-13 21:22:31.817 1551 13077 I wm_add_to_stopping: [0,249079522,com.android.packageinstaller/.InstallInstalling,completeFinishing]
06-13 21:22:31.821 1551 13077 I wm_restart_activity: [0,251845230,63,com.android.packageinstaller/.InstallSuccess]
06-13 21:22:31.823 1551 13077 I wm_set_resumed_activity: [0,com.android.packageinstaller/.InstallSuccess,minimalResumeActivityLocked]
06-13 21:22:31.830 1551 1670 I sysui_multi_action: [757,803,799,window_time_0,802,4]
06-13 21:22:31.844 1551 1822 I input_focus: [Focus leaving ecac248 com.android.packageinstaller/com.android.packageinstaller.InstallInstalling (server),reason=NO_WINDOW]
06-13 21:22:31.848 2159 2159 I wm_on_create_called: [251845230,com.android.packageinstaller.InstallSuccess,performCreate]
06-13 21:22:31.849 2159 2159 I wm_on_start_called: [251845230,com.android.packageinstaller.InstallSuccess,handleStartActivity]
06-13 21:22:31.853 2159 2159 I wm_on_resume_called: [251845230,com.android.packageinstaller.InstallSuccess,RESUME_ACTIVITY]
06-13 21:22:31.856 2159 2159 I wm_on_top_resumed_gained_called: [251845230,com.android.packageinstaller.InstallSuccess,topStateChangedWhenResumed]
06-13 21:22:31.863 1551 1672 I input_focus: [Focus request ea09493 com.android.packageinstaller/com.android.packageinstaller.InstallSuccess,reason=UpdateInputWindows]
06-13 21:22:31.874 1551 1667 I wm_activity_launch_time: [0,251845230,com.android.packageinstaller/.InstallSuccess,78]
06-13 21:22:31.893 1551 1670 I wm_destroy_activity: [0,249079522,63,com.android.packageinstaller/.InstallInstalling,finish-imm:transit]
06-13 21:22:31.893 1551 1822 I input_focus: [Focus entering ea09493 com.android.packageinstaller/com.android.packageinstaller.InstallSuccess (server),reason=Window became focusable. Previous reason: NOT_VISIBLE]
06-13 21:22:31.909 2159 2159 I wm_on_stop_called: [249079522,com.android.packageinstaller.InstallInstalling,LIFECYCLER_STOP_ACTIVITY]
06-13 21:22:31.909 2159 2159 I wm_on_destroy_called: [249079522,com.android.packageinstaller.InstallInstalling,performDestroy]
06-13 21:22:31.960 1551 1551 I sysui_multi_action: [757,128,758,5,759,8,793,8950350,794,0,795,8950350,796,9685,806,com.tencent.android.qqdownloader,857,channel_id_default_silent,858,3,946,com.tencent.android.qqdownloader,947,1,1500,8950350,1688,1]
06-13 21:22:31.960 1551 1551 I notification_canceled: [0|com.tencent.android.qqdownloader|9685|null|10092,8,8950350,8950350,0,-1,-1,NULL]
06-13 21:22:32.012 1551 1551 I notification_enqueue: [10092,13749,com.tencent.android.qqdownloader,53860780,NULL,0,Notification(channel=channel_id_default_silent shortcut=null contentView=null vibrate=null sound=null tick defaults=0x0 flags=0x210 color=0x00000000 groupKey=com.tencent.android.qqdownloader vis=PRIVATE),0]
06-13 21:22:32.210 1551 1551 I notification_enqueue: [10092,17024,com.tencent.android.qqdownloader,127,NULL,0,Notification(channel=channel_id_default_silent shortcut=null contentView=com.tencent.android.qqdownloader/0x7f0a01c2 vibrate=null sound=null defaults=0x0 flags=0x2a2 color=0x00000000 groupKey=com.tencent.android.qqdownloader vis=PRIVATE),1]
06-13 21:22:33.227 1551 1551 I notification_enqueue: [10092,17024,com.tencent.android.qqdownloader,127,NULL,0,Notification(channel=channel_id_default_silent shortcut=null contentView=com.tencent.android.qqdownloader/0x7f0a01c2 vibrate=null sound=null defaults=0x0 flags=0x2a2 color=0x00000000 groupKey=com.tencent.android.qqdownloader vis=PRIVATE),1]
06-13 21:22:34.460 0 0 E [71676.384361] link_delay_work_func: DTC_ETH: SQI=0, link=0
06-13 21:22:34.705 1551 1860 I storage_state: [41217664-9172-527a-b3d5-edabb50a7d69,0,0,98710065152,118610538496]
06-13 21:22:39.580 0 0 E [71681.504374] link_delay_work_func: DTC_ETH: SQI=0, link=0
06-13 21:22:40.798 1551 1822 I input_interaction: Interaction with: ea09493 com.android.packageinstaller/com.android.packageinstaller.InstallSuccess (server), edge-swipe (server), swipe-up (server), PointerEventDispatcher0 (server),
06-13 21:22:40.991 1551 3376 I wm_finish_activity: [0,251845230,63,com.android.packageinstaller/.InstallSuccess,app-request]
06-13 21:22:41.008 1551 3376 I wm_pause_activity: [0,251845230,com.android.packageinstaller/.InstallSuccess,userLeaving=false,finish]
06-13 21:22:41.015 2159 2159 I wm_on_top_resumed_lost_called: [251845230,com.android.packageinstaller.InstallSuccess,topStateChangedWhenResumed]
06-13 21:22:41.016 2159 2159 I wm_on_paused_called: [251845230,com.android.packageinstaller.InstallSuccess,performPause]
06-13 21:22:41.020 1551 1826 I wm_set_resumed_activity: [0,com.android.packageinstaller/.DeleteStagedFileOnResult,resumeTopActivityInnerLocked]
06-13 21:22:41.023 1551 1826 I wm_resume_activity: [0,171589283,63,com.android.packageinstaller/.DeleteStagedFileOnResult]
06-13 21:22:41.034 1551 1672 I input_focus: [Focus request ae6df1b com.android.packageinstaller/com.android.packageinstaller.DeleteStagedFileOnResult,reason=UpdateInputWindows]
06-13 21:22:41.034 1551 1670 I sysui_multi_action: [757,803,799,window_time_0,802,9]
06-13 21:22:41.035 1551 1670 I wm_destroy_activity: [0,251845230,63,com.android.packageinstaller/.InstallSuccess,finish-transit]
06-13 21:22:41.038 1551 3376 I wm_finish_activity: [0,171589283,63,com.android.packageinstaller/.DeleteStagedFileOnResult,app-request]
06-13 21:22:41.047 1551 1822 I input_focus: [Focus leaving ea09493 com.android.packageinstaller/com.android.packageinstaller.InstallSuccess (server),reason=NO_WINDOW]
06-13 21:22:41.047 1551 1822 I input_focus: [Focus entering ae6df1b com.android.packageinstaller/com.android.packageinstaller.DeleteStagedFileOnResult (server),reason=setFocusedWindow]
06-13 21:22:41.049 1551 3376 I wm_pause_activity: [0,171589283,com.android.packageinstaller/.DeleteStagedFileOnResult,userLeaving=false,finish]
06-13 21:22:41.051 2159 2159 I wm_on_activity_result_called: [171589283,com.android.packageinstaller.DeleteStagedFileOnResult,ACTIVITY_RESULT]
06-13 21:22:41.053 2159 2159 I wm_on_stop_called: [251845230,com.android.packageinstaller.InstallSuccess,LIFECYCLER_STOP_ACTIVITY]
06-13 21:22:41.053 2159 2159 I wm_on_destroy_called: [251845230,com.android.packageinstaller.InstallSuccess,performDestroy]
06-13 21:22:41.059 1551 1822 I input_focus: [Focus leaving ae6df1b com.android.packageinstaller/com.android.packageinstaller.DeleteStagedFileOnResult (server),reason=NO_WINDOW]
06-13 21:22:41.068 1551 3376 I wm_set_resumed_activity: [0,com.android.packageinstaller/.PackageInstallerActivity,resumeTopActivityInnerLocked]
06-13 21:22:41.069 1551 3376 I wm_resume_activity: [0,240921632,63,com.android.packageinstaller/.PackageInstallerActivity]
06-13 21:22:41.081 1551 1672 I input_focus: [Focus request bf736e4 com.android.packageinstaller/com.android.packageinstaller.PackageInstallerActivity,reason=UpdateInputWindows]
06-13 21:22:41.081 1551 1670 I sysui_multi_action: [757,803,799,window_time_0,802,1]
06-13 21:22:41.083 2159 2159 I wm_on_resume_called: [240921632,com.android.packageinstaller.PackageInstallerActivity,RESUME_ACTIVITY]
06-13 21:22:41.083 2159 2159 I wm_on_top_resumed_gained_called: [240921632,com.android.packageinstaller.PackageInstallerActivity,topWhenResuming]
06-13 21:22:41.093 1551 1822 I input_focus: [Focus entering bf736e4 com.android.packageinstaller/com.android.packageinstaller.PackageInstallerActivity (server),reason=setFocusedWindow]
06-13 21:22:41.124 1551 3376 I wm_destroy_activity: [0,171589283,63,com.android.packageinstaller/.DeleteStagedFileOnResult,finish-idle]
06-13 21:22:41.125 2159 2159 I wm_on_stop_called: [171589283,com.android.packageinstaller.DeleteStagedFileOnResult,LIFECYCLER_STOP_ACTIVITY]
06-13 21:22:41.125 2159 2159 I wm_on_destroy_called: [171589283,com.android.packageinstaller.DeleteStagedFileOnResult,performDestroy]
06-13 21:22:42.551 0 0 I [71684.474954] init: processing action (sys.tlog.tlogdshc.active=1) from (/system/etc/init/tlogd.rc:195)
06-13 21:22:42.552 0 0 I [71684.475676] init: starting service 'tlogdshc'...
06-13 21:22:42.652 0 0 I [71684.579199] init: Service 'tlogdshc' (pid 27128) exited with status 0 oneshot service took 0.100000 seconds in background
06-13 21:22:42.652 0 0 I [71684.579228] init: Sending signal 9 to service 'tlogdshc' (pid 27128) process group...
06-13 21:22:42.652 0 0 I [71684.579408] libprocessgroup: Successfully killed process cgroup uid 0 pid 27128 in 0ms
06-13 21:22:44.696 0 0 E [71686.624422] link_delay_work_func: DTC_ETH: SQI=0, link=0
06-13 21:22:45.505 1551 1822 I input_interaction: Interaction with: bf736e4 com.android.packageinstaller/com.android.packageinstaller.PackageInstallerActivity (server), edge-swipe (server), swipe-up (server), PointerEventDispatcher0 (server),
06-13 21:22:45.694 1551 1826 I wm_task_moved: [63,1,8]
06-13 21:22:45.694 1551 1826 I wm_set_resumed_activity: [0,com.android.packageinstaller/.PackageInstallerActivity,positionChildAt]
06-13 21:22:45.694 1551 1826 I wm_create_activity: [0,125269478,63,com.android.packageinstaller/.InstallInstalling,NULL,NULL,file:///data/user_de/0/com.android.packageinstaller/no_backup/package6714144291204021545.apk,33554432]
06-13 21:22:45.695 1551 1826 I wm_pause_activity: [0,240921632,com.android.packageinstaller/.PackageInstallerActivity,userLeaving=true,resumeTopActivityInnerLocked]
06-13 21:22:45.697 1551 2102 I wm_finish_activity: [0,240921632,63,com.android.packageinstaller/.PackageInstallerActivity,app-request]
06-13 21:22:45.698 2159 2159 I wm_on_top_resumed_lost_called: [240921632,com.android.packageinstaller.PackageInstallerActivity,topStateChangedWhenResumed]
06-13 21:22:45.698 2159 2159 I wm_on_paused_called: [240921632,com.android.packageinstaller.PackageInstallerActivity,performPause]
06-13 21:22:45.698 1551 2102 I wm_add_to_stopping: [0,240921632,com.android.packageinstaller/.PackageInstallerActivity,completeFinishing]
06-13 21:22:45.700 1551 2102 I wm_restart_activity: [0,125269478,63,com.android.packageinstaller/.InstallInstalling]
06-13 21:22:45.701 1551 2102 I wm_set_resumed_activity: [0,com.android.packageinstaller/.InstallInstalling,minimalResumeActivityLocked]
06-13 21:22:45.704 1551 1670 I sysui_multi_action: [757,803,799,window_time_0,802,4]
06-13 21:22:45.725 1551 1822 I input_focus: [Focus leaving bf736e4 com.android.packageinstaller/com.android.packageinstaller.PackageInstallerActivity (server),reason=NO_WINDOW]
06-13 21:22:45.738 2159 2159 I wm_on_create_called: [125269478,com.android.packageinstaller.InstallInstalling,performCreate]
06-13 21:22:45.738 2159 2159 I wm_on_start_called: [125269478,com.android.packageinstaller.InstallInstalling,handleStartActivity]
06-13 21:22:45.738 1551 1669 I commit_sys_config_file: [package-session,71678434]
06-13 21:22:45.738 2159 2159 I wm_on_resume_called: [125269478,com.android.packageinstaller.InstallInstalling,RESUME_ACTIVITY]
06-13 21:22:45.740 2159 2159 I wm_on_top_resumed_gained_called: [125269478,com.android.packageinstaller.InstallInstalling,topStateChangedWhenResumed]
06-13 21:22:45.740 1551 1669 I commit_sys_config_file: [package-session,71678436]
06-13 21:22:45.746 1551 1672 I input_focus: [Focus request cf0241f com.android.packageinstaller/com.android.packageinstaller.InstallInstalling,reason=UpdateInputWindows]
06-13 21:22:45.752 1551 1667 I wm_activity_launch_time: [0,125269478,com.android.packageinstaller/.InstallInstalling,64]
06-13 21:22:45.753 1551 1670 I wm_destroy_activity: [0,240921632,63,com.android.packageinstaller/.PackageInstallerActivity,finish-imm:transit]
06-13 21:22:45.759 1551 1822 I input_focus: [Focus entering cf0241f com.android.packageinstaller/com.android.packageinstaller.InstallInstalling (server),reason=setFocusedWindow]
06-13 21:22:45.760 2159 2159 I wm_on_stop_called: [240921632,com.android.packageinstaller.PackageInstallerActivity,LIFECYCLER_STOP_ACTIVITY]
06-13 21:22:45.760 2159 2159 I wm_on_destroy_called: [240921632,com.android.packageinstaller.PackageInstallerActivity,performDestroy]
06-13 21:22:46.125 1551 1787 I commit_sys_config_file: [package-session,71678821]
06-13 21:22:46.767 0 0 I [71688.691479] logd: start watching /data/system/packages.list ...
06-13 21:22:46.767 0 0 I [71688.693595] logd: ReadPackageList, total packages: 115
06-13 21:22:46.765 1551 1727 I commit_sys_config_file: [package-user-0,2]
06-13 21:22:46.765 1551 1727 I commit_sys_config_file: [package,31]
06-13 21:22:49.675 1551 1727 I unknown_sources_enabled: 1
06-13 21:22:49.693 1551 1787 I commit_sys_config_file: [package-session,71682388]
06-13 21:22:49.696 1551 1788 I commit_sys_config_file: [overlays,71682982]
