06-13 18:57:10.238 2159 2159 I wm_on_start_called: [186497273,com.android.packageinstaller.DeleteStagedFileOnResult,handleStartActivity]
06-13 18:57:10.238 2159 2159 I wm_on_restart_called: [240662303,com.android.packageinstaller.PackageInstallerActivity,performRestartActivity]
06-13 18:57:10.238 2159 2159 I wm_on_start_called: [240662303,com.android.packageinstaller.PackageInstallerActivity,handleStartActivity]
06-13 18:57:10.238 2159 2159 I wm_on_restart_called: [249091709,com.android.packageinstaller.DeleteStagedFileOnResult,performRestartActivity]
06-13 18:57:10.238 2159 2159 I wm_on_start_called: [249091709,com.android.packageinstaller.DeleteStagedFileOnResult,handleStartActivity]
06-13 18:57:10.238 2159 2159 I wm_on_restart_called: [220425749,com.android.packageinstaller.PackageInstallerActivity,performRestartActivity]
06-13 18:57:10.238 2159 2159 I wm_on_start_called: [220425749,com.android.packageinstaller.PackageInstallerActivity,handleStartActivity]
06-13 18:57:10.238 2159 2159 I wm_on_restart_called: [171589283,com.android.packageinstaller.DeleteStagedFileOnResult,performRestartActivity]
06-13 18:57:10.238 2159 2159 I wm_on_start_called: [171589283,com.android.packageinstaller.DeleteStagedFileOnResult,handleStartActivity]
06-13 18:57:10.239 2159 2159 I wm_on_restart_called: [240921632,com.android.packageinstaller.PackageInstallerActivity,performRestartActivity]
06-13 18:57:10.239 2159 2159 I wm_on_start_called: [240921632,com.android.packageinstaller.PackageInstallerActivity,handleStartActivity]
06-13 18:57:10.239 2159 2159 I wm_on_restart_called: [3960262,com.android.packageinstaller.DeleteStagedFileOnResult,performRestartActivity]
06-13 18:57:10.239 2159 2159 I wm_on_start_called: [3960262,com.android.packageinstaller.DeleteStagedFileOnResult,handleStartActivity]
06-13 18:57:10.239 2159 2159 I wm_on_restart_called: [223077111,com.android.packageinstaller.PackageInstallerActivity,performRestartActivity]
06-13 18:57:10.239 2159 2159 I wm_on_start_called: [223077111,com.android.packageinstaller.PackageInstallerActivity,handleStartActivity]
06-13 18:57:10.239 2159 2159 I wm_on_restart_called: [53462805,com.android.packageinstaller.DeleteStagedFileOnResult,performRestartActivity]
06-13 18:57:10.239 2159 2159 I wm_on_start_called: [53462805,com.android.packageinstaller.DeleteStagedFileOnResult,handleStartActivity]
06-13 18:57:10.239 2159 2159 I wm_on_restart_called: [27001122,com.android.packageinstaller.InstallSuccess,performRestartActivity]
06-13 18:57:10.239 2159 2159 I wm_on_start_called: [27001122,com.android.packageinstaller.InstallSuccess,handleStartActivity]
06-13 18:57:10.239 2159 2159 I wm_on_restart_called: [86616444,com.android.packageinstaller.DeleteStagedFileOnResult,performRestartActivity]
06-13 18:57:10.239 2159 2159 I wm_on_start_called: [86616444,com.android.packageinstaller.DeleteStagedFileOnResult,handleStartActivity]
06-13 18:57:10.239 2159 2159 I wm_on_restart_called: [9003433,com.android.packageinstaller.InstallSuccess,performRestartActivity]
06-13 18:57:10.239 2159 2159 I wm_on_start_called: [9003433,com.android.packageinstaller.InstallSuccess,handleStartActivity]
06-13 18:57:10.243 2159 2159 I wm_on_resume_called: [9003433,com.android.packageinstaller.InstallSuccess,RESUME_ACTIVITY]
06-13 18:57:10.243 2159 2159 I wm_on_top_resumed_gained_called: [9003433,com.android.packageinstaller.InstallSuccess,topWhenResuming]
06-13 18:57:10.243 1551 2102 I am_uid_active: 10062
06-13 18:57:10.247 2614 2614 I wm_on_restart_called: [87018331,com.android.launcher3.uioverrides.QuickstepLauncher,performRestartActivity]
06-13 18:57:10.247 2614 2614 I wm_on_start_called: [87018331,com.android.launcher3.uioverrides.QuickstepLauncher,handleStartActivity]
06-13 18:57:10.256 1551 1672 I input_focus: [Focus request 407d8cb com.android.packageinstaller/com.android.packageinstaller.InstallSuccess,reason=UpdateInputWindows]
06-13 18:57:10.353 1551 1822 I input_focus: [Focus entering 407d8cb com.android.packageinstaller/com.android.packageinstaller.InstallSuccess (server),reason=Window became focusable. Previous reason: NOT_VISIBLE]
06-13 18:57:10.866 1551 1670 I wm_destroy_activity: [0,203125137,72,com.thundercomm.screensaver/android.service.dreams.DreamActivity,finish-imm:idle]
06-13 18:57:10.876 4423 4423 I wm_on_stop_called: [203125137,android.service.dreams.DreamActivity,LIFECYCLER_STOP_ACTIVITY]
06-13 18:57:10.877 4423 4423 I wm_on_destroy_called: [203125137,android.service.dreams.DreamActivity,performDestroy]
06-13 18:57:10.878 1551 1667 I sysui_multi_action: [757,222,758,2]
06-13 18:57:10.878 1551 1667 I sysui_multi_action: [757,804,799,dreaming_minutes,801,2,802,1]
06-13 18:57:10.888 1551 18712 I wm_task_removed: [72,removeChild:removeChild last r=ActivityRecord{c1b7191 u0 com.thundercomm.screensaver/android.service.dreams.DreamActivity taskAffinity=1000:android:com.thundercomm.screensaver/dream t-1 f}} in t=Task{b6fb8f6 #72 type=dream A=1000:android:com.thundercomm.screensaver/dream U=0 visible=false mode=fullscreen translucent=true sz=0 visible freeform task=true rootAffinity=1000:android:com.thundercomm.screensaver/dream isMini=false}]
06-13 18:57:10.888 1551 18712 I wm_task_removed: [72,removeChild]
06-13 18:57:11.412 1551 1822 I input_interaction: Interaction with: 407d8cb com.android.packageinstaller/com.android.packageinstaller.InstallSuccess (server), edge-swipe (server), swipe-up (server), PointerEventDispatcher0 (server),
06-13 18:57:11.512 0 0 I [62953.438485] init: processing action (sys.tlog.tlogdshc.active=1) from (/system/etc/init/tlogd.rc:195)
06-13 18:57:11.512 0 0 I [62953.438924] init: starting service 'tlogdshc'...
06-13 18:57:11.533 1551 3376 I wm_finish_activity: [0,9003433,63,com.android.packageinstaller/.InstallSuccess,app-request]
06-13 18:57:11.542 1551 3376 I wm_pause_activity: [0,9003433,com.android.packageinstaller/.InstallSuccess,userLeaving=false,finish]
06-13 18:57:11.546 2159 2159 I wm_on_top_resumed_lost_called: [9003433,com.android.packageinstaller.InstallSuccess,topStateChangedWhenResumed]
06-13 18:57:11.548 2159 2159 I wm_on_paused_called: [9003433,com.android.packageinstaller.InstallSuccess,performPause]
06-13 18:57:11.558 1551 3376 I wm_set_resumed_activity: [0,com.android.packageinstaller/.DeleteStagedFileOnResult,resumeTopActivityInnerLocked]
06-13 18:57:11.562 1551 3376 I wm_resume_activity: [0,148957047,63,com.android.packageinstaller/.DeleteStagedFileOnResult]
06-13 18:57:11.572 1551 1822 I input_focus: [Focus leaving 407d8cb com.android.packageinstaller/com.android.packageinstaller.InstallSuccess (server),reason=NO_WINDOW]
06-13 18:57:11.579 1551 1672 I input_focus: [Focus request b323650 com.android.packageinstaller/com.android.packageinstaller.DeleteStagedFileOnResult,reason=UpdateInputWindows]
06-13 18:57:11.581 1551 1670 I sysui_multi_action: [757,803,799,window_time_0,802,1]
06-13 18:57:11.582 1551 1670 I wm_destroy_activity: [0,9003433,63,com.android.packageinstaller/.InstallSuccess,finish-transit]
06-13 18:57:11.582 1551 18712 I wm_finish_activity: [0,148957047,63,com.android.packageinstaller/.DeleteStagedFileOnResult,app-request]
06-13 18:57:11.591 1551 1822 I input_focus: [Focus entering b323650 com.android.packageinstaller/com.android.packageinstaller.DeleteStagedFileOnResult (server),reason=setFocusedWindow]
06-13 18:57:11.591 1551 18712 I wm_pause_activity: [0,148957047,com.android.packageinstaller/.DeleteStagedFileOnResult,userLeaving=false,finish]
06-13 18:57:11.597 2159 2159 I wm_on_activity_result_called: [148957047,com.android.packageinstaller.DeleteStagedFileOnResult,ACTIVITY_RESULT]
06-13 18:57:11.616 2159 2159 I wm_on_stop_called: [9003433,com.android.packageinstaller.InstallSuccess,LIFECYCLER_STOP_ACTIVITY]
06-13 18:57:11.616 2159 2159 I wm_on_destroy_called: [9003433,com.android.packageinstaller.InstallSuccess,performDestroy]
06-13 18:57:11.620 1551 1822 I input_focus: [Focus leaving b323650 com.android.packageinstaller/com.android.packageinstaller.DeleteStagedFileOnResult (server),reason=NO_WINDOW]
06-13 18:57:11.626 1551 2564 I wm_set_resumed_activity: [0,com.android.packageinstaller/.PackageInstallerActivity,resumeTopActivityInnerLocked]
06-13 18:57:11.628 1551 2564 I wm_resume_activity: [0,216049083,63,com.android.packageinstaller/.PackageInstallerActivity]
06-13 18:57:11.635 1551 1672 I input_focus: [Focus request de01133 com.android.packageinstaller/com.android.packageinstaller.PackageInstallerActivity,reason=UpdateInputWindows]
06-13 18:57:11.638 1551 1670 I sysui_multi_action: [757,803,799,window_time_0,802,0]
06-13 18:57:11.641 2159 2159 I wm_on_resume_called: [216049083,com.android.packageinstaller.PackageInstallerActivity,RESUME_ACTIVITY]
06-13 18:57:11.641 2159 2159 I wm_on_top_resumed_gained_called: [216049083,com.android.packageinstaller.PackageInstallerActivity,topWhenResuming]
06-13 18:57:11.650 0 0 I [62953.576316] init: Service 'tlogdshc' (pid 13055) exited with status 0 oneshot service took 0.134000 seconds in background
06-13 18:57:11.650 0 0 I [62953.576337] init: Sending signal 9 to service 'tlogdshc' (pid 13055) process group...
06-13 18:57:11.650 0 0 I [62953.576506] libprocessgroup: Successfully killed process cgroup uid 0 pid 13055 in 0ms
06-13 18:57:11.652 1551 1822 I input_focus: [Focus entering de01133 com.android.packageinstaller/com.android.packageinstaller.PackageInstallerActivity (server),reason=setFocusedWindow]
06-13 18:57:11.684 1551 18712 I wm_destroy_activity: [0,148957047,63,com.android.packageinstaller/.DeleteStagedFileOnResult,finish-idle]
06-13 18:57:11.685 2159 2159 I wm_on_stop_called: [148957047,com.android.packageinstaller.DeleteStagedFileOnResult,LIFECYCLER_STOP_ACTIVITY]
06-13 18:57:11.685 2159 2159 I wm_on_destroy_called: [148957047,com.android.packageinstaller.DeleteStagedFileOnResult,performDestroy]
06-13 18:57:12.308 1551 1822 I input_interaction: Interaction with: de01133 com.android.packageinstaller/com.android.packageinstaller.PackageInstallerActivity (server), edge-swipe (server), swipe-up (server), PointerEventDispatcher0 (server),
06-13 18:57:12.466 1551 18730 I wm_task_moved: [63,1,8]
06-13 18:57:12.467 1551 18730 I wm_set_resumed_activity: [0,com.android.packageinstaller/.PackageInstallerActivity,positionChildAt]
06-13 18:57:12.467 1551 18730 I wm_create_activity: [0,93961288,63,com.android.packageinstaller/.InstallInstalling,NULL,NULL,file:///data/user_de/0/com.android.packageinstaller/no_backup/package6093982474983238344.apk,33554432]
06-13 18:57:12.468 1551 18730 I wm_pause_activity: [0,216049083,com.android.packageinstaller/.PackageInstallerActivity,userLeaving=true,resumeTopActivityInnerLocked]
06-13 18:57:12.470 1551 2564 I wm_finish_activity: [0,216049083,63,com.android.packageinstaller/.PackageInstallerActivity,app-request]
06-13 18:57:12.470 2159 2159 I wm_on_top_resumed_lost_called: [216049083,com.android.packageinstaller.PackageInstallerActivity,topStateChangedWhenResumed]
06-13 18:57:12.471 2159 2159 I wm_on_paused_called: [216049083,com.android.packageinstaller.PackageInstallerActivity,performPause]
06-13 18:57:12.471 1551 2564 I wm_add_to_stopping: [0,216049083,com.android.packageinstaller/.PackageInstallerActivity,completeFinishing]
06-13 18:57:12.472 1551 2564 I wm_restart_activity: [0,93961288,63,com.android.packageinstaller/.InstallInstalling]
06-13 18:57:12.473 1551 2564 I wm_set_resumed_activity: [0,com.android.packageinstaller/.InstallInstalling,minimalResumeActivityLocked]
06-13 18:57:12.474 1551 2564 I service_manager_stats: [100,94,238855]
06-13 18:57:12.477 1551 1670 I sysui_multi_action: [757,803,799,window_time_0,802,1]
06-13 18:57:12.501 1551 1822 I input_focus: [Focus leaving de01133 com.android.packageinstaller/com.android.packageinstaller.PackageInstallerActivity (server),reason=NO_WINDOW]
06-13 18:57:12.517 2159 2159 I wm_on_create_called: [93961288,com.android.packageinstaller.InstallInstalling,performCreate]
06-13 18:57:12.518 2159 2159 I wm_on_start_called: [93961288,com.android.packageinstaller.InstallInstalling,handleStartActivity]
06-13 18:57:12.518 1551 1669 I commit_sys_config_file: [package-session,62945214]
06-13 18:57:12.518 2159 2159 I wm_on_resume_called: [93961288,com.android.packageinstaller.InstallInstalling,RESUME_ACTIVITY]
06-13 18:57:12.520 2159 2159 I wm_on_top_resumed_gained_called: [93961288,com.android.packageinstaller.InstallInstalling,topStateChangedWhenResumed]
06-13 18:57:12.523 1551 1669 I commit_sys_config_file: [package-session,62945219]
06-13 18:57:12.525 1551 1672 I input_focus: [Focus request 983b692 com.android.packageinstaller/com.android.packageinstaller.InstallInstalling,reason=UpdateInputWindows]
06-13 18:57:12.532 1551 1667 I wm_activity_launch_time: [0,93961288,com.android.packageinstaller/.InstallInstalling,71]
06-13 18:57:12.537 1551 1670 I wm_destroy_activity: [0,216049083,63,com.android.packageinstaller/.PackageInstallerActivity,finish-imm:transit]
06-13 18:57:12.552 1551 1822 I input_focus: [Focus entering 983b692 com.android.packageinstaller/com.android.packageinstaller.InstallInstalling (server),reason=Window became focusable. Previous reason: NOT_VISIBLE]
06-13 18:57:12.556 2159 2159 I wm_on_stop_called: [216049083,com.android.packageinstaller.PackageInstallerActivity,LIFECYCLER_STOP_ACTIVITY]
06-13 18:57:12.556 2159 2159 I wm_on_destroy_called: [216049083,com.android.packageinstaller.PackageInstallerActivity,performDestroy]
06-13 18:57:13.130 1551 1787 I commit_sys_config_file: [package-session,62945825]
06-13 18:57:13.798 1551 1727 I commit_sys_config_file: [package-user-0,1]
06-13 18:57:13.798 1551 1727 I commit_sys_config_file: [package,29]
06-13 18:57:13.808 0 0 I [62955.724923] logd: start watching /data/system/packages.list ...
06-13 18:57:13.808 0 0 I [62955.727774] logd: ReadPackageList, total packages: 112
06-13 18:57:15.100 0 0 E [62957.024347] link_delay_work_func: DTC_ETH: SQI=0, link=0
06-13 18:57:19.931 1551 1727 I unknown_sources_enabled: 1
06-13 18:57:19.936 1551 1787 I commit_sys_config_file: [package-session,62952631]
06-13 18:57:19.949 1551 1788 I commit_sys_config_file: [overlays,62953235]
06-13 18:57:19.954 1551 1551 I notification_cancel_all: [1000,1551,com.tencent.qqlive,0,0,0,5,NULL]
06-13 18:57:19.961 1551 1667 I am_uid_active: 10089
06-13 18:57:20.004 1551 2564 I wm_task_moved: [63,1,8]
06-13 18:57:20.004 1551 2564 I wm_set_resumed_activity: [0,com.android.packageinstaller/.InstallInstalling,positionChildAt]
06-13 18:57:20.005 1551 2564 I wm_create_activity: [0,93188775,63,com.android.packageinstaller/.InstallSuccess,NULL,NULL,file:///data/user_de/0/com.android.packageinstaller/no_backup/package6093982474983238344.apk,33554432]
06-13 18:57:20.006 1551 2564 I wm_pause_activity: [0,93961288,com.android.packageinstaller/.InstallInstalling,userLeaving=true,resumeTopActivityInnerLocked]
06-13 18:57:20.015 1551 1586 I wm_finish_activity: [0,93961288,63,com.android.packageinstaller/.InstallInstalling,app-request]
06-13 18:57:20.015 2159 2159 I wm_on_top_resumed_lost_called: [93961288,com.android.packageinstaller.InstallInstalling,topStateChangedWhenResumed]
06-13 18:57:20.015 2159 2159 I wm_on_paused_called: [93961288,com.android.packageinstaller.InstallInstalling,performPause]
06-13 18:57:20.015 1551 2065 I wm_add_to_stopping: [0,93961288,com.android.packageinstaller/.InstallInstalling,completeFinishing]
06-13 18:57:20.018 1551 2065 I wm_restart_activity: [0,93188775,63,com.android.packageinstaller/.InstallSuccess]
06-13 18:57:20.022 1551 2065 I wm_set_resumed_activity: [0,com.android.packageinstaller/.InstallSuccess,minimalResumeActivityLocked]
06-13 18:57:20.048 1551 1670 I sysui_multi_action: [757,803,799,window_time_0,802,7]
06-13 18:57:20.062 2159 2159 I wm_on_create_called: [93188775,com.android.packageinstaller.InstallSuccess,performCreate]
06-13 18:57:20.063 2159 2159 I wm_on_start_called: [93188775,com.android.packageinstaller.InstallSuccess,handleStartActivity]
06-13 18:57:20.067 2159 2159 I wm_on_resume_called: [93188775,com.android.packageinstaller.InstallSuccess,RESUME_ACTIVITY]
06-13 18:57:20.068 1551 1822 I input_focus: [Focus leaving 983b692 com.android.packageinstaller/com.android.packageinstaller.InstallInstalling (server),reason=NO_WINDOW]
06-13 18:57:20.080 2159 2159 I wm_on_top_resumed_gained_called: [93188775,com.android.packageinstaller.InstallSuccess,topStateChangedWhenResumed]
06-13 18:57:20.104 1551 1672 I input_focus: [Focus request 5171233 com.android.packageinstaller/com.android.packageinstaller.InstallSuccess,reason=UpdateInputWindows]
06-13 18:57:20.124 1551 1551 I sysui_multi_action: [757,128,758,5,759,8,793,1901655,794,0,795,1901655,796,200479,806,com.tencent.android.qqdownloader,857,channel_id_default_silent,858,3,946,com.tencent.android.qqdownloader,947,1,1500,1901655,1688,1]
06-13 18:57:20.124 1551 1551 I notification_canceled: [0|com.tencent.android.qqdownloader|200479|null|10092,8,1901655,1901655,0,-1,-1,NULL]
06-13 18:57:20.136 1551 1551 I service_manager_slow: [10,platform_compat]
06-13 18:57:20.140 1551 1667 I wm_activity_launch_time: [0,93188775,com.android.packageinstaller/.InstallSuccess,145]
06-13 18:57:20.147 1551 1670 I wm_destroy_activity: [0,93961288,63,com.android.packageinstaller/.InstallInstalling,finish-imm:transit]
06-13 18:57:20.157 2159 2159 I wm_on_stop_called: [93961288,com.android.packageinstaller.InstallInstalling,LIFECYCLER_STOP_ACTIVITY]
06-13 18:57:20.157 2159 2159 I wm_on_destroy_called: [93961288,com.android.packageinstaller.InstallInstalling,performDestroy]
06-13 18:57:20.159 1551 1822 I input_focus: [Focus entering 5171233 com.android.packageinstaller/com.android.packageinstaller.InstallSuccess (server),reason=Window became focusable. Previous reason: NOT_VISIBLE]
06-13 18:57:20.169 1551 1551 I notification_enqueue: [10092,13749,com.tencent.android.qqdownloader,3040,NULL,0,Notification(channel=channel_id_default_silent shortcut=null contentView=null vibrate=null sound=null tick defaults=0x0 flags=0x210 color=0x00000000 groupKey=com.tencent.android.qqdownloader vis=PRIVATE),0]
06-13 18:57:20.218 0 0 E [62962.145300] link_delay_work_func: DTC_ETH: SQI=0, link=0
06-13 18:57:20.465 1551 1551 I notification_enqueue: [10092,17024,com.tencent.android.qqdownloader,127,NULL,0,Notification(channel=channel_id_default_silent shortcut=null contentView=com.tencent.android.qqdownloader/0x7f0a01c2 vibrate=null sound=null defaults=0x0 flags=0x2a2 color=0x00000000 groupKey=com.tencent.android.qqdownloader vis=PRIVATE),1]
06-13 18:57:21.474 1551 1551 I notification_enqueue: [10092,17024,com.tencent.android.qqdownloader,127,NULL,0,Notification(channel=channel_id_default_silent shortcut=null contentView=com.tencent.android.qqdownloader/0x7f0a01c2 vibrate=null sound=null defaults=0x0 flags=0x2a2 color=0x00000000 groupKey=com.tencent.android.qqdownloader vis=PRIVATE),1]
06-13 18:57:22.815 1551 1860 I storage_state: [41217664-9172-527a-b3d5-edabb50a7d69,0,0,98977624064,118610538496]
06-13 18:57:23.289 1551 1684 I sysui_multi_action: [757,1717,758,1,759,0]
06-13 18:57:23.290 1551 1684 I sysui_multi_action: [757,1717,758,2,759,0]
06-13 18:57:23.290 1551 1684 I sysui_multi_action: [757,1717,758,3,759,0]
06-13 18:57:24.517 1551 1843 I netstats_mobile_sample: [0,0,0,0,0,0,0,0,0,0,0,0,1686653844517]
06-13 18:57:24.517 1551 1843 I netstats_wifi_sample: [11006855167,7809919,143611358,2323832,11006855167,7809919,143611358,2323832,11125627029,7930643,142802524,2320091,1686653844517]
06-13 18:57:25.340 0 0 E [62967.264347] link_delay_work_func: DTC_ETH: SQI=0, link=0
06-13 18:57:30.460 0 0 E [62972.384326] link_delay_work_func: DTC_ETH: SQI=0, link=0
06-13 18:57:35.580 0 0 E [62977.504313] link_delay_work_func: DTC_ETH: SQI=0, link=0
06-13 18:57:35.630 1551 1911 I sync : [com.tencent.android.qqdownloader.YYBLiveAccountProvider,0,3,24220937]
06-13 18:57:35.672 1551 1911 I sync : [com.tencent.android.qqdownloader.YYBLiveAccountProvider,1,3,24220937]
06-13 18:57:35.675 1551 1911 I commit_sys_config_file: [sync-status,56035040]
06-13 18:57:35.685 1551 1911 I sync : [com.tencent.android.qqdownloader.YYBLiveAccountProvider,0,3,24220937]
06-13 18:57:35.719 1551 1911 I sync : [com.tencent.android.qqdownloader.YYBLiveAccountProvider,1,3,24220937]
06-13 18:57:35.722 1551 1911 I commit_sys_config_file: [sync-status,56035088]
06-13 18:57:37.679 1551 1669 I commit_sys_config_file: [jobs,6]
06-13 18:57:40.702 0 0 E [62982.624315] link_delay_work_func: DTC_ETH: SQI=0, link=0
06-13 18:57:41.516 0 0 I [62983.441047] init: processing action (sys.tlog.tlogdshc.active=1) from (/system/etc/init/tlogd.rc:195)
06-13 18:57:41.516 0 0 I [62983.441963] init: starting service 'tlogdshc'...
06-13 18:57:41.636 0 0 I [62983.561192] init: Service 'tlogdshc' (pid 13153) exited with status 0 oneshot service took 0.113000 seconds in background
06-13 18:57:41.636 0 0 I [62983.561221] init: Sending signal 9 to service 'tlogdshc' (pid 13153) process group...
06-13 18:57:41.636 0 0 I [62983.561421] libprocessgroup: Successfully killed process cgroup uid 0 pid 13153 in 0ms
06-13 18:57:45.820 0 0 E [62987.744344] link_delay_work_func: DTC_ETH: SQI=0, link=0
06-13 18:57:50.940 0 0 E [62992.864306] link_delay_work_func: DTC_ETH: SQI=0, link=0
06-13 18:57:56.064 0 0 E [62997.988368] link_delay_work_func: DTC_ETH: SQI=0, link=0
06-13 18:57:58.332 575 575 I auditd : type=1400 audit(0.0:3641): avc: denied { read } for comm="Binder:575_2" name="wakeup58" dev="sysfs" ino=71937 scontext=u:r:system_suspend:s0 tcontext=u:object_r:sysfs:s0 tclass=dir permissive=0
06-13 18:57:58.332 575 575 I auditd : type=1400 audit(0.0:3642): avc: denied { read } for comm="Binder:575_2" name="wakeup48" dev="sysfs" ino=67611 scontext=u:r:system_suspend:s0 tcontext=u:object_r:sysfs:s0 tclass=dir permissive=0
06-13 18:57:58.332 575 575 I auditd : type=1400 audit(0.0:3643): avc: denied { read } for comm="Binder:575_2" name="wakeup4" dev="sysfs" ino=46990 scontext=u:r:system_suspend:s0 tcontext=u:object_r:sysfs:s0 tclass=dir permissive=0
06-13 18:57:58.336 575 575 I auditd : type=1400 audit(0.0:3644): avc: denied { read } for comm="Binder:575_2" name="wakeup76" dev="sysfs" ino=76672 scontext=u:r:system_suspend:s0 tcontext=u:object_r:sysfs:s0 tclass=dir permissive=0
06-13 18:57:58.336 575 575 I auditd : type=1400 audit(0.0:3645): avc: denied { read } for comm="Binder:575_2" name="wakeup28" dev="sysfs" ino=53195 scontext=u:r:system_suspend:s0 tcontext=u:object_r:sysfs:s0 tclass=dir permissive=0
06-13 18:57:58.344 0 0 W [63000.271473] audit: audit_lost=3093 audit_rate_limit=5 audit_backlog_limit=64
06-13 18:57:58.344 0 0 E [63000.271476] audit: rate limit exceeded
06-13 18:57:58.392 1551 1684 I commit_sys_config_file: [batterystats,6]
06-13 18:57:58.394 1551 1684 I commit_sys_config_file: [batterystats,2]
06-13 18:58:01.180 0 0 E [63003.104324] link_delay_work_func: DTC_ETH: SQI=0, link=0
06-13 18:58:06.296 0 0 E [63008.224341] link_delay_work_func: DTC_ETH: SQI=0, link=0
06-13 18:58:10.633 1551 1843 I netstats_mobile_sample: [0,0,0,0,0,0,0,0,0,0,0,0,1686653890633]
06-13 18:58:10.633 1551 1843 I netstats_wifi_sample: [11006894853,7810068,143622025,2323922,11006894853,7810068,143622025,2323922,11125837983,7931004,142813191,2320181,1686653890633]
06-13 18:58:10.634 1551 1911 I sync : [com.tencent.android.qqdownloader.YYBLiveAccountProvider,0,3,24220937]
06-13 18:58:10.666 1551 1911 I sync : [com.tencent.android.qqdownloader.YYBLiveAccountProvider,1,3,24220937]
06-13 18:58:10.668 1551 1911 I commit_sys_config_file: [sync-status,56070033]
06-13 18:58:10.674 1551 1911 I sync : [com.tencent.android.qqdownloader.YYBLiveAccountProvider,0,3,24220937]
06-13 18:58:10.701 1551 1911 I sync : [com.tencent.android.qqdownloader.YYBLiveAccountProvider,1,3,24220937]
06-13 18:58:10.703 1551 1911 I commit_sys_config_file: [sync-status,56070068]
06-13 18:58:11.420 0 0 E [63013.344382] link_delay_work_func: DTC_ETH: SQI=0, link=0
06-13 18:58:11.516 0 0 I [63013.443248] init: processing action (sys.tlog.tlogdshc.active=1) from (/system/etc/init/tlogd.rc:195)
06-13 18:58:11.516 0 0 I [63013.444049] init: starting service 'tlogdshc'...
06-13 18:58:11.632 0 0 I [63013.559278] init: Service 'tlogdshc' (pid 13198) exited with status 0 oneshot service took 0.110000 seconds in background
06-13 18:58:11.632 0 0 I [63013.559307] init: Sending signal 9 to service 'tlogdshc' (pid 13198) process group...
06-13 18:58:11.632 0 0 I [63013.559511] libprocessgroup: Successfully killed process cgroup uid 0 pid 13198 in 0ms
06-13 18:58:12.315 1551 1709 I sysui_multi_action: [757,1696,758,6,759,2]
06-13 18:58:12.321 1551 1667 I sysui_multi_action: [757,222,758,1]
06-13 18:58:12.330 1551 1686 I am_wtf : [0,1551,system_server,-1,DisplayDeviceConfig,requesting nits when no mapping exists.]
06-13 18:58:12.334 1551 1686 I am_wtf : [0,1551,system_server,-1,DisplayDeviceConfig,requesting nits when no mapping exists.]
06-13 18:58:12.344 1551 2861 I wm_task_created: [73,-1]
06-13 18:58:12.346 1551 1686 I am_wtf : [0,1551,system_server,-1,DisplayDeviceConfig,requesting nits when no mapping exists.]
06-13 18:58:12.348 1551 1686 I am_wtf : [0,1551,system_server,-1,DisplayDeviceConfig,requesting nits when no mapping exists.]
06-13 18:58:12.348 1551 2861 I wm_task_moved: [73,1,9]
06-13 18:58:12.348 1551 2861 I wm_task_to_front: [0,73]
06-13 18:58:12.349 1551 2861 I wm_create_task: [0,73]
06-13 18:58:12.349 1551 2861 I wm_create_activity: [0,65000639,73,com.thundercomm.screensaver/android.service.dreams.DreamActivity,NULL,NULL,NULL,276824064]
06-13 18:58:12.349 1551 2861 I wm_task_moved: [73,1,9]
06-13 18:58:12.349 2159 2159 I wm_on_top_resumed_lost_called: [93188775,com.android.packageinstaller.InstallSuccess,topStateChangedWhenResumed]
06-13 18:58:12.350 1551 2861 I wm_pause_activity: [0,93188775,com.android.packageinstaller/.InstallSuccess,userLeaving=true,pauseBackTasks]
06-13 18:58:12.353 2159 2159 I wm_on_paused_called: [93188775,com.android.packageinstaller.InstallSuccess,performPause]
06-13 18:58:12.356 1551 2861 I wm_add_to_stopping: [0,93188775,com.android.packageinstaller/.InstallSuccess,makeInvisible]
06-13 18:58:12.356 1551 2861 I wm_add_to_stopping: [0,186497273,com.android.packageinstaller/.DeleteStagedFileOnResult,makeInvisible]
06-13 18:58:12.356 1551 2861 I wm_add_to_stopping: [0,240662303,com.android.packageinstaller/.PackageInstallerActivity,makeInvisible]
06-13 18:58:12.356 1551 2861 I wm_add_to_stopping: [0,249091709,com.android.packageinstaller/.DeleteStagedFileOnResult,makeInvisible]
06-13 18:58:12.356 1551 2861 I wm_add_to_stopping: [0,220425749,com.android.packageinstaller/.PackageInstallerActivity,makeInvisible]
06-13 18:58:12.356 1551 2861 I wm_add_to_stopping: [0,171589283,com.android.packageinstaller/.DeleteStagedFileOnResult,makeInvisible]
06-13 18:58:12.356 1551 2861 I wm_add_to_stopping: [0,240921632,com.android.packageinstaller/.PackageInstallerActivity,makeInvisible]
06-13 18:58:12.356 1551 2861 I wm_add_to_stopping: [0,3960262,com.android.packageinstaller/.DeleteStagedFileOnResult,makeInvisible]
06-13 18:58:12.356 1551 2861 I wm_add_to_stopping: [0,223077111,com.android.packageinstaller/.PackageInstallerActivity,makeInvisible]
06-13 18:58:12.356 1551 2861 I wm_add_to_stopping: [0,53462805,com.android.packageinstaller/.DeleteStagedFileOnResult,makeInvisible]
06-13 18:58:12.356 1551 2861 I wm_add_to_stopping: [0,27001122,com.android.packageinstaller/.InstallSuccess,makeInvisible]
06-13 18:58:12.356 1551 2861 I wm_add_to_stopping: [0,86616444,com.android.packageinstaller/.DeleteStagedFileOnResult,makeInvisible]
06-13 18:58:12.356 1551 2861 I wm_add_to_stopping: [0,87018331,com.android.launcher3/.uioverrides.QuickstepLauncher,makeInvisible]
06-13 18:58:12.356 1551 2861 I wm_restart_activity: [0,65000639,73,com.thundercomm.screensaver/android.service.dreams.DreamActivity]
06-13 18:58:12.357 1551 2861 I wm_set_resumed_activity: [0,com.thundercomm.screensaver/android.service.dreams.DreamActivity,minimalResumeActivityLocked]
06-13 18:58:12.366 1551 1686 I am_wtf : [0,1551,system_server,-1,DisplayDeviceConfig,requesting nits when no mapping exists.]
06-13 18:58:12.366 4423 4423 I wm_on_create_called: [65000639,android.service.dreams.DreamActivity,performCreate]
06-13 18:58:12.366 4423 4423 I wm_on_start_called: [65000639,android.service.dreams.DreamActivity,handleStartActivity]
06-13 18:58:12.367 4423 4423 I wm_on_resume_called: [65000639,android.service.dreams.DreamActivity,RESUME_ACTIVITY]
06-13 18:58:12.367 1551 1670 I sysui_multi_action: [757,803,799,window_time_0,802,53]
06-13 18:58:12.369 1551 1686 I am_wtf : [0,1551,system_server,-1,DisplayDeviceConfig,requesting nits when no mapping exists.]
06-13 18:58:12.370 1551 1822 I input_focus: [Focus leaving 5171233 com.android.packageinstaller/com.android.packageinstaller.InstallSuccess (server),reason=NO_WINDOW]
06-13 18:58:12.371 4423 4423 I wm_on_top_resumed_gained_called: [65000639,android.service.dreams.DreamActivity,topStateChangedWhenResumed]
06-13 18:58:12.385 1551 1686 I am_wtf : [0,1551,system_server,-1,DisplayDeviceConfig,requesting nits when no mapping exists.]
06-13 18:58:12.385 1551 1686 I am_wtf : [0,1551,system_server,-1,DisplayDeviceConfig,requesting nits when no mapping exists.]
06-13 18:58:12.391 1551 1672 I input_focus: [Focus request 13f13cb com.thundercomm.screensaver/android.service.dreams.DreamActivity,reason=UpdateInputWindows]
06-13 18:58:12.401 1551 1667 I sysui_multi_action: [319,38,321,28,322,57,325,63014,757,761,758,8,759,1,806,com.thundercomm.screensaver,871,android.service.dreams.DreamActivity,904,com.thundercomm.screensaver,905,0,1320,4,1321,2]
06-13 18:58:12.401 1551 1667 I wm_activity_launch_time: [0,65000639,com.thundercomm.screensaver/android.service.dreams.DreamActivity,57]
06-13 18:58:12.402 1551 1709 I sysui_multi_action: [757,1696,758,6,759,3]
06-13 18:58:12.402 1551 1686 I am_wtf : [0,1551,system_server,-1,DisplayDeviceConfig,requesting nits when no mapping exists.]
06-13 18:58:12.403 1551 1686 I am_wtf : [0,1551,system_server,-1,DisplayDeviceConfig,requesting nits when no mapping exists.]
06-13 18:58:12.404 1551 1822 I input_focus: [Focus entering 13f13cb com.thundercomm.screensaver/android.service.dreams.DreamActivity (server),reason=setFocusedWindow]
06-13 18:58:12.419 1551 1686 I am_wtf : [0,1551,system_server,-1,DisplayDeviceConfig,requesting nits when no mapping exists.]
06-13 18:58:12.420 1551 1686 I am_wtf : [0,1551,system_server,-1,DisplayDeviceConfig,requesting nits when no mapping exists.]
06-13 18:58:12.435 1551 1686 I am_wtf : [0,1551,system_server,-1,DisplayDeviceConfig,requesting nits when no mapping exists.]
06-13 18:58:12.435 1551 1686 I am_wtf : [0,1551,system_server,-1,DisplayDeviceConfig,requesting nits when no mapping exists.]
06-13 18:58:12.452 1551 1686 I am_wtf : [0,1551,system_server,-1,DisplayDeviceConfig,requesting nits when no mapping exists.]
06-13 18:58:12.452 1551 1686 I am_wtf : [0,1551,system_server,-1,DisplayDeviceConfig,requesting nits when no mapping exists.]
06-13 18:58:12.468 1551 1686 I am_wtf : [0,1551,system_server,-1,DisplayDeviceConfig,requesting nits when no mapping exists.]
06-13 18:58:12.469 1551 1686 I am_wtf : [0,1551,system_server,-1,DisplayDeviceConfig,requesting nits when no mapping exists.]
06-13 18:58:12.670 1551 1669 I commit_sys_config_file: [jobs,3]
06-13 18:58:12.885 1551 1670 I wm_stop_activity: [0,87018331,com.android.launcher3/.uioverrides.QuickstepLauncher]
06-13 18:58:12.886 1551 1670 I wm_stop_activity: [0,86616444,com.android.packageinstaller/.DeleteStagedFileOnResult]
06-13 18:58:12.887 1551 1670 I wm_stop_activity: [0,27001122,com.android.packageinstaller/.InstallSuccess]
06-13 18:58:12.887 1551 1670 I wm_stop_activity: [0,53462805,com.android.packageinstaller/.DeleteStagedFileOnResult]
06-13 18:58:12.887 1551 1670 I wm_stop_activity: [0,223077111,com.android.packageinstaller/.PackageInstallerActivity]
06-13 18:58:12.887 1551 1670 I wm_stop_activity: [0,3960262,com.android.packageinstaller/.DeleteStagedFileOnResult]
06-13 18:58:12.887 1551 1670 I wm_stop_activity: [0,240921632,com.android.packageinstaller/.PackageInstallerActivity]
06-13 18:58:12.887 1551 1670 I wm_stop_activity: [0,171589283,com.android.packageinstaller/.DeleteStagedFileOnResult]
06-13 18:58:12.888 1551 1670 I wm_stop_activity: [0,220425749,com.android.packageinstaller/.PackageInstallerActivity]
06-13 18:58:12.888 1551 1670 I wm_stop_activity: [0,249091709,com.android.packageinstaller/.DeleteStagedFileOnResult]
06-13 18:58:12.888 1551 1670 I wm_stop_activity: [0,240662303,com.android.packageinstaller/.PackageInstallerActivity]
06-13 18:58:12.888 1551 1670 I wm_stop_activity: [0,186497273,com.android.packageinstaller/.DeleteStagedFileOnResult]
06-13 18:58:12.888 1551 1670 I wm_stop_activity: [0,93188775,com.android.packageinstaller/.InstallSuccess]
06-13 18:58:12.906 2614 2614 I wm_on_stop_called: [87018331,com.android.launcher3.uioverrides.QuickstepLauncher,STOP_ACTIVITY_ITEM]
06-13 18:58:12.928 2159 2159 I wm_on_stop_called: [86616444,com.android.packageinstaller.DeleteStagedFileOnResult,STOP_ACTIVITY_ITEM]
06-13 18:58:12.928 2159 2159 I wm_on_stop_called: [27001122,com.android.packageinstaller.InstallSuccess,STOP_ACTIVITY_ITEM]
06-13 18:58:12.928 2159 2159 I wm_on_stop_called: [53462805,com.android.packageinstaller.DeleteStagedFileOnResult,STOP_ACTIVITY_ITEM]
06-13 18:58:12.929 2159 2159 I wm_on_stop_called: [223077111,com.android.packageinstaller.PackageInstallerActivity,STOP_ACTIVITY_ITEM]
06-13 18:58:12.929 2159 2159 I wm_on_stop_called: [3960262,com.android.packageinstaller.DeleteStagedFileOnResult,STOP_ACTIVITY_ITEM]
06-13 18:58:12.929 2159 2159 I wm_on_stop_called: [240921632,com.android.packageinstaller.PackageInstallerActivity,STOP_ACTIVITY_ITEM]
06-13 18:58:12.929 2159 2159 I wm_on_stop_called: [171589283,com.android.packageinstaller.DeleteStagedFileOnResult,STOP_ACTIVITY_ITEM]
06-13 18:58:12.929 2159 2159 I wm_on_stop_called: [220425749,com.android.packageinstaller.PackageInstallerActivity,STOP_ACTIVITY_ITEM]
06-13 18:58:12.930 2159 2159 I wm_on_stop_called: [249091709,com.android.packageinstaller.DeleteStagedFileOnResult,STOP_ACTIVITY_ITEM]
06-13 18:58:12.930 2159 2159 I wm_on_stop_called: [240662303,com.android.packageinstaller.PackageInstallerActivity,STOP_ACTIVITY_ITEM]
06-13 18:58:12.930 2159 2159 I wm_on_stop_called: [186497273,com.android.packageinstaller.DeleteStagedFileOnResult,STOP_ACTIVITY_ITEM]
06-13 18:58:12.930 2159 2159 I wm_on_stop_called: [93188775,com.android.packageinstaller.InstallSuccess,STOP_ACTIVITY_ITEM]
06-13 18:58:16.540 0 0 E [63018.464377] link_delay_work_func: DTC_ETH: SQI=0, link=0
06-13 18:58:18.144 0 0 I [63020.070433] init: processing action (sys.tlog.pstore.active=1) from (/system/etc/init/tlogd.rc:134)
06-13 18:58:18.144 0 0 I [63020.071235] init: starting service 'pstore_save'...
06-13 18:58:18.180 0 0 I [63020.104293] init: Service 'pstore_save' (pid 13232) exited with status 1 oneshot service took 0.030000 seconds in background
06-13 18:58:18.180 0 0 I [63020.104326] init: Sending signal 9 to service 'pstore_save' (pid 13232) process group...
06-13 18:58:18.180 0 0 I [63020.104490] libprocessgroup: Successfully killed process cgroup uid 1000 pid 13232 in 0ms
06-13 18:58:19.196 0 0 I [63021.120947] init: processing action (sys.tlog.tlogdsho.active=1) from (/system/etc/init/tlogd.rc:167)
06-13 18:58:19.196 0 0 I [63021.121281] init: starting service 'tlogdsho'...
06-13 18:58:19.204 0 0 I [63021.131251] init: processing action (sys.tlog.bluetooth.active=1) from (/system/etc/init/tlogd.rc:163)
06-13 18:58:19.204 0 0 I [63021.131834] init: starting service 'tlogdBluetooth'...
06-13 18:58:19.220 0 0 I [63021.144520] init: processing action (sys.tlog.fatal.active=1) from (/system/etc/init/tlogd.rc:130)
06-13 18:58:21.586 1551 1551 I notification_enqueue: [10092,17024,com.tencent.android.qqdownloader,127,NULL,0,Notification(channel=channel_id_default_silent shortcut=null contentView=com.tencent.android.qqdownloader/0x7f0a01c2 vibrate=null sound=null defaults=0x0 flags=0x2a2 color=0x00000000 groupKey=com.tencent.android.qqdownloader vis=PRIVATE),1]
06-13 18:58:21.660 0 0 E [63023.584364] link_delay_work_func: DTC_ETH: SQI=0, link=0
06-13 18:58:24.428 0 0 I [63026.355605] init: Untracked pid 13257 exited with status 0
06-13 18:58:26.780 0 0 E [63028.704326] link_delay_work_func: DTC_ETH: SQI=0, link=0
06-13 18:58:31.896 0 0 E [63033.824371] link_delay_work_func: DTC_ETH: SQI=0, link=0
06-13 18:58:35.102 1551 1686 I am_uid_idle: 10089
06-13 18:58:37.020 0 0 E [63038.944397] link_delay_work_func: DTC_ETH: SQI=0, link=0
06-13 18:58:41.520 0 0 I [63043.447799] init: processing action (sys.tlog.tlogdshc.active=1) from (/system/etc/init/tlogd.rc:195)
06-13 18:58:41.523 0 0 I [63043.448772] init: starting service 'tlogdshc'...
06-13 18:58:41.636 0 0 I [63043.562109] init: Service 'tlogdshc' (pid 13292) exited with status 0 oneshot service took 0.108000 seconds in background
06-13 18:58:41.636 0 0 I [63043.562138] init: Sending signal 9 to service 'tlogdshc' (pid 13292) process group...
06-13 18:58:41.636 0 0 I [63043.562316] libprocessgroup: Successfully killed process cgroup uid 0 pid 13292 in 0ms
06-13 18:58:42.140 0 0 E [63044.064350] link_delay_work_func: DTC_ETH: SQI=0, link=0
06-13 18:58:45.634 1551 1911 I sync : [com.tencent.android.qqdownloader.YYBLiveAccountProvider,0,3,24220937]
06-13 18:58:45.679 1551 1911 I sync : [com.tencent.android.qqdownloader.YYBLiveAccountProvider,1,3,24220937]
06-13 18:58:45.683 1551 1911 I commit_sys_config_file: [sync-status,56105049]
06-13 18:58:45.695 1551 1911 I sync : [com.tencent.android.qqdownloader.YYBLiveAccountProvider,0,3,24220937]
06-13 18:58:45.729 1551 1911 I sync : [com.tencent.android.qqdownloader.YYBLiveAccountProvider,1,3,24220937]
06-13 18:58:45.731 1551 1911 I commit_sys_config_file: [sync-status,56105097]
06-13 18:58:47.260 0 0 E [63049.184346] link_delay_work_func: DTC_ETH: SQI=0, link=0
06-13 18:58:47.688 1551 1669 I commit_sys_config_file: [jobs,6]
06-13 18:58:52.380 0 0 E [63054.304534] link_delay_work_func: DTC_ETH: SQI=0, link=0
06-13 18:58:57.500 0 0 E [63059.424322] link_delay_work_func: DTC_ETH: SQI=0, link=0
06-13 18:59:02.616 0 0 E [63064.544335] link_delay_work_func: DTC_ETH: SQI=0, link=0
06-13 18:59:07.740 0 0 E [63069.664312] link_delay_work_func: DTC_ETH: SQI=0, link=0
06-13 18:59:11.528 0 0 I [63073.449699] init: processing action (sys.tlog.tlogdshc.active=1) from (/system/etc/init/tlogd.rc:195)
06-13 18:59:11.528 0 0 I [63073.450264] init: starting service 'tlogdshc'...
06-13 18:59:11.632 0 0 I [63073.559758] init: Service 'tlogdshc' (pid 13336) exited with status 0 oneshot service took 0.105000 seconds in background
06-13 18:59:11.632 0 0 I [63073.559786] init: Sending signal 9 to service 'tlogdshc' (pid 13336) process group...
06-13 18:59:11.632 0 0 I [63073.559958] libprocessgroup: Successfully killed process cgroup uid 0 pid 13336 in 0ms
06-13 18:59:12.860 0 0 E [63074.784320] link_delay_work_func: DTC_ETH: SQI=0, link=0
06-13 18:59:12.896 1551 1686 I am_uid_idle: 10025
06-13 18:59:17.980 0 0 E [63079.904340] link_delay_work_func: DTC_ETH: SQI=0, link=0
06-13 18:59:18.384 1551 1686 I am_uid_idle: 10062
06-13 18:59:20.638 1551 1911 I sync : [com.tencent.android.qqdownloader.YYBLiveAccountProvider,0,3,24220937]
06-13 18:59:20.684 1551 1911 I sync : [com.tencent.android.qqdownloader.YYBLiveAccountProvider,1,3,24220937]
06-13 18:59:20.687 1551 1911 I commit_sys_config_file: [sync-status,56140053]
06-13 18:59:20.694 1551 1911 I sync : [com.tencent.android.qqdownloader.YYBLiveAccountProvider,0,3,24220937]
06-13 18:59:20.758 1551 1911 I sync : [com.tencent.android.qqdownloader.YYBLiveAccountProvider,1,3,24220937]
06-13 18:59:20.761 1551 1911 I commit_sys_config_file: [sync-status,56140126]
06-13 18:59:22.691 1551 1669 I commit_sys_config_file: [jobs,6]
06-13 18:59:23.067 1551 1551 I notification_enqueue: [10092,17024,com.tencent.android.qqdownloader,127,NULL,0,Notification(channel=channel_id_default_silent shortcut=null contentView=com.tencent.android.qqdownloader/0x7f0a01c2 vibrate=null sound=null defaults=0x0 flags=0x2a2 color=0x00000000 groupKey=com.tencent.android.qqdownloader vis=PRIVATE),1]
06-13 18:59:23.100 0 0 E [63085.024299] link_delay_work_func: DTC_ETH: SQI=0, link=0
06-13 18:59:28.220 0 0 E [63090.144338] link_delay_work_func: DTC_ETH: SQI=0, link=0
06-13 18:59:33.340 0 0 E [63095.264344] link_delay_work_func: DTC_ETH: SQI=0, link=0
06-13 18:59:37.952 0 0 D [63099.876471] cnss: Host time = 63102532430 us, device time = 63077233550 us, offset = 25298880 us
06-13 18:59:37.952 0 0 D [63099.876534] cnss: Updated time sync regs [0x984] = 0x18207c0, [0x988] = 0x0
06-13 18:59:38.456 0 0 E [63100.384326] link_delay_work_func: DTC_ETH: SQI=0, link=0
06-13 18:59:41.524 0 0 I [63103.451167] init: processing action (sys.tlog.tlogdshc.active=1) from (/system/etc/init/tlogd.rc:195)
06-13 18:59:41.524 0 0 I [63103.451742] init: starting service 'tlogdshc'...
06-13 18:59:41.636 0 0 I [63103.563402] init: Service 'tlogdshc' (pid 13380) exited with status 0 oneshot service took 0.105000 seconds in background
06-13 18:59:41.636 0 0 I [63103.563431] init: Sending signal 9 to service 'tlogdshc' (pid 13380) process group...
06-13 18:59:41.636 0 0 I [63103.563707] libprocessgroup: Successfully killed process cgroup uid 0 pid 13380 in 0ms
06-13 18:59:43.576 0 0 E [63105.504355] link_delay_work_func: DTC_ETH: SQI=0, link=0
06-13 18:59:48.700 0 0 E [63110.624313] link_delay_work_func: DTC_ETH: SQI=0, link=0
06-13 18:59:53.820 0 0 E [63115.744338] link_delay_work_func: DTC_ETH: SQI=0, link=0
06-13 18:59:55.636 1551 1911 I sync : [com.tencent.android.qqdownloader.YYBLiveAccountProvider,0,3,24220937]
06-13 18:59:55.682 1551 1911 I sync : [com.tencent.android.qqdownloader.YYBLiveAccountProvider,1,3,24220937]
06-13 18:59:55.685 1551 1911 I commit_sys_config_file: [sync-status,56175050]
06-13 18:59:55.698 1551 1911 I sync : [com.tencent.android.qqdownloader.YYBLiveAccountProvider,0,3,24220937]
06-13 18:59:55.730 1551 1911 I sync : [com.tencent.android.qqdownloader.YYBLiveAccountProvider,1,3,24220937]
06-13 18:59:55.733 1551 1911 I commit_sys_config_file: [sync-status,56175099]
06-13 18:59:57.691 1551 1669 I commit_sys_config_file: [jobs,7]
06-13 18:59:58.940 0 0 E [63120.864356] link_delay_work_func: DTC_ETH: SQI=0, link=0
06-13 19:00:00.021 1551 1551 I sysui_multi_action: [757,803,799,dnd_mode_0,802,21600000]
06-13 19:00:00.021 1551 1551 I sysui_multi_action: [757,803,799,dnd_rule_count,802,0]
06-13 19:00:00.021 1551 1551 I sysui_multi_action: [757,803,799,dnd_type_0,802,21600000]
06-13 19:00:04.060 0 0 E [63125.984322] link_delay_work_func: DTC_ETH: SQI=0, link=0
06-13 19:00:09.176 0 0 E [63131.104314] link_delay_work_func: DTC_ETH: SQI=0, link=0
06-13 19:00:11.528 0 0 I [63133.452604] init: processing action (sys.tlog.tlogdshc.active=1) from (/system/etc/init/tlogd.rc:195)
06-13 19:00:11.528 0 0 I [63133.453174] init: starting service 'tlogdshc'...
06-13 19:00:11.636 0 0 I [63133.562568] init: Service 'tlogdshc' (pid 13426) exited with status 0 oneshot service took 0.104000 seconds in background
06-13 19:00:11.636 0 0 I [63133.562595] init: Sending signal 9 to service 'tlogdshc' (pid 13426) process group...
06-13 19:00:11.636 0 0 I [63133.562760] libprocessgroup: Successfully killed process cgroup uid 0 pid 13426 in 0ms
06-13 19:00:14.300 0 0 E [63136.224323] link_delay_work_func: DTC_ETH: SQI=0, link=0
06-13 19:00:19.416 0 0 E [63141.344351] link_delay_work_func: DTC_ETH: SQI=0, link=0
06-13 19:00:24.536 0 0 E [63146.464345] link_delay_work_func: DTC_ETH: SQI=0, link=0
06-13 19:00:24.578 1551 1551 I notification_enqueue: [10092,17024,com.tencent.android.qqdownloader,127,NULL,0,Notification(channel=channel_id_default_silent shortcut=null contentView=com.tencent.android.qqdownloader/0x7f0a01c2 vibrate=null sound=null defaults=0x0 flags=0x2a2 color=0x00000000 groupKey=com.tencent.android.qqdownloader vis=PRIVATE),1]
06-13 19:00:29.660 0 0 E [63151.584330] link_delay_work_func: DTC_ETH: SQI=0, link=0
06-13 19:00:30.635 1551 1911 I sync : [com.tencent.android.qqdownloader.YYBLiveAccountProvider,0,3,24220937]
06-13 19:00:30.655 1551 1684 I am_pss : [2614,10069,com.android.launcher3,102875136,95260672,67584,197509120,0,6,12]
06-13 19:00:30.667 1551 1911 I sync : [com.tencent.android.qqdownloader.YYBLiveAccountProvider,1,3,24220937]
06-13 19:00:30.669 1551 1911 I commit_sys_config_file: [sync-status,56210035]
06-13 19:00:30.675 1551 1911 I sync : [com.tencent.android.qqdownloader.YYBLiveAccountProvider,0,3,24220937]
06-13 19:00:30.706 1551 1911 I sync : [com.tencent.android.qqdownloader.YYBLiveAccountProvider,1,3,24220937]
06-13 19:00:30.709 1551 1911 I commit_sys_config_file: [sync-status,56210075]
06-13 19:00:32.675 1551 1669 I commit_sys_config_file: [jobs,6]
06-13 19:00:34.780 0 0 E [63156.704326] link_delay_work_func: DTC_ETH: SQI=0, link=0
06-13 19:00:39.900 0 0 E [63161.824352] link_delay_work_func: DTC_ETH: SQI=0, link=0
06-13 19:00:41.528 0 0 I [63163.454199] init: processing action (sys.tlog.tlogdshc.active=1) from (/system/etc/init/tlogd.rc:195)
06-13 19:00:41.528 0 0 I [63163.454739] init: starting service 'tlogdshc'...
06-13 19:00:41.644 0 0 I [63163.570680] init: Service 'tlogdshc' (pid 13469) exited with status 0 oneshot service took 0.111000 seconds in background
06-13 19:00:41.644 0 0 I [63163.570710] init: Sending signal 9 to service 'tlogdshc' (pid 13469) process group...
06-13 19:00:41.644 0 0 I [63163.570892] libprocessgroup: Successfully killed process cgroup uid 0 pid 13469 in 0ms
06-13 19:00:45.024 0 0 E [63166.948383] link_delay_work_func: DTC_ETH: SQI=0, link=0
06-13 19:00:50.140 0 0 E [63172.064327] link_delay_work_func: DTC_ETH: SQI=0, link=0
06-13 19:00:55.260 0 0 E [63177.184331] link_delay_work_func: DTC_ETH: SQI=0, link=0
06-13 19:01:00.380 0 0 E [63182.304324] link_delay_work_func: DTC_ETH: SQI=0, link=0
06-13 19:01:05.500 0 0 E [63187.424380] link_delay_work_func: DTC_ETH: SQI=0, link=0
06-13 19:01:05.636 1551 1911 I sync : [com.tencent.android.qqdownloader.YYBLiveAccountProvider,0,3,24220937]
06-13 19:01:05.647 1551 1684 I am_pss : [4423,1000,com.thundercomm.screensaver,64157696,57184256,3820544,124473344,0,2,11]
06-13 19:01:05.672 1551 1911 I sync : [com.tencent.android.qqdownloader.YYBLiveAccountProvider,1,3,24220937]
06-13 19:01:05.674 1551 1911 I commit_sys_config_file: [sync-status,56245040]
06-13 19:01:05.683 1551 1911 I sync : [com.tencent.android.qqdownloader.YYBLiveAccountProvider,0,3,24220937]
06-13 19:01:05.718 1551 1911 I sync : [com.tencent.android.qqdownloader.YYBLiveAccountProvider,1,3,24220937]
06-13 19:01:05.721 1551 1911 I commit_sys_config_file: [sync-status,56245086]
06-13 19:01:07.681 1551 1669 I commit_sys_config_file: [jobs,7]
06-13 19:01:10.620 0 0 E [63192.544345] link_delay_work_func: DTC_ETH: SQI=0, link=0
06-13 19:01:11.528 0 0 I [63193.455696] init: processing action (sys.tlog.tlogdshc.active=1) from (/system/etc/init/tlogd.rc:195)
06-13 19:01:11.528 0 0 I [63193.456446] init: starting service 'tlogdshc'...
06-13 19:01:11.640 0 0 I [63193.566045] init: Service 'tlogdshc' (pid 13510) exited with status 0 oneshot service took 0.104000 seconds in background
06-13 19:01:11.640 0 0 I [63193.566073] init: Sending signal 9 to service 'tlogdshc' (pid 13510) process group...
06-13 19:01:11.640 0 0 I [63193.566250] libprocessgroup: Successfully killed process cgroup uid 0 pid 13510 in 0ms
06-13 19:01:15.740 0 0 E [63197.664340] link_delay_work_func: DTC_ETH: SQI=0, link=0
06-13 19:01:20.857 0 0 E [63202.784359] link_delay_work_func: DTC_ETH: SQI=0, link=0
06-13 19:01:25.980 0 0 E [63207.904317] link_delay_work_func: DTC_ETH: SQI=0, link=0
06-13 19:01:26.068 1551 1551 I notification_enqueue: [10092,17024,com.tencent.android.qqdownloader,127,NULL,0,Notification(channel=channel_id_default_silent shortcut=null contentView=com.tencent.android.qqdownloader/0x7f0a01c2 vibrate=null sound=null defaults=0x0 flags=0x2a2 color=0x00000000 groupKey=com.tencent.android.qqdownloader vis=PRIVATE),1]
06-13 19:01:31.100 0 0 E [63213.024304] link_delay_work_func: DTC_ETH: SQI=0, link=0
06-13 19:01:36.220 0 0 E [63218.144322] link_delay_work_func: DTC_ETH: SQI=0, link=0
06-13 19:01:40.642 1551 1911 I sync : [com.tencent.android.qqdownloader.YYBLiveAccountProvider,0,3,24220937]
06-13 19:01:40.679 1551 1684 I am_pss : [1551,1000,system,270341120,196292608,64512,516067328,0,0,30]
06-13 19:01:40.681 1551 1911 I sync : [com.tencent.android.qqdownloader.YYBLiveAccountProvider,1,3,24220937]
06-13 19:01:40.685 1551 1911 I commit_sys_config_file: [sync-status,56280051]
06-13 19:01:40.691 1551 1911 I sync : [com.tencent.android.qqdownloader.YYBLiveAccountProvider,0,3,24220937]
06-13 19:01:40.692 1551 1684 I am_pss : [17024,10092,com.tencent.android.qqdownloader:daemon,115855360,101539840,216064,190496768,0,3,12]
06-13 19:01:40.697 1551 1684 I am_pss : [14553,10065,com.android.webview:webview_service,32458752,2854912,27163648,36966400,0,3,4]
06-13 19:01:40.702 1551 1684 I am_pss : [14417,10092,com.tencent.android.qqdownloader:cloud,16905216,10358784,239616,72011776,0,3,5]
06-13 19:01:40.708 1551 1684 I am_pss : [17276,99000,com.android.webview:sandboxed_process0:org.chromium.content.app.SandboxedProcessService0:0,19567616,11276288,239616,72269824,0,3,5]
06-13 19:01:40.716 1551 1684 I am_pss : [1924,1002,com.android.bluetooth,40695808,37793792,69632,120487936,0,0,7]
06-13 19:01:40.722 1551 1684 I am_pss : [13669,10092,com.tencent.android.qqdownloader:live,21361664,12726272,237568,82935808,0,5,5]
06-13 19:01:40.732 1551 1911 I sync : [com.tencent.android.qqdownloader.YYBLiveAccountProvider,1,3,24220937]
06-13 19:01:40.732 1551 1684 I am_pss : [3299,10031,com.baidu.input,66802688,61710336,67584,158822400,0,7,9]
06-13 19:01:40.734 1551 1911 I commit_sys_config_file: [sync-status,56280099]
06-13 19:01:40.738 1551 1684 I am_pss : [3097,10090,com.android.providers.media.module,15008768,12599296,69632,90902528,0,0,6]
