06-13 19:52:53.340 0 0 E [66295.264353] link_delay_work_func: DTC_ETH: SQI=0, link=0
06-13 19:52:58.460 0 0 E [66300.384337] link_delay_work_func: DTC_ETH: SQI=0, link=0
06-13 19:53:00.848 1551 1911 I sync : [com.tencent.android.qqdownloader.YYBLiveAccountProvider,0,3,24220937]
06-13 19:53:00.886 1551 1911 I sync : [com.tencent.android.qqdownloader.YYBLiveAccountProvider,1,3,24220937]
06-13 19:53:00.889 1551 1911 I commit_sys_config_file: [sync-status,59360254]
06-13 19:53:00.898 1551 1911 I sync : [com.tencent.android.qqdownloader.YYBLiveAccountProvider,0,3,24220937]
06-13 19:53:00.942 1551 1911 I sync : [com.tencent.android.qqdownloader.YYBLiveAccountProvider,1,3,24220937]
06-13 19:53:00.945 1551 1911 I commit_sys_config_file: [sync-status,59360311]
06-13 19:53:02.894 1551 1669 I commit_sys_config_file: [jobs,6]
06-13 19:53:03.580 0 0 E [66305.504332] link_delay_work_func: DTC_ETH: SQI=0, link=0
06-13 19:53:08.700 0 0 E [66310.624332] link_delay_work_func: DTC_ETH: SQI=0, link=0
06-13 19:53:11.916 0 0 I [66313.840813] init: processing action (sys.tlog.tlogdshc.active=1) from (/system/etc/init/tlogd.rc:195)
06-13 19:53:11.916 0 0 I [66313.841325] init: starting service 'tlogdshc'...
06-13 19:53:12.028 0 0 I [66313.953438] init: Service 'tlogdshc' (pid 18858) exited with status 0 oneshot service took 0.107000 seconds in background
06-13 19:53:12.028 0 0 I [66313.953467] init: Sending signal 9 to service 'tlogdshc' (pid 18858) process group...
06-13 19:53:12.028 0 0 I [66313.953651] libprocessgroup: Successfully killed process cgroup uid 0 pid 18858 in 0ms
06-13 19:53:12.566 1551 1551 I notification_enqueue: [10092,17024,com.tencent.android.qqdownloader,127,NULL,0,Notification(channel=channel_id_default_silent shortcut=null contentView=com.tencent.android.qqdownloader/0x7f0a01c2 vibrate=null sound=null defaults=0x0 flags=0x2a2 color=0x00000000 groupKey=com.tencent.android.qqdownloader vis=PRIVATE),1]
06-13 19:53:13.816 0 0 E [66315.744349] link_delay_work_func: DTC_ETH: SQI=0, link=0
06-13 19:53:18.936 0 0 E [66320.864434] link_delay_work_func: DTC_ETH: SQI=0, link=0
06-13 19:53:24.060 0 0 E [66325.984336] link_delay_work_func: DTC_ETH: SQI=0, link=0
06-13 19:53:29.180 0 0 E [66331.104331] link_delay_work_func: DTC_ETH: SQI=0, link=0
06-13 19:53:34.296 0 0 E [66336.224380] link_delay_work_func: DTC_ETH: SQI=0, link=0
06-13 19:53:35.851 1551 1911 I sync : [com.tencent.android.qqdownloader.YYBLiveAccountProvider,0,3,24220937]
06-13 19:53:35.882 1551 1911 I sync : [com.tencent.android.qqdownloader.YYBLiveAccountProvider,1,3,24220937]
06-13 19:53:35.885 1551 1911 I commit_sys_config_file: [sync-status,59395250]
06-13 19:53:35.893 1551 1911 I sync : [com.tencent.android.qqdownloader.YYBLiveAccountProvider,0,3,24220937]
06-13 19:53:35.943 1551 1911 I sync : [com.tencent.android.qqdownloader.YYBLiveAccountProvider,1,3,24220937]
06-13 19:53:35.947 1551 1911 I commit_sys_config_file: [sync-status,59395313]
06-13 19:53:37.891 1551 1669 I commit_sys_config_file: [jobs,6]
06-13 19:53:39.420 0 0 E [66341.344323] link_delay_work_func: DTC_ETH: SQI=0, link=0
06-13 19:53:41.916 0 0 I [66343.842695] init: processing action (sys.tlog.tlogdshc.active=1) from (/system/etc/init/tlogd.rc:195)
06-13 19:53:41.916 0 0 I [66343.843396] init: starting service 'tlogdshc'...
06-13 19:53:42.036 0 0 I [66343.962325] init: Service 'tlogdshc' (pid 18909) exited with status 0 oneshot service took 0.114000 seconds in background
06-13 19:53:42.036 0 0 I [66343.962354] init: Sending signal 9 to service 'tlogdshc' (pid 18909) process group...
06-13 19:53:42.036 0 0 I [66343.962530] libprocessgroup: Successfully killed process cgroup uid 0 pid 18909 in 0ms
06-13 19:53:44.540 0 0 E [66346.464352] link_delay_work_func: DTC_ETH: SQI=0, link=0
06-13 19:53:49.660 0 0 E [66351.584441] link_delay_work_func: DTC_ETH: SQI=0, link=0
06-13 19:53:54.780 0 0 E [66356.704381] link_delay_work_func: DTC_ETH: SQI=0, link=0
06-13 19:53:59.900 0 0 E [66361.824368] link_delay_work_func: DTC_ETH: SQI=0, link=0
06-13 19:54:05.020 0 0 E [66366.944337] link_delay_work_func: DTC_ETH: SQI=0, link=0
06-13 19:54:10.140 0 0 E [66372.064349] link_delay_work_func: DTC_ETH: SQI=0, link=0
06-13 19:54:10.853 1551 1911 I sync : [com.tencent.android.qqdownloader.YYBLiveAccountProvider,0,3,24220937]
06-13 19:54:10.903 1551 1911 I sync : [com.tencent.android.qqdownloader.YYBLiveAccountProvider,1,3,24220937]
06-13 19:54:10.906 1551 1911 I commit_sys_config_file: [sync-status,59430272]
06-13 19:54:10.916 1551 1911 I sync : [com.tencent.android.qqdownloader.YYBLiveAccountProvider,0,3,24220937]
06-13 19:54:10.954 1551 1911 I sync : [com.tencent.android.qqdownloader.YYBLiveAccountProvider,1,3,24220937]
06-13 19:54:10.957 1551 1911 I commit_sys_config_file: [sync-status,59430323]
06-13 19:54:11.928 0 0 I [66373.852448] init: processing action (sys.tlog.tlogdshc.active=1) from (/system/etc/init/tlogd.rc:195)
06-13 19:54:11.928 0 0 I [66373.853115] init: starting service 'tlogdshc'...
06-13 19:54:12.044 0 0 I [66373.968839] init: Service 'tlogdshc' (pid 18965) exited with status 0 oneshot service took 0.111000 seconds in background
06-13 19:54:12.044 0 0 I [66373.968867] init: Sending signal 9 to service 'tlogdshc' (pid 18965) process group...
06-13 19:54:12.044 0 0 I [66373.969046] libprocessgroup: Successfully killed process cgroup uid 0 pid 18965 in 0ms
06-13 19:54:12.912 1551 1669 I commit_sys_config_file: [jobs,6]
06-13 19:54:14.073 1551 1551 I notification_enqueue: [10092,17024,com.tencent.android.qqdownloader,127,NULL,0,Notification(channel=channel_id_default_silent shortcut=null contentView=com.tencent.android.qqdownloader/0x7f0a01c2 vibrate=null sound=null defaults=0x0 flags=0x2a2 color=0x00000000 groupKey=com.tencent.android.qqdownloader vis=PRIVATE),1]
06-13 19:54:15.260 0 0 E [66377.184322] link_delay_work_func: DTC_ETH: SQI=0, link=0
06-13 19:54:20.380 0 0 E [66382.304370] link_delay_work_func: DTC_ETH: SQI=0, link=0
06-13 19:54:25.496 0 0 E [66387.424353] link_delay_work_func: DTC_ETH: SQI=0, link=0
06-13 19:54:30.616 0 0 E [66392.544327] link_delay_work_func: DTC_ETH: SQI=0, link=0
06-13 19:54:35.740 0 0 E [66397.664370] link_delay_work_func: DTC_ETH: SQI=0, link=0
06-13 19:54:40.860 0 0 E [66402.784341] link_delay_work_func: DTC_ETH: SQI=0, link=0
06-13 19:54:41.928 0 0 I [66403.852927] init: processing action (sys.tlog.tlogdshc.active=1) from (/system/etc/init/tlogd.rc:195)
06-13 19:54:41.928 0 0 I [66403.853596] init: starting service 'tlogdshc'...
06-13 19:54:42.040 0 0 I [66403.966792] init: Service 'tlogdshc' (pid 19006) exited with status 0 oneshot service took 0.107000 seconds in background
06-13 19:54:42.040 0 0 I [66403.966822] init: Sending signal 9 to service 'tlogdshc' (pid 19006) process group...
06-13 19:54:42.040 0 0 I [66403.966998] libprocessgroup: Successfully killed process cgroup uid 0 pid 19006 in 0ms
06-13 19:54:45.854 1551 1911 I sync : [com.tencent.android.qqdownloader.YYBLiveAccountProvider,0,3,24220937]
06-13 19:54:45.903 1551 1911 I sync : [com.tencent.android.qqdownloader.YYBLiveAccountProvider,1,3,24220937]
06-13 19:54:45.905 1551 1911 I commit_sys_config_file: [sync-status,59465271]
06-13 19:54:45.919 1551 1911 I sync : [com.tencent.android.qqdownloader.YYBLiveAccountProvider,0,3,24220937]
06-13 19:54:45.950 1551 1911 I sync : [com.tencent.android.qqdownloader.YYBLiveAccountProvider,1,3,24220937]
06-13 19:54:45.952 1551 1911 I commit_sys_config_file: [sync-status,59465318]
06-13 19:54:45.980 0 0 E [66407.904295] link_delay_work_func: DTC_ETH: SQI=0, link=0
06-13 19:54:47.913 1551 1669 I commit_sys_config_file: [jobs,8]
06-13 19:54:51.100 0 0 E [66413.024357] link_delay_work_func: DTC_ETH: SQI=0, link=0
06-13 19:54:56.220 0 0 E [66418.144362] link_delay_work_func: DTC_ETH: SQI=0, link=0
06-13 19:55:01.340 0 0 E [66423.264329] link_delay_work_func: DTC_ETH: SQI=0, link=0
06-13 19:55:06.460 0 0 E [66428.384342] link_delay_work_func: DTC_ETH: SQI=0, link=0
06-13 19:55:11.580 0 0 E [66433.504346] link_delay_work_func: DTC_ETH: SQI=0, link=0
06-13 19:55:11.932 0 0 I [66433.859168] init: processing action (sys.tlog.tlogdshc.active=1) from (/system/etc/init/tlogd.rc:195)
06-13 19:55:11.932 0 0 I [66433.859738] init: starting service 'tlogdshc'...
06-13 19:55:12.052 0 0 I [66433.976859] init: Service 'tlogdshc' (pid 19056) exited with status 0 oneshot service took 0.111000 seconds in background
06-13 19:55:12.052 0 0 I [66433.976887] init: Sending signal 9 to service 'tlogdshc' (pid 19056) process group...
06-13 19:55:12.052 0 0 I [66433.977055] libprocessgroup: Successfully killed process cgroup uid 0 pid 19056 in 0ms
06-13 19:55:15.582 1551 1551 I notification_enqueue: [10092,17024,com.tencent.android.qqdownloader,127,NULL,0,Notification(channel=channel_id_default_silent shortcut=null contentView=com.tencent.android.qqdownloader/0x7f0a01c2 vibrate=null sound=null defaults=0x0 flags=0x2a2 color=0x00000000 groupKey=com.tencent.android.qqdownloader vis=PRIVATE),1]
06-13 19:55:16.700 0 0 E [66438.624361] link_delay_work_func: DTC_ETH: SQI=0, link=0
06-13 19:55:20.855 1551 1911 I sync : [com.tencent.android.qqdownloader.YYBLiveAccountProvider,0,3,24220937]
06-13 19:55:20.892 1551 1911 I sync : [com.tencent.android.qqdownloader.YYBLiveAccountProvider,1,3,24220937]
06-13 19:55:20.895 1551 1911 I commit_sys_config_file: [sync-status,59500261]
06-13 19:55:20.904 1551 1911 I sync : [com.tencent.android.qqdownloader.YYBLiveAccountProvider,0,3,24220937]
06-13 19:55:20.936 1551 1911 I sync : [com.tencent.android.qqdownloader.YYBLiveAccountProvider,1,3,24220937]
06-13 19:55:20.938 1551 1911 I commit_sys_config_file: [sync-status,59500304]
06-13 19:55:21.820 0 0 E [66443.744344] link_delay_work_func: DTC_ETH: SQI=0, link=0
06-13 19:55:22.900 1551 1669 I commit_sys_config_file: [jobs,6]
06-13 19:55:26.940 0 0 E [66448.864321] link_delay_work_func: DTC_ETH: SQI=0, link=0
06-13 19:55:32.060 0 0 E [66453.984319] link_delay_work_func: DTC_ETH: SQI=0, link=0
06-13 19:55:37.180 0 0 E [66459.104850] link_delay_work_func: DTC_ETH: SQI=0, link=0
06-13 19:55:41.936 0 0 I [66463.860824] init: processing action (sys.tlog.tlogdshc.active=1) from (/system/etc/init/tlogd.rc:195)
06-13 19:55:41.936 0 0 I [66463.861406] init: starting service 'tlogdshc'...
06-13 19:55:42.048 0 0 I [66463.972565] init: Service 'tlogdshc' (pid 19112) exited with status 0 oneshot service took 0.106000 seconds in background
06-13 19:55:42.048 0 0 I [66463.972595] init: Sending signal 9 to service 'tlogdshc' (pid 19112) process group...
06-13 19:55:42.048 0 0 I [66463.972762] libprocessgroup: Successfully killed process cgroup uid 0 pid 19112 in 0ms
06-13 19:55:42.300 0 0 E [66464.224325] link_delay_work_func: DTC_ETH: SQI=0, link=0
06-13 19:55:47.420 0 0 E [66469.344367] link_delay_work_func: DTC_ETH: SQI=0, link=0
06-13 19:55:52.540 0 0 E [66474.464383] link_delay_work_func: DTC_ETH: SQI=0, link=0
06-13 19:55:55.857 1551 1911 I sync : [com.tencent.android.qqdownloader.YYBLiveAccountProvider,0,3,24220937]
06-13 19:55:55.906 1551 1911 I sync : [com.tencent.android.qqdownloader.YYBLiveAccountProvider,1,3,24220937]
06-13 19:55:55.909 1551 1911 I commit_sys_config_file: [sync-status,59535274]
06-13 19:55:55.917 1551 1911 I sync : [com.tencent.android.qqdownloader.YYBLiveAccountProvider,0,3,24220937]
06-13 19:55:55.945 1551 1911 I sync : [com.tencent.android.qqdownloader.YYBLiveAccountProvider,1,3,24220937]
06-13 19:55:55.947 1551 1911 I commit_sys_config_file: [sync-status,59535313]
06-13 19:55:57.656 0 0 E [66479.584337] link_delay_work_func: DTC_ETH: SQI=0, link=0
06-13 19:55:57.915 1551 1669 I commit_sys_config_file: [jobs,6]
06-13 19:56:02.780 0 0 E [66484.704359] link_delay_work_func: DTC_ETH: SQI=0, link=0
06-13 19:56:07.900 0 0 E [66489.824385] link_delay_work_func: DTC_ETH: SQI=0, link=0
06-13 19:56:11.940 0 0 I [66493.866926] init: processing action (sys.tlog.tlogdshc.active=1) from (/system/etc/init/tlogd.rc:195)
06-13 19:56:11.940 0 0 I [66493.867501] init: starting service 'tlogdshc'...
06-13 19:56:12.036 19165 19165 I auditd : type=1400 audit(0.0:3739): avc: denied { kill } for comm="cat" capability=5 scontext=u:r:np_thundercomm_tlogdsh:s0 tcontext=u:r:np_thundercomm_tlogdsh:s0 tclass=capability permissive=0
06-13 19:56:12.052 0 0 I [66493.979305] init: Service 'tlogdshc' (pid 19158) exited with status 0 oneshot service took 0.106000 seconds in background
06-13 19:56:12.052 0 0 I [66493.979331] init: Sending signal 9 to service 'tlogdshc' (pid 19158) process group...
06-13 19:56:12.052 0 0 I [66493.979496] libprocessgroup: Successfully killed process cgroup uid 0 pid 19158 in 0ms
06-13 19:56:13.020 0 0 E [66494.944361] link_delay_work_func: DTC_ETH: SQI=0, link=0
06-13 19:56:17.065 1551 1551 I notification_enqueue: [10092,17024,com.tencent.android.qqdownloader,127,NULL,0,Notification(channel=channel_id_default_silent shortcut=null contentView=com.tencent.android.qqdownloader/0x7f0a01c2 vibrate=null sound=null defaults=0x0 flags=0x2a2 color=0x00000000 groupKey=com.tencent.android.qqdownloader vis=PRIVATE),1]
06-13 19:56:18.140 0 0 E [66500.064327] link_delay_work_func: DTC_ETH: SQI=0, link=0
06-13 19:56:23.256 0 0 E [66505.184335] link_delay_work_func: DTC_ETH: SQI=0, link=0
06-13 19:56:28.380 0 0 E [66510.304363] link_delay_work_func: DTC_ETH: SQI=0, link=0
06-13 19:56:30.858 1551 1911 I sync : [com.tencent.android.qqdownloader.YYBLiveAccountProvider,0,3,24220937]
06-13 19:56:30.895 1551 1911 I sync : [com.tencent.android.qqdownloader.YYBLiveAccountProvider,1,3,24220937]
06-13 19:56:30.897 1551 1911 I commit_sys_config_file: [sync-status,59570263]
06-13 19:56:30.904 1551 1911 I sync : [com.tencent.android.qqdownloader.YYBLiveAccountProvider,0,3,24220937]
06-13 19:56:30.935 1551 1911 I sync : [com.tencent.android.qqdownloader.YYBLiveAccountProvider,1,3,24220937]
06-13 19:56:30.938 1551 1911 I commit_sys_config_file: [sync-status,59570304]
06-13 19:56:32.905 1551 1669 I commit_sys_config_file: [jobs,6]
06-13 19:56:33.500 0 0 E [66515.424324] link_delay_work_func: DTC_ETH: SQI=0, link=0
06-13 19:56:38.620 0 0 E [66520.544345] link_delay_work_func: DTC_ETH: SQI=0, link=0
06-13 19:56:41.944 0 0 I [66523.868735] init: processing action (sys.tlog.tlogdshc.active=1) from (/system/etc/init/tlogd.rc:195)
06-13 19:56:41.947 0 0 I [66523.869277] init: starting service 'tlogdshc'...
06-13 19:56:42.036 19208 19208 I auditd : type=1400 audit(0.0:3740): avc: denied { kill } for comm="cat" capability=5 scontext=u:r:np_thundercomm_tlogdsh:s0 tcontext=u:r:np_thundercomm_tlogdsh:s0 tclass=capability permissive=0
06-13 19:56:42.052 0 0 I [66523.978637] init: Service 'tlogdshc' (pid 19201) exited with status 0 oneshot service took 0.104000 seconds in background
06-13 19:56:42.052 0 0 I [66523.978661] init: Sending signal 9 to service 'tlogdshc' (pid 19201) process group...
06-13 19:56:42.052 0 0 I [66523.978828] libprocessgroup: Successfully killed process cgroup uid 0 pid 19201 in 0ms
06-13 19:56:43.740 0 0 E [66525.664327] link_delay_work_func: DTC_ETH: SQI=0, link=0
06-13 19:56:48.860 0 0 E [66530.784346] link_delay_work_func: DTC_ETH: SQI=0, link=0
06-13 19:56:53.980 0 0 E [66535.904359] link_delay_work_func: DTC_ETH: SQI=0, link=0
06-13 19:56:59.100 0 0 E [66541.024401] link_delay_work_func: DTC_ETH: SQI=0, link=0
06-13 19:57:04.008 1551 1843 I netstats_mobile_sample: [0,0,0,0,0,0,0,0,0,0,0,0,1686657424008]
06-13 19:57:04.008 1551 1843 I netstats_wifi_sample: [11010068042,7823124,144841160,2331624,11010068042,7823124,144841160,2331624,11143420690,7972571,144012506,2327792,1686657424008]
06-13 19:57:04.220 0 0 E [66546.144344] link_delay_work_func: DTC_ETH: SQI=0, link=0
06-13 19:57:05.861 1551 1911 I sync : [com.tencent.android.qqdownloader.YYBLiveAccountProvider,0,3,24220937]
06-13 19:57:05.903 1551 1911 I sync : [com.tencent.android.qqdownloader.YYBLiveAccountProvider,1,3,24220937]
06-13 19:57:05.905 1551 1911 I commit_sys_config_file: [sync-status,59605271]
06-13 19:57:05.915 1551 1911 I sync : [com.tencent.android.qqdownloader.YYBLiveAccountProvider,0,3,24220937]
06-13 19:57:05.947 1551 1911 I sync : [com.tencent.android.qqdownloader.YYBLiveAccountProvider,1,3,24220937]
06-13 19:57:05.950 1551 1911 I commit_sys_config_file: [sync-status,59605316]
06-13 19:57:07.913 1551 1669 I commit_sys_config_file: [jobs,8]
06-13 19:57:09.340 0 0 E [66551.264328] link_delay_work_func: DTC_ETH: SQI=0, link=0
06-13 19:57:11.948 0 0 I [66553.874801] init: processing action (sys.tlog.tlogdshc.active=1) from (/system/etc/init/tlogd.rc:195)
06-13 19:57:11.948 0 0 I [66553.875310] init: starting service 'tlogdshc'...
06-13 19:57:12.064 0 0 I [66553.989234] init: Service 'tlogdshc' (pid 19246) exited with status 0 oneshot service took 0.109000 seconds in background
06-13 19:57:12.064 0 0 I [66553.989261] init: Sending signal 9 to service 'tlogdshc' (pid 19246) process group...
06-13 19:57:12.064 0 0 I [66553.989423] libprocessgroup: Successfully killed process cgroup uid 0 pid 19246 in 0ms
06-13 19:57:14.456 0 0 E [66556.384336] link_delay_work_func: DTC_ETH: SQI=0, link=0
06-13 19:57:18.567 1551 1551 I notification_enqueue: [10092,17024,com.tencent.android.qqdownloader,127,NULL,0,Notification(channel=channel_id_default_silent shortcut=null contentView=com.tencent.android.qqdownloader/0x7f0a01c2 vibrate=null sound=null defaults=0x0 flags=0x2a2 color=0x00000000 groupKey=com.tencent.android.qqdownloader vis=PRIVATE),1]
06-13 19:57:19.580 0 0 E [66561.504335] link_delay_work_func: DTC_ETH: SQI=0, link=0
06-13 19:57:24.700 0 0 E [66566.624314] link_delay_work_func: DTC_ETH: SQI=0, link=0
06-13 19:57:29.820 0 0 E [66571.744358] link_delay_work_func: DTC_ETH: SQI=0, link=0
06-13 19:57:34.940 0 0 E [66576.864340] link_delay_work_func: DTC_ETH: SQI=0, link=0
06-13 19:57:40.060 0 0 E [66581.984348] link_delay_work_func: DTC_ETH: SQI=0, link=0
06-13 19:57:40.862 1551 1911 I sync : [com.tencent.android.qqdownloader.YYBLiveAccountProvider,0,3,24220937]
06-13 19:57:40.898 1551 1911 I sync : [com.tencent.android.qqdownloader.YYBLiveAccountProvider,1,3,24220937]
06-13 19:57:40.902 1551 1911 I commit_sys_config_file: [sync-status,59640268]
06-13 19:57:40.911 1551 1911 I sync : [com.tencent.android.qqdownloader.YYBLiveAccountProvider,0,3,24220937]
06-13 19:57:40.945 1551 1911 I sync : [com.tencent.android.qqdownloader.YYBLiveAccountProvider,1,3,24220937]
06-13 19:57:40.948 1551 1911 I commit_sys_config_file: [sync-status,59640313]
06-13 19:57:41.952 0 0 I [66583.876652] init: processing action (sys.tlog.tlogdshc.active=1) from (/system/etc/init/tlogd.rc:195)
06-13 19:57:41.952 0 0 I [66583.877232] init: starting service 'tlogdshc'...
06-13 19:57:42.068 0 0 I [66583.993267] init: Service 'tlogdshc' (pid 19287) exited with status 0 oneshot service took 0.107000 seconds in background
06-13 19:57:42.068 0 0 I [66583.993312] init: Sending signal 9 to service 'tlogdshc' (pid 19287) process group...
06-13 19:57:42.068 0 0 I [66583.993564] libprocessgroup: Successfully killed process cgroup uid 0 pid 19287 in 0ms
06-13 19:57:42.906 1551 1669 I commit_sys_config_file: [jobs,6]
06-13 19:57:45.176 0 0 E [66587.104352] link_delay_work_func: DTC_ETH: SQI=0, link=0
06-13 19:57:50.300 0 0 E [66592.224363] link_delay_work_func: DTC_ETH: SQI=0, link=0
06-13 19:57:55.420 0 0 E [66597.344367] link_delay_work_func: DTC_ETH: SQI=0, link=0
06-13 19:57:58.376 575 575 I auditd : type=1400 audit(0.0:3741): avc: denied { read } for comm="Binder:575_2" name="wakeup58" dev="sysfs" ino=71937 scontext=u:r:system_suspend:s0 tcontext=u:object_r:sysfs:s0 tclass=dir permissive=0
06-13 19:57:58.380 575 575 I auditd : type=1400 audit(0.0:3742): avc: denied { read } for comm="Binder:575_2" name="wakeup48" dev="sysfs" ino=67611 scontext=u:r:system_suspend:s0 tcontext=u:object_r:sysfs:s0 tclass=dir permissive=0
06-13 19:57:58.380 575 575 I auditd : type=1400 audit(0.0:3743): avc: denied { read } for comm="Binder:575_2" name="wakeup4" dev="sysfs" ino=46990 scontext=u:r:system_suspend:s0 tcontext=u:object_r:sysfs:s0 tclass=dir permissive=0
06-13 19:57:58.380 575 575 I auditd : type=1400 audit(0.0:3744): avc: denied { read } for comm="Binder:575_2" name="wakeup76" dev="sysfs" ino=76672 scontext=u:r:system_suspend:s0 tcontext=u:object_r:sysfs:s0 tclass=dir permissive=0
06-13 19:57:58.380 575 575 I auditd : type=1400 audit(0.0:3745): avc: denied { read } for comm="Binder:575_2" name="wakeup28" dev="sysfs" ino=53195 scontext=u:r:system_suspend:s0 tcontext=u:object_r:sysfs:s0 tclass=dir permissive=0
06-13 19:57:58.384 575 575 I auditd : type=1400 audit(0.0:3746): avc: denied { read } for comm="Binder:575_2" name="wakeup56" dev="sysfs" ino=71865 scontext=u:r:system_suspend:s0 tcontext=u:object_r:sysfs:s0 tclass=dir permissive=0
06-13 19:57:58.384 575 575 I auditd : type=1400 audit(0.0:3747): avc: denied { read } for comm="Binder:575_2" name="wakeup2" dev="sysfs" ino=46514 scontext=u:r:system_suspend:s0 tcontext=u:object_r:sysfs:s0 tclass=dir permissive=0
06-13 19:57:58.384 575 575 I auditd : type=1400 audit(0.0:3748): avc: denied { read } for comm="Binder:575_2" name="wakeup36" dev="sysfs" ino=62429 scontext=u:r:system_suspend:s0 tcontext=u:object_r:sysfs:s0 tclass=dir permissive=0
06-13 19:57:58.396 0 0 W [66600.322104] audit: audit_lost=3181 audit_rate_limit=5 audit_backlog_limit=64
06-13 19:57:58.396 0 0 E [66600.322107] audit: rate limit exceeded
06-13 19:57:58.438 1551 1684 I commit_sys_config_file: [batterystats,6]
06-13 19:57:58.440 1551 1684 I commit_sys_config_file: [batterystats,2]
06-13 19:58:00.540 0 0 E [66602.464343] link_delay_work_func: DTC_ETH: SQI=0, link=0
06-13 19:58:05.660 0 0 E [66607.584353] link_delay_work_func: DTC_ETH: SQI=0, link=0
06-13 19:58:10.780 0 0 E [66612.704339] link_delay_work_func: DTC_ETH: SQI=0, link=0
06-13 19:58:11.956 0 0 I [66613.881692] init: processing action (sys.tlog.tlogdshc.active=1) from (/system/etc/init/tlogd.rc:195)
06-13 19:58:11.956 0 0 I [66613.882441] init: starting service 'tlogdshc'...
06-13 19:58:12.036 19339 19339 I auditd : type=1400 audit(0.0:3790): avc: denied { kill } for comm="getprop" capability=5 scontext=u:r:np_thundercomm_tlogdsh:s0 tcontext=u:r:np_thundercomm_tlogdsh:s0 tclass=capability permissive=0
06-13 19:58:12.072 0 0 I [66613.997376] init: Service 'tlogdshc' (pid 19332) exited with status 0 oneshot service took 0.110000 seconds in background
06-13 19:58:12.072 0 0 I [66613.997403] init: Sending signal 9 to service 'tlogdshc' (pid 19332) process group...
06-13 19:58:12.072 0 0 I [66613.997578] libprocessgroup: Successfully killed process cgroup uid 0 pid 19332 in 0ms
06-13 19:58:15.864 1551 1911 I sync : [com.tencent.android.qqdownloader.YYBLiveAccountProvider,0,3,24220937]
06-13 19:58:15.865 1551 1843 I netstats_mobile_sample: [0,0,0,0,0,0,0,0,0,0,0,0,1686657495865]
06-13 19:58:15.865 1551 1843 I netstats_wifi_sample: [11010134547,7823422,144858194,2331768,11010134547,7823422,144858194,2331768,11143805530,7973692,144028828,2327932,1686657495865]
06-13 19:58:15.894 1551 1911 I sync : [com.tencent.android.qqdownloader.YYBLiveAccountProvider,1,3,24220937]
06-13 19:58:15.896 1551 1911 I commit_sys_config_file: [sync-status,59675261]
06-13 19:58:15.900 0 0 E [66617.824283] link_delay_work_func: DTC_ETH: SQI=0, link=0
06-13 19:58:15.902 1551 1911 I sync : [com.tencent.android.qqdownloader.YYBLiveAccountProvider,0,3,24220937]
06-13 19:58:15.931 1551 1911 I sync : [com.tencent.android.qqdownloader.YYBLiveAccountProvider,1,3,24220937]
06-13 19:58:15.934 1551 1911 I commit_sys_config_file: [sync-status,59675300]
06-13 19:58:17.902 1551 1669 I commit_sys_config_file: [jobs,5]
06-13 19:58:18.144 0 0 I [66620.069493] init: processing action (sys.tlog.pstore.active=1) from (/system/etc/init/tlogd.rc:134)
06-13 19:58:18.144 0 0 I [66620.070336] init: starting service 'pstore_save'...
06-13 19:58:18.176 0 0 I [66620.102951] init: Service 'pstore_save' (pid 19357) exited with status 1 oneshot service took 0.030000 seconds in background
06-13 19:58:18.176 0 0 I [66620.102981] init: Sending signal 9 to service 'pstore_save' (pid 19357) process group...
06-13 19:58:18.176 0 0 I [66620.103152] libprocessgroup: Successfully killed process cgroup uid 1000 pid 19357 in 0ms
06-13 19:58:19.192 0 0 I [66621.118786] init: processing action (sys.tlog.tlogdsho.active=1) from (/system/etc/init/tlogd.rc:167)
06-13 19:58:19.192 0 0 I [66621.119119] init: starting service 'tlogdsho'...
06-13 19:58:19.208 0 0 I [66621.133679] init: processing action (sys.tlog.bluetooth.active=1) from (/system/etc/init/tlogd.rc:163)
06-13 19:58:19.208 0 0 I [66621.134343] init: starting service 'tlogdBluetooth'...
06-13 19:58:19.220 0 0 I [66621.144656] init: processing action (sys.tlog.fatal.active=1) from (/system/etc/init/tlogd.rc:130)
06-13 19:58:20.068 1551 1551 I notification_enqueue: [10092,17024,com.tencent.android.qqdownloader,127,NULL,0,Notification(channel=channel_id_default_silent shortcut=null contentView=com.tencent.android.qqdownloader/0x7f0a01c2 vibrate=null sound=null defaults=0x0 flags=0x2a2 color=0x00000000 groupKey=com.tencent.android.qqdownloader vis=PRIVATE),1]
06-13 19:58:21.020 0 0 E [66622.944360] link_delay_work_func: DTC_ETH: SQI=0, link=0
06-13 19:58:24.404 0 0 I [66626.331560] init: Untracked pid 19383 exited with status 0
06-13 19:58:26.140 0 0 E [66628.064321] link_delay_work_func: DTC_ETH: SQI=0, link=0
06-13 19:58:31.260 0 0 E [66633.184370] link_delay_work_func: DTC_ETH: SQI=0, link=0
06-13 19:58:36.380 0 0 E [66638.304343] link_delay_work_func: DTC_ETH: SQI=0, link=0
06-13 19:58:41.500 0 0 E [66643.424364] link_delay_work_func: DTC_ETH: SQI=0, link=0
06-13 19:58:41.956 0 0 I [66643.883337] init: processing action (sys.tlog.tlogdshc.active=1) from (/system/etc/init/tlogd.rc:195)
06-13 19:58:41.956 0 0 I [66643.884452] init: starting service 'tlogdshc'...
06-13 19:58:42.068 0 0 I [66643.994684] init: Service 'tlogdshc' (pid 19420) exited with status 0 oneshot service took 0.105000 seconds in background
06-13 19:58:42.068 0 0 I [66643.994713] init: Sending signal 9 to service 'tlogdshc' (pid 19420) process group...
06-13 19:58:42.068 0 0 I [66643.994899] libprocessgroup: Successfully killed process cgroup uid 0 pid 19420 in 0ms
06-13 19:58:46.620 0 0 E [66648.544340] link_delay_work_func: DTC_ETH: SQI=0, link=0
06-13 19:58:50.869 1551 1911 I sync : [com.tencent.android.qqdownloader.YYBLiveAccountProvider,0,3,24220937]
06-13 19:58:50.909 1551 1911 I sync : [com.tencent.android.qqdownloader.YYBLiveAccountProvider,1,3,24220937]
06-13 19:58:50.912 1551 1911 I commit_sys_config_file: [sync-status,59710277]
06-13 19:58:50.921 1551 1911 I sync : [com.tencent.android.qqdownloader.YYBLiveAccountProvider,0,3,24220937]
06-13 19:58:50.947 1551 1911 I sync : [com.tencent.android.qqdownloader.YYBLiveAccountProvider,1,3,24220937]
06-13 19:58:50.948 1551 1911 I commit_sys_config_file: [sync-status,59710314]
06-13 19:58:51.740 0 0 E [66653.664344] link_delay_work_func: DTC_ETH: SQI=0, link=0
06-13 19:58:52.917 1551 1669 I commit_sys_config_file: [jobs,6]
06-13 19:58:56.860 0 0 E [66658.784346] link_delay_work_func: DTC_ETH: SQI=0, link=0
06-13 19:59:01.980 0 0 E [66663.904321] link_delay_work_func: DTC_ETH: SQI=0, link=0
06-13 19:59:07.100 0 0 E [66669.024346] link_delay_work_func: DTC_ETH: SQI=0, link=0
06-13 19:59:11.963 0 0 I [66673.885170] init: processing action (sys.tlog.tlogdshc.active=1) from (/system/etc/init/tlogd.rc:195)
06-13 19:59:11.963 0 0 I [66673.885784] init: starting service 'tlogdshc'...
06-13 19:59:12.072 0 0 I [66673.997435] init: Service 'tlogdshc' (pid 19472) exited with status 0 oneshot service took 0.106000 seconds in background
06-13 19:59:12.072 0 0 I [66673.997463] init: Sending signal 9 to service 'tlogdshc' (pid 19472) process group...
06-13 19:59:12.072 0 0 I [66673.997643] libprocessgroup: Successfully killed process cgroup uid 0 pid 19472 in 0ms
06-13 19:59:12.216 0 0 E [66674.144340] link_delay_work_func: DTC_ETH: SQI=0, link=0
06-13 19:59:12.816 0 0 I [66674.743213] [dp_rx_][0x12a123a4b4a][19: 59:12.815271] wlan: [3484:I:QDF] DHCP-R RX: SA:04:7f:0e:62:f8:6b DA:ff:ff:ff:ff:ff:ff
06-13 19:59:17.340 0 0 E [66679.264365] link_delay_work_func: DTC_ETH: SQI=0, link=0
06-13 19:59:21.583 1551 1551 I notification_enqueue: [10092,17024,com.tencent.android.qqdownloader,127,NULL,0,Notification(channel=channel_id_default_silent shortcut=null contentView=com.tencent.android.qqdownloader/0x7f0a01c2 vibrate=null sound=null defaults=0x0 flags=0x2a2 color=0x00000000 groupKey=com.tencent.android.qqdownloader vis=PRIVATE),1]
06-13 19:59:22.460 0 0 E [66684.384521] link_delay_work_func: DTC_ETH: SQI=0, link=0
06-13 19:59:25.868 1551 1911 I sync : [com.tencent.android.qqdownloader.YYBLiveAccountProvider,0,3,24220937]
06-13 19:59:25.921 1551 1911 I sync : [com.tencent.android.qqdownloader.YYBLiveAccountProvider,1,3,24220937]
06-13 19:59:25.924 1551 1911 I commit_sys_config_file: [sync-status,59745290]
06-13 19:59:25.933 1551 1911 I sync : [com.tencent.android.qqdownloader.YYBLiveAccountProvider,0,3,24220937]
06-13 19:59:25.963 1551 1911 I sync : [com.tencent.android.qqdownloader.YYBLiveAccountProvider,1,3,24220937]
06-13 19:59:25.966 1551 1911 I commit_sys_config_file: [sync-status,59745331]
06-13 19:59:27.580 0 0 E [66689.504328] link_delay_work_func: DTC_ETH: SQI=0, link=0
06-13 19:59:27.929 1551 1669 I commit_sys_config_file: [jobs,6]
06-13 19:59:32.700 0 0 E [66694.624364] link_delay_work_func: DTC_ETH: SQI=0, link=0
06-13 19:59:37.820 0 0 E [66699.744365] link_delay_work_func: DTC_ETH: SQI=0, link=0
06-13 19:59:41.960 0 0 I [66703.886795] init: processing action (sys.tlog.tlogdshc.active=1) from (/system/etc/init/tlogd.rc:195)
06-13 19:59:41.960 0 0 I [66703.887376] init: starting service 'tlogdshc'...
06-13 19:59:42.076 0 0 I [66704.001661] init: Service 'tlogdshc' (pid 19515) exited with status 0 oneshot service took 0.109000 seconds in background
06-13 19:59:42.076 0 0 I [66704.001690] init: Sending signal 9 to service 'tlogdshc' (pid 19515) process group...
06-13 19:59:42.076 0 0 I [66704.001882] libprocessgroup: Successfully killed process cgroup uid 0 pid 19515 in 0ms
06-13 19:59:42.432 0 0 D [66704.357860] cnss: Host time = 66707013800 us, device time = 66680579790 us, offset = 26434010 us
06-13 19:59:42.432 0 0 D [66704.357924] cnss: Updated time sync regs [0x984] = 0x19359da, [0x988] = 0x0
06-13 19:59:42.940 0 0 E [66704.864347] link_delay_work_func: DTC_ETH: SQI=0, link=0
06-13 19:59:48.056 0 0 E [66709.984323] link_delay_work_func: DTC_ETH: SQI=0, link=0
06-13 19:59:53.176 0 0 E [66715.104373] link_delay_work_func: DTC_ETH: SQI=0, link=0
06-13 19:59:58.300 0 0 E [66720.224332] link_delay_work_func: DTC_ETH: SQI=0, link=0
06-13 20:00:00.869 1551 1911 I sync : [com.tencent.android.qqdownloader.YYBLiveAccountProvider,0,3,24220937]
06-13 20:00:00.917 1551 1911 I sync : [com.tencent.android.qqdownloader.YYBLiveAccountProvider,1,3,24220937]
06-13 20:00:00.920 1551 1911 I commit_sys_config_file: [sync-status,59780285]
06-13 20:00:00.926 1551 1911 I sync : [com.tencent.android.qqdownloader.YYBLiveAccountProvider,0,3,24220937]
06-13 20:00:00.953 1551 1911 I sync : [com.tencent.android.qqdownloader.YYBLiveAccountProvider,1,3,24220937]
06-13 20:00:00.955 1551 1911 I commit_sys_config_file: [sync-status,59780321]
06-13 20:00:02.925 1551 1669 I commit_sys_config_file: [jobs,6]
06-13 20:00:03.424 0 0 E [66725.350301] link_delay_work_func: DTC_ETH: SQI=0, link=0
06-13 20:00:08.540 0 0 E [66730.464359] link_delay_work_func: DTC_ETH: SQI=0, link=0
06-13 20:00:11.964 0 0 I [66733.890740] init: processing action (sys.tlog.tlogdshc.active=1) from (/system/etc/init/tlogd.rc:195)
06-13 20:00:11.964 0 0 I [66733.891334] init: starting service 'tlogdshc'...
06-13 20:00:12.080 0 0 I [66734.005849] init: Service 'tlogdshc' (pid 19561) exited with status 0 oneshot service took 0.110000 seconds in background
06-13 20:00:12.080 0 0 I [66734.005878] init: Sending signal 9 to service 'tlogdshc' (pid 19561) process group...
06-13 20:00:12.080 0 0 I [66734.006051] libprocessgroup: Successfully killed process cgroup uid 0 pid 19561 in 0ms
06-13 20:00:13.660 0 0 E [66735.584340] link_delay_work_func: DTC_ETH: SQI=0, link=0
06-13 20:00:18.776 0 0 E [66740.704388] link_delay_work_func: DTC_ETH: SQI=0, link=0
06-13 20:00:23.070 1551 1551 I notification_enqueue: [10092,17024,com.tencent.android.qqdownloader,127,NULL,0,Notification(channel=channel_id_default_silent shortcut=null contentView=com.tencent.android.qqdownloader/0x7f0a01c2 vibrate=null sound=null defaults=0x0 flags=0x2a2 color=0x00000000 groupKey=com.tencent.android.qqdownloader vis=PRIVATE),1]
06-13 20:00:23.900 0 0 E [66745.824358] link_delay_work_func: DTC_ETH: SQI=0, link=0
06-13 20:00:29.020 0 0 E [66750.944332] link_delay_work_func: DTC_ETH: SQI=0, link=0
06-13 20:00:34.140 0 0 E [66756.064452] link_delay_work_func: DTC_ETH: SQI=0, link=0
06-13 20:00:35.872 1551 1911 I sync : [com.tencent.android.qqdownloader.YYBLiveAccountProvider,0,3,24220937]
06-13 20:00:35.893 1551 1684 I am_pss : [2614,10069,com.android.launcher3,104829952,99389440,67584,197509120,0,6,14]
06-13 20:00:35.917 1551 1911 I sync : [com.tencent.android.qqdownloader.YYBLiveAccountProvider,1,3,24220937]
06-13 20:00:35.919 1551 1911 I commit_sys_config_file: [sync-status,59815285]
06-13 20:00:35.932 1551 1911 I sync : [com.tencent.android.qqdownloader.YYBLiveAccountProvider,0,3,24220937]
06-13 20:00:35.962 1551 1911 I sync : [com.tencent.android.qqdownloader.YYBLiveAccountProvider,1,3,24220937]
06-13 20:00:35.964 1551 1911 I commit_sys_config_file: [sync-status,59815330]
06-13 20:00:37.925 1551 1669 I commit_sys_config_file: [jobs,6]
06-13 20:00:39.260 0 0 E [66761.184360] link_delay_work_func: DTC_ETH: SQI=0, link=0
06-13 20:00:41.968 0 0 I [66763.892433] init: processing action (sys.tlog.tlogdshc.active=1) from (/system/etc/init/tlogd.rc:195)
06-13 20:00:41.968 0 0 I [66763.892989] init: starting service 'tlogdshc'...
06-13 20:00:42.084 0 0 I [66764.009380] init: Service 'tlogdshc' (pid 19606) exited with status 0 oneshot service took 0.110000 seconds in background
06-13 20:00:42.084 0 0 I [66764.009408] init: Sending signal 9 to service 'tlogdshc' (pid 19606) process group...
06-13 20:00:42.084 0 0 I [66764.009581] libprocessgroup: Successfully killed process cgroup uid 0 pid 19606 in 0ms
06-13 20:00:44.380 0 0 E [66766.304674] link_delay_work_func: DTC_ETH: SQI=0, link=0
06-13 20:00:49.500 0 0 E [66771.424341] link_delay_work_func: DTC_ETH: SQI=0, link=0
06-13 20:00:54.620 0 0 E [66776.544341] link_delay_work_func: DTC_ETH: SQI=0, link=0
06-13 20:00:59.736 0 0 E [66781.664373] link_delay_work_func: DTC_ETH: SQI=0, link=0
06-13 20:01:04.860 0 0 E [66786.784330] link_delay_work_func: DTC_ETH: SQI=0, link=0
06-13 20:01:09.980 0 0 E [66791.904336] link_delay_work_func: DTC_ETH: SQI=0, link=0
06-13 20:01:10.875 1551 1911 I sync : [com.tencent.android.qqdownloader.YYBLiveAccountProvider,0,3,24220937]
06-13 20:01:10.887 1551 1684 I am_pss : [4423,1000,com.thundercomm.screensaver,64257024,57339904,3825664,124477440,0,2,12]
06-13 20:01:10.913 1551 1911 I sync : [com.tencent.android.qqdownloader.YYBLiveAccountProvider,1,3,24220937]
06-13 20:01:10.915 1551 1911 I commit_sys_config_file: [sync-status,59850281]
06-13 20:01:10.923 1551 1911 I sync : [com.tencent.android.qqdownloader.YYBLiveAccountProvider,0,3,24220937]
06-13 20:01:10.954 1551 1911 I sync : [com.tencent.android.qqdownloader.YYBLiveAccountProvider,1,3,24220937]
06-13 20:01:10.956 1551 1911 I commit_sys_config_file: [sync-status,59850322]
06-13 20:01:11.976 0 0 I [66793.899071] init: processing action (sys.tlog.tlogdshc.active=1) from (/system/etc/init/tlogd.rc:195)
06-13 20:01:11.976 0 0 I [66793.899633] init: starting service 'tlogdshc'...
06-13 20:01:12.084 0 0 I [66794.009433] init: Service 'tlogdshc' (pid 19649) exited with status 0 oneshot service took 0.104000 seconds in background
06-13 20:01:12.084 0 0 I [66794.009460] init: Sending signal 9 to service 'tlogdshc' (pid 19649) process group...
06-13 20:01:12.084 0 0 I [66794.009634] libprocessgroup: Successfully killed process cgroup uid 0 pid 19649 in 0ms
06-13 20:01:12.919 1551 1669 I commit_sys_config_file: [jobs,6]
06-13 20:01:15.100 0 0 E [66797.024329] link_delay_work_func: DTC_ETH: SQI=0, link=0
06-13 20:01:20.220 0 0 E [66802.144367] link_delay_work_func: DTC_ETH: SQI=0, link=0
06-13 20:01:24.567 1551 1551 I notification_enqueue: [10092,17024,com.tencent.android.qqdownloader,127,NULL,0,Notification(channel=channel_id_default_silent shortcut=null contentView=com.tencent.android.qqdownloader/0x7f0a01c2 vibrate=null sound=null defaults=0x0 flags=0x2a2 color=0x00000000 groupKey=com.tencent.android.qqdownloader vis=PRIVATE),1]
06-13 20:01:25.340 0 0 E [66807.264356] link_delay_work_func: DTC_ETH: SQI=0, link=0
06-13 20:01:30.460 0 0 E [66812.384334] link_delay_work_func: DTC_ETH: SQI=0, link=0
06-13 20:01:35.580 0 0 E [66817.504336] link_delay_work_func: DTC_ETH: SQI=0, link=0
06-13 20:01:40.696 0 0 E [66822.624359] link_delay_work_func: DTC_ETH: SQI=0, link=0
06-13 20:01:41.976 0 0 I [66823.900821] init: processing action (sys.tlog.tlogdshc.active=1) from (/system/etc/init/tlogd.rc:195)
06-13 20:01:41.976 0 0 I [66823.901395] init: starting service 'tlogdshc'...
06-13 20:01:42.036 19695 19695 I auditd : type=1400 audit(0.0:3791): avc: denied { kill } for comm="date" capability=5 scontext=u:r:np_thundercomm_tlogdsh:s0 tcontext=u:r:np_thundercomm_tlogdsh:s0 tclass=capability permissive=0
06-13 20:01:42.092 0 0 I [66824.016667] init: Service 'tlogdshc' (pid 19690) exited with status 0 oneshot service took 0.109000 seconds in background
06-13 20:01:42.092 0 0 I [66824.016699] init: Sending signal 9 to service 'tlogdshc' (pid 19690) process group...
06-13 20:01:42.092 0 0 I [66824.016871] libprocessgroup: Successfully killed process cgroup uid 0 pid 19690 in 0ms
06-13 20:01:45.820 0 0 E [66827.744335] link_delay_work_func: DTC_ETH: SQI=0, link=0
06-13 20:01:45.873 1551 1911 I sync : [com.tencent.android.qqdownloader.YYBLiveAccountProvider,0,3,24220937]
06-13 20:01:45.901 1551 1684 I am_pss : [1551,1000,system,191643648,119967744,64512,435384320,0,0,26]
06-13 20:01:45.916 1551 1911 I sync : [com.tencent.android.qqdownloader.YYBLiveAccountProvider,1,3,24220937]
06-13 20:01:45.918 1551 1684 I am_pss : [17024,10092,com.tencent.android.qqdownloader:daemon,120810496,105889792,216064,196435968,0,3,15]
06-13 20:01:45.918 1551 1911 I commit_sys_config_file: [sync-status,59885284]
06-13 20:01:45.923 1551 1684 I am_pss : [14553,10065,com.android.webview:webview_service,32458752,2854912,27163648,36966400,0,3,5]
06-13 20:01:45.925 1551 1911 I sync : [com.tencent.android.qqdownloader.YYBLiveAccountProvider,0,3,24220937]
06-13 20:01:45.929 1551 1684 I am_pss : [14417,10092,com.tencent.android.qqdownloader:cloud,16905216,10358784,239616,72011776,0,3,5]
06-13 20:01:45.935 1551 1684 I am_pss : [17276,99000,com.android.webview:sandboxed_process0:org.chromium.content.app.SandboxedProcessService0:0,20338688,11673600,239616,73416704,0,3,6]
06-13 20:01:45.944 1551 1684 I am_pss : [1924,1002,com.android.bluetooth,40984576,38039552,69632,121311232,0,0,8]
06-13 20:01:45.950 1551 1684 I am_pss : [13669,10092,com.tencent.android.qqdownloader:live,21962752,13103104,237568,83976192,0,5,6]
06-13 20:01:45.957 1551 1911 I sync : [com.tencent.android.qqdownloader.YYBLiveAccountProvider,1,3,24220937]
06-13 20:01:45.960 1551 1911 I commit_sys_config_file: [sync-status,59885326]
06-13 20:01:45.961 1551 1684 I am_pss : [3299,10031,com.baidu.input,66733056,61657088,67584,158846976,0,7,10]
06-13 20:01:45.968 1551 1684 I am_pss : [3097,10090,com.android.providers.media.module,15006720,12599296,69632,90902528,0,0,6]
06-13 20:01:45.974 1551 1684 I am_pss : [2461,10091,android.ext.services,11424768,8884224,69632,87744512,0,5,5]
06-13 20:01:45.979 1551 1684 I am_pss : [3131,10070,com.qualcomm.location.XT,6106112,4194304,69632,76865536,0,6,4]
06-13 20:01:45.985 1551 1684 I am_pss : [2770,10076,com.qualcomm.location,9561088,6889472,69632,86155264,0,0,5]
06-13 20:01:45.990 1551 1684 I am_pss : [2153,1001,.dataservices,8313856,6139904,69632,80855040,0,0,4]
06-13 20:01:45.996 1551 1684 I am_pss : [2202,1073,com.android.networkstack.process,14279680,11018240,68608,94056448,0,0,6]
06-13 20:01:46.010 1551 1684 I am_pss : [1949,10075,com.android.systemui,172069888,164020224,67584,270065664,0,0,12]
06-13 20:01:47.925 1551 1669 I commit_sys_config_file: [jobs,6]
06-13 20:01:50.940 0 0 E [66832.864323] link_delay_work_func: DTC_ETH: SQI=0, link=0
06-13 20:01:56.060 0 0 E [66837.984331] link_delay_work_func: DTC_ETH: SQI=0, link=0
06-13 20:02:01.181 0 0 E [66843.104341] link_delay_work_func: DTC_ETH: SQI=0, link=0
06-13 20:02:06.300 0 0 E [66848.224344] link_delay_work_func: DTC_ETH: SQI=0, link=0
06-13 20:02:11.420 0 0 E [66853.344323] link_delay_work_func: DTC_ETH: SQI=0, link=0
06-13 20:02:11.980 0 0 I [66853.905517] init: processing action (sys.tlog.tlogdshc.active=1) from (/system/etc/init/tlogd.rc:195)
06-13 20:02:11.980 0 0 I [66853.906082] init: starting service 'tlogdshc'...
06-13 20:02:12.036 19739 19739 I auditd : type=1400 audit(0.0:3792): avc: denied { kill } for comm="ls" capability=5 scontext=u:r:np_thundercomm_tlogdsh:s0 tcontext=u:r:np_thundercomm_tlogdsh:s0 tclass=capability permissive=0
06-13 20:02:12.108 0 0 I [66854.035957] init: Service 'tlogdshc' (pid 19735) exited with status 0 oneshot service took 0.125000 seconds in background
06-13 20:02:12.108 0 0 I [66854.035984] init: Sending signal 9 to service 'tlogdshc' (pid 19735) process group...
06-13 20:02:12.108 0 0 I [66854.036155] libprocessgroup: Successfully killed process cgroup uid 0 pid 19735 in 0ms
06-13 20:02:16.540 0 0 E [66858.464319] link_delay_work_func: DTC_ETH: SQI=0, link=0
06-13 20:02:20.875 1551 1911 I sync : [com.tencent.android.qqdownloader.YYBLiveAccountProvider,0,3,24220937]
06-13 20:02:20.907 1551 1911 I sync : [com.tencent.android.qqdownloader.YYBLiveAccountProvider,1,3,24220937]
06-13 20:02:20.910 1551 1911 I commit_sys_config_file: [sync-status,59920275]
06-13 20:02:20.918 1551 1911 I sync : [com.tencent.android.qqdownloader.YYBLiveAccountProvider,0,3,24220937]
06-13 20:02:20.954 1551 1911 I sync : [com.tencent.android.qqdownloader.YYBLiveAccountProvider,1,3,24220937]
06-13 20:02:20.957 1551 1911 I commit_sys_config_file: [sync-status,59920323]
06-13 20:02:21.660 0 0 E [66863.584356] link_delay_work_func: DTC_ETH: SQI=0, link=0
06-13 20:02:22.916 1551 1669 I commit_sys_config_file: [jobs,7]
06-13 20:02:26.075 1551 1551 I notification_enqueue: [10092,17024,com.tencent.android.qqdownloader,127,NULL,0,Notification(channel=channel_id_default_silent shortcut=null contentView=com.tencent.android.qqdownloader/0x7f0a01c2 vibrate=null sound=null defaults=0x0 flags=0x2a2 color=0x00000000 groupKey=com.tencent.android.qqdownloader vis=PRIVATE),1]
06-13 20:02:26.780 0 0 E [66868.704373] link_delay_work_func: DTC_ETH: SQI=0, link=0
06-13 20:02:31.900 0 0 E [66873.824396] link_delay_work_func: DTC_ETH: SQI=0, link=0
06-13 20:02:37.020 0 0 E [66878.944327] link_delay_work_func: DTC_ETH: SQI=0, link=0
06-13 20:02:41.988 0 0 I [66883.910820] init: processing action (sys.tlog.tlogdshc.active=1) from (/system/etc/init/tlogd.rc:195)
06-13 20:02:41.988 0 0 I [66883.911366] init: starting service 'tlogdshc'...
06-13 20:02:42.036 19778 19778 I auditd : type=1400 audit(0.0:3793): avc: denied { kill } for comm="tlogd.sh" capability=5 scontext=u:r:np_thundercomm_tlogdsh:s0 tcontext=u:r:np_thundercomm_tlogdsh:s0 tclass=capability permissive=0
06-13 20:02:42.092 0 0 I [66884.020056] init: Service 'tlogdshc' (pid 19778) exited with status 0 oneshot service took 0.104000 seconds in background
06-13 20:02:42.092 0 0 I [66884.020086] init: Sending signal 9 to service 'tlogdshc' (pid 19778) process group...
06-13 20:02:42.092 0 0 I [66884.020353] libprocessgroup: Successfully killed process cgroup uid 0 pid 19778 in 0ms
06-13 20:02:42.140 0 0 E [66884.064319] link_delay_work_func: DTC_ETH: SQI=0, link=0
06-13 20:02:47.260 0 0 E [66889.184322] link_delay_work_func: DTC_ETH: SQI=0, link=0
06-13 20:02:52.377 0 0 E [66894.304395] link_delay_work_func: DTC_ETH: SQI=0, link=0
06-13 20:02:55.879 1551 1911 I sync : [com.tencent.android.qqdownloader.YYBLiveAccountProvider,0,3,24220937]
06-13 20:02:55.919 1551 1911 I sync : [com.tencent.android.qqdownloader.YYBLiveAccountProvider,1,3,24220937]
06-13 20:02:55.922 1551 1911 I commit_sys_config_file: [sync-status,59955288]
06-13 20:02:55.933 1551 1911 I sync : [com.tencent.android.qqdownloader.YYBLiveAccountProvider,0,3,24220937]
06-13 20:02:55.965 1551 1911 I sync : [com.tencent.android.qqdownloader.YYBLiveAccountProvider,1,3,24220937]
06-13 20:02:55.968 1551 1911 I commit_sys_config_file: [sync-status,59955334]
06-13 20:02:57.500 0 0 E [66899.424374] link_delay_work_func: DTC_ETH: SQI=0, link=0
06-13 20:02:57.928 1551 1669 I commit_sys_config_file: [jobs,6]
06-13 20:02:59.093 1551 7377 I commit_sys_config_file: [appops,66881748]
06-13 20:03:02.620 0 0 E [66904.544350] link_delay_work_func: DTC_ETH: SQI=0, link=0
06-13 20:03:07.740 0 0 E [66909.664350] link_delay_work_func: DTC_ETH: SQI=0, link=0
06-13 20:03:11.992 0 0 I [66913.919390] init: processing action (sys.tlog.tlogdshc.active=1) from (/system/etc/init/tlogd.rc:195)
06-13 20:03:11.992 0 0 I [66913.919975] init: starting service 'tlogdshc'...
06-13 20:03:12.036 19827 19827 I auditd : type=1400 audit(0.0:3794): avc: denied { kill } for comm="ls" capability=5 scontext=u:r:np_thundercomm_tlogdsh:s0 tcontext=u:r:np_thundercomm_tlogdsh:s0 tclass=capability permissive=0
06-13 20:03:12.112 0 0 I [66914.037122] init: Service 'tlogdshc' (pid 19824) exited with status 0 oneshot service took 0.112000 seconds in background
06-13 20:03:12.112 0 0 I [66914.037153] init: Sending signal 9 to service 'tlogdshc' (pid 19824) process group...
06-13 20:03:12.112 0 0 I [66914.037345] libprocessgroup: Successfully killed process cgroup uid 0 pid 19824 in 0ms
06-13 20:03:12.860 0 0 E [66914.784374] link_delay_work_func: DTC_ETH: SQI=0, link=0
06-13 20:03:17.980 0 0 E [66919.904333] link_delay_work_func: DTC_ETH: SQI=0, link=0
06-13 20:03:23.100 0 0 E [66925.024331] link_delay_work_func: DTC_ETH: SQI=0, link=0
06-13 20:03:27.569 1551 1551 I notification_enqueue: [10092,17024,com.tencent.android.qqdownloader,127,NULL,0,Notification(channel=channel_id_default_silent shortcut=null contentView=com.tencent.android.qqdownloader/0x7f0a01c2 vibrate=null sound=null defaults=0x0 flags=0x2a2 color=0x00000000 groupKey=com.tencent.android.qqdownloader vis=PRIVATE),1]
06-13 20:03:28.220 0 0 E [66930.144355] link_delay_work_func: DTC_ETH: SQI=0, link=0
06-13 20:03:30.879 1551 1911 I sync : [com.tencent.android.qqdownloader.YYBLiveAccountProvider,0,3,24220937]
06-13 20:03:30.895 1551 1684 I commit_sys_config_file: [procstats,21]
06-13 20:03:30.916 1551 1911 I sync : [com.tencent.android.qqdownloader.YYBLiveAccountProvider,1,3,24220937]
06-13 20:03:30.937 1551 1911 I commit_sys_config_file: [sync-status,59990303]
06-13 20:03:30.945 1551 1911 I sync : [com.tencent.android.qqdownloader.YYBLiveAccountProvider,0,3,24220937]
06-13 20:03:30.982 1551 1911 I sync : [com.tencent.android.qqdownloader.YYBLiveAccountProvider,1,3,24220937]
06-13 20:03:30.985 1551 1911 I commit_sys_config_file: [sync-status,59990350]
06-13 20:03:31.108 1551 1684 I am_meminfo: [3140767744,1488474112,38215680,439205888,380453888]
06-13 20:03:31.118 1551 1684 I am_pss : [4423,1000,com.thundercomm.screensaver,64257024,57339904,3825664,124477440,2,2,9]
06-13 20:03:31.127 1551 1684 I am_pss : [2159,10025,com.android.packageinstaller,42858496,38633472,81920,131665920,2,15,8]
06-13 20:03:31.139 1551 1684 I am_pss : [2614,10069,com.android.launcher3,104829952,99389440,67584,197509120,2,6,11]
06-13 20:03:31.165 1551 1684 I am_pss : [13749,10092,com.tencent.android.qqdownloader,303387648,287756288,196608,381345792,2,2,25]
06-13 20:03:31.179 1551 1684 I am_pss : [17024,10092,com.tencent.android.qqdownloader:daemon,115369984,100433920,216064,191016960,2,3,14]
06-13 20:03:31.184 1551 1684 I am_pss : [14553,10065,com.android.webview:webview_service,32458752,2854912,27163648,36966400,2,3,4]
06-13 20:03:31.190 1551 1684 I am_pss : [14417,10092,com.tencent.android.qqdownloader:cloud,16905216,10358784,239616,72011776,2,3,5]
06-13 20:03:31.196 1551 1684 I am_pss : [17276,99000,com.android.webview:sandboxed_process0:org.chromium.content.app.SandboxedProcessService0:0,20338688,11673600,239616,73416704,2,3,6]
06-13 20:03:31.209 1551 1684 I am_pss : [19086,1000,com.android.settings,147769344,70221824,74992640,130994176,2,16,12]
06-13 20:03:31.217 1551 1684 I am_pss : [12962,10033,com.android.documentsui,30114816,18145280,9445376,81489920,2,19,7]
06-13 20:03:31.227 1551 1684 I am_pss : [1924,1002,com.android.bluetooth,40984576,38039552,69632,121311232,2,0,9]
06-13 20:03:31.233 1551 1684 I am_pss : [13669,10092,com.tencent.android.qqdownloader:live,21467136,12582912,237568,83513344,2,5,6]
06-13 20:03:31.239 1551 1684 I am_pss : [9257,10019,com.android.providers.calendar,10426368,2678784,6606848,45527040,2,19,5]
06-13 20:03:31.245 1551 1684 I am_pss : [4153,10062,com.thundercomm.gamemode.provider,9113600,3022848,5180416,43147264,2,15,5]
06-13 20:03:31.251 1551 1684 I am_pss : [3737,10089,com.android.permissioncontroller,13872128,8372224,3829760,61857792,2,19,6]
06-13 20:03:31.257 1551 1684 I am_pss : [2400,10064,com.android.gallery3d,8757248,3751936,3803136,49397760,2,19,5]
06-13 20:03:31.262 1551 1684 I am_pss : [2635,10084,com.qualcomm.qti.qccauthmgr,9162752,1925120,6424576,40087552,2,19,5]
06-13 20:03:31.267 1551 1684 I am_pss : [3143,10018,android.process.media,10969088,1277952,8643584,42127360,2,19,4]
06-13 20:03:31.273 1551 1684 I am_pss : [18713,10035,com.microsoft.emmx,18750464,7348224,10016768,56815616,2,19,6]
06-13 20:03:31.284 1551 1684 I am_pss : [3299,10031,com.baidu.input,66733056,61657088,67584,158846976,2,7,10]
