06-13 18:22:00.613 1551 1911 I commit_sys_config_file: [sync-status,53899979]
06-13 18:22:02.578 1551 1669 I commit_sys_config_file: [jobs,5]
06-13 18:22:05.660 0 0 E [60847.584318] link_delay_work_func: DTC_ETH: SQI=0, link=0
06-13 18:22:10.780 0 0 E [60852.704316] link_delay_work_func: DTC_ETH: SQI=0, link=0
06-13 18:22:11.292 0 0 I [60853.220383] init: processing action (sys.tlog.tlogdshc.active=1) from (/system/etc/init/tlogd.rc:195)
06-13 18:22:11.296 0 0 I [60853.221022] init: starting service 'tlogdshc'...
06-13 18:22:11.416 0 0 I [60853.340723] init: Service 'tlogdshc' (pid 9509) exited with status 0 oneshot service took 0.115000 seconds in background
06-13 18:22:11.416 0 0 I [60853.340755] init: Sending signal 9 to service 'tlogdshc' (pid 9509) process group...
06-13 18:22:11.416 0 0 I [60853.340942] libprocessgroup: Successfully killed process cgroup uid 0 pid 9509 in 0ms
06-13 18:22:15.900 0 0 E [60857.824358] link_delay_work_func: DTC_ETH: SQI=0, link=0
06-13 18:22:20.066 1551 1551 I notification_enqueue: [10092,17024,com.tencent.android.qqdownloader,127,NULL,0,Notification(channel=channel_id_default_silent shortcut=null contentView=com.tencent.android.qqdownloader/0x7f0a01c2 vibrate=null sound=null defaults=0x0 flags=0x2a2 color=0x00000000 groupKey=com.tencent.android.qqdownloader vis=PRIVATE),1]
06-13 18:22:21.020 0 0 E [60862.944296] link_delay_work_func: DTC_ETH: SQI=0, link=0
06-13 18:22:26.140 0 0 E [60868.064302] link_delay_work_func: DTC_ETH: SQI=0, link=0
06-13 18:22:31.261 0 0 E [60873.184306] link_delay_work_func: DTC_ETH: SQI=0, link=0
06-13 18:22:35.530 1551 1911 I sync : [com.tencent.android.qqdownloader.YYBLiveAccountProvider,0,3,24220937]
06-13 18:22:35.566 1551 1911 I sync : [com.tencent.android.qqdownloader.YYBLiveAccountProvider,1,3,24220937]
06-13 18:22:35.569 1551 1911 I commit_sys_config_file: [sync-status,53934934]
06-13 18:22:35.578 1551 1911 I sync : [com.tencent.android.qqdownloader.YYBLiveAccountProvider,0,3,24220937]
06-13 18:22:35.609 1551 1911 I sync : [com.tencent.android.qqdownloader.YYBLiveAccountProvider,1,3,24220937]
06-13 18:22:35.612 1551 1911 I commit_sys_config_file: [sync-status,53934977]
06-13 18:22:36.380 0 0 E [60878.304324] link_delay_work_func: DTC_ETH: SQI=0, link=0
06-13 18:22:37.574 1551 1669 I commit_sys_config_file: [jobs,6]
06-13 18:22:41.300 0 0 I [60883.224885] init: processing action (sys.tlog.tlogdshc.active=1) from (/system/etc/init/tlogd.rc:195)
06-13 18:22:41.300 0 0 I [60883.225395] init: starting service 'tlogdshc'...
06-13 18:22:41.410 0 0 I [60883.332368] init: Service 'tlogdshc' (pid 9552) exited with status 0 oneshot service took 0.102000 seconds in background
06-13 18:22:41.410 0 0 I [60883.332399] init: Sending signal 9 to service 'tlogdshc' (pid 9552) process group...
06-13 18:22:41.410 0 0 I [60883.332567] libprocessgroup: Successfully killed process cgroup uid 0 pid 9552 in 0ms
06-13 18:22:41.500 0 0 E [60883.424335] link_delay_work_func: DTC_ETH: SQI=0, link=0
06-13 18:22:46.620 0 0 E [60888.544292] link_delay_work_func: DTC_ETH: SQI=0, link=0
06-13 18:22:51.740 0 0 E [60893.664412] link_delay_work_func: DTC_ETH: SQI=0, link=0
06-13 18:22:56.856 0 0 E [60898.784381] link_delay_work_func: DTC_ETH: SQI=0, link=0
06-13 18:23:01.980 0 0 E [60903.904320] link_delay_work_func: DTC_ETH: SQI=0, link=0
06-13 18:23:07.100 0 0 E [60909.024335] link_delay_work_func: DTC_ETH: SQI=0, link=0
06-13 18:23:10.532 1551 1911 I sync : [com.tencent.android.qqdownloader.YYBLiveAccountProvider,0,3,24220937]
06-13 18:23:10.578 1551 1911 I sync : [com.tencent.android.qqdownloader.YYBLiveAccountProvider,1,3,24220937]
06-13 18:23:10.581 1551 1911 I commit_sys_config_file: [sync-status,53969947]
06-13 18:23:10.591 1551 1911 I sync : [com.tencent.android.qqdownloader.YYBLiveAccountProvider,0,3,24220937]
06-13 18:23:10.627 1551 1911 I sync : [com.tencent.android.qqdownloader.YYBLiveAccountProvider,1,3,24220937]
06-13 18:23:10.629 1551 1911 I commit_sys_config_file: [sync-status,53969995]
06-13 18:23:11.304 0 0 I [60913.231070] init: processing action (sys.tlog.tlogdshc.active=1) from (/system/etc/init/tlogd.rc:195)
06-13 18:23:11.304 0 0 I [60913.231567] init: starting service 'tlogdshc'...
06-13 18:23:11.420 0 0 I [60913.346772] init: Service 'tlogdshc' (pid 9593) exited with status 0 oneshot service took 0.110000 seconds in background
06-13 18:23:11.420 0 0 I [60913.346801] init: Sending signal 9 to service 'tlogdshc' (pid 9593) process group...
06-13 18:23:11.420 0 0 I [60913.346973] libprocessgroup: Successfully killed process cgroup uid 0 pid 9593 in 0ms
06-13 18:23:12.220 0 0 E [60914.144313] link_delay_work_func: DTC_ETH: SQI=0, link=0
06-13 18:23:12.587 1551 1669 I commit_sys_config_file: [jobs,6]
06-13 18:23:17.340 0 0 E [60919.264330] link_delay_work_func: DTC_ETH: SQI=0, link=0
06-13 18:23:21.568 1551 1551 I notification_enqueue: [10092,17024,com.tencent.android.qqdownloader,127,NULL,0,Notification(channel=channel_id_default_silent shortcut=null contentView=com.tencent.android.qqdownloader/0x7f0a01c2 vibrate=null sound=null defaults=0x0 flags=0x2a2 color=0x00000000 groupKey=com.tencent.android.qqdownloader vis=PRIVATE),1]
06-13 18:23:22.456 0 0 E [60924.384359] link_delay_work_func: DTC_ETH: SQI=0, link=0
06-13 18:23:27.580 0 0 E [60929.504308] link_delay_work_func: DTC_ETH: SQI=0, link=0
06-13 18:23:32.700 0 0 E [60934.624326] link_delay_work_func: DTC_ETH: SQI=0, link=0
06-13 18:23:37.820 0 0 E [60939.744310] link_delay_work_func: DTC_ETH: SQI=0, link=0
06-13 18:23:41.308 0 0 I [60943.233742] init: processing action (sys.tlog.tlogdshc.active=1) from (/system/etc/init/tlogd.rc:195)
06-13 18:23:41.308 0 0 I [60943.234590] init: starting service 'tlogdshc'...
06-13 18:23:41.424 0 0 I [60943.349457] init: Service 'tlogdshc' (pid 9634) exited with status 0 oneshot service took 0.109000 seconds in background
06-13 18:23:41.424 0 0 I [60943.349484] init: Sending signal 9 to service 'tlogdshc' (pid 9634) process group...
06-13 18:23:41.424 0 0 I [60943.349646] libprocessgroup: Successfully killed process cgroup uid 0 pid 9634 in 0ms
06-13 18:23:42.940 0 0 E [60944.864346] link_delay_work_func: DTC_ETH: SQI=0, link=0
06-13 18:23:45.534 1551 1911 I sync : [com.tencent.android.qqdownloader.YYBLiveAccountProvider,0,3,24220937]
06-13 18:23:45.574 1551 1911 I sync : [com.tencent.android.qqdownloader.YYBLiveAccountProvider,1,3,24220937]
06-13 18:23:45.577 1551 1911 I commit_sys_config_file: [sync-status,54004943]
06-13 18:23:45.584 1551 1911 I sync : [com.tencent.android.qqdownloader.YYBLiveAccountProvider,0,3,24220937]
06-13 18:23:45.616 1551 1911 I sync : [com.tencent.android.qqdownloader.YYBLiveAccountProvider,1,3,24220937]
06-13 18:23:45.619 1551 1911 I commit_sys_config_file: [sync-status,54004985]
06-13 18:23:47.584 1551 1669 I commit_sys_config_file: [jobs,6]
06-13 18:23:48.060 0 0 E [60949.984311] link_delay_work_func: DTC_ETH: SQI=0, link=0
06-13 18:23:53.180 0 0 E [60955.104335] link_delay_work_func: DTC_ETH: SQI=0, link=0
06-13 18:23:58.300 0 0 E [60960.224308] link_delay_work_func: DTC_ETH: SQI=0, link=0
06-13 18:24:02.480 0 0 I [60964.405565] [schedu][0x1108b43d104][18: 24:02.477643] wlan: [3481:I:WMA] [18:24:02.410000] [ROAM_TRIGGER]: VDEV[0] Reason: "PER"
06-13 18:24:02.480 0 0 I [60964.405598] [schedu][0x1108b43d436][18: 24:02.477685] wlan: [3481:I:WMA] [18:24:02.410000] [ROAM_SCAN]: VDEV[0] Scan_type: PARTIAL {2412 5180 }
06-13 18:24:02.480 0 0 I [60964.405615] [schedu][0x1108b43d583][18: 24:02.477703] wlan: [3481:I:WMA] ============================================================================================================================
06-13 18:24:02.480 0 0 I [60964.405662] [schedu][0x1108b43d740][18: 24:02.477726] wlan: [3481:I:WMA] AP BSSID TSTAMP CH TY ETP RSSI/SCR CU%/SCR TOT_SCR BL_RSN BL_SRC BL_TSTAMP BL_TIMEOUT(ms)
06-13 18:24:02.480 0 0 I [60964.405679] [schedu][0x1108b43da4c][18: 24:02.477766] wlan: [3481:I:WMA] ============================================================================================================================
06-13 18:24:02.480 0 0 I [60964.405709] [schedu][0x1108b43dc8b][18: 24:02.477796] wlan: [3481:I:WMA] 38:a9:1c:35:03:09 [18:24:02.410000] 5180 P_AP 0 47/0 0/0 6092 0 0 [00:00:00.000000] 0
06-13 18:24:02.480 0 0 I [60964.405738] [schedu][0x1108b43dea7][18: 24:02.477824] wlan: [3481:I:WMA] 38:a9:1c:35:03:06 [18:24:02.441000] 2412 C_AP 65 54/0 0/0 5136 0 0 [00:00:00.000000] 0
06-13 18:24:02.480 0 0 I [60964.405761] [schedu][0x1108b43e099][18: 24:02.477850] wlan: [3481:I:WMA] [18:24:02.471000] [ROAM_RESULT]: VDEV[0] FAILED Reason: NO CANDIDATE FOUND
06-13 18:24:03.417 0 0 E [60965.344351] link_delay_work_func: DTC_ETH: SQI=0, link=0
06-13 18:24:04.781 0 0 I [60966.708466] [schedu][0x1108de67d85][18: 24:04.780530] wlan: [3481:I:WMA] [18:24:02.479000] [ROAM_TRIGGER]: VDEV[0] Reason: "PER" Sub-Reason: FULL SCAN
06-13 18:24:04.781 0 0 I [60966.708575] [schedu][0x1108de681d5][18: 24:04.780587] wlan: [3481:I:WMA] [18:24:02.479000] [ROAM_SCAN]: VDEV[0] Scan_type: FULL
06-13 18:24:04.781 0 0 I [60966.708595] [schedu][0x1108de688ec][18: 24:04.780681] wlan: [3481:I:WMA] ============================================================================================================================
06-13 18:24:04.781 0 0 I [60966.708620] [schedu][0x1108de68ae0][18: 24:04.780707] wlan: [3481:I:WMA] AP BSSID TSTAMP CH TY ETP RSSI/SCR CU%/SCR TOT_SCR BL_RSN BL_SRC BL_TSTAMP BL_TIMEOUT(ms)
06-13 18:24:04.781 0 0 I [60966.708636] [schedu][0x1108de68c1d][18: 24:04.780724] wlan: [3481:I:WMA] ============================================================================================================================
06-13 18:24:04.781 0 0 I [60966.708666] [schedu][0x1108de68e54][18: 24:04.780753] wlan: [3481:I:WMA] 38:a9:1c:35:03:09 [18:24:02.479000] 5180 P_AP 0 47/0 0/0 6092 0 0 [00:00:00.000000] 0
06-13 18:24:04.781 0 0 I [60966.708694] [schedu][0x1108de6906a][18: 24:04.780781] wlan: [3481:I:WMA] 38:a9:1c:35:03:06 [18:24:02.509000] 2412 C_AP 65 50/0 0/0 5136 0 0 [00:00:00.000000] 0
06-13 18:24:04.781 0 0 I [60966.708719] [schedu][0x1108de6926c][18: 24:04.780808] wlan: [3481:I:WMA] [18:24:04.773000] [ROAM_RESULT]: VDEV[0] FAILED Reason: NO CANDIDATE FOUND
06-13 18:24:08.540 0 0 E [60970.464323] link_delay_work_func: DTC_ETH: SQI=0, link=0
06-13 18:24:11.308 0 0 I [60973.235705] init: processing action (sys.tlog.tlogdshc.active=1) from (/system/etc/init/tlogd.rc:195)
06-13 18:24:11.312 0 0 I [60973.236548] init: starting service 'tlogdshc'...
06-13 18:24:11.428 0 0 I [60973.353209] init: Service 'tlogdshc' (pid 9699) exited with status 0 oneshot service took 0.111000 seconds in background
06-13 18:24:11.428 0 0 I [60973.353237] init: Sending signal 9 to service 'tlogdshc' (pid 9699) process group...
06-13 18:24:11.428 0 0 I [60973.353414] libprocessgroup: Successfully killed process cgroup uid 0 pid 9699 in 0ms
06-13 18:24:13.663 0 0 E [60975.584338] link_delay_work_func: DTC_ETH: SQI=0, link=0
06-13 18:24:18.780 0 0 E [60980.704431] link_delay_work_func: DTC_ETH: SQI=0, link=0
06-13 18:24:20.541 1551 1911 I sync : [com.tencent.android.qqdownloader.YYBLiveAccountProvider,0,3,24220937]
06-13 18:24:20.578 1551 1911 I sync : [com.tencent.android.qqdownloader.YYBLiveAccountProvider,1,3,24220937]
06-13 18:24:20.581 1551 1911 I commit_sys_config_file: [sync-status,54039947]
06-13 18:24:20.590 1551 1911 I sync : [com.tencent.android.qqdownloader.YYBLiveAccountProvider,0,3,24220937]
06-13 18:24:20.632 1551 1911 I sync : [com.tencent.android.qqdownloader.YYBLiveAccountProvider,1,3,24220937]
06-13 18:24:20.635 1551 1911 I commit_sys_config_file: [sync-status,54040001]
06-13 18:24:22.587 1551 1669 I commit_sys_config_file: [jobs,5]
06-13 18:24:23.085 1551 1551 I notification_enqueue: [10092,17024,com.tencent.android.qqdownloader,127,NULL,0,Notification(channel=channel_id_default_silent shortcut=null contentView=com.tencent.android.qqdownloader/0x7f0a01c2 vibrate=null sound=null defaults=0x0 flags=0x2a2 color=0x00000000 groupKey=com.tencent.android.qqdownloader vis=PRIVATE),1]
06-13 18:24:23.900 0 0 E [60985.824308] link_delay_work_func: DTC_ETH: SQI=0, link=0
06-13 18:24:29.020 0 0 E [60990.944522] link_delay_work_func: DTC_ETH: SQI=0, link=0
06-13 18:24:34.140 0 0 E [60996.064345] link_delay_work_func: DTC_ETH: SQI=0, link=0
06-13 18:24:39.260 0 0 E [61001.184298] link_delay_work_func: DTC_ETH: SQI=0, link=0
06-13 18:24:41.312 0 0 I [61003.237753] init: processing action (sys.tlog.tlogdshc.active=1) from (/system/etc/init/tlogd.rc:195)
06-13 18:24:41.312 0 0 I [61003.238343] init: starting service 'tlogdshc'...
06-13 18:24:41.428 0 0 I [61003.353413] init: Service 'tlogdshc' (pid 9744) exited with status 0 oneshot service took 0.110000 seconds in background
06-13 18:24:41.428 0 0 I [61003.353439] init: Sending signal 9 to service 'tlogdshc' (pid 9744) process group...
06-13 18:24:41.428 0 0 I [61003.353605] libprocessgroup: Successfully killed process cgroup uid 0 pid 9744 in 0ms
06-13 18:24:44.376 0 0 E [61006.304304] link_delay_work_func: DTC_ETH: SQI=0, link=0
06-13 18:24:49.500 0 0 E [61011.424306] link_delay_work_func: DTC_ETH: SQI=0, link=0
06-13 18:24:54.620 0 0 E [61016.544351] link_delay_work_func: DTC_ETH: SQI=0, link=0
06-13 18:24:55.541 1551 1911 I sync : [com.tencent.android.qqdownloader.YYBLiveAccountProvider,0,3,24220937]
06-13 18:24:55.577 1551 1911 I sync : [com.tencent.android.qqdownloader.YYBLiveAccountProvider,1,3,24220937]
06-13 18:24:55.580 1551 1911 I commit_sys_config_file: [sync-status,54074945]
06-13 18:24:55.586 1551 1911 I sync : [com.tencent.android.qqdownloader.YYBLiveAccountProvider,0,3,24220937]
06-13 18:24:55.632 1551 1911 I sync : [com.tencent.android.qqdownloader.YYBLiveAccountProvider,1,3,24220937]
06-13 18:24:55.635 1551 1911 I commit_sys_config_file: [sync-status,54075001]
06-13 18:24:57.585 1551 1669 I commit_sys_config_file: [jobs,6]
06-13 18:24:59.740 0 0 E [61021.664329] link_delay_work_func: DTC_ETH: SQI=0, link=0
06-13 18:25:04.860 0 0 E [61026.784380] link_delay_work_func: DTC_ETH: SQI=0, link=0
06-13 18:25:09.984 0 0 E [61031.908366] link_delay_work_func: DTC_ETH: SQI=0, link=0
06-13 18:25:11.316 0 0 I [61033.243491] init: processing action (sys.tlog.tlogdshc.active=1) from (/system/etc/init/tlogd.rc:195)
06-13 18:25:11.316 0 0 I [61033.244121] init: starting service 'tlogdshc'...
06-13 18:25:11.428 0 0 I [61033.355114] init: Service 'tlogdshc' (pid 9791) exited with status 0 oneshot service took 0.106000 seconds in background
06-13 18:25:11.428 0 0 I [61033.355143] init: Sending signal 9 to service 'tlogdshc' (pid 9791) process group...
06-13 18:25:11.428 0 0 I [61033.355313] libprocessgroup: Successfully killed process cgroup uid 0 pid 9791 in 0ms
06-13 18:25:15.102 0 0 E [61037.024300] link_delay_work_func: DTC_ETH: SQI=0, link=0
06-13 18:25:20.220 0 0 E [61042.144334] link_delay_work_func: DTC_ETH: SQI=0, link=0
06-13 18:25:24.565 1551 1551 I notification_enqueue: [10092,17024,com.tencent.android.qqdownloader,127,NULL,0,Notification(channel=channel_id_default_silent shortcut=null contentView=com.tencent.android.qqdownloader/0x7f0a01c2 vibrate=null sound=null defaults=0x0 flags=0x2a2 color=0x00000000 groupKey=com.tencent.android.qqdownloader vis=PRIVATE),1]
06-13 18:25:25.336 0 0 E [61047.264347] link_delay_work_func: DTC_ETH: SQI=0, link=0
06-13 18:25:29.411 1551 1822 I input_interaction: Interaction with: 9559b34 com.thundercomm.screensaver/android.service.dreams.DreamActivity (server), edge-swipe (server), swipe-up (server), PointerEventDispatcher0 (server),
06-13 18:25:29.639 1551 3105 I wm_finish_activity: [0,19593669,69,com.thundercomm.screensaver/android.service.dreams.DreamActivity,finish-activity]
06-13 18:25:29.639 1551 3105 I wm_task_moved: [63,1,8]
06-13 18:25:29.639 1551 3105 I wm_task_to_front: [0,63]
06-13 18:25:29.641 1551 3105 I wm_focused_root_task: [0,0,63,69,finish-top adjustFocusToNextFocusableTask]
06-13 18:25:29.642 1551 3105 I wm_pause_activity: [0,19593669,com.thundercomm.screensaver/android.service.dreams.DreamActivity,userLeaving=false,finish]
06-13 18:25:29.650 1551 1670 I sysui_multi_action: [757,803,799,window_time_0,802,883]
06-13 18:25:29.653 4423 4423 I wm_on_top_resumed_lost_called: [19593669,android.service.dreams.DreamActivity,topStateChangedWhenResumed]
06-13 18:25:29.654 4423 4423 I wm_on_paused_called: [19593669,android.service.dreams.DreamActivity,performPause]
06-13 18:25:29.654 1551 18730 I wm_add_to_stopping: [0,19593669,com.thundercomm.screensaver/android.service.dreams.DreamActivity,completeFinishing]
06-13 18:25:29.658 1551 18730 I wm_set_resumed_activity: [0,com.android.packageinstaller/.InstallSuccess,resumeTopActivityInnerLocked]
06-13 18:25:29.667 1551 18730 I wm_resume_activity: [0,180441741,63,com.android.packageinstaller/.InstallSuccess]
06-13 18:25:29.667 1551 1822 I input_focus: [Focus leaving 9559b34 com.thundercomm.screensaver/android.service.dreams.DreamActivity (server),reason=NO_WINDOW]
06-13 18:25:29.675 2159 2159 I wm_on_restart_called: [74738226,com.android.packageinstaller.DeleteStagedFileOnResult,performRestartActivity]
06-13 18:25:29.675 2159 2159 I wm_on_start_called: [74738226,com.android.packageinstaller.DeleteStagedFileOnResult,handleStartActivity]
06-13 18:25:29.675 1551 1670 I am_uid_active: 10025
06-13 18:25:29.676 2159 2159 I wm_on_restart_called: [7374649,com.android.packageinstaller.PackageInstallerActivity,performRestartActivity]
06-13 18:25:29.676 2159 2159 I wm_on_start_called: [7374649,com.android.packageinstaller.PackageInstallerActivity,handleStartActivity]
06-13 18:25:29.676 2614 2614 I wm_on_restart_called: [87018331,com.android.launcher3.uioverrides.QuickstepLauncher,performRestartActivity]
06-13 18:25:29.676 2614 2614 I wm_on_start_called: [87018331,com.android.launcher3.uioverrides.QuickstepLauncher,handleStartActivity]
06-13 18:25:29.676 2159 2159 I wm_on_restart_called: [72266132,com.android.packageinstaller.DeleteStagedFileOnResult,performRestartActivity]
06-13 18:25:29.676 2159 2159 I wm_on_start_called: [72266132,com.android.packageinstaller.DeleteStagedFileOnResult,handleStartActivity]
06-13 18:25:29.677 2159 2159 I wm_on_restart_called: [133276095,com.android.packageinstaller.PackageInstallerActivity,performRestartActivity]
06-13 18:25:29.677 2159 2159 I wm_on_start_called: [133276095,com.android.packageinstaller.PackageInstallerActivity,handleStartActivity]
06-13 18:25:29.677 2159 2159 I wm_on_restart_called: [175349344,com.android.packageinstaller.DeleteStagedFileOnResult,performRestartActivity]
06-13 18:25:29.677 2159 2159 I wm_on_start_called: [175349344,com.android.packageinstaller.DeleteStagedFileOnResult,handleStartActivity]
06-13 18:25:29.677 2159 2159 I wm_on_restart_called: [123708259,com.android.packageinstaller.PackageInstallerActivity,performRestartActivity]
06-13 18:25:29.677 2159 2159 I wm_on_start_called: [123708259,com.android.packageinstaller.PackageInstallerActivity,handleStartActivity]
06-13 18:25:29.677 2159 2159 I wm_on_restart_called: [134710260,com.android.packageinstaller.DeleteStagedFileOnResult,performRestartActivity]
06-13 18:25:29.677 2159 2159 I wm_on_start_called: [134710260,com.android.packageinstaller.DeleteStagedFileOnResult,handleStartActivity]
06-13 18:25:29.677 2159 2159 I wm_on_restart_called: [220082946,com.android.packageinstaller.PackageInstallerActivity,performRestartActivity]
06-13 18:25:29.677 2159 2159 I wm_on_start_called: [220082946,com.android.packageinstaller.PackageInstallerActivity,handleStartActivity]
06-13 18:25:29.677 2159 2159 I wm_on_restart_called: [148957047,com.android.packageinstaller.DeleteStagedFileOnResult,performRestartActivity]
06-13 18:25:29.677 2159 2159 I wm_on_start_called: [148957047,com.android.packageinstaller.DeleteStagedFileOnResult,handleStartActivity]
06-13 18:25:29.677 2159 2159 I wm_on_restart_called: [216049083,com.android.packageinstaller.PackageInstallerActivity,performRestartActivity]
06-13 18:25:29.677 2159 2159 I wm_on_start_called: [216049083,com.android.packageinstaller.PackageInstallerActivity,handleStartActivity]
06-13 18:25:29.678 2159 2159 I wm_on_restart_called: [186497273,com.android.packageinstaller.DeleteStagedFileOnResult,performRestartActivity]
06-13 18:25:29.678 2159 2159 I wm_on_start_called: [186497273,com.android.packageinstaller.DeleteStagedFileOnResult,handleStartActivity]
06-13 18:25:29.678 2159 2159 I wm_on_restart_called: [240662303,com.android.packageinstaller.PackageInstallerActivity,performRestartActivity]
06-13 18:25:29.678 2159 2159 I wm_on_start_called: [240662303,com.android.packageinstaller.PackageInstallerActivity,handleStartActivity]
06-13 18:25:29.678 2159 2159 I wm_on_restart_called: [249091709,com.android.packageinstaller.DeleteStagedFileOnResult,performRestartActivity]
06-13 18:25:29.678 2159 2159 I wm_on_start_called: [249091709,com.android.packageinstaller.DeleteStagedFileOnResult,handleStartActivity]
06-13 18:25:29.678 2159 2159 I wm_on_restart_called: [220425749,com.android.packageinstaller.PackageInstallerActivity,performRestartActivity]
06-13 18:25:29.678 2159 2159 I wm_on_start_called: [220425749,com.android.packageinstaller.PackageInstallerActivity,handleStartActivity]
06-13 18:25:29.678 2159 2159 I wm_on_restart_called: [171589283,com.android.packageinstaller.DeleteStagedFileOnResult,performRestartActivity]
06-13 18:25:29.678 2159 2159 I wm_on_start_called: [171589283,com.android.packageinstaller.DeleteStagedFileOnResult,handleStartActivity]
06-13 18:25:29.678 2159 2159 I wm_on_restart_called: [240921632,com.android.packageinstaller.PackageInstallerActivity,performRestartActivity]
06-13 18:25:29.678 2159 2159 I wm_on_start_called: [240921632,com.android.packageinstaller.PackageInstallerActivity,handleStartActivity]
06-13 18:25:29.678 2159 2159 I wm_on_restart_called: [3960262,com.android.packageinstaller.DeleteStagedFileOnResult,performRestartActivity]
06-13 18:25:29.678 2159 2159 I wm_on_start_called: [3960262,com.android.packageinstaller.DeleteStagedFileOnResult,handleStartActivity]
06-13 18:25:29.678 2159 2159 I wm_on_restart_called: [223077111,com.android.packageinstaller.PackageInstallerActivity,performRestartActivity]
06-13 18:25:29.678 2159 2159 I wm_on_start_called: [223077111,com.android.packageinstaller.PackageInstallerActivity,handleStartActivity]
06-13 18:25:29.678 2159 2159 I wm_on_restart_called: [53462805,com.android.packageinstaller.DeleteStagedFileOnResult,performRestartActivity]
06-13 18:25:29.678 2159 2159 I wm_on_start_called: [53462805,com.android.packageinstaller.DeleteStagedFileOnResult,handleStartActivity]
06-13 18:25:29.678 2159 2159 I wm_on_restart_called: [27001122,com.android.packageinstaller.InstallSuccess,performRestartActivity]
06-13 18:25:29.678 2159 2159 I wm_on_start_called: [27001122,com.android.packageinstaller.InstallSuccess,handleStartActivity]
06-13 18:25:29.679 2159 2159 I wm_on_restart_called: [86616444,com.android.packageinstaller.DeleteStagedFileOnResult,performRestartActivity]
06-13 18:25:29.679 2159 2159 I wm_on_start_called: [86616444,com.android.packageinstaller.DeleteStagedFileOnResult,handleStartActivity]
06-13 18:25:29.680 2159 2159 I wm_on_restart_called: [180441741,com.android.packageinstaller.InstallSuccess,performRestartActivity]
06-13 18:25:29.680 2159 2159 I wm_on_start_called: [180441741,com.android.packageinstaller.InstallSuccess,handleStartActivity]
06-13 18:25:29.684 2159 2159 I wm_on_resume_called: [180441741,com.android.packageinstaller.InstallSuccess,RESUME_ACTIVITY]
06-13 18:25:29.684 2159 2159 I wm_on_top_resumed_gained_called: [180441741,com.android.packageinstaller.InstallSuccess,topWhenResuming]
06-13 18:25:29.685 1551 1670 I sysui_multi_action: [757,803,799,window_time_0,802,0]
06-13 18:25:29.690 1551 18730 I am_uid_active: 10062
06-13 18:25:29.690 1551 1672 I input_focus: [Focus request 5a546ec com.android.packageinstaller/com.android.packageinstaller.InstallSuccess,reason=UpdateInputWindows]
06-13 18:25:29.867 1551 1822 I input_focus: [Focus entering 5a546ec com.android.packageinstaller/com.android.packageinstaller.InstallSuccess (server),reason=Window became focusable. Previous reason: NOT_VISIBLE]
06-13 18:25:30.371 1551 1670 I wm_destroy_activity: [0,19593669,69,com.thundercomm.screensaver/android.service.dreams.DreamActivity,finish-imm:idle]
06-13 18:25:30.403 4423 4423 I wm_on_stop_called: [19593669,android.service.dreams.DreamActivity,LIFECYCLER_STOP_ACTIVITY]
06-13 18:25:30.405 4423 4423 I wm_on_destroy_called: [19593669,android.service.dreams.DreamActivity,performDestroy]
06-13 18:25:30.408 1551 1667 I sysui_multi_action: [757,222,758,2]
06-13 18:25:30.408 1551 1667 I sysui_multi_action: [757,804,799,dreaming_minutes,801,14,802,1]
06-13 18:25:30.433 1551 3105 I wm_task_removed: [69,removeChild:removeChild last r=ActivityRecord{12af9c5 u0 com.thundercomm.screensaver/android.service.dreams.DreamActivity taskAffinity=1000:android:com.thundercomm.screensaver/dream t-1 f}} in t=Task{4822d4 #69 type=dream A=1000:android:com.thundercomm.screensaver/dream U=0 visible=false mode=fullscreen translucent=true sz=0 visible freeform task=true rootAffinity=1000:android:com.thundercomm.screensaver/dream isMini=false}]
06-13 18:25:30.433 1551 3105 I wm_task_removed: [69,removeChild]
06-13 18:25:30.460 0 0 E [61052.385718] link_delay_work_func: DTC_ETH: SQI=0, link=0
06-13 18:25:30.539 1551 1911 I sync : [com.tencent.android.qqdownloader.YYBLiveAccountProvider,0,3,24220937]
06-13 18:25:30.585 1551 1911 I sync : [com.tencent.android.qqdownloader.YYBLiveAccountProvider,1,3,24220937]
06-13 18:25:30.592 1551 1911 I commit_sys_config_file: [sync-status,54109957]
06-13 18:25:30.599 1551 1911 I sync : [com.tencent.android.qqdownloader.YYBLiveAccountProvider,0,3,24220937]
06-13 18:25:30.626 1551 1911 I sync : [com.tencent.android.qqdownloader.YYBLiveAccountProvider,1,3,24220937]
06-13 18:25:30.628 1551 1911 I commit_sys_config_file: [sync-status,54109994]
06-13 18:25:32.251 1551 1822 I input_interaction: Interaction with: 5a546ec com.android.packageinstaller/com.android.packageinstaller.InstallSuccess (server), edge-swipe (server), swipe-up (server), PointerEventDispatcher0 (server),
06-13 18:25:32.361 1551 18520 I wm_finish_activity: [0,180441741,63,com.android.packageinstaller/.InstallSuccess,app-request]
06-13 18:25:32.370 1551 18520 I wm_pause_activity: [0,180441741,com.android.packageinstaller/.InstallSuccess,userLeaving=false,finish]
06-13 18:25:32.377 2159 2159 I wm_on_top_resumed_lost_called: [180441741,com.android.packageinstaller.InstallSuccess,topStateChangedWhenResumed]
06-13 18:25:32.381 2159 2159 I wm_on_paused_called: [180441741,com.android.packageinstaller.InstallSuccess,performPause]
06-13 18:25:32.386 1551 18730 I wm_set_resumed_activity: [0,com.android.packageinstaller/.DeleteStagedFileOnResult,resumeTopActivityInnerLocked]
06-13 18:25:32.393 1551 18730 I wm_resume_activity: [0,74738226,63,com.android.packageinstaller/.DeleteStagedFileOnResult]
06-13 18:25:32.404 1551 1670 I sysui_multi_action: [757,803,799,window_time_0,802,3]
06-13 18:25:32.404 1551 18730 I wm_finish_activity: [0,74738226,63,com.android.packageinstaller/.DeleteStagedFileOnResult,app-request]
06-13 18:25:32.413 1551 18730 I wm_pause_activity: [0,74738226,com.android.packageinstaller/.DeleteStagedFileOnResult,userLeaving=false,finish]
06-13 18:25:32.415 2159 2159 I wm_on_activity_result_called: [74738226,com.android.packageinstaller.DeleteStagedFileOnResult,ACTIVITY_RESULT]
06-13 18:25:32.415 1551 1670 I wm_destroy_activity: [0,180441741,63,com.android.packageinstaller/.InstallSuccess,finish-transit]
06-13 18:25:32.420 1551 1822 I input_focus: [Focus leaving 5a546ec com.android.packageinstaller/com.android.packageinstaller.InstallSuccess (server),reason=NO_WINDOW]
06-13 18:25:32.454 1551 1826 I wm_set_resumed_activity: [0,com.android.packageinstaller/.PackageInstallerActivity,resumeTopActivityInnerLocked]
06-13 18:25:32.456 1551 1826 I wm_resume_activity: [0,7374649,63,com.android.packageinstaller/.PackageInstallerActivity]
06-13 18:25:32.466 2159 2159 I wm_on_stop_called: [180441741,com.android.packageinstaller.InstallSuccess,LIFECYCLER_STOP_ACTIVITY]
06-13 18:25:32.466 2159 2159 I wm_on_destroy_called: [180441741,com.android.packageinstaller.InstallSuccess,performDestroy]
06-13 18:25:32.466 1551 1672 I input_focus: [Focus request 49ee471 com.android.packageinstaller/com.android.packageinstaller.PackageInstallerActivity,reason=UpdateInputWindows]
06-13 18:25:32.467 1551 1670 I sysui_multi_action: [757,803,799,window_time_0,802,0]
06-13 18:25:32.479 2159 2159 I wm_on_resume_called: [7374649,com.android.packageinstaller.PackageInstallerActivity,RESUME_ACTIVITY]
06-13 18:25:32.479 2159 2159 I wm_on_top_resumed_gained_called: [7374649,com.android.packageinstaller.PackageInstallerActivity,topWhenResuming]
06-13 18:25:32.483 1551 1822 I input_focus: [Focus entering 49ee471 com.android.packageinstaller/com.android.packageinstaller.PackageInstallerActivity (server),reason=setFocusedWindow]
06-13 18:25:32.531 1551 1586 I wm_destroy_activity: [0,74738226,63,com.android.packageinstaller/.DeleteStagedFileOnResult,finish-idle]
06-13 18:25:32.532 2159 2159 I wm_on_stop_called: [74738226,com.android.packageinstaller.DeleteStagedFileOnResult,LIFECYCLER_STOP_ACTIVITY]
06-13 18:25:32.533 2159 2159 I wm_on_destroy_called: [74738226,com.android.packageinstaller.DeleteStagedFileOnResult,performDestroy]
06-13 18:25:32.591 1551 1669 I commit_sys_config_file: [jobs,3]
06-13 18:25:33.632 1551 1822 I input_interaction: Interaction with: 49ee471 com.android.packageinstaller/com.android.packageinstaller.PackageInstallerActivity (server), edge-swipe (server), swipe-up (server), PointerEventDispatcher0 (server),
06-13 18:25:33.819 1551 18714 I wm_task_moved: [63,1,8]
06-13 18:25:33.819 1551 18714 I wm_set_resumed_activity: [0,com.android.packageinstaller/.PackageInstallerActivity,positionChildAt]
06-13 18:25:33.819 1551 18714 I wm_create_activity: [0,15927088,63,com.android.packageinstaller/.InstallInstalling,NULL,NULL,file:///data/user_de/0/com.android.packageinstaller/no_backup/package6586429479923175092.apk,33554432]
06-13 18:25:33.820 1551 18714 I wm_pause_activity: [0,7374649,com.android.packageinstaller/.PackageInstallerActivity,userLeaving=true,resumeTopActivityInnerLocked]
06-13 18:25:33.822 1551 19085 I wm_finish_activity: [0,7374649,63,com.android.packageinstaller/.PackageInstallerActivity,app-request]
06-13 18:25:33.823 2159 2159 I wm_on_top_resumed_lost_called: [7374649,com.android.packageinstaller.PackageInstallerActivity,topStateChangedWhenResumed]
06-13 18:25:33.823 2159 2159 I wm_on_paused_called: [7374649,com.android.packageinstaller.PackageInstallerActivity,performPause]
06-13 18:25:33.823 1551 19085 I wm_add_to_stopping: [0,7374649,com.android.packageinstaller/.PackageInstallerActivity,completeFinishing]
06-13 18:25:33.826 1551 19085 I wm_restart_activity: [0,15927088,63,com.android.packageinstaller/.InstallInstalling]
06-13 18:25:33.827 1551 19085 I wm_set_resumed_activity: [0,com.android.packageinstaller/.InstallInstalling,minimalResumeActivityLocked]
06-13 18:25:33.831 1551 1670 I sysui_multi_action: [757,803,799,window_time_0,802,1]
06-13 18:25:33.847 1551 1822 I input_focus: [Focus leaving 49ee471 com.android.packageinstaller/com.android.packageinstaller.PackageInstallerActivity (server),reason=NO_WINDOW]
06-13 18:25:33.856 2159 2159 I wm_on_create_called: [15927088,com.android.packageinstaller.InstallInstalling,performCreate]
06-13 18:25:33.856 2159 2159 I wm_on_start_called: [15927088,com.android.packageinstaller.InstallInstalling,handleStartActivity]
06-13 18:25:33.857 1551 1669 I commit_sys_config_file: [package-session,61046552]
06-13 18:25:33.857 2159 2159 I wm_on_resume_called: [15927088,com.android.packageinstaller.InstallInstalling,RESUME_ACTIVITY]
06-13 18:25:33.859 2159 2159 I wm_on_top_resumed_gained_called: [15927088,com.android.packageinstaller.InstallInstalling,topStateChangedWhenResumed]
06-13 18:25:33.865 1551 1672 I input_focus: [Focus request bb116eb com.android.packageinstaller/com.android.packageinstaller.InstallInstalling,reason=UpdateInputWindows]
06-13 18:25:33.868 1551 1669 I commit_sys_config_file: [package-session,61046563]
06-13 18:25:33.872 1551 1667 I wm_activity_launch_time: [0,15927088,com.android.packageinstaller/.InstallInstalling,58]
06-13 18:25:33.875 1551 1670 I wm_destroy_activity: [0,7374649,63,com.android.packageinstaller/.PackageInstallerActivity,finish-imm:transit]
06-13 18:25:33.882 1551 1822 I input_focus: [Focus entering bb116eb com.android.packageinstaller/com.android.packageinstaller.InstallInstalling (server),reason=setFocusedWindow]
06-13 18:25:33.883 2159 2159 I wm_on_stop_called: [7374649,com.android.packageinstaller.PackageInstallerActivity,LIFECYCLER_STOP_ACTIVITY]
06-13 18:25:33.883 2159 2159 I wm_on_destroy_called: [7374649,com.android.packageinstaller.PackageInstallerActivity,performDestroy]
06-13 18:25:34.437 1551 1787 I commit_sys_config_file: [package-session,61047133]
06-13 18:25:34.850 1551 1822 I input_interaction: Interaction with: bb116eb com.android.packageinstaller/com.android.packageinstaller.InstallInstalling (server), edge-swipe (server), swipe-up (server), PointerEventDispatcher0 (server),
06-13 18:25:34.998 1551 1727 I commit_sys_config_file: [package-user-0,1]
06-13 18:25:34.999 1551 1727 I commit_sys_config_file: [package,27]
06-13 18:25:35.000 0 0 I [61056.925764] logd: start watching /data/system/packages.list ...
06-13 18:25:35.005 0 0 I [61056.932490] logd: ReadPackageList, total packages: 109
06-13 18:25:35.580 0 0 E [61057.504297] link_delay_work_func: DTC_ETH: SQI=0, link=0
06-13 18:25:38.230 1551 1727 I unknown_sources_enabled: 1
06-13 18:25:38.264 1551 1787 I commit_sys_config_file: [package-session,61050959]
06-13 18:25:38.264 1551 1551 I notification_cancel_all: [1000,1551,com.hunantv.imgo.activity,0,0,0,5,NULL]
06-13 18:25:38.266 1551 1788 I commit_sys_config_file: [overlays,61051551]
06-13 18:25:38.270 1551 1810 I am_uid_active: 10089
06-13 18:25:38.331 1551 2879 I wm_task_moved: [63,1,8]
06-13 18:25:38.331 1551 2879 I wm_set_resumed_activity: [0,com.android.packageinstaller/.InstallInstalling,positionChildAt]
06-13 18:25:38.331 1551 2879 I wm_create_activity: [0,24644341,63,com.android.packageinstaller/.InstallSuccess,NULL,NULL,file:///data/user_de/0/com.android.packageinstaller/no_backup/package6586429479923175092.apk,33554432]
06-13 18:25:38.333 1551 2879 I wm_pause_activity: [0,15927088,com.android.packageinstaller/.InstallInstalling,userLeaving=true,resumeTopActivityInnerLocked]
06-13 18:25:38.341 1551 21190 I wm_finish_activity: [0,15927088,63,com.android.packageinstaller/.InstallInstalling,app-request]
06-13 18:25:38.341 2159 2159 I wm_on_top_resumed_lost_called: [15927088,com.android.packageinstaller.InstallInstalling,topStateChangedWhenResumed]
06-13 18:25:38.342 2159 2159 I wm_on_paused_called: [15927088,com.android.packageinstaller.InstallInstalling,performPause]
06-13 18:25:38.342 1551 2564 I wm_add_to_stopping: [0,15927088,com.android.packageinstaller/.InstallInstalling,completeFinishing]
06-13 18:25:38.346 1551 2564 I wm_restart_activity: [0,24644341,63,com.android.packageinstaller/.InstallSuccess]
06-13 18:25:38.353 1551 2564 I wm_set_resumed_activity: [0,com.android.packageinstaller/.InstallSuccess,minimalResumeActivityLocked]
06-13 18:25:38.364 1551 1670 I sysui_multi_action: [757,803,799,window_time_0,802,5]
06-13 18:25:38.374 2159 2159 I wm_on_create_called: [24644341,com.android.packageinstaller.InstallSuccess,performCreate]
06-13 18:25:38.374 2159 2159 I wm_on_start_called: [24644341,com.android.packageinstaller.InstallSuccess,handleStartActivity]
06-13 18:25:38.378 2159 2159 I wm_on_resume_called: [24644341,com.android.packageinstaller.InstallSuccess,RESUME_ACTIVITY]
06-13 18:25:38.381 1551 1822 I input_focus: [Focus leaving bb116eb com.android.packageinstaller/com.android.packageinstaller.InstallInstalling (server),reason=NO_WINDOW]
06-13 18:25:38.381 2159 2159 I wm_on_top_resumed_gained_called: [24644341,com.android.packageinstaller.InstallSuccess,topStateChangedWhenResumed]
06-13 18:25:38.383 1551 1551 I sysui_multi_action: [757,128,758,5,759,8,793,1286853,794,0,795,1286853,796,73622,806,com.tencent.android.qqdownloader,857,channel_id_default_silent,858,3,946,com.tencent.android.qqdownloader,947,1,1500,1286853,1688,1]
06-13 18:25:38.383 1551 1551 I notification_canceled: [0|com.tencent.android.qqdownloader|73622|null|10092,8,1286853,1286853,0,-1,-1,NULL]
06-13 18:25:38.402 1551 1672 I input_focus: [Focus request b33203a com.android.packageinstaller/com.android.packageinstaller.InstallSuccess,reason=UpdateInputWindows]
06-13 18:25:38.434 1551 1667 I wm_activity_launch_time: [0,24644341,com.android.packageinstaller/.InstallSuccess,108]
06-13 18:25:38.439 1551 1670 I wm_destroy_activity: [0,15927088,63,com.android.packageinstaller/.InstallInstalling,finish-imm:transit]
06-13 18:25:38.449 1551 1822 I input_focus: [Focus entering b33203a com.android.packageinstaller/com.android.packageinstaller.InstallSuccess (server),reason=Window became focusable. Previous reason: NOT_VISIBLE]
06-13 18:25:38.451 2159 2159 I wm_on_stop_called: [15927088,com.android.packageinstaller.InstallInstalling,LIFECYCLER_STOP_ACTIVITY]
06-13 18:25:38.451 2159 2159 I wm_on_destroy_called: [15927088,com.android.packageinstaller.InstallInstalling,performDestroy]
06-13 18:25:38.471 1551 1551 I notification_enqueue: [10092,13749,com.tencent.android.qqdownloader,200479,NULL,0,Notification(channel=channel_id_default_silent shortcut=null contentView=null vibrate=null sound=null tick defaults=0x0 flags=0x210 color=0x00000000 groupKey=com.tencent.android.qqdownloader vis=PRIVATE),0]
06-13 18:25:38.644 1551 1551 I notification_enqueue: [10092,17024,com.tencent.android.qqdownloader,127,NULL,0,Notification(channel=channel_id_default_silent shortcut=null contentView=com.tencent.android.qqdownloader/0x7f0a01c2 vibrate=null sound=null defaults=0x0 flags=0x2a2 color=0x00000000 groupKey=com.tencent.android.qqdownloader vis=PRIVATE),1]
06-13 18:25:39.653 1551 1551 I notification_enqueue: [10092,17024,com.tencent.android.qqdownloader,127,NULL,0,Notification(channel=channel_id_default_silent shortcut=null contentView=com.tencent.android.qqdownloader/0x7f0a01c2 vibrate=null sound=null defaults=0x0 flags=0x2a2 color=0x00000000 groupKey=com.tencent.android.qqdownloader vis=PRIVATE),1]
06-13 18:25:40.664 1551 1551 I notification_enqueue: [10092,17024,com.tencent.android.qqdownloader,127,NULL,0,Notification(channel=channel_id_default_silent shortcut=null contentView=com.tencent.android.qqdownloader/0x7f0a01c2 vibrate=null sound=null defaults=0x0 flags=0x2a2 color=0x00000000 groupKey=com.tencent.android.qqdownloader vis=PRIVATE),1]
06-13 18:25:40.696 0 0 E [61062.624297] link_delay_work_func: DTC_ETH: SQI=0, link=0
06-13 18:25:41.320 0 0 I [61063.244801] init: processing action (sys.tlog.tlogdshc.active=1) from (/system/etc/init/tlogd.rc:195)
06-13 18:25:41.320 0 0 I [61063.245515] init: starting service 'tlogdshc'...
06-13 18:25:41.428 0 0 I [61063.353985] init: Service 'tlogdshc' (pid 9910) exited with status 0 oneshot service took 0.104000 seconds in background
06-13 18:25:41.428 0 0 I [61063.354006] init: Sending signal 9 to service 'tlogdshc' (pid 9910) process group...
06-13 18:25:41.428 0 0 I [61063.354137] libprocessgroup: Successfully killed process cgroup uid 0 pid 9910 in 0ms
06-13 18:25:44.053 1551 1843 I netstats_mobile_sample: [0,0,0,0,0,0,0,0,0,0,0,0,1686651944053]
06-13 18:25:44.053 1551 1843 I netstats_wifi_sample: [11005565738,7801997,138463247,2316392,11005565738,7801997,138463247,2316392,11119639126,7915894,137655823,2312689,1686651944053]
06-13 18:25:45.820 0 0 E [61067.744369] link_delay_work_func: DTC_ETH: SQI=0, link=0
06-13 18:25:50.940 0 0 E [61072.864308] link_delay_work_func: DTC_ETH: SQI=0, link=0
06-13 18:25:56.060 0 0 E [61077.984324] link_delay_work_func: DTC_ETH: SQI=0, link=0
06-13 18:26:01.181 0 0 E [61083.104317] link_delay_work_func: DTC_ETH: SQI=0, link=0
06-13 18:26:05.542 1551 1911 I sync : [com.tencent.android.qqdownloader.YYBLiveAccountProvider,0,3,24220937]
06-13 18:26:05.588 1551 1911 I sync : [com.tencent.android.qqdownloader.YYBLiveAccountProvider,1,3,24220937]
06-13 18:26:05.592 1551 1911 I commit_sys_config_file: [sync-status,54144957]
06-13 18:26:05.601 1551 1911 I sync : [com.tencent.android.qqdownloader.YYBLiveAccountProvider,0,3,24220937]
06-13 18:26:05.643 1551 1911 I sync : [com.tencent.android.qqdownloader.YYBLiveAccountProvider,1,3,24220937]
06-13 18:26:05.646 1551 1911 I commit_sys_config_file: [sync-status,54145012]
06-13 18:26:06.300 0 0 E [61088.224322] link_delay_work_func: DTC_ETH: SQI=0, link=0
06-13 18:26:07.597 1551 1669 I commit_sys_config_file: [jobs,6]
06-13 18:26:11.320 0 0 I [61093.246412] init: processing action (sys.tlog.tlogdshc.active=1) from (/system/etc/init/tlogd.rc:195)
06-13 18:26:11.320 0 0 I [61093.246856] init: starting service 'tlogdshc'...
06-13 18:26:11.420 0 0 E [61093.346190] link_delay_work_func: DTC_ETH: SQI=0, link=0
06-13 18:26:11.428 0 0 I [61093.355687] init: Service 'tlogdshc' (pid 9953) exited with status 0 oneshot service took 0.105000 seconds in background
06-13 18:26:11.428 0 0 I [61093.355716] init: Sending signal 9 to service 'tlogdshc' (pid 9953) process group...
06-13 18:26:11.428 0 0 I [61093.355886] libprocessgroup: Successfully killed process cgroup uid 0 pid 9953 in 0ms
06-13 18:26:16.540 0 0 E [61098.464313] link_delay_work_func: DTC_ETH: SQI=0, link=0
06-13 18:26:20.121 1551 1860 I storage_state: [41217664-9172-527a-b3d5-edabb50a7d69,0,0,99332661248,118610538496]
06-13 18:26:21.660 0 0 E [61103.584307] link_delay_work_func: DTC_ETH: SQI=0, link=0
06-13 18:26:26.780 0 0 E [61108.704355] link_delay_work_func: DTC_ETH: SQI=0, link=0
06-13 18:26:31.900 0 0 E [61113.824909] link_delay_work_func: DTC_ETH: SQI=0, link=0
06-13 18:26:35.695 1551 1686 I am_uid_idle: 10062
06-13 18:26:35.753 1551 1709 I sysui_multi_action: [757,1696,758,6,759,2]
06-13 18:26:35.767 1551 1686 I am_wtf : [0,1551,system_server,-1,DisplayDeviceConfig,requesting nits when no mapping exists.]
06-13 18:26:35.770 1551 1686 I am_wtf : [0,1551,system_server,-1,DisplayDeviceConfig,requesting nits when no mapping exists.]
06-13 18:26:35.770 1551 1667 I sysui_multi_action: [757,222,758,1]
06-13 18:26:35.783 1551 1686 I am_wtf : [0,1551,system_server,-1,DisplayDeviceConfig,requesting nits when no mapping exists.]
06-13 18:26:35.786 1551 2065 I wm_task_created: [70,-1]
06-13 18:26:35.789 1551 1686 I am_wtf : [0,1551,system_server,-1,DisplayDeviceConfig,requesting nits when no mapping exists.]
06-13 18:26:35.791 1551 2065 I wm_task_moved: [70,1,9]
06-13 18:26:35.791 1551 2065 I wm_task_to_front: [0,70]
06-13 18:26:35.791 1551 2065 I wm_create_task: [0,70]
06-13 18:26:35.791 1551 2065 I wm_create_activity: [0,236924371,70,com.thundercomm.screensaver/android.service.dreams.DreamActivity,NULL,NULL,NULL,276824064]
06-13 18:26:35.791 1551 2065 I wm_task_moved: [70,1,9]
06-13 18:26:35.791 2159 2159 I wm_on_top_resumed_lost_called: [24644341,com.android.packageinstaller.InstallSuccess,topStateChangedWhenResumed]
06-13 18:26:35.792 1551 2065 I wm_pause_activity: [0,24644341,com.android.packageinstaller/.InstallSuccess,userLeaving=true,pauseBackTasks]
06-13 18:26:35.796 2159 2159 I wm_on_paused_called: [24644341,com.android.packageinstaller.InstallSuccess,performPause]
06-13 18:26:35.798 1551 2065 I wm_add_to_stopping: [0,24644341,com.android.packageinstaller/.InstallSuccess,makeInvisible]
06-13 18:26:35.798 1551 2065 I wm_add_to_stopping: [0,72266132,com.android.packageinstaller/.DeleteStagedFileOnResult,makeInvisible]
06-13 18:26:35.798 1551 2065 I wm_add_to_stopping: [0,133276095,com.android.packageinstaller/.PackageInstallerActivity,makeInvisible]
06-13 18:26:35.798 1551 2065 I wm_add_to_stopping: [0,175349344,com.android.packageinstaller/.DeleteStagedFileOnResult,makeInvisible]
06-13 18:26:35.798 1551 2065 I wm_add_to_stopping: [0,123708259,com.android.packageinstaller/.PackageInstallerActivity,makeInvisible]
06-13 18:26:35.798 1551 2065 I wm_add_to_stopping: [0,134710260,com.android.packageinstaller/.DeleteStagedFileOnResult,makeInvisible]
06-13 18:26:35.798 1551 2065 I wm_add_to_stopping: [0,220082946,com.android.packageinstaller/.PackageInstallerActivity,makeInvisible]
06-13 18:26:35.798 1551 2065 I wm_add_to_stopping: [0,148957047,com.android.packageinstaller/.DeleteStagedFileOnResult,makeInvisible]
06-13 18:26:35.798 1551 2065 I wm_add_to_stopping: [0,216049083,com.android.packageinstaller/.PackageInstallerActivity,makeInvisible]
06-13 18:26:35.798 1551 2065 I wm_add_to_stopping: [0,186497273,com.android.packageinstaller/.DeleteStagedFileOnResult,makeInvisible]
06-13 18:26:35.798 1551 2065 I wm_add_to_stopping: [0,240662303,com.android.packageinstaller/.PackageInstallerActivity,makeInvisible]
06-13 18:26:35.798 1551 2065 I wm_add_to_stopping: [0,249091709,com.android.packageinstaller/.DeleteStagedFileOnResult,makeInvisible]
06-13 18:26:35.798 1551 2065 I wm_add_to_stopping: [0,220425749,com.android.packageinstaller/.PackageInstallerActivity,makeInvisible]
06-13 18:26:35.798 1551 2065 I wm_add_to_stopping: [0,171589283,com.android.packageinstaller/.DeleteStagedFileOnResult,makeInvisible]
06-13 18:26:35.798 1551 2065 I wm_add_to_stopping: [0,240921632,com.android.packageinstaller/.PackageInstallerActivity,makeInvisible]
06-13 18:26:35.798 1551 2065 I wm_add_to_stopping: [0,3960262,com.android.packageinstaller/.DeleteStagedFileOnResult,makeInvisible]
06-13 18:26:35.798 1551 2065 I wm_add_to_stopping: [0,223077111,com.android.packageinstaller/.PackageInstallerActivity,makeInvisible]
06-13 18:26:35.798 1551 2065 I wm_add_to_stopping: [0,53462805,com.android.packageinstaller/.DeleteStagedFileOnResult,makeInvisible]
06-13 18:26:35.798 1551 2065 I wm_add_to_stopping: [0,27001122,com.android.packageinstaller/.InstallSuccess,makeInvisible]
06-13 18:26:35.798 1551 2065 I wm_add_to_stopping: [0,86616444,com.android.packageinstaller/.DeleteStagedFileOnResult,makeInvisible]
06-13 18:26:35.799 1551 2065 I wm_add_to_stopping: [0,87018331,com.android.launcher3/.uioverrides.QuickstepLauncher,makeInvisible]
06-13 18:26:35.799 1551 1686 I am_wtf : [0,1551,system_server,-1,DisplayDeviceConfig,requesting nits when no mapping exists.]
06-13 18:26:35.799 1551 2065 I wm_restart_activity: [0,236924371,70,com.thundercomm.screensaver/android.service.dreams.DreamActivity]
06-13 18:26:35.799 1551 1686 I am_wtf : [0,1551,system_server,-1,DisplayDeviceConfig,requesting nits when no mapping exists.]
06-13 18:26:35.801 1551 2065 I wm_set_resumed_activity: [0,com.thundercomm.screensaver/android.service.dreams.DreamActivity,minimalResumeActivityLocked]
06-13 18:26:35.809 1551 1670 I sysui_multi_action: [757,803,799,window_time_0,802,57]
06-13 18:26:35.810 4423 4423 I wm_on_create_called: [236924371,android.service.dreams.DreamActivity,performCreate]
06-13 18:26:35.810 4423 4423 I wm_on_start_called: [236924371,android.service.dreams.DreamActivity,handleStartActivity]
06-13 18:26:35.818 1551 1686 I am_wtf : [0,1551,system_server,-1,DisplayDeviceConfig,requesting nits when no mapping exists.]
06-13 18:26:35.818 1551 1686 I am_wtf : [0,1551,system_server,-1,DisplayDeviceConfig,requesting nits when no mapping exists.]
06-13 18:26:35.823 4423 4423 I wm_on_resume_called: [236924371,android.service.dreams.DreamActivity,RESUME_ACTIVITY]
06-13 18:26:35.825 1551 19085 I am_uid_active: 10062
06-13 18:26:35.827 4423 4423 I wm_on_top_resumed_gained_called: [236924371,android.service.dreams.DreamActivity,topStateChangedWhenResumed]
06-13 18:26:35.834 1551 1686 I am_wtf : [0,1551,system_server,-1,DisplayDeviceConfig,requesting nits when no mapping exists.]
06-13 18:26:35.835 1551 1686 I am_wtf : [0,1551,system_server,-1,DisplayDeviceConfig,requesting nits when no mapping exists.]
06-13 18:26:35.838 1551 1822 I input_focus: [Focus leaving b33203a com.android.packageinstaller/com.android.packageinstaller.InstallSuccess (server),reason=NO_WINDOW]
06-13 18:26:35.839 1551 1672 I input_focus: [Focus request 2571f6e com.thundercomm.screensaver/android.service.dreams.DreamActivity,reason=UpdateInputWindows]
06-13 18:26:35.851 1551 1709 I sysui_multi_action: [757,1696,758,6,759,3]
06-13 18:26:35.853 1551 1667 I sysui_multi_action: [319,36,321,28,322,65,325,61117,757,761,758,8,759,1,806,com.thundercomm.screensaver,871,android.service.dreams.DreamActivity,904,com.thundercomm.screensaver,905,0,1320,4,1321,2]
06-13 18:26:35.853 1551 1667 I wm_activity_launch_time: [0,236924371,com.thundercomm.screensaver/android.service.dreams.DreamActivity,65]
06-13 18:26:35.854 1551 1686 I am_wtf : [0,1551,system_server,-1,DisplayDeviceConfig,requesting nits when no mapping exists.]
06-13 18:26:35.854 1551 1686 I am_wtf : [0,1551,system_server,-1,DisplayDeviceConfig,requesting nits when no mapping exists.]
06-13 18:26:35.864 1551 1686 I am_wtf : [0,1551,system_server,-1,DisplayDeviceConfig,requesting nits when no mapping exists.]
06-13 18:26:35.865 1551 1686 I am_wtf : [0,1551,system_server,-1,DisplayDeviceConfig,requesting nits when no mapping exists.]
06-13 18:26:35.867 1551 1822 I input_focus: [Focus entering 2571f6e com.thundercomm.screensaver/android.service.dreams.DreamActivity (server),reason=setFocusedWindow]
06-13 18:26:35.882 1551 1686 I am_wtf : [0,1551,system_server,-1,DisplayDeviceConfig,requesting nits when no mapping exists.]
06-13 18:26:35.882 1551 1686 I am_wtf : [0,1551,system_server,-1,DisplayDeviceConfig,requesting nits when no mapping exists.]
06-13 18:26:35.898 1551 1686 I am_wtf : [0,1551,system_server,-1,DisplayDeviceConfig,requesting nits when no mapping exists.]
06-13 18:26:35.898 1551 1686 I am_wtf : [0,1551,system_server,-1,DisplayDeviceConfig,requesting nits when no mapping exists.]
