06-13 18:53:10.396 2159 2159 I wm_on_start_called: [86616444,com.android.packageinstaller.DeleteStagedFileOnResult,handleStartActivity]
06-13 18:53:10.396 2159 2159 I wm_on_restart_called: [45944635,com.android.packageinstaller.InstallSuccess,performRestartActivity]
06-13 18:53:10.396 2159 2159 I wm_on_start_called: [45944635,com.android.packageinstaller.InstallSuccess,handleStartActivity]
06-13 18:53:10.396 1551 18714 I am_uid_active: 10062
06-13 18:53:10.397 1551 1670 I sysui_multi_action: [757,803,799,window_time_0,802,0]
06-13 18:53:10.400 2159 2159 I wm_on_resume_called: [45944635,com.android.packageinstaller.InstallSuccess,RESUME_ACTIVITY]
06-13 18:53:10.400 2159 2159 I wm_on_top_resumed_gained_called: [45944635,com.android.packageinstaller.InstallSuccess,topWhenResuming]
06-13 18:53:10.400 4423 4423 I view_enqueue_input_event: [Motion - Cancel,com.thundercomm.screensaver/android.service.dreams.DreamActivity]
06-13 18:53:10.400 1551 1822 I input_focus: [Focus leaving 66a9510 com.thundercomm.screensaver/android.service.dreams.DreamActivity (server),reason=NO_WINDOW]
06-13 18:53:10.404 1551 1684 I am_pss : [9257,10019,com.android.providers.calendar,10343424,151552,9238528,38748160,0,19,4]
06-13 18:53:10.405 1551 1822 I input_interaction: Interaction with: edge-swipe (server), swipe-up (server), PointerEventDispatcher0 (server),
06-13 18:53:10.409 1551 1672 I input_focus: [Focus request 915fb46 com.android.packageinstaller/com.android.packageinstaller.InstallSuccess,reason=UpdateInputWindows]
06-13 18:53:10.532 1551 1822 I input_focus: [Focus entering 915fb46 com.android.packageinstaller/com.android.packageinstaller.InstallSuccess (server),reason=Window became focusable. Previous reason: NOT_VISIBLE]
06-13 18:53:11.038 1551 1670 I wm_destroy_activity: [0,127349266,71,com.thundercomm.screensaver/android.service.dreams.DreamActivity,finish-imm:idle]
06-13 18:53:11.067 4423 4423 I wm_on_stop_called: [127349266,android.service.dreams.DreamActivity,LIFECYCLER_STOP_ACTIVITY]
06-13 18:53:11.068 4423 4423 I wm_on_destroy_called: [127349266,android.service.dreams.DreamActivity,performDestroy]
06-13 18:53:11.070 1551 1667 I sysui_multi_action: [757,222,758,2]
06-13 18:53:11.070 1551 1667 I sysui_multi_action: [757,804,799,dreaming_minutes,801,2,802,1]
06-13 18:53:11.090 1551 18711 I wm_task_removed: [71,removeChild:removeChild last r=ActivityRecord{7973212 u0 com.thundercomm.screensaver/android.service.dreams.DreamActivity taskAffinity=1000:android:com.thundercomm.screensaver/dream t-1 f}} in t=Task{88dfde3 #71 type=dream A=1000:android:com.thundercomm.screensaver/dream U=0 visible=false mode=fullscreen translucent=true sz=0 visible freeform task=true rootAffinity=1000:android:com.thundercomm.screensaver/dream isMini=false}]
06-13 18:53:11.090 1551 18711 I wm_task_removed: [71,removeChild]
06-13 18:53:11.493 0 0 I [62713.419342] init: processing action (sys.tlog.tlogdshc.active=1) from (/system/etc/init/tlogd.rc:195)
06-13 18:53:11.493 0 0 I [62713.420017] init: starting service 'tlogdshc'...
06-13 18:53:11.604 0 0 I [62713.531976] init: Service 'tlogdshc' (pid 12544) exited with status 0 oneshot service took 0.107000 seconds in background
06-13 18:53:11.604 0 0 I [62713.532004] init: Sending signal 9 to service 'tlogdshc' (pid 12544) process group...
06-13 18:53:11.604 0 0 I [62713.532188] libprocessgroup: Successfully killed process cgroup uid 0 pid 12544 in 0ms
06-13 18:53:11.810 1551 1822 I input_interaction: Interaction with: 915fb46 com.android.packageinstaller/com.android.packageinstaller.InstallSuccess (server), edge-swipe (server), swipe-up (server), PointerEventDispatcher0 (server),
06-13 18:53:12.381 1551 18711 I wm_finish_activity: [0,45944635,63,com.android.packageinstaller/.InstallSuccess,app-request]
06-13 18:53:12.400 1551 18711 I wm_pause_activity: [0,45944635,com.android.packageinstaller/.InstallSuccess,userLeaving=false,finish]
06-13 18:53:12.406 2159 2159 I wm_on_top_resumed_lost_called: [45944635,com.android.packageinstaller.InstallSuccess,topStateChangedWhenResumed]
06-13 18:53:12.407 2159 2159 I wm_on_paused_called: [45944635,com.android.packageinstaller.InstallSuccess,performPause]
06-13 18:53:12.411 1551 18711 I wm_set_resumed_activity: [0,com.android.packageinstaller/.DeleteStagedFileOnResult,resumeTopActivityInnerLocked]
06-13 18:53:12.417 1551 18711 I wm_resume_activity: [0,175349344,63,com.android.packageinstaller/.DeleteStagedFileOnResult]
06-13 18:53:12.434 1551 1822 I input_focus: [Focus leaving 915fb46 com.android.packageinstaller/com.android.packageinstaller.InstallSuccess (server),reason=NO_WINDOW]
06-13 18:53:12.434 1551 1672 I input_focus: [Focus request a2253d5 com.android.packageinstaller/com.android.packageinstaller.DeleteStagedFileOnResult,reason=UpdateInputWindows]
06-13 18:53:12.437 1551 1670 I sysui_multi_action: [757,803,799,window_time_0,802,2]
06-13 18:53:12.437 1551 18711 I wm_finish_activity: [0,175349344,63,com.android.packageinstaller/.DeleteStagedFileOnResult,app-request]
06-13 18:53:12.449 1551 18711 I wm_pause_activity: [0,175349344,com.android.packageinstaller/.DeleteStagedFileOnResult,userLeaving=false,finish]
06-13 18:53:12.452 1551 1822 I input_focus: [Focus entering a2253d5 com.android.packageinstaller/com.android.packageinstaller.DeleteStagedFileOnResult (server),reason=setFocusedWindow]
06-13 18:53:12.453 1551 1670 I wm_destroy_activity: [0,45944635,63,com.android.packageinstaller/.InstallSuccess,finish-transit]
06-13 18:53:12.453 2159 2159 I wm_on_activity_result_called: [175349344,com.android.packageinstaller.DeleteStagedFileOnResult,ACTIVITY_RESULT]
06-13 18:53:12.465 1551 1822 I input_focus: [Focus leaving a2253d5 com.android.packageinstaller/com.android.packageinstaller.DeleteStagedFileOnResult (server),reason=NO_WINDOW]
06-13 18:53:12.466 1551 18711 I wm_set_resumed_activity: [0,com.android.packageinstaller/.PackageInstallerActivity,resumeTopActivityInnerLocked]
06-13 18:53:12.469 1551 18711 I wm_resume_activity: [0,123708259,63,com.android.packageinstaller/.PackageInstallerActivity]
06-13 18:53:12.484 1551 1672 I input_focus: [Focus request cdb4151 com.android.packageinstaller/com.android.packageinstaller.PackageInstallerActivity,reason=UpdateInputWindows]
06-13 18:53:12.484 2159 2159 I wm_on_stop_called: [45944635,com.android.packageinstaller.InstallSuccess,LIFECYCLER_STOP_ACTIVITY]
06-13 18:53:12.484 2159 2159 I wm_on_destroy_called: [45944635,com.android.packageinstaller.InstallSuccess,performDestroy]
06-13 18:53:12.485 1551 1670 I sysui_multi_action: [757,803,799,window_time_0,802,0]
06-13 18:53:12.493 2159 2159 I wm_on_resume_called: [123708259,com.android.packageinstaller.PackageInstallerActivity,RESUME_ACTIVITY]
06-13 18:53:12.493 2159 2159 I wm_on_top_resumed_gained_called: [123708259,com.android.packageinstaller.PackageInstallerActivity,topWhenResuming]
06-13 18:53:12.499 1551 1822 I input_focus: [Focus entering cdb4151 com.android.packageinstaller/com.android.packageinstaller.PackageInstallerActivity (server),reason=setFocusedWindow]
06-13 18:53:12.546 1551 2102 I wm_destroy_activity: [0,175349344,63,com.android.packageinstaller/.DeleteStagedFileOnResult,finish-idle]
06-13 18:53:12.547 2159 2159 I wm_on_stop_called: [175349344,com.android.packageinstaller.DeleteStagedFileOnResult,LIFECYCLER_STOP_ACTIVITY]
06-13 18:53:12.547 2159 2159 I wm_on_destroy_called: [175349344,com.android.packageinstaller.DeleteStagedFileOnResult,performDestroy]
06-13 18:53:12.949 1551 1822 I input_interaction: Interaction with: cdb4151 com.android.packageinstaller/com.android.packageinstaller.PackageInstallerActivity (server), edge-swipe (server), swipe-up (server), PointerEventDispatcher0 (server),
06-13 18:53:13.069 1551 2091 I wm_finish_activity: [0,123708259,63,com.android.packageinstaller/.PackageInstallerActivity,app-request]
06-13 18:53:13.085 1551 2091 I wm_pause_activity: [0,123708259,com.android.packageinstaller/.PackageInstallerActivity,userLeaving=false,finish]
06-13 18:53:13.092 2159 2159 I wm_on_top_resumed_lost_called: [123708259,com.android.packageinstaller.PackageInstallerActivity,topStateChangedWhenResumed]
06-13 18:53:13.097 2159 2159 I wm_on_paused_called: [123708259,com.android.packageinstaller.PackageInstallerActivity,performPause]
06-13 18:53:13.101 1551 2091 I wm_set_resumed_activity: [0,com.android.packageinstaller/.DeleteStagedFileOnResult,resumeTopActivityInnerLocked]
06-13 18:53:13.105 1551 2091 I wm_resume_activity: [0,134710260,63,com.android.packageinstaller/.DeleteStagedFileOnResult]
06-13 18:53:13.117 1551 1822 I input_focus: [Focus leaving cdb4151 com.android.packageinstaller/com.android.packageinstaller.PackageInstallerActivity (server),reason=NO_WINDOW]
06-13 18:53:13.120 1551 1672 I input_focus: [Focus request 41f12bf com.android.packageinstaller/com.android.packageinstaller.DeleteStagedFileOnResult,reason=UpdateInputWindows]
06-13 18:53:13.121 1551 2091 I wm_finish_activity: [0,134710260,63,com.android.packageinstaller/.DeleteStagedFileOnResult,app-request]
06-13 18:53:13.129 1551 2091 I wm_pause_activity: [0,134710260,com.android.packageinstaller/.DeleteStagedFileOnResult,userLeaving=false,finish]
06-13 18:53:13.131 2159 2159 I wm_on_activity_result_called: [134710260,com.android.packageinstaller.DeleteStagedFileOnResult,ACTIVITY_RESULT]
06-13 18:53:13.134 1551 1822 I input_focus: [Focus entering 41f12bf com.android.packageinstaller/com.android.packageinstaller.DeleteStagedFileOnResult (server),reason=setFocusedWindow]
06-13 18:53:13.134 1551 1670 I sysui_multi_action: [757,803,799,window_time_0,802,1]
06-13 18:53:13.147 1551 19085 I wm_set_resumed_activity: [0,com.android.packageinstaller/.PackageInstallerActivity,resumeTopActivityInnerLocked]
06-13 18:53:13.148 1551 1822 I input_focus: [Focus leaving 41f12bf com.android.packageinstaller/com.android.packageinstaller.DeleteStagedFileOnResult (server),reason=NO_WINDOW]
06-13 18:53:13.149 1551 19085 I wm_resume_activity: [0,220082946,63,com.android.packageinstaller/.PackageInstallerActivity]
06-13 18:53:13.156 1551 1672 I input_focus: [Focus request 32b205a com.android.packageinstaller/com.android.packageinstaller.PackageInstallerActivity,reason=UpdateInputWindows]
06-13 18:53:13.157 1551 1670 I sysui_multi_action: [757,803,799,window_time_0,802,0]
06-13 18:53:13.161 2159 2159 I wm_on_resume_called: [220082946,com.android.packageinstaller.PackageInstallerActivity,RESUME_ACTIVITY]
06-13 18:53:13.161 2159 2159 I wm_on_top_resumed_gained_called: [220082946,com.android.packageinstaller.PackageInstallerActivity,topWhenResuming]
06-13 18:53:13.164 1551 1822 I input_focus: [Focus entering 32b205a com.android.packageinstaller/com.android.packageinstaller.PackageInstallerActivity (server),reason=setFocusedWindow]
06-13 18:53:13.213 1551 19085 I wm_destroy_activity: [0,123708259,63,com.android.packageinstaller/.PackageInstallerActivity,finish-idle]
06-13 18:53:13.214 2159 2159 I wm_on_stop_called: [123708259,com.android.packageinstaller.PackageInstallerActivity,LIFECYCLER_STOP_ACTIVITY]
06-13 18:53:13.214 2159 2159 I wm_on_destroy_called: [123708259,com.android.packageinstaller.PackageInstallerActivity,performDestroy]
06-13 18:53:13.214 1551 19085 I wm_destroy_activity: [0,134710260,63,com.android.packageinstaller/.DeleteStagedFileOnResult,finish-idle]
06-13 18:53:13.222 2159 2159 I wm_on_stop_called: [134710260,com.android.packageinstaller.DeleteStagedFileOnResult,LIFECYCLER_STOP_ACTIVITY]
06-13 18:53:13.222 2159 2159 I wm_on_destroy_called: [134710260,com.android.packageinstaller.DeleteStagedFileOnResult,performDestroy]
06-13 18:53:13.516 1551 1822 I input_interaction: Interaction with: 32b205a com.android.packageinstaller/com.android.packageinstaller.PackageInstallerActivity (server), edge-swipe (server), swipe-up (server), PointerEventDispatcher0 (server),
06-13 18:53:13.620 1551 21190 I service_manager_stats: [100,78,1488070]
06-13 18:53:13.621 1551 21190 I wm_task_moved: [63,1,8]
06-13 18:53:13.621 1551 21190 I wm_set_resumed_activity: [0,com.android.packageinstaller/.PackageInstallerActivity,positionChildAt]
06-13 18:53:13.621 1551 21190 I wm_create_activity: [0,3934189,63,com.android.packageinstaller/.InstallInstalling,NULL,NULL,file:///data/user_de/0/com.android.packageinstaller/no_backup/package7922566719835719969.apk,33554432]
06-13 18:53:13.622 1551 21190 I wm_pause_activity: [0,220082946,com.android.packageinstaller/.PackageInstallerActivity,userLeaving=true,resumeTopActivityInnerLocked]
06-13 18:53:13.624 1551 21190 I wm_finish_activity: [0,220082946,63,com.android.packageinstaller/.PackageInstallerActivity,app-request]
06-13 18:53:13.625 2159 2159 I wm_on_top_resumed_lost_called: [220082946,com.android.packageinstaller.PackageInstallerActivity,topStateChangedWhenResumed]
06-13 18:53:13.625 2159 2159 I wm_on_paused_called: [220082946,com.android.packageinstaller.PackageInstallerActivity,performPause]
06-13 18:53:13.625 1551 21190 I wm_add_to_stopping: [0,220082946,com.android.packageinstaller/.PackageInstallerActivity,completeFinishing]
06-13 18:53:13.627 1551 21190 I wm_restart_activity: [0,3934189,63,com.android.packageinstaller/.InstallInstalling]
06-13 18:53:13.628 1551 21190 I wm_set_resumed_activity: [0,com.android.packageinstaller/.InstallInstalling,minimalResumeActivityLocked]
06-13 18:53:13.632 1551 1670 I sysui_multi_action: [757,803,799,window_time_0,802,0]
06-13 18:53:13.647 1551 1822 I input_focus: [Focus leaving 32b205a com.android.packageinstaller/com.android.packageinstaller.PackageInstallerActivity (server),reason=NO_WINDOW]
06-13 18:53:13.708 2159 2159 I wm_on_create_called: [3934189,com.android.packageinstaller.InstallInstalling,performCreate]
06-13 18:53:13.708 2159 2159 I wm_on_start_called: [3934189,com.android.packageinstaller.InstallInstalling,handleStartActivity]
06-13 18:53:13.708 1551 1669 I commit_sys_config_file: [package-session,62706404]
06-13 18:53:13.709 2159 2159 I wm_on_resume_called: [3934189,com.android.packageinstaller.InstallInstalling,RESUME_ACTIVITY]
06-13 18:53:13.710 2159 2159 I wm_on_top_resumed_gained_called: [3934189,com.android.packageinstaller.InstallInstalling,topStateChangedWhenResumed]
06-13 18:53:13.713 1551 1669 I commit_sys_config_file: [package-session,62706409]
06-13 18:53:13.716 1551 1672 I input_focus: [Focus request 97c619c com.android.packageinstaller/com.android.packageinstaller.InstallInstalling,reason=UpdateInputWindows]
06-13 18:53:13.724 1551 1667 I wm_activity_launch_time: [0,3934189,com.android.packageinstaller/.InstallInstalling,107]
06-13 18:53:13.727 1551 1670 I wm_destroy_activity: [0,220082946,63,com.android.packageinstaller/.PackageInstallerActivity,finish-imm:transit]
06-13 18:53:13.732 2159 2159 I wm_on_stop_called: [220082946,com.android.packageinstaller.PackageInstallerActivity,LIFECYCLER_STOP_ACTIVITY]
06-13 18:53:13.732 2159 2159 I wm_on_destroy_called: [220082946,com.android.packageinstaller.PackageInstallerActivity,performDestroy]
06-13 18:53:13.732 1551 1822 I input_focus: [Focus entering 97c619c com.android.packageinstaller/com.android.packageinstaller.InstallInstalling (server),reason=setFocusedWindow]
06-13 18:53:14.331 1551 1787 I commit_sys_config_file: [package-session,62707026]
06-13 18:53:14.460 0 0 E [62716.384351] link_delay_work_func: DTC_ETH: SQI=0, link=0
06-13 18:53:14.875 1551 1822 I input_interaction: Interaction with: 97c619c com.android.packageinstaller/com.android.packageinstaller.InstallInstalling (server), edge-swipe (server), swipe-up (server), PointerEventDispatcher0 (server),
06-13 18:53:15.010 1551 1727 I commit_sys_config_file: [package-user-0,2]
06-13 18:53:15.010 1551 1727 I commit_sys_config_file: [package,37]
06-13 18:53:15.022 0 0 I [62716.936577] logd: start watching /data/system/packages.list ...
06-13 18:53:15.022 0 0 I [62716.938094] logd: ReadPackageList, total packages: 111
06-13 18:53:19.580 0 0 E [62721.505414] link_delay_work_func: DTC_ETH: SQI=0, link=0
06-13 18:53:21.355 1551 1727 I unknown_sources_enabled: 1
06-13 18:53:21.365 1551 1787 I commit_sys_config_file: [package-session,62714061]
06-13 18:53:21.380 1551 1788 I commit_sys_config_file: [overlays,62714666]
06-13 18:53:21.395 1551 1551 I notification_cancel_all: [1000,1551,com.kugou.android,0,0,0,5,NULL]
06-13 18:53:21.397 1551 1810 I am_uid_active: 10089
06-13 18:53:21.436 1551 17020 I wm_task_moved: [63,1,8]
06-13 18:53:21.436 1551 17020 I wm_set_resumed_activity: [0,com.android.packageinstaller/.InstallInstalling,positionChildAt]
06-13 18:53:21.436 1551 17020 I wm_create_activity: [0,9003433,63,com.android.packageinstaller/.InstallSuccess,NULL,NULL,file:///data/user_de/0/com.android.packageinstaller/no_backup/package7922566719835719969.apk,33554432]
06-13 18:53:21.441 1551 17020 I wm_pause_activity: [0,3934189,com.android.packageinstaller/.InstallInstalling,userLeaving=true,resumeTopActivityInnerLocked]
06-13 18:53:21.445 1551 2879 I wm_finish_activity: [0,3934189,63,com.android.packageinstaller/.InstallInstalling,app-request]
06-13 18:53:21.446 2159 2159 I wm_on_top_resumed_lost_called: [3934189,com.android.packageinstaller.InstallInstalling,topStateChangedWhenResumed]
06-13 18:53:21.447 2159 2159 I wm_on_paused_called: [3934189,com.android.packageinstaller.InstallInstalling,performPause]
06-13 18:53:21.447 1551 2879 I wm_add_to_stopping: [0,3934189,com.android.packageinstaller/.InstallInstalling,completeFinishing]
06-13 18:53:21.450 1551 2879 I wm_restart_activity: [0,9003433,63,com.android.packageinstaller/.InstallSuccess]
06-13 18:53:21.452 1551 2879 I wm_set_resumed_activity: [0,com.android.packageinstaller/.InstallSuccess,minimalResumeActivityLocked]
06-13 18:53:21.482 1551 1670 I sysui_multi_action: [757,803,799,window_time_0,802,8]
06-13 18:53:21.485 1551 1551 I sysui_multi_action: [757,128,758,5,759,8,793,2597151,794,0,795,2597151,796,52488575,806,com.tencent.android.qqdownloader,857,channel_id_default_silent,858,3,946,com.tencent.android.qqdownloader,947,1,1500,2597151,1688,1]
06-13 18:53:21.485 1551 1551 I notification_canceled: [0|com.tencent.android.qqdownloader|52488575|null|10092,8,2597151,2597151,0,-1,-1,NULL]
06-13 18:53:21.497 1551 1822 I input_focus: [Focus leaving 97c619c com.android.packageinstaller/com.android.packageinstaller.InstallInstalling (server),reason=NO_WINDOW]
06-13 18:53:21.511 2159 2159 I wm_on_create_called: [9003433,com.android.packageinstaller.InstallSuccess,performCreate]
06-13 18:53:21.512 2159 2159 I wm_on_start_called: [9003433,com.android.packageinstaller.InstallSuccess,handleStartActivity]
06-13 18:53:21.520 2159 2159 I wm_on_resume_called: [9003433,com.android.packageinstaller.InstallSuccess,RESUME_ACTIVITY]
06-13 18:53:21.532 2159 2159 I wm_on_top_resumed_gained_called: [9003433,com.android.packageinstaller.InstallSuccess,topStateChangedWhenResumed]
06-13 18:53:21.554 1551 1672 I input_focus: [Focus request 407d8cb com.android.packageinstaller/com.android.packageinstaller.InstallSuccess,reason=UpdateInputWindows]
06-13 18:53:21.569 1551 1667 I wm_activity_launch_time: [0,9003433,com.android.packageinstaller/.InstallSuccess,139]
06-13 18:53:21.572 1551 1670 I wm_destroy_activity: [0,3934189,63,com.android.packageinstaller/.InstallInstalling,finish-imm:transit]
06-13 18:53:21.581 1551 1822 I input_focus: [Focus entering 407d8cb com.android.packageinstaller/com.android.packageinstaller.InstallSuccess (server),reason=setFocusedWindow]
06-13 18:53:21.595 2159 2159 I wm_on_stop_called: [3934189,com.android.packageinstaller.InstallInstalling,LIFECYCLER_STOP_ACTIVITY]
06-13 18:53:21.595 2159 2159 I wm_on_destroy_called: [3934189,com.android.packageinstaller.InstallInstalling,performDestroy]
06-13 18:53:21.610 1551 1551 I notification_enqueue: [10092,13749,com.tencent.android.qqdownloader,9685,NULL,0,Notification(channel=channel_id_default_silent shortcut=null contentView=null vibrate=null sound=null tick defaults=0x0 flags=0x210 color=0x00000000 groupKey=com.tencent.android.qqdownloader vis=PRIVATE),0]
06-13 18:53:21.873 1551 1551 I notification_enqueue: [10092,17024,com.tencent.android.qqdownloader,127,NULL,0,Notification(channel=channel_id_default_silent shortcut=null contentView=com.tencent.android.qqdownloader/0x7f0a01c2 vibrate=null sound=null defaults=0x0 flags=0x2a2 color=0x00000000 groupKey=com.tencent.android.qqdownloader vis=PRIVATE),1]
06-13 18:53:22.881 1551 1551 I notification_enqueue: [10092,17024,com.tencent.android.qqdownloader,127,NULL,0,Notification(channel=channel_id_default_silent shortcut=null contentView=com.tencent.android.qqdownloader/0x7f0a01c2 vibrate=null sound=null defaults=0x0 flags=0x2a2 color=0x00000000 groupKey=com.tencent.android.qqdownloader vis=PRIVATE),1]
06-13 18:53:23.892 1551 1551 I notification_enqueue: [10092,17024,com.tencent.android.qqdownloader,127,NULL,0,Notification(channel=channel_id_default_silent shortcut=null contentView=com.tencent.android.qqdownloader/0x7f0a01c2 vibrate=null sound=null defaults=0x0 flags=0x2a2 color=0x00000000 groupKey=com.tencent.android.qqdownloader vis=PRIVATE),1]
06-13 18:53:24.700 0 0 E [62726.624308] link_delay_work_func: DTC_ETH: SQI=0, link=0
06-13 18:53:24.744 1551 1684 I sysui_multi_action: [757,1717,758,1,759,0]
06-13 18:53:24.745 1551 1684 I sysui_multi_action: [757,1717,758,2,759,0]
06-13 18:53:24.745 1551 1684 I sysui_multi_action: [757,1717,758,3,759,0]
06-13 18:53:29.820 0 0 E [62731.744313] link_delay_work_func: DTC_ETH: SQI=0, link=0
06-13 18:53:30.619 1551 1911 I sync : [com.tencent.android.qqdownloader.YYBLiveAccountProvider,0,3,24220937]
06-13 18:53:30.662 1551 1911 I sync : [com.tencent.android.qqdownloader.YYBLiveAccountProvider,1,3,24220937]
06-13 18:53:30.667 1551 1911 I commit_sys_config_file: [sync-status,55790032]
06-13 18:53:30.675 1551 1911 I sync : [com.tencent.android.qqdownloader.YYBLiveAccountProvider,0,3,24220937]
06-13 18:53:30.718 1551 1911 I sync : [com.tencent.android.qqdownloader.YYBLiveAccountProvider,1,3,24220937]
06-13 18:53:30.721 1551 1911 I commit_sys_config_file: [sync-status,55790087]
06-13 18:53:32.671 1551 1669 I commit_sys_config_file: [jobs,6]
06-13 18:53:34.940 0 0 E [62736.864326] link_delay_work_func: DTC_ETH: SQI=0, link=0
06-13 18:53:40.060 0 0 E [62741.984327] link_delay_work_func: DTC_ETH: SQI=0, link=0
06-13 18:53:41.496 0 0 I [62743.421329] init: processing action (sys.tlog.tlogdshc.active=1) from (/system/etc/init/tlogd.rc:195)
06-13 18:53:41.496 0 0 I [62743.422175] init: starting service 'tlogdshc'...
06-13 18:53:41.612 0 0 I [62743.538371] init: Service 'tlogdshc' (pid 12649) exited with status 0 oneshot service took 0.111000 seconds in background
06-13 18:53:41.612 0 0 I [62743.538399] init: Sending signal 9 to service 'tlogdshc' (pid 12649) process group...
06-13 18:53:41.612 0 0 I [62743.538604] libprocessgroup: Successfully killed process cgroup uid 0 pid 12649 in 0ms
06-13 18:53:45.181 0 0 E [62747.104328] link_delay_work_func: DTC_ETH: SQI=0, link=0
06-13 18:53:50.296 0 0 E [62752.224329] link_delay_work_func: DTC_ETH: SQI=0, link=0
06-13 18:53:55.420 0 0 E [62757.344347] link_delay_work_func: DTC_ETH: SQI=0, link=0
06-13 18:54:00.540 0 0 E [62762.464318] link_delay_work_func: DTC_ETH: SQI=0, link=0
06-13 18:54:05.618 1551 1911 I sync : [com.tencent.android.qqdownloader.YYBLiveAccountProvider,0,3,24220937]
06-13 18:54:05.660 0 0 E [62767.584296] link_delay_work_func: DTC_ETH: SQI=0, link=0
06-13 18:54:05.664 1551 1911 I sync : [com.tencent.android.qqdownloader.YYBLiveAccountProvider,1,3,24220937]
06-13 18:54:05.667 1551 1911 I commit_sys_config_file: [sync-status,55825033]
06-13 18:54:05.675 1551 1911 I sync : [com.tencent.android.qqdownloader.YYBLiveAccountProvider,0,3,24220937]
06-13 18:54:05.709 1551 1911 I sync : [com.tencent.android.qqdownloader.YYBLiveAccountProvider,1,3,24220937]
06-13 18:54:05.711 1551 1911 I commit_sys_config_file: [sync-status,55825077]
06-13 18:54:07.672 1551 1669 I commit_sys_config_file: [jobs,6]
06-13 18:54:10.781 0 0 E [62772.704335] link_delay_work_func: DTC_ETH: SQI=0, link=0
06-13 18:54:11.496 0 0 I [62773.423258] init: processing action (sys.tlog.tlogdshc.active=1) from (/system/etc/init/tlogd.rc:195)
06-13 18:54:11.496 0 0 I [62773.424078] init: starting service 'tlogdshc'...
06-13 18:54:11.612 0 0 I [62773.538480] init: Service 'tlogdshc' (pid 12704) exited with status 0 oneshot service took 0.109000 seconds in background
06-13 18:54:11.612 0 0 I [62773.538508] init: Sending signal 9 to service 'tlogdshc' (pid 12704) process group...
06-13 18:54:11.612 0 0 I [62773.538680] libprocessgroup: Successfully killed process cgroup uid 0 pid 12704 in 0ms
06-13 18:54:15.900 0 0 E [62777.825849] link_delay_work_func: DTC_ETH: SQI=0, link=0
06-13 18:54:16.086 1551 1709 I sysui_multi_action: [757,1696,758,6,759,2]
06-13 18:54:16.092 1551 1667 I sysui_multi_action: [757,222,758,1]
06-13 18:54:16.095 1551 1686 I am_wtf : [0,1551,system_server,-1,DisplayDeviceConfig,requesting nits when no mapping exists.]
06-13 18:54:16.110 1551 1686 I service_manager_slow: [15,dropbox]
06-13 18:54:16.112 1551 1686 I am_wtf : [0,1551,system_server,-1,DisplayDeviceConfig,requesting nits when no mapping exists.]
06-13 18:54:16.114 1551 1686 I am_wtf : [0,1551,system_server,-1,DisplayDeviceConfig,requesting nits when no mapping exists.]
06-13 18:54:16.115 1551 18712 I wm_task_created: [72,-1]
06-13 18:54:16.118 1551 18712 I wm_task_moved: [72,1,9]
06-13 18:54:16.118 1551 18712 I wm_task_to_front: [0,72]
06-13 18:54:16.119 1551 1686 I am_wtf : [0,1551,system_server,-1,DisplayDeviceConfig,requesting nits when no mapping exists.]
06-13 18:54:16.119 1551 18712 I wm_create_task: [0,72]
06-13 18:54:16.119 1551 18712 I wm_create_activity: [0,203125137,72,com.thundercomm.screensaver/android.service.dreams.DreamActivity,NULL,NULL,NULL,276824064]
06-13 18:54:16.119 1551 18712 I wm_task_moved: [72,1,9]
06-13 18:54:16.119 2159 2159 I wm_on_top_resumed_lost_called: [9003433,com.android.packageinstaller.InstallSuccess,topStateChangedWhenResumed]
06-13 18:54:16.120 1551 18712 I wm_pause_activity: [0,9003433,com.android.packageinstaller/.InstallSuccess,userLeaving=true,pauseBackTasks]
06-13 18:54:16.124 2159 2159 I wm_on_paused_called: [9003433,com.android.packageinstaller.InstallSuccess,performPause]
06-13 18:54:16.125 1551 18712 I wm_add_to_stopping: [0,9003433,com.android.packageinstaller/.InstallSuccess,makeInvisible]
06-13 18:54:16.125 1551 18712 I wm_add_to_stopping: [0,148957047,com.android.packageinstaller/.DeleteStagedFileOnResult,makeInvisible]
06-13 18:54:16.125 1551 18712 I wm_add_to_stopping: [0,216049083,com.android.packageinstaller/.PackageInstallerActivity,makeInvisible]
06-13 18:54:16.125 1551 18712 I wm_add_to_stopping: [0,186497273,com.android.packageinstaller/.DeleteStagedFileOnResult,makeInvisible]
06-13 18:54:16.125 1551 18712 I wm_add_to_stopping: [0,240662303,com.android.packageinstaller/.PackageInstallerActivity,makeInvisible]
06-13 18:54:16.125 1551 18712 I wm_add_to_stopping: [0,249091709,com.android.packageinstaller/.DeleteStagedFileOnResult,makeInvisible]
06-13 18:54:16.125 1551 18712 I wm_add_to_stopping: [0,220425749,com.android.packageinstaller/.PackageInstallerActivity,makeInvisible]
06-13 18:54:16.125 1551 18712 I wm_add_to_stopping: [0,171589283,com.android.packageinstaller/.DeleteStagedFileOnResult,makeInvisible]
06-13 18:54:16.125 1551 18712 I wm_add_to_stopping: [0,240921632,com.android.packageinstaller/.PackageInstallerActivity,makeInvisible]
06-13 18:54:16.125 1551 18712 I wm_add_to_stopping: [0,3960262,com.android.packageinstaller/.DeleteStagedFileOnResult,makeInvisible]
06-13 18:54:16.125 1551 18712 I wm_add_to_stopping: [0,223077111,com.android.packageinstaller/.PackageInstallerActivity,makeInvisible]
06-13 18:54:16.125 1551 18712 I wm_add_to_stopping: [0,53462805,com.android.packageinstaller/.DeleteStagedFileOnResult,makeInvisible]
06-13 18:54:16.125 1551 18712 I wm_add_to_stopping: [0,27001122,com.android.packageinstaller/.InstallSuccess,makeInvisible]
06-13 18:54:16.125 1551 18712 I wm_add_to_stopping: [0,86616444,com.android.packageinstaller/.DeleteStagedFileOnResult,makeInvisible]
06-13 18:54:16.125 1551 18712 I wm_add_to_stopping: [0,87018331,com.android.launcher3/.uioverrides.QuickstepLauncher,makeInvisible]
06-13 18:54:16.126 1551 18712 I wm_restart_activity: [0,203125137,72,com.thundercomm.screensaver/android.service.dreams.DreamActivity]
06-13 18:54:16.127 1551 18712 I wm_set_resumed_activity: [0,com.thundercomm.screensaver/android.service.dreams.DreamActivity,minimalResumeActivityLocked]
06-13 18:54:16.127 1551 1686 I am_wtf : [0,1551,system_server,-1,DisplayDeviceConfig,requesting nits when no mapping exists.]
06-13 18:54:16.128 1551 1686 I am_wtf : [0,1551,system_server,-1,DisplayDeviceConfig,requesting nits when no mapping exists.]
06-13 18:54:16.140 4423 4423 I wm_on_create_called: [203125137,android.service.dreams.DreamActivity,performCreate]
06-13 18:54:16.140 4423 4423 I wm_on_start_called: [203125137,android.service.dreams.DreamActivity,handleStartActivity]
06-13 18:54:16.141 1551 1670 I sysui_multi_action: [757,803,799,window_time_0,802,55]
06-13 18:54:16.150 1551 1686 I am_wtf : [0,1551,system_server,-1,DisplayDeviceConfig,requesting nits when no mapping exists.]
06-13 18:54:16.151 1551 1686 I am_wtf : [0,1551,system_server,-1,DisplayDeviceConfig,requesting nits when no mapping exists.]
06-13 18:54:16.161 4423 4423 I wm_on_resume_called: [203125137,android.service.dreams.DreamActivity,RESUME_ACTIVITY]
06-13 18:54:16.163 1551 1686 I am_wtf : [0,1551,system_server,-1,DisplayDeviceConfig,requesting nits when no mapping exists.]
06-13 18:54:16.163 1551 1686 I am_wtf : [0,1551,system_server,-1,DisplayDeviceConfig,requesting nits when no mapping exists.]
06-13 18:54:16.166 1551 1822 I input_focus: [Focus leaving 407d8cb com.android.packageinstaller/com.android.packageinstaller.InstallSuccess (server),reason=NO_WINDOW]
06-13 18:54:16.166 4423 4423 I wm_on_top_resumed_gained_called: [203125137,android.service.dreams.DreamActivity,topStateChangedWhenResumed]
06-13 18:54:16.184 1551 1686 I am_wtf : [0,1551,system_server,-1,DisplayDeviceConfig,requesting nits when no mapping exists.]
06-13 18:54:16.184 1551 1686 I am_wtf : [0,1551,system_server,-1,DisplayDeviceConfig,requesting nits when no mapping exists.]
06-13 18:54:16.186 1551 1672 I input_focus: [Focus request 578ee2e com.thundercomm.screensaver/android.service.dreams.DreamActivity,reason=UpdateInputWindows]
06-13 18:54:16.195 1551 1709 I sysui_multi_action: [757,1696,758,6,759,3]
06-13 18:54:16.195 1551 1667 I sysui_multi_action: [319,43,321,28,322,80,325,62778,757,761,758,8,759,1,806,com.thundercomm.screensaver,871,android.service.dreams.DreamActivity,904,com.thundercomm.screensaver,905,0,1320,4,1321,2]
06-13 18:54:16.195 1551 1667 I wm_activity_launch_time: [0,203125137,com.thundercomm.screensaver/android.service.dreams.DreamActivity,80]
06-13 18:54:16.199 1551 1686 I am_wtf : [0,1551,system_server,-1,DisplayDeviceConfig,requesting nits when no mapping exists.]
06-13 18:54:16.200 1551 1686 I am_wtf : [0,1551,system_server,-1,DisplayDeviceConfig,requesting nits when no mapping exists.]
06-13 18:54:16.200 1551 1822 I input_focus: [Focus entering 578ee2e com.thundercomm.screensaver/android.service.dreams.DreamActivity (server),reason=setFocusedWindow]
06-13 18:54:16.214 1551 1686 I am_wtf : [0,1551,system_server,-1,DisplayDeviceConfig,requesting nits when no mapping exists.]
06-13 18:54:16.215 1551 1686 I am_wtf : [0,1551,system_server,-1,DisplayDeviceConfig,requesting nits when no mapping exists.]
06-13 18:54:16.230 1551 1686 I am_wtf : [0,1551,system_server,-1,DisplayDeviceConfig,requesting nits when no mapping exists.]
06-13 18:54:16.231 1551 1686 I am_wtf : [0,1551,system_server,-1,DisplayDeviceConfig,requesting nits when no mapping exists.]
06-13 18:54:16.247 1551 1686 I am_wtf : [0,1551,system_server,-1,DisplayDeviceConfig,requesting nits when no mapping exists.]
06-13 18:54:16.247 1551 1686 I am_wtf : [0,1551,system_server,-1,DisplayDeviceConfig,requesting nits when no mapping exists.]
06-13 18:54:16.264 1551 1686 I am_wtf : [0,1551,system_server,-1,DisplayDeviceConfig,requesting nits when no mapping exists.]
06-13 18:54:16.264 1551 1686 I am_wtf : [0,1551,system_server,-1,DisplayDeviceConfig,requesting nits when no mapping exists.]
06-13 18:54:16.280 1551 1686 I am_wtf : [0,1551,system_server,-1,DisplayDeviceConfig,requesting nits when no mapping exists.]
06-13 18:54:16.281 1551 1686 I am_wtf : [0,1551,system_server,-1,DisplayDeviceConfig,requesting nits when no mapping exists.]
06-13 18:54:16.631 1551 1670 I wm_stop_activity: [0,86616444,com.android.packageinstaller/.DeleteStagedFileOnResult]
06-13 18:54:16.631 1551 1670 I wm_stop_activity: [0,27001122,com.android.packageinstaller/.InstallSuccess]
06-13 18:54:16.631 1551 1670 I wm_stop_activity: [0,53462805,com.android.packageinstaller/.DeleteStagedFileOnResult]
06-13 18:54:16.632 1551 1670 I wm_stop_activity: [0,223077111,com.android.packageinstaller/.PackageInstallerActivity]
06-13 18:54:16.632 1551 1670 I wm_stop_activity: [0,3960262,com.android.packageinstaller/.DeleteStagedFileOnResult]
06-13 18:54:16.632 1551 1670 I wm_stop_activity: [0,240921632,com.android.packageinstaller/.PackageInstallerActivity]
06-13 18:54:16.632 1551 1670 I wm_stop_activity: [0,171589283,com.android.packageinstaller/.DeleteStagedFileOnResult]
06-13 18:54:16.632 1551 1670 I wm_stop_activity: [0,220425749,com.android.packageinstaller/.PackageInstallerActivity]
06-13 18:54:16.632 1551 1670 I wm_stop_activity: [0,249091709,com.android.packageinstaller/.DeleteStagedFileOnResult]
06-13 18:54:16.633 1551 1670 I wm_stop_activity: [0,240662303,com.android.packageinstaller/.PackageInstallerActivity]
06-13 18:54:16.633 1551 1670 I wm_stop_activity: [0,186497273,com.android.packageinstaller/.DeleteStagedFileOnResult]
06-13 18:54:16.633 1551 1670 I wm_stop_activity: [0,216049083,com.android.packageinstaller/.PackageInstallerActivity]
06-13 18:54:16.633 1551 1670 I wm_stop_activity: [0,148957047,com.android.packageinstaller/.DeleteStagedFileOnResult]
06-13 18:54:16.633 1551 1670 I wm_stop_activity: [0,9003433,com.android.packageinstaller/.InstallSuccess]
06-13 18:54:16.634 1551 1670 I wm_stop_activity: [0,87018331,com.android.launcher3/.uioverrides.QuickstepLauncher]
06-13 18:54:16.652 2614 2614 I wm_on_stop_called: [87018331,com.android.launcher3.uioverrides.QuickstepLauncher,STOP_ACTIVITY_ITEM]
06-13 18:54:16.655 2159 2159 I wm_on_stop_called: [86616444,com.android.packageinstaller.DeleteStagedFileOnResult,STOP_ACTIVITY_ITEM]
06-13 18:54:16.656 2159 2159 I wm_on_stop_called: [27001122,com.android.packageinstaller.InstallSuccess,STOP_ACTIVITY_ITEM]
06-13 18:54:16.656 2159 2159 I wm_on_stop_called: [53462805,com.android.packageinstaller.DeleteStagedFileOnResult,STOP_ACTIVITY_ITEM]
06-13 18:54:16.656 2159 2159 I wm_on_stop_called: [223077111,com.android.packageinstaller.PackageInstallerActivity,STOP_ACTIVITY_ITEM]
06-13 18:54:16.656 2159 2159 I wm_on_stop_called: [3960262,com.android.packageinstaller.DeleteStagedFileOnResult,STOP_ACTIVITY_ITEM]
06-13 18:54:16.657 2159 2159 I wm_on_stop_called: [240921632,com.android.packageinstaller.PackageInstallerActivity,STOP_ACTIVITY_ITEM]
06-13 18:54:16.657 2159 2159 I wm_on_stop_called: [171589283,com.android.packageinstaller.DeleteStagedFileOnResult,STOP_ACTIVITY_ITEM]
06-13 18:54:16.657 2159 2159 I wm_on_stop_called: [220425749,com.android.packageinstaller.PackageInstallerActivity,STOP_ACTIVITY_ITEM]
06-13 18:54:16.658 2159 2159 I wm_on_stop_called: [249091709,com.android.packageinstaller.DeleteStagedFileOnResult,STOP_ACTIVITY_ITEM]
06-13 18:54:16.658 2159 2159 I wm_on_stop_called: [240662303,com.android.packageinstaller.PackageInstallerActivity,STOP_ACTIVITY_ITEM]
06-13 18:54:16.658 2159 2159 I wm_on_stop_called: [186497273,com.android.packageinstaller.DeleteStagedFileOnResult,STOP_ACTIVITY_ITEM]
06-13 18:54:16.658 2159 2159 I wm_on_stop_called: [216049083,com.android.packageinstaller.PackageInstallerActivity,STOP_ACTIVITY_ITEM]
06-13 18:54:16.659 2159 2159 I wm_on_stop_called: [148957047,com.android.packageinstaller.DeleteStagedFileOnResult,STOP_ACTIVITY_ITEM]
06-13 18:54:16.659 2159 2159 I wm_on_stop_called: [9003433,com.android.packageinstaller.InstallSuccess,STOP_ACTIVITY_ITEM]
06-13 18:54:21.016 0 0 E [62782.944347] link_delay_work_func: DTC_ETH: SQI=0, link=0
06-13 18:54:23.083 1551 1551 I notification_enqueue: [10092,17024,com.tencent.android.qqdownloader,127,NULL,0,Notification(channel=channel_id_default_silent shortcut=null contentView=com.tencent.android.qqdownloader/0x7f0a01c2 vibrate=null sound=null defaults=0x0 flags=0x2a2 color=0x00000000 groupKey=com.tencent.android.qqdownloader vis=PRIVATE),1]
06-13 18:54:26.136 0 0 E [62788.064333] link_delay_work_func: DTC_ETH: SQI=0, link=0
06-13 18:54:31.260 0 0 E [62793.184308] link_delay_work_func: DTC_ETH: SQI=0, link=0
06-13 18:54:36.380 0 0 E [62798.304347] link_delay_work_func: DTC_ETH: SQI=0, link=0
06-13 18:54:36.570 1551 1686 I am_uid_idle: 10089
06-13 18:54:40.618 1551 1911 I sync : [com.tencent.android.qqdownloader.YYBLiveAccountProvider,0,3,24220937]
06-13 18:54:40.649 1551 1911 I sync : [com.tencent.android.qqdownloader.YYBLiveAccountProvider,1,3,24220937]
06-13 18:54:40.652 1551 1911 I commit_sys_config_file: [sync-status,55860017]
06-13 18:54:40.659 1551 1911 I sync : [com.tencent.android.qqdownloader.YYBLiveAccountProvider,0,3,24220937]
06-13 18:54:40.693 1551 1911 I sync : [com.tencent.android.qqdownloader.YYBLiveAccountProvider,1,3,24220937]
06-13 18:54:40.701 1551 1911 I commit_sys_config_file: [sync-status,55860067]
06-13 18:54:41.498 0 0 E [62803.424324] link_delay_work_func: DTC_ETH: SQI=0, link=0
06-13 18:54:41.500 0 0 I [62803.428205] init: processing action (sys.tlog.tlogdshc.active=1) from (/system/etc/init/tlogd.rc:195)
06-13 18:54:41.504 0 0 I [62803.429234] init: starting service 'tlogdshc'...
06-13 18:54:41.636 0 0 I [62803.561424] init: Service 'tlogdshc' (pid 12751) exited with status 0 oneshot service took 0.127000 seconds in background
06-13 18:54:41.636 0 0 I [62803.561449] init: Sending signal 9 to service 'tlogdshc' (pid 12751) process group...
06-13 18:54:41.636 0 0 I [62803.561638] libprocessgroup: Successfully killed process cgroup uid 0 pid 12751 in 0ms
06-13 18:54:42.658 1551 1669 I commit_sys_config_file: [jobs,6]
06-13 18:54:46.620 0 0 E [62808.544326] link_delay_work_func: DTC_ETH: SQI=0, link=0
06-13 18:54:51.740 0 0 E [62813.664351] link_delay_work_func: DTC_ETH: SQI=0, link=0
06-13 18:54:56.860 0 0 E [62818.784366] link_delay_work_func: DTC_ETH: SQI=0, link=0
06-13 18:55:01.980 0 0 E [62823.904300] link_delay_work_func: DTC_ETH: SQI=0, link=0
06-13 18:55:07.100 0 0 E [62829.024342] link_delay_work_func: DTC_ETH: SQI=0, link=0
06-13 18:55:11.510 0 0 I [62833.431487] init: processing action (sys.tlog.tlogdshc.active=1) from (/system/etc/init/tlogd.rc:195)
06-13 18:55:11.510 0 0 I [62833.432178] init: starting service 'tlogdshc'...
06-13 18:55:11.620 0 0 I [62833.545722] init: Service 'tlogdshc' (pid 12818) exited with status 0 oneshot service took 0.108000 seconds in background
06-13 18:55:11.620 0 0 I [62833.545750] init: Sending signal 9 to service 'tlogdshc' (pid 12818) process group...
06-13 18:55:11.620 0 0 I [62833.545924] libprocessgroup: Successfully killed process cgroup uid 0 pid 12818 in 0ms
06-13 18:55:12.220 0 0 E [62834.144346] link_delay_work_func: DTC_ETH: SQI=0, link=0
06-13 18:55:15.618 1551 1911 I sync : [com.tencent.android.qqdownloader.YYBLiveAccountProvider,0,3,24220937]
06-13 18:55:15.665 1551 1911 I sync : [com.tencent.android.qqdownloader.YYBLiveAccountProvider,1,3,24220937]
06-13 18:55:15.669 1551 1911 I commit_sys_config_file: [sync-status,55895035]
06-13 18:55:15.678 1551 1911 I sync : [com.tencent.android.qqdownloader.YYBLiveAccountProvider,0,3,24220937]
06-13 18:55:15.715 1551 1911 I sync : [com.tencent.android.qqdownloader.YYBLiveAccountProvider,1,3,24220937]
06-13 18:55:15.719 1551 1911 I commit_sys_config_file: [sync-status,55895084]
06-13 18:55:16.643 1551 1686 I am_uid_idle: 10025
06-13 18:55:17.340 0 0 E [62839.264347] link_delay_work_func: DTC_ETH: SQI=0, link=0
06-13 18:55:17.673 1551 1669 I commit_sys_config_file: [jobs,6]
06-13 18:55:18.184 0 0 I [62840.110097] logd: logdr: UID=1000 GID=1000 PID=12836 n tail=127 logMask=19 pid=0 start=0ns deadline=0ns
06-13 18:55:18.296 0 0 I [62840.221374] logd: logdr: UID=1000 GID=1000 PID=12839 n tail=127 logMask=80 pid=0 start=0ns deadline=0ns
06-13 18:55:18.392 0 0 E [62840.317409] [wifi@1][0x118ee135d13][18: 55:18.389483] wlan: [837:E:QDF] cds_flush_logs: 2424: Bug report already in progress - dropping! type:0, indicator=1 reason_code=0
06-13 18:55:18.392 0 0 E [62840.317443] [wifi@1][0x118ee13604b][18: 55:18.389526] wlan: [837:E:HDD] __wlan_hdd_cfg80211_wifi_logger_get_ring_data: 9840: Failed to trigger bug report
06-13 18:55:18.424 0 0 I [62840.349212] logd: logdr: UID=1000 GID=1000 PID=12841 n tail=127 logMask=19 pid=0 start=0ns deadline=0ns
06-13 18:55:18.536 0 0 I [62840.461025] logd: logdr: UID=1000 GID=1000 PID=12843 n tail=127 logMask=80 pid=0 start=0ns deadline=0ns
06-13 18:55:22.177 1551 1686 I am_uid_idle: 10062
06-13 18:55:22.461 0 0 E [62844.384319] link_delay_work_func: DTC_ETH: SQI=0, link=0
06-13 18:55:24.569 1551 1551 I notification_enqueue: [10092,17024,com.tencent.android.qqdownloader,127,NULL,0,Notification(channel=channel_id_default_silent shortcut=null contentView=com.tencent.android.qqdownloader/0x7f0a01c2 vibrate=null sound=null defaults=0x0 flags=0x2a2 color=0x00000000 groupKey=com.tencent.android.qqdownloader vis=PRIVATE),1]
06-13 18:55:27.580 0 0 E [62849.504343] link_delay_work_func: DTC_ETH: SQI=0, link=0
06-13 18:55:32.700 0 0 E [62854.624362] link_delay_work_func: DTC_ETH: SQI=0, link=0
06-13 18:55:37.820 0 0 E [62859.746401] link_delay_work_func: DTC_ETH: SQI=0, link=0
06-13 18:55:41.508 0 0 I [62863.433845] init: processing action (sys.tlog.tlogdshc.active=1) from (/system/etc/init/tlogd.rc:195)
06-13 18:55:41.508 0 0 I [62863.434437] init: starting service 'tlogdshc'...
06-13 18:55:41.620 0 0 I [62863.546653] init: Service 'tlogdshc' (pid 12869) exited with status 0 oneshot service took 0.107000 seconds in background
06-13 18:55:41.620 0 0 I [62863.546683] init: Sending signal 9 to service 'tlogdshc' (pid 12869) process group...
06-13 18:55:41.620 0 0 I [62863.546855] libprocessgroup: Successfully killed process cgroup uid 0 pid 12869 in 0ms
06-13 18:55:42.940 0 0 E [62864.864317] link_delay_work_func: DTC_ETH: SQI=0, link=0
06-13 18:55:48.060 0 0 E [62869.984328] link_delay_work_func: DTC_ETH: SQI=0, link=0
06-13 18:55:50.621 1551 1911 I sync : [com.tencent.android.qqdownloader.YYBLiveAccountProvider,0,3,24220937]
06-13 18:55:50.658 1551 1911 I sync : [com.tencent.android.qqdownloader.YYBLiveAccountProvider,1,3,24220937]
06-13 18:55:50.661 1551 1911 I commit_sys_config_file: [sync-status,55930027]
06-13 18:55:50.669 1551 1911 I sync : [com.tencent.android.qqdownloader.YYBLiveAccountProvider,0,3,24220937]
06-13 18:55:50.709 1551 1911 I sync : [com.tencent.android.qqdownloader.YYBLiveAccountProvider,1,3,24220937]
06-13 18:55:50.712 1551 1911 I commit_sys_config_file: [sync-status,55930078]
06-13 18:55:52.667 1551 1669 I commit_sys_config_file: [jobs,6]
06-13 18:55:53.180 0 0 E [62875.104325] link_delay_work_func: DTC_ETH: SQI=0, link=0
06-13 18:55:58.301 0 0 E [62880.224433] link_delay_work_func: DTC_ETH: SQI=0, link=0
06-13 18:56:03.420 0 0 E [62885.344371] link_delay_work_func: DTC_ETH: SQI=0, link=0
06-13 18:56:08.540 0 0 E [62890.464329] link_delay_work_func: DTC_ETH: SQI=0, link=0
06-13 18:56:11.508 0 0 I [62893.435878] init: processing action (sys.tlog.tlogdshc.active=1) from (/system/etc/init/tlogd.rc:195)
06-13 18:56:11.512 0 0 I [62893.436552] init: starting service 'tlogdshc'...
06-13 18:56:11.628 0 0 I [62893.553992] init: Service 'tlogdshc' (pid 12914) exited with status 0 oneshot service took 0.112000 seconds in background
06-13 18:56:11.628 0 0 I [62893.554020] init: Sending signal 9 to service 'tlogdshc' (pid 12914) process group...
06-13 18:56:11.628 0 0 I [62893.554191] libprocessgroup: Successfully killed process cgroup uid 0 pid 12914 in 0ms
06-13 18:56:13.660 0 0 E [62895.584349] link_delay_work_func: DTC_ETH: SQI=0, link=0
06-13 18:56:18.776 0 0 E [62900.704382] link_delay_work_func: DTC_ETH: SQI=0, link=0
06-13 18:56:23.900 0 0 E [62905.824321] link_delay_work_func: DTC_ETH: SQI=0, link=0
06-13 18:56:25.622 1551 1911 I sync : [com.tencent.android.qqdownloader.YYBLiveAccountProvider,0,3,24220937]
06-13 18:56:25.655 1551 1911 I sync : [com.tencent.android.qqdownloader.YYBLiveAccountProvider,1,3,24220937]
06-13 18:56:25.658 1551 1911 I commit_sys_config_file: [sync-status,55965023]
06-13 18:56:25.665 1551 1911 I sync : [com.tencent.android.qqdownloader.YYBLiveAccountProvider,0,3,24220937]
06-13 18:56:25.694 1551 1911 I sync : [com.tencent.android.qqdownloader.YYBLiveAccountProvider,1,3,24220937]
06-13 18:56:25.697 1551 1911 I commit_sys_config_file: [sync-status,55965062]
06-13 18:56:26.067 1551 1551 I notification_enqueue: [10092,17024,com.tencent.android.qqdownloader,127,NULL,0,Notification(channel=channel_id_default_silent shortcut=null contentView=com.tencent.android.qqdownloader/0x7f0a01c2 vibrate=null sound=null defaults=0x0 flags=0x2a2 color=0x00000000 groupKey=com.tencent.android.qqdownloader vis=PRIVATE),1]
06-13 18:56:27.663 1551 1669 I commit_sys_config_file: [jobs,6]
06-13 18:56:29.020 0 0 E [62910.944324] link_delay_work_func: DTC_ETH: SQI=0, link=0
06-13 18:56:34.136 0 0 E [62916.064389] link_delay_work_func: DTC_ETH: SQI=0, link=0
06-13 18:56:39.260 0 0 E [62921.184332] link_delay_work_func: DTC_ETH: SQI=0, link=0
06-13 18:56:41.512 0 0 I [62923.437839] init: processing action (sys.tlog.tlogdshc.active=1) from (/system/etc/init/tlogd.rc:195)
06-13 18:56:41.512 0 0 I [62923.438457] init: starting service 'tlogdshc'...
06-13 18:56:41.628 0 0 I [62923.552371] init: Service 'tlogdshc' (pid 12966) exited with status 0 oneshot service took 0.109000 seconds in background
06-13 18:56:41.628 0 0 I [62923.552402] init: Sending signal 9 to service 'tlogdshc' (pid 12966) process group...
06-13 18:56:41.628 0 0 I [62923.552582] libprocessgroup: Successfully killed process cgroup uid 0 pid 12966 in 0ms
06-13 18:56:44.380 0 0 E [62926.304324] link_delay_work_func: DTC_ETH: SQI=0, link=0
06-13 18:56:49.500 0 0 E [62931.424335] link_delay_work_func: DTC_ETH: SQI=0, link=0
06-13 18:56:54.620 0 0 E [62936.544345] link_delay_work_func: DTC_ETH: SQI=0, link=0
06-13 18:56:59.736 0 0 E [62941.664317] link_delay_work_func: DTC_ETH: SQI=0, link=0
06-13 18:57:00.628 1551 1911 I sync : [com.tencent.android.qqdownloader.YYBLiveAccountProvider,0,3,24220937]
06-13 18:57:00.671 1551 1911 I sync : [com.tencent.android.qqdownloader.YYBLiveAccountProvider,1,3,24220937]
06-13 18:57:00.674 1551 1911 I commit_sys_config_file: [sync-status,56000039]
06-13 18:57:00.681 1551 1911 I sync : [com.tencent.android.qqdownloader.YYBLiveAccountProvider,0,3,24220937]
06-13 18:57:00.708 1551 1911 I sync : [com.tencent.android.qqdownloader.YYBLiveAccountProvider,1,3,24220937]
06-13 18:57:00.711 1551 1911 I commit_sys_config_file: [sync-status,56000076]
06-13 18:57:02.678 1551 1669 I commit_sys_config_file: [jobs,7]
06-13 18:57:04.860 0 0 E [62946.784337] link_delay_work_func: DTC_ETH: SQI=0, link=0
06-13 18:57:09.980 0 0 E [62951.904336] link_delay_work_func: DTC_ETH: SQI=0, link=0
06-13 18:57:10.100 1551 1822 I input_interaction: Interaction with: 578ee2e com.thundercomm.screensaver/android.service.dreams.DreamActivity (server), edge-swipe (server), swipe-up (server), PointerEventDispatcher0 (server),
06-13 18:57:10.202 1551 18730 I wm_finish_activity: [0,203125137,72,com.thundercomm.screensaver/android.service.dreams.DreamActivity,finish-activity]
06-13 18:57:10.202 1551 18730 I wm_task_moved: [63,1,8]
06-13 18:57:10.202 1551 18730 I wm_task_to_front: [0,63]
06-13 18:57:10.203 1551 18730 I wm_focused_root_task: [0,0,63,72,finish-top adjustFocusToNextFocusableTask]
06-13 18:57:10.204 1551 18730 I wm_pause_activity: [0,203125137,com.thundercomm.screensaver/android.service.dreams.DreamActivity,userLeaving=false,finish]
06-13 18:57:10.211 1551 1670 I sysui_multi_action: [757,803,799,window_time_0,802,174]
06-13 18:57:10.212 4423 4423 I wm_on_top_resumed_lost_called: [203125137,android.service.dreams.DreamActivity,topStateChangedWhenResumed]
06-13 18:57:10.213 4423 4423 I wm_on_paused_called: [203125137,android.service.dreams.DreamActivity,performPause]
06-13 18:57:10.214 1551 18712 I wm_add_to_stopping: [0,203125137,com.thundercomm.screensaver/android.service.dreams.DreamActivity,completeFinishing]
06-13 18:57:10.218 1551 18712 I wm_set_resumed_activity: [0,com.android.packageinstaller/.InstallSuccess,resumeTopActivityInnerLocked]
06-13 18:57:10.224 1551 18712 I wm_resume_activity: [0,9003433,63,com.android.packageinstaller/.InstallSuccess]
06-13 18:57:10.230 1551 1670 I am_uid_active: 10025
06-13 18:57:10.237 2159 2159 I wm_on_restart_called: [148957047,com.android.packageinstaller.DeleteStagedFileOnResult,performRestartActivity]
06-13 18:57:10.237 2159 2159 I wm_on_start_called: [148957047,com.android.packageinstaller.DeleteStagedFileOnResult,handleStartActivity]
06-13 18:57:10.237 1551 1822 I input_focus: [Focus leaving 578ee2e com.thundercomm.screensaver/android.service.dreams.DreamActivity (server),reason=NO_WINDOW]
06-13 18:57:10.237 1551 1670 I sysui_multi_action: [757,803,799,window_time_0,802,0]
06-13 18:57:10.238 2159 2159 I wm_on_restart_called: [216049083,com.android.packageinstaller.PackageInstallerActivity,performRestartActivity]
06-13 18:57:10.238 2159 2159 I wm_on_start_called: [216049083,com.android.packageinstaller.PackageInstallerActivity,handleStartActivity]
06-13 18:57:10.238 2159 2159 I wm_on_restart_called: [186497273,com.android.packageinstaller.DeleteStagedFileOnResult,performRestartActivity]
