06-13 20:03:31.291 1551 1684 I am_pss : [3097,10090,com.android.providers.media.module,15006720,12599296,69632,90902528,2,0,6]
06-13 20:03:31.297 1551 1684 I am_pss : [2461,10091,android.ext.services,11531264,8990720,69632,87851008,2,5,5]
06-13 20:03:31.302 1551 1684 I am_pss : [3131,10070,com.qualcomm.location.XT,6106112,4194304,69632,76865536,2,6,4]
06-13 20:03:31.307 1551 1684 I am_pss : [3350,1000,com.qti.diagservices,9376768,802816,7851008,36790272,2,10,4]
06-13 20:03:31.315 1551 1684 I am_pss : [3024,10080,com.hryt.lebotp,63736832,56291328,236544,124379136,2,0,7]
06-13 20:03:31.322 1551 1684 I am_pss : [3008,10079,com.qualcomm.qti.workloadclassifier,26407936,23851008,68608,101007360,2,0,6]
06-13 20:03:31.327 1551 1684 I am_pss : [3001,10078,com.qualcomm.qti.qccnetstat,5835776,3969024,69632,75481088,2,0,5]
06-13 20:03:31.333 1551 1684 I am_pss : [2994,10072,com.qualcomm.qti.services.systemhelper:systemhelper_service,5859328,4018176,69632,75022336,2,0,5]
06-13 20:03:31.338 1551 1684 I am_pss : [2964,10054,.pasr,5486592,3620864,69632,74035200,2,0,4]
06-13 20:03:31.343 1551 1684 I am_pss : [2833,1000,com.hryt.hiphishowfsecontrol,6828032,4739072,69632,79884288,2,0,4]
06-13 20:03:31.347 1551 1684 I am_pss : [2829,10055,ts.car.uart,5590016,3727360,69632,74412032,2,0,4]
06-13 20:03:31.353 1551 1684 I am_pss : [2770,10076,com.qualcomm.location,9561088,6889472,69632,86155264,2,0,5]
06-13 20:03:31.358 1551 1684 I am_pss : [2436,1000,com.qualcomm.qti.qdma,13590528,11284480,69632,89153536,2,0,5]
06-13 20:03:31.363 1551 1684 I am_pss : [3268,10060,com.qualcomm.qti.devicestatisticsservice,5436416,3575808,69632,73830400,2,0,4]
06-13 20:03:31.369 1551 1684 I am_pss : [2371,1000,com.thundercomm.tcservice,15882240,13869056,69632,87891968,2,0,5]
06-13 20:03:31.375 1551 1684 I am_pss : [2360,1000,com.thundercomm.remotecontrolservice,21762048,19910656,69632,90972160,2,0,5]
06-13 20:03:31.380 1551 1684 I am_pss : [2329,1068,com.android.se,5785600,3903488,69632,75669504,2,0,4]
06-13 20:03:31.385 1551 1684 I am_pss : [2284,10083,com.qti.qualcomm.mstatssystemservice,5587968,3743744,69632,74342400,2,0,4]
06-13 20:03:31.389 1551 1684 I am_pss : [2261,1000,com.thundercomm.tcsetupwizard,5710848,3846144,69632,74158080,2,0,4]
06-13 20:03:31.394 1551 1684 I am_pss : [2279,1000,vendor.qti.qesdk.sysservice,5711872,3809280,69632,75128832,2,0,4]
06-13 20:03:31.399 1551 1684 I am_pss : [2192,1000,com.tc.logclient,7958528,6045696,69632,78905344,2,0,5]
06-13 20:03:31.404 1551 1684 I am_pss : [2178,1000,com.thundercomm.tchttpserver,5964800,4100096,69632,75415552,2,0,4]
06-13 20:03:31.409 1551 1684 I am_pss : [2153,1001,.dataservices,8313856,6139904,69632,80855040,2,0,4]
06-13 20:03:31.415 1551 1684 I am_pss : [2202,1073,com.android.networkstack.process,15897600,12636160,68608,95674368,2,0,5]
06-13 20:03:31.420 1551 1684 I am_pss : [2160,10052,.qtidataservices,5756928,3883008,69632,75075584,2,0,5]
06-13 20:03:31.426 1551 1684 I am_pss : [2144,1000,com.thundercomm.microsettings,7108608,5017600,69632,80293888,2,0,5]
06-13 20:03:31.431 1551 1684 I am_pss : [2103,1000,com.thundercomm.microservice,6287360,4403200,69632,76333056,2,0,4]
06-13 20:03:31.440 1551 1684 I am_pss : [2037,1000,com.thundercomm.gamemode,45393920,42201088,67584,129417216,2,0,7]
06-13 20:03:31.453 1551 1684 I am_pss : [1949,10075,com.android.systemui,172704768,164655104,67584,270700544,2,0,13]
06-13 20:03:31.474 1551 1684 I am_pss : [1551,1000,system,196726784,125050880,64512,440467456,2,0,20]
06-13 20:03:32.925 1551 1669 I commit_sys_config_file: [jobs,6]
06-13 20:03:33.336 0 0 E [66935.264346] link_delay_work_func: DTC_ETH: SQI=0, link=0
06-13 20:03:38.460 0 0 E [66940.384322] link_delay_work_func: DTC_ETH: SQI=0, link=0
06-13 20:03:42.000 0 0 I [66943.923795] init: processing action (sys.tlog.tlogdshc.active=1) from (/system/etc/init/tlogd.rc:195)
06-13 20:03:42.000 0 0 I [66943.924881] init: starting service 'tlogdshc'...
06-13 20:03:42.112 0 0 I [66944.040050] init: Service 'tlogdshc' (pid 19869) exited with status 0 oneshot service took 0.109000 seconds in background
06-13 20:03:42.112 0 0 I [66944.040080] init: Sending signal 9 to service 'tlogdshc' (pid 19869) process group...
06-13 20:03:42.112 0 0 I [66944.040333] libprocessgroup: Successfully killed process cgroup uid 0 pid 19869 in 0ms
06-13 20:03:43.580 0 0 E [66945.504361] link_delay_work_func: DTC_ETH: SQI=0, link=0
06-13 20:03:48.700 0 0 E [66950.624335] link_delay_work_func: DTC_ETH: SQI=0, link=0
06-13 20:03:53.820 0 0 E [66955.744358] link_delay_work_func: DTC_ETH: SQI=0, link=0
06-13 20:03:58.940 0 0 E [66960.864328] link_delay_work_func: DTC_ETH: SQI=0, link=0
06-13 20:04:04.060 0 0 E [66965.984334] link_delay_work_func: DTC_ETH: SQI=0, link=0
06-13 20:04:05.883 1551 1911 I sync : [com.tencent.android.qqdownloader.YYBLiveAccountProvider,0,3,24220937]
06-13 20:04:05.925 1551 1911 I sync : [com.tencent.android.qqdownloader.YYBLiveAccountProvider,1,3,24220937]
06-13 20:04:05.931 1551 1911 I commit_sys_config_file: [sync-status,60025296]
06-13 20:04:05.937 1551 1911 I sync : [com.tencent.android.qqdownloader.YYBLiveAccountProvider,0,3,24220937]
06-13 20:04:05.960 1551 1911 I sync : [com.tencent.android.qqdownloader.YYBLiveAccountProvider,1,3,24220937]
06-13 20:04:05.962 1551 1911 I commit_sys_config_file: [sync-status,60025328]
06-13 20:04:07.935 1551 1669 I commit_sys_config_file: [jobs,7]
06-13 20:04:09.180 0 0 E [66971.104328] link_delay_work_func: DTC_ETH: SQI=0, link=0
06-13 20:04:12.004 0 0 I [66973.931220] init: processing action (sys.tlog.tlogdshc.active=1) from (/system/etc/init/tlogd.rc:195)
06-13 20:04:12.004 0 0 I [66973.931919] init: starting service 'tlogdshc'...
06-13 20:04:12.124 0 0 I [66974.051471] init: Service 'tlogdshc' (pid 19918) exited with status 0 oneshot service took 0.115000 seconds in background
06-13 20:04:12.124 0 0 I [66974.051498] init: Sending signal 9 to service 'tlogdshc' (pid 19918) process group...
06-13 20:04:12.124 0 0 I [66974.051667] libprocessgroup: Successfully killed process cgroup uid 0 pid 19918 in 0ms
06-13 20:04:14.300 0 0 E [66976.224375] link_delay_work_func: DTC_ETH: SQI=0, link=0
06-13 20:04:19.416 0 0 E [66981.344368] link_delay_work_func: DTC_ETH: SQI=0, link=0
06-13 20:04:24.540 0 0 E [66986.464334] link_delay_work_func: DTC_ETH: SQI=0, link=0
06-13 20:04:29.073 1551 1551 I notification_enqueue: [10092,17024,com.tencent.android.qqdownloader,127,NULL,0,Notification(channel=channel_id_default_silent shortcut=null contentView=com.tencent.android.qqdownloader/0x7f0a01c2 vibrate=null sound=null defaults=0x0 flags=0x2a2 color=0x00000000 groupKey=com.tencent.android.qqdownloader vis=PRIVATE),1]
06-13 20:04:29.660 0 0 E [66991.584335] link_delay_work_func: DTC_ETH: SQI=0, link=0
06-13 20:04:34.780 0 0 E [66996.704358] link_delay_work_func: DTC_ETH: SQI=0, link=0
06-13 20:04:39.900 0 0 E [67001.824339] link_delay_work_func: DTC_ETH: SQI=0, link=0
06-13 20:04:40.883 1551 1911 I sync : [com.tencent.android.qqdownloader.YYBLiveAccountProvider,0,3,24220937]
06-13 20:04:40.927 1551 1911 I sync : [com.tencent.android.qqdownloader.YYBLiveAccountProvider,1,3,24220937]
06-13 20:04:40.930 1551 1911 I commit_sys_config_file: [sync-status,60060296]
06-13 20:04:40.938 1551 1911 I sync : [com.tencent.android.qqdownloader.YYBLiveAccountProvider,0,3,24220937]
06-13 20:04:40.964 1551 1911 I sync : [com.tencent.android.qqdownloader.YYBLiveAccountProvider,1,3,24220937]
06-13 20:04:40.967 1551 1911 I commit_sys_config_file: [sync-status,60060332]
06-13 20:04:42.008 0 0 I [67003.932673] init: processing action (sys.tlog.tlogdshc.active=1) from (/system/etc/init/tlogd.rc:195)
06-13 20:04:42.008 0 0 I [67003.933182] init: starting service 'tlogdshc'...
06-13 20:04:42.036 19961 19961 I auditd : type=1400 audit(0.0:3795): avc: denied { kill } for comm="cut" capability=5 scontext=u:r:np_thundercomm_tlogdsh:s0 tcontext=u:r:np_thundercomm_tlogdsh:s0 tclass=capability permissive=0
06-13 20:04:42.124 0 0 I [67004.051484] init: Service 'tlogdshc' (pid 19959) exited with status 0 oneshot service took 0.114000 seconds in background
06-13 20:04:42.124 0 0 I [67004.051511] init: Sending signal 9 to service 'tlogdshc' (pid 19959) process group...
06-13 20:04:42.124 0 0 I [67004.051707] libprocessgroup: Successfully killed process cgroup uid 0 pid 19959 in 0ms
06-13 20:04:42.935 1551 1669 I commit_sys_config_file: [jobs,6]
06-13 20:04:45.020 0 0 E [67006.944318] link_delay_work_func: DTC_ETH: SQI=0, link=0
06-13 20:04:50.141 0 0 E [67012.064369] link_delay_work_func: DTC_ETH: SQI=0, link=0
06-13 20:04:55.260 0 0 E [67017.184332] link_delay_work_func: DTC_ETH: SQI=0, link=0
06-13 20:05:00.380 0 0 E [67022.304338] link_delay_work_func: DTC_ETH: SQI=0, link=0
06-13 20:05:05.500 0 0 E [67027.424350] link_delay_work_func: DTC_ETH: SQI=0, link=0
06-13 20:05:10.620 0 0 E [67032.544299] link_delay_work_func: DTC_ETH: SQI=0, link=0
06-13 20:05:12.009 0 0 I [67033.934227] init: processing action (sys.tlog.tlogdshc.active=1) from (/system/etc/init/tlogd.rc:195)
06-13 20:05:12.009 0 0 I [67033.934878] init: starting service 'tlogdshc'...
06-13 20:05:12.036 20004 20004 I auditd : type=1400 audit(0.0:3796): avc: denied { kill } for comm="du" capability=5 scontext=u:r:np_thundercomm_tlogdsh:s0 tcontext=u:r:np_thundercomm_tlogdsh:s0 tclass=capability permissive=0
06-13 20:05:12.120 0 0 I [67034.046045] init: Service 'tlogdshc' (pid 20003) exited with status 0 oneshot service took 0.106000 seconds in background
06-13 20:05:12.120 0 0 I [67034.046072] init: Sending signal 9 to service 'tlogdshc' (pid 20003) process group...
06-13 20:05:12.120 0 0 I [67034.046253] libprocessgroup: Successfully killed process cgroup uid 0 pid 20003 in 0ms
06-13 20:05:15.740 0 0 E [67037.664359] link_delay_work_func: DTC_ETH: SQI=0, link=0
06-13 20:05:15.884 1551 1911 I sync : [com.tencent.android.qqdownloader.YYBLiveAccountProvider,0,3,24220937]
06-13 20:05:15.924 1551 1911 I sync : [com.tencent.android.qqdownloader.YYBLiveAccountProvider,1,3,24220937]
06-13 20:05:15.927 1551 1911 I commit_sys_config_file: [sync-status,60095292]
06-13 20:05:15.936 1551 1911 I sync : [com.tencent.android.qqdownloader.YYBLiveAccountProvider,0,3,24220937]
06-13 20:05:15.972 1551 1911 I sync : [com.tencent.android.qqdownloader.YYBLiveAccountProvider,1,3,24220937]
06-13 20:05:15.975 1551 1911 I commit_sys_config_file: [sync-status,60095341]
06-13 20:05:17.934 1551 1669 I commit_sys_config_file: [jobs,8]
06-13 20:05:20.860 0 0 E [67042.784387] link_delay_work_func: DTC_ETH: SQI=0, link=0
06-13 20:05:25.980 0 0 E [67047.904347] link_delay_work_func: DTC_ETH: SQI=0, link=0
06-13 20:05:30.574 1551 1551 I notification_enqueue: [10092,17024,com.tencent.android.qqdownloader,127,NULL,0,Notification(channel=channel_id_default_silent shortcut=null contentView=com.tencent.android.qqdownloader/0x7f0a01c2 vibrate=null sound=null defaults=0x0 flags=0x2a2 color=0x00000000 groupKey=com.tencent.android.qqdownloader vis=PRIVATE),1]
06-13 20:05:31.100 0 0 E [67053.024393] link_delay_work_func: DTC_ETH: SQI=0, link=0
06-13 20:05:36.220 0 0 E [67058.144354] link_delay_work_func: DTC_ETH: SQI=0, link=0
06-13 20:05:41.340 0 0 E [67063.264329] link_delay_work_func: DTC_ETH: SQI=0, link=0
06-13 20:05:42.008 0 0 I [67063.935840] init: processing action (sys.tlog.tlogdshc.active=1) from (/system/etc/init/tlogd.rc:195)
06-13 20:05:42.009 0 0 I [67063.936586] init: starting service 'tlogdshc'...
06-13 20:05:42.120 0 0 I [67064.047855] init: Service 'tlogdshc' (pid 20047) exited with status 0 oneshot service took 0.106000 seconds in background
06-13 20:05:42.120 0 0 I [67064.047885] init: Sending signal 9 to service 'tlogdshc' (pid 20047) process group...
06-13 20:05:42.120 0 0 I [67064.048053] libprocessgroup: Successfully killed process cgroup uid 0 pid 20047 in 0ms
06-13 20:05:46.460 0 0 E [67068.384409] link_delay_work_func: DTC_ETH: SQI=0, link=0
06-13 20:05:50.884 1551 1911 I sync : [com.tencent.android.qqdownloader.YYBLiveAccountProvider,0,3,24220937]
06-13 20:05:50.920 1551 1911 I sync : [com.tencent.android.qqdownloader.YYBLiveAccountProvider,1,3,24220937]
06-13 20:05:50.922 1551 1911 I commit_sys_config_file: [sync-status,60130288]
06-13 20:05:50.930 1551 1911 I sync : [com.tencent.android.qqdownloader.YYBLiveAccountProvider,0,3,24220937]
06-13 20:05:50.965 1551 1911 I sync : [com.tencent.android.qqdownloader.YYBLiveAccountProvider,1,3,24220937]
06-13 20:05:50.968 1551 1911 I commit_sys_config_file: [sync-status,60130333]
06-13 20:05:51.580 0 0 E [67073.504334] link_delay_work_func: DTC_ETH: SQI=0, link=0
06-13 20:05:52.929 1551 1669 I commit_sys_config_file: [jobs,7]
06-13 20:05:56.700 0 0 E [67078.624356] link_delay_work_func: DTC_ETH: SQI=0, link=0
06-13 20:06:01.820 0 0 E [67083.744317] link_delay_work_func: DTC_ETH: SQI=0, link=0
06-13 20:06:06.940 0 0 E [67088.864325] link_delay_work_func: DTC_ETH: SQI=0, link=0
06-13 20:06:12.012 0 0 I [67093.937492] init: processing action (sys.tlog.tlogdshc.active=1) from (/system/etc/init/tlogd.rc:195)
06-13 20:06:12.012 0 0 I [67093.938124] init: starting service 'tlogdshc'...
06-13 20:06:12.036 20093 20093 I auditd : type=1400 audit(0.0:3797): avc: denied { kill } for comm="tlogd.sh" capability=5 scontext=u:r:np_thundercomm_tlogdsh:s0 tcontext=u:r:np_thundercomm_tlogdsh:s0 tclass=capability permissive=0
06-13 20:06:12.056 0 0 E [67093.984326] link_delay_work_func: DTC_ETH: SQI=0, link=0
06-13 20:06:12.148 0 0 I [67094.073297] init: Service 'tlogdshc' (pid 20093) exited with status 0 oneshot service took 0.129000 seconds in background
06-13 20:06:12.148 0 0 I [67094.073351] init: Sending signal 9 to service 'tlogdshc' (pid 20093) process group...
06-13 20:06:12.148 0 0 I [67094.073626] libprocessgroup: Successfully killed process cgroup uid 0 pid 20093 in 0ms
06-13 20:06:17.180 0 0 E [67099.104323] link_delay_work_func: DTC_ETH: SQI=0, link=0
06-13 20:06:22.300 0 0 E [67104.224334] link_delay_work_func: DTC_ETH: SQI=0, link=0
06-13 20:06:25.888 1551 1911 I sync : [com.tencent.android.qqdownloader.YYBLiveAccountProvider,0,3,24220937]
06-13 20:06:25.917 1551 1911 I sync : [com.tencent.android.qqdownloader.YYBLiveAccountProvider,1,3,24220937]
06-13 20:06:25.919 1551 1911 I commit_sys_config_file: [sync-status,60165285]
06-13 20:06:25.926 1551 1911 I sync : [com.tencent.android.qqdownloader.YYBLiveAccountProvider,0,3,24220937]
06-13 20:06:25.963 1551 1911 I sync : [com.tencent.android.qqdownloader.YYBLiveAccountProvider,1,3,24220937]
06-13 20:06:25.965 1551 1911 I commit_sys_config_file: [sync-status,60165331]
06-13 20:06:27.420 0 0 E [67109.344450] link_delay_work_func: DTC_ETH: SQI=0, link=0
06-13 20:06:27.926 1551 1669 I commit_sys_config_file: [jobs,5]
06-13 20:06:32.067 1551 1551 I notification_enqueue: [10092,17024,com.tencent.android.qqdownloader,127,NULL,0,Notification(channel=channel_id_default_silent shortcut=null contentView=com.tencent.android.qqdownloader/0x7f0a01c2 vibrate=null sound=null defaults=0x0 flags=0x2a2 color=0x00000000 groupKey=com.tencent.android.qqdownloader vis=PRIVATE),1]
06-13 20:06:32.540 0 0 E [67114.464405] link_delay_work_func: DTC_ETH: SQI=0, link=0
06-13 20:06:37.660 0 0 E [67119.584329] link_delay_work_func: DTC_ETH: SQI=0, link=0
06-13 20:06:42.016 0 0 I [67123.944104] init: processing action (sys.tlog.tlogdshc.active=1) from (/system/etc/init/tlogd.rc:195)
06-13 20:06:42.020 0 0 I [67123.944798] init: starting service 'tlogdshc'...
06-13 20:06:42.132 0 0 I [67124.059401] init: Service 'tlogdshc' (pid 20136) exited with status 0 oneshot service took 0.109000 seconds in background
06-13 20:06:42.132 0 0 I [67124.059428] init: Sending signal 9 to service 'tlogdshc' (pid 20136) process group...
06-13 20:06:42.132 0 0 I [67124.059594] libprocessgroup: Successfully killed process cgroup uid 0 pid 20136 in 0ms
06-13 20:06:42.780 0 0 E [67124.704350] link_delay_work_func: DTC_ETH: SQI=0, link=0
06-13 20:06:47.900 0 0 E [67129.824384] link_delay_work_func: DTC_ETH: SQI=0, link=0
06-13 20:06:53.020 0 0 E [67134.944341] link_delay_work_func: DTC_ETH: SQI=0, link=0
06-13 20:06:58.140 0 0 E [67140.064341] link_delay_work_func: DTC_ETH: SQI=0, link=0
06-13 20:07:00.891 1551 1911 I sync : [com.tencent.android.qqdownloader.YYBLiveAccountProvider,0,3,24220937]
06-13 20:07:00.948 1551 1911 I sync : [com.tencent.android.qqdownloader.YYBLiveAccountProvider,1,3,24220937]
06-13 20:07:00.951 1551 1911 I commit_sys_config_file: [sync-status,60200317]
06-13 20:07:00.961 1551 1911 I sync : [com.tencent.android.qqdownloader.YYBLiveAccountProvider,0,3,24220937]
06-13 20:07:00.989 1551 1911 I sync : [com.tencent.android.qqdownloader.YYBLiveAccountProvider,1,3,24220937]
06-13 20:07:00.992 1551 1911 I commit_sys_config_file: [sync-status,60200357]
06-13 20:07:02.958 1551 1669 I commit_sys_config_file: [jobs,7]
06-13 20:07:03.256 0 0 E [67145.184356] link_delay_work_func: DTC_ETH: SQI=0, link=0
06-13 20:07:08.376 0 0 E [67150.304368] link_delay_work_func: DTC_ETH: SQI=0, link=0
06-13 20:07:12.024 0 0 I [67153.949676] init: processing action (sys.tlog.tlogdshc.active=1) from (/system/etc/init/tlogd.rc:195)
06-13 20:07:12.024 0 0 I [67153.950227] init: starting service 'tlogdshc'...
06-13 20:07:12.136 0 0 I [67154.062373] init: Service 'tlogdshc' (pid 20182) exited with status 0 oneshot service took 0.107000 seconds in background
06-13 20:07:12.136 0 0 I [67154.062402] init: Sending signal 9 to service 'tlogdshc' (pid 20182) process group...
06-13 20:07:12.136 0 0 I [67154.062572] libprocessgroup: Successfully killed process cgroup uid 0 pid 20182 in 0ms
06-13 20:07:13.504 0 0 E [67155.432383] link_delay_work_func: DTC_ETH: SQI=0, link=0
06-13 20:07:18.616 0 0 E [67160.544341] link_delay_work_func: DTC_ETH: SQI=0, link=0
06-13 20:07:23.740 0 0 E [67165.664338] link_delay_work_func: DTC_ETH: SQI=0, link=0
06-13 20:07:28.860 0 0 E [67170.784340] link_delay_work_func: DTC_ETH: SQI=0, link=0
06-13 20:07:33.570 1551 1551 I notification_enqueue: [10092,17024,com.tencent.android.qqdownloader,127,NULL,0,Notification(channel=channel_id_default_silent shortcut=null contentView=com.tencent.android.qqdownloader/0x7f0a01c2 vibrate=null sound=null defaults=0x0 flags=0x2a2 color=0x00000000 groupKey=com.tencent.android.qqdownloader vis=PRIVATE),1]
06-13 20:07:33.980 0 0 E [67175.904384] link_delay_work_func: DTC_ETH: SQI=0, link=0
06-13 20:07:35.902 1551 1911 I sync : [com.tencent.android.qqdownloader.YYBLiveAccountProvider,0,3,24220937]
06-13 20:07:35.938 1551 1911 I sync : [com.tencent.android.qqdownloader.YYBLiveAccountProvider,1,3,24220937]
06-13 20:07:35.941 1551 1911 I commit_sys_config_file: [sync-status,60235306]
06-13 20:07:35.949 1551 1911 I sync : [com.tencent.android.qqdownloader.YYBLiveAccountProvider,0,3,24220937]
06-13 20:07:35.983 1551 1911 I sync : [com.tencent.android.qqdownloader.YYBLiveAccountProvider,1,3,24220937]
06-13 20:07:35.988 1551 1911 I commit_sys_config_file: [sync-status,60235354]
06-13 20:07:36.578 1551 1551 I notification_enqueue: [10092,17024,com.tencent.android.qqdownloader,127,NULL,0,Notification(channel=channel_id_default_silent shortcut=null contentView=com.tencent.android.qqdownloader/0x7f0a01c2 vibrate=null sound=null defaults=0x0 flags=0x2a2 color=0x00000000 groupKey=com.tencent.android.qqdownloader vis=PRIVATE),1]
06-13 20:07:37.946 1551 1669 I commit_sys_config_file: [jobs,6]
06-13 20:07:39.100 0 0 E [67181.024353] link_delay_work_func: DTC_ETH: SQI=0, link=0
06-13 20:07:42.024 0 0 I [67183.951177] init: processing action (sys.tlog.tlogdshc.active=1) from (/system/etc/init/tlogd.rc:195)
06-13 20:07:42.024 0 0 I [67183.951751] init: starting service 'tlogdshc'...
06-13 20:07:42.136 0 0 I [67184.063619] init: Service 'tlogdshc' (pid 20235) exited with status 0 oneshot service took 0.106000 seconds in background
06-13 20:07:42.136 0 0 I [67184.063647] init: Sending signal 9 to service 'tlogdshc' (pid 20235) process group...
06-13 20:07:42.136 0 0 I [67184.063808] libprocessgroup: Successfully killed process cgroup uid 0 pid 20235 in 0ms
06-13 20:07:44.220 0 0 E [67186.144376] link_delay_work_func: DTC_ETH: SQI=0, link=0
06-13 20:07:49.336 0 0 E [67191.264382] link_delay_work_func: DTC_ETH: SQI=0, link=0
06-13 20:07:50.936 1551 1684 I commit_sys_config_file: [sync-stats,58450196]
06-13 20:07:54.460 0 0 E [67196.384401] link_delay_work_func: DTC_ETH: SQI=0, link=0
06-13 20:07:59.580 0 0 E [67201.504335] link_delay_work_func: DTC_ETH: SQI=0, link=0
06-13 20:08:04.700 0 0 E [67206.624349] link_delay_work_func: DTC_ETH: SQI=0, link=0
06-13 20:08:09.820 0 0 E [67211.744334] link_delay_work_func: DTC_ETH: SQI=0, link=0
06-13 20:08:10.894 1551 1911 I sync : [com.tencent.android.qqdownloader.YYBLiveAccountProvider,0,3,24220937]
06-13 20:08:10.936 1551 1911 I sync : [com.tencent.android.qqdownloader.YYBLiveAccountProvider,1,3,24220937]
06-13 20:08:10.940 1551 1911 I commit_sys_config_file: [sync-status,60270306]
06-13 20:08:10.951 1551 1911 I sync : [com.tencent.android.qqdownloader.YYBLiveAccountProvider,0,3,24220937]
06-13 20:08:10.987 1551 1911 I sync : [com.tencent.android.qqdownloader.YYBLiveAccountProvider,1,3,24220937]
06-13 20:08:10.989 1551 1911 I commit_sys_config_file: [sync-status,60270355]
06-13 20:08:12.028 0 0 I [67213.952588] init: processing action (sys.tlog.tlogdshc.active=1) from (/system/etc/init/tlogd.rc:195)
06-13 20:08:12.028 0 0 I [67213.952962] init: starting service 'tlogdshc'...
06-13 20:08:12.128 0 0 I [67214.056006] init: Service 'tlogdshc' (pid 20277) exited with status 0 oneshot service took 0.099000 seconds in background
06-13 20:08:12.128 0 0 I [67214.056033] init: Sending signal 9 to service 'tlogdshc' (pid 20277) process group...
06-13 20:08:12.128 0 0 I [67214.056207] libprocessgroup: Successfully killed process cgroup uid 0 pid 20277 in 0ms
06-13 20:08:12.943 1551 1669 I commit_sys_config_file: [jobs,5]
06-13 20:08:14.940 0 0 E [67216.864339] link_delay_work_func: DTC_ETH: SQI=0, link=0
06-13 20:08:20.064 0 0 E [67221.988383] link_delay_work_func: DTC_ETH: SQI=0, link=0
06-13 20:08:25.180 0 0 E [67227.104332] link_delay_work_func: DTC_ETH: SQI=0, link=0
06-13 20:08:30.300 0 0 E [67232.224514] link_delay_work_func: DTC_ETH: SQI=0, link=0
06-13 20:08:35.420 0 0 E [67237.344330] link_delay_work_func: DTC_ETH: SQI=0, link=0
06-13 20:08:38.067 1551 1551 I notification_enqueue: [10092,17024,com.tencent.android.qqdownloader,127,NULL,0,Notification(channel=channel_id_default_silent shortcut=null contentView=com.tencent.android.qqdownloader/0x7f0a01c2 vibrate=null sound=null defaults=0x0 flags=0x2a2 color=0x00000000 groupKey=com.tencent.android.qqdownloader vis=PRIVATE),1]
06-13 20:08:40.540 0 0 E [67242.464341] link_delay_work_func: DTC_ETH: SQI=0, link=0
06-13 20:08:42.028 0 0 I [67243.954868] init: processing action (sys.tlog.tlogdshc.active=1) from (/system/etc/init/tlogd.rc:195)
06-13 20:08:42.028 0 0 I [67243.955707] init: starting service 'tlogdshc'...
06-13 20:08:42.144 0 0 I [67244.069996] init: Service 'tlogdshc' (pid 20318) exited with status 0 oneshot service took 0.109000 seconds in background
06-13 20:08:42.144 0 0 I [67244.070024] init: Sending signal 9 to service 'tlogdshc' (pid 20318) process group...
06-13 20:08:42.144 0 0 I [67244.070201] libprocessgroup: Successfully killed process cgroup uid 0 pid 20318 in 0ms
06-13 20:08:45.656 0 0 E [67247.584353] link_delay_work_func: DTC_ETH: SQI=0, link=0
06-13 20:08:45.891 1551 1911 I sync : [com.tencent.android.qqdownloader.YYBLiveAccountProvider,0,3,24220937]
06-13 20:08:45.917 1551 1911 I sync : [com.tencent.android.qqdownloader.YYBLiveAccountProvider,1,3,24220937]
06-13 20:08:45.919 1551 1911 I commit_sys_config_file: [sync-status,60305285]
06-13 20:08:45.925 1551 1911 I sync : [com.tencent.android.qqdownloader.YYBLiveAccountProvider,0,3,24220937]
06-13 20:08:45.952 1551 1911 I sync : [com.tencent.android.qqdownloader.YYBLiveAccountProvider,1,3,24220937]
06-13 20:08:45.954 1551 1911 I commit_sys_config_file: [sync-status,60305320]
06-13 20:08:47.925 1551 1669 I commit_sys_config_file: [jobs,6]
06-13 20:08:50.776 0 0 E [67252.704342] link_delay_work_func: DTC_ETH: SQI=0, link=0
06-13 20:08:55.900 0 0 E [67257.824335] link_delay_work_func: DTC_ETH: SQI=0, link=0
06-13 20:09:01.020 0 0 E [67262.944377] link_delay_work_func: DTC_ETH: SQI=0, link=0
06-13 20:09:06.136 0 0 E [67268.064405] link_delay_work_func: DTC_ETH: SQI=0, link=0
06-13 20:09:11.260 0 0 E [67273.184332] link_delay_work_func: DTC_ETH: SQI=0, link=0
06-13 20:09:12.032 0 0 I [67273.958744] init: processing action (sys.tlog.tlogdshc.active=1) from (/system/etc/init/tlogd.rc:195)
06-13 20:09:12.032 0 0 I [67273.959391] init: starting service 'tlogdshc'...
06-13 20:09:12.144 0 0 I [67274.071492] init: Service 'tlogdshc' (pid 20364) exited with status 0 oneshot service took 0.107000 seconds in background
06-13 20:09:12.144 0 0 I [67274.071520] init: Sending signal 9 to service 'tlogdshc' (pid 20364) process group...
06-13 20:09:12.144 0 0 I [67274.071694] libprocessgroup: Successfully killed process cgroup uid 0 pid 20364 in 0ms
06-13 20:09:16.381 0 0 E [67278.304342] link_delay_work_func: DTC_ETH: SQI=0, link=0
06-13 20:09:20.898 1551 1911 I sync : [com.tencent.android.qqdownloader.YYBLiveAccountProvider,0,3,24220937]
06-13 20:09:20.942 1551 1911 I sync : [com.tencent.android.qqdownloader.YYBLiveAccountProvider,1,3,24220937]
06-13 20:09:20.945 1551 1911 I commit_sys_config_file: [sync-status,60340311]
06-13 20:09:20.952 1551 1911 I sync : [com.tencent.android.qqdownloader.YYBLiveAccountProvider,0,3,24220937]
06-13 20:09:20.984 1551 1911 I sync : [com.tencent.android.qqdownloader.YYBLiveAccountProvider,1,3,24220937]
06-13 20:09:20.986 1551 1911 I commit_sys_config_file: [sync-status,60340352]
06-13 20:09:21.500 0 0 E [67283.424340] link_delay_work_func: DTC_ETH: SQI=0, link=0
06-13 20:09:22.950 1551 1669 I commit_sys_config_file: [jobs,6]
06-13 20:09:26.616 0 0 E [67288.544397] link_delay_work_func: DTC_ETH: SQI=0, link=0
06-13 20:09:31.740 0 0 E [67293.664339] link_delay_work_func: DTC_ETH: SQI=0, link=0
06-13 20:09:36.856 0 0 E [67298.784341] link_delay_work_func: DTC_ETH: SQI=0, link=0
06-13 20:09:39.582 1551 1551 I notification_enqueue: [10092,17024,com.tencent.android.qqdownloader,127,NULL,0,Notification(channel=channel_id_default_silent shortcut=null contentView=com.tencent.android.qqdownloader/0x7f0a01c2 vibrate=null sound=null defaults=0x0 flags=0x2a2 color=0x00000000 groupKey=com.tencent.android.qqdownloader vis=PRIVATE),1]
06-13 20:09:41.980 0 0 E [67303.904333] link_delay_work_func: DTC_ETH: SQI=0, link=0
06-13 20:09:42.036 0 0 I [67303.960899] init: processing action (sys.tlog.tlogdshc.active=1) from (/system/etc/init/tlogd.rc:195)
06-13 20:09:42.036 0 0 I [67303.961470] init: starting service 'tlogdshc'...
06-13 20:09:42.148 0 0 I [67304.072812] init: Service 'tlogdshc' (pid 20408) exited with status 0 oneshot service took 0.106000 seconds in background
06-13 20:09:42.148 0 0 I [67304.072840] init: Sending signal 9 to service 'tlogdshc' (pid 20408) process group...
06-13 20:09:42.148 0 0 I [67304.073013] libprocessgroup: Successfully killed process cgroup uid 0 pid 20408 in 0ms
06-13 20:09:42.804 0 0 I [67304.729171] [dp_rx_][0x12ce3307de1][20: 09:42.801226] wlan: [3484:I:QDF] DHCP-R RX: SA:04:7f:0e:62:f8:6b DA:ff:ff:ff:ff:ff:ff
06-13 20:09:47.100 0 0 E [67309.024337] link_delay_work_func: DTC_ETH: SQI=0, link=0
06-13 20:09:52.220 0 0 E [67314.144356] link_delay_work_func: DTC_ETH: SQI=0, link=0
06-13 20:09:55.905 1551 1911 I sync : [com.tencent.android.qqdownloader.YYBLiveAccountProvider,0,3,24220937]
06-13 20:09:55.950 1551 1911 I sync : [com.tencent.android.qqdownloader.YYBLiveAccountProvider,1,3,24220937]
06-13 20:09:55.953 1551 1911 I commit_sys_config_file: [sync-status,60375318]
06-13 20:09:55.961 1551 1911 I sync : [com.tencent.android.qqdownloader.YYBLiveAccountProvider,0,3,24220937]
06-13 20:09:56.001 1551 1911 I sync : [com.tencent.android.qqdownloader.YYBLiveAccountProvider,1,3,24220937]
06-13 20:09:56.004 1551 1911 I commit_sys_config_file: [sync-status,60375369]
06-13 20:09:57.340 0 0 E [67319.264350] link_delay_work_func: DTC_ETH: SQI=0, link=0
06-13 20:09:57.961 1551 1669 I commit_sys_config_file: [jobs,8]
06-13 20:10:02.456 0 0 E [67324.384366] link_delay_work_func: DTC_ETH: SQI=0, link=0
06-13 20:10:07.580 0 0 E [67329.504298] link_delay_work_func: DTC_ETH: SQI=0, link=0
06-13 20:10:12.040 0 0 I [67333.967121] init: processing action (sys.tlog.tlogdshc.active=1) from (/system/etc/init/tlogd.rc:195)
06-13 20:10:12.040 0 0 I [67333.967698] init: starting service 'tlogdshc'...
06-13 20:10:12.156 0 0 I [67334.080940] init: Service 'tlogdshc' (pid 20454) exited with status 0 oneshot service took 0.108000 seconds in background
06-13 20:10:12.156 0 0 I [67334.080972] init: Sending signal 9 to service 'tlogdshc' (pid 20454) process group...
06-13 20:10:12.156 0 0 I [67334.081163] libprocessgroup: Successfully killed process cgroup uid 0 pid 20454 in 0ms
06-13 20:10:12.700 0 0 E [67334.624323] link_delay_work_func: DTC_ETH: SQI=0, link=0
06-13 20:10:17.821 0 0 E [67339.744395] link_delay_work_func: DTC_ETH: SQI=0, link=0
06-13 20:10:22.940 0 0 E [67344.864356] link_delay_work_func: DTC_ETH: SQI=0, link=0
06-13 20:10:28.060 0 0 E [67349.984370] link_delay_work_func: DTC_ETH: SQI=0, link=0
06-13 20:10:30.901 1551 1911 I sync : [com.tencent.android.qqdownloader.YYBLiveAccountProvider,0,3,24220937]
06-13 20:10:30.937 1551 1911 I sync : [com.tencent.android.qqdownloader.YYBLiveAccountProvider,1,3,24220937]
06-13 20:10:30.939 1551 1911 I commit_sys_config_file: [sync-status,60410305]
06-13 20:10:30.947 1551 1911 I sync : [com.tencent.android.qqdownloader.YYBLiveAccountProvider,0,3,24220937]
06-13 20:10:30.983 1551 1911 I sync : [com.tencent.android.qqdownloader.YYBLiveAccountProvider,1,3,24220937]
06-13 20:10:30.986 1551 1911 I commit_sys_config_file: [sync-status,60410352]
06-13 20:10:32.943 1551 1669 I commit_sys_config_file: [jobs,6]
06-13 20:10:33.180 0 0 E [67355.104359] link_delay_work_func: DTC_ETH: SQI=0, link=0
06-13 20:10:38.300 0 0 E [67360.224375] link_delay_work_func: DTC_ETH: SQI=0, link=0
06-13 20:10:41.064 1551 1551 I notification_enqueue: [10092,17024,com.tencent.android.qqdownloader,127,NULL,0,Notification(channel=channel_id_default_silent shortcut=null contentView=com.tencent.android.qqdownloader/0x7f0a01c2 vibrate=null sound=null defaults=0x0 flags=0x2a2 color=0x00000000 groupKey=com.tencent.android.qqdownloader vis=PRIVATE),1]
06-13 20:10:42.044 0 0 I [67363.968889] init: processing action (sys.tlog.tlogdshc.active=1) from (/system/etc/init/tlogd.rc:195)
06-13 20:10:42.044 0 0 I [67363.969475] init: starting service 'tlogdshc'...
06-13 20:10:42.156 0 0 I [67364.082197] init: Service 'tlogdshc' (pid 20497) exited with status 0 oneshot service took 0.107000 seconds in background
06-13 20:10:42.156 0 0 I [67364.082226] init: Sending signal 9 to service 'tlogdshc' (pid 20497) process group...
06-13 20:10:42.156 0 0 I [67364.082398] libprocessgroup: Successfully killed process cgroup uid 0 pid 20497 in 0ms
06-13 20:10:43.417 0 0 E [67365.344399] link_delay_work_func: DTC_ETH: SQI=0, link=0
06-13 20:10:48.540 0 0 E [67370.464339] link_delay_work_func: DTC_ETH: SQI=0, link=0
06-13 20:10:53.660 0 0 E [67375.584354] link_delay_work_func: DTC_ETH: SQI=0, link=0
06-13 20:10:58.780 0 0 E [67380.704338] link_delay_work_func: DTC_ETH: SQI=0, link=0
06-13 20:11:03.900 0 0 E [67385.824333] link_delay_work_func: DTC_ETH: SQI=0, link=0
06-13 20:11:05.903 1551 1911 I sync : [com.tencent.android.qqdownloader.YYBLiveAccountProvider,0,3,24220937]
06-13 20:11:05.945 1551 1911 I sync : [com.tencent.android.qqdownloader.YYBLiveAccountProvider,1,3,24220937]
06-13 20:11:05.949 1551 1911 I commit_sys_config_file: [sync-status,60445314]
06-13 20:11:05.959 1551 1911 I sync : [com.tencent.android.qqdownloader.YYBLiveAccountProvider,0,3,24220937]
06-13 20:11:05.999 1551 1911 I sync : [com.tencent.android.qqdownloader.YYBLiveAccountProvider,1,3,24220937]
06-13 20:11:06.001 1551 1911 I commit_sys_config_file: [sync-status,60445367]
06-13 20:11:07.953 1551 1669 I commit_sys_config_file: [jobs,6]
06-13 20:11:09.020 0 0 E [67390.944456] link_delay_work_func: DTC_ETH: SQI=0, link=0
06-13 20:11:12.044 0 0 I [67393.970247] init: processing action (sys.tlog.tlogdshc.active=1) from (/system/etc/init/tlogd.rc:195)
06-13 20:11:12.044 0 0 I [67393.970810] init: starting service 'tlogdshc'...
06-13 20:11:12.160 0 0 I [67394.084905] init: Service 'tlogdshc' (pid 20541) exited with status 0 oneshot service took 0.109000 seconds in background
06-13 20:11:12.160 0 0 I [67394.084934] init: Sending signal 9 to service 'tlogdshc' (pid 20541) process group...
06-13 20:11:12.160 0 0 I [67394.085105] libprocessgroup: Successfully killed process cgroup uid 0 pid 20541 in 0ms
06-13 20:11:14.140 0 0 E [67396.064340] link_delay_work_func: DTC_ETH: SQI=0, link=0
06-13 20:11:19.260 0 0 E [67401.184366] link_delay_work_func: DTC_ETH: SQI=0, link=0
06-13 20:11:24.380 0 0 E [67406.304342] link_delay_work_func: DTC_ETH: SQI=0, link=0
06-13 20:11:29.500 0 0 E [67411.424377] link_delay_work_func: DTC_ETH: SQI=0, link=0
06-13 20:11:34.620 0 0 E [67416.544367] link_delay_work_func: DTC_ETH: SQI=0, link=0
06-13 20:11:39.740 0 0 E [67421.664353] link_delay_work_func: DTC_ETH: SQI=0, link=0
06-13 20:11:40.905 1551 1911 I sync : [com.tencent.android.qqdownloader.YYBLiveAccountProvider,0,3,24220937]
06-13 20:11:40.943 1551 1911 I sync : [com.tencent.android.qqdownloader.YYBLiveAccountProvider,1,3,24220937]
06-13 20:11:40.945 1551 1911 I commit_sys_config_file: [sync-status,60480311]
06-13 20:11:40.954 1551 1911 I sync : [com.tencent.android.qqdownloader.YYBLiveAccountProvider,0,3,24220937]
06-13 20:11:40.987 1551 1911 I sync : [com.tencent.android.qqdownloader.YYBLiveAccountProvider,1,3,24220937]
06-13 20:11:40.989 1551 1911 I commit_sys_config_file: [sync-status,60480354]
06-13 20:11:42.048 0 0 I [67423.975155] init: processing action (sys.tlog.tlogdshc.active=1) from (/system/etc/init/tlogd.rc:195)
06-13 20:11:42.048 0 0 I [67423.975774] init: starting service 'tlogdshc'...
06-13 20:11:42.156 0 0 I [67424.083089] init: Service 'tlogdshc' (pid 20586) exited with status 0 oneshot service took 0.102000 seconds in background
06-13 20:11:42.156 0 0 I [67424.083118] init: Sending signal 9 to service 'tlogdshc' (pid 20586) process group...
06-13 20:11:42.156 0 0 I [67424.083297] libprocessgroup: Successfully killed process cgroup uid 0 pid 20586 in 0ms
06-13 20:11:42.566 1551 1551 I notification_enqueue: [10092,17024,com.tencent.android.qqdownloader,127,NULL,0,Notification(channel=channel_id_default_silent shortcut=null contentView=com.tencent.android.qqdownloader/0x7f0a01c2 vibrate=null sound=null defaults=0x0 flags=0x2a2 color=0x00000000 groupKey=com.tencent.android.qqdownloader vis=PRIVATE),1]
06-13 20:11:42.951 1551 1669 I commit_sys_config_file: [jobs,6]
06-13 20:11:44.860 0 0 E [67426.784353] link_delay_work_func: DTC_ETH: SQI=0, link=0
06-13 20:11:49.980 0 0 E [67431.904404] link_delay_work_func: DTC_ETH: SQI=0, link=0
06-13 20:11:55.100 0 0 E [67437.024326] link_delay_work_func: DTC_ETH: SQI=0, link=0
06-13 20:12:00.220 0 0 E [67442.144345] link_delay_work_func: DTC_ETH: SQI=0, link=0
06-13 20:12:05.340 0 0 E [67447.264358] link_delay_work_func: DTC_ETH: SQI=0, link=0
06-13 20:12:10.460 0 0 E [67452.384336] link_delay_work_func: DTC_ETH: SQI=0, link=0
06-13 20:12:12.056 0 0 I [67453.982432] init: processing action (sys.tlog.tlogdshc.active=1) from (/system/etc/init/tlogd.rc:195)
06-13 20:12:12.056 0 0 I [67453.982902] init: starting service 'tlogdshc'...
06-13 20:12:12.176 0 0 I [67454.102555] init: Service 'tlogdshc' (pid 20630) exited with status 0 oneshot service took 0.115000 seconds in background
06-13 20:12:12.176 0 0 I [67454.102584] init: Sending signal 9 to service 'tlogdshc' (pid 20630) process group...
06-13 20:12:12.176 0 0 I [67454.102767] libprocessgroup: Successfully killed process cgroup uid 0 pid 20630 in 0ms
06-13 20:12:15.580 0 0 E [67457.504432] link_delay_work_func: DTC_ETH: SQI=0, link=0
06-13 20:12:15.911 1551 1911 I sync : [com.tencent.android.qqdownloader.YYBLiveAccountProvider,0,3,24220937]
06-13 20:12:15.949 1551 1911 I sync : [com.tencent.android.qqdownloader.YYBLiveAccountProvider,1,3,24220937]
06-13 20:12:15.952 1551 1911 I commit_sys_config_file: [sync-status,60515318]
06-13 20:12:15.959 1551 1911 I sync : [com.tencent.android.qqdownloader.YYBLiveAccountProvider,0,3,24220937]
06-13 20:12:15.991 1551 1911 I sync : [com.tencent.android.qqdownloader.YYBLiveAccountProvider,1,3,24220937]
06-13 20:12:15.994 1551 1911 I commit_sys_config_file: [sync-status,60515359]
06-13 20:12:17.959 1551 1669 I commit_sys_config_file: [jobs,8]
06-13 20:12:20.700 0 0 E [67462.624342] link_delay_work_func: DTC_ETH: SQI=0, link=0
06-13 20:12:25.820 0 0 E [67467.744361] link_delay_work_func: DTC_ETH: SQI=0, link=0
06-13 20:12:30.936 0 0 E [67472.864358] link_delay_work_func: DTC_ETH: SQI=0, link=0
06-13 20:12:36.060 0 0 E [67477.984329] link_delay_work_func: DTC_ETH: SQI=0, link=0
06-13 20:12:41.180 0 0 E [67483.104401] link_delay_work_func: DTC_ETH: SQI=0, link=0
06-13 20:12:42.056 0 0 I [67483.984084] init: processing action (sys.tlog.tlogdshc.active=1) from (/system/etc/init/tlogd.rc:195)
06-13 20:12:42.060 0 0 I [67483.984862] init: starting service 'tlogdshc'...
06-13 20:12:42.176 0 0 I [67484.102213] init: Service 'tlogdshc' (pid 20675) exited with status 0 oneshot service took 0.111000 seconds in background
06-13 20:12:42.176 0 0 I [67484.102240] init: Sending signal 9 to service 'tlogdshc' (pid 20675) process group...
06-13 20:12:42.176 0 0 I [67484.102409] libprocessgroup: Successfully killed process cgroup uid 0 pid 20675 in 0ms
06-13 20:12:44.067 1551 1551 I notification_enqueue: [10092,17024,com.tencent.android.qqdownloader,127,NULL,0,Notification(channel=channel_id_default_silent shortcut=null contentView=com.tencent.android.qqdownloader/0x7f0a01c2 vibrate=null sound=null defaults=0x0 flags=0x2a2 color=0x00000000 groupKey=com.tencent.android.qqdownloader vis=PRIVATE),1]
06-13 20:12:46.296 0 0 E [67488.224335] link_delay_work_func: DTC_ETH: SQI=0, link=0
06-13 20:12:50.909 1551 1911 I sync : [com.tencent.android.qqdownloader.YYBLiveAccountProvider,0,3,24220937]
06-13 20:12:50.950 1551 1911 I sync : [com.tencent.android.qqdownloader.YYBLiveAccountProvider,1,3,24220937]
06-13 20:12:50.953 1551 1911 I commit_sys_config_file: [sync-status,60550319]
06-13 20:12:50.964 1551 1911 I sync : [com.tencent.android.qqdownloader.YYBLiveAccountProvider,0,3,24220937]
06-13 20:12:51.009 1551 1911 I sync : [com.tencent.android.qqdownloader.YYBLiveAccountProvider,1,3,24220937]
06-13 20:12:51.011 1551 1911 I commit_sys_config_file: [sync-status,60550377]
06-13 20:12:51.420 0 0 E [67493.344331] link_delay_work_func: DTC_ETH: SQI=0, link=0
06-13 20:12:52.959 1551 1669 I commit_sys_config_file: [jobs,6]
06-13 20:12:56.540 0 0 E [67498.464319] link_delay_work_func: DTC_ETH: SQI=0, link=0
06-13 20:13:01.660 0 0 E [67503.584340] link_delay_work_func: DTC_ETH: SQI=0, link=0
06-13 20:13:06.780 0 0 E [67508.704345] link_delay_work_func: DTC_ETH: SQI=0, link=0
06-13 20:13:11.900 0 0 E [67513.824372] link_delay_work_func: DTC_ETH: SQI=0, link=0
06-13 20:13:12.060 0 0 I [67513.985813] init: processing action (sys.tlog.tlogdshc.active=1) from (/system/etc/init/tlogd.rc:195)
06-13 20:13:12.060 0 0 I [67513.986494] init: starting service 'tlogdshc'...
06-13 20:13:12.172 0 0 I [67514.099727] init: Service 'tlogdshc' (pid 20727) exited with status 0 oneshot service took 0.108000 seconds in background
06-13 20:13:12.172 0 0 I [67514.099754] init: Sending signal 9 to service 'tlogdshc' (pid 20727) process group...
06-13 20:13:12.172 0 0 I [67514.099930] libprocessgroup: Successfully killed process cgroup uid 0 pid 20727 in 0ms
06-13 20:13:17.020 0 0 E [67518.944344] link_delay_work_func: DTC_ETH: SQI=0, link=0
06-13 20:13:22.140 0 0 E [67524.064399] link_delay_work_func: DTC_ETH: SQI=0, link=0
06-13 20:13:25.907 1551 1911 I sync : [com.tencent.android.qqdownloader.YYBLiveAccountProvider,0,3,24220937]
06-13 20:13:25.937 1551 1911 I sync : [com.tencent.android.qqdownloader.YYBLiveAccountProvider,1,3,24220937]
06-13 20:13:25.940 1551 1911 I commit_sys_config_file: [sync-status,60585305]
06-13 20:13:25.947 1551 1911 I sync : [com.tencent.android.qqdownloader.YYBLiveAccountProvider,0,3,24220937]
06-13 20:13:25.980 1551 1911 I sync : [com.tencent.android.qqdownloader.YYBLiveAccountProvider,1,3,24220937]
06-13 20:13:25.982 1551 1911 I commit_sys_config_file: [sync-status,60585348]
06-13 20:13:27.260 0 0 E [67529.184365] link_delay_work_func: DTC_ETH: SQI=0, link=0
06-13 20:13:27.945 1551 1669 I commit_sys_config_file: [jobs,6]
06-13 20:13:32.380 0 0 E [67534.304350] link_delay_work_func: DTC_ETH: SQI=0, link=0
06-13 20:13:37.500 0 0 E [67539.424333] link_delay_work_func: DTC_ETH: SQI=0, link=0
06-13 20:13:42.060 0 0 I [67543.987611] init: processing action (sys.tlog.tlogdshc.active=1) from (/system/etc/init/tlogd.rc:195)
06-13 20:13:42.060 0 0 I [67543.988480] init: starting service 'tlogdshc'...
06-13 20:13:42.176 0 0 I [67544.103111] init: Service 'tlogdshc' (pid 20770) exited with status 0 oneshot service took 0.110000 seconds in background
06-13 20:13:42.176 0 0 I [67544.103139] init: Sending signal 9 to service 'tlogdshc' (pid 20770) process group...
06-13 20:13:42.176 0 0 I [67544.103311] libprocessgroup: Successfully killed process cgroup uid 0 pid 20770 in 0ms
06-13 20:13:42.620 0 0 E [67544.544354] link_delay_work_func: DTC_ETH: SQI=0, link=0
06-13 20:13:45.586 1551 1551 I notification_enqueue: [10092,17024,com.tencent.android.qqdownloader,127,NULL,0,Notification(channel=channel_id_default_silent shortcut=null contentView=com.tencent.android.qqdownloader/0x7f0a01c2 vibrate=null sound=null defaults=0x0 flags=0x2a2 color=0x00000000 groupKey=com.tencent.android.qqdownloader vis=PRIVATE),1]
06-13 20:13:47.740 0 0 E [67549.665519] link_delay_work_func: DTC_ETH: SQI=0, link=0
06-13 20:13:52.860 0 0 E [67554.784383] link_delay_work_func: DTC_ETH: SQI=0, link=0
06-13 20:13:57.980 0 0 E [67559.904337] link_delay_work_func: DTC_ETH: SQI=0, link=0
06-13 20:14:00.913 1551 1911 I sync : [com.tencent.android.qqdownloader.YYBLiveAccountProvider,0,3,24220937]
06-13 20:14:00.953 1551 1911 I sync : [com.tencent.android.qqdownloader.YYBLiveAccountProvider,1,3,24220937]
06-13 20:14:00.955 1551 1911 I commit_sys_config_file: [sync-status,60620321]
06-13 20:14:00.964 1551 1911 I sync : [com.tencent.android.qqdownloader.YYBLiveAccountProvider,0,3,24220937]
06-13 20:14:00.994 1551 1911 I sync : [com.tencent.android.qqdownloader.YYBLiveAccountProvider,1,3,24220937]
06-13 20:14:00.996 1551 1911 I commit_sys_config_file: [sync-status,60620362]
06-13 20:14:02.961 1551 1669 I commit_sys_config_file: [jobs,6]
06-13 20:14:03.100 0 0 E [67565.024340] link_delay_work_func: DTC_ETH: SQI=0, link=0
06-13 20:14:08.220 0 0 E [67570.144343] link_delay_work_func: DTC_ETH: SQI=0, link=0
06-13 20:14:12.068 0 0 I [67573.994891] init: processing action (sys.tlog.tlogdshc.active=1) from (/system/etc/init/tlogd.rc:195)
06-13 20:14:12.068 0 0 I [67573.995529] init: starting service 'tlogdshc'...
06-13 20:14:12.192 0 0 I [67574.117469] init: Service 'tlogdshc' (pid 20820) exited with status 0 oneshot service took 0.117000 seconds in background
06-13 20:14:12.192 0 0 I [67574.117502] init: Sending signal 9 to service 'tlogdshc' (pid 20820) process group...
06-13 20:14:12.192 0 0 I [67574.117696] libprocessgroup: Successfully killed process cgroup uid 0 pid 20820 in 0ms
06-13 20:14:13.340 0 0 E [67575.264356] link_delay_work_func: DTC_ETH: SQI=0, link=0
06-13 20:14:18.460 0 0 E [67580.384333] link_delay_work_func: DTC_ETH: SQI=0, link=0
06-13 20:14:23.576 0 0 E [67585.504351] link_delay_work_func: DTC_ETH: SQI=0, link=0
06-13 20:14:28.696 0 0 E [67590.624344] link_delay_work_func: DTC_ETH: SQI=0, link=0
06-13 20:14:33.820 0 0 E [67595.744328] link_delay_work_func: DTC_ETH: SQI=0, link=0
06-13 20:14:35.915 1551 1911 I sync : [com.tencent.android.qqdownloader.YYBLiveAccountProvider,0,3,24220937]
06-13 20:14:35.956 1551 1911 I sync : [com.tencent.android.qqdownloader.YYBLiveAccountProvider,1,3,24220937]
06-13 20:14:35.960 1551 1911 I commit_sys_config_file: [sync-status,60655325]
06-13 20:14:35.969 1551 1911 I sync : [com.tencent.android.qqdownloader.YYBLiveAccountProvider,0,3,24220937]
06-13 20:14:36.000 1551 1911 I sync : [com.tencent.android.qqdownloader.YYBLiveAccountProvider,1,3,24220937]
06-13 20:14:36.002 1551 1911 I commit_sys_config_file: [sync-status,60655368]
06-13 20:14:37.964 1551 1669 I commit_sys_config_file: [jobs,6]
06-13 20:14:38.936 0 0 E [67600.864336] link_delay_work_func: DTC_ETH: SQI=0, link=0
06-13 20:14:42.072 0 0 I [67603.998403] init: processing action (sys.tlog.tlogdshc.active=1) from (/system/etc/init/tlogd.rc:195)
06-13 20:14:42.072 0 0 I [67603.998991] init: starting service 'tlogdshc'...
06-13 20:14:42.192 0 0 I [67604.119646] init: Service 'tlogdshc' (pid 20864) exited with status 0 oneshot service took 0.114000 seconds in background
06-13 20:14:42.192 0 0 I [67604.119676] init: Sending signal 9 to service 'tlogdshc' (pid 20864) process group...
06-13 20:14:42.192 0 0 I [67604.119869] libprocessgroup: Successfully killed process cgroup uid 0 pid 20864 in 0ms
06-13 20:14:43.548 0 0 D [67605.473112] cnss: Host time = 67608129050 us, device time = 67581342540 us, offset = 26786510 us
06-13 20:14:43.548 0 0 D [67605.473177] cnss: Updated time sync regs [0x984] = 0x198bace, [0x988] = 0x0
06-13 20:14:44.056 0 0 E [67605.984386] link_delay_work_func: DTC_ETH: SQI=0, link=0
06-13 20:14:47.073 1551 1551 I notification_enqueue: [10092,17024,com.tencent.android.qqdownloader,127,NULL,0,Notification(channel=channel_id_default_silent shortcut=null contentView=com.tencent.android.qqdownloader/0x7f0a01c2 vibrate=null sound=null defaults=0x0 flags=0x2a2 color=0x00000000 groupKey=com.tencent.android.qqdownloader vis=PRIVATE),1]
06-13 20:14:49.180 0 0 E [67611.104365] link_delay_work_func: DTC_ETH: SQI=0, link=0
06-13 20:14:54.300 0 0 E [67616.224373] link_delay_work_func: DTC_ETH: SQI=0, link=0
06-13 20:14:59.420 0 0 E [67621.344324] link_delay_work_func: DTC_ETH: SQI=0, link=0
06-13 20:15:04.540 0 0 E [67626.464364] link_delay_work_func: DTC_ETH: SQI=0, link=0
06-13 20:15:09.660 0 0 E [67631.584353] link_delay_work_func: DTC_ETH: SQI=0, link=0
06-13 20:15:10.916 1551 1911 I sync : [com.tencent.android.qqdownloader.YYBLiveAccountProvider,0,3,24220937]
06-13 20:15:10.957 1551 1911 I sync : [com.tencent.android.qqdownloader.YYBLiveAccountProvider,1,3,24220937]
06-13 20:15:10.960 1551 1911 I commit_sys_config_file: [sync-status,60690326]
06-13 20:15:10.969 1551 1911 I sync : [com.tencent.android.qqdownloader.YYBLiveAccountProvider,0,3,24220937]
06-13 20:15:11.004 1551 1911 I sync : [com.tencent.android.qqdownloader.YYBLiveAccountProvider,1,3,24220937]
06-13 20:15:11.007 1551 1911 I commit_sys_config_file: [sync-status,60690373]
06-13 20:15:12.080 0 0 I [67634.007976] init: processing action (sys.tlog.tlogdshc.active=1) from (/system/etc/init/tlogd.rc:195)
06-13 20:15:12.084 0 0 I [67634.008718] init: starting service 'tlogdshc'...
06-13 20:15:12.192 0 0 I [67634.120035] init: Service 'tlogdshc' (pid 20905) exited with status 0 oneshot service took 0.106000 seconds in background
06-13 20:15:12.192 0 0 I [67634.120063] init: Sending signal 9 to service 'tlogdshc' (pid 20905) process group...
06-13 20:15:12.192 0 0 I [67634.120235] libprocessgroup: Successfully killed process cgroup uid 0 pid 20905 in 0ms
06-13 20:15:12.965 1551 1669 I commit_sys_config_file: [jobs,6]
06-13 20:15:14.780 0 0 E [67636.704330] link_delay_work_func: DTC_ETH: SQI=0, link=0
06-13 20:15:19.900 0 0 E [67641.824342] link_delay_work_func: DTC_ETH: SQI=0, link=0
06-13 20:15:25.020 0 0 E [67646.944335] link_delay_work_func: DTC_ETH: SQI=0, link=0
06-13 20:15:30.136 0 0 E [67652.064380] link_delay_work_func: DTC_ETH: SQI=0, link=0
06-13 20:15:35.260 0 0 E [67657.184335] link_delay_work_func: DTC_ETH: SQI=0, link=0
06-13 20:15:40.380 0 0 E [67662.304378] link_delay_work_func: DTC_ETH: SQI=0, link=0
06-13 20:15:42.080 0 0 I [67664.007581] init: processing action (sys.tlog.tlogdshc.active=1) from (/system/etc/init/tlogd.rc:195)
06-13 20:15:42.080 0 0 I [67664.008104] init: starting service 'tlogdshc'...
06-13 20:15:42.196 0 0 I [67664.121581] init: Service 'tlogdshc' (pid 20947) exited with status 0 oneshot service took 0.109000 seconds in background
06-13 20:15:42.196 0 0 I [67664.121610] init: Sending signal 9 to service 'tlogdshc' (pid 20947) process group...
06-13 20:15:42.196 0 0 I [67664.121787] libprocessgroup: Successfully killed process cgroup uid 0 pid 20947 in 0ms
06-13 20:15:45.500 0 0 E [67667.424333] link_delay_work_func: DTC_ETH: SQI=0, link=0
06-13 20:15:45.916 1551 1911 I sync : [com.tencent.android.qqdownloader.YYBLiveAccountProvider,0,3,24220937]
06-13 20:15:45.968 1551 1911 I sync : [com.tencent.android.qqdownloader.YYBLiveAccountProvider,1,3,24220937]
06-13 20:15:45.973 1551 1911 I commit_sys_config_file: [sync-status,60725338]
06-13 20:15:45.983 1551 1911 I sync : [com.tencent.android.qqdownloader.YYBLiveAccountProvider,0,3,24220937]
06-13 20:15:46.016 1551 1911 I sync : [com.tencent.android.qqdownloader.YYBLiveAccountProvider,1,3,24220937]
06-13 20:15:46.019 1551 1911 I commit_sys_config_file: [sync-status,60725384]
06-13 20:15:47.975 1551 1669 I commit_sys_config_file: [jobs,6]
06-13 20:15:48.565 1551 1551 I notification_enqueue: [10092,17024,com.tencent.android.qqdownloader,127,NULL,0,Notification(channel=channel_id_default_silent shortcut=null contentView=com.tencent.android.qqdownloader/0x7f0a01c2 vibrate=null sound=null defaults=0x0 flags=0x2a2 color=0x00000000 groupKey=com.tencent.android.qqdownloader vis=PRIVATE),1]
