06-13 18:49:33.404 2159 2159 I wm_on_start_called: [249091709,com.android.packageinstaller.DeleteStagedFileOnResult,handleStartActivity]
06-13 18:49:33.404 2159 2159 I wm_on_restart_called: [220425749,com.android.packageinstaller.PackageInstallerActivity,performRestartActivity]
06-13 18:49:33.404 2159 2159 I wm_on_start_called: [220425749,com.android.packageinstaller.PackageInstallerActivity,handleStartActivity]
06-13 18:49:33.404 2159 2159 I wm_on_restart_called: [171589283,com.android.packageinstaller.DeleteStagedFileOnResult,performRestartActivity]
06-13 18:49:33.404 2159 2159 I wm_on_start_called: [171589283,com.android.packageinstaller.DeleteStagedFileOnResult,handleStartActivity]
06-13 18:49:33.404 2159 2159 I wm_on_restart_called: [240921632,com.android.packageinstaller.PackageInstallerActivity,performRestartActivity]
06-13 18:49:33.404 2159 2159 I wm_on_start_called: [240921632,com.android.packageinstaller.PackageInstallerActivity,handleStartActivity]
06-13 18:49:33.405 2159 2159 I wm_on_restart_called: [3960262,com.android.packageinstaller.DeleteStagedFileOnResult,performRestartActivity]
06-13 18:49:33.405 2159 2159 I wm_on_start_called: [3960262,com.android.packageinstaller.DeleteStagedFileOnResult,handleStartActivity]
06-13 18:49:33.405 2159 2159 I wm_on_restart_called: [223077111,com.android.packageinstaller.PackageInstallerActivity,performRestartActivity]
06-13 18:49:33.405 2159 2159 I wm_on_start_called: [223077111,com.android.packageinstaller.PackageInstallerActivity,handleStartActivity]
06-13 18:49:33.405 2159 2159 I wm_on_restart_called: [53462805,com.android.packageinstaller.DeleteStagedFileOnResult,performRestartActivity]
06-13 18:49:33.405 2159 2159 I wm_on_start_called: [53462805,com.android.packageinstaller.DeleteStagedFileOnResult,handleStartActivity]
06-13 18:49:33.405 2159 2159 I wm_on_restart_called: [27001122,com.android.packageinstaller.InstallSuccess,performRestartActivity]
06-13 18:49:33.405 2159 2159 I wm_on_start_called: [27001122,com.android.packageinstaller.InstallSuccess,handleStartActivity]
06-13 18:49:33.405 2159 2159 I wm_on_restart_called: [86616444,com.android.packageinstaller.DeleteStagedFileOnResult,performRestartActivity]
06-13 18:49:33.405 2159 2159 I wm_on_start_called: [86616444,com.android.packageinstaller.DeleteStagedFileOnResult,handleStartActivity]
06-13 18:49:33.405 2159 2159 I wm_on_restart_called: [24644341,com.android.packageinstaller.InstallSuccess,performRestartActivity]
06-13 18:49:33.405 2159 2159 I wm_on_start_called: [24644341,com.android.packageinstaller.InstallSuccess,handleStartActivity]
06-13 18:49:33.405 1551 1670 I sysui_multi_action: [757,803,799,window_time_0,802,0]
06-13 18:49:33.408 1551 18714 I am_uid_active: 10062
06-13 18:49:33.409 2159 2159 I wm_on_resume_called: [24644341,com.android.packageinstaller.InstallSuccess,RESUME_ACTIVITY]
06-13 18:49:33.409 2159 2159 I wm_on_top_resumed_gained_called: [24644341,com.android.packageinstaller.InstallSuccess,topWhenResuming]
06-13 18:49:33.415 1551 1672 I input_focus: [Focus request b33203a com.android.packageinstaller/com.android.packageinstaller.InstallSuccess,reason=UpdateInputWindows]
06-13 18:49:33.422 1551 1684 I am_pss : [19086,1000,com.android.settings,147686400,72974336,72150016,133791744,0,16,9]
06-13 18:49:33.428 1551 1684 I am_pss : [2400,10064,com.android.gallery3d,8635392,3698688,3734528,49152000,0,19,5]
06-13 18:49:33.545 1551 1822 I input_focus: [Focus entering b33203a com.android.packageinstaller/com.android.packageinstaller.InstallSuccess (server),reason=Window became focusable. Previous reason: NOT_VISIBLE]
06-13 18:49:34.051 1551 1670 I wm_destroy_activity: [0,236924371,70,com.thundercomm.screensaver/android.service.dreams.DreamActivity,finish-imm:idle]
06-13 18:49:34.073 4423 4423 I wm_on_stop_called: [236924371,android.service.dreams.DreamActivity,LIFECYCLER_STOP_ACTIVITY]
06-13 18:49:34.074 4423 4423 I wm_on_destroy_called: [236924371,android.service.dreams.DreamActivity,performDestroy]
06-13 18:49:34.076 1551 1667 I sysui_multi_action: [757,222,758,2]
06-13 18:49:34.076 1551 1667 I sysui_multi_action: [757,804,799,dreaming_minutes,801,22,802,1]
06-13 18:49:34.087 1551 19338 I wm_task_removed: [70,removeChild:removeChild last r=ActivityRecord{e1f2dd3 u0 com.thundercomm.screensaver/android.service.dreams.DreamActivity taskAffinity=1000:android:com.thundercomm.screensaver/dream t-1 f}} in t=Task{8bd820e #70 type=dream A=1000:android:com.thundercomm.screensaver/dream U=0 visible=false mode=fullscreen translucent=true sz=0 visible freeform task=true rootAffinity=1000:android:com.thundercomm.screensaver/dream isMini=false}]
06-13 18:49:34.087 1551 19338 I wm_task_removed: [70,removeChild]
06-13 18:49:34.300 0 0 E [62496.224300] link_delay_work_func: DTC_ETH: SQI=0, link=0
06-13 18:49:34.835 1551 1822 I input_interaction: Interaction with: b33203a com.android.packageinstaller/com.android.packageinstaller.InstallSuccess (server), edge-swipe (server), swipe-up (server), PointerEventDispatcher0 (server),
06-13 18:49:34.960 1551 19338 I wm_finish_activity: [0,24644341,63,com.android.packageinstaller/.InstallSuccess,app-request]
06-13 18:49:34.981 1551 19338 I wm_pause_activity: [0,24644341,com.android.packageinstaller/.InstallSuccess,userLeaving=false,finish]
06-13 18:49:34.988 2159 2159 I wm_on_top_resumed_lost_called: [24644341,com.android.packageinstaller.InstallSuccess,topStateChangedWhenResumed]
06-13 18:49:34.989 2159 2159 I wm_on_paused_called: [24644341,com.android.packageinstaller.InstallSuccess,performPause]
06-13 18:49:34.993 1551 2065 I wm_set_resumed_activity: [0,com.android.packageinstaller/.DeleteStagedFileOnResult,resumeTopActivityInnerLocked]
06-13 18:49:34.998 1551 2065 I wm_resume_activity: [0,72266132,63,com.android.packageinstaller/.DeleteStagedFileOnResult]
06-13 18:49:35.012 1551 1672 I input_focus: [Focus request 76dd6df com.android.packageinstaller/com.android.packageinstaller.DeleteStagedFileOnResult,reason=UpdateInputWindows]
06-13 18:49:35.012 1551 1670 I sysui_multi_action: [757,803,799,window_time_0,802,1]
06-13 18:49:35.012 1551 1670 I wm_destroy_activity: [0,24644341,63,com.android.packageinstaller/.InstallSuccess,finish-transit]
06-13 18:49:35.013 1551 1822 I input_focus: [Focus leaving b33203a com.android.packageinstaller/com.android.packageinstaller.InstallSuccess (server),reason=NO_WINDOW]
06-13 18:49:35.018 1551 19338 I wm_finish_activity: [0,72266132,63,com.android.packageinstaller/.DeleteStagedFileOnResult,app-request]
06-13 18:49:35.028 1551 19338 I wm_pause_activity: [0,72266132,com.android.packageinstaller/.DeleteStagedFileOnResult,userLeaving=false,finish]
06-13 18:49:35.029 1551 1822 I input_focus: [Focus entering 76dd6df com.android.packageinstaller/com.android.packageinstaller.DeleteStagedFileOnResult (server),reason=setFocusedWindow]
06-13 18:49:35.032 2159 2159 I wm_on_activity_result_called: [72266132,com.android.packageinstaller.DeleteStagedFileOnResult,ACTIVITY_RESULT]
06-13 18:49:35.036 2159 2159 I wm_on_stop_called: [24644341,com.android.packageinstaller.InstallSuccess,LIFECYCLER_STOP_ACTIVITY]
06-13 18:49:35.036 2159 2159 I wm_on_destroy_called: [24644341,com.android.packageinstaller.InstallSuccess,performDestroy]
06-13 18:49:35.045 1551 1822 I input_focus: [Focus leaving 76dd6df com.android.packageinstaller/com.android.packageinstaller.DeleteStagedFileOnResult (server),reason=NO_WINDOW]
06-13 18:49:35.066 1551 21190 I wm_set_resumed_activity: [0,com.android.packageinstaller/.PackageInstallerActivity,resumeTopActivityInnerLocked]
06-13 18:49:35.068 1551 21190 I wm_resume_activity: [0,133276095,63,com.android.packageinstaller/.PackageInstallerActivity]
06-13 18:49:35.087 1551 1672 I input_focus: [Focus request c72288d com.android.packageinstaller/com.android.packageinstaller.PackageInstallerActivity,reason=UpdateInputWindows]
06-13 18:49:35.087 1551 1670 I sysui_multi_action: [757,803,799,window_time_0,802,1]
06-13 18:49:35.094 1551 1822 I input_focus: [Focus entering c72288d com.android.packageinstaller/com.android.packageinstaller.PackageInstallerActivity (server),reason=setFocusedWindow]
06-13 18:49:35.098 2159 2159 I wm_on_resume_called: [133276095,com.android.packageinstaller.PackageInstallerActivity,RESUME_ACTIVITY]
06-13 18:49:35.098 2159 2159 I wm_on_top_resumed_gained_called: [133276095,com.android.packageinstaller.PackageInstallerActivity,topWhenResuming]
06-13 18:49:35.349 1551 21190 I wm_destroy_activity: [0,72266132,63,com.android.packageinstaller/.DeleteStagedFileOnResult,finish-idle]
06-13 18:49:35.350 2159 2159 I wm_on_stop_called: [72266132,com.android.packageinstaller.DeleteStagedFileOnResult,LIFECYCLER_STOP_ACTIVITY]
06-13 18:49:35.351 2159 2159 I wm_on_destroy_called: [72266132,com.android.packageinstaller.DeleteStagedFileOnResult,performDestroy]
06-13 18:49:35.688 1551 1822 I input_interaction: Interaction with: c72288d com.android.packageinstaller/com.android.packageinstaller.PackageInstallerActivity (server), edge-swipe (server), swipe-up (server), PointerEventDispatcher0 (server),
06-13 18:49:36.337 1551 21190 I wm_task_moved: [63,1,8]
06-13 18:49:36.337 1551 21190 I wm_set_resumed_activity: [0,com.android.packageinstaller/.PackageInstallerActivity,positionChildAt]
06-13 18:49:36.337 1551 21190 I wm_create_activity: [0,92350568,63,com.android.packageinstaller/.InstallInstalling,NULL,NULL,file:///data/user_de/0/com.android.packageinstaller/no_backup/package6986969210913464284.apk,33554432]
06-13 18:49:36.338 1551 21190 I wm_pause_activity: [0,133276095,com.android.packageinstaller/.PackageInstallerActivity,userLeaving=true,resumeTopActivityInnerLocked]
06-13 18:49:36.341 1551 2065 I wm_finish_activity: [0,133276095,63,com.android.packageinstaller/.PackageInstallerActivity,app-request]
06-13 18:49:36.342 2159 2159 I wm_on_top_resumed_lost_called: [133276095,com.android.packageinstaller.PackageInstallerActivity,topStateChangedWhenResumed]
06-13 18:49:36.342 2159 2159 I wm_on_paused_called: [133276095,com.android.packageinstaller.PackageInstallerActivity,performPause]
06-13 18:49:36.342 1551 2065 I wm_add_to_stopping: [0,133276095,com.android.packageinstaller/.PackageInstallerActivity,completeFinishing]
06-13 18:49:36.344 1551 2065 I wm_restart_activity: [0,92350568,63,com.android.packageinstaller/.InstallInstalling]
06-13 18:49:36.345 1551 2065 I wm_set_resumed_activity: [0,com.android.packageinstaller/.InstallInstalling,minimalResumeActivityLocked]
06-13 18:49:36.349 1551 1670 I sysui_multi_action: [757,803,799,window_time_0,802,1]
06-13 18:49:36.376 1551 1822 I input_focus: [Focus leaving c72288d com.android.packageinstaller/com.android.packageinstaller.PackageInstallerActivity (server),reason=NO_WINDOW]
06-13 18:49:36.395 2159 2159 I wm_on_create_called: [92350568,com.android.packageinstaller.InstallInstalling,performCreate]
06-13 18:49:36.395 2159 2159 I wm_on_start_called: [92350568,com.android.packageinstaller.InstallInstalling,handleStartActivity]
06-13 18:49:36.395 1551 1669 I commit_sys_config_file: [package-session,62489091]
06-13 18:49:36.396 2159 2159 I wm_on_resume_called: [92350568,com.android.packageinstaller.InstallInstalling,RESUME_ACTIVITY]
06-13 18:49:36.398 2159 2159 I wm_on_top_resumed_gained_called: [92350568,com.android.packageinstaller.InstallInstalling,topStateChangedWhenResumed]
06-13 18:49:36.401 1551 1669 I commit_sys_config_file: [package-session,62489097]
06-13 18:49:36.404 1551 1672 I input_focus: [Focus request 32f46fe com.android.packageinstaller/com.android.packageinstaller.InstallInstalling,reason=UpdateInputWindows]
06-13 18:49:36.412 1551 1667 I wm_activity_launch_time: [0,92350568,com.android.packageinstaller/.InstallInstalling,80]
06-13 18:49:36.415 1551 1670 I wm_destroy_activity: [0,133276095,63,com.android.packageinstaller/.PackageInstallerActivity,finish-imm:transit]
06-13 18:49:36.427 1551 1822 I input_focus: [Focus entering 32f46fe com.android.packageinstaller/com.android.packageinstaller.InstallInstalling (server),reason=setFocusedWindow]
06-13 18:49:36.428 2159 2159 I wm_on_stop_called: [133276095,com.android.packageinstaller.PackageInstallerActivity,LIFECYCLER_STOP_ACTIVITY]
06-13 18:49:36.429 2159 2159 I wm_on_destroy_called: [133276095,com.android.packageinstaller.PackageInstallerActivity,performDestroy]
06-13 18:49:37.244 1551 1787 I commit_sys_config_file: [package-session,62489940]
06-13 18:49:38.257 0 0 I [62500.183775] logd: start watching /data/system/packages.list ...
06-13 18:49:38.257 0 0 I [62500.185600] logd: ReadPackageList, total packages: 110
06-13 18:49:38.257 1551 1727 I commit_sys_config_file: [package-user-0,2]
06-13 18:49:38.257 1551 1727 I commit_sys_config_file: [package,34]
06-13 18:49:39.420 0 0 E [62501.344499] link_delay_work_func: DTC_ETH: SQI=0, link=0
06-13 18:49:41.475 0 0 I [62503.401171] init: processing action (sys.tlog.tlogdshc.active=1) from (/system/etc/init/tlogd.rc:195)
06-13 18:49:41.475 0 0 I [62503.401563] init: starting service 'tlogdshc'...
06-13 18:49:41.606 0 0 I [62503.533258] init: Service 'tlogdshc' (pid 12153) exited with status 0 oneshot service took 0.126000 seconds in background
06-13 18:49:41.606 0 0 I [62503.533282] init: Sending signal 9 to service 'tlogdshc' (pid 12153) process group...
06-13 18:49:41.606 0 0 I [62503.533455] libprocessgroup: Successfully killed process cgroup uid 0 pid 12153 in 0ms
06-13 18:49:43.131 1551 1727 I unknown_sources_enabled: 1
06-13 18:49:43.151 1551 1788 I commit_sys_config_file: [overlays,62496437]
06-13 18:49:43.151 1551 1551 I notification_cancel_all: [1000,1551,com.xingin.xhs,0,0,0,5,NULL]
06-13 18:49:43.162 1551 1787 I commit_sys_config_file: [package-session,62495858]
06-13 18:49:43.163 1551 1810 I am_uid_active: 10089
06-13 18:49:43.206 1551 18730 I wm_task_moved: [63,1,8]
06-13 18:49:43.206 1551 18730 I wm_set_resumed_activity: [0,com.android.packageinstaller/.InstallInstalling,positionChildAt]
06-13 18:49:43.206 1551 18730 I wm_create_activity: [0,45944635,63,com.android.packageinstaller/.InstallSuccess,NULL,NULL,file:///data/user_de/0/com.android.packageinstaller/no_backup/package6986969210913464284.apk,33554432]
06-13 18:49:43.207 1551 18730 I wm_pause_activity: [0,92350568,com.android.packageinstaller/.InstallInstalling,userLeaving=true,resumeTopActivityInnerLocked]
06-13 18:49:43.214 1551 1826 I wm_finish_activity: [0,92350568,63,com.android.packageinstaller/.InstallInstalling,app-request]
06-13 18:49:43.215 2159 2159 I wm_on_top_resumed_lost_called: [92350568,com.android.packageinstaller.InstallInstalling,topStateChangedWhenResumed]
06-13 18:49:43.215 2159 2159 I wm_on_paused_called: [92350568,com.android.packageinstaller.InstallInstalling,performPause]
06-13 18:49:43.216 1551 2564 I wm_add_to_stopping: [0,92350568,com.android.packageinstaller/.InstallInstalling,completeFinishing]
06-13 18:49:43.220 1551 2564 I wm_restart_activity: [0,45944635,63,com.android.packageinstaller/.InstallSuccess]
06-13 18:49:43.221 1551 2564 I wm_set_resumed_activity: [0,com.android.packageinstaller/.InstallSuccess,minimalResumeActivityLocked]
06-13 18:49:43.233 1551 1670 I sysui_multi_action: [757,803,799,window_time_0,802,7]
06-13 18:49:43.243 2159 2159 I wm_on_create_called: [45944635,com.android.packageinstaller.InstallSuccess,performCreate]
06-13 18:49:43.244 2159 2159 I wm_on_start_called: [45944635,com.android.packageinstaller.InstallSuccess,handleStartActivity]
06-13 18:49:43.246 1551 1822 I input_focus: [Focus leaving 32f46fe com.android.packageinstaller/com.android.packageinstaller.InstallInstalling (server),reason=NO_WINDOW]
06-13 18:49:43.251 2159 2159 I wm_on_resume_called: [45944635,com.android.packageinstaller.InstallSuccess,RESUME_ACTIVITY]
06-13 18:49:43.260 2159 2159 I wm_on_top_resumed_gained_called: [45944635,com.android.packageinstaller.InstallSuccess,topStateChangedWhenResumed]
06-13 18:49:43.277 1551 1551 I sysui_multi_action: [757,128,758,5,759,8,793,2714247,794,0,795,2714247,796,4859,806,com.tencent.android.qqdownloader,857,channel_id_default_silent,858,3,946,com.tencent.android.qqdownloader,947,1,1500,2714247,1688,1]
06-13 18:49:43.277 1551 1551 I notification_canceled: [0|com.tencent.android.qqdownloader|4859|null|10092,8,2714247,2714247,0,-1,-1,NULL]
06-13 18:49:43.295 1551 1672 I input_focus: [Focus request 915fb46 com.android.packageinstaller/com.android.packageinstaller.InstallSuccess,reason=UpdateInputWindows]
06-13 18:49:43.315 1551 1667 I wm_activity_launch_time: [0,45944635,com.android.packageinstaller/.InstallSuccess,115]
06-13 18:49:43.321 1551 1670 I wm_destroy_activity: [0,92350568,63,com.android.packageinstaller/.InstallInstalling,finish-imm:transit]
06-13 18:49:43.330 1551 1822 I input_focus: [Focus entering 915fb46 com.android.packageinstaller/com.android.packageinstaller.InstallSuccess (server),reason=setFocusedWindow]
06-13 18:49:43.347 1551 1551 I notification_enqueue: [10092,13749,com.tencent.android.qqdownloader,10868231,NULL,0,Notification(channel=channel_id_default_silent shortcut=null contentView=null vibrate=null sound=null tick defaults=0x0 flags=0x210 color=0x00000000 groupKey=com.tencent.android.qqdownloader vis=PRIVATE),0]
06-13 18:49:43.373 2159 2159 I wm_on_stop_called: [92350568,com.android.packageinstaller.InstallInstalling,LIFECYCLER_STOP_ACTIVITY]
06-13 18:49:43.373 2159 2159 I wm_on_destroy_called: [92350568,com.android.packageinstaller.InstallInstalling,performDestroy]
06-13 18:49:43.633 1551 1551 I notification_enqueue: [10092,17024,com.tencent.android.qqdownloader,127,NULL,0,Notification(channel=channel_id_default_silent shortcut=null contentView=com.tencent.android.qqdownloader/0x7f0a01c2 vibrate=null sound=null defaults=0x0 flags=0x2a2 color=0x00000000 groupKey=com.tencent.android.qqdownloader vis=PRIVATE),1]
06-13 18:49:44.540 0 0 E [62506.464325] link_delay_work_func: DTC_ETH: SQI=0, link=0
06-13 18:49:44.643 1551 1551 I notification_enqueue: [10092,17024,com.tencent.android.qqdownloader,127,NULL,0,Notification(channel=channel_id_default_silent shortcut=null contentView=com.tencent.android.qqdownloader/0x7f0a01c2 vibrate=null sound=null defaults=0x0 flags=0x2a2 color=0x00000000 groupKey=com.tencent.android.qqdownloader vis=PRIVATE),1]
06-13 18:49:45.652 1551 1551 I notification_enqueue: [10092,17024,com.tencent.android.qqdownloader,127,NULL,0,Notification(channel=channel_id_default_silent shortcut=null contentView=com.tencent.android.qqdownloader/0x7f0a01c2 vibrate=null sound=null defaults=0x0 flags=0x2a2 color=0x00000000 groupKey=com.tencent.android.qqdownloader vis=PRIVATE),1]
06-13 18:49:48.679 1551 1843 I netstats_mobile_sample: [0,0,0,0,0,0,0,0,0,0,0,0,1686653388679]
06-13 18:49:48.679 1551 1843 I netstats_wifi_sample: [11006494601,7806973,140361530,2320495,11006494601,7806973,140361530,2320495,11124259080,7926633,139552696,2316754,1686653388679]
06-13 18:49:49.660 0 0 E [62511.584330] link_delay_work_func: DTC_ETH: SQI=0, link=0
06-13 18:49:54.780 0 0 E [62516.704368] link_delay_work_func: DTC_ETH: SQI=0, link=0
06-13 18:49:59.900 0 0 E [62521.824368] link_delay_work_func: DTC_ETH: SQI=0, link=0
06-13 18:50:00.609 1551 1911 I sync : [com.tencent.android.qqdownloader.YYBLiveAccountProvider,0,3,24220937]
06-13 18:50:00.657 1551 1911 I sync : [com.tencent.android.qqdownloader.YYBLiveAccountProvider,1,3,24220937]
06-13 18:50:00.660 1551 1911 I commit_sys_config_file: [sync-status,55580026]
06-13 18:50:00.669 1551 1911 I sync : [com.tencent.android.qqdownloader.YYBLiveAccountProvider,0,3,24220937]
06-13 18:50:00.701 1551 1911 I sync : [com.tencent.android.qqdownloader.YYBLiveAccountProvider,1,3,24220937]
06-13 18:50:00.703 1551 1911 I commit_sys_config_file: [sync-status,55580069]
06-13 18:50:02.663 1551 1669 I commit_sys_config_file: [jobs,6]
06-13 18:50:05.020 0 0 E [62526.944340] link_delay_work_func: DTC_ETH: SQI=0, link=0
06-13 18:50:10.140 0 0 E [62532.064322] link_delay_work_func: DTC_ETH: SQI=0, link=0
06-13 18:50:11.476 0 0 I [62533.403023] init: processing action (sys.tlog.tlogdshc.active=1) from (/system/etc/init/tlogd.rc:195)
06-13 18:50:11.476 0 0 I [62533.403825] init: starting service 'tlogdshc'...
06-13 18:50:11.596 0 0 I [62533.521335] init: Service 'tlogdshc' (pid 12237) exited with status 0 oneshot service took 0.112000 seconds in background
06-13 18:50:11.596 0 0 I [62533.521364] init: Sending signal 9 to service 'tlogdshc' (pid 12237) process group...
06-13 18:50:11.596 0 0 I [62533.521565] libprocessgroup: Successfully killed process cgroup uid 0 pid 12237 in 0ms
06-13 18:50:15.260 0 0 E [62537.184328] link_delay_work_func: DTC_ETH: SQI=0, link=0
06-13 18:50:20.380 0 0 E [62542.304328] link_delay_work_func: DTC_ETH: SQI=0, link=0
06-13 18:50:22.218 1551 1860 I storage_state: [41217664-9172-527a-b3d5-edabb50a7d69,0,0,99123294208,118610538496]
06-13 18:50:25.500 0 0 E [62547.424356] link_delay_work_func: DTC_ETH: SQI=0, link=0
06-13 18:50:30.620 0 0 E [62552.544325] link_delay_work_func: DTC_ETH: SQI=0, link=0
06-13 18:50:35.604 1551 1911 I sync : [com.tencent.android.qqdownloader.YYBLiveAccountProvider,0,3,24220937]
06-13 18:50:35.646 1551 1911 I sync : [com.tencent.android.qqdownloader.YYBLiveAccountProvider,1,3,24220937]
06-13 18:50:35.649 1551 1911 I commit_sys_config_file: [sync-status,55615015]
06-13 18:50:35.661 1551 1911 I sync : [com.tencent.android.qqdownloader.YYBLiveAccountProvider,0,3,24220937]
06-13 18:50:35.703 1551 1911 I sync : [com.tencent.android.qqdownloader.YYBLiveAccountProvider,1,3,24220937]
06-13 18:50:35.706 1551 1911 I commit_sys_config_file: [sync-status,55615071]
06-13 18:50:35.740 0 0 E [62557.664338] link_delay_work_func: DTC_ETH: SQI=0, link=0
06-13 18:50:36.286 1551 1709 I sysui_multi_action: [757,1696,758,6,759,2]
06-13 18:50:36.295 1551 1667 I sysui_multi_action: [757,222,758,1]
06-13 18:50:36.301 1551 1686 I am_wtf : [0,1551,system_server,-1,DisplayDeviceConfig,requesting nits when no mapping exists.]
06-13 18:50:36.303 1551 1686 I am_wtf : [0,1551,system_server,-1,DisplayDeviceConfig,requesting nits when no mapping exists.]
06-13 18:50:36.315 1551 1686 I am_wtf : [0,1551,system_server,-1,DisplayDeviceConfig,requesting nits when no mapping exists.]
06-13 18:50:36.316 1551 1686 I am_wtf : [0,1551,system_server,-1,DisplayDeviceConfig,requesting nits when no mapping exists.]
06-13 18:50:36.318 1551 18714 I wm_task_created: [71,-1]
06-13 18:50:36.322 1551 18714 I wm_task_moved: [71,1,9]
06-13 18:50:36.323 1551 18714 I wm_task_to_front: [0,71]
06-13 18:50:36.323 1551 18714 I wm_create_task: [0,71]
06-13 18:50:36.323 1551 18714 I wm_create_activity: [0,127349266,71,com.thundercomm.screensaver/android.service.dreams.DreamActivity,NULL,NULL,NULL,276824064]
06-13 18:50:36.323 1551 18714 I wm_task_moved: [71,1,9]
06-13 18:50:36.323 2159 2159 I wm_on_top_resumed_lost_called: [45944635,com.android.packageinstaller.InstallSuccess,topStateChangedWhenResumed]
06-13 18:50:36.324 1551 18714 I wm_pause_activity: [0,45944635,com.android.packageinstaller/.InstallSuccess,userLeaving=true,pauseBackTasks]
06-13 18:50:36.325 1551 1686 I am_wtf : [0,1551,system_server,-1,DisplayDeviceConfig,requesting nits when no mapping exists.]
06-13 18:50:36.326 1551 1686 I am_wtf : [0,1551,system_server,-1,DisplayDeviceConfig,requesting nits when no mapping exists.]
06-13 18:50:36.328 2159 2159 I wm_on_paused_called: [45944635,com.android.packageinstaller.InstallSuccess,performPause]
06-13 18:50:36.329 1551 18714 I wm_add_to_stopping: [0,45944635,com.android.packageinstaller/.InstallSuccess,makeInvisible]
06-13 18:50:36.329 1551 18714 I wm_add_to_stopping: [0,175349344,com.android.packageinstaller/.DeleteStagedFileOnResult,makeInvisible]
06-13 18:50:36.329 1551 18714 I wm_add_to_stopping: [0,123708259,com.android.packageinstaller/.PackageInstallerActivity,makeInvisible]
06-13 18:50:36.329 1551 18714 I wm_add_to_stopping: [0,134710260,com.android.packageinstaller/.DeleteStagedFileOnResult,makeInvisible]
06-13 18:50:36.329 1551 18714 I wm_add_to_stopping: [0,220082946,com.android.packageinstaller/.PackageInstallerActivity,makeInvisible]
06-13 18:50:36.329 1551 18714 I wm_add_to_stopping: [0,148957047,com.android.packageinstaller/.DeleteStagedFileOnResult,makeInvisible]
06-13 18:50:36.329 1551 18714 I wm_add_to_stopping: [0,216049083,com.android.packageinstaller/.PackageInstallerActivity,makeInvisible]
06-13 18:50:36.329 1551 18714 I wm_add_to_stopping: [0,186497273,com.android.packageinstaller/.DeleteStagedFileOnResult,makeInvisible]
06-13 18:50:36.329 1551 18714 I wm_add_to_stopping: [0,240662303,com.android.packageinstaller/.PackageInstallerActivity,makeInvisible]
06-13 18:50:36.329 1551 18714 I wm_add_to_stopping: [0,249091709,com.android.packageinstaller/.DeleteStagedFileOnResult,makeInvisible]
06-13 18:50:36.329 1551 18714 I wm_add_to_stopping: [0,220425749,com.android.packageinstaller/.PackageInstallerActivity,makeInvisible]
06-13 18:50:36.329 1551 18714 I wm_add_to_stopping: [0,171589283,com.android.packageinstaller/.DeleteStagedFileOnResult,makeInvisible]
06-13 18:50:36.329 1551 18714 I wm_add_to_stopping: [0,240921632,com.android.packageinstaller/.PackageInstallerActivity,makeInvisible]
06-13 18:50:36.329 1551 18714 I wm_add_to_stopping: [0,3960262,com.android.packageinstaller/.DeleteStagedFileOnResult,makeInvisible]
06-13 18:50:36.329 1551 18714 I wm_add_to_stopping: [0,223077111,com.android.packageinstaller/.PackageInstallerActivity,makeInvisible]
06-13 18:50:36.329 1551 18714 I wm_add_to_stopping: [0,53462805,com.android.packageinstaller/.DeleteStagedFileOnResult,makeInvisible]
06-13 18:50:36.329 1551 18714 I wm_add_to_stopping: [0,27001122,com.android.packageinstaller/.InstallSuccess,makeInvisible]
06-13 18:50:36.329 1551 18714 I wm_add_to_stopping: [0,86616444,com.android.packageinstaller/.DeleteStagedFileOnResult,makeInvisible]
06-13 18:50:36.329 1551 18714 I wm_add_to_stopping: [0,87018331,com.android.launcher3/.uioverrides.QuickstepLauncher,makeInvisible]
06-13 18:50:36.330 1551 18714 I wm_restart_activity: [0,127349266,71,com.thundercomm.screensaver/android.service.dreams.DreamActivity]
06-13 18:50:36.331 1551 18714 I wm_set_resumed_activity: [0,com.thundercomm.screensaver/android.service.dreams.DreamActivity,minimalResumeActivityLocked]
06-13 18:50:36.338 1551 1670 I sysui_multi_action: [757,803,799,window_time_0,802,53]
06-13 18:50:36.340 4423 4423 I wm_on_create_called: [127349266,android.service.dreams.DreamActivity,performCreate]
06-13 18:50:36.340 4423 4423 I wm_on_start_called: [127349266,android.service.dreams.DreamActivity,handleStartActivity]
06-13 18:50:36.340 4423 4423 I wm_on_resume_called: [127349266,android.service.dreams.DreamActivity,RESUME_ACTIVITY]
06-13 18:50:36.342 1551 1686 I am_wtf : [0,1551,system_server,-1,DisplayDeviceConfig,requesting nits when no mapping exists.]
06-13 18:50:36.343 1551 1686 I am_wtf : [0,1551,system_server,-1,DisplayDeviceConfig,requesting nits when no mapping exists.]
06-13 18:50:36.347 4423 4423 I wm_on_top_resumed_gained_called: [127349266,android.service.dreams.DreamActivity,topStateChangedWhenResumed]
06-13 18:50:36.358 1551 1686 I am_wtf : [0,1551,system_server,-1,DisplayDeviceConfig,requesting nits when no mapping exists.]
06-13 18:50:36.359 1551 1686 I am_wtf : [0,1551,system_server,-1,DisplayDeviceConfig,requesting nits when no mapping exists.]
06-13 18:50:36.362 1551 1822 I input_focus: [Focus leaving 915fb46 com.android.packageinstaller/com.android.packageinstaller.InstallSuccess (server),reason=NO_WINDOW]
06-13 18:50:36.366 1551 1672 I input_focus: [Focus request 66a9510 com.thundercomm.screensaver/android.service.dreams.DreamActivity,reason=UpdateInputWindows]
06-13 18:50:36.376 1551 1709 I sysui_multi_action: [757,1696,758,6,759,3]
06-13 18:50:36.377 1551 1667 I sysui_multi_action: [319,43,321,35,322,60,325,62558,757,761,758,8,759,1,806,com.thundercomm.screensaver,871,android.service.dreams.DreamActivity,904,com.thundercomm.screensaver,905,0,1320,4,1321,2]
06-13 18:50:36.377 1551 1686 I am_wtf : [0,1551,system_server,-1,DisplayDeviceConfig,requesting nits when no mapping exists.]
06-13 18:50:36.378 1551 1686 I am_wtf : [0,1551,system_server,-1,DisplayDeviceConfig,requesting nits when no mapping exists.]
06-13 18:50:36.378 1551 1667 I wm_activity_launch_time: [0,127349266,com.thundercomm.screensaver/android.service.dreams.DreamActivity,60]
06-13 18:50:36.379 1551 1822 I input_focus: [Focus entering 66a9510 com.thundercomm.screensaver/android.service.dreams.DreamActivity (server),reason=setFocusedWindow]
06-13 18:50:36.394 1551 1686 I am_wtf : [0,1551,system_server,-1,DisplayDeviceConfig,requesting nits when no mapping exists.]
06-13 18:50:36.395 1551 1686 I am_wtf : [0,1551,system_server,-1,DisplayDeviceConfig,requesting nits when no mapping exists.]
06-13 18:50:36.410 1551 1686 I am_wtf : [0,1551,system_server,-1,DisplayDeviceConfig,requesting nits when no mapping exists.]
06-13 18:50:36.413 1551 1686 I am_wtf : [0,1551,system_server,-1,DisplayDeviceConfig,requesting nits when no mapping exists.]
06-13 18:50:36.426 1551 1686 I am_wtf : [0,1551,system_server,-1,DisplayDeviceConfig,requesting nits when no mapping exists.]
06-13 18:50:36.427 1551 1686 I am_wtf : [0,1551,system_server,-1,DisplayDeviceConfig,requesting nits when no mapping exists.]
06-13 18:50:36.443 1551 1686 I am_wtf : [0,1551,system_server,-1,DisplayDeviceConfig,requesting nits when no mapping exists.]
06-13 18:50:36.444 1551 1686 I am_wtf : [0,1551,system_server,-1,DisplayDeviceConfig,requesting nits when no mapping exists.]
06-13 18:50:36.861 1551 1670 I wm_stop_activity: [0,87018331,com.android.launcher3/.uioverrides.QuickstepLauncher]
06-13 18:50:36.861 1551 1670 I wm_stop_activity: [0,86616444,com.android.packageinstaller/.DeleteStagedFileOnResult]
06-13 18:50:36.861 1551 1670 I wm_stop_activity: [0,27001122,com.android.packageinstaller/.InstallSuccess]
06-13 18:50:36.861 1551 1670 I wm_stop_activity: [0,53462805,com.android.packageinstaller/.DeleteStagedFileOnResult]
06-13 18:50:36.861 1551 1670 I wm_stop_activity: [0,223077111,com.android.packageinstaller/.PackageInstallerActivity]
06-13 18:50:36.862 1551 1670 I wm_stop_activity: [0,3960262,com.android.packageinstaller/.DeleteStagedFileOnResult]
06-13 18:50:36.862 1551 1670 I wm_stop_activity: [0,240921632,com.android.packageinstaller/.PackageInstallerActivity]
06-13 18:50:36.862 1551 1670 I wm_stop_activity: [0,171589283,com.android.packageinstaller/.DeleteStagedFileOnResult]
06-13 18:50:36.862 1551 1670 I wm_stop_activity: [0,220425749,com.android.packageinstaller/.PackageInstallerActivity]
06-13 18:50:36.862 1551 1670 I wm_stop_activity: [0,249091709,com.android.packageinstaller/.DeleteStagedFileOnResult]
06-13 18:50:36.862 1551 1670 I wm_stop_activity: [0,240662303,com.android.packageinstaller/.PackageInstallerActivity]
06-13 18:50:36.862 1551 1670 I wm_stop_activity: [0,186497273,com.android.packageinstaller/.DeleteStagedFileOnResult]
06-13 18:50:36.862 1551 1670 I wm_stop_activity: [0,216049083,com.android.packageinstaller/.PackageInstallerActivity]
06-13 18:50:36.862 1551 1670 I wm_stop_activity: [0,148957047,com.android.packageinstaller/.DeleteStagedFileOnResult]
06-13 18:50:36.863 1551 1670 I wm_stop_activity: [0,220082946,com.android.packageinstaller/.PackageInstallerActivity]
06-13 18:50:36.863 1551 1670 I wm_stop_activity: [0,134710260,com.android.packageinstaller/.DeleteStagedFileOnResult]
06-13 18:50:36.863 1551 1670 I wm_stop_activity: [0,123708259,com.android.packageinstaller/.PackageInstallerActivity]
06-13 18:50:36.863 1551 1670 I wm_stop_activity: [0,175349344,com.android.packageinstaller/.DeleteStagedFileOnResult]
06-13 18:50:36.863 1551 1670 I wm_stop_activity: [0,45944635,com.android.packageinstaller/.InstallSuccess]
06-13 18:50:36.879 2159 2159 I wm_on_stop_called: [86616444,com.android.packageinstaller.DeleteStagedFileOnResult,STOP_ACTIVITY_ITEM]
06-13 18:50:36.880 2159 2159 I wm_on_stop_called: [27001122,com.android.packageinstaller.InstallSuccess,STOP_ACTIVITY_ITEM]
06-13 18:50:36.880 2614 2614 I wm_on_stop_called: [87018331,com.android.launcher3.uioverrides.QuickstepLauncher,STOP_ACTIVITY_ITEM]
06-13 18:50:36.881 2159 2159 I wm_on_stop_called: [53462805,com.android.packageinstaller.DeleteStagedFileOnResult,STOP_ACTIVITY_ITEM]
06-13 18:50:36.881 2159 2159 I wm_on_stop_called: [223077111,com.android.packageinstaller.PackageInstallerActivity,STOP_ACTIVITY_ITEM]
06-13 18:50:36.881 2159 2159 I wm_on_stop_called: [3960262,com.android.packageinstaller.DeleteStagedFileOnResult,STOP_ACTIVITY_ITEM]
06-13 18:50:36.882 2159 2159 I wm_on_stop_called: [240921632,com.android.packageinstaller.PackageInstallerActivity,STOP_ACTIVITY_ITEM]
06-13 18:50:36.882 2159 2159 I wm_on_stop_called: [171589283,com.android.packageinstaller.DeleteStagedFileOnResult,STOP_ACTIVITY_ITEM]
06-13 18:50:36.882 2159 2159 I wm_on_stop_called: [220425749,com.android.packageinstaller.PackageInstallerActivity,STOP_ACTIVITY_ITEM]
06-13 18:50:36.882 2159 2159 I wm_on_stop_called: [249091709,com.android.packageinstaller.DeleteStagedFileOnResult,STOP_ACTIVITY_ITEM]
06-13 18:50:36.883 2159 2159 I wm_on_stop_called: [240662303,com.android.packageinstaller.PackageInstallerActivity,STOP_ACTIVITY_ITEM]
06-13 18:50:36.883 2159 2159 I wm_on_stop_called: [186497273,com.android.packageinstaller.DeleteStagedFileOnResult,STOP_ACTIVITY_ITEM]
06-13 18:50:36.883 2159 2159 I wm_on_stop_called: [216049083,com.android.packageinstaller.PackageInstallerActivity,STOP_ACTIVITY_ITEM]
06-13 18:50:36.884 2159 2159 I wm_on_stop_called: [148957047,com.android.packageinstaller.DeleteStagedFileOnResult,STOP_ACTIVITY_ITEM]
06-13 18:50:36.884 2159 2159 I wm_on_stop_called: [220082946,com.android.packageinstaller.PackageInstallerActivity,STOP_ACTIVITY_ITEM]
06-13 18:50:36.884 2159 2159 I wm_on_stop_called: [134710260,com.android.packageinstaller.DeleteStagedFileOnResult,STOP_ACTIVITY_ITEM]
06-13 18:50:36.884 2159 2159 I wm_on_stop_called: [123708259,com.android.packageinstaller.PackageInstallerActivity,STOP_ACTIVITY_ITEM]
06-13 18:50:36.885 2159 2159 I wm_on_stop_called: [175349344,com.android.packageinstaller.DeleteStagedFileOnResult,STOP_ACTIVITY_ITEM]
06-13 18:50:36.886 2159 2159 I wm_on_stop_called: [45944635,com.android.packageinstaller.InstallSuccess,STOP_ACTIVITY_ITEM]
06-13 18:50:37.649 1551 1669 I commit_sys_config_file: [jobs,1]
06-13 18:50:40.860 0 0 E [62562.784440] link_delay_work_func: DTC_ETH: SQI=0, link=0
06-13 18:50:41.480 0 0 I [62563.405049] init: processing action (sys.tlog.tlogdshc.active=1) from (/system/etc/init/tlogd.rc:195)
06-13 18:50:41.480 0 0 I [62563.405839] init: starting service 'tlogdshc'...
06-13 18:50:41.596 0 0 I [62563.523555] init: Service 'tlogdshc' (pid 12299) exited with status 0 oneshot service took 0.112000 seconds in background
06-13 18:50:41.596 0 0 I [62563.523582] init: Sending signal 9 to service 'tlogdshc' (pid 12299) process group...
06-13 18:50:41.596 0 0 I [62563.523748] libprocessgroup: Successfully killed process cgroup uid 0 pid 12299 in 0ms
06-13 18:50:44.078 1551 1551 I notification_enqueue: [10092,17024,com.tencent.android.qqdownloader,127,NULL,0,Notification(channel=channel_id_default_silent shortcut=null contentView=com.tencent.android.qqdownloader/0x7f0a01c2 vibrate=null sound=null defaults=0x0 flags=0x2a2 color=0x00000000 groupKey=com.tencent.android.qqdownloader vis=PRIVATE),1]
06-13 18:50:45.980 0 0 E [62567.904356] link_delay_work_func: DTC_ETH: SQI=0, link=0
06-13 18:50:51.100 0 0 E [62573.024334] link_delay_work_func: DTC_ETH: SQI=0, link=0
06-13 18:50:56.220 0 0 E [62578.144337] link_delay_work_func: DTC_ETH: SQI=0, link=0
06-13 18:50:58.300 1551 1686 I am_uid_idle: 10089
06-13 18:51:01.340 0 0 E [62583.264348] link_delay_work_func: DTC_ETH: SQI=0, link=0
06-13 18:51:06.460 0 0 E [62588.384368] link_delay_work_func: DTC_ETH: SQI=0, link=0
06-13 18:51:10.612 1551 1911 I sync : [com.tencent.android.qqdownloader.YYBLiveAccountProvider,0,3,24220937]
06-13 18:51:10.653 1551 1911 I sync : [com.tencent.android.qqdownloader.YYBLiveAccountProvider,1,3,24220937]
06-13 18:51:10.656 1551 1911 I commit_sys_config_file: [sync-status,55650022]
06-13 18:51:10.663 1551 1911 I sync : [com.tencent.android.qqdownloader.YYBLiveAccountProvider,0,3,24220937]
06-13 18:51:10.696 1551 1911 I sync : [com.tencent.android.qqdownloader.YYBLiveAccountProvider,1,3,24220937]
06-13 18:51:10.699 1551 1911 I commit_sys_config_file: [sync-status,55650064]
06-13 18:51:11.480 0 0 I [62593.406918] init: processing action (sys.tlog.tlogdshc.active=1) from (/system/etc/init/tlogd.rc:195)
06-13 18:51:11.480 0 0 I [62593.407518] init: starting service 'tlogdshc'...
06-13 18:51:11.584 0 0 E [62593.508641] link_delay_work_func: DTC_ETH: SQI=0, link=0
06-13 18:51:11.596 0 0 I [62593.522409] init: Service 'tlogdshc' (pid 12339) exited with status 0 oneshot service took 0.109000 seconds in background
06-13 18:51:11.596 0 0 I [62593.522435] init: Sending signal 9 to service 'tlogdshc' (pid 12339) process group...
06-13 18:51:11.596 0 0 I [62593.522604] libprocessgroup: Successfully killed process cgroup uid 0 pid 12339 in 0ms
06-13 18:51:12.662 1551 1669 I commit_sys_config_file: [jobs,6]
06-13 18:51:16.696 0 0 E [62598.624385] link_delay_work_func: DTC_ETH: SQI=0, link=0
06-13 18:51:21.820 0 0 E [62603.744322] link_delay_work_func: DTC_ETH: SQI=0, link=0
06-13 18:51:26.940 0 0 E [62608.864318] link_delay_work_func: DTC_ETH: SQI=0, link=0
06-13 18:51:32.060 0 0 E [62613.984518] link_delay_work_func: DTC_ETH: SQI=0, link=0
06-13 18:51:36.865 1551 1686 I am_uid_idle: 10025
06-13 18:51:37.180 0 0 E [62619.104330] link_delay_work_func: DTC_ETH: SQI=0, link=0
06-13 18:51:41.480 0 0 I [62623.408368] init: processing action (sys.tlog.tlogdshc.active=1) from (/system/etc/init/tlogd.rc:195)
06-13 18:51:41.484 0 0 I [62623.408972] init: starting service 'tlogdshc'...
06-13 18:51:41.592 0 0 I [62623.518508] init: Service 'tlogdshc' (pid 12384) exited with status 0 oneshot service took 0.105000 seconds in background
06-13 18:51:41.592 0 0 I [62623.518536] init: Sending signal 9 to service 'tlogdshc' (pid 12384) process group...
06-13 18:51:41.592 0 0 I [62623.518707] libprocessgroup: Successfully killed process cgroup uid 0 pid 12384 in 0ms
06-13 18:51:42.300 0 0 E [62624.224317] link_delay_work_func: DTC_ETH: SQI=0, link=0
06-13 18:51:42.364 1551 1686 I am_uid_idle: 10062
06-13 18:51:45.584 1551 1551 I notification_enqueue: [10092,17024,com.tencent.android.qqdownloader,127,NULL,0,Notification(channel=channel_id_default_silent shortcut=null contentView=com.tencent.android.qqdownloader/0x7f0a01c2 vibrate=null sound=null defaults=0x0 flags=0x2a2 color=0x00000000 groupKey=com.tencent.android.qqdownloader vis=PRIVATE),1]
06-13 18:51:45.609 1551 1911 I sync : [com.tencent.android.qqdownloader.YYBLiveAccountProvider,0,3,24220937]
06-13 18:51:45.646 1551 1911 I sync : [com.tencent.android.qqdownloader.YYBLiveAccountProvider,1,3,24220937]
06-13 18:51:45.649 1551 1911 I commit_sys_config_file: [sync-status,55685014]
06-13 18:51:45.658 1551 1911 I sync : [com.tencent.android.qqdownloader.YYBLiveAccountProvider,0,3,24220937]
06-13 18:51:45.686 1551 1911 I sync : [com.tencent.android.qqdownloader.YYBLiveAccountProvider,1,3,24220937]
06-13 18:51:45.688 1551 1911 I commit_sys_config_file: [sync-status,55685053]
06-13 18:51:47.420 0 0 E [62629.344318] link_delay_work_func: DTC_ETH: SQI=0, link=0
06-13 18:51:47.652 1551 1669 I commit_sys_config_file: [jobs,6]
06-13 18:51:52.540 0 0 E [62634.464353] link_delay_work_func: DTC_ETH: SQI=0, link=0
06-13 18:51:57.660 0 0 E [62639.584359] link_delay_work_func: DTC_ETH: SQI=0, link=0
06-13 18:52:02.780 0 0 E [62644.704317] link_delay_work_func: DTC_ETH: SQI=0, link=0
06-13 18:52:07.900 0 0 E [62649.824366] link_delay_work_func: DTC_ETH: SQI=0, link=0
06-13 18:52:11.484 0 0 I [62653.410137] init: processing action (sys.tlog.tlogdshc.active=1) from (/system/etc/init/tlogd.rc:195)
06-13 18:52:11.484 0 0 I [62653.410634] init: starting service 'tlogdshc'...
06-13 18:52:11.604 0 0 I [62653.528563] init: Service 'tlogdshc' (pid 12432) exited with status 0 oneshot service took 0.113000 seconds in background
06-13 18:52:11.604 0 0 I [62653.528592] init: Sending signal 9 to service 'tlogdshc' (pid 12432) process group...
06-13 18:52:11.604 0 0 I [62653.528779] libprocessgroup: Successfully killed process cgroup uid 0 pid 12432 in 0ms
06-13 18:52:13.020 0 0 E [62654.944357] link_delay_work_func: DTC_ETH: SQI=0, link=0
06-13 18:52:18.140 0 0 E [62660.064345] link_delay_work_func: DTC_ETH: SQI=0, link=0
06-13 18:52:20.611 1551 1911 I sync : [com.tencent.android.qqdownloader.YYBLiveAccountProvider,0,3,24220937]
06-13 18:52:20.646 1551 1911 I sync : [com.tencent.android.qqdownloader.YYBLiveAccountProvider,1,3,24220937]
06-13 18:52:20.649 1551 1911 I commit_sys_config_file: [sync-status,55720014]
06-13 18:52:20.659 1551 1911 I sync : [com.tencent.android.qqdownloader.YYBLiveAccountProvider,0,3,24220937]
06-13 18:52:20.705 1551 1911 I sync : [com.tencent.android.qqdownloader.YYBLiveAccountProvider,1,3,24220937]
06-13 18:52:20.708 1551 1911 I commit_sys_config_file: [sync-status,55720074]
06-13 18:52:22.655 1551 1669 I commit_sys_config_file: [jobs,6]
06-13 18:52:23.261 0 0 E [62665.184340] link_delay_work_func: DTC_ETH: SQI=0, link=0
06-13 18:52:28.380 0 0 E [62670.304330] link_delay_work_func: DTC_ETH: SQI=0, link=0
06-13 18:52:33.500 0 0 E [62675.424314] link_delay_work_func: DTC_ETH: SQI=0, link=0
06-13 18:52:38.620 0 0 E [62680.544359] link_delay_work_func: DTC_ETH: SQI=0, link=0
06-13 18:52:41.488 0 0 I [62683.411596] init: processing action (sys.tlog.tlogdshc.active=1) from (/system/etc/init/tlogd.rc:195)
06-13 18:52:41.488 0 0 I [62683.412125] init: starting service 'tlogdshc'...
06-13 18:52:41.600 0 0 I [62683.525910] init: Service 'tlogdshc' (pid 12475) exited with status 0 oneshot service took 0.108000 seconds in background
06-13 18:52:41.600 0 0 I [62683.525938] init: Sending signal 9 to service 'tlogdshc' (pid 12475) process group...
06-13 18:52:41.600 0 0 I [62683.526114] libprocessgroup: Successfully killed process cgroup uid 0 pid 12475 in 0ms
06-13 18:52:43.740 0 0 E [62685.664322] link_delay_work_func: DTC_ETH: SQI=0, link=0
06-13 18:52:47.064 1551 1551 I notification_enqueue: [10092,17024,com.tencent.android.qqdownloader,127,NULL,0,Notification(channel=channel_id_default_silent shortcut=null contentView=com.tencent.android.qqdownloader/0x7f0a01c2 vibrate=null sound=null defaults=0x0 flags=0x2a2 color=0x00000000 groupKey=com.tencent.android.qqdownloader vis=PRIVATE),1]
06-13 18:52:48.860 0 0 E [62690.784334] link_delay_work_func: DTC_ETH: SQI=0, link=0
06-13 18:52:53.976 0 0 E [62695.904339] link_delay_work_func: DTC_ETH: SQI=0, link=0
06-13 18:52:55.615 1551 1911 I sync : [com.tencent.android.qqdownloader.YYBLiveAccountProvider,0,3,24220937]
06-13 18:52:55.655 1551 1911 I sync : [com.tencent.android.qqdownloader.YYBLiveAccountProvider,1,3,24220937]
06-13 18:52:55.658 1551 1911 I commit_sys_config_file: [sync-status,55755024]
06-13 18:52:55.667 1551 1911 I sync : [com.tencent.android.qqdownloader.YYBLiveAccountProvider,0,3,24220937]
06-13 18:52:55.706 1551 1911 I sync : [com.tencent.android.qqdownloader.YYBLiveAccountProvider,1,3,24220937]
06-13 18:52:55.710 1551 1911 I commit_sys_config_file: [sync-status,55755076]
06-13 18:52:57.665 1551 1669 I commit_sys_config_file: [jobs,7]
06-13 18:52:59.100 0 0 E [62701.024328] link_delay_work_func: DTC_ETH: SQI=0, link=0
06-13 18:53:04.220 0 0 E [62706.144333] link_delay_work_func: DTC_ETH: SQI=0, link=0
06-13 18:53:09.340 0 0 E [62711.264363] link_delay_work_func: DTC_ETH: SQI=0, link=0
06-13 18:53:10.292 1551 1822 I input_interaction: Interaction with: 66a9510 com.thundercomm.screensaver/android.service.dreams.DreamActivity (server), edge-swipe (server), swipe-up (server), PointerEventDispatcher0 (server),
06-13 18:53:10.352 1551 18714 I wm_finish_activity: [0,127349266,71,com.thundercomm.screensaver/android.service.dreams.DreamActivity,finish-activity]
06-13 18:53:10.353 1551 18714 I wm_task_moved: [63,1,8]
06-13 18:53:10.353 1551 18714 I wm_task_to_front: [0,63]
06-13 18:53:10.354 1551 18714 I wm_focused_root_task: [0,0,63,71,finish-top adjustFocusToNextFocusableTask]
06-13 18:53:10.355 1551 18714 I wm_pause_activity: [0,127349266,com.thundercomm.screensaver/android.service.dreams.DreamActivity,userLeaving=false,finish]
06-13 18:53:10.361 1551 1670 I sysui_multi_action: [757,803,799,window_time_0,802,154]
06-13 18:53:10.362 4423 4423 I wm_on_top_resumed_lost_called: [127349266,android.service.dreams.DreamActivity,topStateChangedWhenResumed]
06-13 18:53:10.363 4423 4423 I wm_on_paused_called: [127349266,android.service.dreams.DreamActivity,performPause]
06-13 18:53:10.364 1551 19085 I wm_add_to_stopping: [0,127349266,com.thundercomm.screensaver/android.service.dreams.DreamActivity,completeFinishing]
06-13 18:53:10.367 1551 19085 I wm_set_resumed_activity: [0,com.android.packageinstaller/.InstallSuccess,resumeTopActivityInnerLocked]
06-13 18:53:10.380 1551 19085 I wm_resume_activity: [0,45944635,63,com.android.packageinstaller/.InstallSuccess]
06-13 18:53:10.389 2159 2159 I wm_on_restart_called: [175349344,com.android.packageinstaller.DeleteStagedFileOnResult,performRestartActivity]
06-13 18:53:10.389 2159 2159 I wm_on_start_called: [175349344,com.android.packageinstaller.DeleteStagedFileOnResult,handleStartActivity]
06-13 18:53:10.389 1551 1670 I am_uid_active: 10025
06-13 18:53:10.390 2159 2159 I wm_on_restart_called: [123708259,com.android.packageinstaller.PackageInstallerActivity,performRestartActivity]
06-13 18:53:10.390 2159 2159 I wm_on_start_called: [123708259,com.android.packageinstaller.PackageInstallerActivity,handleStartActivity]
06-13 18:53:10.390 2159 2159 I wm_on_restart_called: [134710260,com.android.packageinstaller.DeleteStagedFileOnResult,performRestartActivity]
06-13 18:53:10.390 2159 2159 I wm_on_start_called: [134710260,com.android.packageinstaller.DeleteStagedFileOnResult,handleStartActivity]
06-13 18:53:10.390 2159 2159 I wm_on_restart_called: [220082946,com.android.packageinstaller.PackageInstallerActivity,performRestartActivity]
06-13 18:53:10.390 2159 2159 I wm_on_start_called: [220082946,com.android.packageinstaller.PackageInstallerActivity,handleStartActivity]
06-13 18:53:10.391 2159 2159 I wm_on_restart_called: [148957047,com.android.packageinstaller.DeleteStagedFileOnResult,performRestartActivity]
06-13 18:53:10.391 2159 2159 I wm_on_start_called: [148957047,com.android.packageinstaller.DeleteStagedFileOnResult,handleStartActivity]
06-13 18:53:10.391 2159 2159 I wm_on_restart_called: [216049083,com.android.packageinstaller.PackageInstallerActivity,performRestartActivity]
06-13 18:53:10.391 2159 2159 I wm_on_start_called: [216049083,com.android.packageinstaller.PackageInstallerActivity,handleStartActivity]
06-13 18:53:10.392 2159 2159 I wm_on_restart_called: [186497273,com.android.packageinstaller.DeleteStagedFileOnResult,performRestartActivity]
06-13 18:53:10.392 2159 2159 I wm_on_start_called: [186497273,com.android.packageinstaller.DeleteStagedFileOnResult,handleStartActivity]
06-13 18:53:10.392 2159 2159 I wm_on_restart_called: [240662303,com.android.packageinstaller.PackageInstallerActivity,performRestartActivity]
06-13 18:53:10.392 2159 2159 I wm_on_start_called: [240662303,com.android.packageinstaller.PackageInstallerActivity,handleStartActivity]
06-13 18:53:10.393 2159 2159 I wm_on_restart_called: [249091709,com.android.packageinstaller.DeleteStagedFileOnResult,performRestartActivity]
06-13 18:53:10.393 2159 2159 I wm_on_start_called: [249091709,com.android.packageinstaller.DeleteStagedFileOnResult,handleStartActivity]
06-13 18:53:10.393 2159 2159 I wm_on_restart_called: [220425749,com.android.packageinstaller.PackageInstallerActivity,performRestartActivity]
06-13 18:53:10.393 2159 2159 I wm_on_start_called: [220425749,com.android.packageinstaller.PackageInstallerActivity,handleStartActivity]
06-13 18:53:10.394 2159 2159 I wm_on_restart_called: [171589283,com.android.packageinstaller.DeleteStagedFileOnResult,performRestartActivity]
06-13 18:53:10.394 2159 2159 I wm_on_start_called: [171589283,com.android.packageinstaller.DeleteStagedFileOnResult,handleStartActivity]
06-13 18:53:10.394 2159 2159 I wm_on_restart_called: [240921632,com.android.packageinstaller.PackageInstallerActivity,performRestartActivity]
06-13 18:53:10.394 2159 2159 I wm_on_start_called: [240921632,com.android.packageinstaller.PackageInstallerActivity,handleStartActivity]
06-13 18:53:10.394 2159 2159 I wm_on_restart_called: [3960262,com.android.packageinstaller.DeleteStagedFileOnResult,performRestartActivity]
06-13 18:53:10.394 2159 2159 I wm_on_start_called: [3960262,com.android.packageinstaller.DeleteStagedFileOnResult,handleStartActivity]
06-13 18:53:10.394 2159 2159 I wm_on_restart_called: [223077111,com.android.packageinstaller.PackageInstallerActivity,performRestartActivity]
06-13 18:53:10.394 2159 2159 I wm_on_start_called: [223077111,com.android.packageinstaller.PackageInstallerActivity,handleStartActivity]
06-13 18:53:10.394 2614 2614 I wm_on_restart_called: [87018331,com.android.launcher3.uioverrides.QuickstepLauncher,performRestartActivity]
06-13 18:53:10.394 2614 2614 I wm_on_start_called: [87018331,com.android.launcher3.uioverrides.QuickstepLauncher,handleStartActivity]
06-13 18:53:10.395 2159 2159 I wm_on_restart_called: [53462805,com.android.packageinstaller.DeleteStagedFileOnResult,performRestartActivity]
06-13 18:53:10.395 2159 2159 I wm_on_start_called: [53462805,com.android.packageinstaller.DeleteStagedFileOnResult,handleStartActivity]
06-13 18:53:10.395 2159 2159 I wm_on_restart_called: [27001122,com.android.packageinstaller.InstallSuccess,performRestartActivity]
06-13 18:53:10.395 2159 2159 I wm_on_start_called: [27001122,com.android.packageinstaller.InstallSuccess,handleStartActivity]
06-13 18:53:10.395 2159 2159 I wm_on_restart_called: [86616444,com.android.packageinstaller.DeleteStagedFileOnResult,performRestartActivity]
