06-13 18:06:10.836 1551 1670 I wm_stop_activity: [0,220425749,com.android.packageinstaller/.PackageInstallerActivity]
06-13 18:06:10.836 1551 1670 I wm_stop_activity: [0,249091709,com.android.packageinstaller/.DeleteStagedFileOnResult]
06-13 18:06:10.837 1551 1670 I wm_stop_activity: [0,240662303,com.android.packageinstaller/.PackageInstallerActivity]
06-13 18:06:10.837 1551 1670 I wm_stop_activity: [0,186497273,com.android.packageinstaller/.DeleteStagedFileOnResult]
06-13 18:06:10.837 1551 1670 I wm_stop_activity: [0,216049083,com.android.packageinstaller/.PackageInstallerActivity]
06-13 18:06:10.837 1551 1670 I wm_stop_activity: [0,148957047,com.android.packageinstaller/.DeleteStagedFileOnResult]
06-13 18:06:10.837 1551 1670 I wm_stop_activity: [0,220082946,com.android.packageinstaller/.PackageInstallerActivity]
06-13 18:06:10.837 1551 1670 I wm_stop_activity: [0,134710260,com.android.packageinstaller/.DeleteStagedFileOnResult]
06-13 18:06:10.837 1551 1670 I wm_stop_activity: [0,123708259,com.android.packageinstaller/.PackageInstallerActivity]
06-13 18:06:10.837 1551 1670 I wm_stop_activity: [0,175349344,com.android.packageinstaller/.DeleteStagedFileOnResult]
06-13 18:06:10.837 1551 1670 I wm_stop_activity: [0,133276095,com.android.packageinstaller/.PackageInstallerActivity]
06-13 18:06:10.838 1551 1670 I wm_stop_activity: [0,72266132,com.android.packageinstaller/.DeleteStagedFileOnResult]
06-13 18:06:10.838 1551 1670 I wm_stop_activity: [0,7374649,com.android.packageinstaller/.PackageInstallerActivity]
06-13 18:06:10.841 2159 2159 I wm_on_stop_called: [90602743,com.android.packageinstaller.InstallStaging,LIFECYCLER_STOP_ACTIVITY]
06-13 18:06:10.841 2159 2159 I wm_on_destroy_called: [90602743,com.android.packageinstaller.InstallStaging,performDestroy]
06-13 18:06:10.843 2159 2159 I wm_on_stop_called: [86616444,com.android.packageinstaller.DeleteStagedFileOnResult,STOP_ACTIVITY_ITEM]
06-13 18:06:10.843 2159 2159 I wm_on_stop_called: [27001122,com.android.packageinstaller.InstallSuccess,STOP_ACTIVITY_ITEM]
06-13 18:06:10.843 2159 2159 I wm_on_stop_called: [53462805,com.android.packageinstaller.DeleteStagedFileOnResult,STOP_ACTIVITY_ITEM]
06-13 18:06:10.843 2159 2159 I wm_on_stop_called: [223077111,com.android.packageinstaller.PackageInstallerActivity,STOP_ACTIVITY_ITEM]
06-13 18:06:10.844 2159 2159 I wm_on_stop_called: [3960262,com.android.packageinstaller.DeleteStagedFileOnResult,STOP_ACTIVITY_ITEM]
06-13 18:06:10.844 2159 2159 I wm_on_stop_called: [240921632,com.android.packageinstaller.PackageInstallerActivity,STOP_ACTIVITY_ITEM]
06-13 18:06:10.844 2159 2159 I wm_on_stop_called: [171589283,com.android.packageinstaller.DeleteStagedFileOnResult,STOP_ACTIVITY_ITEM]
06-13 18:06:10.844 2159 2159 I wm_on_stop_called: [220425749,com.android.packageinstaller.PackageInstallerActivity,STOP_ACTIVITY_ITEM]
06-13 18:06:10.844 2159 2159 I wm_on_stop_called: [249091709,com.android.packageinstaller.DeleteStagedFileOnResult,STOP_ACTIVITY_ITEM]
06-13 18:06:10.844 2159 2159 I wm_on_stop_called: [240662303,com.android.packageinstaller.PackageInstallerActivity,STOP_ACTIVITY_ITEM]
06-13 18:06:10.844 1551 1670 I sysui_multi_action: [757,803,799,window_time_0,802,0]
06-13 18:06:10.844 1551 1670 I sysui_multi_action: [757,803,799,window_time_0,802,0]
06-13 18:06:10.844 2159 2159 I wm_on_stop_called: [186497273,com.android.packageinstaller.DeleteStagedFileOnResult,STOP_ACTIVITY_ITEM]
06-13 18:06:10.844 1551 1670 I sysui_multi_action: [757,803,799,window_time_0,802,0]
06-13 18:06:10.845 2159 2159 I wm_on_stop_called: [216049083,com.android.packageinstaller.PackageInstallerActivity,STOP_ACTIVITY_ITEM]
06-13 18:06:10.845 2159 2159 I wm_on_stop_called: [148957047,com.android.packageinstaller.DeleteStagedFileOnResult,STOP_ACTIVITY_ITEM]
06-13 18:06:10.845 2159 2159 I wm_on_stop_called: [220082946,com.android.packageinstaller.PackageInstallerActivity,STOP_ACTIVITY_ITEM]
06-13 18:06:10.845 2159 2159 I wm_on_stop_called: [134710260,com.android.packageinstaller.DeleteStagedFileOnResult,STOP_ACTIVITY_ITEM]
06-13 18:06:10.845 2159 2159 I wm_on_stop_called: [123708259,com.android.packageinstaller.PackageInstallerActivity,STOP_ACTIVITY_ITEM]
06-13 18:06:10.846 2159 2159 I wm_on_stop_called: [175349344,com.android.packageinstaller.DeleteStagedFileOnResult,STOP_ACTIVITY_ITEM]
06-13 18:06:10.846 2159 2159 I wm_on_stop_called: [133276095,com.android.packageinstaller.PackageInstallerActivity,STOP_ACTIVITY_ITEM]
06-13 18:06:10.846 2159 2159 I wm_on_stop_called: [72266132,com.android.packageinstaller.DeleteStagedFileOnResult,STOP_ACTIVITY_ITEM]
06-13 18:06:10.846 2159 2159 I wm_on_top_resumed_lost_called: [7374649,com.android.packageinstaller.PackageInstallerActivity,topStateChangedWhenResumed]
06-13 18:06:10.846 2159 2159 I wm_on_paused_called: [7374649,com.android.packageinstaller.PackageInstallerActivity,performPause]
06-13 18:06:10.846 2159 2159 I wm_on_stop_called: [7374649,com.android.packageinstaller.PackageInstallerActivity,STOP_ACTIVITY_ITEM]
06-13 18:06:10.866 1551 2861 I wm_finish_activity: [0,238115235,62,com.tencent.android.qqdownloader/com.tencent.pangu.activity.InstallerListenerActivity,app-request]
06-13 18:06:10.869 1551 2861 I wm_pause_activity: [0,238115235,com.tencent.android.qqdownloader/com.tencent.pangu.activity.InstallerListenerActivity,userLeaving=false,finish]
06-13 18:06:10.874 13749 13749 I wm_on_paused_called: [238115235,com.tencent.pangu.activity.InstallerListenerActivity,performPause]
06-13 18:06:10.875 1551 2100 I wm_add_to_stopping: [0,238115235,com.tencent.android.qqdownloader/com.tencent.pangu.activity.InstallerListenerActivity,completeFinishing]
06-13 18:06:10.880 1551 1670 I sysui_multi_action: [757,803,799,window_time_0,802,0]
06-13 18:06:11.140 1551 1670 I wm_destroy_activity: [0,238115235,62,com.tencent.android.qqdownloader/com.tencent.pangu.activity.InstallerListenerActivity,finish-imm:transit]
06-13 18:06:11.160 13749 13749 I wm_on_stop_called: [238115235,com.tencent.pangu.activity.InstallerListenerActivity,LIFECYCLER_STOP_ACTIVITY]
06-13 18:06:11.163 13749 13749 I wm_on_destroy_called: [238115235,com.tencent.pangu.activity.InstallerListenerActivity,performDestroy]
06-13 18:06:11.184 0 0 I [59893.110469] init: processing action (sys.tlog.tlogdshc.active=1) from (/system/etc/init/tlogd.rc:195)
06-13 18:06:11.184 0 0 I [59893.110601] init: starting service 'tlogdshc'...
06-13 18:06:11.212 0 0 I [59893.139565] init: Service 'tlogdshc' (pid 7908) exited with status 0 oneshot service took 0.028000 seconds in background
06-13 18:06:11.212 0 0 I [59893.139573] init: Sending signal 9 to service 'tlogdshc' (pid 7908) process group...
06-13 18:06:11.212 0 0 I [59893.139627] libprocessgroup: Successfully killed process cgroup uid 0 pid 7908 in 0ms
06-13 18:06:11.303 1551 1843 I netstats_mobile_sample: [0,0,0,0,0,0,0,0,0,0,0,0,1686650771303]
06-13 18:06:11.303 1551 1843 I netstats_wifi_sample: [10299006178,7326152,125685033,2159394,10299006178,7326152,125685033,2159394,10410288931,7437498,124877929,2155701,1686650771303]
06-13 18:06:12.477 1551 1843 I netstats_mobile_sample: [0,0,0,0,0,0,0,0,0,0,0,0,1686650772477]
06-13 18:06:12.477 1551 1843 I netstats_wifi_sample: [10317829620,7338720,125979911,2164260,10317829620,7338720,125979911,2164260,10429084347,7450048,125171963,2160553,1686650772477]
06-13 18:06:13.337 0 0 E [59895.264345] link_delay_work_func: DTC_ETH: SQI=0, link=0
06-13 18:06:13.652 1551 1843 I netstats_mobile_sample: [0,0,0,0,0,0,0,0,0,0,0,0,1686650773652]
06-13 18:06:13.652 1551 1843 I netstats_wifi_sample: [10340420268,7353792,126311469,2169422,10340414268,7353788,126311225,2169418,10451563939,7465045,125501949,2165691,1686650773652]
06-13 18:06:14.810 1551 1843 I netstats_mobile_sample: [0,0,0,0,0,0,0,0,0,0,0,0,1686650774810]
06-13 18:06:14.811 1551 1843 I netstats_wifi_sample: [10362127692,7368280,126641017,2174744,10362127692,7368280,126640553,2174736,10473328191,7479569,125831845,2171016,1686650774810]
06-13 18:06:15.392 1551 1911 I sync : [com.tencent.android.qqdownloader.YYBLiveAccountProvider,0,3,24220937]
06-13 18:06:15.428 1551 1911 I sync : [com.tencent.android.qqdownloader.YYBLiveAccountProvider,1,3,24220937]
06-13 18:06:15.431 1551 1911 I commit_sys_config_file: [sync-status,52954796]
06-13 18:06:15.441 1551 1911 I sync : [com.tencent.android.qqdownloader.YYBLiveAccountProvider,0,3,24220937]
06-13 18:06:15.472 1551 1911 I sync : [com.tencent.android.qqdownloader.YYBLiveAccountProvider,1,3,24220937]
06-13 18:06:15.475 1551 1911 I commit_sys_config_file: [sync-status,52954840]
06-13 18:06:15.939 1551 1843 I netstats_mobile_sample: [0,0,0,0,0,0,0,0,0,0,0,0,1686650775939]
06-13 18:06:15.940 1551 1843 I netstats_wifi_sample: [10384268738,7383059,126979061,2180407,10384217738,7383025,126978789,2180402,10495476737,7494353,126171477,2176705,1686650775939]
06-13 18:06:17.091 1551 1843 I netstats_mobile_sample: [0,0,0,0,0,0,0,0,0,0,0,0,1686650777091]
06-13 18:06:17.091 1551 1843 I netstats_wifi_sample: [10406682351,7398015,127305695,2185607,10406682351,7398015,127305695,2185607,10517980768,7509369,126498591,2181914,1686650777091]
06-13 18:06:17.436 1551 1669 I commit_sys_config_file: [jobs,6]
06-13 18:06:18.219 1551 1843 I netstats_mobile_sample: [0,0,0,0,0,0,0,0,0,0,0,0,1686650778219]
06-13 18:06:18.219 1551 1843 I netstats_wifi_sample: [10427743285,7412068,127628856,2190905,10427710285,7412046,127628468,2190898,10538927702,7523346,126820660,2187193,1686650778219]
06-13 18:06:18.331 1551 1860 I storage_state: [41217664-9172-527a-b3d5-edabb50a7d69,0,0,100191453184,118610538496]
06-13 18:06:18.460 0 0 E [59900.384337] link_delay_work_func: DTC_ETH: SQI=0, link=0
06-13 18:06:19.336 1551 1843 I netstats_mobile_sample: [0,0,0,0,0,0,0,0,0,0,0,0,1686650779336]
06-13 18:06:19.336 1551 1843 I netstats_wifi_sample: [10449793969,7426781,127939864,2195820,10449781969,7426773,127939572,2195816,10560910886,7538014,127130580,2192093,1686650779336]
06-13 18:06:20.471 1551 1843 I netstats_mobile_sample: [0,0,0,0,0,0,0,0,0,0,0,0,1686650780471]
06-13 18:06:20.471 1551 1843 I netstats_wifi_sample: [10472439048,7441900,128280602,2201248,10472434548,7441897,128280486,2201246,10583689827,7553221,127472630,2197541,1686650780471]
06-13 18:06:21.593 1551 1843 I netstats_mobile_sample: [0,0,0,0,0,0,0,0,0,0,0,0,1686650781593]
06-13 18:06:21.594 1551 1843 I netstats_wifi_sample: [10492727168,7455437,128589010,2206093,10492727168,7455437,128589010,2206093,10603925447,7566723,127779682,2202366,1686650781593]
06-13 18:06:22.754 1551 1843 I netstats_mobile_sample: [0,0,0,0,0,0,0,0,0,0,0,0,1686650782754]
06-13 18:06:22.754 1551 1843 I netstats_wifi_sample: [10514357868,7469870,128899872,2211013,10514324868,7469848,128899820,2211012,10625465175,7581094,128092392,2207313,1686650782754]
06-13 18:06:23.580 0 0 E [59905.504286] link_delay_work_func: DTC_ETH: SQI=0, link=0
06-13 18:06:23.922 1551 1843 I netstats_mobile_sample: [0,0,0,0,0,0,0,0,0,0,0,0,1686650783922]
06-13 18:06:23.922 1551 1843 I netstats_wifi_sample: [10536019960,7484322,129225560,2216211,10536019960,7484322,129225560,2216211,10647326183,7595679,128418456,2212518,1686650783922]
06-13 18:06:25.164 1551 1843 I netstats_mobile_sample: [0,0,0,0,0,0,0,0,0,0,0,0,1686650785163]
06-13 18:06:25.164 1551 1843 I netstats_wifi_sample: [10559699537,7500122,129598888,2222084,10559686037,7500113,129598728,2222082,10670914562,7611418,128789912,2218364,1686650785163]
06-13 18:06:26.283 1551 1843 I netstats_mobile_sample: [0,0,0,0,0,0,0,0,0,0,0,0,1686650786283]
06-13 18:06:26.283 1551 1843 I netstats_wifi_sample: [10580889387,7514260,129917670,2227195,10580889387,7514260,129917670,2227195,10691933672,7625453,129106810,2223444,1686650786283]
06-13 18:06:26.286 1551 1844 I service_manager_stats: [100,38,16124]
06-13 18:06:27.396 1551 1843 I netstats_mobile_sample: [0,0,0,0,0,0,0,0,0,0,0,0,1686650787395]
06-13 18:06:27.396 1551 1843 I netstats_wifi_sample: [10605573979,7530727,130289086,2233199,10605551479,7530712,130288802,2233194,10716810264,7642048,129481194,2229492,1686650787395]
06-13 18:06:28.530 1551 1843 I netstats_mobile_sample: [0,0,0,0,0,0,0,0,0,0,0,0,1686650788530]
06-13 18:06:28.530 1551 1843 I netstats_wifi_sample: [10629271296,7546534,130639430,2238972,10629265296,7546530,130639430,2238972,10740506555,7657855,129831258,2235262,1686650788530]
06-13 18:06:28.700 0 0 E [59910.624295] link_delay_work_func: DTC_ETH: SQI=0, link=0
06-13 18:06:29.684 1551 1843 I netstats_mobile_sample: [0,0,0,0,0,0,0,0,0,0,0,0,1686650789684]
06-13 18:06:29.685 1551 1843 I netstats_wifi_sample: [10652271380,7561878,130980316,2244485,10652248880,7561863,130980212,2244483,10763572583,7673242,130173108,2240790,1686650789684]
06-13 18:06:30.427 1551 1684 I commit_sys_config_file: [sync-stats,51169687]
06-13 18:06:30.830 1551 1843 I netstats_mobile_sample: [0,0,0,0,0,0,0,0,0,0,0,0,1686650790830]
06-13 18:06:30.831 1551 1843 I netstats_wifi_sample: [10676515116,7578054,131347740,2250501,10676515116,7578054,131347740,2250501,10787754819,7689377,130539132,2246786,1686650790830]
06-13 18:06:31.988 1551 1843 I netstats_mobile_sample: [0,0,0,0,0,0,0,0,0,0,0,0,1686650791988]
06-13 18:06:31.989 1551 1843 I netstats_wifi_sample: [10698429197,7592677,131683666,2255890,10698429197,7592677,131683666,2255890,10809718818,7704033,130875774,2252184,1686650791988]
06-13 18:06:33.137 1551 1843 I netstats_mobile_sample: [0,0,0,0,0,0,0,0,0,0,0,0,1686650793137]
06-13 18:06:33.137 1551 1843 I netstats_wifi_sample: [10720133165,7607154,132023826,2261402,10720133165,7607154,132023826,2261402,10831464786,7718538,131216722,2257709,1686650793137]
06-13 18:06:33.820 0 0 E [59915.744275] link_delay_work_func: DTC_ETH: SQI=0, link=0
06-13 18:06:34.292 1551 1843 I netstats_mobile_sample: [0,0,0,0,0,0,0,0,0,0,0,0,1686650794292]
06-13 18:06:34.292 1551 1843 I netstats_wifi_sample: [10739867708,7620320,132311816,2265950,10739852708,7620310,132311172,2265940,10850920329,7731518,131501036,2262200,1686650794292]
06-13 18:06:35.452 1551 1843 I netstats_mobile_sample: [0,0,0,0,0,0,0,0,0,0,0,0,1686650795452]
06-13 18:06:35.452 1551 1843 I netstats_wifi_sample: [10757332752,7631973,132580242,2270462,10757332752,7631973,132580242,2270462,10868664317,7743356,131773138,2266769,1686650795452]
06-13 18:06:36.606 1551 1843 I netstats_mobile_sample: [0,0,0,0,0,0,0,0,0,0,0,0,1686650796606]
06-13 18:06:36.606 1551 1843 I netstats_wifi_sample: [10777208407,7645230,132880098,2275571,10777208407,7645230,132880098,2275571,10888537554,7756616,132072646,2271872,1686650796606]
06-13 18:06:37.561 1551 1686 I am_uid_idle: 10062
06-13 18:06:37.885 1551 1843 I netstats_mobile_sample: [0,0,0,0,0,0,0,0,0,0,0,0,1686650797885]
06-13 18:06:37.885 1551 1843 I netstats_wifi_sample: [10796446959,7658064,133144464,2279900,10796446959,7658064,133144464,2279900,10907789550,7769458,132337360,2276207,1686650797885]
06-13 18:06:38.940 0 0 E [59920.864299] link_delay_work_func: DTC_ETH: SQI=0, link=0
06-13 18:06:39.035 1551 1843 I netstats_mobile_sample: [0,0,0,0,0,0,0,0,0,0,0,0,1686650799035]
06-13 18:06:39.036 1551 1843 I netstats_wifi_sample: [10820493595,7674108,133507244,2285791,10820493595,7674108,133507244,2285791,10931792686,7785473,132699384,2282085,1686650799035]
06-13 18:06:40.172 1551 1843 I netstats_mobile_sample: [0,0,0,0,0,0,0,0,0,0,0,0,1686650800172]
06-13 18:06:40.172 1551 1843 I netstats_wifi_sample: [10843755981,7689629,133833112,2291076,10843755981,7689629,133833112,2291076,10954973520,7800941,133023800,2287348,1686650800172]
06-13 18:06:41.188 0 0 I [59923.114251] init: processing action (sys.tlog.tlogdshc.active=1) from (/system/etc/init/tlogd.rc:195)
06-13 18:06:41.188 0 0 I [59923.114882] init: starting service 'tlogdshc'...
06-13 18:06:41.297 1551 1843 I netstats_mobile_sample: [0,0,0,0,0,0,0,0,0,0,0,0,1686650801297]
06-13 18:06:41.297 1551 1843 I netstats_wifi_sample: [10862760077,7702309,134116982,2295641,10862760077,7702309,134116982,2295641,10974118560,7813714,133309878,2291948,1686650801297]
06-13 18:06:41.308 0 0 I [59923.235911] init: Service 'tlogdshc' (pid 7953) exited with status 0 oneshot service took 0.117000 seconds in background
06-13 18:06:41.308 0 0 I [59923.235935] init: Sending signal 9 to service 'tlogdshc' (pid 7953) process group...
06-13 18:06:41.308 0 0 I [59923.236077] libprocessgroup: Successfully killed process cgroup uid 0 pid 7953 in 0ms
06-13 18:06:42.482 1551 1843 I netstats_mobile_sample: [0,0,0,0,0,0,0,0,0,0,0,0,1686650802482]
06-13 18:06:42.482 1551 1843 I netstats_wifi_sample: [10881518369,7714830,134420470,2300390,10881507869,7714823,134420230,2300386,10992744852,7826147,133610418,2296652,1686650802482]
06-13 18:06:43.602 1551 1843 I netstats_mobile_sample: [0,0,0,0,0,0,0,0,0,0,0,0,1686650803602]
06-13 18:06:43.602 1551 1843 I netstats_wifi_sample: [10903016697,7729178,134585123,2303206,10903016697,7729178,134585123,2303206,11014235680,7840490,133777551,2299504,1686650803602]
06-13 18:06:44.060 0 0 E [59925.984287] link_delay_work_func: DTC_ETH: SQI=0, link=0
06-13 18:06:44.721 1551 1843 I netstats_mobile_sample: [0,0,0,0,0,0,0,0,0,0,0,0,1686650804721]
06-13 18:06:44.721 1551 1843 I netstats_wifi_sample: [10924188018,7743301,134668805,2304813,10924188018,7743301,134668805,2304813,11035410419,7854615,133861429,2301115,1686650804721]
06-13 18:06:45.852 1551 1843 I netstats_mobile_sample: [0,0,0,0,0,0,0,0,0,0,0,0,1686650805852]
06-13 18:06:45.852 1551 1843 I netstats_wifi_sample: [10947562902,7758891,134768397,2306726,10947562902,7758891,134768345,2306725,11058905303,7870285,133961189,2303031,1686650805852]
06-13 18:06:47.028 1551 1843 I netstats_mobile_sample: [0,0,0,0,0,0,0,0,0,0,0,0,1686650807027]
06-13 18:06:47.028 1551 1843 I netstats_wifi_sample: [10970360434,7774099,134866403,2308609,10970360434,7774099,134866403,2308609,11081651779,7885458,134059143,2304913,1686650807027]
06-13 18:06:48.156 1551 1843 I netstats_mobile_sample: [0,0,0,0,0,0,0,0,0,0,0,0,1686650808156]
06-13 18:06:48.156 1551 1843 I netstats_wifi_sample: [10992566679,7788910,134954495,2310302,10992566679,7788910,134954495,2310302,11103889998,7900291,134147131,2306604,1686650808156]
06-13 18:06:49.180 0 0 E [59931.104367] link_delay_work_func: DTC_ETH: SQI=0, link=0
06-13 18:06:49.715 1551 1843 I netstats_mobile_sample: [0,0,0,0,0,0,0,0,0,0,0,0,1686650809715]
06-13 18:06:49.715 1551 1843 I netstats_wifi_sample: [11004794161,7797079,135007780,2311287,11004794161,7797079,135007780,2311287,11116168428,7908493,134200676,2307594,1686650809715]
06-13 18:06:49.741 1551 1551 I sysui_multi_action: [757,128,758,5,759,8,793,164230,794,0,795,40025,796,101,806,com.tencent.android.qqdownloader,857,channel_id_default_silent,858,3,946,com.tencent.android.qqdownloader,947,1,1500,40025,1688,1]
06-13 18:06:49.741 1551 1551 I notification_canceled: [0|com.tencent.android.qqdownloader|101|null|10092,8,164230,40025,0,-1,-1,NULL]
06-13 18:06:49.744 17024 17024 I auditd : type=1400 audit(0.0:3591): avc: denied { read } for comm="getapkinfo" name="/" dev="dm-5" ino=2 scontext=u:r:untrusted_app_27:s0:c512,c768 tcontext=u:object_r:rootfs:s0 tclass=dir permissive=0 app=com.tencent.android.qqdownloader
06-13 18:06:50.065 1551 1551 I notification_enqueue: [10092,17024,com.tencent.android.qqdownloader,127,NULL,0,Notification(channel=channel_id_default_silent shortcut=null contentView=com.tencent.android.qqdownloader/0x7f0a01c2 vibrate=null sound=null defaults=0x0 flags=0x2a2 color=0x00000000 groupKey=com.tencent.android.qqdownloader vis=PRIVATE),1]
06-13 18:06:50.107 1551 3105 I wm_task_moved: [62,1,8]
06-13 18:06:50.107 1551 3105 I wm_task_to_front: [0,62]
06-13 18:06:50.110 1551 3105 I wm_task_moved: [62,1,8]
06-13 18:06:50.110 1551 3105 I wm_create_activity: [0,21349247,62,com.tencent.android.qqdownloader/com.tencent.pangu.activity.InstallerListenerActivity,NULL,NULL,NULL,272629760]
06-13 18:06:50.111 1551 3105 I wm_restart_activity: [0,21349247,62,com.tencent.android.qqdownloader/com.tencent.pangu.activity.InstallerListenerActivity]
06-13 18:06:50.111 1551 3105 I wm_task_moved: [62,1,8]
06-13 18:06:50.111 1551 3105 I wm_focused_root_task: [0,0,62,63,startActivityInner]
06-13 18:06:50.112 1551 3105 I wm_set_resumed_activity: [0,com.tencent.android.qqdownloader/com.tencent.pangu.activity.InstallerListenerActivity,resumeTopActivityInnerLocked]
06-13 18:06:50.113 1551 3105 I wm_resume_activity: [0,21349247,62,com.tencent.android.qqdownloader/com.tencent.pangu.activity.InstallerListenerActivity]
06-13 18:06:50.124 1551 2100 I wm_task_moved: [63,1,8]
06-13 18:06:50.124 1551 2100 I wm_task_to_front: [0,63]
06-13 18:06:50.125 1551 2100 I wm_task_moved: [63,1,8]
06-13 18:06:50.125 1551 2100 I wm_create_activity: [0,251467931,63,com.android.packageinstaller/.InstallStart,android.intent.action.VIEW,application/vnd.android.package-archive,content://com.tencent.pangu.fileprovider/external_path/Android/data/com.tencent.android.qqdownloader/files/tassistant/apk/com.tencent.tmgp.speedmobile_1370021958.apk,281018371]
06-13 18:06:50.126 1551 2100 I wm_restart_activity: [0,251467931,63,com.android.packageinstaller/.InstallStart]
06-13 18:06:50.130 1551 2100 I wm_task_moved: [63,1,8]
06-13 18:06:50.130 1551 2100 I wm_focused_root_task: [0,0,63,62,startActivityInner]
06-13 18:06:50.130 1551 2100 I wm_set_resumed_activity: [0,com.android.packageinstaller/.InstallStart,resumeTopActivityInnerLocked]
06-13 18:06:50.132 1551 2100 I wm_resume_activity: [0,251467931,63,com.android.packageinstaller/.InstallStart]
06-13 18:06:50.133 13749 13749 I wm_on_create_called: [21349247,com.tencent.pangu.activity.InstallerListenerActivity,performCreate]
06-13 18:06:50.142 13749 13749 I wm_on_start_called: [21349247,com.tencent.pangu.activity.InstallerListenerActivity,handleStartActivity]
06-13 18:06:50.143 13749 13749 I wm_on_resume_called: [21349247,com.tencent.pangu.activity.InstallerListenerActivity,LIFECYCLER_RESUME_ACTIVITY]
06-13 18:06:50.146 13749 13749 I wm_on_paused_called: [21349247,com.tencent.pangu.activity.InstallerListenerActivity,performPause]
06-13 18:06:50.147 13749 13749 I wm_on_resume_called: [21349247,com.tencent.pangu.activity.InstallerListenerActivity,RESUME_ACTIVITY]
06-13 18:06:50.147 13749 13749 I wm_on_top_resumed_gained_called: [21349247,com.tencent.pangu.activity.InstallerListenerActivity,topWhenResuming]
06-13 18:06:50.147 13749 13749 I wm_on_paused_called: [21349247,com.tencent.pangu.activity.InstallerListenerActivity,performPause]
06-13 18:06:50.148 1551 2861 I wm_task_moved: [63,1,8]
06-13 18:06:50.149 1551 2861 I wm_focused_root_task: [0,0,68,63,reuseOrNewTask]
06-13 18:06:50.149 1551 2861 I wm_create_activity: [0,117178387,63,com.android.packageinstaller/.InstallStaging,android.intent.action.VIEW,application/vnd.android.package-archive,content://com.tencent.pangu.fileprovider/external_path/Android/data/com.tencent.android.qqdownloader/files/tassistant/apk/com.tencent.tmgp.speedmobile_1370021958.apk,33554433]
06-13 18:06:50.150 1551 2861 I wm_restart_activity: [0,117178387,63,com.android.packageinstaller/.InstallStaging]
06-13 18:06:50.151 1551 2861 I wm_task_moved: [63,1,8]
06-13 18:06:50.151 1551 2861 I wm_set_resumed_activity: [0,com.android.packageinstaller/.InstallStart,positionChildAt]
06-13 18:06:50.151 1551 2861 I wm_focused_root_task: [0,0,63,68,startActivityInner]
06-13 18:06:50.152 1551 2861 I wm_pause_activity: [0,251467931,com.android.packageinstaller/.InstallStart,userLeaving=true,resumeTopActivityInnerLocked]
06-13 18:06:50.153 13749 13749 I wm_on_activity_result_called: [21349247,com.tencent.pangu.activity.InstallerListenerActivity,ACTIVITY_RESULT]
06-13 18:06:50.154 1551 2091 I wm_finish_activity: [0,251467931,63,com.android.packageinstaller/.InstallStart,app-request]
06-13 18:06:50.154 2159 2159 I wm_on_create_called: [251467931,com.android.packageinstaller.InstallStart,performCreate]
06-13 18:06:50.155 13749 13749 I wm_on_resume_called: [21349247,com.tencent.pangu.activity.InstallerListenerActivity,ACTIVITY_RESULT]
06-13 18:06:50.157 2159 2159 I wm_on_restart_called: [7374649,com.android.packageinstaller.PackageInstallerActivity,performRestartActivity]
06-13 18:06:50.157 2159 2159 I wm_on_start_called: [7374649,com.android.packageinstaller.PackageInstallerActivity,handleStartActivity]
06-13 18:06:50.157 2159 2159 I wm_on_restart_called: [72266132,com.android.packageinstaller.DeleteStagedFileOnResult,performRestartActivity]
06-13 18:06:50.157 2159 2159 I wm_on_start_called: [72266132,com.android.packageinstaller.DeleteStagedFileOnResult,handleStartActivity]
06-13 18:06:50.157 2159 2159 I wm_on_restart_called: [133276095,com.android.packageinstaller.PackageInstallerActivity,performRestartActivity]
06-13 18:06:50.157 2159 2159 I wm_on_start_called: [133276095,com.android.packageinstaller.PackageInstallerActivity,handleStartActivity]
06-13 18:06:50.157 2159 2159 I wm_on_restart_called: [175349344,com.android.packageinstaller.DeleteStagedFileOnResult,performRestartActivity]
06-13 18:06:50.157 2159 2159 I wm_on_start_called: [175349344,com.android.packageinstaller.DeleteStagedFileOnResult,handleStartActivity]
06-13 18:06:50.158 2159 2159 I wm_on_restart_called: [123708259,com.android.packageinstaller.PackageInstallerActivity,performRestartActivity]
06-13 18:06:50.158 2159 2159 I wm_on_start_called: [123708259,com.android.packageinstaller.PackageInstallerActivity,handleStartActivity]
06-13 18:06:50.158 2159 2159 I wm_on_restart_called: [134710260,com.android.packageinstaller.DeleteStagedFileOnResult,performRestartActivity]
06-13 18:06:50.158 2159 2159 I wm_on_start_called: [134710260,com.android.packageinstaller.DeleteStagedFileOnResult,handleStartActivity]
06-13 18:06:50.158 2159 2159 I wm_on_restart_called: [220082946,com.android.packageinstaller.PackageInstallerActivity,performRestartActivity]
06-13 18:06:50.158 2159 2159 I wm_on_start_called: [220082946,com.android.packageinstaller.PackageInstallerActivity,handleStartActivity]
06-13 18:06:50.158 2159 2159 I wm_on_restart_called: [148957047,com.android.packageinstaller.DeleteStagedFileOnResult,performRestartActivity]
06-13 18:06:50.158 2159 2159 I wm_on_start_called: [148957047,com.android.packageinstaller.DeleteStagedFileOnResult,handleStartActivity]
06-13 18:06:50.158 2159 2159 I wm_on_restart_called: [216049083,com.android.packageinstaller.PackageInstallerActivity,performRestartActivity]
06-13 18:06:50.158 2159 2159 I wm_on_start_called: [216049083,com.android.packageinstaller.PackageInstallerActivity,handleStartActivity]
06-13 18:06:50.158 2159 2159 I wm_on_restart_called: [186497273,com.android.packageinstaller.DeleteStagedFileOnResult,performRestartActivity]
06-13 18:06:50.158 2159 2159 I wm_on_start_called: [186497273,com.android.packageinstaller.DeleteStagedFileOnResult,handleStartActivity]
06-13 18:06:50.158 2159 2159 I wm_on_restart_called: [240662303,com.android.packageinstaller.PackageInstallerActivity,performRestartActivity]
06-13 18:06:50.158 2159 2159 I wm_on_start_called: [240662303,com.android.packageinstaller.PackageInstallerActivity,handleStartActivity]
06-13 18:06:50.158 2159 2159 I wm_on_restart_called: [249091709,com.android.packageinstaller.DeleteStagedFileOnResult,performRestartActivity]
06-13 18:06:50.158 2159 2159 I wm_on_start_called: [249091709,com.android.packageinstaller.DeleteStagedFileOnResult,handleStartActivity]
06-13 18:06:50.159 2159 2159 I wm_on_restart_called: [220425749,com.android.packageinstaller.PackageInstallerActivity,performRestartActivity]
06-13 18:06:50.159 2159 2159 I wm_on_start_called: [220425749,com.android.packageinstaller.PackageInstallerActivity,handleStartActivity]
06-13 18:06:50.159 2159 2159 I wm_on_restart_called: [171589283,com.android.packageinstaller.DeleteStagedFileOnResult,performRestartActivity]
06-13 18:06:50.159 2159 2159 I wm_on_start_called: [171589283,com.android.packageinstaller.DeleteStagedFileOnResult,handleStartActivity]
06-13 18:06:50.159 2159 2159 I wm_on_restart_called: [240921632,com.android.packageinstaller.PackageInstallerActivity,performRestartActivity]
06-13 18:06:50.159 2159 2159 I wm_on_start_called: [240921632,com.android.packageinstaller.PackageInstallerActivity,handleStartActivity]
06-13 18:06:50.159 2159 2159 I wm_on_restart_called: [3960262,com.android.packageinstaller.DeleteStagedFileOnResult,performRestartActivity]
06-13 18:06:50.159 2159 2159 I wm_on_start_called: [3960262,com.android.packageinstaller.DeleteStagedFileOnResult,handleStartActivity]
06-13 18:06:50.159 2159 2159 I wm_on_restart_called: [223077111,com.android.packageinstaller.PackageInstallerActivity,performRestartActivity]
06-13 18:06:50.159 2159 2159 I wm_on_start_called: [223077111,com.android.packageinstaller.PackageInstallerActivity,handleStartActivity]
06-13 18:06:50.159 2159 2159 I wm_on_restart_called: [53462805,com.android.packageinstaller.DeleteStagedFileOnResult,performRestartActivity]
06-13 18:06:50.159 2159 2159 I wm_on_start_called: [53462805,com.android.packageinstaller.DeleteStagedFileOnResult,handleStartActivity]
06-13 18:06:50.159 2159 2159 I wm_on_restart_called: [27001122,com.android.packageinstaller.InstallSuccess,performRestartActivity]
06-13 18:06:50.159 2159 2159 I wm_on_start_called: [27001122,com.android.packageinstaller.InstallSuccess,handleStartActivity]
06-13 18:06:50.160 2159 2159 I wm_on_restart_called: [86616444,com.android.packageinstaller.DeleteStagedFileOnResult,performRestartActivity]
06-13 18:06:50.160 2159 2159 I wm_on_start_called: [86616444,com.android.packageinstaller.DeleteStagedFileOnResult,handleStartActivity]
06-13 18:06:50.162 13749 13749 I wm_on_top_resumed_lost_called: [21349247,com.tencent.pangu.activity.InstallerListenerActivity,topStateChangedWhenResumed]
06-13 18:06:50.166 2159 2159 I wm_on_create_called: [117178387,com.android.packageinstaller.InstallStaging,performCreate]
06-13 18:06:50.166 2159 2159 I wm_on_start_called: [117178387,com.android.packageinstaller.InstallStaging,handleStartActivity]
06-13 18:06:50.166 2159 2159 I wm_on_resume_called: [117178387,com.android.packageinstaller.InstallStaging,LIFECYCLER_RESUME_ACTIVITY]
06-13 18:06:50.169 2159 2159 I wm_on_paused_called: [117178387,com.android.packageinstaller.InstallStaging,performPause]
06-13 18:06:50.169 1551 2100 I wm_add_to_stopping: [0,251467931,com.android.packageinstaller/.InstallStart,completeFinishing]
06-13 18:06:50.170 1551 2100 I wm_set_resumed_activity: [0,com.android.packageinstaller/.InstallStaging,resumeTopActivityInnerLocked]
06-13 18:06:50.173 1551 2100 I service_manager_stats: [100,36,23887]
06-13 18:06:50.174 1551 2100 I wm_resume_activity: [0,117178387,63,com.android.packageinstaller/.InstallStaging]
06-13 18:06:50.176 1551 17020 I wm_destroy_activity: [0,251467931,63,com.android.packageinstaller/.InstallStart,finish-imm:idle]
06-13 18:06:50.178 1551 1670 I sysui_multi_action: [757,803,799,window_time_0,802,40]
06-13 18:06:50.310 2159 2159 I wm_on_resume_called: [117178387,com.android.packageinstaller.InstallStaging,RESUME_ACTIVITY]
06-13 18:06:50.310 2159 2159 I wm_on_top_resumed_gained_called: [117178387,com.android.packageinstaller.InstallStaging,topWhenResuming]
06-13 18:06:50.311 2159 2159 I wm_on_destroy_called: [251467931,com.android.packageinstaller.InstallStart,performDestroy]
06-13 18:06:50.332 1551 1667 I sysui_multi_action: [319,207,322,192,325,59932,757,761,758,8,759,2,806,com.android.packageinstaller,871,com.android.packageinstaller.InstallStaging,904,com.android.packageinstaller,905,0,1320,4,1321,1]
06-13 18:06:50.332 1551 1667 I wm_activity_launch_time: [0,117178387,com.android.packageinstaller/.InstallStaging,192]
06-13 18:06:50.333 1551 1667 I wm_activity_launch_time: [0,21349247,com.tencent.android.qqdownloader/com.tencent.pangu.activity.InstallerListenerActivity,60]
06-13 18:06:50.336 1551 1670 I sysui_multi_action: [757,803,799,window_time_0,802,0]
06-13 18:06:50.382 1551 1911 I sync : [com.tencent.android.qqdownloader.YYBLiveAccountProvider,0,3,24220937]
06-13 18:06:50.394 1551 1911 I sync : [com.tencent.android.qqdownloader.YYBLiveAccountProvider,1,3,24220937]
06-13 18:06:50.395 1551 1911 I commit_sys_config_file: [sync-status,52989760]
06-13 18:06:50.398 1551 1911 I sync : [com.tencent.android.qqdownloader.YYBLiveAccountProvider,0,3,24220937]
06-13 18:06:50.411 1551 1911 I sync : [com.tencent.android.qqdownloader.YYBLiveAccountProvider,1,3,24220937]
06-13 18:06:50.411 1551 1911 I commit_sys_config_file: [sync-status,52989777]
06-13 18:06:50.647 1551 1670 I wm_add_to_stopping: [0,117178387,com.android.packageinstaller/.InstallStaging,makeInvisible]
06-13 18:06:50.650 1551 1670 I wm_add_to_stopping: [0,7374649,com.android.packageinstaller/.PackageInstallerActivity,makeInvisible]
06-13 18:06:50.651 1551 1670 I wm_add_to_stopping: [0,72266132,com.android.packageinstaller/.DeleteStagedFileOnResult,makeInvisible]
06-13 18:06:50.653 1551 1670 I wm_add_to_stopping: [0,133276095,com.android.packageinstaller/.PackageInstallerActivity,makeInvisible]
06-13 18:06:50.655 1551 1670 I wm_add_to_stopping: [0,175349344,com.android.packageinstaller/.DeleteStagedFileOnResult,makeInvisible]
06-13 18:06:50.656 1551 1670 I wm_add_to_stopping: [0,123708259,com.android.packageinstaller/.PackageInstallerActivity,makeInvisible]
06-13 18:06:50.659 1551 1670 I wm_add_to_stopping: [0,134710260,com.android.packageinstaller/.DeleteStagedFileOnResult,makeInvisible]
06-13 18:06:50.661 1551 1670 I wm_add_to_stopping: [0,220082946,com.android.packageinstaller/.PackageInstallerActivity,makeInvisible]
06-13 18:06:50.662 1551 1670 I wm_add_to_stopping: [0,148957047,com.android.packageinstaller/.DeleteStagedFileOnResult,makeInvisible]
06-13 18:06:50.663 1551 1670 I wm_add_to_stopping: [0,216049083,com.android.packageinstaller/.PackageInstallerActivity,makeInvisible]
06-13 18:06:50.665 1551 1670 I wm_add_to_stopping: [0,186497273,com.android.packageinstaller/.DeleteStagedFileOnResult,makeInvisible]
06-13 18:06:50.666 1551 1670 I wm_add_to_stopping: [0,240662303,com.android.packageinstaller/.PackageInstallerActivity,makeInvisible]
06-13 18:06:50.667 1551 1670 I wm_add_to_stopping: [0,249091709,com.android.packageinstaller/.DeleteStagedFileOnResult,makeInvisible]
06-13 18:06:50.668 1551 1670 I wm_add_to_stopping: [0,220425749,com.android.packageinstaller/.PackageInstallerActivity,makeInvisible]
06-13 18:06:50.669 1551 1670 I wm_add_to_stopping: [0,171589283,com.android.packageinstaller/.DeleteStagedFileOnResult,makeInvisible]
06-13 18:06:50.670 1551 1670 I wm_add_to_stopping: [0,240921632,com.android.packageinstaller/.PackageInstallerActivity,makeInvisible]
06-13 18:06:50.672 1551 1670 I wm_add_to_stopping: [0,3960262,com.android.packageinstaller/.DeleteStagedFileOnResult,makeInvisible]
06-13 18:06:50.673 1551 1670 I wm_add_to_stopping: [0,223077111,com.android.packageinstaller/.PackageInstallerActivity,makeInvisible]
06-13 18:06:50.676 1551 1670 I wm_add_to_stopping: [0,53462805,com.android.packageinstaller/.DeleteStagedFileOnResult,makeInvisible]
06-13 18:06:50.677 1551 1670 I wm_add_to_stopping: [0,27001122,com.android.packageinstaller/.InstallSuccess,makeInvisible]
06-13 18:06:50.678 1551 1670 I wm_add_to_stopping: [0,86616444,com.android.packageinstaller/.DeleteStagedFileOnResult,makeInvisible]
06-13 18:06:50.678 1551 1670 I sysui_multi_action: [757,803,799,window_time_0,802,0]
06-13 18:06:50.679 1551 17020 I wm_finish_activity: [0,21349247,62,com.tencent.android.qqdownloader/com.tencent.pangu.activity.InstallerListenerActivity,app-request]
06-13 18:06:50.686 1551 17020 I wm_pause_activity: [0,21349247,com.tencent.android.qqdownloader/com.tencent.pangu.activity.InstallerListenerActivity,userLeaving=false,finish]
06-13 18:06:50.687 13749 13749 I wm_on_paused_called: [21349247,com.tencent.pangu.activity.InstallerListenerActivity,performPause]
06-13 18:06:50.688 1551 1670 I wm_stop_activity: [0,86616444,com.android.packageinstaller/.DeleteStagedFileOnResult]
06-13 18:06:50.689 1551 1670 I wm_stop_activity: [0,27001122,com.android.packageinstaller/.InstallSuccess]
06-13 18:06:50.689 1551 1670 I wm_stop_activity: [0,53462805,com.android.packageinstaller/.DeleteStagedFileOnResult]
06-13 18:06:50.689 1551 1670 I wm_stop_activity: [0,223077111,com.android.packageinstaller/.PackageInstallerActivity]
06-13 18:06:50.689 1551 1670 I wm_stop_activity: [0,3960262,com.android.packageinstaller/.DeleteStagedFileOnResult]
06-13 18:06:50.689 1551 1670 I wm_stop_activity: [0,240921632,com.android.packageinstaller/.PackageInstallerActivity]
06-13 18:06:50.689 1551 1670 I wm_stop_activity: [0,171589283,com.android.packageinstaller/.DeleteStagedFileOnResult]
06-13 18:06:50.690 1551 1670 I wm_stop_activity: [0,220425749,com.android.packageinstaller/.PackageInstallerActivity]
06-13 18:06:50.690 1551 1670 I wm_stop_activity: [0,249091709,com.android.packageinstaller/.DeleteStagedFileOnResult]
06-13 18:06:50.690 1551 1670 I wm_stop_activity: [0,240662303,com.android.packageinstaller/.PackageInstallerActivity]
06-13 18:06:50.690 1551 1670 I wm_stop_activity: [0,186497273,com.android.packageinstaller/.DeleteStagedFileOnResult]
06-13 18:06:50.690 1551 1670 I wm_stop_activity: [0,216049083,com.android.packageinstaller/.PackageInstallerActivity]
06-13 18:06:50.691 1551 1670 I wm_stop_activity: [0,148957047,com.android.packageinstaller/.DeleteStagedFileOnResult]
06-13 18:06:50.691 1551 1670 I wm_stop_activity: [0,220082946,com.android.packageinstaller/.PackageInstallerActivity]
06-13 18:06:50.691 1551 1670 I wm_stop_activity: [0,134710260,com.android.packageinstaller/.DeleteStagedFileOnResult]
06-13 18:06:50.691 1551 1670 I wm_stop_activity: [0,123708259,com.android.packageinstaller/.PackageInstallerActivity]
06-13 18:06:50.691 1551 1670 I wm_stop_activity: [0,175349344,com.android.packageinstaller/.DeleteStagedFileOnResult]
06-13 18:06:50.692 1551 1670 I wm_stop_activity: [0,133276095,com.android.packageinstaller/.PackageInstallerActivity]
06-13 18:06:50.692 1551 1670 I wm_stop_activity: [0,72266132,com.android.packageinstaller/.DeleteStagedFileOnResult]
06-13 18:06:50.692 1551 1670 I wm_stop_activity: [0,7374649,com.android.packageinstaller/.PackageInstallerActivity]
06-13 18:06:50.692 1551 1670 I wm_stop_activity: [0,117178387,com.android.packageinstaller/.InstallStaging]
06-13 18:06:50.694 1551 2564 I wm_add_to_stopping: [0,21349247,com.tencent.android.qqdownloader/com.tencent.pangu.activity.InstallerListenerActivity,completeFinishing]
06-13 18:06:50.695 2159 2159 I wm_on_stop_called: [86616444,com.android.packageinstaller.DeleteStagedFileOnResult,STOP_ACTIVITY_ITEM]
06-13 18:06:50.695 2159 2159 I wm_on_stop_called: [27001122,com.android.packageinstaller.InstallSuccess,STOP_ACTIVITY_ITEM]
06-13 18:06:50.695 2159 2159 I wm_on_stop_called: [53462805,com.android.packageinstaller.DeleteStagedFileOnResult,STOP_ACTIVITY_ITEM]
06-13 18:06:50.695 2159 2159 I wm_on_stop_called: [223077111,com.android.packageinstaller.PackageInstallerActivity,STOP_ACTIVITY_ITEM]
06-13 18:06:50.696 2159 2159 I wm_on_stop_called: [3960262,com.android.packageinstaller.DeleteStagedFileOnResult,STOP_ACTIVITY_ITEM]
06-13 18:06:50.696 2159 2159 I wm_on_stop_called: [240921632,com.android.packageinstaller.PackageInstallerActivity,STOP_ACTIVITY_ITEM]
06-13 18:06:50.696 2159 2159 I wm_on_stop_called: [171589283,com.android.packageinstaller.DeleteStagedFileOnResult,STOP_ACTIVITY_ITEM]
06-13 18:06:50.696 2159 2159 I wm_on_stop_called: [220425749,com.android.packageinstaller.PackageInstallerActivity,STOP_ACTIVITY_ITEM]
06-13 18:06:50.696 2159 2159 I wm_on_stop_called: [249091709,com.android.packageinstaller.DeleteStagedFileOnResult,STOP_ACTIVITY_ITEM]
06-13 18:06:50.696 2159 2159 I wm_on_stop_called: [240662303,com.android.packageinstaller.PackageInstallerActivity,STOP_ACTIVITY_ITEM]
06-13 18:06:50.697 2159 2159 I wm_on_stop_called: [186497273,com.android.packageinstaller.DeleteStagedFileOnResult,STOP_ACTIVITY_ITEM]
06-13 18:06:50.697 2159 2159 I wm_on_stop_called: [216049083,com.android.packageinstaller.PackageInstallerActivity,STOP_ACTIVITY_ITEM]
06-13 18:06:50.697 2159 2159 I wm_on_stop_called: [148957047,com.android.packageinstaller.DeleteStagedFileOnResult,STOP_ACTIVITY_ITEM]
06-13 18:06:50.697 2159 2159 I wm_on_stop_called: [220082946,com.android.packageinstaller.PackageInstallerActivity,STOP_ACTIVITY_ITEM]
06-13 18:06:50.697 2159 2159 I wm_on_stop_called: [134710260,com.android.packageinstaller.DeleteStagedFileOnResult,STOP_ACTIVITY_ITEM]
06-13 18:06:50.698 2159 2159 I wm_on_stop_called: [123708259,com.android.packageinstaller.PackageInstallerActivity,STOP_ACTIVITY_ITEM]
06-13 18:06:50.699 2159 2159 I wm_on_stop_called: [175349344,com.android.packageinstaller.DeleteStagedFileOnResult,STOP_ACTIVITY_ITEM]
06-13 18:06:50.699 1551 1670 I sysui_multi_action: [757,803,799,window_time_0,802,0]
06-13 18:06:50.700 2159 2159 I wm_on_stop_called: [133276095,com.android.packageinstaller.PackageInstallerActivity,STOP_ACTIVITY_ITEM]
06-13 18:06:50.700 2159 2159 I wm_on_stop_called: [72266132,com.android.packageinstaller.DeleteStagedFileOnResult,STOP_ACTIVITY_ITEM]
06-13 18:06:50.700 2159 2159 I wm_on_stop_called: [7374649,com.android.packageinstaller.PackageInstallerActivity,STOP_ACTIVITY_ITEM]
06-13 18:06:50.700 2159 2159 I wm_on_top_resumed_lost_called: [117178387,com.android.packageinstaller.InstallStaging,topStateChangedWhenResumed]
06-13 18:06:50.700 2159 2159 I wm_on_paused_called: [117178387,com.android.packageinstaller.InstallStaging,performPause]
06-13 18:06:50.701 2159 2159 I wm_on_stop_called: [117178387,com.android.packageinstaller.InstallStaging,STOP_ACTIVITY_ITEM]
06-13 18:06:50.957 1551 1670 I wm_destroy_activity: [0,21349247,62,com.tencent.android.qqdownloader/com.tencent.pangu.activity.InstallerListenerActivity,finish-imm:transit]
06-13 18:06:50.978 13749 13749 I wm_on_stop_called: [21349247,com.tencent.pangu.activity.InstallerListenerActivity,LIFECYCLER_STOP_ACTIVITY]
06-13 18:06:50.979 13749 13749 I wm_on_destroy_called: [21349247,com.tencent.pangu.activity.InstallerListenerActivity,performDestroy]
06-13 18:06:52.409 1551 1669 I commit_sys_config_file: [jobs,13]
06-13 18:06:54.300 0 0 E [59936.224260] link_delay_work_func: DTC_ETH: SQI=0, link=0
06-13 18:06:54.818 1551 2091 I wm_task_moved: [63,1,8]
06-13 18:06:54.818 1551 2091 I wm_focused_root_task: [0,0,68,63,reuseOrNewTask]
06-13 18:06:54.818 4423 4423 I wm_on_top_resumed_gained_called: [178852985,android.service.dreams.DreamActivity,topStateChangedWhenResumed]
06-13 18:06:54.819 1551 2091 I wm_create_activity: [0,74738226,63,com.android.packageinstaller/.DeleteStagedFileOnResult,android.intent.action.VIEW,NULL,file:///data/user_de/0/com.android.packageinstaller/no_backup/package1532786179076987620.apk,33619969]
06-13 18:06:54.822 1551 2091 I wm_restart_activity: [0,74738226,63,com.android.packageinstaller/.DeleteStagedFileOnResult]
06-13 18:06:54.828 1551 2091 I wm_task_moved: [63,1,8]
06-13 18:06:54.829 1551 2091 I wm_focused_root_task: [0,0,63,68,startActivityInner]
06-13 18:06:54.829 4423 4423 I wm_on_top_resumed_lost_called: [178852985,android.service.dreams.DreamActivity,topStateChangedWhenResumed]
06-13 18:06:54.829 1551 2091 I wm_set_resumed_activity: [0,com.android.packageinstaller/.DeleteStagedFileOnResult,resumeTopActivityInnerLocked]
06-13 18:06:54.833 1551 2091 I wm_resume_activity: [0,74738226,63,com.android.packageinstaller/.DeleteStagedFileOnResult]
06-13 18:06:54.836 1551 17020 I wm_finish_activity: [0,117178387,63,com.android.packageinstaller/.InstallStaging,app-request]
06-13 18:06:54.836 1551 17020 I wm_add_to_stopping: [0,117178387,com.android.packageinstaller/.InstallStaging,completeFinishing]
06-13 18:06:54.858 1551 17020 I wm_task_moved: [63,1,8]
06-13 18:06:54.859 1551 17020 I wm_focused_root_task: [0,0,68,63,reuseOrNewTask]
06-13 18:06:54.859 1551 17020 I wm_create_activity: [0,96073017,63,com.android.packageinstaller/.PackageInstallerActivity,android.intent.action.VIEW,NULL,file:///data/user_de/0/com.android.packageinstaller/no_backup/package1532786179076987620.apk,65536]
06-13 18:06:54.860 1551 17020 I wm_restart_activity: [0,96073017,63,com.android.packageinstaller/.PackageInstallerActivity]
06-13 18:06:54.861 1551 17020 I wm_task_moved: [63,1,8]
06-13 18:06:54.861 1551 17020 I wm_set_resumed_activity: [0,com.android.packageinstaller/.DeleteStagedFileOnResult,positionChildAt]
06-13 18:06:54.861 1551 17020 I wm_focused_root_task: [0,0,63,68,startActivityInner]
06-13 18:06:54.861 1551 17020 I wm_pause_activity: [0,74738226,com.android.packageinstaller/.DeleteStagedFileOnResult,userLeaving=true,resumeTopActivityInnerLocked]
06-13 18:06:54.863 2159 2159 I wm_on_create_called: [74738226,com.android.packageinstaller.DeleteStagedFileOnResult,performCreate]
06-13 18:06:54.868 2159 2159 I wm_on_start_called: [74738226,com.android.packageinstaller.DeleteStagedFileOnResult,handleStartActivity]
06-13 18:06:54.868 2159 2159 I wm_on_resume_called: [74738226,com.android.packageinstaller.DeleteStagedFileOnResult,LIFECYCLER_RESUME_ACTIVITY]
06-13 18:06:54.871 2159 2159 I wm_on_paused_called: [74738226,com.android.packageinstaller.DeleteStagedFileOnResult,performPause]
06-13 18:06:54.871 2159 2159 I wm_on_restart_called: [117178387,com.android.packageinstaller.InstallStaging,performRestartActivity]
06-13 18:06:54.871 2159 2159 I wm_on_restart_called: [7374649,com.android.packageinstaller.PackageInstallerActivity,performRestartActivity]
06-13 18:06:54.871 2159 2159 I wm_on_start_called: [7374649,com.android.packageinstaller.PackageInstallerActivity,handleStartActivity]
06-13 18:06:54.871 2159 2159 I wm_on_restart_called: [72266132,com.android.packageinstaller.DeleteStagedFileOnResult,performRestartActivity]
06-13 18:06:54.871 2159 2159 I wm_on_start_called: [72266132,com.android.packageinstaller.DeleteStagedFileOnResult,handleStartActivity]
06-13 18:06:54.871 2159 2159 I wm_on_restart_called: [133276095,com.android.packageinstaller.PackageInstallerActivity,performRestartActivity]
06-13 18:06:54.871 2159 2159 I wm_on_start_called: [133276095,com.android.packageinstaller.PackageInstallerActivity,handleStartActivity]
06-13 18:06:54.871 2159 2159 I wm_on_restart_called: [175349344,com.android.packageinstaller.DeleteStagedFileOnResult,performRestartActivity]
06-13 18:06:54.871 2159 2159 I wm_on_start_called: [175349344,com.android.packageinstaller.DeleteStagedFileOnResult,handleStartActivity]
06-13 18:06:54.871 2159 2159 I wm_on_restart_called: [123708259,com.android.packageinstaller.PackageInstallerActivity,performRestartActivity]
06-13 18:06:54.871 2159 2159 I wm_on_start_called: [123708259,com.android.packageinstaller.PackageInstallerActivity,handleStartActivity]
06-13 18:06:54.872 2159 2159 I wm_on_restart_called: [134710260,com.android.packageinstaller.DeleteStagedFileOnResult,performRestartActivity]
06-13 18:06:54.872 2159 2159 I wm_on_start_called: [134710260,com.android.packageinstaller.DeleteStagedFileOnResult,handleStartActivity]
06-13 18:06:54.872 2159 2159 I wm_on_restart_called: [220082946,com.android.packageinstaller.PackageInstallerActivity,performRestartActivity]
06-13 18:06:54.872 2159 2159 I wm_on_start_called: [220082946,com.android.packageinstaller.PackageInstallerActivity,handleStartActivity]
06-13 18:06:54.872 2159 2159 I wm_on_restart_called: [148957047,com.android.packageinstaller.DeleteStagedFileOnResult,performRestartActivity]
06-13 18:06:54.872 2159 2159 I wm_on_start_called: [148957047,com.android.packageinstaller.DeleteStagedFileOnResult,handleStartActivity]
06-13 18:06:54.872 2159 2159 I wm_on_restart_called: [216049083,com.android.packageinstaller.PackageInstallerActivity,performRestartActivity]
06-13 18:06:54.872 2159 2159 I wm_on_start_called: [216049083,com.android.packageinstaller.PackageInstallerActivity,handleStartActivity]
06-13 18:06:54.872 2159 2159 I wm_on_restart_called: [186497273,com.android.packageinstaller.DeleteStagedFileOnResult,performRestartActivity]
06-13 18:06:54.872 2159 2159 I wm_on_start_called: [186497273,com.android.packageinstaller.DeleteStagedFileOnResult,handleStartActivity]
06-13 18:06:54.872 2159 2159 I wm_on_restart_called: [240662303,com.android.packageinstaller.PackageInstallerActivity,performRestartActivity]
06-13 18:06:54.872 2159 2159 I wm_on_start_called: [240662303,com.android.packageinstaller.PackageInstallerActivity,handleStartActivity]
06-13 18:06:54.872 2159 2159 I wm_on_restart_called: [249091709,com.android.packageinstaller.DeleteStagedFileOnResult,performRestartActivity]
06-13 18:06:54.872 2159 2159 I wm_on_start_called: [249091709,com.android.packageinstaller.DeleteStagedFileOnResult,handleStartActivity]
06-13 18:06:54.872 2159 2159 I wm_on_restart_called: [220425749,com.android.packageinstaller.PackageInstallerActivity,performRestartActivity]
06-13 18:06:54.872 2159 2159 I wm_on_start_called: [220425749,com.android.packageinstaller.PackageInstallerActivity,handleStartActivity]
06-13 18:06:54.873 2159 2159 I wm_on_restart_called: [171589283,com.android.packageinstaller.DeleteStagedFileOnResult,performRestartActivity]
06-13 18:06:54.873 2159 2159 I wm_on_start_called: [171589283,com.android.packageinstaller.DeleteStagedFileOnResult,handleStartActivity]
06-13 18:06:54.873 2159 2159 I wm_on_restart_called: [240921632,com.android.packageinstaller.PackageInstallerActivity,performRestartActivity]
06-13 18:06:54.873 2159 2159 I wm_on_start_called: [240921632,com.android.packageinstaller.PackageInstallerActivity,handleStartActivity]
06-13 18:06:54.873 2159 2159 I wm_on_restart_called: [3960262,com.android.packageinstaller.DeleteStagedFileOnResult,performRestartActivity]
06-13 18:06:54.873 2159 2159 I wm_on_start_called: [3960262,com.android.packageinstaller.DeleteStagedFileOnResult,handleStartActivity]
06-13 18:06:54.873 2159 2159 I wm_on_restart_called: [223077111,com.android.packageinstaller.PackageInstallerActivity,performRestartActivity]
06-13 18:06:54.873 2159 2159 I wm_on_start_called: [223077111,com.android.packageinstaller.PackageInstallerActivity,handleStartActivity]
