06-13 21:22:58.843 1551 2102 D ActivityTaskManager: TaskLaunchParamsModifier:task=Task{c92a616 #63 type=standard A=10025:com.android.packageinstaller U=0 visible=true mode=fullscreen translucent=true sz=4 visible freeform task=true rootAffinity=10025:com.android.packageinstaller isMini=false} activity=ActivityRecord{7d06095 u0 com.android.packageinstaller/.InstallInstalling taskAffinity=10025:com.android.packageinstaller t-1} display-area-from-source=DefaultTaskDisplayArea@246865503 display-id=0 display-windowing-mode=1 suggested-display-area=DefaultTaskDisplayArea@246865503 non-freeform-display display-area=DefaultTaskDisplayArea@246865503
06-13 21:22:58.848 1551 2102 I wm_task_moved: [63,1,8]
06-13 21:22:58.848 1551 2102 I wm_set_resumed_activity: [0,com.android.packageinstaller/.PackageInstallerActivity,positionChildAt]
06-13 21:22:58.848 1551 2102 I wm_create_activity: [0,131096725,63,com.android.packageinstaller/.InstallInstalling,NULL,NULL,file:///data/user_de/0/com.android.packageinstaller/no_backup/package5296491771891808355.apk,33554432]
06-13 21:22:58.849 1551 2102 I wm_pause_activity: [0,223077111,com.android.packageinstaller/.PackageInstallerActivity,userLeaving=true,resumeTopActivityInnerLocked]
06-13 21:22:58.849 1551 2102 D PowerManagerService: acquireWakeLockInternal: lock=206401359, flags=0x1, tag="*launch*", ws=WorkSource{10025}, uid=1000, pid=1551
06-13 21:22:58.849 1551 2102 D PowerManagerService: updateWakeLockSummaryLocked: mWakefulness=Awake, mWakeLockSummary=0x1
06-13 21:22:58.849 1551 2102 D PowerManagerService: updateUserActivitySummaryLocked: groupId=0, mWakefulness=Awake, mUserActivitySummary=0x1, nextTimeout=71760743 (in 59967 ms)
06-13 21:22:58.849 1551 2102 D PowerManagerNotifier: onScreenPolicyUpdate: newPolicy=3
06-13 21:22:58.849 1551 2102 D PowerManagerService: updateDisplayPowerStateLocked: displayReady=true, groupId=0, policy=BRIGHT, mWakefulness=Awake, mWakeLockSummary=0x1, mUserActivitySummary=0x1, mBootCompleted=true, screenBrightnessOverride=NaN, useAutoBrightness=true, mScreenBrightnessBoostInProgress=false, mIsVrModeEnabled= false, sQuiescent=false
06-13 21:22:58.849 1551 2102 D PowerManagerNotifier: onWakeLockAcquired: flags=1, tag="*launch*", packageName=android, ownerUid=1000, ownerPid=1551, workSource=WorkSource{10025}
06-13 21:22:58.851 1551 19338 I wm_finish_activity: [0,223077111,63,com.android.packageinstaller/.PackageInstallerActivity,app-request]
06-13 21:22:58.851 2159 2159 I wm_on_top_resumed_lost_called: [223077111,com.android.packageinstaller.PackageInstallerActivity,topStateChangedWhenResumed]
06-13 21:22:58.852 2159 2159 I wm_on_paused_called: [223077111,com.android.packageinstaller.PackageInstallerActivity,performPause]
06-13 21:22:58.852 1551 19338 I wm_add_to_stopping: [0,223077111,com.android.packageinstaller/.PackageInstallerActivity,completeFinishing]
06-13 21:22:58.852 1551 19338 I ActivityTaskManager: FOREGROUND_APPLICATION_CHANGED to com.android.packageinstaller.InstallInstalling
06-13 21:22:58.852 1551 19338 I ActivityTaskManager: The Process com.android.packageinstaller Already Exists in BG. So sending its PID: 2159
06-13 21:22:58.853 1551 19338 W ActivityTaskManager: Tried to set launchTime (0) < mLastActivityLaunchTime (71691686)
06-13 21:22:58.853 1551 19338 I wm_restart_activity: [0,131096725,63,com.android.packageinstaller/.InstallInstalling]
06-13 21:22:58.854 1551 19338 I wm_set_resumed_activity: [0,com.android.packageinstaller/.InstallInstalling,minimalResumeActivityLocked]
06-13 21:22:58.857 1551 1670 I sysui_multi_action: [757,803,799,window_time_0,802,1]
06-13 21:22:58.874 1551 1822 I input_focus: [Focus leaving ef6860b com.android.packageinstaller/com.android.packageinstaller.PackageInstallerActivity (server),reason=NO_WINDOW]
06-13 21:22:58.910 2159 2159 I wm_on_create_called: [131096725,com.android.packageinstaller.InstallInstalling,performCreate]
06-13 21:22:58.910 2159 2159 I wm_on_start_called: [131096725,com.android.packageinstaller.InstallInstalling,handleStartActivity]
06-13 21:22:58.911 1551 1669 I commit_sys_config_file: [package-session,71691607]
06-13 21:22:58.911 2159 2159 I wm_on_resume_called: [131096725,com.android.packageinstaller.InstallInstalling,RESUME_ACTIVITY]
06-13 21:22:58.914 2159 2159 I wm_on_top_resumed_gained_called: [131096725,com.android.packageinstaller.InstallInstalling,topStateChangedWhenResumed]
06-13 21:22:58.917 1551 1672 I input_focus: [Focus request e20dd13 com.android.packageinstaller/com.android.packageinstaller.InstallInstalling,reason=UpdateInputWindows]
06-13 21:22:58.918 1551 1669 I commit_sys_config_file: [package-session,71691614]
06-13 21:22:58.923 1551 1667 I wm_activity_launch_time: [0,131096725,com.android.packageinstaller/.InstallInstalling,80]
06-13 21:22:58.928 1551 1670 I wm_destroy_activity: [0,223077111,63,com.android.packageinstaller/.PackageInstallerActivity,finish-imm:transit]
06-13 21:22:58.942 1551 1822 I input_focus: [Focus entering e20dd13 com.android.packageinstaller/com.android.packageinstaller.InstallInstalling (server),reason=Window became focusable. Previous reason: NOT_VISIBLE]
06-13 21:22:58.946 2159 2159 I wm_on_stop_called: [223077111,com.android.packageinstaller.PackageInstallerActivity,LIFECYCLER_STOP_ACTIVITY]
06-13 21:22:58.946 2159 2159 I wm_on_destroy_called: [223077111,com.android.packageinstaller.PackageInstallerActivity,performDestroy]
06-13 21:22:58.957 1551 2879 D ActivityTaskManager: Skipping, freeform mode : Task{c574d51 #62 type=standard A=10092:com.tencent.android.qqdownloader U=0 visible=true mode=freeform translucent=false sz=1 visible freeform task=true rootAffinity=10092:com.tencent.android.qqdownloader isMini=false}
06-13 21:22:58.972 1551 2102 D PowerManagerService: releaseWakeLockInternal: lock=206401359 [*launch*], flags=0x0
06-13 21:22:58.972 1551 2102 D PowerManagerNotifier: onWakeLockReleased: flags=1, tag="*launch*", packageName=android, ownerUid=1000, ownerPid=1551, workSource=WorkSource{10025}
06-13 21:22:58.973 1551 2102 D PowerManagerService: updateWakeLockSummaryLocked: mWakefulness=Awake, mWakeLockSummary=0x1
06-13 21:22:58.973 1551 2102 D PowerManagerService: updateUserActivitySummaryLocked: groupId=0, mWakefulness=Awake, mUserActivitySummary=0x1, nextTimeout=71760743 (in 59843 ms)
06-13 21:22:58.973 1551 2102 D PowerManagerNotifier: onScreenPolicyUpdate: newPolicy=3
06-13 21:22:58.973 1551 2102 D PowerManagerService: updateDisplayPowerStateLocked: displayReady=true, groupId=0, policy=BRIGHT, mWakefulness=Awake, mWakeLockSummary=0x1, mUserActivitySummary=0x1, mBootCompleted=true, screenBrightnessOverride=NaN, useAutoBrightness=true, mScreenBrightnessBoostInProgress=false, mIsVrModeEnabled= false, sQuiescent=false
06-13 21:23:00.001 1551 1811 D PowerManagerService: acquireWakeLockInternal: lock=203627084, flags=0x1, tag="*alarm*", ws=WorkSource{1000}, uid=1000, pid=1551
06-13 21:23:00.001 1551 1811 D PowerManagerService: updateWakeLockSummaryLocked: mWakefulness=Awake, mWakeLockSummary=0x1
06-13 21:23:00.001 1551 1811 D PowerManagerService: updateUserActivitySummaryLocked: groupId=0, mWakefulness=Awake, mUserActivitySummary=0x1, nextTimeout=71760743 (in 58814 ms)
06-13 21:23:00.001 1551 1811 D PowerManagerNotifier: onScreenPolicyUpdate: newPolicy=3
06-13 21:23:00.001 1551 1811 D PowerManagerService: updateDisplayPowerStateLocked: displayReady=true, groupId=0, policy=BRIGHT, mWakefulness=Awake, mWakeLockSummary=0x1, mUserActivitySummary=0x1, mBootCompleted=true, screenBrightnessOverride=NaN, useAutoBrightness=true, mScreenBrightnessBoostInProgress=false, mIsVrModeEnabled= false, sQuiescent=false
06-13 21:23:00.001 1551 1811 D PowerManagerNotifier: onWakeLockAcquired: flags=1, tag="*alarm*", packageName=android, ownerUid=1000, ownerPid=1551, workSource=WorkSource{1000}
06-13 21:23:00.004 1551 1551 D PowerManagerService: releaseWakeLockInternal: lock=203627084 [*alarm*], flags=0x0
06-13 21:23:00.004 1551 1551 D PowerManagerNotifier: onWakeLockReleased: flags=1, tag="*alarm*", packageName=android, ownerUid=1000, ownerPid=1551, workSource=WorkSource{1000}
06-13 21:23:00.004 1551 1551 D PowerManagerService: updateWakeLockSummaryLocked: mWakefulness=Awake, mWakeLockSummary=0x1
06-13 21:23:00.004 1551 1551 D PowerManagerService: updateUserActivitySummaryLocked: groupId=0, mWakefulness=Awake, mUserActivitySummary=0x1, nextTimeout=71760743 (in 58811 ms)
06-13 21:23:00.004 1551 1551 D PowerManagerNotifier: onScreenPolicyUpdate: newPolicy=3
06-13 21:23:00.004 1551 1551 D PowerManagerService: updateDisplayPowerStateLocked: displayReady=true, groupId=0, policy=BRIGHT, mWakefulness=Awake, mWakeLockSummary=0x1, mUserActivitySummary=0x1, mBootCompleted=true, screenBrightnessOverride=NaN, useAutoBrightness=true, mScreenBrightnessBoostInProgress=false, mIsVrModeEnabled= false, sQuiescent=false
06-13 21:23:00.060 0 0 E [71701.984313] link_delay_work_func: DTC_ETH: SQI=0, link=0
06-13 21:23:00.236 1551 1787 I commit_sys_config_file: [package-session,71692932]
06-13 21:23:00.246 1551 1787 D ApkSignatureVerifier: Perflock acquired for PackageInstall
06-13 21:23:01.902 1551 1787 D ApkSignatureVerifier: Perflock released for PackageInstall
06-13 21:23:03.491 1551 1834 W RuleEvaluation: Integrity rule files are not available.
06-13 21:23:03.491 1551 1727 I PackageManager: Integrity check passed for file:///data/app/vmdl1947828124.tmp
06-13 21:23:03.703 1551 1727 I PackageManager: Permission ownership changed. Updating all permissions.
06-13 21:23:03.770 1551 1727 W PackageManager: /data/system/packages.xml fsync begin
06-13 21:23:03.778 1551 1727 W PackageManager: /data/system/packages.xml fsync end
06-13 21:23:03.804 1551 1727 I commit_sys_config_file: [package-user-0,1]
06-13 21:23:03.804 1551 1727 I commit_sys_config_file: [package,88]
06-13 21:23:03.804 0 0 I [71705.730344] logd: start watching /data/system/packages.list ...
06-13 21:23:03.815 1551 1667 W Looper : Slow dispatch took 109ms android.fg h=android.os.Handler c= m=0
06-13 21:23:03.824 0 0 I [71705.748925] logd: ReadPackageList, total packages: 116
06-13 21:23:03.827 1551 1727 D PowerManagerService: acquireWakeLockInternal: lock=166580381, flags=0x1, tag="*dexopt*", ws=WorkSource{10108}, uid=1000, pid=1551
06-13 21:23:03.827 1551 1727 D PowerManagerService: updateWakeLockSummaryLocked: mWakefulness=Awake, mWakeLockSummary=0x1
06-13 21:23:03.827 1551 1727 D PowerManagerService: updateUserActivitySummaryLocked: groupId=0, mWakefulness=Awake, mUserActivitySummary=0x1, nextTimeout=71760743 (in 54988 ms)
06-13 21:23:03.827 1551 1727 D PowerManagerNotifier: onScreenPolicyUpdate: newPolicy=3
06-13 21:23:03.827 1551 1727 D PowerManagerService: updateDisplayPowerStateLocked: displayReady=true, groupId=0, policy=BRIGHT, mWakefulness=Awake, mWakeLockSummary=0x1, mUserActivitySummary=0x1, mBootCompleted=true, screenBrightnessOverride=NaN, useAutoBrightness=true, mScreenBrightnessBoostInProgress=false, mIsVrModeEnabled= false, sQuiescent=false
06-13 21:23:03.827 1551 1727 D PowerManagerNotifier: onWakeLockAcquired: flags=1, tag="*dexopt*", packageName=android, ownerUid=1000, ownerPid=1551, workSource=WorkSource{10108}
06-13 21:23:03.860 1551 1667 V StorageManagerService: Package null has legacy storage
06-13 21:23:05.177 0 0 E [71707.104355] link_delay_work_func: DTC_ETH: SQI=0, link=0
06-13 21:23:08.610 1551 1727 D PowerManagerService: releaseWakeLockInternal: lock=166580381 [*dexopt*], flags=0x0
06-13 21:23:08.610 1551 1727 D PowerManagerNotifier: onWakeLockReleased: flags=1, tag="*dexopt*", packageName=android, ownerUid=1000, ownerPid=1551, workSource=WorkSource{10108}
06-13 21:23:08.610 1551 1727 D PowerManagerService: updateWakeLockSummaryLocked: mWakefulness=Awake, mWakeLockSummary=0x1
06-13 21:23:08.610 1551 1727 D PowerManagerService: updateUserActivitySummaryLocked: groupId=0, mWakefulness=Awake, mUserActivitySummary=0x1, nextTimeout=71760743 (in 50205 ms)
06-13 21:23:08.610 1551 1727 D PowerManagerNotifier: onScreenPolicyUpdate: newPolicy=3
06-13 21:23:08.610 1551 1727 D PowerManagerService: updateDisplayPowerStateLocked: displayReady=true, groupId=0, policy=BRIGHT, mWakefulness=Awake, mWakeLockSummary=0x1, mUserActivitySummary=0x1, mBootCompleted=true, screenBrightnessOverride=NaN, useAutoBrightness=true, mScreenBrightnessBoostInProgress=false, mIsVrModeEnabled= false, sQuiescent=false
06-13 21:23:08.614 1551 1727 V BackupManagerService: [UserID:0] restoreAtInstall pkg=com.tencent.mm token=11 restoreSet=0
06-13 21:23:08.614 1551 1727 V BackupManagerService: [UserID:0] Finishing install immediately
06-13 21:23:08.615 1551 1727 I unknown_sources_enabled: 1
06-13 21:23:08.618 1551 1727 D CompatibilityChangeReporter: Compat change id reported: 168419799; UID 10108; state: DISABLED
06-13 21:23:08.631 1551 1788 I commit_sys_config_file: [overlays,71701917]
06-13 21:23:08.642 1551 1551 I Telecom : DefaultDialerCache: Refreshing default dialer for user 0: now null: DDC.oR@AEc
06-13 21:23:08.645 1551 1551 I notification_cancel_all: [1000,1551,com.tencent.mm,0,0,0,5,NULL]
06-13 21:23:08.652 1551 1787 I commit_sys_config_file: [package-session,71701347]
06-13 21:23:08.655 1551 18711 W BroadcastQueue: Background execution not allowed: receiving Intent { act=android.intent.action.PACKAGE_ADDED dat=package:com.tencent.mm flg=0x4000010 (has extras) } to com.android.packageinstaller/.PackageInstalledReceiver
06-13 21:23:08.665 1551 1686 W BroadcastQueue: Background execution not allowed: receiving Intent { act=android.intent.action.PACKAGE_ADDED dat=package:com.tencent.mm flg=0x4000010 (has extras) } to com.android.gallery3d/.app.PackagesMonitor
06-13 21:23:08.668 1551 1667 D CompanionDeviceManagerService: onPackageModified(packageName = com.tencent.mm)
06-13 21:23:08.669 1551 18711 I thunderperf: PlatormCompat.setOverrides: Uid1=10025 Pid1=2159 Uid2=10025 Pid2=2159
06-13 21:23:08.669 1551 18711 I thunderperf: PlatormCompat.setOverrides: needCheck:false
06-13 21:23:08.669 1551 18711 I thunderperf: CompatConfig.addOverrideUnsafe: bef-state=1
06-13 21:23:08.669 1551 18711 E thunderperf: CompatConfig.addOverrideUnsafe: exception:java.lang.SecurityException: Cannot override a change on a non-debuggable app and user build.
06-13 21:23:08.669 1551 18711 I thunderperf: CompatConfig.addOverrideUnsafe: aft-state=1
06-13 21:23:08.670 1551 18711 I thunderperf: CompatConfig.addOverrideUnsafe: bef-state=1
06-13 21:23:08.670 1551 18711 E thunderperf: CompatConfig.addOverrideUnsafe: exception:java.lang.SecurityException: Cannot override a change on a non-debuggable app and user build.
06-13 21:23:08.670 1551 18711 I thunderperf: CompatConfig.addOverrideUnsafe: aft-state=1
06-13 21:23:08.672 1551 18711 I thunderperf: CompatConfig.addOverrideUnsafe: bef-state=1
06-13 21:23:08.672 1551 18711 E thunderperf: CompatConfig.addOverrideUnsafe: exception:java.lang.SecurityException: Cannot override a change on a non-debuggable app and user build.
06-13 21:23:08.672 1551 18711 I thunderperf: CompatConfig.addOverrideUnsafe: aft-state=1
06-13 21:23:08.673 1551 18711 I thunderperf: CompatConfig.addOverrideUnsafe: bef-state=1
06-13 21:23:08.673 1551 18711 E thunderperf: CompatConfig.addOverrideUnsafe: exception:java.lang.SecurityException: Cannot override a change on a non-debuggable app and user build.
06-13 21:23:08.673 1551 18711 I thunderperf: CompatConfig.addOverrideUnsafe: aft-state=1
06-13 21:23:08.674 1551 18711 I thunderperf: CompatConfig.addOverrideUnsafe: bef-state=1
06-13 21:23:08.674 1551 18711 E thunderperf: CompatConfig.addOverrideUnsafe: exception:java.lang.SecurityException: Cannot override a change on a non-debuggable app and user build.
06-13 21:23:08.674 1551 18711 I thunderperf: CompatConfig.addOverrideUnsafe: aft-state=1
06-13 21:23:08.675 1551 18711 I thunderperf: CompatConfig.addOverrideUnsafe: bef-state=1
06-13 21:23:08.675 1551 18711 E thunderperf: CompatConfig.addOverrideUnsafe: exception:java.lang.SecurityException: Cannot override a change on a non-debuggable app and user build.
06-13 21:23:08.675 1551 18711 I thunderperf: CompatConfig.addOverrideUnsafe: aft-state=1
06-13 21:23:08.676 1551 18711 I thunderperf: CompatConfig.addOverrideUnsafe: bef-state=1
06-13 21:23:08.676 1551 18711 E thunderperf: CompatConfig.addOverrideUnsafe: exception:java.lang.SecurityException: Cannot override a change on a non-debuggable app and user build.
06-13 21:23:08.676 1551 1551 I Telecom : DefaultDialerCache: Refreshing default dialer for user 0: now null: DDC.oR@AEg
06-13 21:23:08.676 1551 18711 I thunderperf: CompatConfig.addOverrideUnsafe: aft-state=1
06-13 21:23:08.678 1551 18711 I thunderperf: CompatConfig.addOverrideUnsafe: bef-state=1
06-13 21:23:08.678 1551 18711 E thunderperf: CompatConfig.addOverrideUnsafe: exception:java.lang.SecurityException: Cannot override a change on a non-debuggable app and user build.
06-13 21:23:08.678 1551 18711 I thunderperf: CompatConfig.addOverrideUnsafe: aft-state=1
06-13 21:23:08.679 1551 18711 I thunderperf: CompatConfig.addOverrideUnsafe: bef-state=1
06-13 21:23:08.679 1551 18711 E thunderperf: CompatConfig.addOverrideUnsafe: exception:java.lang.SecurityException: Cannot override a change on a non-debuggable app and user build.
06-13 21:23:08.679 1551 18711 I thunderperf: CompatConfig.addOverrideUnsafe: aft-state=1
06-13 21:23:08.681 1551 18711 I thunderperf: CompatConfig.addOverrideUnsafe: bef-state=1
06-13 21:23:08.681 1551 18711 E thunderperf: CompatConfig.addOverrideUnsafe: exception:java.lang.SecurityException: Cannot override a change on a non-debuggable app and user build.
06-13 21:23:08.681 1551 18711 I thunderperf: CompatConfig.addOverrideUnsafe: aft-state=1
06-13 21:23:08.686 1551 18711 I thunderperf: CompatConfig.addOverrideUnsafe: bef-state=1
06-13 21:23:08.687 1551 18711 E thunderperf: CompatConfig.addOverrideUnsafe: exception:java.lang.SecurityException: Cannot override a change on a non-debuggable app and user build.
06-13 21:23:08.687 1551 18711 I thunderperf: CompatConfig.addOverrideUnsafe: aft-state=1
06-13 21:23:08.687 1551 18711 I thunderperf: CompatConfig.addOverrideUnsafe: bef-state=1
06-13 21:23:08.687 1551 18711 E thunderperf: CompatConfig.addOverrideUnsafe: exception:java.lang.SecurityException: Cannot override a change on a non-debuggable app and user build.
06-13 21:23:08.687 1551 18711 I thunderperf: CompatConfig.addOverrideUnsafe: aft-state=1
06-13 21:23:08.688 1551 18711 I thunderperf: CompatConfig.addOverrideUnsafe: bef-state=1
06-13 21:23:08.689 1551 18711 E thunderperf: CompatConfig.addOverrideUnsafe: exception:java.lang.SecurityException: Cannot override a change on a non-debuggable app and user build.
06-13 21:23:08.689 1551 18711 I thunderperf: CompatConfig.addOverrideUnsafe: aft-state=1
06-13 21:23:08.689 1551 18711 I thunderperf: CompatConfig.addOverrideUnsafe: bef-state=1
06-13 21:23:08.689 1551 18711 E thunderperf: CompatConfig.addOverrideUnsafe: exception:java.lang.SecurityException: Cannot override a change on a non-debuggable app and user build.
06-13 21:23:08.689 1551 18711 I thunderperf: CompatConfig.addOverrideUnsafe: aft-state=1
06-13 21:23:08.694 1551 18711 I ActivityTaskManager: START u0 {dat=file:///data/user_de/0/com.android.packageinstaller/no_backup/package5296491771891808355.apk flg=0x2000000 cmp=com.android.packageinstaller/.InstallSuccess (has extras)} from uid 10025
06-13 21:23:08.695 1551 18711 D ActivityTaskManager: TaskLaunchParamsModifier:task=null activity=ActivityRecord{295ed62 u0 com.android.packageinstaller/.InstallSuccess taskAffinity=10025:com.android.packageinstaller display-area-from-source=DefaultTaskDisplayArea@246865503 display-id=0 display-windowing-mode=1 suggested-display-area=DefaultTaskDisplayArea@246865503
06-13 21:23:08.695 1551 18711 D ActivityTaskManager: TaskLaunchParamsModifier:task=Task{c92a616 #63 type=standard A=10025:com.android.packageinstaller U=0 visible=true mode=fullscreen translucent=true sz=4 visible freeform task=true rootAffinity=10025:com.android.packageinstaller isMini=false} activity=ActivityRecord{295ed62 u0 com.android.packageinstaller/.InstallSuccess taskAffinity=10025:com.android.packageinstaller t-1} display-area-from-source=DefaultTaskDisplayArea@246865503 display-id=0 display-windowing-mode=1 suggested-display-area=DefaultTaskDisplayArea@246865503 non-freeform-display display-area=DefaultTaskDisplayArea@246865503
06-13 21:23:08.701 1551 18711 I wm_task_moved: [63,1,8]
06-13 21:23:08.701 1551 18711 I wm_set_resumed_activity: [0,com.android.packageinstaller/.InstallInstalling,positionChildAt]
06-13 21:23:08.701 1551 18711 I wm_create_activity: [0,43380066,63,com.android.packageinstaller/.InstallSuccess,NULL,NULL,file:///data/user_de/0/com.android.packageinstaller/no_backup/package5296491771891808355.apk,33554432]
06-13 21:23:08.702 1551 18711 I wm_pause_activity: [0,131096725,com.android.packageinstaller/.InstallInstalling,userLeaving=true,resumeTopActivityInnerLocked]
06-13 21:23:08.703 1551 18711 D PowerManagerService: acquireWakeLockInternal: lock=206401359, flags=0x1, tag="*launch*", ws=WorkSource{10025}, uid=1000, pid=1551
06-13 21:23:08.703 1551 18711 D PowerManagerService: updateWakeLockSummaryLocked: mWakefulness=Awake, mWakeLockSummary=0x1
06-13 21:23:08.703 1551 18711 D PowerManagerService: updateUserActivitySummaryLocked: groupId=0, mWakefulness=Awake, mUserActivitySummary=0x1, nextTimeout=71760743 (in 50113 ms)
06-13 21:23:08.703 1551 18711 D PowerManagerNotifier: onScreenPolicyUpdate: newPolicy=3
06-13 21:23:08.703 1551 18711 D PowerManagerService: updateDisplayPowerStateLocked: displayReady=true, groupId=0, policy=BRIGHT, mWakefulness=Awake, mWakeLockSummary=0x1, mUserActivitySummary=0x1, mBootCompleted=true, screenBrightnessOverride=NaN, useAutoBrightness=true, mScreenBrightnessBoostInProgress=false, mIsVrModeEnabled= false, sQuiescent=false
06-13 21:23:08.703 1551 18711 D PowerManagerNotifier: onWakeLockAcquired: flags=1, tag="*launch*", packageName=android, ownerUid=1000, ownerPid=1551, workSource=WorkSource{10025}
06-13 21:23:08.707 1551 19338 I wm_finish_activity: [0,131096725,63,com.android.packageinstaller/.InstallInstalling,app-request]
06-13 21:23:08.707 2159 2159 I wm_on_top_resumed_lost_called: [131096725,com.android.packageinstaller.InstallInstalling,topStateChangedWhenResumed]
06-13 21:23:08.709 2159 2159 I wm_on_paused_called: [131096725,com.android.packageinstaller.InstallInstalling,performPause]
06-13 21:23:08.709 1551 2879 I wm_add_to_stopping: [0,131096725,com.android.packageinstaller/.InstallInstalling,completeFinishing]
06-13 21:23:08.710 1551 2879 I ActivityTaskManager: FOREGROUND_APPLICATION_CHANGED to com.android.packageinstaller.InstallSuccess
06-13 21:23:08.710 1551 2879 I ActivityTaskManager: The Process com.android.packageinstaller Already Exists in BG. So sending its PID: 2159
06-13 21:23:08.710 1551 2879 W ActivityTaskManager: Tried to set launchTime (0) < mLastActivityLaunchTime (71700781)
06-13 21:23:08.711 1551 2879 I wm_restart_activity: [0,43380066,63,com.android.packageinstaller/.InstallSuccess]
06-13 21:23:08.713 1551 2879 I wm_set_resumed_activity: [0,com.android.packageinstaller/.InstallSuccess,minimalResumeActivityLocked]
06-13 21:23:08.714 1551 2879 I service_manager_stats: [100,101,36914]
06-13 21:23:08.728 1551 1670 I sysui_multi_action: [757,803,799,window_time_0,802,10]
06-13 21:23:08.732 1551 2879 D PowerManagerService: acquireWakeLockInternal: lock=29397661, flags=0x1, tag="j", ws=null, uid=10092, pid=17024
06-13 21:23:08.733 1551 2879 D PowerManagerService: updateWakeLockSummaryLocked: mWakefulness=Awake, mWakeLockSummary=0x1
06-13 21:23:08.733 1551 2879 D PowerManagerService: updateUserActivitySummaryLocked: groupId=0, mWakefulness=Awake, mUserActivitySummary=0x1, nextTimeout=71760743 (in 50083 ms)
06-13 21:23:08.733 1551 2879 D PowerManagerNotifier: onScreenPolicyUpdate: newPolicy=3
06-13 21:23:08.733 1551 2879 D PowerManagerService: updateDisplayPowerStateLocked: displayReady=true, groupId=0, policy=BRIGHT, mWakefulness=Awake, mWakeLockSummary=0x1, mUserActivitySummary=0x1, mBootCompleted=true, screenBrightnessOverride=NaN, useAutoBrightness=true, mScreenBrightnessBoostInProgress=false, mIsVrModeEnabled= false, sQuiescent=false
06-13 21:23:08.733 1551 2879 D PowerManagerNotifier: onWakeLockAcquired: flags=1, tag="j", packageName=com.tencent.android.qqdownloader, ownerUid=10092, ownerPid=17024, workSource=null
06-13 21:23:08.742 1551 1822 I input_focus: [Focus leaving e20dd13 com.android.packageinstaller/com.android.packageinstaller.InstallInstalling (server),reason=NO_WINDOW]
06-13 21:23:08.754 1551 19085 D PowerManagerService: acquireWakeLockInternal: lock=236483346, flags=0x1, tag="j", ws=null, uid=10092, pid=17024
06-13 21:23:08.754 1551 19085 D PowerManagerService: updateWakeLockSummaryLocked: mWakefulness=Awake, mWakeLockSummary=0x1
06-13 21:23:08.754 1551 19085 D PowerManagerService: updateUserActivitySummaryLocked: groupId=0, mWakefulness=Awake, mUserActivitySummary=0x1, nextTimeout=71760743 (in 50061 ms)
06-13 21:23:08.754 1551 19085 D PowerManagerNotifier: onScreenPolicyUpdate: newPolicy=3
06-13 21:23:08.754 1551 19085 D PowerManagerService: updateDisplayPowerStateLocked: displayReady=true, groupId=0, policy=BRIGHT, mWakefulness=Awake, mWakeLockSummary=0x1, mUserActivitySummary=0x1, mBootCompleted=true, screenBrightnessOverride=NaN, useAutoBrightness=true, mScreenBrightnessBoostInProgress=false, mIsVrModeEnabled= false, sQuiescent=false
06-13 21:23:08.754 1551 19085 D PowerManagerNotifier: onWakeLockAcquired: flags=1, tag="j", packageName=com.tencent.android.qqdownloader, ownerUid=10092, ownerPid=17024, workSource=null
06-13 21:23:08.875 2159 2159 I wm_on_create_called: [43380066,com.android.packageinstaller.InstallSuccess,performCreate]
06-13 21:23:08.875 2159 2159 I wm_on_start_called: [43380066,com.android.packageinstaller.InstallSuccess,handleStartActivity]
06-13 21:23:08.877 1551 1551 D PowerManagerService: acquireWakeLockInternal: lock=170436600, flags=0x1, tag="*job*/com.android.gallery3d/.app.PackagesMonitor$AsyncService", ws=WorkSource{10064}, uid=1000, pid=1551
06-13 21:23:08.877 1551 1551 D PowerManagerService: updateWakeLockSummaryLocked: mWakefulness=Awake, mWakeLockSummary=0x1
06-13 21:23:08.877 1551 1551 D PowerManagerService: updateUserActivitySummaryLocked: groupId=0, mWakefulness=Awake, mUserActivitySummary=0x1, nextTimeout=71760743 (in 49938 ms)
06-13 21:23:08.877 1551 1551 D PowerManagerNotifier: onScreenPolicyUpdate: newPolicy=3
06-13 21:23:08.877 1551 1551 D PowerManagerService: updateDisplayPowerStateLocked: displayReady=true, groupId=0, policy=BRIGHT, mWakefulness=Awake, mWakeLockSummary=0x1, mUserActivitySummary=0x1, mBootCompleted=true, screenBrightnessOverride=NaN, useAutoBrightness=true, mScreenBrightnessBoostInProgress=false, mIsVrModeEnabled= false, sQuiescent=false
06-13 21:23:08.877 1551 1551 D PowerManagerNotifier: onWakeLockAcquired: flags=1, tag="*job*/com.android.gallery3d/.app.PackagesMonitor$AsyncService", packageName=android, ownerUid=1000, ownerPid=1551, workSource=WorkSource{10064}
06-13 21:23:08.879 1551 18714 D ActivityTaskManager: Skipping, freeform mode : Task{c574d51 #62 type=standard A=10092:com.tencent.android.qqdownloader U=0 visible=true mode=freeform translucent=false sz=1 visible freeform task=true rootAffinity=10092:com.tencent.android.qqdownloader isMini=false}
06-13 21:23:08.882 2159 2159 I wm_on_resume_called: [43380066,com.android.packageinstaller.InstallSuccess,RESUME_ACTIVITY]
06-13 21:23:08.887 2159 2159 I wm_on_top_resumed_gained_called: [43380066,com.android.packageinstaller.InstallSuccess,topStateChangedWhenResumed]
06-13 21:23:08.892 1551 1551 I sysui_multi_action: [757,128,758,5,759,8,793,45461,794,0,795,45461,796,6259,806,com.tencent.android.qqdownloader,857,channel_id_default_silent,858,3,946,com.tencent.android.qqdownloader,947,1,1500,45461,1688,1]
06-13 21:23:08.892 1551 1551 I notification_canceled: [0|com.tencent.android.qqdownloader|6259|null|10092,8,45461,45461,0,-1,-1,NULL]
06-13 21:23:08.901 1551 18714 D PowerManagerService: releaseWakeLockInternal: lock=170436600 [*job*/com.android.gallery3d/.app.PackagesMonitor$AsyncService], flags=0x0
06-13 21:23:08.901 1551 18714 D PowerManagerNotifier: onWakeLockReleased: flags=1, tag="*job*/com.android.gallery3d/.app.PackagesMonitor$AsyncService", packageName=android, ownerUid=1000, ownerPid=1551, workSource=WorkSource{10064}
06-13 21:23:08.901 1551 18714 D PowerManagerService: updateWakeLockSummaryLocked: mWakefulness=Awake, mWakeLockSummary=0x1
06-13 21:23:08.901 1551 18714 D PowerManagerService: updateUserActivitySummaryLocked: groupId=0, mWakefulness=Awake, mUserActivitySummary=0x1, nextTimeout=71760743 (in 49914 ms)
06-13 21:23:08.901 1551 18714 D PowerManagerNotifier: onScreenPolicyUpdate: newPolicy=3
06-13 21:23:08.901 1551 18714 D PowerManagerService: updateDisplayPowerStateLocked: displayReady=true, groupId=0, policy=BRIGHT, mWakefulness=Awake, mWakeLockSummary=0x1, mUserActivitySummary=0x1, mBootCompleted=true, screenBrightnessOverride=NaN, useAutoBrightness=true, mScreenBrightnessBoostInProgress=false, mIsVrModeEnabled= false, sQuiescent=false
06-13 21:23:08.905 1551 1672 I input_focus: [Focus request 5350a37 com.android.packageinstaller/com.android.packageinstaller.InstallSuccess,reason=UpdateInputWindows]
06-13 21:23:08.916 1551 4173 D PowerManagerService: acquireWakeLockInternal: lock=161170935, flags=0x1, tag="j", ws=null, uid=10092, pid=17024
06-13 21:23:08.916 1551 4173 D PowerManagerService: updateWakeLockSummaryLocked: mWakefulness=Awake, mWakeLockSummary=0x1
06-13 21:23:08.916 1551 4173 D PowerManagerService: updateUserActivitySummaryLocked: groupId=0, mWakefulness=Awake, mUserActivitySummary=0x1, nextTimeout=71760743 (in 49899 ms)
06-13 21:23:08.916 1551 4173 D PowerManagerNotifier: onScreenPolicyUpdate: newPolicy=3
06-13 21:23:08.917 1551 4173 D PowerManagerService: updateDisplayPowerStateLocked: displayReady=true, groupId=0, policy=BRIGHT, mWakefulness=Awake, mWakeLockSummary=0x1, mUserActivitySummary=0x1, mBootCompleted=true, screenBrightnessOverride=NaN, useAutoBrightness=true, mScreenBrightnessBoostInProgress=false, mIsVrModeEnabled= false, sQuiescent=false
06-13 21:23:08.917 1551 4173 D PowerManagerNotifier: onWakeLockAcquired: flags=1, tag="j", packageName=com.tencent.android.qqdownloader, ownerUid=10092, ownerPid=17024, workSource=null
06-13 21:23:08.922 1551 1667 I wm_activity_launch_time: [0,43380066,com.android.packageinstaller/.InstallSuccess,226]
06-13 21:23:08.922 1551 17020 D PowerManagerService: acquireWakeLockInternal: lock=120867475, flags=0x1, tag="j", ws=null, uid=10092, pid=17024
06-13 21:23:08.922 1551 17020 D PowerManagerService: updateWakeLockSummaryLocked: mWakefulness=Awake, mWakeLockSummary=0x1
06-13 21:23:08.922 1551 17020 D PowerManagerService: updateUserActivitySummaryLocked: groupId=0, mWakefulness=Awake, mUserActivitySummary=0x1, nextTimeout=71760743 (in 49893 ms)
06-13 21:23:08.922 1551 17020 D PowerManagerNotifier: onScreenPolicyUpdate: newPolicy=3
06-13 21:23:08.922 1551 17020 D PowerManagerService: updateDisplayPowerStateLocked: displayReady=true, groupId=0, policy=BRIGHT, mWakefulness=Awake, mWakeLockSummary=0x1, mUserActivitySummary=0x1, mBootCompleted=true, screenBrightnessOverride=NaN, useAutoBrightness=true, mScreenBrightnessBoostInProgress=false, mIsVrModeEnabled= false, sQuiescent=false
06-13 21:23:08.922 1551 17020 D PowerManagerNotifier: onWakeLockAcquired: flags=1, tag="j", packageName=com.tencent.android.qqdownloader, ownerUid=10092, ownerPid=17024, workSource=null
06-13 21:23:08.923 1551 1670 I wm_destroy_activity: [0,131096725,63,com.android.packageinstaller/.InstallInstalling,finish-imm:transit]
06-13 21:23:08.924 1551 17020 D PowerManagerService: acquireWakeLockInternal: lock=70326985, flags=0x1, tag="j", ws=null, uid=10092, pid=17024
06-13 21:23:08.924 1551 17020 D PowerManagerService: updateWakeLockSummaryLocked: mWakefulness=Awake, mWakeLockSummary=0x1
06-13 21:23:08.924 1551 17020 D PowerManagerService: updateUserActivitySummaryLocked: groupId=0, mWakefulness=Awake, mUserActivitySummary=0x1, nextTimeout=71760743 (in 49892 ms)
06-13 21:23:08.924 1551 17020 D PowerManagerNotifier: onScreenPolicyUpdate: newPolicy=3
06-13 21:23:08.924 1551 17020 D PowerManagerService: updateDisplayPowerStateLocked: displayReady=true, groupId=0, policy=BRIGHT, mWakefulness=Awake, mWakeLockSummary=0x1, mUserActivitySummary=0x1, mBootCompleted=true, screenBrightnessOverride=NaN, useAutoBrightness=true, mScreenBrightnessBoostInProgress=false, mIsVrModeEnabled= false, sQuiescent=false
06-13 21:23:08.924 1551 17020 D PowerManagerNotifier: onWakeLockAcquired: flags=1, tag="j", packageName=com.tencent.android.qqdownloader, ownerUid=10092, ownerPid=17024, workSource=null
06-13 21:23:08.935 2159 2159 I wm_on_stop_called: [131096725,com.android.packageinstaller.InstallInstalling,LIFECYCLER_STOP_ACTIVITY]
06-13 21:23:08.936 2159 2159 I wm_on_destroy_called: [131096725,com.android.packageinstaller.InstallInstalling,performDestroy]
06-13 21:23:08.939 1551 1822 I input_focus: [Focus entering 5350a37 com.android.packageinstaller/com.android.packageinstaller.InstallSuccess (server),reason=setFocusedWindow]
06-13 21:23:08.944 1551 17020 D PowerManagerService: acquireWakeLockInternal: lock=72112641, flags=0x1, tag="j", ws=null, uid=10092, pid=17024
06-13 21:23:08.944 1551 17020 D PowerManagerService: updateWakeLockSummaryLocked: mWakefulness=Awake, mWakeLockSummary=0x1
06-13 21:23:08.944 1551 17020 D PowerManagerService: updateUserActivitySummaryLocked: groupId=0, mWakefulness=Awake, mUserActivitySummary=0x1, nextTimeout=71760743 (in 49871 ms)
06-13 21:23:08.944 1551 17020 D PowerManagerNotifier: onScreenPolicyUpdate: newPolicy=3
06-13 21:23:08.944 1551 17020 D PowerManagerService: updateDisplayPowerStateLocked: displayReady=true, groupId=0, policy=BRIGHT, mWakefulness=Awake, mWakeLockSummary=0x1, mUserActivitySummary=0x1, mBootCompleted=true, screenBrightnessOverride=NaN, useAutoBrightness=true, mScreenBrightnessBoostInProgress=false, mIsVrModeEnabled= false, sQuiescent=false
06-13 21:23:08.944 1551 17020 D PowerManagerNotifier: onWakeLockAcquired: flags=1, tag="j", packageName=com.tencent.android.qqdownloader, ownerUid=10092, ownerPid=17024, workSource=null
06-13 21:23:08.947 1551 4174 D PowerManagerService: releaseWakeLockInternal: lock=206401359 [*launch*], flags=0x0
06-13 21:23:08.948 1551 4174 D PowerManagerNotifier: onWakeLockReleased: flags=1, tag="*launch*", packageName=android, ownerUid=1000, ownerPid=1551, workSource=WorkSource{10025}
06-13 21:23:08.949 1551 4174 D PowerManagerService: updateWakeLockSummaryLocked: mWakefulness=Awake, mWakeLockSummary=0x1
06-13 21:23:08.949 1551 4174 D PowerManagerService: updateUserActivitySummaryLocked: groupId=0, mWakefulness=Awake, mUserActivitySummary=0x1, nextTimeout=71760743 (in 49867 ms)
06-13 21:23:08.949 1551 4174 D PowerManagerNotifier: onScreenPolicyUpdate: newPolicy=3
06-13 21:23:08.949 1551 4174 D PowerManagerService: updateDisplayPowerStateLocked: displayReady=true, groupId=0, policy=BRIGHT, mWakefulness=Awake, mWakeLockSummary=0x1, mUserActivitySummary=0x1, mBootCompleted=true, screenBrightnessOverride=NaN, useAutoBrightness=true, mScreenBrightnessBoostInProgress=false, mIsVrModeEnabled= false, sQuiescent=false
06-13 21:23:08.953 1551 1684 W VoiceInteractionManager: no available voice recognition services found for user 0
06-13 21:23:08.953 1551 1684 W PackageManager: Failed registering loading progress callback. Package is fully loaded.
06-13 21:23:08.976 1551 1551 I notification_enqueue: [10092,13749,com.tencent.android.qqdownloader,10910,NULL,0,Notification(channel=channel_id_default_silent shortcut=null contentView=null vibrate=null sound=null tick defaults=0x0 flags=0x210 color=0x00000000 groupKey=com.tencent.android.qqdownloader vis=PRIVATE),0]
06-13 21:23:08.978 1551 4173 D PowerManagerService: acquireWakeLockInternal: lock=254324566, flags=0x1, tag="j", ws=null, uid=10092, pid=17024
06-13 21:23:08.978 1551 4173 D PowerManagerService: updateWakeLockSummaryLocked: mWakefulness=Awake, mWakeLockSummary=0x1
06-13 21:23:08.978 1551 4173 D PowerManagerService: updateUserActivitySummaryLocked: groupId=0, mWakefulness=Awake, mUserActivitySummary=0x1, nextTimeout=71760743 (in 49837 ms)
06-13 21:23:08.978 1551 4173 D PowerManagerNotifier: onScreenPolicyUpdate: newPolicy=3
06-13 21:23:08.978 1551 4173 D PowerManagerService: updateDisplayPowerStateLocked: displayReady=true, groupId=0, policy=BRIGHT, mWakefulness=Awake, mWakeLockSummary=0x1, mUserActivitySummary=0x1, mBootCompleted=true, screenBrightnessOverride=NaN, useAutoBrightness=true, mScreenBrightnessBoostInProgress=false, mIsVrModeEnabled= false, sQuiescent=false
06-13 21:23:08.978 1551 4173 D PowerManagerNotifier: onWakeLockAcquired: flags=1, tag="j", packageName=com.tencent.android.qqdownloader, ownerUid=10092, ownerPid=17024, workSource=null
06-13 21:23:08.978 1551 4174 D PowerManagerService: acquireWakeLockInternal: lock=205720535, flags=0x1, tag="j", ws=null, uid=10092, pid=17024
06-13 21:23:08.978 1551 4174 D PowerManagerService: updateWakeLockSummaryLocked: mWakefulness=Awake, mWakeLockSummary=0x1
06-13 21:23:08.978 1551 4174 D PowerManagerService: updateUserActivitySummaryLocked: groupId=0, mWakefulness=Awake, mUserActivitySummary=0x1, nextTimeout=71760743 (in 49837 ms)
06-13 21:23:08.978 1551 4174 D PowerManagerNotifier: onScreenPolicyUpdate: newPolicy=3
06-13 21:23:08.978 1551 4174 D PowerManagerService: updateDisplayPowerStateLocked: displayReady=true, groupId=0, policy=BRIGHT, mWakefulness=Awake, mWakeLockSummary=0x1, mUserActivitySummary=0x1, mBootCompleted=true, screenBrightnessOverride=NaN, useAutoBrightness=true, mScreenBrightnessBoostInProgress=false, mIsVrModeEnabled= false, sQuiescent=false
06-13 21:23:08.978 1551 4174 D PowerManagerNotifier: onWakeLockAcquired: flags=1, tag="j", packageName=com.tencent.android.qqdownloader, ownerUid=10092, ownerPid=17024, workSource=null
06-13 21:23:08.991 1551 1684 W VoiceInteractionManager: no available voice recognition services found for user 0
06-13 21:23:09.009 1551 19085 D PowerManagerService: releaseWakeLockInternal: lock=70326985 [j], flags=0x0
06-13 21:23:09.009 1551 19085 D PowerManagerNotifier: onWakeLockReleased: flags=1, tag="j", packageName=com.tencent.android.qqdownloader, ownerUid=10092, ownerPid=17024, workSource=null
06-13 21:23:09.009 1551 19085 D PowerManagerService: updateWakeLockSummaryLocked: mWakefulness=Awake, mWakeLockSummary=0x1
06-13 21:23:09.009 1551 19085 D PowerManagerService: updateUserActivitySummaryLocked: groupId=0, mWakefulness=Awake, mUserActivitySummary=0x1, nextTimeout=71760743 (in 49806 ms)
06-13 21:23:09.009 1551 19085 D PowerManagerNotifier: onScreenPolicyUpdate: newPolicy=3
06-13 21:23:09.009 1551 19085 D PowerManagerService: updateDisplayPowerStateLocked: displayReady=true, groupId=0, policy=BRIGHT, mWakefulness=Awake, mWakeLockSummary=0x1, mUserActivitySummary=0x1, mBootCompleted=true, screenBrightnessOverride=NaN, useAutoBrightness=true, mScreenBrightnessBoostInProgress=false, mIsVrModeEnabled= false, sQuiescent=false
06-13 21:23:09.012 1551 19085 D PowerManagerService: releaseWakeLockInternal: lock=236483346 [j], flags=0x0
06-13 21:23:09.012 1551 19085 D PowerManagerNotifier: onWakeLockReleased: flags=1, tag="j", packageName=com.tencent.android.qqdownloader, ownerUid=10092, ownerPid=17024, workSource=null
06-13 21:23:09.012 1551 19085 D PowerManagerService: updateWakeLockSummaryLocked: mWakefulness=Awake, mWakeLockSummary=0x1
06-13 21:23:09.012 1551 19085 D PowerManagerService: updateUserActivitySummaryLocked: groupId=0, mWakefulness=Awake, mUserActivitySummary=0x1, nextTimeout=71760743 (in 49803 ms)
06-13 21:23:09.012 1551 19085 D PowerManagerNotifier: onScreenPolicyUpdate: newPolicy=3
06-13 21:23:09.013 1551 19085 D PowerManagerService: updateDisplayPowerStateLocked: displayReady=true, groupId=0, policy=BRIGHT, mWakefulness=Awake, mWakeLockSummary=0x1, mUserActivitySummary=0x1, mBootCompleted=true, screenBrightnessOverride=NaN, useAutoBrightness=true, mScreenBrightnessBoostInProgress=false, mIsVrModeEnabled= false, sQuiescent=false
06-13 21:23:09.016 1551 2100 D PowerManagerService: releaseWakeLockInternal: lock=120867475 [j], flags=0x0
06-13 21:23:09.016 1551 2100 D PowerManagerNotifier: onWakeLockReleased: flags=1, tag="j", packageName=com.tencent.android.qqdownloader, ownerUid=10092, ownerPid=17024, workSource=null
06-13 21:23:09.016 1551 2100 D PowerManagerService: updateWakeLockSummaryLocked: mWakefulness=Awake, mWakeLockSummary=0x1
06-13 21:23:09.016 1551 2100 D PowerManagerService: updateUserActivitySummaryLocked: groupId=0, mWakefulness=Awake, mUserActivitySummary=0x1, nextTimeout=71760743 (in 49799 ms)
06-13 21:23:09.016 1551 2100 D PowerManagerNotifier: onScreenPolicyUpdate: newPolicy=3
06-13 21:23:09.016 1551 2100 D PowerManagerService: updateDisplayPowerStateLocked: displayReady=true, groupId=0, policy=BRIGHT, mWakefulness=Awake, mWakeLockSummary=0x1, mUserActivitySummary=0x1, mBootCompleted=true, screenBrightnessOverride=NaN, useAutoBrightness=true, mScreenBrightnessBoostInProgress=false, mIsVrModeEnabled= false, sQuiescent=false
06-13 21:23:09.044 1551 19085 D PowerManagerService: releaseWakeLockInternal: lock=205720535 [j], flags=0x0
06-13 21:23:09.044 1551 19085 D PowerManagerNotifier: onWakeLockReleased: flags=1, tag="j", packageName=com.tencent.android.qqdownloader, ownerUid=10092, ownerPid=17024, workSource=null
06-13 21:23:09.044 1551 19085 D PowerManagerService: updateWakeLockSummaryLocked: mWakefulness=Awake, mWakeLockSummary=0x1
06-13 21:23:09.044 1551 19085 D PowerManagerService: updateUserActivitySummaryLocked: groupId=0, mWakefulness=Awake, mUserActivitySummary=0x1, nextTimeout=71760743 (in 49771 ms)
06-13 21:23:09.044 1551 19085 D PowerManagerNotifier: onScreenPolicyUpdate: newPolicy=3
06-13 21:23:09.044 1551 19085 D PowerManagerService: updateDisplayPowerStateLocked: displayReady=true, groupId=0, policy=BRIGHT, mWakefulness=Awake, mWakeLockSummary=0x1, mUserActivitySummary=0x1, mBootCompleted=true, screenBrightnessOverride=NaN, useAutoBrightness=true, mScreenBrightnessBoostInProgress=false, mIsVrModeEnabled= false, sQuiescent=false
06-13 21:23:09.050 1551 19085 D PowerManagerService: acquireWakeLockInternal: lock=215674081, flags=0x1, tag="j", ws=null, uid=10092, pid=17024
06-13 21:23:09.050 1551 19085 D PowerManagerService: updateWakeLockSummaryLocked: mWakefulness=Awake, mWakeLockSummary=0x1
06-13 21:23:09.050 1551 19085 D PowerManagerService: updateUserActivitySummaryLocked: groupId=0, mWakefulness=Awake, mUserActivitySummary=0x1, nextTimeout=71760743 (in 49765 ms)
06-13 21:23:09.050 1551 19085 D PowerManagerNotifier: onScreenPolicyUpdate: newPolicy=3
06-13 21:23:09.050 1551 19085 D PowerManagerService: updateDisplayPowerStateLocked: displayReady=true, groupId=0, policy=BRIGHT, mWakefulness=Awake, mWakeLockSummary=0x1, mUserActivitySummary=0x1, mBootCompleted=true, screenBrightnessOverride=NaN, useAutoBrightness=true, mScreenBrightnessBoostInProgress=false, mIsVrModeEnabled= false, sQuiescent=false
06-13 21:23:09.050 1551 19085 D PowerManagerNotifier: onWakeLockAcquired: flags=1, tag="j", packageName=com.tencent.android.qqdownloader, ownerUid=10092, ownerPid=17024, workSource=null
06-13 21:23:09.052 1551 19085 D PowerManagerService: releaseWakeLockInternal: lock=29397661 [j], flags=0x0
06-13 21:23:09.052 1551 19085 D PowerManagerNotifier: onWakeLockReleased: flags=1, tag="j", packageName=com.tencent.android.qqdownloader, ownerUid=10092, ownerPid=17024, workSource=null
06-13 21:23:09.052 1551 19085 D PowerManagerService: updateWakeLockSummaryLocked: mWakefulness=Awake, mWakeLockSummary=0x1
06-13 21:23:09.052 1551 19085 D PowerManagerService: updateUserActivitySummaryLocked: groupId=0, mWakefulness=Awake, mUserActivitySummary=0x1, nextTimeout=71760743 (in 49763 ms)
06-13 21:23:09.052 1551 19085 D PowerManagerNotifier: onScreenPolicyUpdate: newPolicy=3
06-13 21:23:09.052 1551 19085 D PowerManagerService: updateDisplayPowerStateLocked: displayReady=true, groupId=0, policy=BRIGHT, mWakefulness=Awake, mWakeLockSummary=0x1, mUserActivitySummary=0x1, mBootCompleted=true, screenBrightnessOverride=NaN, useAutoBrightness=true, mScreenBrightnessBoostInProgress=false, mIsVrModeEnabled= false, sQuiescent=false
06-13 21:23:09.088 1551 19085 D PowerManagerService: releaseWakeLockInternal: lock=72112641 [j], flags=0x0
06-13 21:23:09.088 1551 19085 D PowerManagerNotifier: onWakeLockReleased: flags=1, tag="j", packageName=com.tencent.android.qqdownloader, ownerUid=10092, ownerPid=17024, workSource=null
06-13 21:23:09.088 1551 19085 D PowerManagerService: updateWakeLockSummaryLocked: mWakefulness=Awake, mWakeLockSummary=0x1
06-13 21:23:09.088 1551 19085 D PowerManagerService: updateUserActivitySummaryLocked: groupId=0, mWakefulness=Awake, mUserActivitySummary=0x1, nextTimeout=71760743 (in 49727 ms)
06-13 21:23:09.088 1551 19085 D PowerManagerNotifier: onScreenPolicyUpdate: newPolicy=3
06-13 21:23:09.088 1551 19085 D PowerManagerService: updateDisplayPowerStateLocked: displayReady=true, groupId=0, policy=BRIGHT, mWakefulness=Awake, mWakeLockSummary=0x1, mUserActivitySummary=0x1, mBootCompleted=true, screenBrightnessOverride=NaN, useAutoBrightness=true, mScreenBrightnessBoostInProgress=false, mIsVrModeEnabled= false, sQuiescent=false
06-13 21:23:09.090 1551 19338 D PowerManagerService: releaseWakeLockInternal: lock=161170935 [j], flags=0x0
06-13 21:23:09.090 1551 19338 D PowerManagerNotifier: onWakeLockReleased: flags=1, tag="j", packageName=com.tencent.android.qqdownloader, ownerUid=10092, ownerPid=17024, workSource=null
06-13 21:23:09.090 1551 19338 D PowerManagerService: updateWakeLockSummaryLocked: mWakefulness=Awake, mWakeLockSummary=0x1
06-13 21:23:09.090 1551 19338 D PowerManagerService: updateUserActivitySummaryLocked: groupId=0, mWakefulness=Awake, mUserActivitySummary=0x1, nextTimeout=71760743 (in 49725 ms)
06-13 21:23:09.090 1551 19338 D PowerManagerNotifier: onScreenPolicyUpdate: newPolicy=3
06-13 21:23:09.090 1551 19338 D PowerManagerService: updateDisplayPowerStateLocked: displayReady=true, groupId=0, policy=BRIGHT, mWakefulness=Awake, mWakeLockSummary=0x1, mUserActivitySummary=0x1, mBootCompleted=true, screenBrightnessOverride=NaN, useAutoBrightness=true, mScreenBrightnessBoostInProgress=false, mIsVrModeEnabled= false, sQuiescent=false
06-13 21:23:09.145 1551 19085 D PowerManagerService: acquireWakeLockInternal: lock=76060871, flags=0x1, tag="j", ws=null, uid=10092, pid=17024
06-13 21:23:09.145 1551 19085 D PowerManagerService: updateWakeLockSummaryLocked: mWakefulness=Awake, mWakeLockSummary=0x1
06-13 21:23:09.145 1551 19085 D PowerManagerService: updateUserActivitySummaryLocked: groupId=0, mWakefulness=Awake, mUserActivitySummary=0x1, nextTimeout=71760743 (in 49670 ms)
06-13 21:23:09.145 1551 19085 D PowerManagerNotifier: onScreenPolicyUpdate: newPolicy=3
06-13 21:23:09.145 1551 19085 D PowerManagerService: updateDisplayPowerStateLocked: displayReady=true, groupId=0, policy=BRIGHT, mWakefulness=Awake, mWakeLockSummary=0x1, mUserActivitySummary=0x1, mBootCompleted=true, screenBrightnessOverride=NaN, useAutoBrightness=true, mScreenBrightnessBoostInProgress=false, mIsVrModeEnabled= false, sQuiescent=false
06-13 21:23:09.145 1551 19085 D PowerManagerNotifier: onWakeLockAcquired: flags=1, tag="j", packageName=com.tencent.android.qqdownloader, ownerUid=10092, ownerPid=17024, workSource=null
06-13 21:23:09.148 1551 19085 D PowerManagerService: releaseWakeLockInternal: lock=254324566 [j], flags=0x0
06-13 21:23:09.148 1551 19085 D PowerManagerNotifier: onWakeLockReleased: flags=1, tag="j", packageName=com.tencent.android.qqdownloader, ownerUid=10092, ownerPid=17024, workSource=null
06-13 21:23:09.148 1551 19085 D PowerManagerService: updateWakeLockSummaryLocked: mWakefulness=Awake, mWakeLockSummary=0x1
06-13 21:23:09.148 1551 19085 D PowerManagerService: updateUserActivitySummaryLocked: groupId=0, mWakefulness=Awake, mUserActivitySummary=0x1, nextTimeout=71760743 (in 49667 ms)
06-13 21:23:09.148 1551 19085 D PowerManagerNotifier: onScreenPolicyUpdate: newPolicy=3
06-13 21:23:09.148 1551 19085 D PowerManagerService: updateDisplayPowerStateLocked: displayReady=true, groupId=0, policy=BRIGHT, mWakefulness=Awake, mWakeLockSummary=0x1, mUserActivitySummary=0x1, mBootCompleted=true, screenBrightnessOverride=NaN, useAutoBrightness=true, mScreenBrightnessBoostInProgress=false, mIsVrModeEnabled= false, sQuiescent=false
06-13 21:23:09.176 1551 1551 W NotificationService: Removed summary didn't match old notification: old=0|com.tencent.android.qqdownloader|127|null|10092, removed=0|com.tencent.android.qqdownloader|10910|null|10092
06-13 21:23:09.176 1551 1551 I notification_enqueue: [10092,17024,com.tencent.android.qqdownloader,127,NULL,0,Notification(channel=channel_id_default_silent shortcut=null contentView=com.tencent.android.qqdownloader/0x7f0a01c2 vibrate=null sound=null defaults=0x0 flags=0x2a2 color=0x00000000 groupKey=com.tencent.android.qqdownloader vis=PRIVATE),1]
06-13 21:23:09.177 1551 1551 I GameModeConfig: isGameModeOn = false
06-13 21:23:09.191 1551 19085 D PowerManagerService: acquireWakeLockInternal: lock=233568867, flags=0x1, tag="j", ws=null, uid=10092, pid=17024
06-13 21:23:09.191 1551 19085 D PowerManagerService: updateWakeLockSummaryLocked: mWakefulness=Awake, mWakeLockSummary=0x1
06-13 21:23:09.191 1551 19085 D PowerManagerService: updateUserActivitySummaryLocked: groupId=0, mWakefulness=Awake, mUserActivitySummary=0x1, nextTimeout=71760743 (in 49624 ms)
06-13 21:23:09.191 1551 19085 D PowerManagerNotifier: onScreenPolicyUpdate: newPolicy=3
