06-13 21:23:09.191 1551 19085 D PowerManagerService: updateDisplayPowerStateLocked: displayReady=true, groupId=0, policy=BRIGHT, mWakefulness=Awake, mWakeLockSummary=0x1, mUserActivitySummary=0x1, mBootCompleted=true, screenBrightnessOverride=NaN, useAutoBrightness=true, mScreenBrightnessBoostInProgress=false, mIsVrModeEnabled= false, sQuiescent=false
06-13 21:23:09.191 1551 19085 D PowerManagerNotifier: onWakeLockAcquired: flags=1, tag="j", packageName=com.tencent.android.qqdownloader, ownerUid=10092, ownerPid=17024, workSource=null
06-13 21:23:09.256 1551 19085 D PowerManagerService: releaseWakeLockInternal: lock=215674081 [j], flags=0x0
06-13 21:23:09.256 1551 19085 D PowerManagerNotifier: onWakeLockReleased: flags=1, tag="j", packageName=com.tencent.android.qqdownloader, ownerUid=10092, ownerPid=17024, workSource=null
06-13 21:23:09.256 1551 19085 D PowerManagerService: updateWakeLockSummaryLocked: mWakefulness=Awake, mWakeLockSummary=0x1
06-13 21:23:09.256 1551 19085 D PowerManagerService: updateUserActivitySummaryLocked: groupId=0, mWakefulness=Awake, mUserActivitySummary=0x1, nextTimeout=71760743 (in 49559 ms)
06-13 21:23:09.257 1551 19085 D PowerManagerNotifier: onScreenPolicyUpdate: newPolicy=3
06-13 21:23:09.257 1551 19085 D PowerManagerService: updateDisplayPowerStateLocked: displayReady=true, groupId=0, policy=BRIGHT, mWakefulness=Awake, mWakeLockSummary=0x1, mUserActivitySummary=0x1, mBootCompleted=true, screenBrightnessOverride=NaN, useAutoBrightness=true, mScreenBrightnessBoostInProgress=false, mIsVrModeEnabled= false, sQuiescent=false
06-13 21:23:09.257 1551 2100 D PowerManagerService: releaseWakeLockInternal: lock=233568867 [j], flags=0x0
06-13 21:23:09.257 1551 2100 D PowerManagerNotifier: onWakeLockReleased: flags=1, tag="j", packageName=com.tencent.android.qqdownloader, ownerUid=10092, ownerPid=17024, workSource=null
06-13 21:23:09.257 1551 2100 D PowerManagerService: updateWakeLockSummaryLocked: mWakefulness=Awake, mWakeLockSummary=0x1
06-13 21:23:09.257 1551 2100 D PowerManagerService: updateUserActivitySummaryLocked: groupId=0, mWakefulness=Awake, mUserActivitySummary=0x1, nextTimeout=71760743 (in 49558 ms)
06-13 21:23:09.257 1551 2100 D PowerManagerNotifier: onScreenPolicyUpdate: newPolicy=3
06-13 21:23:09.257 1551 2100 D PowerManagerService: updateDisplayPowerStateLocked: displayReady=true, groupId=0, policy=BRIGHT, mWakefulness=Awake, mWakeLockSummary=0x1, mUserActivitySummary=0x1, mBootCompleted=true, screenBrightnessOverride=NaN, useAutoBrightness=true, mScreenBrightnessBoostInProgress=false, mIsVrModeEnabled= false, sQuiescent=false
06-13 21:23:09.274 1551 2100 D PowerManagerService: acquireWakeLockInternal: lock=116086553, flags=0x1, tag="j", ws=null, uid=10092, pid=17024
06-13 21:23:09.275 1551 2100 D PowerManagerService: updateWakeLockSummaryLocked: mWakefulness=Awake, mWakeLockSummary=0x1
06-13 21:23:09.275 1551 2100 D PowerManagerService: updateUserActivitySummaryLocked: groupId=0, mWakefulness=Awake, mUserActivitySummary=0x1, nextTimeout=71760743 (in 49541 ms)
06-13 21:23:09.275 1551 2100 D PowerManagerNotifier: onScreenPolicyUpdate: newPolicy=3
06-13 21:23:09.275 1551 2100 D PowerManagerService: updateDisplayPowerStateLocked: displayReady=true, groupId=0, policy=BRIGHT, mWakefulness=Awake, mWakeLockSummary=0x1, mUserActivitySummary=0x1, mBootCompleted=true, screenBrightnessOverride=NaN, useAutoBrightness=true, mScreenBrightnessBoostInProgress=false, mIsVrModeEnabled= false, sQuiescent=false
06-13 21:23:09.275 1551 2100 D PowerManagerNotifier: onWakeLockAcquired: flags=1, tag="j", packageName=com.tencent.android.qqdownloader, ownerUid=10092, ownerPid=17024, workSource=null
06-13 21:23:09.281 1551 2100 D PowerManagerService: acquireWakeLockInternal: lock=219407326, flags=0x1, tag="j", ws=null, uid=10092, pid=17024
06-13 21:23:09.281 1551 2100 D PowerManagerService: updateWakeLockSummaryLocked: mWakefulness=Awake, mWakeLockSummary=0x1
06-13 21:23:09.281 1551 2100 D PowerManagerService: updateUserActivitySummaryLocked: groupId=0, mWakefulness=Awake, mUserActivitySummary=0x1, nextTimeout=71760743 (in 49534 ms)
06-13 21:23:09.281 1551 2100 D PowerManagerNotifier: onScreenPolicyUpdate: newPolicy=3
06-13 21:23:09.281 1551 2100 D PowerManagerService: updateDisplayPowerStateLocked: displayReady=true, groupId=0, policy=BRIGHT, mWakefulness=Awake, mWakeLockSummary=0x1, mUserActivitySummary=0x1, mBootCompleted=true, screenBrightnessOverride=NaN, useAutoBrightness=true, mScreenBrightnessBoostInProgress=false, mIsVrModeEnabled= false, sQuiescent=false
06-13 21:23:09.281 1551 2100 D PowerManagerNotifier: onWakeLockAcquired: flags=1, tag="j", packageName=com.tencent.android.qqdownloader, ownerUid=10092, ownerPid=17024, workSource=null
06-13 21:23:09.315 1551 2100 D PowerManagerService: releaseWakeLockInternal: lock=76060871 [j], flags=0x0
06-13 21:23:09.315 1551 2100 D PowerManagerNotifier: onWakeLockReleased: flags=1, tag="j", packageName=com.tencent.android.qqdownloader, ownerUid=10092, ownerPid=17024, workSource=null
06-13 21:23:09.315 1551 2100 D PowerManagerService: updateWakeLockSummaryLocked: mWakefulness=Awake, mWakeLockSummary=0x1
06-13 21:23:09.315 1551 2100 D PowerManagerService: updateUserActivitySummaryLocked: groupId=0, mWakefulness=Awake, mUserActivitySummary=0x1, nextTimeout=71760743 (in 49500 ms)
06-13 21:23:09.315 1551 2100 D PowerManagerNotifier: onScreenPolicyUpdate: newPolicy=3
06-13 21:23:09.315 1551 2100 D PowerManagerService: updateDisplayPowerStateLocked: displayReady=true, groupId=0, policy=BRIGHT, mWakefulness=Awake, mWakeLockSummary=0x1, mUserActivitySummary=0x1, mBootCompleted=true, screenBrightnessOverride=NaN, useAutoBrightness=true, mScreenBrightnessBoostInProgress=false, mIsVrModeEnabled= false, sQuiescent=false
06-13 21:23:09.336 1551 2100 D PowerManagerService: acquireWakeLockInternal: lock=211409343, flags=0x1, tag="j", ws=null, uid=10092, pid=17024
06-13 21:23:09.336 1551 2100 D PowerManagerService: updateWakeLockSummaryLocked: mWakefulness=Awake, mWakeLockSummary=0x1
06-13 21:23:09.336 1551 2100 D PowerManagerService: updateUserActivitySummaryLocked: groupId=0, mWakefulness=Awake, mUserActivitySummary=0x1, nextTimeout=71760743 (in 49479 ms)
06-13 21:23:09.337 1551 2100 D PowerManagerNotifier: onScreenPolicyUpdate: newPolicy=3
06-13 21:23:09.337 1551 2100 D PowerManagerService: updateDisplayPowerStateLocked: displayReady=true, groupId=0, policy=BRIGHT, mWakefulness=Awake, mWakeLockSummary=0x1, mUserActivitySummary=0x1, mBootCompleted=true, screenBrightnessOverride=NaN, useAutoBrightness=true, mScreenBrightnessBoostInProgress=false, mIsVrModeEnabled= false, sQuiescent=false
06-13 21:23:09.337 1551 2100 D PowerManagerNotifier: onWakeLockAcquired: flags=1, tag="j", packageName=com.tencent.android.qqdownloader, ownerUid=10092, ownerPid=17024, workSource=null
06-13 21:23:09.337 1551 2100 D PowerManagerService: acquireWakeLockInternal: lock=110368908, flags=0x1, tag="j", ws=null, uid=10092, pid=17024
06-13 21:23:09.337 1551 2100 D PowerManagerService: updateWakeLockSummaryLocked: mWakefulness=Awake, mWakeLockSummary=0x1
06-13 21:23:09.337 1551 2100 D PowerManagerService: updateUserActivitySummaryLocked: groupId=0, mWakefulness=Awake, mUserActivitySummary=0x1, nextTimeout=71760743 (in 49478 ms)
06-13 21:23:09.337 1551 2100 D PowerManagerNotifier: onScreenPolicyUpdate: newPolicy=3
06-13 21:23:09.337 1551 2100 D PowerManagerService: updateDisplayPowerStateLocked: displayReady=true, groupId=0, policy=BRIGHT, mWakefulness=Awake, mWakeLockSummary=0x1, mUserActivitySummary=0x1, mBootCompleted=true, screenBrightnessOverride=NaN, useAutoBrightness=true, mScreenBrightnessBoostInProgress=false, mIsVrModeEnabled= false, sQuiescent=false
06-13 21:23:09.337 1551 2100 D PowerManagerNotifier: onWakeLockAcquired: flags=1, tag="j", packageName=com.tencent.android.qqdownloader, ownerUid=10092, ownerPid=17024, workSource=null
06-13 21:23:09.343 1551 2100 D PowerManagerService: releaseWakeLockInternal: lock=116086553 [j], flags=0x0
06-13 21:23:09.343 1551 2100 D PowerManagerNotifier: onWakeLockReleased: flags=1, tag="j", packageName=com.tencent.android.qqdownloader, ownerUid=10092, ownerPid=17024, workSource=null
06-13 21:23:09.343 1551 2100 D PowerManagerService: updateWakeLockSummaryLocked: mWakefulness=Awake, mWakeLockSummary=0x1
06-13 21:23:09.343 1551 2100 D PowerManagerService: updateUserActivitySummaryLocked: groupId=0, mWakefulness=Awake, mUserActivitySummary=0x1, nextTimeout=71760743 (in 49472 ms)
06-13 21:23:09.343 1551 2100 D PowerManagerNotifier: onScreenPolicyUpdate: newPolicy=3
06-13 21:23:09.343 1551 2100 D PowerManagerService: updateDisplayPowerStateLocked: displayReady=true, groupId=0, policy=BRIGHT, mWakefulness=Awake, mWakeLockSummary=0x1, mUserActivitySummary=0x1, mBootCompleted=true, screenBrightnessOverride=NaN, useAutoBrightness=true, mScreenBrightnessBoostInProgress=false, mIsVrModeEnabled= false, sQuiescent=false
06-13 21:23:09.348 1551 2100 D PowerManagerService: releaseWakeLockInternal: lock=219407326 [j], flags=0x0
06-13 21:23:09.348 1551 2100 D PowerManagerNotifier: onWakeLockReleased: flags=1, tag="j", packageName=com.tencent.android.qqdownloader, ownerUid=10092, ownerPid=17024, workSource=null
06-13 21:23:09.349 1551 2100 D PowerManagerService: updateWakeLockSummaryLocked: mWakefulness=Awake, mWakeLockSummary=0x1
06-13 21:23:09.349 1551 2100 D PowerManagerService: updateUserActivitySummaryLocked: groupId=0, mWakefulness=Awake, mUserActivitySummary=0x1, nextTimeout=71760743 (in 49467 ms)
06-13 21:23:09.349 1551 2100 D PowerManagerNotifier: onScreenPolicyUpdate: newPolicy=3
06-13 21:23:09.349 1551 2100 D PowerManagerService: updateDisplayPowerStateLocked: displayReady=true, groupId=0, policy=BRIGHT, mWakefulness=Awake, mWakeLockSummary=0x1, mUserActivitySummary=0x1, mBootCompleted=true, screenBrightnessOverride=NaN, useAutoBrightness=true, mScreenBrightnessBoostInProgress=false, mIsVrModeEnabled= false, sQuiescent=false
06-13 21:23:09.377 1551 1551 I GameModeConfig: isGameModeOn = false
06-13 21:23:09.413 1551 19085 D PowerManagerService: releaseWakeLockInternal: lock=211409343 [j], flags=0x0
06-13 21:23:09.413 1551 19085 D PowerManagerNotifier: onWakeLockReleased: flags=1, tag="j", packageName=com.tencent.android.qqdownloader, ownerUid=10092, ownerPid=17024, workSource=null
06-13 21:23:09.414 1551 19085 D PowerManagerService: updateWakeLockSummaryLocked: mWakefulness=Awake, mWakeLockSummary=0x1
06-13 21:23:09.414 1551 19085 D PowerManagerService: updateUserActivitySummaryLocked: groupId=0, mWakefulness=Awake, mUserActivitySummary=0x1, nextTimeout=71760743 (in 49402 ms)
06-13 21:23:09.414 1551 19085 D PowerManagerNotifier: onScreenPolicyUpdate: newPolicy=3
06-13 21:23:09.414 1551 19085 D PowerManagerService: updateDisplayPowerStateLocked: displayReady=true, groupId=0, policy=BRIGHT, mWakefulness=Awake, mWakeLockSummary=0x1, mUserActivitySummary=0x1, mBootCompleted=true, screenBrightnessOverride=NaN, useAutoBrightness=true, mScreenBrightnessBoostInProgress=false, mIsVrModeEnabled= false, sQuiescent=false
06-13 21:23:09.421 1551 19085 D PowerManagerService: releaseWakeLockInternal: lock=110368908 [j], flags=0x0
06-13 21:23:09.421 1551 19085 D PowerManagerNotifier: onWakeLockReleased: flags=1, tag="j", packageName=com.tencent.android.qqdownloader, ownerUid=10092, ownerPid=17024, workSource=null
06-13 21:23:09.421 1551 19085 D PowerManagerService: updateWakeLockSummaryLocked: mWakefulness=Awake, mWakeLockSummary=0x1
06-13 21:23:09.421 1551 19085 D PowerManagerService: updateUserActivitySummaryLocked: groupId=0, mWakefulness=Awake, mUserActivitySummary=0x1, nextTimeout=71760743 (in 49394 ms)
06-13 21:23:09.421 1551 19085 D PowerManagerNotifier: onScreenPolicyUpdate: newPolicy=3
06-13 21:23:09.421 1551 19085 D PowerManagerService: updateDisplayPowerStateLocked: displayReady=true, groupId=0, policy=BRIGHT, mWakefulness=Awake, mWakeLockSummary=0x1, mUserActivitySummary=0x1, mBootCompleted=true, screenBrightnessOverride=NaN, useAutoBrightness=true, mScreenBrightnessBoostInProgress=false, mIsVrModeEnabled= false, sQuiescent=false
06-13 21:23:09.461 17024 17061 E ActivityThread: Failed to find provider info for com.android.badge
06-13 21:23:09.463 17024 17060 E ActivityThread: Failed to find provider info for com.android.badge
06-13 21:23:09.467 1551 19085 D PowerManagerService: acquireWakeLockInternal: lock=80825301, flags=0x1, tag="j", ws=null, uid=10092, pid=17024
06-13 21:23:09.467 1551 19085 D PowerManagerService: updateWakeLockSummaryLocked: mWakefulness=Awake, mWakeLockSummary=0x1
06-13 21:23:09.467 1551 19085 D PowerManagerService: updateUserActivitySummaryLocked: groupId=0, mWakefulness=Awake, mUserActivitySummary=0x1, nextTimeout=71760743 (in 49348 ms)
06-13 21:23:09.467 1551 19085 D PowerManagerNotifier: onScreenPolicyUpdate: newPolicy=3
06-13 21:23:09.467 1551 19085 D PowerManagerService: updateDisplayPowerStateLocked: displayReady=true, groupId=0, policy=BRIGHT, mWakefulness=Awake, mWakeLockSummary=0x1, mUserActivitySummary=0x1, mBootCompleted=true, screenBrightnessOverride=NaN, useAutoBrightness=true, mScreenBrightnessBoostInProgress=false, mIsVrModeEnabled= false, sQuiescent=false
06-13 21:23:09.467 1551 19085 D PowerManagerNotifier: onWakeLockAcquired: flags=1, tag="j", packageName=com.tencent.android.qqdownloader, ownerUid=10092, ownerPid=17024, workSource=null
06-13 21:23:09.487 1551 19085 D PowerManagerService: acquireWakeLockInternal: lock=234250218, flags=0x1, tag="j", ws=null, uid=10092, pid=17024
06-13 21:23:09.487 1551 19085 D PowerManagerService: updateWakeLockSummaryLocked: mWakefulness=Awake, mWakeLockSummary=0x1
06-13 21:23:09.487 1551 19085 D PowerManagerService: updateUserActivitySummaryLocked: groupId=0, mWakefulness=Awake, mUserActivitySummary=0x1, nextTimeout=71760743 (in 49328 ms)
06-13 21:23:09.487 1551 19085 D PowerManagerNotifier: onScreenPolicyUpdate: newPolicy=3
06-13 21:23:09.488 1551 19085 D PowerManagerService: updateDisplayPowerStateLocked: displayReady=true, groupId=0, policy=BRIGHT, mWakefulness=Awake, mWakeLockSummary=0x1, mUserActivitySummary=0x1, mBootCompleted=true, screenBrightnessOverride=NaN, useAutoBrightness=true, mScreenBrightnessBoostInProgress=false, mIsVrModeEnabled= false, sQuiescent=false
06-13 21:23:09.488 1551 19085 D PowerManagerNotifier: onWakeLockAcquired: flags=1, tag="j", packageName=com.tencent.android.qqdownloader, ownerUid=10092, ownerPid=17024, workSource=null
06-13 21:23:09.553 1551 19085 D PowerManagerService: releaseWakeLockInternal: lock=80825301 [j], flags=0x0
06-13 21:23:09.554 1551 19085 D PowerManagerNotifier: onWakeLockReleased: flags=1, tag="j", packageName=com.tencent.android.qqdownloader, ownerUid=10092, ownerPid=17024, workSource=null
06-13 21:23:09.554 1551 19085 D PowerManagerService: updateWakeLockSummaryLocked: mWakefulness=Awake, mWakeLockSummary=0x1
06-13 21:23:09.554 1551 19085 D PowerManagerService: updateUserActivitySummaryLocked: groupId=0, mWakefulness=Awake, mUserActivitySummary=0x1, nextTimeout=71760743 (in 49261 ms)
06-13 21:23:09.554 1551 19085 D PowerManagerNotifier: onScreenPolicyUpdate: newPolicy=3
06-13 21:23:09.554 1551 19085 D PowerManagerService: updateDisplayPowerStateLocked: displayReady=true, groupId=0, policy=BRIGHT, mWakefulness=Awake, mWakeLockSummary=0x1, mUserActivitySummary=0x1, mBootCompleted=true, screenBrightnessOverride=NaN, useAutoBrightness=true, mScreenBrightnessBoostInProgress=false, mIsVrModeEnabled= false, sQuiescent=false
06-13 21:23:09.555 1551 2100 D PowerManagerService: releaseWakeLockInternal: lock=234250218 [j], flags=0x0
06-13 21:23:09.555 1551 2100 D PowerManagerNotifier: onWakeLockReleased: flags=1, tag="j", packageName=com.tencent.android.qqdownloader, ownerUid=10092, ownerPid=17024, workSource=null
06-13 21:23:09.556 1551 2100 D PowerManagerService: updateWakeLockSummaryLocked: mWakefulness=Awake, mWakeLockSummary=0x1
06-13 21:23:09.556 1551 2100 D PowerManagerService: updateUserActivitySummaryLocked: groupId=0, mWakefulness=Awake, mUserActivitySummary=0x1, nextTimeout=71760743 (in 49260 ms)
06-13 21:23:09.556 1551 2100 D PowerManagerNotifier: onScreenPolicyUpdate: newPolicy=3
06-13 21:23:09.556 1551 2100 D PowerManagerService: updateDisplayPowerStateLocked: displayReady=true, groupId=0, policy=BRIGHT, mWakefulness=Awake, mWakeLockSummary=0x1, mUserActivitySummary=0x1, mBootCompleted=true, screenBrightnessOverride=NaN, useAutoBrightness=true, mScreenBrightnessBoostInProgress=false, mIsVrModeEnabled= false, sQuiescent=false
06-13 21:23:09.576 17024 17057 E ActivityThread: Failed to find provider info for com.android.badge
06-13 21:23:09.595 1551 2100 D PowerManagerService: acquireWakeLockInternal: lock=203182811, flags=0x1, tag="j", ws=null, uid=10092, pid=17024
06-13 21:23:09.595 1551 2100 D PowerManagerService: updateWakeLockSummaryLocked: mWakefulness=Awake, mWakeLockSummary=0x1
06-13 21:23:09.595 1551 2100 D PowerManagerService: updateUserActivitySummaryLocked: groupId=0, mWakefulness=Awake, mUserActivitySummary=0x1, nextTimeout=71760743 (in 49220 ms)
06-13 21:23:09.595 1551 2100 D PowerManagerNotifier: onScreenPolicyUpdate: newPolicy=3
06-13 21:23:09.595 1551 2100 D PowerManagerService: updateDisplayPowerStateLocked: displayReady=true, groupId=0, policy=BRIGHT, mWakefulness=Awake, mWakeLockSummary=0x1, mUserActivitySummary=0x1, mBootCompleted=true, screenBrightnessOverride=NaN, useAutoBrightness=true, mScreenBrightnessBoostInProgress=false, mIsVrModeEnabled= false, sQuiescent=false
06-13 21:23:09.595 1551 2100 D PowerManagerNotifier: onWakeLockAcquired: flags=1, tag="j", packageName=com.tencent.android.qqdownloader, ownerUid=10092, ownerPid=17024, workSource=null
06-13 21:23:09.617 17024 17060 E ActivityThread: Failed to find provider info for com.android.badge
06-13 21:23:09.629 1551 2100 D PowerManagerService: acquireWakeLockInternal: lock=162541944, flags=0x1, tag="j", ws=null, uid=10092, pid=17024
06-13 21:23:09.630 1551 2100 D PowerManagerService: updateWakeLockSummaryLocked: mWakefulness=Awake, mWakeLockSummary=0x1
06-13 21:23:09.630 1551 2100 D PowerManagerService: updateUserActivitySummaryLocked: groupId=0, mWakefulness=Awake, mUserActivitySummary=0x1, nextTimeout=71760743 (in 49186 ms)
06-13 21:23:09.630 1551 2100 D PowerManagerNotifier: onScreenPolicyUpdate: newPolicy=3
06-13 21:23:09.630 1551 2100 D PowerManagerService: updateDisplayPowerStateLocked: displayReady=true, groupId=0, policy=BRIGHT, mWakefulness=Awake, mWakeLockSummary=0x1, mUserActivitySummary=0x1, mBootCompleted=true, screenBrightnessOverride=NaN, useAutoBrightness=true, mScreenBrightnessBoostInProgress=false, mIsVrModeEnabled= false, sQuiescent=false
06-13 21:23:09.630 1551 2100 D PowerManagerNotifier: onWakeLockAcquired: flags=1, tag="j", packageName=com.tencent.android.qqdownloader, ownerUid=10092, ownerPid=17024, workSource=null
06-13 21:23:09.662 1551 2100 D PowerManagerService: releaseWakeLockInternal: lock=203182811 [j], flags=0x0
06-13 21:23:09.662 1551 2100 D PowerManagerNotifier: onWakeLockReleased: flags=1, tag="j", packageName=com.tencent.android.qqdownloader, ownerUid=10092, ownerPid=17024, workSource=null
06-13 21:23:09.663 1551 2100 D PowerManagerService: updateWakeLockSummaryLocked: mWakefulness=Awake, mWakeLockSummary=0x1
06-13 21:23:09.663 1551 2100 D PowerManagerService: updateUserActivitySummaryLocked: groupId=0, mWakefulness=Awake, mUserActivitySummary=0x1, nextTimeout=71760743 (in 49153 ms)
06-13 21:23:09.663 1551 2100 D PowerManagerNotifier: onScreenPolicyUpdate: newPolicy=3
06-13 21:23:09.663 1551 2100 D PowerManagerService: updateDisplayPowerStateLocked: displayReady=true, groupId=0, policy=BRIGHT, mWakefulness=Awake, mWakeLockSummary=0x1, mUserActivitySummary=0x1, mBootCompleted=true, screenBrightnessOverride=NaN, useAutoBrightness=true, mScreenBrightnessBoostInProgress=false, mIsVrModeEnabled= false, sQuiescent=false
06-13 21:23:09.704 1551 2100 D PowerManagerService: releaseWakeLockInternal: lock=162541944 [j], flags=0x0
06-13 21:23:09.704 1551 2100 D PowerManagerNotifier: onWakeLockReleased: flags=1, tag="j", packageName=com.tencent.android.qqdownloader, ownerUid=10092, ownerPid=17024, workSource=null
06-13 21:23:09.704 1551 2100 D PowerManagerService: updateWakeLockSummaryLocked: mWakefulness=Awake, mWakeLockSummary=0x1
06-13 21:23:09.704 1551 2100 D PowerManagerService: updateUserActivitySummaryLocked: groupId=0, mWakefulness=Awake, mUserActivitySummary=0x1, nextTimeout=71760743 (in 49111 ms)
06-13 21:23:09.705 1551 2100 D PowerManagerNotifier: onScreenPolicyUpdate: newPolicy=3
06-13 21:23:09.705 1551 2100 D PowerManagerService: updateDisplayPowerStateLocked: displayReady=true, groupId=0, policy=BRIGHT, mWakefulness=Awake, mWakeLockSummary=0x1, mUserActivitySummary=0x1, mBootCompleted=true, screenBrightnessOverride=NaN, useAutoBrightness=true, mScreenBrightnessBoostInProgress=false, mIsVrModeEnabled= false, sQuiescent=false
06-13 21:23:10.185 1551 1551 I notification_enqueue: [10092,17024,com.tencent.android.qqdownloader,127,NULL,0,Notification(channel=channel_id_default_silent shortcut=null contentView=com.tencent.android.qqdownloader/0x7f0a01c2 vibrate=null sound=null defaults=0x0 flags=0x2a2 color=0x00000000 groupKey=com.tencent.android.qqdownloader vis=PRIVATE),1]
06-13 21:23:10.289 1551 1686 I am_uid_idle: 10062
06-13 21:23:10.300 0 0 E [71712.224316] link_delay_work_func: DTC_ETH: SQI=0, link=0
06-13 21:23:10.387 1551 1551 I GameModeConfig: isGameModeOn = false
06-13 21:23:10.705 1551 19085 D PowerManagerService: acquireWakeLockInternal: lock=166187089, flags=0x1, tag="j", ws=null, uid=10092, pid=17024
06-13 21:23:10.705 1551 19085 D PowerManagerService: updateWakeLockSummaryLocked: mWakefulness=Awake, mWakeLockSummary=0x1
06-13 21:23:10.705 1551 19085 D PowerManagerService: updateUserActivitySummaryLocked: groupId=0, mWakefulness=Awake, mUserActivitySummary=0x1, nextTimeout=71760743 (in 48110 ms)
06-13 21:23:10.706 1551 19085 D PowerManagerNotifier: onScreenPolicyUpdate: newPolicy=3
06-13 21:23:10.706 1551 19085 D PowerManagerService: updateDisplayPowerStateLocked: displayReady=true, groupId=0, policy=BRIGHT, mWakefulness=Awake, mWakeLockSummary=0x1, mUserActivitySummary=0x1, mBootCompleted=true, screenBrightnessOverride=NaN, useAutoBrightness=true, mScreenBrightnessBoostInProgress=false, mIsVrModeEnabled= false, sQuiescent=false
06-13 21:23:10.706 1551 19085 D PowerManagerNotifier: onWakeLockAcquired: flags=1, tag="j", packageName=com.tencent.android.qqdownloader, ownerUid=10092, ownerPid=17024, workSource=null
06-13 21:23:10.792 1551 19085 D PowerManagerService: releaseWakeLockInternal: lock=166187089 [j], flags=0x0
06-13 21:23:10.792 1551 19085 D PowerManagerNotifier: onWakeLockReleased: flags=1, tag="j", packageName=com.tencent.android.qqdownloader, ownerUid=10092, ownerPid=17024, workSource=null
06-13 21:23:10.792 1551 19085 D PowerManagerService: updateWakeLockSummaryLocked: mWakefulness=Awake, mWakeLockSummary=0x1
06-13 21:23:10.792 1551 19085 D PowerManagerService: updateUserActivitySummaryLocked: groupId=0, mWakefulness=Awake, mUserActivitySummary=0x1, nextTimeout=71760743 (in 48023 ms)
06-13 21:23:10.793 1551 19085 D PowerManagerNotifier: onScreenPolicyUpdate: newPolicy=3
06-13 21:23:10.793 1551 19085 D PowerManagerService: updateDisplayPowerStateLocked: displayReady=true, groupId=0, policy=BRIGHT, mWakefulness=Awake, mWakeLockSummary=0x1, mUserActivitySummary=0x1, mBootCompleted=true, screenBrightnessOverride=NaN, useAutoBrightness=true, mScreenBrightnessBoostInProgress=false, mIsVrModeEnabled= false, sQuiescent=false
06-13 21:23:11.197 1551 1551 I notification_enqueue: [10092,17024,com.tencent.android.qqdownloader,127,NULL,0,Notification(channel=channel_id_default_silent shortcut=null contentView=com.tencent.android.qqdownloader/0x7f0a01c2 vibrate=null sound=null defaults=0x0 flags=0x2a2 color=0x00000000 groupKey=com.tencent.android.qqdownloader vis=PRIVATE),1]
06-13 21:23:11.399 1551 1551 I GameModeConfig: isGameModeOn = false
06-13 21:23:12.261 1551 19085 D PowerManagerService: acquireWakeLockInternal: lock=209928631, flags=0x1, tag="j", ws=null, uid=10092, pid=17024
06-13 21:23:12.261 1551 19085 D PowerManagerService: updateWakeLockSummaryLocked: mWakefulness=Awake, mWakeLockSummary=0x1
06-13 21:23:12.261 1551 19085 D PowerManagerService: updateUserActivitySummaryLocked: groupId=0, mWakefulness=Awake, mUserActivitySummary=0x1, nextTimeout=71760743 (in 46554 ms)
06-13 21:23:12.261 1551 19085 D PowerManagerNotifier: onScreenPolicyUpdate: newPolicy=3
06-13 21:23:12.261 1551 19085 D PowerManagerService: updateDisplayPowerStateLocked: displayReady=true, groupId=0, policy=BRIGHT, mWakefulness=Awake, mWakeLockSummary=0x1, mUserActivitySummary=0x1, mBootCompleted=true, screenBrightnessOverride=NaN, useAutoBrightness=true, mScreenBrightnessBoostInProgress=false, mIsVrModeEnabled= false, sQuiescent=false
06-13 21:23:12.261 1551 19085 D PowerManagerNotifier: onWakeLockAcquired: flags=1, tag="j", packageName=com.tencent.android.qqdownloader, ownerUid=10092, ownerPid=17024, workSource=null
06-13 21:23:12.552 0 0 I [71714.476423] init: processing action (sys.tlog.tlogdshc.active=1) from (/system/etc/init/tlogd.rc:195)
06-13 21:23:12.552 0 0 I [71714.477182] init: starting service 'tlogdshc'...
06-13 21:23:12.676 0 0 I [71714.601897] init: Service 'tlogdshc' (pid 27272) exited with status 0 oneshot service took 0.121000 seconds in background
06-13 21:23:12.676 0 0 I [71714.601922] init: Sending signal 9 to service 'tlogdshc' (pid 27272) process group...
06-13 21:23:12.676 0 0 I [71714.602093] libprocessgroup: Successfully killed process cgroup uid 0 pid 27272 in 0ms
06-13 21:23:14.392 1551 19085 D PowerManagerService: releaseWakeLockInternal: lock=209928631 [j], flags=0x0
06-13 21:23:14.392 1551 19085 D PowerManagerNotifier: onWakeLockReleased: flags=1, tag="j", packageName=com.tencent.android.qqdownloader, ownerUid=10092, ownerPid=17024, workSource=null
06-13 21:23:14.393 1551 19085 D PowerManagerService: updateWakeLockSummaryLocked: mWakefulness=Awake, mWakeLockSummary=0x1
06-13 21:23:14.393 1551 19085 D PowerManagerService: updateUserActivitySummaryLocked: groupId=0, mWakefulness=Awake, mUserActivitySummary=0x1, nextTimeout=71760743 (in 44423 ms)
06-13 21:23:14.393 1551 19085 D PowerManagerNotifier: onScreenPolicyUpdate: newPolicy=3
06-13 21:23:14.393 1551 19085 D PowerManagerService: updateDisplayPowerStateLocked: displayReady=true, groupId=0, policy=BRIGHT, mWakefulness=Awake, mWakeLockSummary=0x1, mUserActivitySummary=0x1, mBootCompleted=true, screenBrightnessOverride=NaN, useAutoBrightness=true, mScreenBrightnessBoostInProgress=false, mIsVrModeEnabled= false, sQuiescent=false
06-13 21:23:15.052 1551 1843 D PowerManagerService: acquireWakeLockInternal: lock=44770345, flags=0x1, tag="NetworkStats", ws=null, uid=1000, pid=1551
06-13 21:23:15.052 1551 1843 D PowerManagerService: updateWakeLockSummaryLocked: mWakefulness=Awake, mWakeLockSummary=0x1
06-13 21:23:15.052 1551 1843 D PowerManagerService: updateUserActivitySummaryLocked: groupId=0, mWakefulness=Awake, mUserActivitySummary=0x1, nextTimeout=71760743 (in 43763 ms)
06-13 21:23:15.052 1551 1843 D PowerManagerNotifier: onScreenPolicyUpdate: newPolicy=3
06-13 21:23:15.052 1551 1843 D PowerManagerService: updateDisplayPowerStateLocked: displayReady=true, groupId=0, policy=BRIGHT, mWakefulness=Awake, mWakeLockSummary=0x1, mUserActivitySummary=0x1, mBootCompleted=true, screenBrightnessOverride=NaN, useAutoBrightness=true, mScreenBrightnessBoostInProgress=false, mIsVrModeEnabled= false, sQuiescent=false
06-13 21:23:15.053 1551 1843 D PowerManagerNotifier: onWakeLockAcquired: flags=1, tag="NetworkStats", packageName=android, ownerUid=1000, ownerPid=1551, workSource=null
06-13 21:23:15.071 1551 1843 I netstats_mobile_sample: [0,0,0,0,0,0,0,0,0,0,0,0,1686662595071]
06-13 21:23:15.071 1551 1843 I netstats_wifi_sample: [11015251900,7844552,149418024,2344741,11015251900,7844552,149418024,2344741,11172653230,8043756,148577978,2340845,1686662595071]
06-13 21:23:15.071 1551 1843 D PowerManagerService: releaseWakeLockInternal: lock=44770345 [NetworkStats], flags=0x0
06-13 21:23:15.071 1551 1843 D PowerManagerNotifier: onWakeLockReleased: flags=1, tag="NetworkStats", packageName=android, ownerUid=1000, ownerPid=1551, workSource=null
06-13 21:23:15.072 1551 1843 D PowerManagerService: updateWakeLockSummaryLocked: mWakefulness=Awake, mWakeLockSummary=0x1
06-13 21:23:15.073 1551 1843 D PowerManagerService: updateUserActivitySummaryLocked: groupId=0, mWakefulness=Awake, mUserActivitySummary=0x1, nextTimeout=71760743 (in 43743 ms)
06-13 21:23:15.073 1551 1843 D PowerManagerNotifier: onScreenPolicyUpdate: newPolicy=3
06-13 21:23:15.073 1551 1843 D PowerManagerService: updateDisplayPowerStateLocked: displayReady=true, groupId=0, policy=BRIGHT, mWakefulness=Awake, mWakeLockSummary=0x1, mUserActivitySummary=0x1, mBootCompleted=true, screenBrightnessOverride=NaN, useAutoBrightness=true, mScreenBrightnessBoostInProgress=false, mIsVrModeEnabled= false, sQuiescent=false
06-13 21:23:15.420 0 0 E [71717.344568] link_delay_work_func: DTC_ETH: SQI=0, link=0
06-13 21:23:20.540 0 0 E [71722.464403] link_delay_work_func: DTC_ETH: SQI=0, link=0
06-13 21:23:25.660 0 0 E [71727.584351] link_delay_work_func: DTC_ETH: SQI=0, link=0
06-13 21:23:25.696 1551 1822 I input_interaction: Interaction with: 5350a37 com.android.packageinstaller/com.android.packageinstaller.InstallSuccess (server), edge-swipe (server), swipe-up (server), PointerEventDispatcher0 (server),
06-13 21:23:25.697 1551 1822 D PowerManagerService: userActivityNoUpdateLocked: groupId=0, eventTime=71727623, event=2, flags=0x0, uid=1000
06-13 21:23:25.697 1551 1822 D PowerManagerNotifier: onUserActivity: event=2, uid=1000
06-13 21:23:25.697 1551 1822 D PowerManagerService: updateUserActivitySummaryLocked: groupId=0, mWakefulness=Awake, mUserActivitySummary=0x1, nextTimeout=71787623 (in 59998 ms)
06-13 21:23:25.697 1551 1822 D PowerManagerNotifier: onScreenPolicyUpdate: newPolicy=3
06-13 21:23:25.697 1551 1822 D PowerManagerService: updateDisplayPowerStateLocked: displayReady=true, groupId=0, policy=BRIGHT, mWakefulness=Awake, mWakeLockSummary=0x1, mUserActivitySummary=0x1, mBootCompleted=true, screenBrightnessOverride=NaN, useAutoBrightness=true, mScreenBrightnessBoostInProgress=false, mIsVrModeEnabled= false, sQuiescent=false
06-13 21:23:25.853 1551 1822 D PowerManagerService: userActivityNoUpdateLocked: groupId=0, eventTime=71727779, event=2, flags=0x0, uid=1000
06-13 21:23:25.853 1551 1822 D PowerManagerNotifier: onUserActivity: event=2, uid=1000
06-13 21:23:25.854 1551 1822 D PowerManagerService: updateUserActivitySummaryLocked: groupId=0, mWakefulness=Awake, mUserActivitySummary=0x1, nextTimeout=71787779 (in 59997 ms)
06-13 21:23:25.854 1551 1822 D PowerManagerNotifier: onScreenPolicyUpdate: newPolicy=3
06-13 21:23:25.855 1551 1822 D PowerManagerService: updateDisplayPowerStateLocked: displayReady=true, groupId=0, policy=BRIGHT, mWakefulness=Awake, mWakeLockSummary=0x1, mUserActivitySummary=0x1, mBootCompleted=true, screenBrightnessOverride=NaN, useAutoBrightness=true, mScreenBrightnessBoostInProgress=false, mIsVrModeEnabled= false, sQuiescent=false
06-13 21:23:25.856 1551 19085 I wm_finish_activity: [0,43380066,63,com.android.packageinstaller/.InstallSuccess,app-request]
06-13 21:23:25.868 1551 19085 I wm_pause_activity: [0,43380066,com.android.packageinstaller/.InstallSuccess,userLeaving=false,finish]
06-13 21:23:25.868 1551 19085 D PowerManagerService: acquireWakeLockInternal: lock=206401359, flags=0x1, tag="*launch*", ws=WorkSource{10025}, uid=1000, pid=1551
06-13 21:23:25.873 1551 19085 D PowerManagerService: updateWakeLockSummaryLocked: mWakefulness=Awake, mWakeLockSummary=0x1
06-13 21:23:25.873 1551 19085 D PowerManagerService: updateUserActivitySummaryLocked: groupId=0, mWakefulness=Awake, mUserActivitySummary=0x1, nextTimeout=71787779 (in 59979 ms)
06-13 21:23:25.873 1551 19085 D PowerManagerNotifier: onScreenPolicyUpdate: newPolicy=3
06-13 21:23:25.873 1551 19085 D PowerManagerService: updateDisplayPowerStateLocked: displayReady=true, groupId=0, policy=BRIGHT, mWakefulness=Awake, mWakeLockSummary=0x1, mUserActivitySummary=0x1, mBootCompleted=true, screenBrightnessOverride=NaN, useAutoBrightness=true, mScreenBrightnessBoostInProgress=false, mIsVrModeEnabled= false, sQuiescent=false
06-13 21:23:25.873 1551 19085 D PowerManagerNotifier: onWakeLockAcquired: flags=1, tag="*launch*", packageName=android, ownerUid=1000, ownerPid=1551, workSource=WorkSource{10025}
06-13 21:23:25.884 2159 2159 I wm_on_top_resumed_lost_called: [43380066,com.android.packageinstaller.InstallSuccess,topStateChangedWhenResumed]
06-13 21:23:25.885 2159 2159 I wm_on_paused_called: [43380066,com.android.packageinstaller.InstallSuccess,performPause]
06-13 21:23:25.888 1551 2100 I ActivityTaskManager: FOREGROUND_APPLICATION_CHANGED to com.android.packageinstaller.DeleteStagedFileOnResult
06-13 21:23:25.893 1551 2100 I wm_set_resumed_activity: [0,com.android.packageinstaller/.DeleteStagedFileOnResult,resumeTopActivityInnerLocked]
06-13 21:23:25.897 1551 2100 I wm_resume_activity: [0,53462805,63,com.android.packageinstaller/.DeleteStagedFileOnResult]
06-13 21:23:25.908 1551 1672 I input_focus: [Focus request cd2c3cd com.android.packageinstaller/com.android.packageinstaller.DeleteStagedFileOnResult,reason=UpdateInputWindows]
06-13 21:23:25.908 1551 1670 I sysui_multi_action: [757,803,799,window_time_0,802,17]
06-13 21:23:25.908 1551 1670 I wm_destroy_activity: [0,43380066,63,com.android.packageinstaller/.InstallSuccess,finish-transit]
06-13 21:23:25.912 1551 1822 I input_focus: [Focus leaving 5350a37 com.android.packageinstaller/com.android.packageinstaller.InstallSuccess (server),reason=NO_WINDOW]
06-13 21:23:25.913 1551 2100 I wm_finish_activity: [0,53462805,63,com.android.packageinstaller/.DeleteStagedFileOnResult,app-request]
06-13 21:23:25.922 1551 2100 I wm_pause_activity: [0,53462805,com.android.packageinstaller/.DeleteStagedFileOnResult,userLeaving=false,finish]
06-13 21:23:25.922 1551 2100 D PowerManagerService: acquireWakeLockInternal: lock=206401359, flags=0x1, tag="*launch*", ws=WorkSource{10025}, uid=1000, pid=1551
06-13 21:23:25.923 1551 2100 D PowerManagerService: updateWakeLockSummaryLocked: mWakefulness=Awake, mWakeLockSummary=0x1
06-13 21:23:25.923 1551 2100 D PowerManagerService: updateUserActivitySummaryLocked: groupId=0, mWakefulness=Awake, mUserActivitySummary=0x1, nextTimeout=71787779 (in 59928 ms)
06-13 21:23:25.923 1551 2100 D PowerManagerNotifier: onScreenPolicyUpdate: newPolicy=3
06-13 21:23:25.923 1551 2100 D PowerManagerService: updateDisplayPowerStateLocked: displayReady=true, groupId=0, policy=BRIGHT, mWakefulness=Awake, mWakeLockSummary=0x1, mUserActivitySummary=0x1, mBootCompleted=true, screenBrightnessOverride=NaN, useAutoBrightness=true, mScreenBrightnessBoostInProgress=false, mIsVrModeEnabled= false, sQuiescent=false
06-13 21:23:25.926 2159 2159 I wm_on_activity_result_called: [53462805,com.android.packageinstaller.DeleteStagedFileOnResult,ACTIVITY_RESULT]
06-13 21:23:25.929 1551 1822 I input_focus: [Focus entering cd2c3cd com.android.packageinstaller/com.android.packageinstaller.DeleteStagedFileOnResult (server),reason=setFocusedWindow]
06-13 21:23:25.935 2159 2159 I wm_on_stop_called: [43380066,com.android.packageinstaller.InstallSuccess,LIFECYCLER_STOP_ACTIVITY]
06-13 21:23:25.935 2159 2159 I wm_on_destroy_called: [43380066,com.android.packageinstaller.InstallSuccess,performDestroy]
06-13 21:23:25.951 1551 19338 I ActivityTaskManager: FOREGROUND_APPLICATION_CHANGED to com.android.packageinstaller.InstallSuccess
06-13 21:23:25.953 1551 19338 I wm_set_resumed_activity: [0,com.android.packageinstaller/.InstallSuccess,resumeTopActivityInnerLocked]
06-13 21:23:25.954 1551 19338 I wm_resume_activity: [0,27001122,63,com.android.packageinstaller/.InstallSuccess]
06-13 21:23:25.960 1551 1822 I input_focus: [Focus leaving cd2c3cd com.android.packageinstaller/com.android.packageinstaller.DeleteStagedFileOnResult (server),reason=NO_WINDOW]
06-13 21:23:25.964 1551 1672 I input_focus: [Focus request c3c7536 com.android.packageinstaller/com.android.packageinstaller.InstallSuccess,reason=UpdateInputWindows]
06-13 21:23:25.965 1551 1670 I sysui_multi_action: [757,803,799,window_time_0,802,0]
06-13 21:23:25.973 2159 2159 I wm_on_resume_called: [27001122,com.android.packageinstaller.InstallSuccess,RESUME_ACTIVITY]
06-13 21:23:25.973 2159 2159 I wm_on_top_resumed_gained_called: [27001122,com.android.packageinstaller.InstallSuccess,topWhenResuming]
06-13 21:23:25.976 1551 1822 I input_focus: [Focus entering c3c7536 com.android.packageinstaller/com.android.packageinstaller.InstallSuccess (server),reason=setFocusedWindow]
06-13 21:23:26.006 1551 2861 D PowerManagerService: releaseWakeLockInternal: lock=206401359 [*launch*], flags=0x0
06-13 21:23:26.006 1551 2861 D PowerManagerNotifier: onWakeLockReleased: flags=1, tag="*launch*", packageName=android, ownerUid=1000, ownerPid=1551, workSource=WorkSource{10025}
06-13 21:23:26.007 1551 2861 D PowerManagerService: updateWakeLockSummaryLocked: mWakefulness=Awake, mWakeLockSummary=0x1
06-13 21:23:26.007 1551 2861 D PowerManagerService: updateUserActivitySummaryLocked: groupId=0, mWakefulness=Awake, mUserActivitySummary=0x1, nextTimeout=71787779 (in 59845 ms)
06-13 21:23:26.007 1551 2861 D PowerManagerNotifier: onScreenPolicyUpdate: newPolicy=3
06-13 21:23:26.007 1551 2861 D PowerManagerService: updateDisplayPowerStateLocked: displayReady=true, groupId=0, policy=BRIGHT, mWakefulness=Awake, mWakeLockSummary=0x1, mUserActivitySummary=0x1, mBootCompleted=true, screenBrightnessOverride=NaN, useAutoBrightness=true, mScreenBrightnessBoostInProgress=false, mIsVrModeEnabled= false, sQuiescent=false
06-13 21:23:26.008 1551 2861 I wm_destroy_activity: [0,53462805,63,com.android.packageinstaller/.DeleteStagedFileOnResult,finish-idle]
06-13 21:23:26.022 2159 2159 I wm_on_stop_called: [53462805,com.android.packageinstaller.DeleteStagedFileOnResult,LIFECYCLER_STOP_ACTIVITY]
06-13 21:23:26.022 2159 2159 I wm_on_destroy_called: [53462805,com.android.packageinstaller.DeleteStagedFileOnResult,performDestroy]
06-13 21:23:26.061 1551 19085 D ActivityTaskManager: Skipping, freeform mode : Task{c574d51 #62 type=standard A=10092:com.tencent.android.qqdownloader U=0 visible=true mode=freeform translucent=false sz=1 visible freeform task=true rootAffinity=10092:com.tencent.android.qqdownloader isMini=false}
06-13 21:23:26.097 1551 1811 D PowerManagerService: acquireWakeLockInternal: lock=203627084, flags=0x1, tag="*alarm*", ws=WorkSource{1000}, uid=1000, pid=1551
06-13 21:23:26.098 1551 1811 D PowerManagerService: updateWakeLockSummaryLocked: mWakefulness=Awake, mWakeLockSummary=0x1
06-13 21:23:26.098 1551 1811 D PowerManagerService: updateUserActivitySummaryLocked: groupId=0, mWakefulness=Awake, mUserActivitySummary=0x1, nextTimeout=71787779 (in 59754 ms)
06-13 21:23:26.098 1551 1811 D PowerManagerNotifier: onScreenPolicyUpdate: newPolicy=3
06-13 21:23:26.098 1551 1811 D PowerManagerService: updateDisplayPowerStateLocked: displayReady=true, groupId=0, policy=BRIGHT, mWakefulness=Awake, mWakeLockSummary=0x1, mUserActivitySummary=0x1, mBootCompleted=true, screenBrightnessOverride=NaN, useAutoBrightness=true, mScreenBrightnessBoostInProgress=false, mIsVrModeEnabled= false, sQuiescent=false
06-13 21:23:26.098 1551 1811 D PowerManagerNotifier: onWakeLockAcquired: flags=1, tag="*alarm*", packageName=android, ownerUid=1000, ownerPid=1551, workSource=WorkSource{1000}
06-13 21:23:26.102 1551 1846 D PowerManagerService: updateWakeLockWorkSourceInternal: lock=203627084 [*alarm*], ws=WorkSource{10092}
06-13 21:23:26.102 1551 1846 D PowerManagerNotifier: onWakeLockChanging: flags=1, tag="*alarm*", packageName=android, ownerUid=1000, ownerPid=1551, workSource=WorkSource{10092}
06-13 21:23:26.107 1551 1551 D PowerManagerService: releaseWakeLockInternal: lock=203627084 [*alarm*], flags=0x0
06-13 21:23:26.107 1551 1551 D PowerManagerNotifier: onWakeLockReleased: flags=1, tag="*alarm*", packageName=android, ownerUid=1000, ownerPid=1551, workSource=WorkSource{10092}
06-13 21:23:26.107 1551 1551 D PowerManagerService: updateWakeLockSummaryLocked: mWakefulness=Awake, mWakeLockSummary=0x1
06-13 21:23:26.107 1551 1551 D PowerManagerService: updateUserActivitySummaryLocked: groupId=0, mWakefulness=Awake, mUserActivitySummary=0x1, nextTimeout=71787779 (in 59744 ms)
06-13 21:23:26.107 1551 1551 D PowerManagerNotifier: onScreenPolicyUpdate: newPolicy=3
06-13 21:23:26.108 1551 1551 D PowerManagerService: updateDisplayPowerStateLocked: displayReady=true, groupId=0, policy=BRIGHT, mWakefulness=Awake, mWakeLockSummary=0x1, mUserActivitySummary=0x1, mBootCompleted=true, screenBrightnessOverride=NaN, useAutoBrightness=true, mScreenBrightnessBoostInProgress=false, mIsVrModeEnabled= false, sQuiescent=false
06-13 21:23:26.108 1551 1551 D PowerManagerService: acquireWakeLockInternal: lock=21944613, flags=0x1, tag="*job*/com.tencent.android.qqdownloader.YYBLiveAccountProvider/com.tencent.android.qqdownloader.YYBLiveAccountProvider.account/应用宝:android", ws=WorkSource{10092}, uid=1000, pid=1551
06-13 21:23:26.108 1551 1551 D PowerManagerService: updateWakeLockSummaryLocked: mWakefulness=Awake, mWakeLockSummary=0x1
06-13 21:23:26.108 1551 1551 D PowerManagerService: updateUserActivitySummaryLocked: groupId=0, mWakefulness=Awake, mUserActivitySummary=0x1, nextTimeout=71787779 (in 59743 ms)
06-13 21:23:26.108 1551 1551 D PowerManagerNotifier: onScreenPolicyUpdate: newPolicy=3
06-13 21:23:26.109 1551 1551 D PowerManagerService: updateDisplayPowerStateLocked: displayReady=true, groupId=0, policy=BRIGHT, mWakefulness=Awake, mWakeLockSummary=0x1, mUserActivitySummary=0x1, mBootCompleted=true, screenBrightnessOverride=NaN, useAutoBrightness=true, mScreenBrightnessBoostInProgress=false, mIsVrModeEnabled= false, sQuiescent=false
06-13 21:23:26.109 1551 1551 D PowerManagerNotifier: onWakeLockAcquired: flags=1, tag="*job*/com.tencent.android.qqdownloader.YYBLiveAccountProvider/com.tencent.android.qqdownloader.YYBLiveAccountProvider.account/应用宝:android", packageName=android, ownerUid=1000, ownerPid=1551, workSource=WorkSource{10092}
06-13 21:23:26.109 1551 1911 D PowerManagerService: acquireWakeLockInternal: lock=150477753, flags=0x1, tag="SyncLoopWakeLock", ws=null, uid=1000, pid=1551
06-13 21:23:26.109 1551 1911 D PowerManagerService: updateWakeLockSummaryLocked: mWakefulness=Awake, mWakeLockSummary=0x1
06-13 21:23:26.109 1551 1911 D PowerManagerService: updateUserActivitySummaryLocked: groupId=0, mWakefulness=Awake, mUserActivitySummary=0x1, nextTimeout=71787779 (in 59742 ms)
06-13 21:23:26.109 1551 1911 D PowerManagerNotifier: onScreenPolicyUpdate: newPolicy=3
06-13 21:23:26.109 1551 1911 D PowerManagerService: updateDisplayPowerStateLocked: displayReady=true, groupId=0, policy=BRIGHT, mWakefulness=Awake, mWakeLockSummary=0x1, mUserActivitySummary=0x1, mBootCompleted=true, screenBrightnessOverride=NaN, useAutoBrightness=true, mScreenBrightnessBoostInProgress=false, mIsVrModeEnabled= false, sQuiescent=false
06-13 21:23:26.110 1551 1911 D PowerManagerNotifier: onWakeLockAcquired: flags=1, tag="SyncLoopWakeLock", packageName=android, ownerUid=1000, ownerPid=1551, workSource=null
06-13 21:23:26.111 1551 1911 I sync : [com.tencent.android.qqdownloader.YYBLiveAccountProvider,0,3,24220937]
06-13 21:23:26.111 1551 1911 D PowerManagerService: acquireWakeLockInternal: lock=147354832, flags=0x1, tag="*sync*/com.tencent.android.qqdownloader.YYBLiveAccountProvider/com.tencent.android.qqdownloader.YYBLiveAccountProvider.account/应用宝", ws=WorkSource{10092}, uid=1000, pid=1551
06-13 21:23:26.111 1551 1911 D PowerManagerService: updateWakeLockSummaryLocked: mWakefulness=Awake, mWakeLockSummary=0x1
06-13 21:23:26.111 1551 1911 D PowerManagerService: updateUserActivitySummaryLocked: groupId=0, mWakefulness=Awake, mUserActivitySummary=0x1, nextTimeout=71787779 (in 59740 ms)
06-13 21:23:26.111 1551 1911 D PowerManagerNotifier: onScreenPolicyUpdate: newPolicy=3
06-13 21:23:26.111 1551 1911 D PowerManagerService: updateDisplayPowerStateLocked: displayReady=true, groupId=0, policy=BRIGHT, mWakefulness=Awake, mWakeLockSummary=0x1, mUserActivitySummary=0x1, mBootCompleted=true, screenBrightnessOverride=NaN, useAutoBrightness=true, mScreenBrightnessBoostInProgress=false, mIsVrModeEnabled= false, sQuiescent=false
06-13 21:23:26.111 1551 1911 D PowerManagerNotifier: onWakeLockAcquired: flags=1, tag="*sync*/com.tencent.android.qqdownloader.YYBLiveAccountProvider/com.tencent.android.qqdownloader.YYBLiveAccountProvider.account/应用宝", packageName=android, ownerUid=1000, ownerPid=1551, workSource=WorkSource{10092}
06-13 21:23:26.114 1551 1911 D PowerManagerService: releaseWakeLockInternal: lock=150477753 [SyncLoopWakeLock], flags=0x0
06-13 21:23:26.114 1551 1911 D PowerManagerNotifier: onWakeLockReleased: flags=1, tag="SyncLoopWakeLock", packageName=android, ownerUid=1000, ownerPid=1551, workSource=null
06-13 21:23:26.115 1551 1911 D PowerManagerService: updateWakeLockSummaryLocked: mWakefulness=Awake, mWakeLockSummary=0x1
06-13 21:23:26.115 1551 1911 D PowerManagerService: updateUserActivitySummaryLocked: groupId=0, mWakefulness=Awake, mUserActivitySummary=0x1, nextTimeout=71787779 (in 59737 ms)
06-13 21:23:26.115 1551 1911 D PowerManagerNotifier: onScreenPolicyUpdate: newPolicy=3
06-13 21:23:26.115 1551 1911 D PowerManagerService: updateDisplayPowerStateLocked: displayReady=true, groupId=0, policy=BRIGHT, mWakefulness=Awake, mWakeLockSummary=0x1, mUserActivitySummary=0x1, mBootCompleted=true, screenBrightnessOverride=NaN, useAutoBrightness=true, mScreenBrightnessBoostInProgress=false, mIsVrModeEnabled= false, sQuiescent=false
06-13 21:23:26.132 1551 1911 D PowerManagerService: acquireWakeLockInternal: lock=150477753, flags=0x1, tag="SyncLoopWakeLock", ws=null, uid=1000, pid=1551
06-13 21:23:26.132 1551 1911 D PowerManagerService: updateWakeLockSummaryLocked: mWakefulness=Awake, mWakeLockSummary=0x1
06-13 21:23:26.132 1551 1911 D PowerManagerService: updateUserActivitySummaryLocked: groupId=0, mWakefulness=Awake, mUserActivitySummary=0x1, nextTimeout=71787779 (in 59719 ms)
06-13 21:23:26.132 1551 1911 D PowerManagerNotifier: onScreenPolicyUpdate: newPolicy=3
06-13 21:23:26.132 1551 1911 D PowerManagerService: updateDisplayPowerStateLocked: displayReady=true, groupId=0, policy=BRIGHT, mWakefulness=Awake, mWakeLockSummary=0x1, mUserActivitySummary=0x1, mBootCompleted=true, screenBrightnessOverride=NaN, useAutoBrightness=true, mScreenBrightnessBoostInProgress=false, mIsVrModeEnabled= false, sQuiescent=false
06-13 21:23:26.133 1551 1911 D PowerManagerNotifier: onWakeLockAcquired: flags=1, tag="SyncLoopWakeLock", packageName=android, ownerUid=1000, ownerPid=1551, workSource=null
06-13 21:23:26.133 1551 1911 D PowerManagerService: releaseWakeLockInternal: lock=150477753 [SyncLoopWakeLock], flags=0x0
06-13 21:23:26.133 1551 1911 D PowerManagerNotifier: onWakeLockReleased: flags=1, tag="SyncLoopWakeLock", packageName=android, ownerUid=1000, ownerPid=1551, workSource=null
06-13 21:23:26.133 1551 1911 D PowerManagerService: updateWakeLockSummaryLocked: mWakefulness=Awake, mWakeLockSummary=0x1
06-13 21:23:26.133 1551 1911 D PowerManagerService: updateUserActivitySummaryLocked: groupId=0, mWakefulness=Awake, mUserActivitySummary=0x1, nextTimeout=71787779 (in 59718 ms)
06-13 21:23:26.133 1551 1911 D PowerManagerNotifier: onScreenPolicyUpdate: newPolicy=3
06-13 21:23:26.133 1551 1911 D PowerManagerService: updateDisplayPowerStateLocked: displayReady=true, groupId=0, policy=BRIGHT, mWakefulness=Awake, mWakeLockSummary=0x1, mUserActivitySummary=0x1, mBootCompleted=true, screenBrightnessOverride=NaN, useAutoBrightness=true, mScreenBrightnessBoostInProgress=false, mIsVrModeEnabled= false, sQuiescent=false
06-13 21:23:26.147 1551 1911 D PowerManagerService: acquireWakeLockInternal: lock=150477753, flags=0x1, tag="SyncLoopWakeLock", ws=null, uid=1000, pid=1551
06-13 21:23:26.147 1551 1911 D PowerManagerService: updateWakeLockSummaryLocked: mWakefulness=Awake, mWakeLockSummary=0x1
06-13 21:23:26.147 1551 1911 D PowerManagerService: updateUserActivitySummaryLocked: groupId=0, mWakefulness=Awake, mUserActivitySummary=0x1, nextTimeout=71787779 (in 59705 ms)
06-13 21:23:26.147 1551 1911 D PowerManagerNotifier: onScreenPolicyUpdate: newPolicy=3
06-13 21:23:26.147 1551 1911 D PowerManagerService: updateDisplayPowerStateLocked: displayReady=true, groupId=0, policy=BRIGHT, mWakefulness=Awake, mWakeLockSummary=0x1, mUserActivitySummary=0x1, mBootCompleted=true, screenBrightnessOverride=NaN, useAutoBrightness=true, mScreenBrightnessBoostInProgress=false, mIsVrModeEnabled= false, sQuiescent=false
06-13 21:23:26.147 1551 1911 D PowerManagerNotifier: onWakeLockAcquired: flags=1, tag="SyncLoopWakeLock", packageName=android, ownerUid=1000, ownerPid=1551, workSource=null
06-13 21:23:26.148 1551 1551 D PowerManagerService: releaseWakeLockInternal: lock=21944613 [*job*/com.tencent.android.qqdownloader.YYBLiveAccountProvider/com.tencent.android.qqdownloader.YYBLiveAccountProvider.account/应用宝:android], flags=0x0
06-13 21:23:26.148 1551 1551 D PowerManagerNotifier: onWakeLockReleased: flags=1, tag="*job*/com.tencent.android.qqdownloader.YYBLiveAccountProvider/com.tencent.android.qqdownloader.YYBLiveAccountProvider.account/应用宝:android", packageName=android, ownerUid=1000, ownerPid=1551, workSource=WorkSource{10092}
06-13 21:23:26.148 1551 1551 D PowerManagerService: updateWakeLockSummaryLocked: mWakefulness=Awake, mWakeLockSummary=0x1
06-13 21:23:26.148 1551 1551 D PowerManagerService: updateUserActivitySummaryLocked: groupId=0, mWakefulness=Awake, mUserActivitySummary=0x1, nextTimeout=71787779 (in 59703 ms)
06-13 21:23:26.148 1551 1551 D PowerManagerNotifier: onScreenPolicyUpdate: newPolicy=3
