06-13 19:26:41.812 0 0 I [64723.740391] init: Sending signal 9 to service 'tlogdshc' (pid 16206) process group...
06-13 19:26:41.812 0 0 I [64723.740581] libprocessgroup: Successfully killed process cgroup uid 0 pid 16206 in 0ms
06-13 19:26:45.756 1551 1911 I sync : [com.tencent.android.qqdownloader.YYBLiveAccountProvider,0,3,24220937]
06-13 19:26:45.807 1551 1911 I sync : [com.tencent.android.qqdownloader.YYBLiveAccountProvider,1,3,24220937]
06-13 19:26:45.810 1551 1911 I commit_sys_config_file: [sync-status,57785175]
06-13 19:26:45.818 1551 1911 I sync : [com.tencent.android.qqdownloader.YYBLiveAccountProvider,0,3,24220937]
06-13 19:26:45.847 1551 1911 I sync : [com.tencent.android.qqdownloader.YYBLiveAccountProvider,1,3,24220937]
06-13 19:26:45.849 1551 1911 I commit_sys_config_file: [sync-status,57785215]
06-13 19:26:46.620 0 0 E [64728.544322] link_delay_work_func: DTC_ETH: SQI=0, link=0
06-13 19:26:47.816 1551 1669 I commit_sys_config_file: [jobs,8]
06-13 19:26:50.440 1551 1551 I notification_enqueue: [10092,17024,com.tencent.android.qqdownloader,127,NULL,0,Notification(channel=channel_id_default_silent shortcut=null contentView=com.tencent.android.qqdownloader/0x7f0a01c2 vibrate=null sound=null defaults=0x0 flags=0x2a2 color=0x00000000 groupKey=com.tencent.android.qqdownloader vis=PRIVATE),1]
06-13 19:26:51.740 0 0 E [64733.665607] link_delay_work_func: DTC_ETH: SQI=0, link=0
06-13 19:26:56.860 0 0 E [64738.784326] link_delay_work_func: DTC_ETH: SQI=0, link=0
06-13 19:27:01.980 0 0 E [64743.904355] link_delay_work_func: DTC_ETH: SQI=0, link=0
06-13 19:27:07.096 0 0 E [64749.024362] link_delay_work_func: DTC_ETH: SQI=0, link=0
06-13 19:27:11.704 0 0 I [64753.630932] init: processing action (sys.tlog.tlogdshc.active=1) from (/system/etc/init/tlogd.rc:195)
06-13 19:27:11.704 0 0 I [64753.631491] init: starting service 'tlogdshc'...
06-13 19:27:11.812 0 0 I [64753.739696] init: Service 'tlogdshc' (pid 16256) exited with status 0 oneshot service took 0.103000 seconds in background
06-13 19:27:11.812 0 0 I [64753.739725] init: Sending signal 9 to service 'tlogdshc' (pid 16256) process group...
06-13 19:27:11.812 0 0 I [64753.739889] libprocessgroup: Successfully killed process cgroup uid 0 pid 16256 in 0ms
06-13 19:27:12.220 0 0 E [64754.144312] link_delay_work_func: DTC_ETH: SQI=0, link=0
06-13 19:27:17.340 0 0 E [64759.264376] link_delay_work_func: DTC_ETH: SQI=0, link=0
06-13 19:27:20.755 1551 1911 I sync : [com.tencent.android.qqdownloader.YYBLiveAccountProvider,0,3,24220937]
06-13 19:27:20.790 1551 1911 I sync : [com.tencent.android.qqdownloader.YYBLiveAccountProvider,1,3,24220937]
06-13 19:27:20.794 1551 1911 I commit_sys_config_file: [sync-status,57820159]
06-13 19:27:20.803 1551 1911 I sync : [com.tencent.android.qqdownloader.YYBLiveAccountProvider,0,3,24220937]
06-13 19:27:20.845 1551 1911 I sync : [com.tencent.android.qqdownloader.YYBLiveAccountProvider,1,3,24220937]
06-13 19:27:20.848 1551 1911 I commit_sys_config_file: [sync-status,57820213]
06-13 19:27:22.460 0 0 E [64764.384321] link_delay_work_func: DTC_ETH: SQI=0, link=0
06-13 19:27:22.798 1551 1669 I commit_sys_config_file: [jobs,5]
06-13 19:27:27.580 0 0 E [64769.504304] link_delay_work_func: DTC_ETH: SQI=0, link=0
06-13 19:27:32.700 0 0 E [64774.624348] link_delay_work_func: DTC_ETH: SQI=0, link=0
06-13 19:27:37.820 0 0 E [64779.744329] link_delay_work_func: DTC_ETH: SQI=0, link=0
06-13 19:27:41.708 0 0 I [64783.633200] init: processing action (sys.tlog.tlogdshc.active=1) from (/system/etc/init/tlogd.rc:195)
06-13 19:27:41.708 0 0 I [64783.633817] init: starting service 'tlogdshc'...
06-13 19:27:41.820 0 0 I [64783.748127] init: Service 'tlogdshc' (pid 16301) exited with status 0 oneshot service took 0.109000 seconds in background
06-13 19:27:41.820 0 0 I [64783.748156] init: Sending signal 9 to service 'tlogdshc' (pid 16301) process group...
06-13 19:27:41.820 0 0 I [64783.748413] libprocessgroup: Successfully killed process cgroup uid 0 pid 16301 in 0ms
06-13 19:27:42.740 0 0 I [64784.666155] [dp_rx_][0x1219f34c832][19: 27:42.738217] wlan: [3484:I:QDF] DHCP-R RX: SA:04:7f:0e:62:f8:6b DA:ff:ff:ff:ff:ff:ff
06-13 19:27:42.936 0 0 E [64784.864321] link_delay_work_func: DTC_ETH: SQI=0, link=0
06-13 19:27:48.060 0 0 E [64789.984354] link_delay_work_func: DTC_ETH: SQI=0, link=0
06-13 19:27:51.569 1551 1551 I notification_enqueue: [10092,17024,com.tencent.android.qqdownloader,127,NULL,0,Notification(channel=channel_id_default_silent shortcut=null contentView=com.tencent.android.qqdownloader/0x7f0a01c2 vibrate=null sound=null defaults=0x0 flags=0x2a2 color=0x00000000 groupKey=com.tencent.android.qqdownloader vis=PRIVATE),1]
06-13 19:27:53.180 0 0 E [64795.104352] link_delay_work_func: DTC_ETH: SQI=0, link=0
06-13 19:27:55.754 1551 1911 I sync : [com.tencent.android.qqdownloader.YYBLiveAccountProvider,0,3,24220937]
06-13 19:27:55.791 1551 1911 I sync : [com.tencent.android.qqdownloader.YYBLiveAccountProvider,1,3,24220937]
06-13 19:27:55.793 1551 1911 I commit_sys_config_file: [sync-status,57855159]
06-13 19:27:55.800 1551 1911 I sync : [com.tencent.android.qqdownloader.YYBLiveAccountProvider,0,3,24220937]
06-13 19:27:55.828 1551 1911 I sync : [com.tencent.android.qqdownloader.YYBLiveAccountProvider,1,3,24220937]
06-13 19:27:55.830 1551 1911 I commit_sys_config_file: [sync-status,57855196]
06-13 19:27:57.799 1551 1669 I commit_sys_config_file: [jobs,5]
06-13 19:27:58.296 0 0 E [64800.224347] link_delay_work_func: DTC_ETH: SQI=0, link=0
06-13 19:27:58.364 575 575 I auditd : type=1400 audit(0.0:3690): avc: denied { read } for comm="Binder:575_2" name="wakeup58" dev="sysfs" ino=71937 scontext=u:r:system_suspend:s0 tcontext=u:object_r:sysfs:s0 tclass=dir permissive=0
06-13 19:27:58.368 575 575 I auditd : type=1400 audit(0.0:3691): avc: denied { read } for comm="Binder:575_2" name="wakeup48" dev="sysfs" ino=67611 scontext=u:r:system_suspend:s0 tcontext=u:object_r:sysfs:s0 tclass=dir permissive=0
06-13 19:27:58.368 575 575 I auditd : type=1400 audit(0.0:3692): avc: denied { read } for comm="Binder:575_2" name="wakeup4" dev="sysfs" ino=46990 scontext=u:r:system_suspend:s0 tcontext=u:object_r:sysfs:s0 tclass=dir permissive=0
06-13 19:27:58.368 575 575 I auditd : type=1400 audit(0.0:3693): avc: denied { read } for comm="Binder:575_2" name="wakeup76" dev="sysfs" ino=76672 scontext=u:r:system_suspend:s0 tcontext=u:object_r:sysfs:s0 tclass=dir permissive=0
06-13 19:27:58.368 575 575 I auditd : type=1400 audit(0.0:3694): avc: denied { read } for comm="Binder:575_2" name="wakeup28" dev="sysfs" ino=53195 scontext=u:r:system_suspend:s0 tcontext=u:object_r:sysfs:s0 tclass=dir permissive=0
06-13 19:27:58.376 0 0 W [64800.303928] audit: audit_lost=3137 audit_rate_limit=5 audit_backlog_limit=64
06-13 19:27:58.376 0 0 E [64800.303931] audit: rate limit exceeded
06-13 19:27:58.422 1551 1684 I commit_sys_config_file: [batterystats,6]
06-13 19:27:58.425 1551 1684 I commit_sys_config_file: [batterystats,3]
06-13 19:28:03.420 0 0 E [64805.344313] link_delay_work_func: DTC_ETH: SQI=0, link=0
06-13 19:28:08.540 0 0 E [64810.464571] link_delay_work_func: DTC_ETH: SQI=0, link=0
06-13 19:28:11.714 0 0 I [64813.639689] init: processing action (sys.tlog.tlogdshc.active=1) from (/system/etc/init/tlogd.rc:195)
06-13 19:28:11.714 0 0 I [64813.640842] init: starting service 'tlogdshc'...
06-13 19:28:11.828 0 0 I [64813.752532] init: Service 'tlogdshc' (pid 16356) exited with status 0 oneshot service took 0.105000 seconds in background
06-13 19:28:11.828 0 0 I [64813.752561] init: Sending signal 9 to service 'tlogdshc' (pid 16356) process group...
06-13 19:28:11.828 0 0 I [64813.752738] libprocessgroup: Successfully killed process cgroup uid 0 pid 16356 in 0ms
06-13 19:28:13.660 0 0 E [64815.584325] link_delay_work_func: DTC_ETH: SQI=0, link=0
06-13 19:28:18.148 0 0 I [64820.072553] init: processing action (sys.tlog.pstore.active=1) from (/system/etc/init/tlogd.rc:134)
06-13 19:28:18.148 0 0 I [64820.073330] init: starting service 'pstore_save'...
06-13 19:28:18.180 0 0 I [64820.105698] init: Service 'pstore_save' (pid 16378) exited with status 1 oneshot service took 0.029000 seconds in background
06-13 19:28:18.180 0 0 I [64820.105729] init: Sending signal 9 to service 'pstore_save' (pid 16378) process group...
06-13 19:28:18.180 0 0 I [64820.105923] libprocessgroup: Successfully killed process cgroup uid 1000 pid 16378 in 0ms
06-13 19:28:18.782 0 0 E [64820.704555] link_delay_work_func: DTC_ETH: SQI=0, link=0
06-13 19:28:19.204 0 0 I [64821.128768] init: processing action (sys.tlog.tlogdsho.active=1) from (/system/etc/init/tlogd.rc:167)
06-13 19:28:19.204 0 0 I [64821.129084] init: starting service 'tlogdsho'...
06-13 19:28:19.223 0 0 I [64821.141739] init: processing action (sys.tlog.bluetooth.active=1) from (/system/etc/init/tlogd.rc:163)
06-13 19:28:19.223 0 0 I [64821.143576] init: starting service 'tlogdBluetooth'...
06-13 19:28:19.228 0 0 I [64821.155673] init: processing action (sys.tlog.fatal.active=1) from (/system/etc/init/tlogd.rc:130)
06-13 19:28:23.900 0 0 E [64825.824376] link_delay_work_func: DTC_ETH: SQI=0, link=0
06-13 19:28:24.436 0 0 I [64826.363007] init: Untracked pid 16403 exited with status 0
06-13 19:28:29.020 0 0 E [64830.944358] link_delay_work_func: DTC_ETH: SQI=0, link=0
06-13 19:28:30.756 1551 1911 I sync : [com.tencent.android.qqdownloader.YYBLiveAccountProvider,0,3,24220937]
06-13 19:28:30.778 1551 1843 I netstats_mobile_sample: [0,0,0,0,0,0,0,0,0,0,0,0,1686655710778]
06-13 19:28:30.778 1551 1843 I netstats_wifi_sample: [11008503951,7816590,144422911,2328201,11008503951,7816590,144422911,2328201,11134402303,7949679,143600211,2324403,1686655710778]
06-13 19:28:30.794 1551 1911 I sync : [com.tencent.android.qqdownloader.YYBLiveAccountProvider,1,3,24220937]
06-13 19:28:30.795 1551 1911 I commit_sys_config_file: [sync-status,57890161]
06-13 19:28:30.802 1551 1911 I sync : [com.tencent.android.qqdownloader.YYBLiveAccountProvider,0,3,24220937]
06-13 19:28:30.830 1551 1911 I sync : [com.tencent.android.qqdownloader.YYBLiveAccountProvider,1,3,24220937]
06-13 19:28:30.833 1551 1911 I commit_sys_config_file: [sync-status,57890198]
06-13 19:28:32.799 1551 1669 I commit_sys_config_file: [jobs,5]
06-13 19:28:34.136 0 0 E [64836.064323] link_delay_work_func: DTC_ETH: SQI=0, link=0
06-13 19:28:39.260 0 0 E [64841.184331] link_delay_work_func: DTC_ETH: SQI=0, link=0
06-13 19:28:41.716 0 0 I [64843.641137] init: processing action (sys.tlog.tlogdshc.active=1) from (/system/etc/init/tlogd.rc:195)
06-13 19:28:41.716 0 0 I [64843.641990] init: starting service 'tlogdshc'...
06-13 19:28:41.828 0 0 I [64843.755978] init: Service 'tlogdshc' (pid 16444) exited with status 0 oneshot service took 0.109000 seconds in background
06-13 19:28:41.828 0 0 I [64843.756007] init: Sending signal 9 to service 'tlogdshc' (pid 16444) process group...
06-13 19:28:41.828 0 0 I [64843.756178] libprocessgroup: Successfully killed process cgroup uid 0 pid 16444 in 0ms
06-13 19:28:44.380 0 0 E [64846.304371] link_delay_work_func: DTC_ETH: SQI=0, link=0
06-13 19:28:49.500 0 0 E [64851.424501] link_delay_work_func: DTC_ETH: SQI=0, link=0
06-13 19:28:53.071 1551 1551 I notification_enqueue: [10092,17024,com.tencent.android.qqdownloader,127,NULL,0,Notification(channel=channel_id_default_silent shortcut=null contentView=com.tencent.android.qqdownloader/0x7f0a01c2 vibrate=null sound=null defaults=0x0 flags=0x2a2 color=0x00000000 groupKey=com.tencent.android.qqdownloader vis=PRIVATE),1]
06-13 19:28:54.620 0 0 E [64856.544531] link_delay_work_func: DTC_ETH: SQI=0, link=0
06-13 19:28:59.736 0 0 E [64861.664326] link_delay_work_func: DTC_ETH: SQI=0, link=0
06-13 19:29:04.860 0 0 E [64866.784367] link_delay_work_func: DTC_ETH: SQI=0, link=0
06-13 19:29:05.766 1551 1911 I sync : [com.tencent.android.qqdownloader.YYBLiveAccountProvider,0,3,24220937]
06-13 19:29:05.806 1551 1911 I sync : [com.tencent.android.qqdownloader.YYBLiveAccountProvider,1,3,24220937]
06-13 19:29:05.811 1551 1911 I commit_sys_config_file: [sync-status,57925177]
06-13 19:29:05.819 1551 1911 I sync : [com.tencent.android.qqdownloader.YYBLiveAccountProvider,0,3,24220937]
06-13 19:29:05.849 1551 1911 I sync : [com.tencent.android.qqdownloader.YYBLiveAccountProvider,1,3,24220937]
06-13 19:29:05.852 1551 1911 I commit_sys_config_file: [sync-status,57925217]
06-13 19:29:07.815 1551 1669 I commit_sys_config_file: [jobs,6]
06-13 19:29:09.980 0 0 E [64871.904691] link_delay_work_func: DTC_ETH: SQI=0, link=0
06-13 19:29:11.720 0 0 I [64873.647078] init: processing action (sys.tlog.tlogdshc.active=1) from (/system/etc/init/tlogd.rc:195)
06-13 19:29:11.720 0 0 I [64873.647649] init: starting service 'tlogdshc'...
06-13 19:29:11.844 0 0 I [64873.769859] init: Service 'tlogdshc' (pid 16486) exited with status 0 oneshot service took 0.117000 seconds in background
06-13 19:29:11.844 0 0 I [64873.769885] init: Sending signal 9 to service 'tlogdshc' (pid 16486) process group...
06-13 19:29:11.844 0 0 I [64873.770047] libprocessgroup: Successfully killed process cgroup uid 0 pid 16486 in 0ms
06-13 19:29:15.100 0 0 E [64877.024311] link_delay_work_func: DTC_ETH: SQI=0, link=0
06-13 19:29:20.223 0 0 E [64882.144322] link_delay_work_func: DTC_ETH: SQI=0, link=0
06-13 19:29:25.340 0 0 E [64887.264338] link_delay_work_func: DTC_ETH: SQI=0, link=0
06-13 19:29:30.460 0 0 E [64892.384519] link_delay_work_func: DTC_ETH: SQI=0, link=0
06-13 19:29:35.580 0 0 E [64897.504358] link_delay_work_func: DTC_ETH: SQI=0, link=0
06-13 19:29:40.188 0 0 D [64902.115146] cnss: Host time = 64904771090 us, device time = 64879044040 us, offset = 25727050 us
06-13 19:29:40.188 0 0 D [64902.115213] cnss: Updated time sync regs [0x984] = 0x188904a, [0x988] = 0x0
06-13 19:29:40.700 0 0 E [64902.624566] link_delay_work_func: DTC_ETH: SQI=0, link=0
06-13 19:29:40.776 0 0 I [64902.703210] logd: logdr: UID=1000 GID=1000 PID=1551 n tail=0 logMask=4 pid=0 start=0ns deadline=0ns
06-13 19:29:40.777 1551 1911 I sync : [com.tencent.android.qqdownloader.YYBLiveAccountProvider,0,3,24220937]
06-13 19:29:40.819 1551 1911 I sync : [com.tencent.android.qqdownloader.YYBLiveAccountProvider,1,3,24220937]
06-13 19:29:40.822 1551 1911 I commit_sys_config_file: [sync-status,57960187]
06-13 19:29:40.830 1551 1911 I sync : [com.tencent.android.qqdownloader.YYBLiveAccountProvider,0,3,24220937]
06-13 19:29:40.865 1551 1911 I sync : [com.tencent.android.qqdownloader.YYBLiveAccountProvider,1,3,24220937]
06-13 19:29:40.867 1551 1911 I commit_sys_config_file: [sync-status,57960233]
06-13 19:29:41.722 0 0 I [64903.648691] init: processing action (sys.tlog.tlogdshc.active=1) from (/system/etc/init/tlogd.rc:195)
06-13 19:29:41.722 0 0 I [64903.649235] init: starting service 'tlogdshc'...
06-13 19:29:41.840 0 0 I [64903.765384] init: Service 'tlogdshc' (pid 16529) exited with status 0 oneshot service took 0.112000 seconds in background
06-13 19:29:41.840 0 0 I [64903.765414] init: Sending signal 9 to service 'tlogdshc' (pid 16529) process group...
06-13 19:29:41.840 0 0 I [64903.765598] libprocessgroup: Successfully killed process cgroup uid 0 pid 16529 in 0ms
06-13 19:29:42.822 1551 1669 I commit_sys_config_file: [jobs,5]
06-13 19:29:45.820 0 0 E [64907.744329] link_delay_work_func: DTC_ETH: SQI=0, link=0
06-13 19:29:50.940 0 0 E [64912.864324] link_delay_work_func: DTC_ETH: SQI=0, link=0
06-13 19:29:54.575 1551 1551 I notification_enqueue: [10092,17024,com.tencent.android.qqdownloader,127,NULL,0,Notification(channel=channel_id_default_silent shortcut=null contentView=com.tencent.android.qqdownloader/0x7f0a01c2 vibrate=null sound=null defaults=0x0 flags=0x2a2 color=0x00000000 groupKey=com.tencent.android.qqdownloader vis=PRIVATE),1]
06-13 19:29:56.060 0 0 E [64917.984315] link_delay_work_func: DTC_ETH: SQI=0, link=0
06-13 19:30:01.180 0 0 E [64923.104348] link_delay_work_func: DTC_ETH: SQI=0, link=0
06-13 19:30:06.300 0 0 E [64928.224500] link_delay_work_func: DTC_ETH: SQI=0, link=0
06-13 19:30:11.421 0 0 E [64933.344319] link_delay_work_func: DTC_ETH: SQI=0, link=0
06-13 19:30:11.724 0 0 I [64933.650464] init: processing action (sys.tlog.tlogdshc.active=1) from (/system/etc/init/tlogd.rc:195)
06-13 19:30:11.724 0 0 I [64933.651105] init: starting service 'tlogdshc'...
06-13 19:30:11.844 0 0 I [64933.770534] init: Service 'tlogdshc' (pid 16576) exited with status 0 oneshot service took 0.114000 seconds in background
06-13 19:30:11.844 0 0 I [64933.770561] init: Sending signal 9 to service 'tlogdshc' (pid 16576) process group...
06-13 19:30:11.844 0 0 I [64933.770737] libprocessgroup: Successfully killed process cgroup uid 0 pid 16576 in 0ms
06-13 19:30:15.774 1551 1911 I sync : [com.tencent.android.qqdownloader.YYBLiveAccountProvider,0,3,24220937]
06-13 19:30:15.776 0 0 I [64937.702563] logd: logdr: UID=1000 GID=1000 PID=1551 n tail=0 logMask=4 pid=0 start=0ns deadline=0ns
06-13 19:30:15.808 1551 1911 I sync : [com.tencent.android.qqdownloader.YYBLiveAccountProvider,1,3,24220937]
06-13 19:30:15.810 1551 1911 I commit_sys_config_file: [sync-status,57995176]
06-13 19:30:15.818 1551 1911 I sync : [com.tencent.android.qqdownloader.YYBLiveAccountProvider,0,3,24220937]
06-13 19:30:15.851 1551 1911 I sync : [com.tencent.android.qqdownloader.YYBLiveAccountProvider,1,3,24220937]
06-13 19:30:15.854 1551 1911 I commit_sys_config_file: [sync-status,57995219]
06-13 19:30:16.540 0 0 E [64938.464357] link_delay_work_func: DTC_ETH: SQI=0, link=0
06-13 19:30:17.813 1551 1669 I commit_sys_config_file: [jobs,6]
06-13 19:30:21.660 0 0 E [64943.584550] link_delay_work_func: DTC_ETH: SQI=0, link=0
06-13 19:30:26.780 0 0 E [64948.704340] link_delay_work_func: DTC_ETH: SQI=0, link=0
06-13 19:30:31.900 0 0 E [64953.824355] link_delay_work_func: DTC_ETH: SQI=0, link=0
06-13 19:30:37.020 0 0 E [64958.944323] link_delay_work_func: DTC_ETH: SQI=0, link=0
06-13 19:30:41.730 0 0 I [64963.651828] init: processing action (sys.tlog.tlogdshc.active=1) from (/system/etc/init/tlogd.rc:195)
06-13 19:30:41.730 0 0 I [64963.652675] init: starting service 'tlogdshc'...
06-13 19:30:41.837 0 0 I [64963.764215] init: Service 'tlogdshc' (pid 16622) exited with status 0 oneshot service took 0.106000 seconds in background
06-13 19:30:41.837 0 0 I [64963.764372] init: Sending signal 9 to service 'tlogdshc' (pid 16622) process group...
06-13 19:30:41.837 0 0 I [64963.764548] libprocessgroup: Successfully killed process cgroup uid 0 pid 16622 in 0ms
06-13 19:30:42.140 0 0 E [64964.064543] link_delay_work_func: DTC_ETH: SQI=0, link=0
06-13 19:30:47.260 0 0 E [64969.184605] link_delay_work_func: DTC_ETH: SQI=0, link=0
06-13 19:30:50.774 1551 1911 I sync : [com.tencent.android.qqdownloader.YYBLiveAccountProvider,0,3,24220937]
06-13 19:30:50.818 1551 1911 I sync : [com.tencent.android.qqdownloader.YYBLiveAccountProvider,1,3,24220937]
06-13 19:30:50.822 1551 1911 I commit_sys_config_file: [sync-status,58030187]
06-13 19:30:50.829 1551 1911 I sync : [com.tencent.android.qqdownloader.YYBLiveAccountProvider,0,3,24220937]
06-13 19:30:50.861 1551 1911 I sync : [com.tencent.android.qqdownloader.YYBLiveAccountProvider,1,3,24220937]
06-13 19:30:50.864 1551 1911 I commit_sys_config_file: [sync-status,58030229]
06-13 19:30:52.380 0 0 E [64974.304501] link_delay_work_func: DTC_ETH: SQI=0, link=0
06-13 19:30:52.827 1551 1669 I commit_sys_config_file: [jobs,6]
06-13 19:30:56.067 1551 1551 I notification_enqueue: [10092,17024,com.tencent.android.qqdownloader,127,NULL,0,Notification(channel=channel_id_default_silent shortcut=null contentView=com.tencent.android.qqdownloader/0x7f0a01c2 vibrate=null sound=null defaults=0x0 flags=0x2a2 color=0x00000000 groupKey=com.tencent.android.qqdownloader vis=PRIVATE),1]
06-13 19:30:57.500 0 0 E [64979.424465] link_delay_work_func: DTC_ETH: SQI=0, link=0
06-13 19:31:02.620 0 0 E [64984.544471] link_delay_work_func: DTC_ETH: SQI=0, link=0
06-13 19:31:07.740 0 0 E [64989.664562] link_delay_work_func: DTC_ETH: SQI=0, link=0
06-13 19:31:11.728 0 0 I [64993.655139] init: processing action (sys.tlog.tlogdshc.active=1) from (/system/etc/init/tlogd.rc:195)
06-13 19:31:11.728 0 0 I [64993.655705] init: starting service 'tlogdshc'...
06-13 19:31:11.844 0 0 I [64993.768595] init: Service 'tlogdshc' (pid 16668) exited with status 0 oneshot service took 0.108000 seconds in background
06-13 19:31:11.844 0 0 I [64993.768648] init: Sending signal 9 to service 'tlogdshc' (pid 16668) process group...
06-13 19:31:11.844 0 0 I [64993.768911] libprocessgroup: Successfully killed process cgroup uid 0 pid 16668 in 0ms
06-13 19:31:12.860 0 0 E [64994.784355] link_delay_work_func: DTC_ETH: SQI=0, link=0
06-13 19:31:17.980 0 0 E [64999.904355] link_delay_work_func: DTC_ETH: SQI=0, link=0
06-13 19:31:23.100 0 0 E [65005.024335] link_delay_work_func: DTC_ETH: SQI=0, link=0
06-13 19:31:25.774 1551 1911 I sync : [com.tencent.android.qqdownloader.YYBLiveAccountProvider,0,3,24220937]
06-13 19:31:25.816 1551 1911 I sync : [com.tencent.android.qqdownloader.YYBLiveAccountProvider,1,3,24220937]
06-13 19:31:25.821 1551 1911 I commit_sys_config_file: [sync-status,58065187]
06-13 19:31:25.835 1551 1911 I sync : [com.tencent.android.qqdownloader.YYBLiveAccountProvider,0,3,24220937]
06-13 19:31:25.869 1551 1911 I sync : [com.tencent.android.qqdownloader.YYBLiveAccountProvider,1,3,24220937]
06-13 19:31:25.872 1551 1911 I commit_sys_config_file: [sync-status,58065238]
06-13 19:31:27.824 1551 1669 I commit_sys_config_file: [jobs,6]
06-13 19:31:28.220 0 0 E [65010.144350] link_delay_work_func: DTC_ETH: SQI=0, link=0
06-13 19:31:33.340 0 0 E [65015.264519] link_delay_work_func: DTC_ETH: SQI=0, link=0
06-13 19:31:38.460 0 0 E [65020.384352] link_delay_work_func: DTC_ETH: SQI=0, link=0
06-13 19:31:41.736 0 0 I [65023.662913] init: processing action (sys.tlog.tlogdshc.active=1) from (/system/etc/init/tlogd.rc:195)
06-13 19:31:41.736 0 0 I [65023.663474] init: starting service 'tlogdshc'...
06-13 19:31:41.852 0 0 I [65023.779771] init: Service 'tlogdshc' (pid 16712) exited with status 0 oneshot service took 0.109000 seconds in background
06-13 19:31:41.852 0 0 I [65023.779800] init: Sending signal 9 to service 'tlogdshc' (pid 16712) process group...
06-13 19:31:41.852 0 0 I [65023.779983] libprocessgroup: Successfully killed process cgroup uid 0 pid 16712 in 0ms
06-13 19:31:43.576 0 0 E [65025.504343] link_delay_work_func: DTC_ETH: SQI=0, link=0
06-13 19:31:48.697 0 0 E [65030.624359] link_delay_work_func: DTC_ETH: SQI=0, link=0
06-13 19:31:53.821 0 0 E [65035.744343] link_delay_work_func: DTC_ETH: SQI=0, link=0
06-13 19:31:57.569 1551 1551 I notification_enqueue: [10092,17024,com.tencent.android.qqdownloader,127,NULL,0,Notification(channel=channel_id_default_silent shortcut=null contentView=com.tencent.android.qqdownloader/0x7f0a01c2 vibrate=null sound=null defaults=0x0 flags=0x2a2 color=0x00000000 groupKey=com.tencent.android.qqdownloader vis=PRIVATE),1]
06-13 19:31:58.940 0 0 E [65040.864313] link_delay_work_func: DTC_ETH: SQI=0, link=0
06-13 19:32:00.773 1551 1911 I sync : [com.tencent.android.qqdownloader.YYBLiveAccountProvider,0,3,24220937]
06-13 19:32:00.811 1551 1911 I sync : [com.tencent.android.qqdownloader.YYBLiveAccountProvider,1,3,24220937]
06-13 19:32:00.814 1551 1911 I commit_sys_config_file: [sync-status,58100179]
06-13 19:32:00.822 1551 1911 I sync : [com.tencent.android.qqdownloader.YYBLiveAccountProvider,0,3,24220937]
06-13 19:32:00.863 1551 1911 I sync : [com.tencent.android.qqdownloader.YYBLiveAccountProvider,1,3,24220937]
06-13 19:32:00.866 1551 1911 I commit_sys_config_file: [sync-status,58100231]
06-13 19:32:02.819 1551 1669 I commit_sys_config_file: [jobs,5]
06-13 19:32:04.060 0 0 E [65045.984330] link_delay_work_func: DTC_ETH: SQI=0, link=0
06-13 19:32:09.180 0 0 E [65051.104545] link_delay_work_func: DTC_ETH: SQI=0, link=0
06-13 19:32:11.744 0 0 I [65053.670159] init: processing action (sys.tlog.tlogdshc.active=1) from (/system/etc/init/tlogd.rc:195)
06-13 19:32:11.744 0 0 I [65053.670696] init: starting service 'tlogdshc'...
06-13 19:32:11.876 0 0 I [65053.800607] init: Service 'tlogdshc' (pid 16756) exited with status 0 oneshot service took 0.125000 seconds in background
06-13 19:32:11.876 0 0 I [65053.800659] init: Sending signal 9 to service 'tlogdshc' (pid 16756) process group...
06-13 19:32:11.876 0 0 I [65053.800936] libprocessgroup: Successfully killed process cgroup uid 0 pid 16756 in 0ms
06-13 19:32:14.300 0 0 E [65056.224339] link_delay_work_func: DTC_ETH: SQI=0, link=0
06-13 19:32:19.420 0 0 E [65061.344324] link_delay_work_func: DTC_ETH: SQI=0, link=0
06-13 19:32:24.540 0 0 E [65066.464360] link_delay_work_func: DTC_ETH: SQI=0, link=0
06-13 19:32:29.660 0 0 E [65071.584570] link_delay_work_func: DTC_ETH: SQI=0, link=0
06-13 19:32:34.780 0 0 E [65076.704554] link_delay_work_func: DTC_ETH: SQI=0, link=0
06-13 19:32:35.777 1551 1911 I sync : [com.tencent.android.qqdownloader.YYBLiveAccountProvider,0,3,24220937]
06-13 19:32:35.815 1551 1911 I sync : [com.tencent.android.qqdownloader.YYBLiveAccountProvider,1,3,24220937]
06-13 19:32:35.818 1551 1911 I commit_sys_config_file: [sync-status,58135184]
06-13 19:32:35.827 1551 1911 I sync : [com.tencent.android.qqdownloader.YYBLiveAccountProvider,0,3,24220937]
06-13 19:32:35.862 1551 1911 I sync : [com.tencent.android.qqdownloader.YYBLiveAccountProvider,1,3,24220937]
06-13 19:32:35.865 1551 1911 I commit_sys_config_file: [sync-status,58135230]
06-13 19:32:37.823 1551 1669 I commit_sys_config_file: [jobs,6]
06-13 19:32:39.896 0 0 E [65081.824361] link_delay_work_func: DTC_ETH: SQI=0, link=0
06-13 19:32:41.744 0 0 I [65083.671697] init: processing action (sys.tlog.tlogdshc.active=1) from (/system/etc/init/tlogd.rc:195)
06-13 19:32:41.744 0 0 I [65083.672487] init: starting service 'tlogdshc'...
06-13 19:32:41.856 0 0 I [65083.781226] init: Service 'tlogdshc' (pid 16800) exited with status 0 oneshot service took 0.101000 seconds in background
06-13 19:32:41.856 0 0 I [65083.781252] init: Sending signal 9 to service 'tlogdshc' (pid 16800) process group...
06-13 19:32:41.856 0 0 I [65083.781417] libprocessgroup: Successfully killed process cgroup uid 0 pid 16800 in 0ms
06-13 19:32:45.020 0 0 E [65086.944367] link_delay_work_func: DTC_ETH: SQI=0, link=0
06-13 19:32:50.140 0 0 E [65092.064373] link_delay_work_func: DTC_ETH: SQI=0, link=0
06-13 19:32:50.685 1551 7377 I commit_sys_config_file: [appops,65073340]
06-13 19:32:55.260 0 0 E [65097.184314] link_delay_work_func: DTC_ETH: SQI=0, link=0
06-13 19:32:59.069 1551 1551 I notification_enqueue: [10092,17024,com.tencent.android.qqdownloader,127,NULL,0,Notification(channel=channel_id_default_silent shortcut=null contentView=com.tencent.android.qqdownloader/0x7f0a01c2 vibrate=null sound=null defaults=0x0 flags=0x2a2 color=0x00000000 groupKey=com.tencent.android.qqdownloader vis=PRIVATE),1]
06-13 19:33:00.376 0 0 E [65102.304422] link_delay_work_func: DTC_ETH: SQI=0, link=0
06-13 19:33:05.500 0 0 E [65107.424328] link_delay_work_func: DTC_ETH: SQI=0, link=0
06-13 19:33:10.620 0 0 E [65112.544341] link_delay_work_func: DTC_ETH: SQI=0, link=0
06-13 19:33:10.780 1551 1911 I sync : [com.tencent.android.qqdownloader.YYBLiveAccountProvider,0,3,24220937]
06-13 19:33:10.784 1551 1684 I commit_sys_config_file: [procstats,12]
06-13 19:33:10.824 1551 1911 I sync : [com.tencent.android.qqdownloader.YYBLiveAccountProvider,1,3,24220937]
06-13 19:33:10.827 1551 1911 I commit_sys_config_file: [sync-status,58170192]
06-13 19:33:10.838 1551 1911 I sync : [com.tencent.android.qqdownloader.YYBLiveAccountProvider,0,3,24220937]
06-13 19:33:10.876 1551 1911 I sync : [com.tencent.android.qqdownloader.YYBLiveAccountProvider,1,3,24220937]
06-13 19:33:10.878 1551 1911 I commit_sys_config_file: [sync-status,58170244]
06-13 19:33:11.748 0 0 I [65113.673254] init: processing action (sys.tlog.tlogdshc.active=1) from (/system/etc/init/tlogd.rc:195)
06-13 19:33:11.748 0 0 I [65113.673826] init: starting service 'tlogdshc'...
06-13 19:33:11.860 0 0 I [65113.785465] init: Service 'tlogdshc' (pid 16844) exited with status 0 oneshot service took 0.107000 seconds in background
06-13 19:33:11.860 0 0 I [65113.785494] init: Sending signal 9 to service 'tlogdshc' (pid 16844) process group...
06-13 19:33:11.860 0 0 I [65113.785666] libprocessgroup: Successfully killed process cgroup uid 0 pid 16844 in 0ms
06-13 19:33:12.829 1551 1669 I commit_sys_config_file: [jobs,5]
06-13 19:33:15.740 0 0 E [65117.664682] link_delay_work_func: DTC_ETH: SQI=0, link=0
06-13 19:33:20.860 0 0 E [65122.784437] link_delay_work_func: DTC_ETH: SQI=0, link=0
06-13 19:33:25.980 0 0 E [65127.904380] link_delay_work_func: DTC_ETH: SQI=0, link=0
06-13 19:33:31.100 0 0 E [65133.024475] link_delay_work_func: DTC_ETH: SQI=0, link=0
06-13 19:33:36.216 0 0 E [65138.144384] link_delay_work_func: DTC_ETH: SQI=0, link=0
06-13 19:33:41.340 0 0 E [65143.264337] link_delay_work_func: DTC_ETH: SQI=0, link=0
06-13 19:33:41.756 0 0 I [65143.681290] init: processing action (sys.tlog.tlogdshc.active=1) from (/system/etc/init/tlogd.rc:195)
06-13 19:33:41.756 0 0 I [65143.682059] init: starting service 'tlogdshc'...
06-13 19:33:41.868 0 0 I [65143.793376] init: Service 'tlogdshc' (pid 16885) exited with status 0 oneshot service took 0.106000 seconds in background
06-13 19:33:41.868 0 0 I [65143.793402] init: Sending signal 9 to service 'tlogdshc' (pid 16885) process group...
06-13 19:33:41.868 0 0 I [65143.793568] libprocessgroup: Successfully killed process cgroup uid 0 pid 16885 in 0ms
06-13 19:33:45.778 1551 1911 I sync : [com.tencent.android.qqdownloader.YYBLiveAccountProvider,0,3,24220937]
06-13 19:33:45.821 1551 1911 I sync : [com.tencent.android.qqdownloader.YYBLiveAccountProvider,1,3,24220937]
06-13 19:33:45.846 1551 1911 I commit_sys_config_file: [sync-status,58205212]
06-13 19:33:45.855 1551 1911 I sync : [com.tencent.android.qqdownloader.YYBLiveAccountProvider,0,3,24220937]
06-13 19:33:45.882 1551 1911 I sync : [com.tencent.android.qqdownloader.YYBLiveAccountProvider,1,3,24220937]
06-13 19:33:45.884 1551 1911 I commit_sys_config_file: [sync-status,58205250]
06-13 19:33:46.460 0 0 E [65148.384340] link_delay_work_func: DTC_ETH: SQI=0, link=0
06-13 19:33:47.831 1551 1669 I commit_sys_config_file: [jobs,6]
06-13 19:33:51.580 0 0 E [65153.504338] link_delay_work_func: DTC_ETH: SQI=0, link=0
06-13 19:33:56.700 0 0 E [65158.624359] link_delay_work_func: DTC_ETH: SQI=0, link=0
06-13 19:34:00.574 1551 1551 I notification_enqueue: [10092,17024,com.tencent.android.qqdownloader,127,NULL,0,Notification(channel=channel_id_default_silent shortcut=null contentView=com.tencent.android.qqdownloader/0x7f0a01c2 vibrate=null sound=null defaults=0x0 flags=0x2a2 color=0x00000000 groupKey=com.tencent.android.qqdownloader vis=PRIVATE),1]
06-13 19:34:01.816 0 0 E [65163.744357] link_delay_work_func: DTC_ETH: SQI=0, link=0
06-13 19:34:06.940 0 0 E [65168.864520] link_delay_work_func: DTC_ETH: SQI=0, link=0
06-13 19:34:11.757 0 0 I [65173.682694] init: processing action (sys.tlog.tlogdshc.active=1) from (/system/etc/init/tlogd.rc:195)
06-13 19:34:11.757 0 0 I [65173.683343] init: starting service 'tlogdshc'...
06-13 19:34:11.876 0 0 I [65173.801118] init: Service 'tlogdshc' (pid 16931) exited with status 0 oneshot service took 0.111000 seconds in background
06-13 19:34:11.876 0 0 I [65173.801169] init: Sending signal 9 to service 'tlogdshc' (pid 16931) process group...
06-13 19:34:11.876 0 0 I [65173.801482] libprocessgroup: Successfully killed process cgroup uid 0 pid 16931 in 0ms
06-13 19:34:12.060 0 0 E [65173.984526] link_delay_work_func: DTC_ETH: SQI=0, link=0
06-13 19:34:17.180 0 0 E [65179.104369] link_delay_work_func: DTC_ETH: SQI=0, link=0
06-13 19:34:20.786 1551 1911 I sync : [com.tencent.android.qqdownloader.YYBLiveAccountProvider,0,3,24220937]
06-13 19:34:20.820 1551 1911 I sync : [com.tencent.android.qqdownloader.YYBLiveAccountProvider,1,3,24220937]
06-13 19:34:20.822 1551 1911 I commit_sys_config_file: [sync-status,58240188]
06-13 19:34:20.830 1551 1911 I sync : [com.tencent.android.qqdownloader.YYBLiveAccountProvider,0,3,24220937]
06-13 19:34:20.858 1551 1911 I sync : [com.tencent.android.qqdownloader.YYBLiveAccountProvider,1,3,24220937]
06-13 19:34:20.861 1551 1911 I commit_sys_config_file: [sync-status,58240226]
06-13 19:34:22.304 0 0 E [65184.224550] link_delay_work_func: DTC_ETH: SQI=0, link=0
06-13 19:34:22.829 1551 1669 I commit_sys_config_file: [jobs,7]
06-13 19:34:27.420 0 0 E [65189.344343] link_delay_work_func: DTC_ETH: SQI=0, link=0
06-13 19:34:32.540 0 0 E [65194.464544] link_delay_work_func: DTC_ETH: SQI=0, link=0
06-13 19:34:37.660 0 0 E [65199.584355] link_delay_work_func: DTC_ETH: SQI=0, link=0
06-13 19:34:41.760 0 0 I [65203.686962] init: processing action (sys.tlog.tlogdshc.active=1) from (/system/etc/init/tlogd.rc:195)
06-13 19:34:41.760 0 0 I [65203.687472] init: starting service 'tlogdshc'...
06-13 19:34:41.880 0 0 I [65203.804741] init: Service 'tlogdshc' (pid 16974) exited with status 0 oneshot service took 0.112000 seconds in background
06-13 19:34:41.880 0 0 I [65203.804774] init: Sending signal 9 to service 'tlogdshc' (pid 16974) process group...
06-13 19:34:41.880 0 0 I [65203.804960] libprocessgroup: Successfully killed process cgroup uid 0 pid 16974 in 0ms
06-13 19:34:42.784 0 0 E [65204.708421] link_delay_work_func: DTC_ETH: SQI=0, link=0
06-13 19:34:47.900 0 0 E [65209.824424] link_delay_work_func: DTC_ETH: SQI=0, link=0
06-13 19:34:53.016 0 0 E [65214.944349] link_delay_work_func: DTC_ETH: SQI=0, link=0
06-13 19:34:55.781 1551 1911 I sync : [com.tencent.android.qqdownloader.YYBLiveAccountProvider,0,3,24220937]
06-13 19:34:55.830 1551 1911 I sync : [com.tencent.android.qqdownloader.YYBLiveAccountProvider,1,3,24220937]
06-13 19:34:55.834 1551 1911 I commit_sys_config_file: [sync-status,58275199]
06-13 19:34:55.844 1551 1911 I sync : [com.tencent.android.qqdownloader.YYBLiveAccountProvider,0,3,24220937]
06-13 19:34:55.878 1551 1911 I sync : [com.tencent.android.qqdownloader.YYBLiveAccountProvider,1,3,24220937]
06-13 19:34:55.880 1551 1911 I commit_sys_config_file: [sync-status,58275246]
06-13 19:34:57.834 1551 1669 I commit_sys_config_file: [jobs,5]
06-13 19:34:58.140 0 0 E [65220.064326] link_delay_work_func: DTC_ETH: SQI=0, link=0
06-13 19:35:02.067 1551 1551 I notification_enqueue: [10092,17024,com.tencent.android.qqdownloader,127,NULL,0,Notification(channel=channel_id_default_silent shortcut=null contentView=com.tencent.android.qqdownloader/0x7f0a01c2 vibrate=null sound=null defaults=0x0 flags=0x2a2 color=0x00000000 groupKey=com.tencent.android.qqdownloader vis=PRIVATE),1]
06-13 19:35:03.260 0 0 E [65225.184337] link_delay_work_func: DTC_ETH: SQI=0, link=0
06-13 19:35:08.380 0 0 E [65230.304344] link_delay_work_func: DTC_ETH: SQI=0, link=0
06-13 19:35:11.768 0 0 I [65233.688658] init: processing action (sys.tlog.tlogdshc.active=1) from (/system/etc/init/tlogd.rc:195)
06-13 19:35:11.768 0 0 I [65233.689227] init: starting service 'tlogdshc'...
06-13 19:35:11.872 0 0 I [65233.800160] init: Service 'tlogdshc' (pid 17026) exited with status 0 oneshot service took 0.106000 seconds in background
06-13 19:35:11.872 0 0 I [65233.800190] init: Sending signal 9 to service 'tlogdshc' (pid 17026) process group...
06-13 19:35:11.876 0 0 I [65233.800438] libprocessgroup: Successfully killed process cgroup uid 0 pid 17026 in 0ms
06-13 19:35:13.500 0 0 E [65235.424555] link_delay_work_func: DTC_ETH: SQI=0, link=0
06-13 19:35:18.620 0 0 E [65240.544314] link_delay_work_func: DTC_ETH: SQI=0, link=0
06-13 19:35:23.736 0 0 E [65245.664365] link_delay_work_func: DTC_ETH: SQI=0, link=0
06-13 19:35:28.860 0 0 E [65250.784513] link_delay_work_func: DTC_ETH: SQI=0, link=0
06-13 19:35:30.781 1551 1911 I sync : [com.tencent.android.qqdownloader.YYBLiveAccountProvider,0,3,24220937]
06-13 19:35:30.838 1551 1911 I sync : [com.tencent.android.qqdownloader.YYBLiveAccountProvider,1,3,24220937]
06-13 19:35:30.842 1551 1911 I commit_sys_config_file: [sync-status,58310208]
06-13 19:35:30.851 1551 1911 I sync : [com.tencent.android.qqdownloader.YYBLiveAccountProvider,0,3,24220937]
06-13 19:35:30.890 1551 1911 I sync : [com.tencent.android.qqdownloader.YYBLiveAccountProvider,1,3,24220937]
06-13 19:35:30.893 1551 1911 I commit_sys_config_file: [sync-status,58310258]
06-13 19:35:32.842 1551 1669 I commit_sys_config_file: [jobs,6]
06-13 19:35:33.980 0 0 E [65255.904539] link_delay_work_func: DTC_ETH: SQI=0, link=0
06-13 19:35:39.096 0 0 E [65261.024397] link_delay_work_func: DTC_ETH: SQI=0, link=0
06-13 19:35:41.772 0 0 I [65263.698488] init: processing action (sys.tlog.tlogdshc.active=1) from (/system/etc/init/tlogd.rc:195)
06-13 19:35:41.772 0 0 I [65263.699076] init: starting service 'tlogdshc'...
06-13 19:35:41.888 0 0 I [65263.815848] init: Service 'tlogdshc' (pid 17138) exited with status 0 oneshot service took 0.112000 seconds in background
06-13 19:35:41.888 0 0 I [65263.815877] init: Sending signal 9 to service 'tlogdshc' (pid 17138) process group...
06-13 19:35:41.888 0 0 I [65263.816051] libprocessgroup: Successfully killed process cgroup uid 0 pid 17138 in 0ms
06-13 19:35:44.220 0 0 E [65266.144348] link_delay_work_func: DTC_ETH: SQI=0, link=0
06-13 19:35:49.340 0 0 E [65271.264558] link_delay_work_func: DTC_ETH: SQI=0, link=0
06-13 19:35:54.460 0 0 E [65276.384551] link_delay_work_func: DTC_ETH: SQI=0, link=0
06-13 19:35:59.580 0 0 E [65281.504344] link_delay_work_func: DTC_ETH: SQI=0, link=0
06-13 19:36:03.569 1551 1551 I notification_enqueue: [10092,17024,com.tencent.android.qqdownloader,127,NULL,0,Notification(channel=channel_id_default_silent shortcut=null contentView=com.tencent.android.qqdownloader/0x7f0a01c2 vibrate=null sound=null defaults=0x0 flags=0x2a2 color=0x00000000 groupKey=com.tencent.android.qqdownloader vis=PRIVATE),1]
06-13 19:36:04.700 0 0 E [65286.624355] link_delay_work_func: DTC_ETH: SQI=0, link=0
06-13 19:36:05.783 1551 1911 I sync : [com.tencent.android.qqdownloader.YYBLiveAccountProvider,0,3,24220937]
06-13 19:36:05.819 1551 1911 I sync : [com.tencent.android.qqdownloader.YYBLiveAccountProvider,1,3,24220937]
06-13 19:36:05.822 1551 1911 I commit_sys_config_file: [sync-status,58345187]
06-13 19:36:05.828 1551 1911 I sync : [com.tencent.android.qqdownloader.YYBLiveAccountProvider,0,3,24220937]
06-13 19:36:05.860 1551 1911 I sync : [com.tencent.android.qqdownloader.YYBLiveAccountProvider,1,3,24220937]
06-13 19:36:05.863 1551 1911 I commit_sys_config_file: [sync-status,58345228]
06-13 19:36:07.828 1551 1669 I commit_sys_config_file: [jobs,6]
06-13 19:36:09.820 0 0 E [65291.744328] link_delay_work_func: DTC_ETH: SQI=0, link=0
06-13 19:36:11.772 0 0 I [65293.700167] init: processing action (sys.tlog.tlogdshc.active=1) from (/system/etc/init/tlogd.rc:195)
06-13 19:36:11.776 0 0 I [65293.700950] init: starting service 'tlogdshc'...
06-13 19:36:11.900 0 0 I [65293.824854] init: Service 'tlogdshc' (pid 17215) exited with status 0 oneshot service took 0.118000 seconds in background
06-13 19:36:11.900 0 0 I [65293.824883] init: Sending signal 9 to service 'tlogdshc' (pid 17215) process group...
06-13 19:36:11.900 0 0 I [65293.825055] libprocessgroup: Successfully killed process cgroup uid 0 pid 17215 in 0ms
06-13 19:36:14.940 0 0 E [65296.864543] link_delay_work_func: DTC_ETH: SQI=0, link=0
06-13 19:36:20.060 0 0 E [65301.988418] link_delay_work_func: DTC_ETH: SQI=0, link=0
06-13 19:36:25.180 0 0 E [65307.104390] link_delay_work_func: DTC_ETH: SQI=0, link=0
06-13 19:36:30.300 0 0 E [65312.224363] link_delay_work_func: DTC_ETH: SQI=0, link=0
06-13 19:36:35.420 0 0 E [65317.344324] link_delay_work_func: DTC_ETH: SQI=0, link=0
06-13 19:36:40.540 0 0 E [65322.464332] link_delay_work_func: DTC_ETH: SQI=0, link=0
06-13 19:36:40.784 1551 1911 I sync : [com.tencent.android.qqdownloader.YYBLiveAccountProvider,0,3,24220937]
06-13 19:36:40.821 1551 1911 I sync : [com.tencent.android.qqdownloader.YYBLiveAccountProvider,1,3,24220937]
06-13 19:36:40.824 1551 1911 I commit_sys_config_file: [sync-status,58380190]
06-13 19:36:40.834 1551 1911 I sync : [com.tencent.android.qqdownloader.YYBLiveAccountProvider,0,3,24220937]
06-13 19:36:40.880 1551 1911 I sync : [com.tencent.android.qqdownloader.YYBLiveAccountProvider,1,3,24220937]
06-13 19:36:40.882 1551 1911 I commit_sys_config_file: [sync-status,58380248]
06-13 19:36:41.776 0 0 I [65323.701930] init: processing action (sys.tlog.tlogdshc.active=1) from (/system/etc/init/tlogd.rc:195)
06-13 19:36:41.776 0 0 I [65323.702459] init: starting service 'tlogdshc'...
06-13 19:36:41.892 0 0 I [65323.818072] init: Service 'tlogdshc' (pid 17268) exited with status 0 oneshot service took 0.111000 seconds in background
06-13 19:36:41.892 0 0 I [65323.818101] init: Sending signal 9 to service 'tlogdshc' (pid 17268) process group...
06-13 19:36:41.892 0 0 I [65323.818273] libprocessgroup: Successfully killed process cgroup uid 0 pid 17268 in 0ms
06-13 19:36:42.828 1551 1669 I commit_sys_config_file: [jobs,4]
06-13 19:36:45.660 0 0 E [65327.584358] link_delay_work_func: DTC_ETH: SQI=0, link=0
06-13 19:36:50.780 0 0 E [65332.704341] link_delay_work_func: DTC_ETH: SQI=0, link=0
06-13 19:36:55.900 0 0 E [65337.824365] link_delay_work_func: DTC_ETH: SQI=0, link=0
06-13 19:37:01.016 0 0 E [65342.944356] link_delay_work_func: DTC_ETH: SQI=0, link=0
06-13 19:37:05.078 1551 1551 I notification_enqueue: [10092,17024,com.tencent.android.qqdownloader,127,NULL,0,Notification(channel=channel_id_default_silent shortcut=null contentView=com.tencent.android.qqdownloader/0x7f0a01c2 vibrate=null sound=null defaults=0x0 flags=0x2a2 color=0x00000000 groupKey=com.tencent.android.qqdownloader vis=PRIVATE),1]
06-13 19:37:06.140 0 0 E [65348.064337] link_delay_work_func: DTC_ETH: SQI=0, link=0
06-13 19:37:11.260 0 0 E [65353.184331] link_delay_work_func: DTC_ETH: SQI=0, link=0
06-13 19:37:11.776 0 0 I [65353.703639] init: processing action (sys.tlog.tlogdshc.active=1) from (/system/etc/init/tlogd.rc:195)
06-13 19:37:11.776 0 0 I [65353.704196] init: starting service 'tlogdshc'...
06-13 19:37:11.892 0 0 I [65353.816331] init: Service 'tlogdshc' (pid 17347) exited with status 0 oneshot service took 0.106000 seconds in background
06-13 19:37:11.892 0 0 I [65353.816359] init: Sending signal 9 to service 'tlogdshc' (pid 17347) process group...
06-13 19:37:11.892 0 0 I [65353.816532] libprocessgroup: Successfully killed process cgroup uid 0 pid 17347 in 0ms
06-13 19:37:15.785 1551 1911 I sync : [com.tencent.android.qqdownloader.YYBLiveAccountProvider,0,3,24220937]
06-13 19:37:15.823 1551 1911 I sync : [com.tencent.android.qqdownloader.YYBLiveAccountProvider,1,3,24220937]
06-13 19:37:15.826 1551 1911 I commit_sys_config_file: [sync-status,58415192]
06-13 19:37:15.835 1551 1911 I sync : [com.tencent.android.qqdownloader.YYBLiveAccountProvider,0,3,24220937]
06-13 19:37:15.864 1551 1911 I sync : [com.tencent.android.qqdownloader.YYBLiveAccountProvider,1,3,24220937]
06-13 19:37:15.866 1551 1911 I commit_sys_config_file: [sync-status,58415232]
06-13 19:37:16.380 0 0 E [65358.304329] link_delay_work_func: DTC_ETH: SQI=0, link=0
06-13 19:37:17.831 1551 1669 I commit_sys_config_file: [jobs,6]
06-13 19:37:21.496 0 0 E [65363.424388] link_delay_work_func: DTC_ETH: SQI=0, link=0
06-13 19:37:26.620 0 0 E [65368.544343] link_delay_work_func: DTC_ETH: SQI=0, link=0
06-13 19:37:30.787 1551 1684 I commit_sys_config_file: [sync-stats,56630047]
06-13 19:37:31.740 0 0 E [65373.664513] link_delay_work_func: DTC_ETH: SQI=0, link=0
06-13 19:37:36.857 0 0 E [65378.784601] link_delay_work_func: DTC_ETH: SQI=0, link=0
06-13 19:37:41.780 0 0 I [65383.707312] init: processing action (sys.tlog.tlogdshc.active=1) from (/system/etc/init/tlogd.rc:195)
06-13 19:37:41.780 0 0 I [65383.707880] init: starting service 'tlogdshc'...
06-13 19:37:41.892 0 0 I [65383.817161] init: Service 'tlogdshc' (pid 17394) exited with status 0 oneshot service took 0.104000 seconds in background
06-13 19:37:41.892 0 0 I [65383.817189] init: Sending signal 9 to service 'tlogdshc' (pid 17394) process group...
06-13 19:37:41.892 0 0 I [65383.817364] libprocessgroup: Successfully killed process cgroup uid 0 pid 17394 in 0ms
06-13 19:37:41.976 0 0 E [65383.904353] link_delay_work_func: DTC_ETH: SQI=0, link=0
06-13 19:37:47.100 0 0 E [65389.024328] link_delay_work_func: DTC_ETH: SQI=0, link=0
06-13 19:37:50.799 1551 1911 I sync : [com.tencent.android.qqdownloader.YYBLiveAccountProvider,0,3,24220937]
06-13 19:37:50.854 1551 1911 I sync : [com.tencent.android.qqdownloader.YYBLiveAccountProvider,1,3,24220937]
06-13 19:37:50.857 1551 1911 I commit_sys_config_file: [sync-status,58450223]
06-13 19:37:50.865 1551 1911 I sync : [com.tencent.android.qqdownloader.YYBLiveAccountProvider,0,3,24220937]
06-13 19:37:50.908 1551 1911 I sync : [com.tencent.android.qqdownloader.YYBLiveAccountProvider,1,3,24220937]
06-13 19:37:50.911 1551 1911 I commit_sys_config_file: [sync-status,58450277]
06-13 19:37:51.550 1551 1551 I notification_enqueue: [10092,17024,com.tencent.android.qqdownloader,127,NULL,0,Notification(channel=channel_id_default_silent shortcut=null contentView=com.tencent.android.qqdownloader/0x7f0a01c2 vibrate=null sound=null defaults=0x0 flags=0x2a2 color=0x00000000 groupKey=com.tencent.android.qqdownloader vis=PRIVATE),1]
06-13 19:37:52.220 0 0 E [65394.144349] link_delay_work_func: DTC_ETH: SQI=0, link=0
06-13 19:37:52.862 1551 1669 I commit_sys_config_file: [jobs,6]
06-13 19:37:57.340 0 0 E [65399.264367] link_delay_work_func: DTC_ETH: SQI=0, link=0
06-13 19:38:02.456 0 0 E [65404.384539] link_delay_work_func: DTC_ETH: SQI=0, link=0
06-13 19:38:07.580 0 0 E [65409.504354] link_delay_work_func: DTC_ETH: SQI=0, link=0
06-13 19:38:11.784 0 0 I [65413.710453] init: processing action (sys.tlog.tlogdshc.active=1) from (/system/etc/init/tlogd.rc:195)
06-13 19:38:11.784 0 0 I [65413.710845] init: starting service 'tlogdshc'...
06-13 19:38:11.892 0 0 I [65413.817857] init: Service 'tlogdshc' (pid 17448) exited with status 0 oneshot service took 0.103000 seconds in background
06-13 19:38:11.892 0 0 I [65413.817887] init: Sending signal 9 to service 'tlogdshc' (pid 17448) process group...
06-13 19:38:11.892 0 0 I [65413.818069] libprocessgroup: Successfully killed process cgroup uid 0 pid 17448 in 0ms
06-13 19:38:12.700 0 0 E [65414.624373] link_delay_work_func: DTC_ETH: SQI=0, link=0
06-13 19:38:13.032 0 0 I [65414.958499] [dp_rx_][0x1247084bdf0][19: 38:13.030560] wlan: [3484:I:QDF] DHCP-R RX: SA:04:7f:0e:62:f8:6b DA:ff:ff:ff:ff:ff:ff
06-13 19:38:17.820 0 0 E [65419.744378] link_delay_work_func: DTC_ETH: SQI=0, link=0
06-13 19:38:22.940 0 0 E [65424.864514] link_delay_work_func: DTC_ETH: SQI=0, link=0
06-13 19:38:25.800 1551 1911 I sync : [com.tencent.android.qqdownloader.YYBLiveAccountProvider,0,3,24220937]
06-13 19:38:25.834 1551 1911 I sync : [com.tencent.android.qqdownloader.YYBLiveAccountProvider,1,3,24220937]
06-13 19:38:25.837 1551 1911 I commit_sys_config_file: [sync-status,58485202]
06-13 19:38:25.843 1551 1911 I sync : [com.tencent.android.qqdownloader.YYBLiveAccountProvider,0,3,24220937]
06-13 19:38:25.874 1551 1911 I sync : [com.tencent.android.qqdownloader.YYBLiveAccountProvider,1,3,24220937]
06-13 19:38:25.879 1551 1911 I commit_sys_config_file: [sync-status,58485244]
06-13 19:38:27.841 1551 1669 I commit_sys_config_file: [jobs,6]
06-13 19:38:28.060 0 0 E [65429.984521] link_delay_work_func: DTC_ETH: SQI=0, link=0
06-13 19:38:33.180 0 0 E [65435.104399] link_delay_work_func: DTC_ETH: SQI=0, link=0
06-13 19:38:38.300 0 0 E [65440.224779] link_delay_work_func: DTC_ETH: SQI=0, link=0
06-13 19:38:41.788 0 0 I [65443.715189] init: processing action (sys.tlog.tlogdshc.active=1) from (/system/etc/init/tlogd.rc:195)
06-13 19:38:41.788 0 0 I [65443.715976] init: starting service 'tlogdshc'...
06-13 19:38:41.904 0 0 I [65443.829653] init: Service 'tlogdshc' (pid 17491) exited with status 0 oneshot service took 0.108000 seconds in background
06-13 19:38:41.904 0 0 I [65443.829681] init: Sending signal 9 to service 'tlogdshc' (pid 17491) process group...
06-13 19:38:41.904 0 0 I [65443.829861] libprocessgroup: Successfully killed process cgroup uid 0 pid 17491 in 0ms
06-13 19:38:43.420 0 0 E [65445.344403] link_delay_work_func: DTC_ETH: SQI=0, link=0
06-13 19:38:48.540 0 0 E [65450.464389] link_delay_work_func: DTC_ETH: SQI=0, link=0
06-13 19:38:51.585 1551 1551 I notification_enqueue: [10092,17024,com.tencent.android.qqdownloader,127,NULL,0,Notification(channel=channel_id_default_silent shortcut=null contentView=com.tencent.android.qqdownloader/0x7f0a01c2 vibrate=null sound=null defaults=0x0 flags=0x2a2 color=0x00000000 groupKey=com.tencent.android.qqdownloader vis=PRIVATE),1]
06-13 19:38:53.660 0 0 E [65455.584672] link_delay_work_func: DTC_ETH: SQI=0, link=0
06-13 19:38:58.780 0 0 E [65460.704358] link_delay_work_func: DTC_ETH: SQI=0, link=0
06-13 19:39:00.799 1551 1911 I sync : [com.tencent.android.qqdownloader.YYBLiveAccountProvider,0,3,24220937]
06-13 19:39:00.842 1551 1911 I sync : [com.tencent.android.qqdownloader.YYBLiveAccountProvider,1,3,24220937]
06-13 19:39:00.845 1551 1911 I commit_sys_config_file: [sync-status,58520211]
06-13 19:39:00.856 1551 1911 I sync : [com.tencent.android.qqdownloader.YYBLiveAccountProvider,0,3,24220937]
06-13 19:39:00.891 1551 1911 I sync : [com.tencent.android.qqdownloader.YYBLiveAccountProvider,1,3,24220937]
06-13 19:39:00.894 1551 1911 I commit_sys_config_file: [sync-status,58520260]
06-13 19:39:02.850 1551 1669 I commit_sys_config_file: [jobs,6]
06-13 19:39:03.896 0 0 E [65465.824526] link_delay_work_func: DTC_ETH: SQI=0, link=0
06-13 19:39:09.020 0 0 E [65470.944525] link_delay_work_func: DTC_ETH: SQI=0, link=0
06-13 19:39:11.796 0 0 I [65473.723336] init: processing action (sys.tlog.tlogdshc.active=1) from (/system/etc/init/tlogd.rc:195)
06-13 19:39:11.796 0 0 I [65473.723987] init: starting service 'tlogdshc'...
