06-13 20:28:38.620 0 0 E [68440.544534] link_delay_work_func: DTC_ETH: SQI=0, link=0
06-13 20:28:42.192 0 0 I [68444.115424] init: processing action (sys.tlog.tlogdshc.active=1) from (/system/etc/init/tlogd.rc:195)
06-13 20:28:42.192 0 0 I [68444.116225] init: starting service 'tlogdshc'...
06-13 20:28:42.304 0 0 I [68444.231349] init: Service 'tlogdshc' (pid 22157) exited with status 0 oneshot service took 0.109000 seconds in background
06-13 20:28:42.304 0 0 I [68444.231377] init: Sending signal 9 to service 'tlogdshc' (pid 22157) process group...
06-13 20:28:42.304 0 0 I [68444.231546] libprocessgroup: Successfully killed process cgroup uid 0 pid 22157 in 0ms
06-13 20:28:43.740 0 0 E [68445.664398] link_delay_work_func: DTC_ETH: SQI=0, link=0
06-13 20:28:48.860 0 0 E [68450.784417] link_delay_work_func: DTC_ETH: SQI=0, link=0
06-13 20:28:53.976 0 0 E [68455.904558] link_delay_work_func: DTC_ETH: SQI=0, link=0
06-13 20:28:59.100 0 0 E [68461.024347] link_delay_work_func: DTC_ETH: SQI=0, link=0
06-13 20:29:04.220 0 0 E [68466.144333] link_delay_work_func: DTC_ETH: SQI=0, link=0
06-13 20:29:08.067 1551 1551 I notification_enqueue: [10092,17024,com.tencent.android.qqdownloader,127,NULL,0,Notification(channel=channel_id_default_silent shortcut=null contentView=com.tencent.android.qqdownloader/0x7f0a01c2 vibrate=null sound=null defaults=0x0 flags=0x2a2 color=0x00000000 groupKey=com.tencent.android.qqdownloader vis=PRIVATE),1]
06-13 20:29:09.340 0 0 E [68471.264351] link_delay_work_func: DTC_ETH: SQI=0, link=0
06-13 20:29:10.952 1551 1911 I sync : [com.tencent.android.qqdownloader.YYBLiveAccountProvider,0,3,24220937]
06-13 20:29:10.987 1551 1911 I sync : [com.tencent.android.qqdownloader.YYBLiveAccountProvider,1,3,24220937]
06-13 20:29:10.989 1551 1911 I commit_sys_config_file: [sync-status,61530355]
06-13 20:29:10.999 1551 1911 I sync : [com.tencent.android.qqdownloader.YYBLiveAccountProvider,0,3,24220937]
06-13 20:29:11.040 1551 1911 I sync : [com.tencent.android.qqdownloader.YYBLiveAccountProvider,1,3,24220937]
06-13 20:29:11.044 1551 1911 I commit_sys_config_file: [sync-status,61530410]
06-13 20:29:12.192 0 0 I [68474.117240] init: processing action (sys.tlog.tlogdshc.active=1) from (/system/etc/init/tlogd.rc:195)
06-13 20:29:12.192 0 0 I [68474.117999] init: starting service 'tlogdshc'...
06-13 20:29:12.308 0 0 I [68474.232516] init: Service 'tlogdshc' (pid 22199) exited with status 0 oneshot service took 0.109000 seconds in background
06-13 20:29:12.308 0 0 I [68474.232596] init: Sending signal 9 to service 'tlogdshc' (pid 22199) process group...
06-13 20:29:12.308 0 0 I [68474.232770] libprocessgroup: Successfully killed process cgroup uid 0 pid 22199 in 0ms
06-13 20:29:12.995 1551 1669 I commit_sys_config_file: [jobs,5]
06-13 20:29:14.460 0 0 E [68476.384339] link_delay_work_func: DTC_ETH: SQI=0, link=0
06-13 20:29:19.580 0 0 E [68481.504359] link_delay_work_func: DTC_ETH: SQI=0, link=0
06-13 20:29:24.700 0 0 E [68486.624383] link_delay_work_func: DTC_ETH: SQI=0, link=0
06-13 20:29:29.816 0 0 E [68491.744385] link_delay_work_func: DTC_ETH: SQI=0, link=0
06-13 20:29:34.936 0 0 E [68496.864360] link_delay_work_func: DTC_ETH: SQI=0, link=0
06-13 20:29:40.060 0 0 E [68501.984531] link_delay_work_func: DTC_ETH: SQI=0, link=0
06-13 20:29:42.192 0 0 I [68504.118676] init: processing action (sys.tlog.tlogdshc.active=1) from (/system/etc/init/tlogd.rc:195)
06-13 20:29:42.192 0 0 I [68504.119351] init: starting service 'tlogdshc'...
06-13 20:29:42.308 0 0 I [68504.232425] init: Service 'tlogdshc' (pid 22241) exited with status 0 oneshot service took 0.108000 seconds in background
06-13 20:29:42.308 0 0 I [68504.232453] init: Sending signal 9 to service 'tlogdshc' (pid 22241) process group...
06-13 20:29:42.308 0 0 I [68504.232631] libprocessgroup: Successfully killed process cgroup uid 0 pid 22241 in 0ms
06-13 20:29:44.668 0 0 D [68506.593009] cnss: Host time = 68509248940 us, device time = 68482188100 us, offset = 27060840 us
06-13 20:29:44.668 0 0 D [68506.593072] cnss: Updated time sync regs [0x984] = 0x19cea68, [0x988] = 0x0
06-13 20:29:45.180 0 0 E [68507.104573] link_delay_work_func: DTC_ETH: SQI=0, link=0
06-13 20:29:45.952 1551 1911 I sync : [com.tencent.android.qqdownloader.YYBLiveAccountProvider,0,3,24220937]
06-13 20:29:45.985 1551 1911 I sync : [com.tencent.android.qqdownloader.YYBLiveAccountProvider,1,3,24220937]
06-13 20:29:45.987 1551 1911 I commit_sys_config_file: [sync-status,61565353]
06-13 20:29:45.996 1551 1911 I sync : [com.tencent.android.qqdownloader.YYBLiveAccountProvider,0,3,24220937]
06-13 20:29:46.025 1551 1911 I sync : [com.tencent.android.qqdownloader.YYBLiveAccountProvider,1,3,24220937]
06-13 20:29:46.028 1551 1911 I commit_sys_config_file: [sync-status,61565393]
06-13 20:29:47.994 1551 1669 I commit_sys_config_file: [jobs,6]
06-13 20:29:50.300 0 0 E [68512.224346] link_delay_work_func: DTC_ETH: SQI=0, link=0
06-13 20:29:55.420 0 0 E [68517.344340] link_delay_work_func: DTC_ETH: SQI=0, link=0
06-13 20:30:00.540 0 0 E [68522.464568] link_delay_work_func: DTC_ETH: SQI=0, link=0
06-13 20:30:05.660 0 0 E [68527.584365] link_delay_work_func: DTC_ETH: SQI=0, link=0
06-13 20:30:09.583 1551 1551 I notification_enqueue: [10092,17024,com.tencent.android.qqdownloader,127,NULL,0,Notification(channel=channel_id_default_silent shortcut=null contentView=com.tencent.android.qqdownloader/0x7f0a01c2 vibrate=null sound=null defaults=0x0 flags=0x2a2 color=0x00000000 groupKey=com.tencent.android.qqdownloader vis=PRIVATE),1]
06-13 20:30:10.780 0 0 E [68532.704384] link_delay_work_func: DTC_ETH: SQI=0, link=0
06-13 20:30:12.196 0 0 I [68534.120567] init: processing action (sys.tlog.tlogdshc.active=1) from (/system/etc/init/tlogd.rc:195)
06-13 20:30:12.196 0 0 I [68534.121082] init: starting service 'tlogdshc'...
06-13 20:30:12.304 0 0 I [68534.231420] init: Service 'tlogdshc' (pid 22288) exited with status 0 oneshot service took 0.105000 seconds in background
06-13 20:30:12.304 0 0 I [68534.231447] init: Sending signal 9 to service 'tlogdshc' (pid 22288) process group...
06-13 20:30:12.304 0 0 I [68534.231740] libprocessgroup: Successfully killed process cgroup uid 0 pid 22288 in 0ms
06-13 20:30:15.900 0 0 E [68537.824574] link_delay_work_func: DTC_ETH: SQI=0, link=0
06-13 20:30:20.957 1551 1911 I sync : [com.tencent.android.qqdownloader.YYBLiveAccountProvider,0,3,24220937]
06-13 20:30:20.985 1551 1911 I sync : [com.tencent.android.qqdownloader.YYBLiveAccountProvider,1,3,24220937]
06-13 20:30:20.987 1551 1911 I commit_sys_config_file: [sync-status,61600353]
06-13 20:30:20.993 1551 1911 I sync : [com.tencent.android.qqdownloader.YYBLiveAccountProvider,0,3,24220937]
06-13 20:30:21.020 0 0 E [68542.945063] link_delay_work_func: DTC_ETH: SQI=0, link=0
06-13 20:30:21.023 1551 1911 I sync : [com.tencent.android.qqdownloader.YYBLiveAccountProvider,1,3,24220937]
06-13 20:30:21.025 1551 1911 I commit_sys_config_file: [sync-status,61600391]
06-13 20:30:22.993 1551 1669 I commit_sys_config_file: [jobs,6]
06-13 20:30:26.140 0 0 E [68548.064381] link_delay_work_func: DTC_ETH: SQI=0, link=0
06-13 20:30:31.260 0 0 E [68553.184350] link_delay_work_func: DTC_ETH: SQI=0, link=0
06-13 20:30:36.380 0 0 E [68558.304341] link_delay_work_func: DTC_ETH: SQI=0, link=0
06-13 20:30:41.500 0 0 E [68563.424415] link_delay_work_func: DTC_ETH: SQI=0, link=0
06-13 20:30:42.200 0 0 I [68564.127068] init: processing action (sys.tlog.tlogdshc.active=1) from (/system/etc/init/tlogd.rc:195)
06-13 20:30:42.200 0 0 I [68564.127690] init: starting service 'tlogdshc'...
06-13 20:30:42.316 0 0 I [68564.241482] init: Service 'tlogdshc' (pid 22331) exited with status 0 oneshot service took 0.108000 seconds in background
06-13 20:30:42.316 0 0 I [68564.241510] init: Sending signal 9 to service 'tlogdshc' (pid 22331) process group...
06-13 20:30:42.316 0 0 I [68564.241688] libprocessgroup: Successfully killed process cgroup uid 0 pid 22331 in 0ms
06-13 20:30:42.892 0 0 I [68564.816707] [dp_rx_][0x132853ec2c8][20: 30:42.888757] wlan: [3484:I:QDF] DHCP-R RX: SA:04:7f:0e:62:f8:6b DA:ff:ff:ff:ff:ff:ff
06-13 20:30:46.620 0 0 E [68568.544538] link_delay_work_func: DTC_ETH: SQI=0, link=0
06-13 20:30:51.740 0 0 E [68573.664352] link_delay_work_func: DTC_ETH: SQI=0, link=0
06-13 20:30:55.955 1551 1911 I sync : [com.tencent.android.qqdownloader.YYBLiveAccountProvider,0,3,24220937]
06-13 20:30:55.999 1551 1911 I sync : [com.tencent.android.qqdownloader.YYBLiveAccountProvider,1,3,24220937]
06-13 20:30:56.002 1551 1911 I commit_sys_config_file: [sync-status,61635368]
06-13 20:30:56.009 1551 1911 I sync : [com.tencent.android.qqdownloader.YYBLiveAccountProvider,0,3,24220937]
06-13 20:30:56.048 1551 1911 I sync : [com.tencent.android.qqdownloader.YYBLiveAccountProvider,1,3,24220937]
06-13 20:30:56.051 1551 1911 I commit_sys_config_file: [sync-status,61635416]
06-13 20:30:56.860 0 0 E [68578.784330] link_delay_work_func: DTC_ETH: SQI=0, link=0
06-13 20:30:58.007 1551 1669 I commit_sys_config_file: [jobs,6]
06-13 20:31:01.980 0 0 E [68583.904323] link_delay_work_func: DTC_ETH: SQI=0, link=0
06-13 20:31:07.100 0 0 E [68589.024331] link_delay_work_func: DTC_ETH: SQI=0, link=0
06-13 20:31:11.070 1551 1551 I notification_enqueue: [10092,17024,com.tencent.android.qqdownloader,127,NULL,0,Notification(channel=channel_id_default_silent shortcut=null contentView=com.tencent.android.qqdownloader/0x7f0a01c2 vibrate=null sound=null defaults=0x0 flags=0x2a2 color=0x00000000 groupKey=com.tencent.android.qqdownloader vis=PRIVATE),1]
06-13 20:31:12.204 0 0 I [68594.128694] init: processing action (sys.tlog.tlogdshc.active=1) from (/system/etc/init/tlogd.rc:195)
06-13 20:31:12.204 0 0 I [68594.129321] init: starting service 'tlogdshc'...
06-13 20:31:12.220 0 0 E [68594.144354] link_delay_work_func: DTC_ETH: SQI=0, link=0
06-13 20:31:12.312 0 0 I [68594.239003] init: Service 'tlogdshc' (pid 22379) exited with status 0 oneshot service took 0.104000 seconds in background
06-13 20:31:12.312 0 0 I [68594.239029] init: Sending signal 9 to service 'tlogdshc' (pid 22379) process group...
06-13 20:31:12.312 0 0 I [68594.239201] libprocessgroup: Successfully killed process cgroup uid 0 pid 22379 in 0ms
06-13 20:31:17.340 0 0 E [68599.264369] link_delay_work_func: DTC_ETH: SQI=0, link=0
06-13 20:31:22.460 0 0 E [68604.384396] link_delay_work_func: DTC_ETH: SQI=0, link=0
06-13 20:31:27.580 0 0 E [68609.504340] link_delay_work_func: DTC_ETH: SQI=0, link=0
06-13 20:31:30.953 1551 1911 I sync : [com.tencent.android.qqdownloader.YYBLiveAccountProvider,0,3,24220937]
06-13 20:31:30.982 1551 1911 I sync : [com.tencent.android.qqdownloader.YYBLiveAccountProvider,1,3,24220937]
06-13 20:31:30.984 1551 1911 I commit_sys_config_file: [sync-status,61670350]
06-13 20:31:30.991 1551 1911 I sync : [com.tencent.android.qqdownloader.YYBLiveAccountProvider,0,3,24220937]
06-13 20:31:31.027 1551 1911 I sync : [com.tencent.android.qqdownloader.YYBLiveAccountProvider,1,3,24220937]
06-13 20:31:31.029 1551 1911 I commit_sys_config_file: [sync-status,61670395]
06-13 20:31:32.696 0 0 E [68614.624360] link_delay_work_func: DTC_ETH: SQI=0, link=0
06-13 20:31:32.991 1551 1669 I commit_sys_config_file: [jobs,6]
06-13 20:31:37.820 0 0 E [68619.744321] link_delay_work_func: DTC_ETH: SQI=0, link=0
06-13 20:31:42.204 0 0 I [68624.130799] init: processing action (sys.tlog.tlogdshc.active=1) from (/system/etc/init/tlogd.rc:195)
06-13 20:31:42.204 0 0 I [68624.131340] init: starting service 'tlogdshc'...
06-13 20:31:42.320 0 0 I [68624.247338] init: Service 'tlogdshc' (pid 22426) exited with status 0 oneshot service took 0.109000 seconds in background
06-13 20:31:42.320 0 0 I [68624.247366] init: Sending signal 9 to service 'tlogdshc' (pid 22426) process group...
06-13 20:31:42.320 0 0 I [68624.247541] libprocessgroup: Successfully killed process cgroup uid 0 pid 22426 in 0ms
06-13 20:31:42.940 0 0 E [68624.864508] link_delay_work_func: DTC_ETH: SQI=0, link=0
06-13 20:31:48.060 0 0 E [68629.984331] link_delay_work_func: DTC_ETH: SQI=0, link=0
06-13 20:31:53.180 0 0 E [68635.104342] link_delay_work_func: DTC_ETH: SQI=0, link=0
06-13 20:31:58.300 0 0 E [68640.224388] link_delay_work_func: DTC_ETH: SQI=0, link=0
06-13 20:32:03.416 0 0 E [68645.344562] link_delay_work_func: DTC_ETH: SQI=0, link=0
06-13 20:32:05.958 1551 1911 I sync : [com.tencent.android.qqdownloader.YYBLiveAccountProvider,0,3,24220937]
06-13 20:32:05.994 1551 1911 I sync : [com.tencent.android.qqdownloader.YYBLiveAccountProvider,1,3,24220937]
06-13 20:32:05.997 1551 1911 I commit_sys_config_file: [sync-status,61705363]
06-13 20:32:06.008 1551 1911 I sync : [com.tencent.android.qqdownloader.YYBLiveAccountProvider,0,3,24220937]
06-13 20:32:06.044 1551 1911 I sync : [com.tencent.android.qqdownloader.YYBLiveAccountProvider,1,3,24220937]
06-13 20:32:06.047 1551 1911 I commit_sys_config_file: [sync-status,61705413]
06-13 20:32:08.003 1551 1669 I commit_sys_config_file: [jobs,6]
06-13 20:32:08.540 0 0 E [68650.464538] link_delay_work_func: DTC_ETH: SQI=0, link=0
06-13 20:32:12.208 0 0 I [68654.134660] init: processing action (sys.tlog.tlogdshc.active=1) from (/system/etc/init/tlogd.rc:195)
06-13 20:32:12.208 0 0 I [68654.135212] init: starting service 'tlogdshc'...
06-13 20:32:12.320 0 0 I [68654.247455] init: Service 'tlogdshc' (pid 22470) exited with status 0 oneshot service took 0.107000 seconds in background
06-13 20:32:12.320 0 0 I [68654.247483] init: Sending signal 9 to service 'tlogdshc' (pid 22470) process group...
06-13 20:32:12.320 0 0 I [68654.247664] libprocessgroup: Successfully killed process cgroup uid 0 pid 22470 in 0ms
06-13 20:32:12.566 1551 1551 I notification_enqueue: [10092,17024,com.tencent.android.qqdownloader,127,NULL,0,Notification(channel=channel_id_default_silent shortcut=null contentView=com.tencent.android.qqdownloader/0x7f0a01c2 vibrate=null sound=null defaults=0x0 flags=0x2a2 color=0x00000000 groupKey=com.tencent.android.qqdownloader vis=PRIVATE),1]
06-13 20:32:13.656 0 0 E [68655.584412] link_delay_work_func: DTC_ETH: SQI=0, link=0
06-13 20:32:18.776 0 0 E [68660.704388] link_delay_work_func: DTC_ETH: SQI=0, link=0
06-13 20:32:23.900 0 0 E [68665.824494] link_delay_work_func: DTC_ETH: SQI=0, link=0
06-13 20:32:29.020 0 0 E [68670.944537] link_delay_work_func: DTC_ETH: SQI=0, link=0
06-13 20:32:34.140 0 0 E [68676.064341] link_delay_work_func: DTC_ETH: SQI=0, link=0
06-13 20:32:39.260 0 0 E [68681.184546] link_delay_work_func: DTC_ETH: SQI=0, link=0
06-13 20:32:40.961 1551 1911 I sync : [com.tencent.android.qqdownloader.YYBLiveAccountProvider,0,3,24220937]
06-13 20:32:41.001 1551 1911 I sync : [com.tencent.android.qqdownloader.YYBLiveAccountProvider,1,3,24220937]
06-13 20:32:41.006 1551 1911 I commit_sys_config_file: [sync-status,61740372]
06-13 20:32:41.014 1551 1911 I sync : [com.tencent.android.qqdownloader.YYBLiveAccountProvider,0,3,24220937]
06-13 20:32:41.051 1551 1911 I sync : [com.tencent.android.qqdownloader.YYBLiveAccountProvider,1,3,24220937]
06-13 20:32:41.054 1551 1911 I commit_sys_config_file: [sync-status,61740419]
06-13 20:32:42.214 0 0 I [68684.136651] init: processing action (sys.tlog.tlogdshc.active=1) from (/system/etc/init/tlogd.rc:195)
06-13 20:32:42.214 0 0 I [68684.137179] init: starting service 'tlogdshc'...
06-13 20:32:42.320 0 0 I [68684.248100] init: Service 'tlogdshc' (pid 22511) exited with status 0 oneshot service took 0.106000 seconds in background
06-13 20:32:42.320 0 0 I [68684.248127] init: Sending signal 9 to service 'tlogdshc' (pid 22511) process group...
06-13 20:32:42.320 0 0 I [68684.248357] libprocessgroup: Successfully killed process cgroup uid 0 pid 22511 in 0ms
06-13 20:32:43.010 1551 1669 I commit_sys_config_file: [jobs,5]
06-13 20:32:44.380 0 0 E [68686.304334] link_delay_work_func: DTC_ETH: SQI=0, link=0
06-13 20:32:49.500 0 0 E [68691.424613] link_delay_work_func: DTC_ETH: SQI=0, link=0
06-13 20:32:54.616 0 0 E [68696.544369] link_delay_work_func: DTC_ETH: SQI=0, link=0
06-13 20:32:59.741 0 0 E [68701.664381] link_delay_work_func: DTC_ETH: SQI=0, link=0
06-13 20:33:04.860 0 0 E [68706.784381] link_delay_work_func: DTC_ETH: SQI=0, link=0
06-13 20:33:09.980 0 0 E [68711.904346] link_delay_work_func: DTC_ETH: SQI=0, link=0
06-13 20:33:12.212 0 0 I [68714.138184] init: processing action (sys.tlog.tlogdshc.active=1) from (/system/etc/init/tlogd.rc:195)
06-13 20:33:12.212 0 0 I [68714.138751] init: starting service 'tlogdshc'...
06-13 20:33:12.324 0 0 I [68714.251669] init: Service 'tlogdshc' (pid 22555) exited with status 0 oneshot service took 0.107000 seconds in background
06-13 20:33:12.324 0 0 I [68714.251697] init: Sending signal 9 to service 'tlogdshc' (pid 22555) process group...
06-13 20:33:12.324 0 0 I [68714.251870] libprocessgroup: Successfully killed process cgroup uid 0 pid 22555 in 0ms
06-13 20:33:14.075 1551 1551 I notification_enqueue: [10092,17024,com.tencent.android.qqdownloader,127,NULL,0,Notification(channel=channel_id_default_silent shortcut=null contentView=com.tencent.android.qqdownloader/0x7f0a01c2 vibrate=null sound=null defaults=0x0 flags=0x2a2 color=0x00000000 groupKey=com.tencent.android.qqdownloader vis=PRIVATE),1]
06-13 20:33:15.100 0 0 E [68717.024361] link_delay_work_func: DTC_ETH: SQI=0, link=0
06-13 20:33:15.961 1551 1911 I sync : [com.tencent.android.qqdownloader.YYBLiveAccountProvider,0,3,24220937]
06-13 20:33:16.001 1551 1911 I sync : [com.tencent.android.qqdownloader.YYBLiveAccountProvider,1,3,24220937]
06-13 20:33:16.004 1551 1911 I commit_sys_config_file: [sync-status,61775370]
06-13 20:33:16.012 1551 1911 I sync : [com.tencent.android.qqdownloader.YYBLiveAccountProvider,0,3,24220937]
06-13 20:33:16.041 1551 1911 I sync : [com.tencent.android.qqdownloader.YYBLiveAccountProvider,1,3,24220937]
06-13 20:33:16.043 1551 1911 I commit_sys_config_file: [sync-status,61775409]
06-13 20:33:18.011 1551 1669 I commit_sys_config_file: [jobs,8]
06-13 20:33:20.220 0 0 E [68722.144365] link_delay_work_func: DTC_ETH: SQI=0, link=0
06-13 20:33:25.340 0 0 E [68727.264567] link_delay_work_func: DTC_ETH: SQI=0, link=0
06-13 20:33:27.577 1551 7377 I commit_sys_config_file: [appops,68710231]
06-13 20:33:30.460 0 0 E [68732.384557] link_delay_work_func: DTC_ETH: SQI=0, link=0
06-13 20:33:35.580 0 0 E [68737.504330] link_delay_work_func: DTC_ETH: SQI=0, link=0
06-13 20:33:40.700 0 0 E [68742.624340] link_delay_work_func: DTC_ETH: SQI=0, link=0
06-13 20:33:42.220 0 0 I [68744.147415] init: processing action (sys.tlog.tlogdshc.active=1) from (/system/etc/init/tlogd.rc:195)
06-13 20:33:42.220 0 0 I [68744.148159] init: starting service 'tlogdshc'...
06-13 20:33:42.336 0 0 I [68744.263201] init: Service 'tlogdshc' (pid 22598) exited with status 0 oneshot service took 0.110000 seconds in background
06-13 20:33:42.336 0 0 I [68744.263230] init: Sending signal 9 to service 'tlogdshc' (pid 22598) process group...
06-13 20:33:42.336 0 0 I [68744.263407] libprocessgroup: Successfully killed process cgroup uid 0 pid 22598 in 0ms
06-13 20:33:45.820 0 0 E [68747.744364] link_delay_work_func: DTC_ETH: SQI=0, link=0
06-13 20:33:50.940 0 0 E [68752.864341] link_delay_work_func: DTC_ETH: SQI=0, link=0
06-13 20:33:50.965 1551 1911 I sync : [com.tencent.android.qqdownloader.YYBLiveAccountProvider,0,3,24220937]
06-13 20:33:50.968 1551 1684 I commit_sys_config_file: [procstats,8]
06-13 20:33:51.009 1551 1911 I sync : [com.tencent.android.qqdownloader.YYBLiveAccountProvider,1,3,24220937]
06-13 20:33:51.012 1551 1911 I commit_sys_config_file: [sync-status,61810378]
06-13 20:33:51.020 1551 1911 I sync : [com.tencent.android.qqdownloader.YYBLiveAccountProvider,0,3,24220937]
06-13 20:33:51.050 1551 1911 I sync : [com.tencent.android.qqdownloader.YYBLiveAccountProvider,1,3,24220937]
06-13 20:33:51.053 1551 1911 I commit_sys_config_file: [sync-status,61810418]
06-13 20:33:53.018 1551 1669 I commit_sys_config_file: [jobs,6]
06-13 20:33:56.061 0 0 E [68757.984403] link_delay_work_func: DTC_ETH: SQI=0, link=0
06-13 20:34:01.180 0 0 E [68763.104532] link_delay_work_func: DTC_ETH: SQI=0, link=0
06-13 20:34:06.300 0 0 E [68768.224432] link_delay_work_func: DTC_ETH: SQI=0, link=0
06-13 20:34:11.420 0 0 E [68773.344390] link_delay_work_func: DTC_ETH: SQI=0, link=0
06-13 20:34:12.224 0 0 I [68774.148992] init: processing action (sys.tlog.tlogdshc.active=1) from (/system/etc/init/tlogd.rc:195)
06-13 20:34:12.224 0 0 I [68774.149597] init: starting service 'tlogdshc'...
06-13 20:34:12.336 0 0 I [68774.262394] init: Service 'tlogdshc' (pid 22644) exited with status 0 oneshot service took 0.108000 seconds in background
06-13 20:34:12.336 0 0 I [68774.262421] init: Sending signal 9 to service 'tlogdshc' (pid 22644) process group...
06-13 20:34:12.336 0 0 I [68774.262600] libprocessgroup: Successfully killed process cgroup uid 0 pid 22644 in 0ms
06-13 20:34:15.569 1551 1551 I notification_enqueue: [10092,17024,com.tencent.android.qqdownloader,127,NULL,0,Notification(channel=channel_id_default_silent shortcut=null contentView=com.tencent.android.qqdownloader/0x7f0a01c2 vibrate=null sound=null defaults=0x0 flags=0x2a2 color=0x00000000 groupKey=com.tencent.android.qqdownloader vis=PRIVATE),1]
06-13 20:34:16.540 0 0 E [68778.464336] link_delay_work_func: DTC_ETH: SQI=0, link=0
06-13 20:34:21.660 0 0 E [68783.584374] link_delay_work_func: DTC_ETH: SQI=0, link=0
06-13 20:34:25.965 1551 1911 I sync : [com.tencent.android.qqdownloader.YYBLiveAccountProvider,0,3,24220937]
06-13 20:34:26.009 1551 1911 I sync : [com.tencent.android.qqdownloader.YYBLiveAccountProvider,1,3,24220937]
06-13 20:34:26.012 1551 1911 I commit_sys_config_file: [sync-status,61845378]
06-13 20:34:26.019 1551 1911 I sync : [com.tencent.android.qqdownloader.YYBLiveAccountProvider,0,3,24220937]
06-13 20:34:26.052 1551 1911 I sync : [com.tencent.android.qqdownloader.YYBLiveAccountProvider,1,3,24220937]
06-13 20:34:26.055 1551 1911 I commit_sys_config_file: [sync-status,61845421]
06-13 20:34:26.780 0 0 E [68788.704404] link_delay_work_func: DTC_ETH: SQI=0, link=0
06-13 20:34:28.019 1551 1669 I commit_sys_config_file: [jobs,8]
06-13 20:34:31.900 0 0 E [68793.824356] link_delay_work_func: DTC_ETH: SQI=0, link=0
06-13 20:34:37.020 0 0 E [68798.944357] link_delay_work_func: DTC_ETH: SQI=0, link=0
06-13 20:34:42.140 0 0 E [68804.064528] link_delay_work_func: DTC_ETH: SQI=0, link=0
06-13 20:34:42.226 0 0 I [68804.151229] init: processing action (sys.tlog.tlogdshc.active=1) from (/system/etc/init/tlogd.rc:195)
06-13 20:34:42.226 0 0 I [68804.151864] init: starting service 'tlogdshc'...
06-13 20:34:42.340 0 0 I [68804.268401] init: Service 'tlogdshc' (pid 22687) exited with status 0 oneshot service took 0.111000 seconds in background
06-13 20:34:42.340 0 0 I [68804.268460] init: Sending signal 9 to service 'tlogdshc' (pid 22687) process group...
06-13 20:34:42.340 0 0 I [68804.268643] libprocessgroup: Successfully killed process cgroup uid 0 pid 22687 in 0ms
06-13 20:34:47.256 0 0 E [68809.184390] link_delay_work_func: DTC_ETH: SQI=0, link=0
06-13 20:34:52.380 0 0 E [68814.304678] link_delay_work_func: DTC_ETH: SQI=0, link=0
06-13 20:34:57.500 0 0 E [68819.424368] link_delay_work_func: DTC_ETH: SQI=0, link=0
06-13 20:35:00.967 1551 1911 I sync : [com.tencent.android.qqdownloader.YYBLiveAccountProvider,0,3,24220937]
06-13 20:35:01.000 1551 1911 I sync : [com.tencent.android.qqdownloader.YYBLiveAccountProvider,1,3,24220937]
06-13 20:35:01.003 1551 1911 I commit_sys_config_file: [sync-status,61880369]
06-13 20:35:01.011 1551 1911 I sync : [com.tencent.android.qqdownloader.YYBLiveAccountProvider,0,3,24220937]
06-13 20:35:01.043 1551 1911 I sync : [com.tencent.android.qqdownloader.YYBLiveAccountProvider,1,3,24220937]
06-13 20:35:01.046 1551 1911 I commit_sys_config_file: [sync-status,61880412]
06-13 20:35:02.620 0 0 E [68824.544381] link_delay_work_func: DTC_ETH: SQI=0, link=0
06-13 20:35:03.009 1551 1669 I commit_sys_config_file: [jobs,6]
06-13 20:35:07.740 0 0 E [68829.664334] link_delay_work_func: DTC_ETH: SQI=0, link=0
06-13 20:35:12.232 0 0 I [68834.153331] init: processing action (sys.tlog.tlogdshc.active=1) from (/system/etc/init/tlogd.rc:195)
06-13 20:35:12.232 0 0 I [68834.153897] init: starting service 'tlogdshc'...
06-13 20:35:12.340 0 0 I [68834.266249] init: Service 'tlogdshc' (pid 22736) exited with status 0 oneshot service took 0.107000 seconds in background
06-13 20:35:12.340 0 0 I [68834.266276] init: Sending signal 9 to service 'tlogdshc' (pid 22736) process group...
06-13 20:35:12.340 0 0 I [68834.266448] libprocessgroup: Successfully killed process cgroup uid 0 pid 22736 in 0ms
06-13 20:35:12.860 0 0 E [68834.784532] link_delay_work_func: DTC_ETH: SQI=0, link=0
06-13 20:35:17.070 1551 1551 I notification_enqueue: [10092,17024,com.tencent.android.qqdownloader,127,NULL,0,Notification(channel=channel_id_default_silent shortcut=null contentView=com.tencent.android.qqdownloader/0x7f0a01c2 vibrate=null sound=null defaults=0x0 flags=0x2a2 color=0x00000000 groupKey=com.tencent.android.qqdownloader vis=PRIVATE),1]
06-13 20:35:17.980 0 0 E [68839.904557] link_delay_work_func: DTC_ETH: SQI=0, link=0
06-13 20:35:23.100 0 0 E [68845.024339] link_delay_work_func: DTC_ETH: SQI=0, link=0
06-13 20:35:28.220 0 0 E [68850.144417] link_delay_work_func: DTC_ETH: SQI=0, link=0
06-13 20:35:33.340 0 0 E [68855.264353] link_delay_work_func: DTC_ETH: SQI=0, link=0
06-13 20:35:35.968 1551 1911 I sync : [com.tencent.android.qqdownloader.YYBLiveAccountProvider,0,3,24220937]
06-13 20:35:36.002 1551 1911 I sync : [com.tencent.android.qqdownloader.YYBLiveAccountProvider,1,3,24220937]
06-13 20:35:36.005 1551 1911 I commit_sys_config_file: [sync-status,61915371]
06-13 20:35:36.014 1551 1911 I sync : [com.tencent.android.qqdownloader.YYBLiveAccountProvider,0,3,24220937]
06-13 20:35:36.046 1551 1911 I sync : [com.tencent.android.qqdownloader.YYBLiveAccountProvider,1,3,24220937]
06-13 20:35:36.048 1551 1911 I commit_sys_config_file: [sync-status,61915414]
06-13 20:35:38.009 1551 1669 I commit_sys_config_file: [jobs,6]
06-13 20:35:38.456 0 0 E [68860.384369] link_delay_work_func: DTC_ETH: SQI=0, link=0
06-13 20:35:42.228 0 0 I [68864.154757] init: processing action (sys.tlog.tlogdshc.active=1) from (/system/etc/init/tlogd.rc:195)
06-13 20:35:42.228 0 0 I [68864.155319] init: starting service 'tlogdshc'...
06-13 20:35:42.348 0 0 I [68864.273073] init: Service 'tlogdshc' (pid 22780) exited with status 0 oneshot service took 0.111000 seconds in background
06-13 20:35:42.348 0 0 I [68864.273101] init: Sending signal 9 to service 'tlogdshc' (pid 22780) process group...
06-13 20:35:42.348 0 0 I [68864.273276] libprocessgroup: Successfully killed process cgroup uid 0 pid 22780 in 0ms
06-13 20:35:43.580 0 0 E [68865.504550] link_delay_work_func: DTC_ETH: SQI=0, link=0
06-13 20:35:48.700 0 0 E [68870.624548] link_delay_work_func: DTC_ETH: SQI=0, link=0
06-13 20:35:53.820 0 0 E [68875.744365] link_delay_work_func: DTC_ETH: SQI=0, link=0
06-13 20:35:58.940 0 0 E [68880.864528] link_delay_work_func: DTC_ETH: SQI=0, link=0
06-13 20:36:04.060 0 0 E [68885.984386] link_delay_work_func: DTC_ETH: SQI=0, link=0
06-13 20:36:09.176 0 0 E [68891.104657] link_delay_work_func: DTC_ETH: SQI=0, link=0
06-13 20:36:10.977 1551 1911 I sync : [com.tencent.android.qqdownloader.YYBLiveAccountProvider,0,3,24220937]
06-13 20:36:11.017 1551 1911 I sync : [com.tencent.android.qqdownloader.YYBLiveAccountProvider,1,3,24220937]
06-13 20:36:11.019 1551 1911 I commit_sys_config_file: [sync-status,61950385]
06-13 20:36:11.025 1551 1911 I sync : [com.tencent.android.qqdownloader.YYBLiveAccountProvider,0,3,24220937]
06-13 20:36:11.078 1551 1911 I sync : [com.tencent.android.qqdownloader.YYBLiveAccountProvider,1,3,24220937]
06-13 20:36:11.080 1551 1911 I commit_sys_config_file: [sync-status,61950446]
06-13 20:36:12.232 0 0 I [68894.159290] init: processing action (sys.tlog.tlogdshc.active=1) from (/system/etc/init/tlogd.rc:195)
06-13 20:36:12.232 0 0 I [68894.159940] init: starting service 'tlogdshc'...
06-13 20:36:12.348 0 0 I [68894.275367] init: Service 'tlogdshc' (pid 22828) exited with status 0 oneshot service took 0.110000 seconds in background
06-13 20:36:12.348 0 0 I [68894.275394] init: Sending signal 9 to service 'tlogdshc' (pid 22828) process group...
06-13 20:36:12.348 0 0 I [68894.275572] libprocessgroup: Successfully killed process cgroup uid 0 pid 22828 in 0ms
06-13 20:36:13.026 1551 1669 I commit_sys_config_file: [jobs,5]
06-13 20:36:14.300 0 0 E [68896.224346] link_delay_work_func: DTC_ETH: SQI=0, link=0
06-13 20:36:18.565 1551 1551 I notification_enqueue: [10092,17024,com.tencent.android.qqdownloader,127,NULL,0,Notification(channel=channel_id_default_silent shortcut=null contentView=com.tencent.android.qqdownloader/0x7f0a01c2 vibrate=null sound=null defaults=0x0 flags=0x2a2 color=0x00000000 groupKey=com.tencent.android.qqdownloader vis=PRIVATE),1]
06-13 20:36:19.416 0 0 E [68901.344372] link_delay_work_func: DTC_ETH: SQI=0, link=0
06-13 20:36:24.540 0 0 E [68906.464539] link_delay_work_func: DTC_ETH: SQI=0, link=0
06-13 20:36:29.660 0 0 E [68911.584359] link_delay_work_func: DTC_ETH: SQI=0, link=0
06-13 20:36:34.780 0 0 E [68916.704540] link_delay_work_func: DTC_ETH: SQI=0, link=0
06-13 20:36:39.900 0 0 E [68921.824767] link_delay_work_func: DTC_ETH: SQI=0, link=0
06-13 20:36:42.236 0 0 I [68924.163940] init: processing action (sys.tlog.tlogdshc.active=1) from (/system/etc/init/tlogd.rc:195)
06-13 20:36:42.236 0 0 I [68924.164591] init: starting service 'tlogdshc'...
06-13 20:36:42.352 0 0 I [68924.280180] init: Service 'tlogdshc' (pid 22869) exited with status 0 oneshot service took 0.111000 seconds in background
06-13 20:36:42.352 0 0 I [68924.280208] init: Sending signal 9 to service 'tlogdshc' (pid 22869) process group...
06-13 20:36:42.356 0 0 I [68924.280583] libprocessgroup: Successfully killed process cgroup uid 0 pid 22869 in 0ms
06-13 20:36:45.020 0 0 E [68926.944375] link_delay_work_func: DTC_ETH: SQI=0, link=0
06-13 20:36:45.978 1551 1911 I sync : [com.tencent.android.qqdownloader.YYBLiveAccountProvider,0,3,24220937]
06-13 20:36:46.019 1551 1911 I sync : [com.tencent.android.qqdownloader.YYBLiveAccountProvider,1,3,24220937]
06-13 20:36:46.022 1551 1911 I commit_sys_config_file: [sync-status,61985387]
06-13 20:36:46.032 1551 1911 I sync : [com.tencent.android.qqdownloader.YYBLiveAccountProvider,0,3,24220937]
06-13 20:36:46.064 1551 1911 I sync : [com.tencent.android.qqdownloader.YYBLiveAccountProvider,1,3,24220937]
06-13 20:36:46.067 1551 1911 I commit_sys_config_file: [sync-status,61985432]
06-13 20:36:48.028 1551 1669 I commit_sys_config_file: [jobs,6]
06-13 20:36:50.140 0 0 E [68932.064325] link_delay_work_func: DTC_ETH: SQI=0, link=0
06-13 20:36:55.260 0 0 E [68937.184363] link_delay_work_func: DTC_ETH: SQI=0, link=0
06-13 20:37:00.380 0 0 E [68942.304364] link_delay_work_func: DTC_ETH: SQI=0, link=0
06-13 20:37:05.500 0 0 E [68947.424358] link_delay_work_func: DTC_ETH: SQI=0, link=0
06-13 20:37:10.620 0 0 E [68952.544366] link_delay_work_func: DTC_ETH: SQI=0, link=0
06-13 20:37:12.240 0 0 I [68954.165291] init: processing action (sys.tlog.tlogdshc.active=1) from (/system/etc/init/tlogd.rc:195)
06-13 20:37:12.240 0 0 I [68954.165792] init: starting service 'tlogdshc'...
06-13 20:37:12.348 0 0 I [68954.274264] init: Service 'tlogdshc' (pid 22916) exited with status 0 oneshot service took 0.104000 seconds in background
06-13 20:37:12.348 0 0 I [68954.274291] init: Sending signal 9 to service 'tlogdshc' (pid 22916) process group...
06-13 20:37:12.348 0 0 I [68954.274459] libprocessgroup: Successfully killed process cgroup uid 0 pid 22916 in 0ms
06-13 20:37:15.740 0 0 E [68957.664511] link_delay_work_func: DTC_ETH: SQI=0, link=0
06-13 20:37:20.076 1551 1551 I notification_enqueue: [10092,17024,com.tencent.android.qqdownloader,127,NULL,0,Notification(channel=channel_id_default_silent shortcut=null contentView=com.tencent.android.qqdownloader/0x7f0a01c2 vibrate=null sound=null defaults=0x0 flags=0x2a2 color=0x00000000 groupKey=com.tencent.android.qqdownloader vis=PRIVATE),1]
06-13 20:37:20.860 0 0 E [68962.784553] link_delay_work_func: DTC_ETH: SQI=0, link=0
06-13 20:37:20.975 1551 1911 I sync : [com.tencent.android.qqdownloader.YYBLiveAccountProvider,0,3,24220937]
06-13 20:37:21.006 1551 1911 I sync : [com.tencent.android.qqdownloader.YYBLiveAccountProvider,1,3,24220937]
06-13 20:37:21.008 1551 1911 I commit_sys_config_file: [sync-status,62020374]
06-13 20:37:21.015 1551 1911 I sync : [com.tencent.android.qqdownloader.YYBLiveAccountProvider,0,3,24220937]
06-13 20:37:21.043 1551 1911 I sync : [com.tencent.android.qqdownloader.YYBLiveAccountProvider,1,3,24220937]
06-13 20:37:21.045 1551 1911 I commit_sys_config_file: [sync-status,62020411]
06-13 20:37:23.015 1551 1669 I commit_sys_config_file: [jobs,6]
06-13 20:37:25.980 0 0 E [68967.904377] link_delay_work_func: DTC_ETH: SQI=0, link=0
06-13 20:37:31.100 0 0 E [68973.024363] link_delay_work_func: DTC_ETH: SQI=0, link=0
06-13 20:37:36.220 0 0 E [68978.144341] link_delay_work_func: DTC_ETH: SQI=0, link=0
06-13 20:37:41.340 0 0 E [68983.264441] link_delay_work_func: DTC_ETH: SQI=0, link=0
06-13 20:37:42.248 0 0 I [68984.175196] init: processing action (sys.tlog.tlogdshc.active=1) from (/system/etc/init/tlogd.rc:195)
06-13 20:37:42.248 0 0 I [68984.175789] init: starting service 'tlogdshc'...
06-13 20:37:42.360 0 0 I [68984.287880] init: Service 'tlogdshc' (pid 22959) exited with status 0 oneshot service took 0.107000 seconds in background
06-13 20:37:42.360 0 0 I [68984.287909] init: Sending signal 9 to service 'tlogdshc' (pid 22959) process group...
06-13 20:37:42.360 0 0 I [68984.288084] libprocessgroup: Successfully killed process cgroup uid 0 pid 22959 in 0ms
06-13 20:37:46.456 0 0 E [68988.384380] link_delay_work_func: DTC_ETH: SQI=0, link=0
06-13 20:37:51.580 0 0 E [68993.504407] link_delay_work_func: DTC_ETH: SQI=0, link=0
06-13 20:37:55.981 1551 1911 I sync : [com.tencent.android.qqdownloader.YYBLiveAccountProvider,0,3,24220937]
06-13 20:37:56.026 1551 1911 I sync : [com.tencent.android.qqdownloader.YYBLiveAccountProvider,1,3,24220937]
06-13 20:37:56.029 1551 1911 I commit_sys_config_file: [sync-status,62055395]
06-13 20:37:56.037 1551 1911 I sync : [com.tencent.android.qqdownloader.YYBLiveAccountProvider,0,3,24220937]
06-13 20:37:56.067 1551 1911 I sync : [com.tencent.android.qqdownloader.YYBLiveAccountProvider,1,3,24220937]
06-13 20:37:56.070 1551 1911 I commit_sys_config_file: [sync-status,62055435]
06-13 20:37:56.700 0 0 E [68998.624340] link_delay_work_func: DTC_ETH: SQI=0, link=0
06-13 20:37:58.035 1551 1669 I commit_sys_config_file: [jobs,6]
06-13 20:38:01.816 0 0 E [69003.744360] link_delay_work_func: DTC_ETH: SQI=0, link=0
06-13 20:38:06.940 0 0 E [69008.864381] link_delay_work_func: DTC_ETH: SQI=0, link=0
06-13 20:38:10.967 1551 1684 I commit_sys_config_file: [sync-stats,60270228]
06-13 20:38:12.060 0 0 E [69013.984386] link_delay_work_func: DTC_ETH: SQI=0, link=0
06-13 20:38:12.252 0 0 I [69014.177115] init: processing action (sys.tlog.tlogdshc.active=1) from (/system/etc/init/tlogd.rc:195)
06-13 20:38:12.252 0 0 I [69014.177683] init: starting service 'tlogdshc'...
06-13 20:38:12.364 0 0 I [69014.290996] init: Service 'tlogdshc' (pid 23009) exited with status 0 oneshot service took 0.108000 seconds in background
06-13 20:38:12.364 0 0 I [69014.291025] init: Sending signal 9 to service 'tlogdshc' (pid 23009) process group...
06-13 20:38:12.364 0 0 I [69014.291200] libprocessgroup: Successfully killed process cgroup uid 0 pid 23009 in 0ms
06-13 20:38:17.180 0 0 E [69019.104363] link_delay_work_func: DTC_ETH: SQI=0, link=0
06-13 20:38:21.571 1551 1551 I notification_enqueue: [10092,17024,com.tencent.android.qqdownloader,127,NULL,0,Notification(channel=channel_id_default_silent shortcut=null contentView=com.tencent.android.qqdownloader/0x7f0a01c2 vibrate=null sound=null defaults=0x0 flags=0x2a2 color=0x00000000 groupKey=com.tencent.android.qqdownloader vis=PRIVATE),1]
06-13 20:38:22.300 0 0 E [69024.224568] link_delay_work_func: DTC_ETH: SQI=0, link=0
06-13 20:38:27.420 0 0 E [69029.344343] link_delay_work_func: DTC_ETH: SQI=0, link=0
06-13 20:38:30.980 1551 1911 I sync : [com.tencent.android.qqdownloader.YYBLiveAccountProvider,0,3,24220937]
06-13 20:38:31.018 1551 1911 I sync : [com.tencent.android.qqdownloader.YYBLiveAccountProvider,1,3,24220937]
06-13 20:38:31.021 1551 1911 I commit_sys_config_file: [sync-status,62090387]
06-13 20:38:31.030 1551 1911 I sync : [com.tencent.android.qqdownloader.YYBLiveAccountProvider,0,3,24220937]
06-13 20:38:31.062 1551 1911 I sync : [com.tencent.android.qqdownloader.YYBLiveAccountProvider,1,3,24220937]
06-13 20:38:31.064 1551 1911 I commit_sys_config_file: [sync-status,62090430]
06-13 20:38:32.540 0 0 E [69034.464361] link_delay_work_func: DTC_ETH: SQI=0, link=0
06-13 20:38:33.027 1551 1669 I commit_sys_config_file: [jobs,6]
06-13 20:38:37.660 0 0 E [69039.584382] link_delay_work_func: DTC_ETH: SQI=0, link=0
06-13 20:38:42.256 0 0 I [69044.183091] init: processing action (sys.tlog.tlogdshc.active=1) from (/system/etc/init/tlogd.rc:195)
06-13 20:38:42.256 0 0 I [69044.183738] init: starting service 'tlogdshc'...
06-13 20:38:42.376 0 0 I [69044.303381] init: Service 'tlogdshc' (pid 23052) exited with status 0 oneshot service took 0.114000 seconds in background
06-13 20:38:42.376 0 0 I [69044.303410] init: Sending signal 9 to service 'tlogdshc' (pid 23052) process group...
06-13 20:38:42.376 0 0 I [69044.303589] libprocessgroup: Successfully killed process cgroup uid 0 pid 23052 in 0ms
06-13 20:38:42.780 0 0 E [69044.704351] link_delay_work_func: DTC_ETH: SQI=0, link=0
06-13 20:38:47.896 0 0 E [69049.824408] link_delay_work_func: DTC_ETH: SQI=0, link=0
06-13 20:38:53.020 0 0 E [69054.944367] link_delay_work_func: DTC_ETH: SQI=0, link=0
06-13 20:38:58.140 0 0 E [69060.064335] link_delay_work_func: DTC_ETH: SQI=0, link=0
06-13 20:39:03.260 0 0 E [69065.184345] link_delay_work_func: DTC_ETH: SQI=0, link=0
06-13 20:39:05.982 1551 1911 I sync : [com.tencent.android.qqdownloader.YYBLiveAccountProvider,0,3,24220937]
06-13 20:39:06.015 1551 1911 I sync : [com.tencent.android.qqdownloader.YYBLiveAccountProvider,1,3,24220937]
06-13 20:39:06.018 1551 1911 I commit_sys_config_file: [sync-status,62125383]
06-13 20:39:06.027 1551 1911 I sync : [com.tencent.android.qqdownloader.YYBLiveAccountProvider,0,3,24220937]
06-13 20:39:06.055 1551 1911 I sync : [com.tencent.android.qqdownloader.YYBLiveAccountProvider,1,3,24220937]
06-13 20:39:06.057 1551 1911 I commit_sys_config_file: [sync-status,62125423]
06-13 20:39:08.026 1551 1669 I commit_sys_config_file: [jobs,9]
06-13 20:39:08.380 0 0 E [69070.304569] link_delay_work_func: DTC_ETH: SQI=0, link=0
06-13 20:39:12.257 0 0 I [69074.184809] init: processing action (sys.tlog.tlogdshc.active=1) from (/system/etc/init/tlogd.rc:195)
06-13 20:39:12.257 0 0 I [69074.185509] init: starting service 'tlogdshc'...
06-13 20:39:12.372 0 0 I [69074.297884] init: Service 'tlogdshc' (pid 23097) exited with status 0 oneshot service took 0.108000 seconds in background
06-13 20:39:12.372 0 0 I [69074.297910] init: Sending signal 9 to service 'tlogdshc' (pid 23097) process group...
06-13 20:39:12.372 0 0 I [69074.298077] libprocessgroup: Successfully killed process cgroup uid 0 pid 23097 in 0ms
06-13 20:39:13.500 0 0 E [69075.424385] link_delay_work_func: DTC_ETH: SQI=0, link=0
06-13 20:39:18.620 0 0 E [69080.544577] link_delay_work_func: DTC_ETH: SQI=0, link=0
06-13 20:39:23.072 1551 1551 I notification_enqueue: [10092,17024,com.tencent.android.qqdownloader,127,NULL,0,Notification(channel=channel_id_default_silent shortcut=null contentView=com.tencent.android.qqdownloader/0x7f0a01c2 vibrate=null sound=null defaults=0x0 flags=0x2a2 color=0x00000000 groupKey=com.tencent.android.qqdownloader vis=PRIVATE),1]
06-13 20:39:23.740 0 0 E [69085.664377] link_delay_work_func: DTC_ETH: SQI=0, link=0
06-13 20:39:28.860 0 0 E [69090.784392] link_delay_work_func: DTC_ETH: SQI=0, link=0
06-13 20:39:33.980 0 0 E [69095.904536] link_delay_work_func: DTC_ETH: SQI=0, link=0
06-13 20:39:39.097 0 0 E [69101.024409] link_delay_work_func: DTC_ETH: SQI=0, link=0
06-13 20:39:40.986 1551 1911 I sync : [com.tencent.android.qqdownloader.YYBLiveAccountProvider,0,3,24220937]
06-13 20:39:41.020 1551 1911 I sync : [com.tencent.android.qqdownloader.YYBLiveAccountProvider,1,3,24220937]
06-13 20:39:41.026 1551 1911 I commit_sys_config_file: [sync-status,62160392]
06-13 20:39:41.035 1551 1911 I sync : [com.tencent.android.qqdownloader.YYBLiveAccountProvider,0,3,24220937]
06-13 20:39:41.065 1551 1911 I sync : [com.tencent.android.qqdownloader.YYBLiveAccountProvider,1,3,24220937]
06-13 20:39:41.066 1551 1911 I commit_sys_config_file: [sync-status,62160432]
06-13 20:39:42.260 0 0 I [69104.187378] init: processing action (sys.tlog.tlogdshc.active=1) from (/system/etc/init/tlogd.rc:195)
06-13 20:39:42.260 0 0 I [69104.187991] init: starting service 'tlogdshc'...
06-13 20:39:42.376 0 0 I [69104.303847] init: Service 'tlogdshc' (pid 23138) exited with status 0 oneshot service took 0.111000 seconds in background
06-13 20:39:42.377 0 0 I [69104.303877] init: Sending signal 9 to service 'tlogdshc' (pid 23138) process group...
06-13 20:39:42.377 0 0 I [69104.304049] libprocessgroup: Successfully killed process cgroup uid 0 pid 23138 in 0ms
06-13 20:39:43.029 1551 1669 I commit_sys_config_file: [jobs,6]
06-13 20:39:44.220 0 0 E [69106.144406] link_delay_work_func: DTC_ETH: SQI=0, link=0
06-13 20:39:49.340 0 0 E [69111.264356] link_delay_work_func: DTC_ETH: SQI=0, link=0
06-13 20:39:54.460 0 0 E [69116.384332] link_delay_work_func: DTC_ETH: SQI=0, link=0
06-13 20:39:59.580 0 0 E [69121.504338] link_delay_work_func: DTC_ETH: SQI=0, link=0
06-13 20:40:04.700 0 0 E [69126.624368] link_delay_work_func: DTC_ETH: SQI=0, link=0
06-13 20:40:09.816 0 0 E [69131.744548] link_delay_work_func: DTC_ETH: SQI=0, link=0
06-13 20:40:12.267 0 0 I [69134.189159] init: processing action (sys.tlog.tlogdshc.active=1) from (/system/etc/init/tlogd.rc:195)
06-13 20:40:12.267 0 0 I [69134.189722] init: starting service 'tlogdshc'...
06-13 20:40:12.380 0 0 I [69134.307239] init: Service 'tlogdshc' (pid 23182) exited with status 0 oneshot service took 0.112000 seconds in background
06-13 20:40:12.380 0 0 I [69134.307268] init: Sending signal 9 to service 'tlogdshc' (pid 23182) process group...
06-13 20:40:12.380 0 0 I [69134.307455] libprocessgroup: Successfully killed process cgroup uid 0 pid 23182 in 0ms
06-13 20:40:14.940 0 0 E [69136.864346] link_delay_work_func: DTC_ETH: SQI=0, link=0
06-13 20:40:15.987 1551 1911 I sync : [com.tencent.android.qqdownloader.YYBLiveAccountProvider,0,3,24220937]
06-13 20:40:16.029 1551 1911 I sync : [com.tencent.android.qqdownloader.YYBLiveAccountProvider,1,3,24220937]
06-13 20:40:16.031 1551 1911 I commit_sys_config_file: [sync-status,62195397]
06-13 20:40:16.038 1551 1911 I sync : [com.tencent.android.qqdownloader.YYBLiveAccountProvider,0,3,24220937]
06-13 20:40:16.070 1551 1911 I sync : [com.tencent.android.qqdownloader.YYBLiveAccountProvider,1,3,24220937]
06-13 20:40:16.072 1551 1911 I commit_sys_config_file: [sync-status,62195438]
06-13 20:40:18.035 1551 1669 I commit_sys_config_file: [jobs,5]
06-13 20:40:20.060 0 0 E [69141.984618] link_delay_work_func: DTC_ETH: SQI=0, link=0
06-13 20:40:24.565 1551 1551 I notification_enqueue: [10092,17024,com.tencent.android.qqdownloader,127,NULL,0,Notification(channel=channel_id_default_silent shortcut=null contentView=com.tencent.android.qqdownloader/0x7f0a01c2 vibrate=null sound=null defaults=0x0 flags=0x2a2 color=0x00000000 groupKey=com.tencent.android.qqdownloader vis=PRIVATE),1]
06-13 20:40:25.180 0 0 E [69147.104329] link_delay_work_func: DTC_ETH: SQI=0, link=0
06-13 20:40:30.300 0 0 E [69152.224573] link_delay_work_func: DTC_ETH: SQI=0, link=0
06-13 20:40:35.420 0 0 E [69157.344340] link_delay_work_func: DTC_ETH: SQI=0, link=0
06-13 20:40:40.540 0 0 E [69162.464340] link_delay_work_func: DTC_ETH: SQI=0, link=0
06-13 20:40:42.264 0 0 I [69164.191055] init: processing action (sys.tlog.tlogdshc.active=1) from (/system/etc/init/tlogd.rc:195)
06-13 20:40:42.264 0 0 I [69164.191739] init: starting service 'tlogdshc'...
06-13 20:40:42.380 0 0 I [69164.304339] init: Service 'tlogdshc' (pid 23231) exited with status 0 oneshot service took 0.106000 seconds in background
06-13 20:40:42.380 0 0 I [69164.304368] init: Sending signal 9 to service 'tlogdshc' (pid 23231) process group...
06-13 20:40:42.380 0 0 I [69164.304543] libprocessgroup: Successfully killed process cgroup uid 0 pid 23231 in 0ms
06-13 20:40:45.660 0 0 E [69167.584371] link_delay_work_func: DTC_ETH: SQI=0, link=0
06-13 20:40:50.780 0 0 E [69172.704578] link_delay_work_func: DTC_ETH: SQI=0, link=0
06-13 20:40:50.992 1551 1911 I sync : [com.tencent.android.qqdownloader.YYBLiveAccountProvider,0,3,24220937]
06-13 20:40:51.020 1551 1911 I sync : [com.tencent.android.qqdownloader.YYBLiveAccountProvider,1,3,24220937]
06-13 20:40:51.022 1551 1911 I commit_sys_config_file: [sync-status,62230388]
06-13 20:40:51.030 1551 1911 I sync : [com.tencent.android.qqdownloader.YYBLiveAccountProvider,0,3,24220937]
06-13 20:40:51.060 1551 1911 I sync : [com.tencent.android.qqdownloader.YYBLiveAccountProvider,1,3,24220937]
06-13 20:40:51.062 1551 1911 I commit_sys_config_file: [sync-status,62230428]
06-13 20:40:53.027 1551 1669 I commit_sys_config_file: [jobs,5]
06-13 20:40:55.900 0 0 E [69177.824405] link_delay_work_func: DTC_ETH: SQI=0, link=0
06-13 20:41:01.020 0 0 E [69182.944349] link_delay_work_func: DTC_ETH: SQI=0, link=0
06-13 20:41:06.141 0 0 E [69188.064378] link_delay_work_func: DTC_ETH: SQI=0, link=0
06-13 20:41:11.260 0 0 E [69193.184362] link_delay_work_func: DTC_ETH: SQI=0, link=0
06-13 20:41:12.269 0 0 I [69194.192918] init: processing action (sys.tlog.tlogdshc.active=1) from (/system/etc/init/tlogd.rc:195)
06-13 20:41:12.269 0 0 I [69194.193501] init: starting service 'tlogdshc'...
06-13 20:41:12.380 0 0 I [69194.307070] init: Service 'tlogdshc' (pid 23277) exited with status 0 oneshot service took 0.108000 seconds in background
06-13 20:41:12.380 0 0 I [69194.307100] init: Sending signal 9 to service 'tlogdshc' (pid 23277) process group...
06-13 20:41:12.380 0 0 I [69194.307275] libprocessgroup: Successfully killed process cgroup uid 0 pid 23277 in 0ms
06-13 20:41:16.380 0 0 E [69198.304402] link_delay_work_func: DTC_ETH: SQI=0, link=0
06-13 20:41:21.500 0 0 E [69203.424536] link_delay_work_func: DTC_ETH: SQI=0, link=0
06-13 20:41:25.988 1551 1911 I sync : [com.tencent.android.qqdownloader.YYBLiveAccountProvider,0,3,24220937]
06-13 20:41:26.028 1551 1911 I sync : [com.tencent.android.qqdownloader.YYBLiveAccountProvider,1,3,24220937]
06-13 20:41:26.030 1551 1911 I commit_sys_config_file: [sync-status,62265396]
06-13 20:41:26.039 1551 1911 I sync : [com.tencent.android.qqdownloader.YYBLiveAccountProvider,0,3,24220937]
06-13 20:41:26.067 1551 1551 I notification_enqueue: [10092,17024,com.tencent.android.qqdownloader,127,NULL,0,Notification(channel=channel_id_default_silent shortcut=null contentView=com.tencent.android.qqdownloader/0x7f0a01c2 vibrate=null sound=null defaults=0x0 flags=0x2a2 color=0x00000000 groupKey=com.tencent.android.qqdownloader vis=PRIVATE),1]
06-13 20:41:26.076 1551 1911 I sync : [com.tencent.android.qqdownloader.YYBLiveAccountProvider,1,3,24220937]
06-13 20:41:26.078 1551 1911 I commit_sys_config_file: [sync-status,62265444]
06-13 20:41:26.620 0 0 E [69208.544428] link_delay_work_func: DTC_ETH: SQI=0, link=0
06-13 20:41:28.036 1551 1669 I commit_sys_config_file: [jobs,6]
06-13 20:41:31.736 0 0 E [69213.664413] link_delay_work_func: DTC_ETH: SQI=0, link=0
06-13 20:41:36.860 0 0 E [69218.784379] link_delay_work_func: DTC_ETH: SQI=0, link=0
06-13 20:41:41.980 0 0 E [69223.904333] link_delay_work_func: DTC_ETH: SQI=0, link=0
06-13 20:41:42.269 0 0 I [69224.194264] init: processing action (sys.tlog.tlogdshc.active=1) from (/system/etc/init/tlogd.rc:195)
06-13 20:41:42.269 0 0 I [69224.194906] init: starting service 'tlogdshc'...
06-13 20:41:42.384 0 0 I [69224.311342] init: Service 'tlogdshc' (pid 23320) exited with status 0 oneshot service took 0.109000 seconds in background
06-13 20:41:42.384 0 0 I [69224.311369] init: Sending signal 9 to service 'tlogdshc' (pid 23320) process group...
06-13 20:41:42.384 0 0 I [69224.311540] libprocessgroup: Successfully killed process cgroup uid 0 pid 23320 in 0ms
06-13 20:41:47.100 0 0 E [69229.024342] link_delay_work_func: DTC_ETH: SQI=0, link=0
06-13 20:41:52.220 0 0 E [69234.144405] link_delay_work_func: DTC_ETH: SQI=0, link=0
06-13 20:41:57.336 0 0 E [69239.264353] link_delay_work_func: DTC_ETH: SQI=0, link=0
06-13 20:42:00.991 1551 1911 I sync : [com.tencent.android.qqdownloader.YYBLiveAccountProvider,0,3,24220937]
06-13 20:42:01.032 1551 1911 I sync : [com.tencent.android.qqdownloader.YYBLiveAccountProvider,1,3,24220937]
06-13 20:42:01.035 1551 1911 I commit_sys_config_file: [sync-status,62300400]
06-13 20:42:01.043 1551 1911 I sync : [com.tencent.android.qqdownloader.YYBLiveAccountProvider,0,3,24220937]
06-13 20:42:01.086 1551 1911 I sync : [com.tencent.android.qqdownloader.YYBLiveAccountProvider,1,3,24220937]
06-13 20:42:01.089 1551 1911 I commit_sys_config_file: [sync-status,62300455]
06-13 20:42:02.461 0 0 E [69244.384388] link_delay_work_func: DTC_ETH: SQI=0, link=0
06-13 20:42:03.042 1551 1669 I commit_sys_config_file: [jobs,7]
06-13 20:42:07.576 0 0 E [69249.504486] link_delay_work_func: DTC_ETH: SQI=0, link=0
06-13 20:42:12.268 0 0 I [69254.196013] init: processing action (sys.tlog.tlogdshc.active=1) from (/system/etc/init/tlogd.rc:195)
06-13 20:42:12.272 0 0 I [69254.196817] init: starting service 'tlogdshc'...
06-13 20:42:12.392 0 0 I [69254.317658] init: Service 'tlogdshc' (pid 23367) exited with status 0 oneshot service took 0.115000 seconds in background
