06-13 20:15:50.620 0 0 E [67672.544356] link_delay_work_func: DTC_ETH: SQI=0, link=0
06-13 20:15:55.736 0 0 E [67677.664402] link_delay_work_func: DTC_ETH: SQI=0, link=0
06-13 20:16:00.857 0 0 E [67682.784435] link_delay_work_func: DTC_ETH: SQI=0, link=0
06-13 20:16:05.980 0 0 E [67687.904351] link_delay_work_func: DTC_ETH: SQI=0, link=0
06-13 20:16:11.100 0 0 E [67693.024339] link_delay_work_func: DTC_ETH: SQI=0, link=0
06-13 20:16:12.084 0 0 I [67694.011187] init: processing action (sys.tlog.tlogdshc.active=1) from (/system/etc/init/tlogd.rc:195)
06-13 20:16:12.084 0 0 I [67694.011779] init: starting service 'tlogdshc'...
06-13 20:16:12.200 0 0 I [67694.127722] init: Service 'tlogdshc' (pid 20993) exited with status 0 oneshot service took 0.110000 seconds in background
06-13 20:16:12.200 0 0 I [67694.127751] init: Sending signal 9 to service 'tlogdshc' (pid 20993) process group...
06-13 20:16:12.200 0 0 I [67694.127929] libprocessgroup: Successfully killed process cgroup uid 0 pid 20993 in 0ms
06-13 20:16:16.220 0 0 E [67698.144359] link_delay_work_func: DTC_ETH: SQI=0, link=0
06-13 20:16:20.917 1551 1911 I sync : [com.tencent.android.qqdownloader.YYBLiveAccountProvider,0,3,24220937]
06-13 20:16:20.955 1551 1911 I sync : [com.tencent.android.qqdownloader.YYBLiveAccountProvider,1,3,24220937]
06-13 20:16:20.957 1551 1911 I commit_sys_config_file: [sync-status,60760323]
06-13 20:16:20.964 1551 1911 I sync : [com.tencent.android.qqdownloader.YYBLiveAccountProvider,0,3,24220937]
06-13 20:16:20.993 1551 1911 I sync : [com.tencent.android.qqdownloader.YYBLiveAccountProvider,1,3,24220937]
06-13 20:16:20.996 1551 1911 I commit_sys_config_file: [sync-status,60760361]
06-13 20:16:21.340 0 0 E [67703.264356] link_delay_work_func: DTC_ETH: SQI=0, link=0
06-13 20:16:22.962 1551 1669 I commit_sys_config_file: [jobs,6]
06-13 20:16:26.460 0 0 E [67708.384360] link_delay_work_func: DTC_ETH: SQI=0, link=0
06-13 20:16:31.580 0 0 E [67713.504362] link_delay_work_func: DTC_ETH: SQI=0, link=0
06-13 20:16:36.700 0 0 E [67718.624351] link_delay_work_func: DTC_ETH: SQI=0, link=0
06-13 20:16:41.820 0 0 E [67723.744338] link_delay_work_func: DTC_ETH: SQI=0, link=0
06-13 20:16:42.088 0 0 I [67724.012992] init: processing action (sys.tlog.tlogdshc.active=1) from (/system/etc/init/tlogd.rc:195)
06-13 20:16:42.088 0 0 I [67724.013573] init: starting service 'tlogdshc'...
06-13 20:16:42.204 0 0 I [67724.130514] init: Service 'tlogdshc' (pid 21036) exited with status 0 oneshot service took 0.112000 seconds in background
06-13 20:16:42.204 0 0 I [67724.130544] init: Sending signal 9 to service 'tlogdshc' (pid 21036) process group...
06-13 20:16:42.204 0 0 I [67724.130719] libprocessgroup: Successfully killed process cgroup uid 0 pid 21036 in 0ms
06-13 20:16:46.940 0 0 E [67728.864330] link_delay_work_func: DTC_ETH: SQI=0, link=0
06-13 20:16:50.067 1551 1551 I notification_enqueue: [10092,17024,com.tencent.android.qqdownloader,127,NULL,0,Notification(channel=channel_id_default_silent shortcut=null contentView=com.tencent.android.qqdownloader/0x7f0a01c2 vibrate=null sound=null defaults=0x0 flags=0x2a2 color=0x00000000 groupKey=com.tencent.android.qqdownloader vis=PRIVATE),1]
06-13 20:16:52.060 0 0 E [67733.984485] link_delay_work_func: DTC_ETH: SQI=0, link=0
06-13 20:16:55.916 1551 1911 I sync : [com.tencent.android.qqdownloader.YYBLiveAccountProvider,0,3,24220937]
06-13 20:16:55.954 1551 1911 I sync : [com.tencent.android.qqdownloader.YYBLiveAccountProvider,1,3,24220937]
06-13 20:16:55.957 1551 1911 I commit_sys_config_file: [sync-status,60795323]
06-13 20:16:55.965 1551 1911 I sync : [com.tencent.android.qqdownloader.YYBLiveAccountProvider,0,3,24220937]
06-13 20:16:55.996 1551 1911 I sync : [com.tencent.android.qqdownloader.YYBLiveAccountProvider,1,3,24220937]
06-13 20:16:56.002 1551 1911 I commit_sys_config_file: [sync-status,60795367]
06-13 20:16:57.180 0 0 E [67739.105346] link_delay_work_func: DTC_ETH: SQI=0, link=0
06-13 20:16:57.963 1551 1669 I commit_sys_config_file: [jobs,7]
06-13 20:17:02.300 0 0 E [67744.224333] link_delay_work_func: DTC_ETH: SQI=0, link=0
06-13 20:17:07.420 0 0 E [67749.344339] link_delay_work_func: DTC_ETH: SQI=0, link=0
06-13 20:17:12.092 0 0 I [67754.019143] init: processing action (sys.tlog.tlogdshc.active=1) from (/system/etc/init/tlogd.rc:195)
06-13 20:17:12.092 0 0 I [67754.019709] init: starting service 'tlogdshc'...
06-13 20:17:12.208 0 0 I [67754.134333] init: Service 'tlogdshc' (pid 21082) exited with status 0 oneshot service took 0.110000 seconds in background
06-13 20:17:12.208 0 0 I [67754.134387] init: Sending signal 9 to service 'tlogdshc' (pid 21082) process group...
06-13 20:17:12.208 0 0 I [67754.134565] libprocessgroup: Successfully killed process cgroup uid 0 pid 21082 in 0ms
06-13 20:17:12.540 0 0 E [67754.464368] link_delay_work_func: DTC_ETH: SQI=0, link=0
06-13 20:17:17.660 0 0 E [67759.584364] link_delay_work_func: DTC_ETH: SQI=0, link=0
06-13 20:17:22.776 0 0 E [67764.704354] link_delay_work_func: DTC_ETH: SQI=0, link=0
06-13 20:17:27.896 0 0 E [67769.824420] link_delay_work_func: DTC_ETH: SQI=0, link=0
06-13 20:17:30.918 1551 1911 I sync : [com.tencent.android.qqdownloader.YYBLiveAccountProvider,0,3,24220937]
06-13 20:17:30.964 1551 1911 I sync : [com.tencent.android.qqdownloader.YYBLiveAccountProvider,1,3,24220937]
06-13 20:17:30.967 1551 1911 I commit_sys_config_file: [sync-status,60830332]
06-13 20:17:30.975 1551 1911 I sync : [com.tencent.android.qqdownloader.YYBLiveAccountProvider,0,3,24220937]
06-13 20:17:31.005 1551 1911 I sync : [com.tencent.android.qqdownloader.YYBLiveAccountProvider,1,3,24220937]
06-13 20:17:31.007 1551 1911 I commit_sys_config_file: [sync-status,60830373]
06-13 20:17:32.974 1551 1669 I commit_sys_config_file: [jobs,7]
06-13 20:17:33.020 0 0 E [67774.944355] link_delay_work_func: DTC_ETH: SQI=0, link=0
06-13 20:17:38.140 0 0 E [67780.064362] link_delay_work_func: DTC_ETH: SQI=0, link=0
06-13 20:17:42.100 0 0 I [67784.027213] init: processing action (sys.tlog.tlogdshc.active=1) from (/system/etc/init/tlogd.rc:195)
06-13 20:17:42.100 0 0 I [67784.027796] init: starting service 'tlogdshc'...
06-13 20:17:42.220 0 0 I [67784.145819] init: Service 'tlogdshc' (pid 21125) exited with status 0 oneshot service took 0.112000 seconds in background
06-13 20:17:42.220 0 0 I [67784.145850] init: Sending signal 9 to service 'tlogdshc' (pid 21125) process group...
06-13 20:17:42.220 0 0 I [67784.146037] libprocessgroup: Successfully killed process cgroup uid 0 pid 21125 in 0ms
06-13 20:17:43.260 0 0 E [67785.184355] link_delay_work_func: DTC_ETH: SQI=0, link=0
06-13 20:17:48.380 0 0 E [67790.304342] link_delay_work_func: DTC_ETH: SQI=0, link=0
06-13 20:17:51.569 1551 1551 I notification_enqueue: [10092,17024,com.tencent.android.qqdownloader,127,NULL,0,Notification(channel=channel_id_default_silent shortcut=null contentView=com.tencent.android.qqdownloader/0x7f0a01c2 vibrate=null sound=null defaults=0x0 flags=0x2a2 color=0x00000000 groupKey=com.tencent.android.qqdownloader vis=PRIVATE),1]
06-13 20:17:53.500 0 0 E [67795.424340] link_delay_work_func: DTC_ETH: SQI=0, link=0
06-13 20:17:58.616 0 0 E [67800.544344] link_delay_work_func: DTC_ETH: SQI=0, link=0
06-13 20:18:03.740 0 0 E [67805.664348] link_delay_work_func: DTC_ETH: SQI=0, link=0
06-13 20:18:05.921 1551 1911 I sync : [com.tencent.android.qqdownloader.YYBLiveAccountProvider,0,3,24220937]
06-13 20:18:05.964 1551 1911 I sync : [com.tencent.android.qqdownloader.YYBLiveAccountProvider,1,3,24220937]
06-13 20:18:05.966 1551 1911 I commit_sys_config_file: [sync-status,60865332]
06-13 20:18:05.975 1551 1911 I sync : [com.tencent.android.qqdownloader.YYBLiveAccountProvider,0,3,24220937]
06-13 20:18:06.003 1551 1911 I sync : [com.tencent.android.qqdownloader.YYBLiveAccountProvider,1,3,24220937]
06-13 20:18:06.006 1551 1911 I commit_sys_config_file: [sync-status,60865371]
06-13 20:18:07.972 1551 1669 I commit_sys_config_file: [jobs,5]
06-13 20:18:08.860 0 0 E [67810.784327] link_delay_work_func: DTC_ETH: SQI=0, link=0
06-13 20:18:12.104 0 0 I [67814.028773] init: processing action (sys.tlog.tlogdshc.active=1) from (/system/etc/init/tlogd.rc:195)
06-13 20:18:12.104 0 0 I [67814.029397] init: starting service 'tlogdshc'...
06-13 20:18:12.216 0 0 I [67814.140794] init: Service 'tlogdshc' (pid 21170) exited with status 0 oneshot service took 0.106000 seconds in background
06-13 20:18:12.216 0 0 I [67814.140829] init: Sending signal 9 to service 'tlogdshc' (pid 21170) process group...
06-13 20:18:12.216 0 0 I [67814.141027] libprocessgroup: Successfully killed process cgroup uid 0 pid 21170 in 0ms
06-13 20:18:13.976 0 0 E [67815.904368] link_delay_work_func: DTC_ETH: SQI=0, link=0
06-13 20:18:19.100 0 0 E [67821.024398] link_delay_work_func: DTC_ETH: SQI=0, link=0
06-13 20:18:24.216 0 0 E [67826.144332] link_delay_work_func: DTC_ETH: SQI=0, link=0
06-13 20:18:29.340 0 0 E [67831.264362] link_delay_work_func: DTC_ETH: SQI=0, link=0
06-13 20:18:34.460 0 0 E [67836.384377] link_delay_work_func: DTC_ETH: SQI=0, link=0
06-13 20:18:39.580 0 0 E [67841.504348] link_delay_work_func: DTC_ETH: SQI=0, link=0
06-13 20:18:40.927 1551 1911 I sync : [com.tencent.android.qqdownloader.YYBLiveAccountProvider,0,3,24220937]
06-13 20:18:40.959 1551 1911 I sync : [com.tencent.android.qqdownloader.YYBLiveAccountProvider,1,3,24220937]
06-13 20:18:40.962 1551 1911 I commit_sys_config_file: [sync-status,60900328]
06-13 20:18:40.968 1551 1911 I sync : [com.tencent.android.qqdownloader.YYBLiveAccountProvider,0,3,24220937]
06-13 20:18:40.998 1551 1911 I sync : [com.tencent.android.qqdownloader.YYBLiveAccountProvider,1,3,24220937]
06-13 20:18:41.001 1551 1911 I commit_sys_config_file: [sync-status,60900367]
06-13 20:18:42.104 0 0 I [67844.030851] init: processing action (sys.tlog.tlogdshc.active=1) from (/system/etc/init/tlogd.rc:195)
06-13 20:18:42.104 0 0 I [67844.031609] init: starting service 'tlogdshc'...
06-13 20:18:42.224 0 0 I [67844.151093] init: Service 'tlogdshc' (pid 21212) exited with status 0 oneshot service took 0.114000 seconds in background
06-13 20:18:42.224 0 0 I [67844.151122] init: Sending signal 9 to service 'tlogdshc' (pid 21212) process group...
06-13 20:18:42.224 0 0 I [67844.151333] libprocessgroup: Successfully killed process cgroup uid 0 pid 21212 in 0ms
06-13 20:18:42.968 1551 1669 I commit_sys_config_file: [jobs,6]
06-13 20:18:44.700 0 0 E [67846.624361] link_delay_work_func: DTC_ETH: SQI=0, link=0
06-13 20:18:49.820 0 0 E [67851.744357] link_delay_work_func: DTC_ETH: SQI=0, link=0
06-13 20:18:53.080 1551 1551 I notification_enqueue: [10092,17024,com.tencent.android.qqdownloader,127,NULL,0,Notification(channel=channel_id_default_silent shortcut=null contentView=com.tencent.android.qqdownloader/0x7f0a01c2 vibrate=null sound=null defaults=0x0 flags=0x2a2 color=0x00000000 groupKey=com.tencent.android.qqdownloader vis=PRIVATE),1]
06-13 20:18:54.940 0 0 E [67856.864539] link_delay_work_func: DTC_ETH: SQI=0, link=0
06-13 20:19:00.058 0 0 E [67861.984366] link_delay_work_func: DTC_ETH: SQI=0, link=0
06-13 20:19:05.180 0 0 E [67867.104545] link_delay_work_func: DTC_ETH: SQI=0, link=0
06-13 20:19:10.300 0 0 E [67872.224517] link_delay_work_func: DTC_ETH: SQI=0, link=0
06-13 20:19:12.112 0 0 I [67874.039410] init: processing action (sys.tlog.tlogdshc.active=1) from (/system/etc/init/tlogd.rc:195)
06-13 20:19:12.112 0 0 I [67874.040129] init: starting service 'tlogdshc'...
06-13 20:19:12.244 0 0 I [67874.169423] init: Service 'tlogdshc' (pid 21257) exited with status 0 oneshot service took 0.123000 seconds in background
06-13 20:19:12.244 0 0 I [67874.169450] init: Sending signal 9 to service 'tlogdshc' (pid 21257) process group...
06-13 20:19:12.244 0 0 I [67874.169632] libprocessgroup: Successfully killed process cgroup uid 0 pid 21257 in 0ms
06-13 20:19:15.420 0 0 E [67877.344338] link_delay_work_func: DTC_ETH: SQI=0, link=0
06-13 20:19:15.931 1551 1911 I sync : [com.tencent.android.qqdownloader.YYBLiveAccountProvider,0,3,24220937]
06-13 20:19:15.989 1551 1911 I sync : [com.tencent.android.qqdownloader.YYBLiveAccountProvider,1,3,24220937]
06-13 20:19:15.991 1551 1911 I commit_sys_config_file: [sync-status,60935357]
06-13 20:19:15.998 1551 1911 I sync : [com.tencent.android.qqdownloader.YYBLiveAccountProvider,0,3,24220937]
06-13 20:19:16.032 1551 1911 I sync : [com.tencent.android.qqdownloader.YYBLiveAccountProvider,1,3,24220937]
06-13 20:19:16.034 1551 1911 I commit_sys_config_file: [sync-status,60935400]
06-13 20:19:17.998 1551 1669 I commit_sys_config_file: [jobs,6]
06-13 20:19:20.540 0 0 E [67882.464548] link_delay_work_func: DTC_ETH: SQI=0, link=0
06-13 20:19:25.660 0 0 E [67887.584365] link_delay_work_func: DTC_ETH: SQI=0, link=0
06-13 20:19:30.780 0 0 E [67892.704585] link_delay_work_func: DTC_ETH: SQI=0, link=0
06-13 20:19:35.900 0 0 E [67897.824371] link_delay_work_func: DTC_ETH: SQI=0, link=0
06-13 20:19:41.020 0 0 E [67902.944545] link_delay_work_func: DTC_ETH: SQI=0, link=0
06-13 20:19:42.116 0 0 I [67904.041261] init: processing action (sys.tlog.tlogdshc.active=1) from (/system/etc/init/tlogd.rc:195)
06-13 20:19:42.116 0 0 I [67904.041792] init: starting service 'tlogdshc'...
06-13 20:19:42.228 0 0 I [67904.152869] init: Service 'tlogdshc' (pid 21300) exited with status 0 oneshot service took 0.106000 seconds in background
06-13 20:19:42.228 0 0 I [67904.152895] init: Sending signal 9 to service 'tlogdshc' (pid 21300) process group...
06-13 20:19:42.228 0 0 I [67904.153070] libprocessgroup: Successfully killed process cgroup uid 0 pid 21300 in 0ms
06-13 20:19:46.140 0 0 E [67908.064364] link_delay_work_func: DTC_ETH: SQI=0, link=0
06-13 20:19:50.924 1551 1911 I sync : [com.tencent.android.qqdownloader.YYBLiveAccountProvider,0,3,24220937]
06-13 20:19:50.969 1551 1911 I sync : [com.tencent.android.qqdownloader.YYBLiveAccountProvider,1,3,24220937]
06-13 20:19:50.973 1551 1911 I commit_sys_config_file: [sync-status,60970338]
06-13 20:19:50.985 1551 1911 I sync : [com.tencent.android.qqdownloader.YYBLiveAccountProvider,0,3,24220937]
06-13 20:19:51.023 1551 1911 I sync : [com.tencent.android.qqdownloader.YYBLiveAccountProvider,1,3,24220937]
06-13 20:19:51.026 1551 1911 I commit_sys_config_file: [sync-status,60970391]
06-13 20:19:51.260 0 0 E [67913.184469] link_delay_work_func: DTC_ETH: SQI=0, link=0
06-13 20:19:52.978 1551 1669 I commit_sys_config_file: [jobs,7]
06-13 20:19:54.565 1551 1551 I notification_enqueue: [10092,17024,com.tencent.android.qqdownloader,127,NULL,0,Notification(channel=channel_id_default_silent shortcut=null contentView=com.tencent.android.qqdownloader/0x7f0a01c2 vibrate=null sound=null defaults=0x0 flags=0x2a2 color=0x00000000 groupKey=com.tencent.android.qqdownloader vis=PRIVATE),1]
06-13 20:19:56.376 0 0 E [67918.304393] link_delay_work_func: DTC_ETH: SQI=0, link=0
06-13 20:20:01.501 0 0 E [67923.424427] link_delay_work_func: DTC_ETH: SQI=0, link=0
06-13 20:20:06.620 0 0 E [67928.544359] link_delay_work_func: DTC_ETH: SQI=0, link=0
06-13 20:20:11.736 0 0 E [67933.664500] link_delay_work_func: DTC_ETH: SQI=0, link=0
06-13 20:20:12.116 0 0 I [67934.042734] init: processing action (sys.tlog.tlogdshc.active=1) from (/system/etc/init/tlogd.rc:195)
06-13 20:20:12.116 0 0 I [67934.043384] init: starting service 'tlogdshc'...
06-13 20:20:12.232 0 0 I [67934.157152] init: Service 'tlogdshc' (pid 21346) exited with status 0 oneshot service took 0.109000 seconds in background
06-13 20:20:12.232 0 0 I [67934.157182] init: Sending signal 9 to service 'tlogdshc' (pid 21346) process group...
06-13 20:20:12.232 0 0 I [67934.157358] libprocessgroup: Successfully killed process cgroup uid 0 pid 21346 in 0ms
06-13 20:20:12.580 0 0 I [67934.506938] [dp_rx_][0x12fb3e9b1dd][20: 20:12.578986] wlan: [3484:I:QDF] DHCP-R RX: SA:04:7f:0e:62:f8:6b DA:ff:ff:ff:ff:ff:ff
06-13 20:20:16.860 0 0 E [67938.784599] link_delay_work_func: DTC_ETH: SQI=0, link=0
06-13 20:20:21.977 0 0 E [67943.904414] link_delay_work_func: DTC_ETH: SQI=0, link=0
06-13 20:20:25.925 1551 1911 I sync : [com.tencent.android.qqdownloader.YYBLiveAccountProvider,0,3,24220937]
06-13 20:20:25.968 1551 1911 I sync : [com.tencent.android.qqdownloader.YYBLiveAccountProvider,1,3,24220937]
06-13 20:20:25.971 1551 1911 I commit_sys_config_file: [sync-status,61005336]
06-13 20:20:25.978 1551 1911 I sync : [com.tencent.android.qqdownloader.YYBLiveAccountProvider,0,3,24220937]
06-13 20:20:26.004 1551 1911 I sync : [com.tencent.android.qqdownloader.YYBLiveAccountProvider,1,3,24220937]
06-13 20:20:26.007 1551 1911 I commit_sys_config_file: [sync-status,61005373]
06-13 20:20:27.100 0 0 E [67949.024337] link_delay_work_func: DTC_ETH: SQI=0, link=0
06-13 20:20:27.977 1551 1669 I commit_sys_config_file: [jobs,6]
06-13 20:20:32.220 0 0 E [67954.144546] link_delay_work_func: DTC_ETH: SQI=0, link=0
06-13 20:20:37.336 0 0 E [67959.264414] link_delay_work_func: DTC_ETH: SQI=0, link=0
06-13 20:20:42.120 0 0 I [67964.044758] init: processing action (sys.tlog.tlogdshc.active=1) from (/system/etc/init/tlogd.rc:195)
06-13 20:20:42.120 0 0 I [67964.045325] init: starting service 'tlogdshc'...
06-13 20:20:42.236 0 0 I [67964.163314] init: Service 'tlogdshc' (pid 21389) exited with status 0 oneshot service took 0.112000 seconds in background
06-13 20:20:42.236 0 0 I [67964.163343] init: Sending signal 9 to service 'tlogdshc' (pid 21389) process group...
06-13 20:20:42.236 0 0 I [67964.163526] libprocessgroup: Successfully killed process cgroup uid 0 pid 21389 in 0ms
06-13 20:20:42.460 0 0 E [67964.384332] link_delay_work_func: DTC_ETH: SQI=0, link=0
06-13 20:20:47.580 0 0 E [67969.504571] link_delay_work_func: DTC_ETH: SQI=0, link=0
06-13 20:20:52.696 0 0 E [67974.624352] link_delay_work_func: DTC_ETH: SQI=0, link=0
06-13 20:20:56.067 1551 1551 I notification_enqueue: [10092,17024,com.tencent.android.qqdownloader,127,NULL,0,Notification(channel=channel_id_default_silent shortcut=null contentView=com.tencent.android.qqdownloader/0x7f0a01c2 vibrate=null sound=null defaults=0x0 flags=0x2a2 color=0x00000000 groupKey=com.tencent.android.qqdownloader vis=PRIVATE),1]
06-13 20:20:57.820 0 0 E [67979.744368] link_delay_work_func: DTC_ETH: SQI=0, link=0
06-13 20:21:00.925 1551 1911 I sync : [com.tencent.android.qqdownloader.YYBLiveAccountProvider,0,3,24220937]
06-13 20:21:00.965 1551 1911 I sync : [com.tencent.android.qqdownloader.YYBLiveAccountProvider,1,3,24220937]
06-13 20:21:00.968 1551 1911 I commit_sys_config_file: [sync-status,61040334]
06-13 20:21:00.976 1551 1911 I sync : [com.tencent.android.qqdownloader.YYBLiveAccountProvider,0,3,24220937]
06-13 20:21:01.022 1551 1911 I sync : [com.tencent.android.qqdownloader.YYBLiveAccountProvider,1,3,24220937]
06-13 20:21:01.025 1551 1911 I commit_sys_config_file: [sync-status,61040391]
06-13 20:21:02.940 0 0 E [67984.864342] link_delay_work_func: DTC_ETH: SQI=0, link=0
06-13 20:21:02.974 1551 1669 I commit_sys_config_file: [jobs,7]
06-13 20:21:08.060 0 0 E [67989.984317] link_delay_work_func: DTC_ETH: SQI=0, link=0
06-13 20:21:12.124 0 0 I [67994.051066] init: processing action (sys.tlog.tlogdshc.active=1) from (/system/etc/init/tlogd.rc:195)
06-13 20:21:12.124 0 0 I [67994.051690] init: starting service 'tlogdshc'...
06-13 20:21:12.240 0 0 I [67994.167202] init: Service 'tlogdshc' (pid 21436) exited with status 0 oneshot service took 0.110000 seconds in background
06-13 20:21:12.240 0 0 I [67994.167230] init: Sending signal 9 to service 'tlogdshc' (pid 21436) process group...
06-13 20:21:12.240 0 0 I [67994.167417] libprocessgroup: Successfully killed process cgroup uid 0 pid 21436 in 0ms
06-13 20:21:13.180 0 0 E [67995.104586] link_delay_work_func: DTC_ETH: SQI=0, link=0
06-13 20:21:18.300 0 0 E [68000.224545] link_delay_work_func: DTC_ETH: SQI=0, link=0
06-13 20:21:23.420 0 0 E [68005.344352] link_delay_work_func: DTC_ETH: SQI=0, link=0
06-13 20:21:28.537 0 0 E [68010.464411] link_delay_work_func: DTC_ETH: SQI=0, link=0
06-13 20:21:33.660 0 0 E [68015.584385] link_delay_work_func: DTC_ETH: SQI=0, link=0
06-13 20:21:35.927 1551 1911 I sync : [com.tencent.android.qqdownloader.YYBLiveAccountProvider,0,3,24220937]
06-13 20:21:35.971 1551 1911 I sync : [com.tencent.android.qqdownloader.YYBLiveAccountProvider,1,3,24220937]
06-13 20:21:35.974 1551 1911 I commit_sys_config_file: [sync-status,61075340]
06-13 20:21:35.981 1551 1911 I sync : [com.tencent.android.qqdownloader.YYBLiveAccountProvider,0,3,24220937]
06-13 20:21:36.016 1551 1911 I sync : [com.tencent.android.qqdownloader.YYBLiveAccountProvider,1,3,24220937]
06-13 20:21:36.019 1551 1911 I commit_sys_config_file: [sync-status,61075384]
06-13 20:21:37.980 1551 1669 I commit_sys_config_file: [jobs,5]
06-13 20:21:38.780 0 0 E [68020.704379] link_delay_work_func: DTC_ETH: SQI=0, link=0
06-13 20:21:42.132 0 0 I [68024.059262] init: processing action (sys.tlog.tlogdshc.active=1) from (/system/etc/init/tlogd.rc:195)
06-13 20:21:42.132 0 0 I [68024.059837] init: starting service 'tlogdshc'...
06-13 20:21:42.248 0 0 I [68024.172440] init: Service 'tlogdshc' (pid 21481) exited with status 0 oneshot service took 0.106000 seconds in background
06-13 20:21:42.248 0 0 I [68024.172471] init: Sending signal 9 to service 'tlogdshc' (pid 21481) process group...
06-13 20:21:42.248 0 0 I [68024.172674] libprocessgroup: Successfully killed process cgroup uid 0 pid 21481 in 0ms
06-13 20:21:43.896 0 0 E [68025.824454] link_delay_work_func: DTC_ETH: SQI=0, link=0
06-13 20:21:49.020 0 0 E [68030.944338] link_delay_work_func: DTC_ETH: SQI=0, link=0
06-13 20:21:54.140 0 0 E [68036.064553] link_delay_work_func: DTC_ETH: SQI=0, link=0
06-13 20:21:57.567 1551 1551 I notification_enqueue: [10092,17024,com.tencent.android.qqdownloader,127,NULL,0,Notification(channel=channel_id_default_silent shortcut=null contentView=com.tencent.android.qqdownloader/0x7f0a01c2 vibrate=null sound=null defaults=0x0 flags=0x2a2 color=0x00000000 groupKey=com.tencent.android.qqdownloader vis=PRIVATE),1]
06-13 20:21:59.260 0 0 E [68041.184348] link_delay_work_func: DTC_ETH: SQI=0, link=0
06-13 20:22:04.376 0 0 E [68046.304342] link_delay_work_func: DTC_ETH: SQI=0, link=0
06-13 20:22:09.496 0 0 E [68051.424380] link_delay_work_func: DTC_ETH: SQI=0, link=0
06-13 20:22:10.929 1551 1911 I sync : [com.tencent.android.qqdownloader.YYBLiveAccountProvider,0,3,24220937]
06-13 20:22:10.968 1551 1911 I sync : [com.tencent.android.qqdownloader.YYBLiveAccountProvider,1,3,24220937]
06-13 20:22:10.976 1551 1911 I commit_sys_config_file: [sync-status,61110342]
06-13 20:22:10.988 1551 1911 I sync : [com.tencent.android.qqdownloader.YYBLiveAccountProvider,0,3,24220937]
06-13 20:22:11.021 1551 1911 I sync : [com.tencent.android.qqdownloader.YYBLiveAccountProvider,1,3,24220937]
06-13 20:22:11.025 1551 1911 I commit_sys_config_file: [sync-status,61110391]
06-13 20:22:12.136 0 0 I [68054.061198] init: processing action (sys.tlog.tlogdshc.active=1) from (/system/etc/init/tlogd.rc:195)
06-13 20:22:12.136 0 0 I [68054.061768] init: starting service 'tlogdshc'...
06-13 20:22:12.252 0 0 I [68054.177272] init: Service 'tlogdshc' (pid 21529) exited with status 0 oneshot service took 0.110000 seconds in background
06-13 20:22:12.252 0 0 I [68054.177301] init: Sending signal 9 to service 'tlogdshc' (pid 21529) process group...
06-13 20:22:12.252 0 0 I [68054.177478] libprocessgroup: Successfully killed process cgroup uid 0 pid 21529 in 0ms
06-13 20:22:12.975 1551 1669 I commit_sys_config_file: [jobs,5]
06-13 20:22:14.620 0 0 E [68056.544349] link_delay_work_func: DTC_ETH: SQI=0, link=0
06-13 20:22:19.740 0 0 E [68061.664555] link_delay_work_func: DTC_ETH: SQI=0, link=0
06-13 20:22:24.860 0 0 E [68066.784369] link_delay_work_func: DTC_ETH: SQI=0, link=0
06-13 20:22:29.980 0 0 E [68071.904753] link_delay_work_func: DTC_ETH: SQI=0, link=0
06-13 20:22:35.100 0 0 E [68077.024544] link_delay_work_func: DTC_ETH: SQI=0, link=0
06-13 20:22:40.221 0 0 E [68082.144531] link_delay_work_func: DTC_ETH: SQI=0, link=0
06-13 20:22:42.140 0 0 I [68084.067019] init: processing action (sys.tlog.tlogdshc.active=1) from (/system/etc/init/tlogd.rc:195)
06-13 20:22:42.140 0 0 I [68084.067626] init: starting service 'tlogdshc'...
06-13 20:22:42.260 0 0 I [68084.184480] init: Service 'tlogdshc' (pid 21571) exited with status 0 oneshot service took 0.112000 seconds in background
06-13 20:22:42.260 0 0 I [68084.184512] init: Sending signal 9 to service 'tlogdshc' (pid 21571) process group...
06-13 20:22:42.260 0 0 I [68084.184693] libprocessgroup: Successfully killed process cgroup uid 0 pid 21571 in 0ms
06-13 20:22:45.340 0 0 E [68087.264347] link_delay_work_func: DTC_ETH: SQI=0, link=0
06-13 20:22:45.933 1551 1911 I sync : [com.tencent.android.qqdownloader.YYBLiveAccountProvider,0,3,24220937]
06-13 20:22:45.977 1551 1911 I sync : [com.tencent.android.qqdownloader.YYBLiveAccountProvider,1,3,24220937]
06-13 20:22:45.979 1551 1911 I commit_sys_config_file: [sync-status,61145345]
06-13 20:22:45.988 1551 1911 I sync : [com.tencent.android.qqdownloader.YYBLiveAccountProvider,0,3,24220937]
06-13 20:22:46.023 1551 1911 I sync : [com.tencent.android.qqdownloader.YYBLiveAccountProvider,1,3,24220937]
06-13 20:22:46.025 1551 1911 I commit_sys_config_file: [sync-status,61145391]
06-13 20:22:47.985 1551 1669 I commit_sys_config_file: [jobs,6]
06-13 20:22:50.460 0 0 E [68092.384346] link_delay_work_func: DTC_ETH: SQI=0, link=0
06-13 20:22:55.580 0 0 E [68097.504333] link_delay_work_func: DTC_ETH: SQI=0, link=0
06-13 20:22:59.081 1551 1551 I notification_enqueue: [10092,17024,com.tencent.android.qqdownloader,127,NULL,0,Notification(channel=channel_id_default_silent shortcut=null contentView=com.tencent.android.qqdownloader/0x7f0a01c2 vibrate=null sound=null defaults=0x0 flags=0x2a2 color=0x00000000 groupKey=com.tencent.android.qqdownloader vis=PRIVATE),1]
06-13 20:23:00.700 0 0 E [68102.624449] link_delay_work_func: DTC_ETH: SQI=0, link=0
06-13 20:23:05.820 0 0 E [68107.744369] link_delay_work_func: DTC_ETH: SQI=0, link=0
06-13 20:23:10.940 0 0 E [68112.864355] link_delay_work_func: DTC_ETH: SQI=0, link=0
06-13 20:23:12.144 0 0 I [68114.069093] init: processing action (sys.tlog.tlogdshc.active=1) from (/system/etc/init/tlogd.rc:195)
06-13 20:23:12.144 0 0 I [68114.069668] init: starting service 'tlogdshc'...
06-13 20:23:12.256 0 0 I [68114.182982] init: Service 'tlogdshc' (pid 21617) exited with status 0 oneshot service took 0.108000 seconds in background
06-13 20:23:12.256 0 0 I [68114.183012] init: Sending signal 9 to service 'tlogdshc' (pid 21617) process group...
06-13 20:23:12.256 0 0 I [68114.183186] libprocessgroup: Successfully killed process cgroup uid 0 pid 21617 in 0ms
06-13 20:23:16.060 0 0 E [68117.984338] link_delay_work_func: DTC_ETH: SQI=0, link=0
06-13 20:23:20.927 1551 1911 I sync : [com.tencent.android.qqdownloader.YYBLiveAccountProvider,0,3,24220937]
06-13 20:23:20.963 1551 1911 I sync : [com.tencent.android.qqdownloader.YYBLiveAccountProvider,1,3,24220937]
06-13 20:23:20.965 1551 1911 I commit_sys_config_file: [sync-status,61180331]
06-13 20:23:20.973 1551 1911 I sync : [com.tencent.android.qqdownloader.YYBLiveAccountProvider,0,3,24220937]
06-13 20:23:21.010 1551 1911 I sync : [com.tencent.android.qqdownloader.YYBLiveAccountProvider,1,3,24220937]
06-13 20:23:21.013 1551 1911 I commit_sys_config_file: [sync-status,61180378]
06-13 20:23:21.180 0 0 E [68123.104365] link_delay_work_func: DTC_ETH: SQI=0, link=0
06-13 20:23:22.967 1551 1669 I commit_sys_config_file: [jobs,6]
06-13 20:23:26.300 0 0 E [68128.224364] link_delay_work_func: DTC_ETH: SQI=0, link=0
06-13 20:23:31.420 0 0 E [68133.344609] link_delay_work_func: DTC_ETH: SQI=0, link=0
06-13 20:23:36.540 0 0 E [68138.464326] link_delay_work_func: DTC_ETH: SQI=0, link=0
06-13 20:23:41.660 0 0 E [68143.584377] link_delay_work_func: DTC_ETH: SQI=0, link=0
06-13 20:23:42.148 0 0 I [68144.075202] init: processing action (sys.tlog.tlogdshc.active=1) from (/system/etc/init/tlogd.rc:195)
06-13 20:23:42.148 0 0 I [68144.076055] init: starting service 'tlogdshc'...
06-13 20:23:42.260 0 0 I [68144.186695] init: Service 'tlogdshc' (pid 21660) exited with status 0 oneshot service took 0.105000 seconds in background
06-13 20:23:42.260 0 0 I [68144.186721] init: Sending signal 9 to service 'tlogdshc' (pid 21660) process group...
06-13 20:23:42.260 0 0 I [68144.186928] libprocessgroup: Successfully killed process cgroup uid 0 pid 21660 in 0ms
06-13 20:23:46.780 0 0 E [68148.704365] link_delay_work_func: DTC_ETH: SQI=0, link=0
06-13 20:23:51.900 0 0 E [68153.824396] link_delay_work_func: DTC_ETH: SQI=0, link=0
06-13 20:23:55.930 1551 1911 I sync : [com.tencent.android.qqdownloader.YYBLiveAccountProvider,0,3,24220937]
06-13 20:23:55.963 1551 1911 I sync : [com.tencent.android.qqdownloader.YYBLiveAccountProvider,1,3,24220937]
06-13 20:23:55.966 1551 1911 I commit_sys_config_file: [sync-status,61215331]
06-13 20:23:55.974 1551 1911 I sync : [com.tencent.android.qqdownloader.YYBLiveAccountProvider,0,3,24220937]
06-13 20:23:56.014 1551 1911 I sync : [com.tencent.android.qqdownloader.YYBLiveAccountProvider,1,3,24220937]
06-13 20:23:56.017 1551 1911 I commit_sys_config_file: [sync-status,61215382]
06-13 20:23:57.020 0 0 E [68158.944457] link_delay_work_func: DTC_ETH: SQI=0, link=0
06-13 20:23:57.972 1551 1669 I commit_sys_config_file: [jobs,6]
06-13 20:24:00.567 1551 1551 I notification_enqueue: [10092,17024,com.tencent.android.qqdownloader,127,NULL,0,Notification(channel=channel_id_default_silent shortcut=null contentView=com.tencent.android.qqdownloader/0x7f0a01c2 vibrate=null sound=null defaults=0x0 flags=0x2a2 color=0x00000000 groupKey=com.tencent.android.qqdownloader vis=PRIVATE),1]
06-13 20:24:02.140 0 0 E [68164.064359] link_delay_work_func: DTC_ETH: SQI=0, link=0
06-13 20:24:05.360 1551 1843 I netstats_mobile_sample: [0,0,0,0,0,0,0,0,0,0,0,0,1686659045360]
06-13 20:24:05.360 1551 1843 I netstats_wifi_sample: [11011713475,7829467,145269350,2335081,11011713475,7829467,145269350,2335081,11152821557,7994984,144435000,2331217,1686659045360]
06-13 20:24:07.260 0 0 E [68169.184549] link_delay_work_func: DTC_ETH: SQI=0, link=0
06-13 20:24:12.152 0 0 I [68174.077157] init: processing action (sys.tlog.tlogdshc.active=1) from (/system/etc/init/tlogd.rc:195)
06-13 20:24:12.152 0 0 I [68174.077809] init: starting service 'tlogdshc'...
06-13 20:24:12.272 0 0 I [68174.198262] init: Service 'tlogdshc' (pid 21717) exited with status 0 oneshot service took 0.115000 seconds in background
06-13 20:24:12.272 0 0 I [68174.198292] init: Sending signal 9 to service 'tlogdshc' (pid 21717) process group...
06-13 20:24:12.272 0 0 I [68174.198466] libprocessgroup: Successfully killed process cgroup uid 0 pid 21717 in 0ms
06-13 20:24:12.380 0 0 E [68174.304564] link_delay_work_func: DTC_ETH: SQI=0, link=0
06-13 20:24:17.500 0 0 E [68179.424378] link_delay_work_func: DTC_ETH: SQI=0, link=0
06-13 20:24:22.620 0 0 E [68184.544348] link_delay_work_func: DTC_ETH: SQI=0, link=0
06-13 20:24:27.740 0 0 E [68189.664537] link_delay_work_func: DTC_ETH: SQI=0, link=0
06-13 20:24:30.937 1551 1911 I sync : [com.tencent.android.qqdownloader.YYBLiveAccountProvider,0,3,24220937]
06-13 20:24:30.976 1551 1911 I sync : [com.tencent.android.qqdownloader.YYBLiveAccountProvider,1,3,24220937]
06-13 20:24:30.979 1551 1911 I commit_sys_config_file: [sync-status,61250344]
06-13 20:24:30.986 1551 1911 I sync : [com.tencent.android.qqdownloader.YYBLiveAccountProvider,0,3,24220937]
06-13 20:24:31.017 1551 1911 I sync : [com.tencent.android.qqdownloader.YYBLiveAccountProvider,1,3,24220937]
06-13 20:24:31.020 1551 1911 I commit_sys_config_file: [sync-status,61250386]
06-13 20:24:32.860 0 0 E [68194.784584] link_delay_work_func: DTC_ETH: SQI=0, link=0
06-13 20:24:32.983 1551 1669 I commit_sys_config_file: [jobs,6]
06-13 20:24:37.980 0 0 E [68199.904397] link_delay_work_func: DTC_ETH: SQI=0, link=0
06-13 20:24:42.156 0 0 I [68204.083197] init: processing action (sys.tlog.tlogdshc.active=1) from (/system/etc/init/tlogd.rc:195)
06-13 20:24:42.156 0 0 I [68204.083758] init: starting service 'tlogdshc'...
06-13 20:24:42.276 0 0 I [68204.201560] init: Service 'tlogdshc' (pid 21760) exited with status 0 oneshot service took 0.113000 seconds in background
06-13 20:24:42.276 0 0 I [68204.201613] init: Sending signal 9 to service 'tlogdshc' (pid 21760) process group...
06-13 20:24:42.276 0 0 I [68204.201885] libprocessgroup: Successfully killed process cgroup uid 0 pid 21760 in 0ms
06-13 20:24:43.100 0 0 E [68205.024584] link_delay_work_func: DTC_ETH: SQI=0, link=0
06-13 20:24:48.220 0 0 E [68210.144353] link_delay_work_func: DTC_ETH: SQI=0, link=0
06-13 20:24:53.340 0 0 E [68215.264552] link_delay_work_func: DTC_ETH: SQI=0, link=0
06-13 20:24:58.460 0 0 E [68220.384528] link_delay_work_func: DTC_ETH: SQI=0, link=0
06-13 20:25:02.067 1551 1551 I notification_enqueue: [10092,17024,com.tencent.android.qqdownloader,127,NULL,0,Notification(channel=channel_id_default_silent shortcut=null contentView=com.tencent.android.qqdownloader/0x7f0a01c2 vibrate=null sound=null defaults=0x0 flags=0x2a2 color=0x00000000 groupKey=com.tencent.android.qqdownloader vis=PRIVATE),1]
06-13 20:25:03.580 0 0 E [68225.504378] link_delay_work_func: DTC_ETH: SQI=0, link=0
06-13 20:25:05.937 1551 1911 I sync : [com.tencent.android.qqdownloader.YYBLiveAccountProvider,0,3,24220937]
06-13 20:25:05.985 1551 1911 I sync : [com.tencent.android.qqdownloader.YYBLiveAccountProvider,1,3,24220937]
06-13 20:25:05.988 1551 1911 I commit_sys_config_file: [sync-status,61285353]
06-13 20:25:05.998 1551 1911 I sync : [com.tencent.android.qqdownloader.YYBLiveAccountProvider,0,3,24220937]
06-13 20:25:06.029 1551 1911 I sync : [com.tencent.android.qqdownloader.YYBLiveAccountProvider,1,3,24220937]
06-13 20:25:06.031 1551 1911 I commit_sys_config_file: [sync-status,61285397]
06-13 20:25:07.993 1551 1669 I commit_sys_config_file: [jobs,6]
06-13 20:25:08.700 0 0 E [68230.624334] link_delay_work_func: DTC_ETH: SQI=0, link=0
06-13 20:25:12.164 0 0 I [68234.091087] init: processing action (sys.tlog.tlogdshc.active=1) from (/system/etc/init/tlogd.rc:195)
06-13 20:25:12.164 0 0 I [68234.091699] init: starting service 'tlogdshc'...
06-13 20:25:12.276 0 0 I [68234.201788] init: Service 'tlogdshc' (pid 21797) exited with status 0 oneshot service took 0.105000 seconds in background
06-13 20:25:12.276 0 0 I [68234.201814] init: Sending signal 9 to service 'tlogdshc' (pid 21797) process group...
06-13 20:25:12.276 0 0 I [68234.201982] libprocessgroup: Successfully killed process cgroup uid 0 pid 21797 in 0ms
06-13 20:25:13.820 0 0 E [68235.744568] link_delay_work_func: DTC_ETH: SQI=0, link=0
06-13 20:25:18.940 0 0 E [68240.864402] link_delay_work_func: DTC_ETH: SQI=0, link=0
06-13 20:25:24.056 0 0 E [68245.984395] link_delay_work_func: DTC_ETH: SQI=0, link=0
06-13 20:25:29.180 0 0 E [68251.104367] link_delay_work_func: DTC_ETH: SQI=0, link=0
06-13 20:25:34.296 0 0 E [68256.224376] link_delay_work_func: DTC_ETH: SQI=0, link=0
06-13 20:25:39.420 0 0 E [68261.344391] link_delay_work_func: DTC_ETH: SQI=0, link=0
06-13 20:25:40.936 1551 1911 I sync : [com.tencent.android.qqdownloader.YYBLiveAccountProvider,0,3,24220937]
06-13 20:25:40.974 1551 1911 I sync : [com.tencent.android.qqdownloader.YYBLiveAccountProvider,1,3,24220937]
06-13 20:25:40.976 1551 1911 I commit_sys_config_file: [sync-status,61320342]
06-13 20:25:40.983 1551 1911 I sync : [com.tencent.android.qqdownloader.YYBLiveAccountProvider,0,3,24220937]
06-13 20:25:41.011 1551 1911 I sync : [com.tencent.android.qqdownloader.YYBLiveAccountProvider,1,3,24220937]
06-13 20:25:41.014 1551 1911 I commit_sys_config_file: [sync-status,61320379]
06-13 20:25:42.167 0 0 I [68264.092840] init: processing action (sys.tlog.tlogdshc.active=1) from (/system/etc/init/tlogd.rc:195)
06-13 20:25:42.168 0 0 I [68264.093412] init: starting service 'tlogdshc'...
06-13 20:25:42.280 0 0 I [68264.205736] init: Service 'tlogdshc' (pid 21836) exited with status 0 oneshot service took 0.107000 seconds in background
06-13 20:25:42.280 0 0 I [68264.205763] init: Sending signal 9 to service 'tlogdshc' (pid 21836) process group...
06-13 20:25:42.280 0 0 I [68264.205934] libprocessgroup: Successfully killed process cgroup uid 0 pid 21836 in 0ms
06-13 20:25:42.983 1551 1669 I commit_sys_config_file: [jobs,5]
06-13 20:25:44.540 0 0 E [68266.464534] link_delay_work_func: DTC_ETH: SQI=0, link=0
06-13 20:25:49.660 0 0 E [68271.584360] link_delay_work_func: DTC_ETH: SQI=0, link=0
06-13 20:25:54.777 0 0 E [68276.704342] link_delay_work_func: DTC_ETH: SQI=0, link=0
06-13 20:25:59.900 0 0 E [68281.824418] link_delay_work_func: DTC_ETH: SQI=0, link=0
06-13 20:26:03.581 1551 1551 I notification_enqueue: [10092,17024,com.tencent.android.qqdownloader,127,NULL,0,Notification(channel=channel_id_default_silent shortcut=null contentView=com.tencent.android.qqdownloader/0x7f0a01c2 vibrate=null sound=null defaults=0x0 flags=0x2a2 color=0x00000000 groupKey=com.tencent.android.qqdownloader vis=PRIVATE),1]
06-13 20:26:05.016 0 0 E [68286.944414] link_delay_work_func: DTC_ETH: SQI=0, link=0
06-13 20:26:10.140 0 0 E [68292.064367] link_delay_work_func: DTC_ETH: SQI=0, link=0
06-13 20:26:12.172 0 0 I [68294.098162] init: processing action (sys.tlog.tlogdshc.active=1) from (/system/etc/init/tlogd.rc:195)
06-13 20:26:12.172 0 0 I [68294.098792] init: starting service 'tlogdshc'...
06-13 20:26:12.288 0 0 I [68294.215066] init: Service 'tlogdshc' (pid 21886) exited with status 0 oneshot service took 0.111000 seconds in background
06-13 20:26:12.288 0 0 I [68294.215092] init: Sending signal 9 to service 'tlogdshc' (pid 21886) process group...
06-13 20:26:12.288 0 0 I [68294.215263] libprocessgroup: Successfully killed process cgroup uid 0 pid 21886 in 0ms
06-13 20:26:15.260 0 0 E [68297.184354] link_delay_work_func: DTC_ETH: SQI=0, link=0
06-13 20:26:15.945 1551 1911 I sync : [com.tencent.android.qqdownloader.YYBLiveAccountProvider,0,3,24220937]
06-13 20:26:15.979 1551 1911 I sync : [com.tencent.android.qqdownloader.YYBLiveAccountProvider,1,3,24220937]
06-13 20:26:15.982 1551 1911 I commit_sys_config_file: [sync-status,61355348]
06-13 20:26:15.989 1551 1911 I sync : [com.tencent.android.qqdownloader.YYBLiveAccountProvider,0,3,24220937]
06-13 20:26:16.028 1551 1911 I sync : [com.tencent.android.qqdownloader.YYBLiveAccountProvider,1,3,24220937]
06-13 20:26:16.030 1551 1911 I commit_sys_config_file: [sync-status,61355396]
06-13 20:26:17.989 1551 1669 I commit_sys_config_file: [jobs,8]
06-13 20:26:20.380 0 0 E [68302.304374] link_delay_work_func: DTC_ETH: SQI=0, link=0
06-13 20:26:25.500 0 0 E [68307.424353] link_delay_work_func: DTC_ETH: SQI=0, link=0
06-13 20:26:30.620 0 0 E [68312.544376] link_delay_work_func: DTC_ETH: SQI=0, link=0
06-13 20:26:35.740 0 0 E [68317.664344] link_delay_work_func: DTC_ETH: SQI=0, link=0
06-13 20:26:40.860 0 0 E [68322.784607] link_delay_work_func: DTC_ETH: SQI=0, link=0
06-13 20:26:42.172 0 0 I [68324.100036] init: processing action (sys.tlog.tlogdshc.active=1) from (/system/etc/init/tlogd.rc:195)
06-13 20:26:42.176 0 0 I [68324.100876] init: starting service 'tlogdshc'...
06-13 20:26:42.288 0 0 I [68324.214006] init: Service 'tlogdshc' (pid 21929) exited with status 0 oneshot service took 0.107000 seconds in background
06-13 20:26:42.288 0 0 I [68324.214035] init: Sending signal 9 to service 'tlogdshc' (pid 21929) process group...
06-13 20:26:42.288 0 0 I [68324.214215] libprocessgroup: Successfully killed process cgroup uid 0 pid 21929 in 0ms
06-13 20:26:45.980 0 0 E [68327.904362] link_delay_work_func: DTC_ETH: SQI=0, link=0
06-13 20:26:50.942 1551 1911 I sync : [com.tencent.android.qqdownloader.YYBLiveAccountProvider,0,3,24220937]
06-13 20:26:50.983 1551 1911 I sync : [com.tencent.android.qqdownloader.YYBLiveAccountProvider,1,3,24220937]
06-13 20:26:50.987 1551 1911 I commit_sys_config_file: [sync-status,61390353]
06-13 20:26:50.999 1551 1911 I sync : [com.tencent.android.qqdownloader.YYBLiveAccountProvider,0,3,24220937]
06-13 20:26:51.034 1551 1911 I sync : [com.tencent.android.qqdownloader.YYBLiveAccountProvider,1,3,24220937]
06-13 20:26:51.037 1551 1911 I commit_sys_config_file: [sync-status,61390403]
06-13 20:26:51.100 0 0 E [68333.024395] link_delay_work_func: DTC_ETH: SQI=0, link=0
06-13 20:26:52.991 1551 1669 I commit_sys_config_file: [jobs,6]
06-13 20:26:56.220 0 0 E [68338.144553] link_delay_work_func: DTC_ETH: SQI=0, link=0
06-13 20:27:01.340 0 0 E [68343.264339] link_delay_work_func: DTC_ETH: SQI=0, link=0
06-13 20:27:05.067 1551 1551 I notification_enqueue: [10092,17024,com.tencent.android.qqdownloader,127,NULL,0,Notification(channel=channel_id_default_silent shortcut=null contentView=com.tencent.android.qqdownloader/0x7f0a01c2 vibrate=null sound=null defaults=0x0 flags=0x2a2 color=0x00000000 groupKey=com.tencent.android.qqdownloader vis=PRIVATE),1]
06-13 20:27:06.460 0 0 E [68348.384343] link_delay_work_func: DTC_ETH: SQI=0, link=0
06-13 20:27:11.580 0 0 E [68353.504532] link_delay_work_func: DTC_ETH: SQI=0, link=0
06-13 20:27:12.176 0 0 I [68354.101721] init: processing action (sys.tlog.tlogdshc.active=1) from (/system/etc/init/tlogd.rc:195)
06-13 20:27:12.176 0 0 I [68354.102245] init: starting service 'tlogdshc'...
06-13 20:27:12.288 0 0 I [68354.214200] init: Service 'tlogdshc' (pid 21977) exited with status 0 oneshot service took 0.105000 seconds in background
06-13 20:27:12.288 0 0 I [68354.214227] init: Sending signal 9 to service 'tlogdshc' (pid 21977) process group...
06-13 20:27:12.288 0 0 I [68354.214397] libprocessgroup: Successfully killed process cgroup uid 0 pid 21977 in 0ms
06-13 20:27:16.700 0 0 E [68358.624371] link_delay_work_func: DTC_ETH: SQI=0, link=0
06-13 20:27:21.820 0 0 E [68363.744561] link_delay_work_func: DTC_ETH: SQI=0, link=0
06-13 20:27:25.947 1551 1911 I sync : [com.tencent.android.qqdownloader.YYBLiveAccountProvider,0,3,24220937]
06-13 20:27:25.990 1551 1911 I sync : [com.tencent.android.qqdownloader.YYBLiveAccountProvider,1,3,24220937]
06-13 20:27:25.994 1551 1911 I commit_sys_config_file: [sync-status,61425360]
06-13 20:27:26.006 1551 1911 I sync : [com.tencent.android.qqdownloader.YYBLiveAccountProvider,0,3,24220937]
06-13 20:27:26.052 1551 1911 I sync : [com.tencent.android.qqdownloader.YYBLiveAccountProvider,1,3,24220937]
06-13 20:27:26.054 1551 1911 I commit_sys_config_file: [sync-status,61425420]
06-13 20:27:26.940 0 0 E [68368.864638] link_delay_work_func: DTC_ETH: SQI=0, link=0
06-13 20:27:28.000 1551 1669 I commit_sys_config_file: [jobs,6]
06-13 20:27:32.060 0 0 E [68373.984324] link_delay_work_func: DTC_ETH: SQI=0, link=0
06-13 20:27:37.180 0 0 E [68379.104363] link_delay_work_func: DTC_ETH: SQI=0, link=0
06-13 20:27:42.180 0 0 I [68384.105934] init: processing action (sys.tlog.tlogdshc.active=1) from (/system/etc/init/tlogd.rc:195)
06-13 20:27:42.180 0 0 I [68384.106519] init: starting service 'tlogdshc'...
06-13 20:27:42.292 0 0 I [68384.217632] init: Service 'tlogdshc' (pid 22019) exited with status 0 oneshot service took 0.106000 seconds in background
06-13 20:27:42.292 0 0 I [68384.217659] init: Sending signal 9 to service 'tlogdshc' (pid 22019) process group...
06-13 20:27:42.292 0 0 I [68384.217827] libprocessgroup: Successfully killed process cgroup uid 0 pid 22019 in 0ms
06-13 20:27:42.296 0 0 E [68384.224304] link_delay_work_func: DTC_ETH: SQI=0, link=0
06-13 20:27:47.420 0 0 E [68389.344355] link_delay_work_func: DTC_ETH: SQI=0, link=0
06-13 20:27:52.540 0 0 E [68394.464346] link_delay_work_func: DTC_ETH: SQI=0, link=0
06-13 20:27:57.656 0 0 E [68399.584344] link_delay_work_func: DTC_ETH: SQI=0, link=0
06-13 20:27:58.372 575 575 I auditd : type=1400 audit(0.0:3798): avc: denied { read } for comm="Binder:575_2" name="wakeup58" dev="sysfs" ino=71937 scontext=u:r:system_suspend:s0 tcontext=u:object_r:sysfs:s0 tclass=dir permissive=0
06-13 20:27:58.376 575 575 I auditd : type=1400 audit(0.0:3799): avc: denied { read } for comm="Binder:575_2" name="wakeup48" dev="sysfs" ino=67611 scontext=u:r:system_suspend:s0 tcontext=u:object_r:sysfs:s0 tclass=dir permissive=0
06-13 20:27:58.376 575 575 I auditd : type=1400 audit(0.0:3800): avc: denied { read } for comm="Binder:575_2" name="wakeup4" dev="sysfs" ino=46990 scontext=u:r:system_suspend:s0 tcontext=u:object_r:sysfs:s0 tclass=dir permissive=0
06-13 20:27:58.376 575 575 I auditd : type=1400 audit(0.0:3801): avc: denied { read } for comm="Binder:575_2" name="wakeup76" dev="sysfs" ino=76672 scontext=u:r:system_suspend:s0 tcontext=u:object_r:sysfs:s0 tclass=dir permissive=0
06-13 20:27:58.376 575 575 I auditd : type=1400 audit(0.0:3802): avc: denied { read } for comm="Binder:575_2" name="wakeup28" dev="sysfs" ino=53195 scontext=u:r:system_suspend:s0 tcontext=u:object_r:sysfs:s0 tclass=dir permissive=0
06-13 20:27:58.376 575 575 I auditd : type=1400 audit(0.0:3803): avc: denied { read } for comm="Binder:575_2" name="wakeup56" dev="sysfs" ino=71865 scontext=u:r:system_suspend:s0 tcontext=u:object_r:sysfs:s0 tclass=dir permissive=0
06-13 20:27:58.376 575 575 I auditd : type=1400 audit(0.0:3804): avc: denied { read } for comm="Binder:575_2" name="wakeup2" dev="sysfs" ino=46514 scontext=u:r:system_suspend:s0 tcontext=u:object_r:sysfs:s0 tclass=dir permissive=0
06-13 20:27:58.384 0 0 W [68400.310478] audit: audit_lost=3222 audit_rate_limit=5 audit_backlog_limit=64
06-13 20:27:58.384 0 0 E [68400.310482] audit: rate limit exceeded
06-13 20:27:58.393 1551 1700 I service_manager_stats: [100,90,5445919]
06-13 20:27:58.407 1551 1684 I commit_sys_config_file: [batterystats,6]
06-13 20:27:58.410 1551 1684 I commit_sys_config_file: [batterystats,3]
06-13 20:28:00.943 1551 1911 I sync : [com.tencent.android.qqdownloader.YYBLiveAccountProvider,0,3,24220937]
06-13 20:28:00.969 1551 1911 I sync : [com.tencent.android.qqdownloader.YYBLiveAccountProvider,1,3,24220937]
06-13 20:28:00.971 1551 1911 I commit_sys_config_file: [sync-status,61460337]
06-13 20:28:00.977 1551 1911 I sync : [com.tencent.android.qqdownloader.YYBLiveAccountProvider,0,3,24220937]
06-13 20:28:01.008 1551 1911 I sync : [com.tencent.android.qqdownloader.YYBLiveAccountProvider,1,3,24220937]
06-13 20:28:01.010 1551 1911 I commit_sys_config_file: [sync-status,61460376]
06-13 20:28:02.780 0 0 E [68404.704355] link_delay_work_func: DTC_ETH: SQI=0, link=0
06-13 20:28:02.978 1551 1669 I commit_sys_config_file: [jobs,6]
06-13 20:28:06.567 1551 1551 I notification_enqueue: [10092,17024,com.tencent.android.qqdownloader,127,NULL,0,Notification(channel=channel_id_default_silent shortcut=null contentView=com.tencent.android.qqdownloader/0x7f0a01c2 vibrate=null sound=null defaults=0x0 flags=0x2a2 color=0x00000000 groupKey=com.tencent.android.qqdownloader vis=PRIVATE),1]
06-13 20:28:07.900 0 0 E [68409.824399] link_delay_work_func: DTC_ETH: SQI=0, link=0
06-13 20:28:12.180 0 0 I [68414.108132] init: processing action (sys.tlog.tlogdshc.active=1) from (/system/etc/init/tlogd.rc:195)
06-13 20:28:12.184 0 0 I [68414.109093] init: starting service 'tlogdshc'...
06-13 20:28:12.292 0 0 I [68414.218891] init: Service 'tlogdshc' (pid 22070) exited with status 0 oneshot service took 0.104000 seconds in background
06-13 20:28:12.292 0 0 I [68414.218920] init: Sending signal 9 to service 'tlogdshc' (pid 22070) process group...
06-13 20:28:12.292 0 0 I [68414.219105] libprocessgroup: Successfully killed process cgroup uid 0 pid 22070 in 0ms
06-13 20:28:13.016 0 0 E [68414.944355] link_delay_work_func: DTC_ETH: SQI=0, link=0
06-13 20:28:18.144 0 0 E [68420.068427] link_delay_work_func: DTC_ETH: SQI=0, link=0
06-13 20:28:18.144 0 0 I [68420.068682] init: processing action (sys.tlog.pstore.active=1) from (/system/etc/init/tlogd.rc:134)
06-13 20:28:18.144 0 0 I [68420.069562] init: starting service 'pstore_save'...
06-13 20:28:18.176 0 0 I [68420.102583] init: Service 'pstore_save' (pid 22092) exited with status 1 oneshot service took 0.030000 seconds in background
06-13 20:28:18.176 0 0 I [68420.102614] init: Sending signal 9 to service 'pstore_save' (pid 22092) process group...
06-13 20:28:18.176 0 0 I [68420.102795] libprocessgroup: Successfully killed process cgroup uid 1000 pid 22092 in 0ms
06-13 20:28:19.200 0 0 I [68421.126180] init: processing action (sys.tlog.tlogdsho.active=1) from (/system/etc/init/tlogd.rc:167)
06-13 20:28:19.200 0 0 I [68421.126490] init: starting service 'tlogdsho'...
06-13 20:28:19.212 0 0 I [68421.136952] init: processing action (sys.tlog.bluetooth.active=1) from (/system/etc/init/tlogd.rc:163)
06-13 20:28:19.212 0 0 I [68421.138451] init: starting service 'tlogdBluetooth'...
06-13 20:28:19.220 0 0 I [68421.147887] init: processing action (sys.tlog.fatal.active=1) from (/system/etc/init/tlogd.rc:130)
06-13 20:28:23.264 0 0 E [68425.184358] link_delay_work_func: DTC_ETH: SQI=0, link=0
06-13 20:28:24.400 0 0 I [68426.327108] init: Untracked pid 22116 exited with status 0
06-13 20:28:28.376 0 0 E [68430.304382] link_delay_work_func: DTC_ETH: SQI=0, link=0
06-13 20:28:33.500 0 0 E [68435.424353] link_delay_work_func: DTC_ETH: SQI=0, link=0
06-13 20:28:35.944 1551 1911 I sync : [com.tencent.android.qqdownloader.YYBLiveAccountProvider,0,3,24220937]
06-13 20:28:35.951 1551 1843 I netstats_mobile_sample: [0,0,0,0,0,0,0,0,0,0,0,0,1686659315951]
06-13 20:28:35.951 1551 1843 I netstats_wifi_sample: [11012024090,7830529,145337647,2335647,11012024090,7830529,145337647,2335647,11154598283,7998723,144502381,2331777,1686659315951]
06-13 20:28:35.969 1551 1911 I sync : [com.tencent.android.qqdownloader.YYBLiveAccountProvider,1,3,24220937]
06-13 20:28:35.971 1551 1911 I commit_sys_config_file: [sync-status,61495337]
06-13 20:28:35.977 1551 1911 I sync : [com.tencent.android.qqdownloader.YYBLiveAccountProvider,0,3,24220937]
06-13 20:28:36.005 1551 1911 I sync : [com.tencent.android.qqdownloader.YYBLiveAccountProvider,1,3,24220937]
06-13 20:28:36.007 1551 1911 I commit_sys_config_file: [sync-status,61495373]
06-13 20:28:37.977 1551 1669 I commit_sys_config_file: [jobs,5]
