06-21 06:06:43.972 W/Looper ( 1164): Slow dispatch took 447ms main h=android.os.Handler c=com.android.server.biometrics.sensors.fingerprint.hidl.Fingerprint21$$ExternalSyntheticLambda2@e4b03ab m=0
06-21 06:06:43.972 D/BiometricScheduler/Fingerprint21( 1164): [Added] {[1] FingerprintUpdateActiveUserClient, proto=1, owner=android, cookie=0, requestId=-1, userId=0}, new queue size: 1
06-21 06:06:43.972 V/BiometricScheduler/Fingerprint21( 1164): Not idle, current operation: {[0] FingerprintUpdateActiveUserClient, proto=1, owner=android, cookie=0, requestId=-1, userId=0}, State: 2
06-21 06:06:43.973 D/BiometricScheduler/Fingerprint21( 1164): [Added] {[2] FingerprintInternalCleanupClient, proto=7, owner=android, cookie=0, requestId=-1, userId=0}, new queue size: 2
06-21 06:06:43.973 V/BiometricScheduler/Fingerprint21( 1164): Not idle, current operation: {[0] FingerprintUpdateActiveUserClient, proto=1, owner=android, cookie=0, requestId=-1, userId=0}, State: 2
06-21 06:06:43.973 W/Looper ( 1164): Slow delivery took 448ms main h=android.os.Handler c=com.android.server.biometrics.sensors.fingerprint.hidl.Fingerprint21$$ExternalSyntheticLambda12@90b75a1 m=0
06-21 06:06:43.975 I/GameModeConfig( 1164): isGameModeOn = false
06-21 06:06:43.976 W/NotificationHistory( 1164): Attempted to add notif for locked/gone/disabled user 0
06-21 06:06:43.980 I/GameModeConfig( 1164): isGameModeOn = false
06-21 06:06:43.982 W/NotificationHistory( 1164): Attempted to add notif for locked/gone/disabled user 0
06-21 06:06:43.983 D/BiometricScheduler/Fingerprint21( 1164): [Finishing] {[0] FingerprintUpdateActiveUserClient, proto=1, owner=android, cookie=0, requestId=-1, userId=0}, success: true
06-21 06:06:43.983 D/BiometricScheduler/Fingerprint21( 1164): [Polled] {[1] FingerprintUpdateActiveUserClient, proto=1, owner=android, cookie=0, requestId=-1, userId=0}, State: 0
06-21 06:06:43.986 I/[ 54.917851] init( 0): qssi copy & sync /metadata/vold/metadata_encryption/key/encrypted_key to /persist/key/encrypted_key_bak: No such file or directory
06-21 06:06:43.986 D/[ 54.919716] qbt( 0): qbt_open: entry minor_no=0 fd_available=1
06-21 06:06:43.986 D/[ 54.919724] qbt( 0): qbt_open: exit : 0 fd_available=0
06-21 06:06:43.986 D/[ 54.919779] qbt( 0): qbt_open: entry minor_no=1 fd_available=0
06-21 06:06:43.986 D/[ 54.919784] qbt( 0): qbt_open: exit : 0 fd_available=0
06-21 06:06:43.983 D/BiometricScheduler/Fingerprint21( 1164): [Starting] {[1] FingerprintUpdateActiveUserClient, proto=1, owner=android, cookie=0, requestId=-1, userId=0}, State: 0
06-21 06:06:43.983 D/BiometricScheduler/Fingerprint21( 1164): [Started] {[1] FingerprintUpdateActiveUserClient, proto=1, owner=android, cookie=0, requestId=-1, userId=0}
06-21 06:06:43.991 D/[ 54.921846] qbt( 0): qbt_ioctl: cmd received 107
06-21 06:06:43.991 D/[ 54.921853] qbt( 0): qbt_ioctl: Acquiring wakelock
06-21 06:06:44.013 I/[ 54.946290] init( 0): qssi copy & sync /metadata/vold/metadata_encryption/key/keymaster_key_blob to /persist/key/keymaster_key_blob_bak: No such file or directory
06-21 06:06:44.070 W/[ 55.000317] QSEECOM( 0): qseecom_load_app: App (fingerpr) does'nt exist, loading apps for first time
06-21 06:06:44.074 I/[ 55.007465] init( 0): qssi copy & sync /metadata/vold/metadata_encryption/key/secdiscardable to /persist/key/secdiscardable_bak: No such file or directory
06-21 06:06:44.086 I/[ 55.019707] binder( 0): 2874:2908 ioctl 40046210 6fe380c934 returned -22
06-21 06:06:44.129 I/[ 55.057629] init( 0): qssi copy & sync /metadata/vold/metadata_encryption/key/stretching to /persist/key/stretching_bak: No such file or directory
06-21 06:06:44.166 I/ ( 0): [ 55.097493] read descriptors
06-21 06:06:44.167 I/ ( 0): [ 55.098154] read strings
06-21 06:06:44.175 I/[ 55.101058] init( 0): qssi copy & sync /metadata/vold/metadata_encryption/key/version to /persist/key/version_bak: No such file or directory
06-21 06:06:44.228 W/[ 55.158154] QSEECOM( 0): qseecom_load_app: App with id 8 (fingerpr) now loaded
06-21 06:06:44.207 W/ContextImpl( 2523): Calling a method in the system process without a qualified user: android.app.ContextImpl.startService:1816 android.content.ContextWrapper.startService:774 android.content.ContextWrapper.startService:774 com.qualcomm.qti.qdma.app.BootReceiver.onBootReceived:115 com.qualcomm.qti.innodme.InnoBootReceiver.onReceive:22
06-21 06:06:44.257 D/CompatibilityChangeReporter( 1164): Compat change id reported: 135634846; UID 10081; state: DISABLED
06-21 06:06:44.257 D/CompatibilityChangeReporter( 1164): Compat change id reported: 177438394; UID 10081; state: DISABLED
06-21 06:06:44.257 D/CompatibilityChangeReporter( 1164): Compat change id reported: 135772972; UID 10081; state: DISABLED
06-21 06:06:44.257 D/CompatibilityChangeReporter( 1164): Compat change id reported: 135754954; UID 10081; state: ENABLED
06-21 06:06:44.258 D/CompatibilityChangeReporter( 1164): Compat change id reported: 143937733; UID 10081; state: ENABLED
06-21 06:06:44.289 D/CompatibilityChangeReporter( 1164): Compat change id reported: 182478738; UID 1001; state: DISABLED
06-21 06:06:44.340 W/ActivityManager( 1164): Slow operation: 84ms so far, now at startProcess: returned from zygote!
06-21 06:06:44.341 W/ActivityManager( 1164): Slow operation: 85ms so far, now at startProcess: done updating battery stats
06-21 06:06:44.341 W/ActivityManager( 1164): Slow operation: 85ms so far, now at startProcess: building log message
06-21 06:06:44.341 I/ActivityManager( 1164): Start proc 2940:com.qualcomm.qtil.aptxui/u0a81 for broadcast {com.qualcomm.qtil.aptxui/com.qualcomm.qtil.aptxui.aptxuiBootReceiver}
06-21 06:06:44.341 W/ActivityManager( 1164): Slow operation: 85ms so far, now at startProcess: starting to update pids map
06-21 06:06:44.342 W/ActivityManager( 1164): Slow operation: 86ms so far, now at startProcess: done updating pids map
06-21 06:06:44.384 W/ProcessCpuTracker( 1164): Failed to stat(/proc/2902): android.system.ErrnoException: stat failed: ENOENT (No such file or directory)
06-21 06:06:44.401 W/ProcessCpuTracker( 1164): Skipping unknown process pid 2902
06-21 06:06:44.479 I/[ 55.411923] binder( 0): 2940:2940 ioctl 40046210 7fd1008be4 returned -22
06-21 06:06:44.486 W/[ 55.415213] QSEECOM( 0): __qseecom_unload_app: App (8) is unloaded
06-21 06:06:44.493 W/Looper ( 1164): Slow dispatch took 510ms main h=android.os.Handler c=com.android.server.biometrics.sensors.BiometricScheduler$InternalCallback$$ExternalSyntheticLambda0@df2d7d m=0
06-21 06:06:44.496 D/[ 55.418598] qbt( 0): qbt_release: entry minor_no=0 fd_available=0
06-21 06:06:44.496 D/[ 55.418623] qbt( 0): qbt_release: Releasing wakelock
06-21 06:06:44.496 D/[ 55.418655] qbt( 0): qbt_release: exit : fd_available=1
06-21 06:06:44.496 D/[ 55.418725] qbt( 0): qbt_release: entry minor_no=1 fd_available=1
06-21 06:06:44.496 D/[ 55.418743] qbt( 0): qbt_release: exit : fd_available=1
06-21 06:06:44.497 D/CompatibilityChangeReporter( 1164): Compat change id reported: 168419799; UID 10081; state: DISABLED
06-21 06:06:44.517 D/BiometricScheduler/Fingerprint21( 1164): [Finishing] {[1] FingerprintUpdateActiveUserClient, proto=1, owner=android, cookie=0, requestId=-1, userId=0}, success: true
06-21 06:06:44.517 D/BiometricScheduler/Fingerprint21( 1164): [Polled] {[2] FingerprintInternalCleanupClient, proto=7, owner=android, cookie=0, requestId=-1, userId=0}, State: 0
06-21 06:06:44.518 D/BiometricScheduler/Fingerprint21( 1164): [Starting] {[2] FingerprintInternalCleanupClient, proto=7, owner=android, cookie=0, requestId=-1, userId=0}, State: 0
06-21 06:06:44.518 D/BiometricScheduler/Fingerprint21( 1164): [Started] {[2] FingerprintInternalCleanupClient, proto=7, owner=android, cookie=0, requestId=-1, userId=0}
06-21 06:06:44.518 D/Biometrics/InternalCleanupClient( 1164): Starting enumerate: {[3] FingerprintInternalEnumerateClient, proto=6, owner=android, cookie=0, requestId=-1, userId=0}
06-21 06:06:44.520 W/Looper ( 1164): Drained
06-21 06:06:44.535 D/[ 55.460726] qbt( 0): qbt_open: entry minor_no=0 fd_available=1
06-21 06:06:44.556 D/[ 55.460737] qbt( 0): qbt_open: exit : 0 fd_available=0
06-21 06:06:44.556 D/[ 55.460826] qbt( 0): qbt_open: entry minor_no=1 fd_available=0
06-21 06:06:44.556 D/[ 55.460833] qbt( 0): qbt_open: exit : 0 fd_available=0
06-21 06:06:44.556 D/[ 55.460890] qbt( 0): qbt_ioctl: cmd received 107
06-21 06:06:44.556 D/[ 55.460899] qbt( 0): qbt_ioctl: Acquiring wakelock
06-21 06:06:44.674 W/[ 55.603473] QSEECOM( 0): qseecom_load_app: App (fingerpr) does'nt exist, loading apps for first time
06-21 06:06:44.714 I/[ 55.644076] [schedu][0x473bba73][06( 0): 06:44.710677] wlan: [1861:I:OSIF] vdev 0, scan id 40962 type COMPLETED(1) reason COMPLETED(1) scan found 15 bss
06-21 06:06:44.797 W/[ 55.724814] QSEECOM( 0): qseecom_load_app: App with id 9 (fingerpr) now loaded
06-21 06:06:44.880 V/PackageManager( 1164): reconcileAppsData finished 169 packages
06-21 06:06:44.880 I/ActivityManager( 1164): User 0 state changed from RUNNING_LOCKED to RUNNING_UNLOCKING
06-21 06:06:44.883 D/ActivityManager( 1164): Unlocking user 0 progress 20
06-21 06:06:44.884 W/Looper ( 1164): Slow dispatch took 1415ms android.fg h=android.os.Handler c=com.android.server.am.UserController$$ExternalSyntheticLambda3@81fafa5 m=0
06-21 06:06:44.884 I/SystemServerTimingAsync( 1164): ssm.UnlockingUser-0
06-21 06:06:44.884 I/SystemServiceManager( 1164): Calling onUnlockingUser 0
06-21 06:06:44.884 I/SystemServerTimingAsync( 1164): ssm.onUnlockingUser-0_com.android.server.security.FileIntegrityService
06-21 06:06:44.884 D/SystemServerTimingAsync( 1164): ssm.onUnlockingUser-0_com.android.server.security.FileIntegrityService took to complete: 0ms
06-21 06:06:44.884 I/SystemServerTimingAsync( 1164): ssm.onUnlockingUser-0_com.android.server.pm.Installer
06-21 06:06:44.884 D/SystemServerTimingAsync( 1164): ssm.onUnlockingUser-0_com.android.server.pm.Installer took to complete: 0ms
06-21 06:06:44.885 I/SystemServerTimingAsync( 1164): ssm.onUnlockingUser-0_com.android.server.os.DeviceIdentifiersPolicyService
06-21 06:06:44.885 D/SystemServerTimingAsync( 1164): ssm.onUnlockingUser-0_com.android.server.os.DeviceIdentifiersPolicyService took to complete: 0ms
06-21 06:06:44.885 I/SystemServerTimingAsync( 1164): ssm.onUnlockingUser-0_com.android.server.uri.UriGrantsManagerService$Lifecycle
06-21 06:06:44.885 D/SystemServerTimingAsync( 1164): ssm.onUnlockingUser-0_com.android.server.uri.UriGrantsManagerService$Lifecycle took to complete: 0ms
06-21 06:06:44.885 I/SystemServerTimingAsync( 1164): ssm.onUnlockingUser-0_com.android.server.powerstats.PowerStatsService
06-21 06:06:44.885 D/SystemServerTimingAsync( 1164): ssm.onUnlockingUser-0_com.android.server.powerstats.PowerStatsService took to complete: 0ms
06-21 06:06:44.885 I/SystemServerTimingAsync( 1164): ssm.onUnlockingUser-0_com.android.server.wm.ActivityTaskManagerService$Lifecycle
06-21 06:06:44.885 D/SystemServerTimingAsync( 1164): ssm.onUnlockingUser-0_com.android.server.wm.ActivityTaskManagerService$Lifecycle took to complete: 0ms
06-21 06:06:44.885 I/SystemServerTimingAsync( 1164): ssm.onUnlockingUser-0_com.android.server.am.ActivityManagerService$Lifecycle
06-21 06:06:44.885 D/SystemServerTimingAsync( 1164): ssm.onUnlockingUser-0_com.android.server.am.ActivityManagerService$Lifecycle took to complete: 0ms
06-21 06:06:44.885 I/SystemServerTimingAsync( 1164): ssm.onUnlockingUser-0_com.android.server.pm.DataLoaderManagerService
06-21 06:06:44.886 D/SystemServerTimingAsync( 1164): ssm.onUnlockingUser-0_com.android.server.pm.DataLoaderManagerService took to complete: 0ms
06-21 06:06:44.886 I/SystemServerTimingAsync( 1164): ssm.onUnlockingUser-0_com.android.server.power.PowerManagerService
06-21 06:06:44.886 D/SystemServerTimingAsync( 1164): ssm.onUnlockingUser-0_com.android.server.power.PowerManagerService took to complete: 0ms
06-21 06:06:44.886 I/SystemServerTimingAsync( 1164): ssm.onUnlockingUser-0_com.android.server.power.ThermalManagerService
06-21 06:06:44.886 D/SystemServerTimingAsync( 1164): ssm.onUnlockingUser-0_com.android.server.power.ThermalManagerService took to complete: 0ms
06-21 06:06:44.886 I/SystemServerTimingAsync( 1164): ssm.onUnlockingUser-0_com.android.server.power.hint.HintManagerService
06-21 06:06:44.886 D/SystemServerTimingAsync( 1164): ssm.onUnlockingUser-0_com.android.server.power.hint.HintManagerService took to complete: 0ms
06-21 06:06:44.886 I/SystemServerTimingAsync( 1164): ssm.onUnlockingUser-0_com.android.server.recoverysystem.RecoverySystemService$Lifecycle
06-21 06:06:44.886 D/SystemServerTimingAsync( 1164): ssm.onUnlockingUser-0_com.android.server.recoverysystem.RecoverySystemService$Lifecycle took to complete: 0ms
06-21 06:06:44.886 I/SystemServerTimingAsync( 1164): ssm.onUnlockingUser-0_com.android.server.lights.LightsService
06-21 06:06:44.886 D/SystemServerTimingAsync( 1164): ssm.onUnlockingUser-0_com.android.server.lights.LightsService took to complete: 0ms
06-21 06:06:44.886 I/SystemServerTimingAsync( 1164): ssm.onUnlockingUser-0_com.android.server.display.DisplayManagerService
06-21 06:06:44.886 D/SystemServerTimingAsync( 1164): ssm.onUnlockingUser-0_com.android.server.display.DisplayManagerService took to complete: 0ms
06-21 06:06:44.887 I/SystemServerTimingAsync( 1164): ssm.onUnlockingUser-0_com.android.server.pm.verify.domain.DomainVerificationService
06-21 06:06:44.887 D/SystemServerTimingAsync( 1164): ssm.onUnlockingUser-0_com.android.server.pm.verify.domain.DomainVerificationService took to complete: 0ms
06-21 06:06:44.887 I/SystemServerTimingAsync( 1164): ssm.onUnlockingUser-0_com.android.server.pm.PackageInstallerService$Lifecycle
06-21 06:06:44.887 D/SystemServerTimingAsync( 1164): ssm.onUnlockingUser-0_com.android.server.pm.PackageInstallerService$Lifecycle took to complete: 0ms
06-21 06:06:44.887 I/SystemServerTimingAsync( 1164): ssm.onUnlockingUser-0_com.android.server.pm.UserManagerService$LifeCycle
06-21 06:06:44.887 D/SystemServerTimingAsync( 1164): ssm.onUnlockingUser-0_com.android.server.pm.UserManagerService$LifeCycle took to complete: 0ms
06-21 06:06:44.887 I/SystemServerTimingAsync( 1164): ssm.onUnlockingUser-0_com.android.server.om.OverlayManagerService
06-21 06:06:44.887 D/SystemServerTimingAsync( 1164): ssm.onUnlockingUser-0_com.android.server.om.OverlayManagerService took to complete: 0ms
06-21 06:06:44.887 I/SystemServerTimingAsync( 1164): ssm.onUnlockingUser-0_com.android.server.SensorPrivacyService
06-21 06:06:44.887 D/SystemServerTimingAsync( 1164): ssm.onUnlockingUser-0_com.android.server.SensorPrivacyService took to complete: 0ms
06-21 06:06:44.887 I/SystemServerTimingAsync( 1164): ssm.onUnlockingUser-0_com.android.server.thunderperf.ThunderBoostPerfService
06-21 06:06:44.887 D/SystemServerTimingAsync( 1164): ssm.onUnlockingUser-0_com.android.server.thunderperf.ThunderBoostPerfService took to complete: 0ms
06-21 06:06:44.887 I/SystemServerTimingAsync( 1164): ssm.onUnlockingUser-0_com.android.server.sensors.SensorService
06-21 06:06:44.887 D/SystemServerTimingAsync( 1164): ssm.onUnlockingUser-0_com.android.server.sensors.SensorService took to complete: 0ms
06-21 06:06:44.888 I/SystemServerTimingAsync( 1164): ssm.onUnlockingUser-0_com.android.server.SystemConfigService
06-21 06:06:44.888 D/SystemServerTimingAsync( 1164): ssm.onUnlockingUser-0_com.android.server.SystemConfigService took to complete: 0ms
06-21 06:06:44.888 I/SystemServerTimingAsync( 1164): ssm.onUnlockingUser-0_com.android.server.BatteryService
06-21 06:06:44.888 D/SystemServerTimingAsync( 1164): ssm.onUnlockingUser-0_com.android.server.BatteryService took to complete: 0ms
06-21 06:06:44.888 I/SystemServerTimingAsync( 1164): ssm.onUnlockingUser-0_com.android.server.usage.UsageStatsService
06-21 06:06:44.888 D/SystemServerTimingAsync( 1164): ssm.onUnlockingUser-0_com.android.server.usage.UsageStatsService took to complete: 1ms
06-21 06:06:44.888 I/SystemServerTimingAsync( 1164): ssm.onUnlockingUser-0_com.android.server.webkit.WebViewUpdateService
06-21 06:06:44.888 D/SystemServerTimingAsync( 1164): ssm.onUnlockingUser-0_com.android.server.webkit.WebViewUpdateService took to complete: 0ms
06-21 06:06:44.888 I/SystemServerTimingAsync( 1164): ssm.onUnlockingUser-0_com.android.server.CachedDeviceStateService
06-21 06:06:44.889 D/SystemServerTimingAsync( 1164): ssm.onUnlockingUser-0_com.android.server.CachedDeviceStateService took to complete: 0ms
06-21 06:06:44.889 I/SystemServerTimingAsync( 1164): ssm.onUnlockingUser-0_com.android.server.BinderCallsStatsService$LifeCycle
06-21 06:06:44.889 D/SystemServerTimingAsync( 1164): ssm.onUnlockingUser-0_com.android.server.BinderCallsStatsService$LifeCycle took to complete: 0ms
06-21 06:06:44.889 I/SystemServerTimingAsync( 1164): ssm.onUnlockingUser-0_com.android.server.LooperStatsService$Lifecycle
06-21 06:06:44.889 D/SystemServerTimingAsync( 1164): ssm.onUnlockingUser-0_com.android.server.LooperStatsService$Lifecycle took to complete: 0ms
06-21 06:06:44.889 I/SystemServerTimingAsync( 1164): ssm.onUnlockingUser-0_com.android.server.rollback.RollbackManagerService
06-21 06:06:44.892 W/Looper ( 1164): Slow delivery took 1415ms android.fg h=android.os.Handler c=com.android.server.am.UserController$$ExternalSyntheticLambda1@df98388 m=0
06-21 06:06:44.892 D/SystemServerTimingAsync( 1164): ssm.onUnlockingUser-0_com.android.server.rollback.RollbackManagerService took to complete: 3ms
06-21 06:06:44.892 I/SystemServerTimingAsync( 1164): ssm.onUnlockingUser-0_com.android.server.os.NativeTombstoneManagerService
06-21 06:06:44.893 D/SystemServerTimingAsync( 1164): ssm.onUnlockingUser-0_com.android.server.os.NativeTombstoneManagerService took to complete: 0ms
06-21 06:06:44.893 I/SystemServerTimingAsync( 1164): ssm.onUnlockingUser-0_com.android.server.os.BugreportManagerService
06-21 06:06:44.893 D/SystemServerTimingAsync( 1164): ssm.onUnlockingUser-0_com.android.server.os.BugreportManagerService took to complete: 0ms
06-21 06:06:44.893 I/SystemServerTimingAsync( 1164): ssm.onUnlockingUser-0_com.android.server.gpu.GpuService
06-21 06:06:44.893 D/SystemServerTimingAsync( 1164): ssm.onUnlockingUser-0_com.android.server.gpu.GpuService took to complete: 0ms
06-21 06:06:44.893 I/SystemServerTimingAsync( 1164): ssm.onUnlockingUser-0_com.android.server.security.KeyChainSystemService
06-21 06:06:44.893 D/SystemServerTimingAsync( 1164): ssm.onUnlockingUser-0_com.android.server.security.KeyChainSystemService took to complete: 0ms
06-21 06:06:44.893 I/SystemServerTimingAsync( 1164): ssm.onUnlockingUser-0_com.android.server.telecom.TelecomLoaderService
06-21 06:06:44.893 D/SystemServerTimingAsync( 1164): ssm.onUnlockingUser-0_com.android.server.telecom.TelecomLoaderService took to complete: 0ms
06-21 06:06:44.893 I/SystemServerTimingAsync( 1164): ssm.onUnlockingUser-0_com.android.server.accounts.AccountManagerService$Lifecycle
06-21 06:06:44.893 D/SystemServerTimingAsync( 1164): ssm.onUnlockingUser-0_com.android.server.accounts.AccountManagerService$Lifecycle took to complete: 0ms
06-21 06:06:44.893 I/SystemServerTimingAsync( 1164): ssm.onUnlockingUser-0_com.android.server.content.ContentService$Lifecycle
06-21 06:06:44.893 D/SystemServerTimingAsync( 1164): ssm.onUnlockingUser-0_com.android.server.content.ContentService$Lifecycle took to complete: 0ms
06-21 06:06:44.894 I/SystemServerTimingAsync( 1164): ssm.onUnlockingUser-0_com.android.server.DropBoxManagerService
06-21 06:06:44.894 D/SystemServerTimingAsync( 1164): ssm.onUnlockingUser-0_com.android.server.DropBoxManagerService took to complete: 0ms
06-21 06:06:44.894 I/SystemServerTimingAsync( 1164): ssm.onUnlockingUser-0_com.android.role.RoleService
06-21 06:06:44.894 D/SystemServerTimingAsync( 1164): ssm.onUnlockingUser-0_com.android.role.RoleService took to complete: 0ms
06-21 06:06:44.894 I/SystemServerTimingAsync( 1164): ssm.onUnlockingUser-0_com.android.server.vibrator.VibratorManagerService$Lifecycle
06-21 06:06:44.894 D/SystemServerTimingAsync( 1164): ssm.onUnlockingUser-0_com.android.server.vibrator.VibratorManagerService$Lifecycle took to complete: 0ms
06-21 06:06:44.894 I/SystemServerTimingAsync( 1164): ssm.onUnlockingUser-0_com.android.server.alarm.AlarmManagerService
06-21 06:06:44.895 D/SystemServerTimingAsync( 1164): ssm.onUnlockingUser-0_com.android.server.alarm.AlarmManagerService took to complete: 0ms
06-21 06:06:44.895 I/SystemServerTimingAsync( 1164): ssm.onUnlockingUser-0_com.android.server.devicestate.DeviceStateManagerService
06-21 06:06:44.895 D/SystemServerTimingAsync( 1164): ssm.onUnlockingUser-0_com.android.server.devicestate.DeviceStateManagerService took to complete: 0ms
06-21 06:06:44.895 I/SystemServerTimingAsync( 1164): ssm.onUnlockingUser-0_com.android.server.camera.CameraServiceProxy
06-21 06:06:44.895 D/SystemServerTimingAsync( 1164): ssm.onUnlockingUser-0_com.android.server.camera.CameraServiceProxy took to complete: 0ms
06-21 06:06:44.895 I/SystemServerTimingAsync( 1164): ssm.onUnlockingUser-0_com.android.server.BluetoothService
06-21 06:06:44.895 D/BluetoothManagerService( 1164): User 0 unlocked
06-21 06:06:44.895 D/SystemServerTimingAsync( 1164): ssm.onUnlockingUser-0_com.android.server.BluetoothService took to complete: 0ms
06-21 06:06:44.895 I/SystemServerTimingAsync( 1164): ssm.onUnlockingUser-0_com.android.server.connectivity.IpConnectivityMetrics
06-21 06:06:44.896 D/SystemServerTimingAsync( 1164): ssm.onUnlockingUser-0_com.android.server.connectivity.IpConnectivityMetrics took to complete: 0ms
06-21 06:06:44.896 I/SystemServerTimingAsync( 1164): ssm.onUnlockingUser-0_com.android.server.net.watchlist.NetworkWatchlistService$Lifecycle
06-21 06:06:44.896 D/SystemServerTimingAsync( 1164): ssm.onUnlockingUser-0_com.android.server.net.watchlist.NetworkWatchlistService$Lifecycle took to complete: 0ms
06-21 06:06:44.896 I/SystemServerTimingAsync( 1164): ssm.onUnlockingUser-0_com.android.server.PinnerService
06-21 06:06:44.896 D/SystemServerTimingAsync( 1164): ssm.onUnlockingUser-0_com.android.server.PinnerService took to complete: 0ms
06-21 06:06:44.896 I/SystemServerTimingAsync( 1164): ssm.onUnlockingUser-0_com.google.android.startop.iorap.IorapForwardingService
06-21 06:06:44.897 D/SystemServerTimingAsync( 1164): ssm.onUnlockingUser-0_com.google.android.startop.iorap.IorapForwardingService took to complete: 0ms
06-21 06:06:44.897 I/SystemServerTimingAsync( 1164): ssm.onUnlockingUser-0_com.android.server.ActivityTriggerService
06-21 06:06:44.897 D/SystemServerTimingAsync( 1164): ssm.onUnlockingUser-0_com.android.server.ActivityTriggerService took to complete: 0ms
06-21 06:06:44.897 I/SystemServerTimingAsync( 1164): ssm.onUnlockingUser-0_com.android.server.integrity.AppIntegrityManagerService
06-21 06:06:44.898 D/SystemServerTimingAsync( 1164): ssm.onUnlockingUser-0_com.android.server.integrity.AppIntegrityManagerService took to complete: 0ms
06-21 06:06:44.898 I/SystemServerTimingAsync( 1164): ssm.onUnlockingUser-0_com.android.server.inputmethod.InputMethodManagerService$Lifecycle
06-21 06:06:44.899 D/SystemServerTimingAsync( 1164): ssm.onUnlockingUser-0_com.android.server.inputmethod.InputMethodManagerService$Lifecycle took to complete: 1ms
06-21 06:06:44.899 I/SystemServerTimingAsync( 1164): ssm.onUnlockingUser-0_com.android.server.accessibility.AccessibilityManagerService$Lifecycle
06-21 06:06:44.908 D/SystemServerTimingAsync( 1164): ssm.onUnlockingUser-0_com.android.server.accessibility.AccessibilityManagerService$Lifecycle took to complete: 0ms
06-21 06:06:44.908 I/SystemServerTimingAsync( 1164): ssm.onUnlockingUser-0_com.android.server.StorageManagerService$Lifecycle
06-21 06:06:44.908 D/StorageManagerService( 1164): onUnlockUser 0
06-21 06:06:44.908 I/StorageSessionController( 1164): On user unlock 0
06-21 06:06:44.908 I/StorageSessionController( 1164): Initialialising...
06-21 06:06:44.909 I/vold ( 561): onUserStarted: 0
06-21 06:06:44.911 D/BluetoothManagerService( 1164): MESSAGE_USER_UNLOCKED
06-21 06:06:44.911 V/StorageManagerService( 1164): Found primary storage at VolumeInfo{emulated;0}:
06-21 06:06:44.911 V/StorageManagerService( 1164): type=EMULATED diskId=null partGuid= mountFlags=0 mountUserId=0
06-21 06:06:44.911 V/StorageManagerService( 1164): state=UNMOUNTED
06-21 06:06:44.911 V/StorageManagerService( 1164): fsType=null fsUuid=null fsLabel=null
06-21 06:06:44.911 V/StorageManagerService( 1164): path=null internalPath=null
06-21 06:06:44.911 I/StorageManagerService( 1164): Mounting volume VolumeInfo{emulated;0}:
06-21 06:06:44.911 I/StorageManagerService( 1164): type=EMULATED diskId=null partGuid= mountFlags=PRIMARY|VISIBLE
06-21 06:06:44.911 I/StorageManagerService( 1164): mountUserId=0 state=UNMOUNTED
06-21 06:06:44.911 I/StorageManagerService( 1164): fsType=null fsUuid=null fsLabel=null
06-21 06:06:44.911 I/StorageManagerService( 1164): path=null internalPath=null
06-21 06:06:44.915 I/vold ( 561): Executing sdcardfs
06-21 06:06:44.934 D/vold ( 561): Waiting for sdcardfs to spin up...
06-21 06:06:44.985 D/vold ( 561): Waiting for sdcardfs to spin up...
06-21 06:06:45.001 W/SystemServiceManager( 1164): Service com.android.server.StorageManagerService$Lifecycle took 93 ms in onUnlockingUser-0
06-21 06:06:45.001 D/SystemServerTimingAsync( 1164): ssm.onUnlockingUser-0_com.android.server.StorageManagerService$Lifecycle took to complete: 94ms
06-21 06:06:45.002 I/SystemServerTimingAsync( 1164): ssm.onUnlockingUser-0_com.android.server.usage.StorageStatsService$Lifecycle
06-21 06:06:45.002 D/SystemServerTimingAsync( 1164): ssm.onUnlockingUser-0_com.android.server.usage.StorageStatsService$Lifecycle took to complete: 0ms
06-21 06:06:45.002 I/SystemServerTimingAsync( 1164): ssm.onUnlockingUser-0_com.android.server.UiModeManagerService
06-21 06:06:45.002 D/SystemServerTimingAsync( 1164): ssm.onUnlockingUser-0_com.android.server.UiModeManagerService took to complete: 0ms
06-21 06:06:45.002 I/SystemServerTimingAsync( 1164): ssm.onUnlockingUser-0_com.android.server.locksettings.LockSettingsService$Lifecycle
06-21 06:06:45.003 D/SystemServerTimingAsync( 1164): ssm.onUnlockingUser-0_com.android.server.locksettings.LockSettingsService$Lifecycle took to complete: 1ms
06-21 06:06:45.003 I/SystemServerTimingAsync( 1164): ssm.onUnlockingUser-0_com.android.server.PersistentDataBlockService
06-21 06:06:45.003 D/SystemServerTimingAsync( 1164): ssm.onUnlockingUser-0_com.android.server.PersistentDataBlockService took to complete: 0ms
06-21 06:06:45.003 I/SystemServerTimingAsync( 1164): ssm.onUnlockingUser-0_com.android.server.testharness.TestHarnessModeService
06-21 06:06:45.003 D/SystemServerTimingAsync( 1164): ssm.onUnlockingUser-0_com.android.server.testharness.TestHarnessModeService took to complete: 0ms
06-21 06:06:45.003 I/SystemServerTimingAsync( 1164): ssm.onUnlockingUser-0_com.android.server.oemlock.OemLockService
06-21 06:06:45.003 D/SystemServerTimingAsync( 1164): ssm.onUnlockingUser-0_com.android.server.oemlock.OemLockService took to complete: 0ms
06-21 06:06:45.003 I/SystemServerTimingAsync( 1164): ssm.onUnlockingUser-0_com.android.server.DeviceIdleController
06-21 06:06:45.003 D/SystemServerTimingAsync( 1164): ssm.onUnlockingUser-0_com.android.server.DeviceIdleController took to complete: 0ms
06-21 06:06:45.003 I/SystemServerTimingAsync( 1164): ssm.onUnlockingUser-0_com.android.server.devicepolicy.DevicePolicyManagerService$Lifecycle
06-21 06:06:45.003 D/SystemServerTimingAsync( 1164): ssm.onUnlockingUser-0_com.android.server.devicepolicy.DevicePolicyManagerService$Lifecycle took to complete: 0ms
06-21 06:06:45.004 I/SystemServerTimingAsync( 1164): ssm.onUnlockingUser-0_com.android.server.texttospeech.TextToSpeechManagerService
06-21 06:06:45.004 D/SystemServerTimingAsync( 1164): ssm.onUnlockingUser-0_com.android.server.texttospeech.TextToSpeechManagerService took to complete: 0ms
06-21 06:06:45.004 I/SystemServerTimingAsync( 1164): ssm.onUnlockingUser-0_com.android.server.speech.SpeechRecognitionManagerService
06-21 06:06:45.005 D/SystemServerTimingAsync( 1164): ssm.onUnlockingUser-0_com.android.server.speech.SpeechRecognitionManagerService took to complete: 0ms
06-21 06:06:45.005 I/SystemServerTimingAsync( 1164): ssm.onUnlockingUser-0_com.android.server.searchui.SearchUiManagerService
06-21 06:06:45.005 D/SystemServerTimingAsync( 1164): ssm.onUnlockingUser-0_com.android.server.searchui.SearchUiManagerService took to complete: 0ms
06-21 06:06:45.005 I/SystemServerTimingAsync( 1164): ssm.onUnlockingUser-0_com.android.server.smartspace.SmartspaceManagerService
06-21 06:06:45.005 D/SystemServerTimingAsync( 1164): ssm.onUnlockingUser-0_com.android.server.smartspace.SmartspaceManagerService took to complete: 0ms
06-21 06:06:45.005 I/SystemServerTimingAsync( 1164): ssm.onUnlockingUser-0_com.android.server.graphics.fonts.FontManagerService$Lifecycle
06-21 06:06:45.006 D/SystemServerTimingAsync( 1164): ssm.onUnlockingUser-0_com.android.server.graphics.fonts.FontManagerService$Lifecycle took to complete: 0ms
06-21 06:06:45.006 I/SystemServerTimingAsync( 1164): ssm.onUnlockingUser-0_com.android.server.textservices.TextServicesManagerService$Lifecycle
06-21 06:06:45.013 D/SystemServerTimingAsync( 1164): ssm.onUnlockingUser-0_com.android.server.textservices.TextServicesManagerService$Lifecycle took to complete: 7ms
06-21 06:06:45.013 I/SystemServerTimingAsync( 1164): ssm.onUnlockingUser-0_com.android.server.textclassifier.TextClassificationManagerService$Lifecycle
06-21 06:06:45.013 D/SystemServerTimingAsync( 1164): ssm.onUnlockingUser-0_com.android.server.textclassifier.TextClassificationManagerService$Lifecycle took to complete: 0ms
06-21 06:06:45.013 I/SystemServerTimingAsync( 1164): ssm.onUnlockingUser-0_com.android.server.NetworkScoreService$Lifecycle
06-21 06:06:45.013 D/SystemServerTimingAsync( 1164): ssm.onUnlockingUser-0_com.android.server.NetworkScoreService$Lifecycle took to complete: 0ms
06-21 06:06:45.013 I/SystemServerTimingAsync( 1164): ssm.onUnlockingUser-0_com.android.server.wifi.WifiService
06-21 06:06:45.014 D/SystemServerTimingAsync( 1164): ssm.onUnlockingUser-0_com.android.server.wifi.WifiService took to complete: 0ms
06-21 06:06:45.014 I/SystemServerTimingAsync( 1164): ssm.onUnlockingUser-0_com.android.server.wifi.scanner.WifiScanningService
06-21 06:06:45.014 D/SystemServerTimingAsync( 1164): ssm.onUnlockingUser-0_com.android.server.wifi.scanner.WifiScanningService took to complete: 0ms
06-21 06:06:45.014 I/SystemServerTimingAsync( 1164): ssm.onUnlockingUser-0_com.android.server.wifi.rtt.RttService
06-21 06:06:45.014 D/SystemServerTimingAsync( 1164): ssm.onUnlockingUser-0_com.android.server.wifi.rtt.RttService took to complete: 0ms
06-21 06:06:45.014 I/SystemServerTimingAsync( 1164): ssm.onUnlockingUser-0_com.android.server.wifi.aware.WifiAwareService
06-21 06:06:45.014 D/SystemServerTimingAsync( 1164): ssm.onUnlockingUser-0_com.android.server.wifi.aware.WifiAwareService took to complete: 0ms
06-21 06:06:45.014 I/SystemServerTimingAsync( 1164): ssm.onUnlockingUser-0_com.android.server.wifi.p2p.WifiP2pService
06-21 06:06:45.014 D/SystemServerTimingAsync( 1164): ssm.onUnlockingUser-0_com.android.server.wifi.p2p.WifiP2pService took to complete: 0ms
06-21 06:06:45.014 I/SystemServerTimingAsync( 1164): ssm.onUnlockingUser-0_com.android.server.ethernet.EthernetService
06-21 06:06:45.015 D/SystemServerTimingAsync( 1164): ssm.onUnlockingUser-0_com.android.server.ethernet.EthernetService took to complete: 0ms
06-21 06:06:45.015 I/SystemServerTimingAsync( 1164): ssm.onUnlockingUser-0_com.android.server.ConnectivityServiceInitializer
06-21 06:06:45.015 D/SystemServerTimingAsync( 1164): ssm.onUnlockingUser-0_com.android.server.ConnectivityServiceInitializer took to complete: 0ms
06-21 06:06:45.015 I/SystemServerTimingAsync( 1164): ssm.onUnlockingUser-0_com.android.server.notification.NotificationManagerService
06-21 06:06:45.015 D/SystemServerTimingAsync( 1164): ssm.onUnlockingUser-0_com.android.server.notification.NotificationManagerService took to complete: 0ms
06-21 06:06:45.015 I/SystemServerTimingAsync( 1164): ssm.onUnlockingUser-0_com.android.server.storage.DeviceStorageMonitorService
06-21 06:06:45.015 D/SystemServerTimingAsync( 1164): ssm.onUnlockingUser-0_com.android.server.storage.DeviceStorageMonitorService took to complete: 0ms
06-21 06:06:45.015 I/SystemServerTimingAsync( 1164): ssm.onUnlockingUser-0_com.android.server.location.LocationManagerService$Lifecycle
06-21 06:06:45.015 D/SystemServerTimingAsync( 1164): ssm.onUnlockingUser-0_com.android.server.location.LocationManagerService$Lifecycle took to complete: 0ms
06-21 06:06:45.015 I/SystemServerTimingAsync( 1164): ssm.onUnlockingUser-0_com.android.server.timedetector.TimeDetectorService$Lifecycle
06-21 06:06:45.015 D/SystemServerTimingAsync( 1164): ssm.onUnlockingUser-0_com.android.server.timedetector.TimeDetectorService$Lifecycle took to complete: 0ms
06-21 06:06:45.015 I/SystemServerTimingAsync( 1164): ssm.onUnlockingUser-0_com.android.server.timezonedetector.TimeZoneDetectorService$Lifecycle
06-21 06:06:45.015 D/SystemServerTimingAsync( 1164): ssm.onUnlockingUser-0_com.android.server.timezonedetector.TimeZoneDetectorService$Lifecycle took to complete: 0ms
06-21 06:06:45.015 I/SystemServerTimingAsync( 1164): ssm.onUnlockingUser-0_com.android.server.timezonedetector.location.LocationTimeZoneManagerService$Lifecycle
06-21 06:06:45.016 D/SystemServerTimingAsync( 1164): ssm.onUnlockingUser-0_com.android.server.timezonedetector.location.LocationTimeZoneManagerService$Lifecycle took to complete: 0ms
06-21 06:06:45.016 I/SystemServerTimingAsync( 1164): ssm.onUnlockingUser-0_com.android.server.search.SearchManagerService$Lifecycle
06-21 06:06:45.016 D/SystemServerTimingAsync( 1164): ssm.onUnlockingUser-0_com.android.server.search.SearchManagerService$Lifecycle took to complete: 0ms
06-21 06:06:45.016 I/SystemServerTimingAsync( 1164): ssm.onUnlockingUser-0_com.android.server.wallpaper.WallpaperManagerService$Lifecycle
06-21 06:06:45.016 I/WallpaperManagerService( 1164): on-unlock-user-0
06-21 06:06:45.016 D/WallpaperManagerService( 1164): on-unlock-user-0 took to complete: 0ms
06-21 06:06:45.016 D/SystemServerTimingAsync( 1164): ssm.onUnlockingUser-0_com.android.server.wallpaper.WallpaperManagerService$Lifecycle took to complete: 0ms
06-21 06:06:45.016 I/SystemServerTimingAsync( 1164): ssm.onUnlockingUser-0_com.android.server.audio.AudioService$Lifecycle
06-21 06:06:45.016 D/SystemServerTimingAsync( 1164): ssm.onUnlockingUser-0_com.android.server.audio.AudioService$Lifecycle took to complete: 0ms
06-21 06:06:45.016 I/SystemServerTimingAsync( 1164): ssm.onUnlockingUser-0_com.android.server.soundtrigger_middleware.SoundTriggerMiddlewareService$Lifecycle
06-21 06:06:45.016 D/SystemServerTimingAsync( 1164): ssm.onUnlockingUser-0_com.android.server.soundtrigger_middleware.SoundTriggerMiddlewareService$Lifecycle took to complete: 0ms
06-21 06:06:45.016 I/SystemServerTimingAsync( 1164): ssm.onUnlockingUser-0_com.android.server.DockObserver
06-21 06:06:45.017 D/SystemServerTimingAsync( 1164): ssm.onUnlockingUser-0_com.android.server.DockObserver took to complete: 0ms
06-21 06:06:45.017 I/SystemServerTimingAsync( 1164): ssm.onUnlockingUser-0_com.android.server.midi.MidiService$Lifecycle
06-21 06:06:45.017 D/SystemServerTimingAsync( 1164): ssm.onUnlockingUser-0_com.android.server.midi.MidiService$Lifecycle took to complete: 0ms
06-21 06:06:45.017 I/SystemServerTimingAsync( 1164): ssm.onUnlockingUser-0_com.android.server.adb.AdbService$Lifecycle
06-21 06:06:45.017 D/SystemServerTimingAsync( 1164): ssm.onUnlockingUser-0_com.android.server.adb.AdbService$Lifecycle took to complete: 0ms
06-21 06:06:45.017 I/SystemServerTimingAsync( 1164): ssm.onUnlockingUser-0_com.android.server.usb.UsbService$Lifecycle
06-21 06:06:45.018 W/Looper ( 1164): Drained
06-21 06:06:45.018 D/SystemServerTimingAsync( 1164): ssm.onUnlockingUser-0_com.android.server.usb.UsbService$Lifecycle took to complete: 0ms
06-21 06:06:45.018 I/SystemServerTimingAsync( 1164): ssm.onUnlockingUser-0_com.android.server.twilight.TwilightService
06-21 06:06:45.018 D/SystemServerTimingAsync( 1164): ssm.onUnlockingUser-0_com.android.server.twilight.TwilightService took to complete: 0ms
06-21 06:06:45.018 I/SystemServerTimingAsync( 1164): ssm.onUnlockingUser-0_com.android.server.display.color.ColorDisplayService
06-21 06:06:45.018 D/SystemServerTimingAsync( 1164): ssm.onUnlockingUser-0_com.android.server.display.color.ColorDisplayService took to complete: 0ms
06-21 06:06:45.018 I/SystemServerTimingAsync( 1164): ssm.onUnlockingUser-0_com.android.server.job.JobSchedulerService
06-21 06:06:45.019 D/SystemServerTimingAsync( 1164): ssm.onUnlockingUser-0_com.android.server.job.JobSchedulerService took to complete: 0ms
06-21 06:06:45.019 I/SystemServerTimingAsync( 1164): ssm.onUnlockingUser-0_com.android.server.soundtrigger.SoundTriggerService
06-21 06:06:45.019 D/SystemServerTimingAsync( 1164): ssm.onUnlockingUser-0_com.android.server.soundtrigger.SoundTriggerService took to complete: 0ms
06-21 06:06:45.019 I/SystemServerTimingAsync( 1164): ssm.onUnlockingUser-0_com.android.server.trust.TrustManagerService
06-21 06:06:45.019 D/SystemServerTimingAsync( 1164): ssm.onUnlockingUser-0_com.android.server.trust.TrustManagerService took to complete: 0ms
06-21 06:06:45.019 I/SystemServerTimingAsync( 1164): ssm.onUnlockingUser-0_com.android.server.backup.BackupManagerService$Lifecycle
06-21 06:06:45.019 D/SystemServerTimingAsync( 1164): ssm.onUnlockingUser-0_com.android.server.backup.BackupManagerService$Lifecycle took to complete: 0ms
06-21 06:06:45.020 I/SystemServerTimingAsync( 1164): ssm.onUnlockingUser-0_com.android.server.appwidget.AppWidgetService
06-21 06:06:45.020 D/SystemServerTimingAsync( 1164): ssm.onUnlockingUser-0_com.android.server.appwidget.AppWidgetService took to complete: 0ms
06-21 06:06:45.020 I/SystemServerTimingAsync( 1164): ssm.onUnlockingUser-0_com.android.server.voiceinteraction.VoiceInteractionManagerService
06-21 06:06:45.020 W/VoiceInteractionManager( 1164): no available voice recognition services found for user 0
06-21 06:06:45.020 D/SystemServerTimingAsync( 1164): ssm.onUnlockingUser-0_com.android.server.voiceinteraction.VoiceInteractionManagerService took to complete: 1ms
06-21 06:06:45.021 I/SystemServerTimingAsync( 1164): ssm.onUnlockingUser-0_com.android.server.apphibernation.AppHibernationService
06-21 06:06:45.021 D/SystemServerTimingAsync( 1164): ssm.onUnlockingUser-0_com.android.server.apphibernation.AppHibernationService took to complete: 1ms
06-21 06:06:45.021 I/SystemServerTimingAsync( 1164): ssm.onUnlockingUser-0_com.android.server.SensorNotificationService
06-21 06:06:45.022 D/SystemServerTimingAsync( 1164): ssm.onUnlockingUser-0_com.android.server.SensorNotificationService took to complete: 0ms
06-21 06:06:45.022 I/SystemServerTimingAsync( 1164): ssm.onUnlockingUser-0_com.android.server.emergency.EmergencyAffordanceService
06-21 06:06:45.022 D/SystemServerTimingAsync( 1164): ssm.onUnlockingUser-0_com.android.server.emergency.EmergencyAffordanceService took to complete: 0ms
06-21 06:06:45.022 I/SystemServerTimingAsync( 1164): ssm.onUnlockingUser-0_com.android.server.blob.BlobStoreManagerService
06-21 06:06:45.023 D/SystemServerTimingAsync( 1164): ssm.onUnlockingUser-0_com.android.server.blob.BlobStoreManagerService took to complete: 0ms
06-21 06:06:45.023 I/SystemServerTimingAsync( 1164): ssm.onUnlockingUser-0_com.android.server.dreams.DreamManagerService
06-21 06:06:45.023 D/SystemServerTimingAsync( 1164): ssm.onUnlockingUser-0_com.android.server.dreams.DreamManagerService took to complete: 0ms
06-21 06:06:45.024 I/SystemServerTimingAsync( 1164): ssm.onUnlockingUser-0_com.android.server.companion.CompanionDeviceManagerService
06-21 06:06:45.024 I/HibernationStateDiskStore( 1164): No hibernation file on disk for file /data/system_ce/0/hibernation/states
06-21 06:06:45.024 I/BackupManagerService( 1164): Starting service for user: 0
06-21 06:06:45.024 V/BackupManagerService( 1164): [UserID:0] Starting with transport com.android.localtransport/.LocalTransport
06-21 06:06:45.026 D/SystemServerTimingAsync( 1164): ssm.onUnlockingUser-0_com.android.server.companion.CompanionDeviceManagerService took to complete: 0ms
06-21 06:06:45.027 I/SystemServerTimingAsync( 1164): ssm.onUnlockingUser-0_com.android.server.restrictions.RestrictionsManagerService
06-21 06:06:45.027 D/SystemServerTimingAsync( 1164): ssm.onUnlockingUser-0_com.android.server.restrictions.RestrictionsManagerService took to complete: 0ms
06-21 06:06:45.027 I/SystemServerTimingAsync( 1164): ssm.onUnlockingUser-0_com.android.server.media.MediaSessionService
06-21 06:06:45.027 D/SystemServerTimingAsync( 1164): ssm.onUnlockingUser-0_com.android.server.media.MediaSessionService took to complete: 0ms
06-21 06:06:45.027 I/SystemServerTimingAsync( 1164): ssm.onUnlockingUser-0_com.android.server.media.MediaResourceMonitorService
06-21 06:06:45.027 D/SystemServerTimingAsync( 1164): ssm.onUnlockingUser-0_com.android.server.media.MediaResourceMonitorService took to complete: 0ms
06-21 06:06:45.027 I/SystemServerTimingAsync( 1164): ssm.onUnlockingUser-0_com.android.server.biometrics.sensors.fingerprint.FingerprintService
06-21 06:06:45.027 D/SystemServerTimingAsync( 1164): ssm.onUnlockingUser-0_com.android.server.biometrics.sensors.fingerprint.FingerprintService took to complete: 0ms
06-21 06:06:45.027 I/SystemServerTimingAsync( 1164): ssm.onUnlockingUser-0_com.android.server.biometrics.BiometricService
06-21 06:06:45.027 D/SystemServerTimingAsync( 1164): ssm.onUnlockingUser-0_com.android.server.biometrics.BiometricService took to complete: 0ms
06-21 06:06:45.027 I/SystemServerTimingAsync( 1164): ssm.onUnlockingUser-0_com.android.server.biometrics.AuthService
06-21 06:06:45.027 D/SystemServerTimingAsync( 1164): ssm.onUnlockingUser-0_com.android.server.biometrics.AuthService took to complete: 0ms
06-21 06:06:45.027 I/SystemServerTimingAsync( 1164): ssm.onUnlockingUser-0_com.android.server.pm.ShortcutService$Lifecycle
06-21 06:06:45.028 D/BackupManagerService( 1164): [UserID:0] Started thread backup-0
06-21 06:06:45.028 D/SystemServerTimingAsync( 1164): ssm.onUnlockingUser-0_com.android.server.pm.ShortcutService$Lifecycle took to complete: 0ms
06-21 06:06:45.028 I/SystemServerTimingAsync( 1164): ssm.onUnlockingUser-0_com.android.server.pm.LauncherAppsService
06-21 06:06:45.028 D/SystemServerTimingAsync( 1164): ssm.onUnlockingUser-0_com.android.server.pm.LauncherAppsService took to complete: 0ms
06-21 06:06:45.028 I/SystemServerTimingAsync( 1164): ssm.onUnlockingUser-0_com.android.server.pm.CrossProfileAppsService
06-21 06:06:45.028 D/SystemServerTimingAsync( 1164): ssm.onUnlockingUser-0_com.android.server.pm.CrossProfileAppsService took to complete: 0ms
06-21 06:06:45.028 I/SystemServerTimingAsync( 1164): ssm.onUnlockingUser-0_com.android.server.people.PeopleService
06-21 06:06:45.028 D/SystemServerTimingAsync( 1164): ssm.onUnlockingUser-0_com.android.server.people.PeopleService took to complete: 0ms
06-21 06:06:45.028 I/SystemServerTimingAsync( 1164): ssm.onUnlockingUser-0_com.android.server.media.metrics.MediaMetricsManagerService
06-21 06:06:45.029 D/SystemServerTimingAsync( 1164): ssm.onUnlockingUser-0_com.android.server.media.metrics.MediaMetricsManagerService took to complete: 0ms
06-21 06:06:45.029 I/SystemServerTimingAsync( 1164): ssm.onUnlockingUser-0_com.android.server.media.projection.MediaProjectionManagerService
06-21 06:06:45.029 D/SystemServerTimingAsync( 1164): ssm.onUnlockingUser-0_com.android.server.media.projection.MediaProjectionManagerService took to complete: 0ms
06-21 06:06:45.029 I/SystemServerTimingAsync( 1164): ssm.onUnlockingUser-0_com.android.server.slice.SliceManagerService$Lifecycle
06-21 06:06:45.029 D/SystemServerTimingAsync( 1164): ssm.onUnlockingUser-0_com.android.server.slice.SliceManagerService$Lifecycle took to complete: 0ms
06-21 06:06:45.029 I/SystemServerTimingAsync( 1164): ssm.onUnlockingUser-0_com.android.server.stats.StatsCompanion$Lifecycle
06-21 06:06:45.029 D/SystemServerTimingAsync( 1164): ssm.onUnlockingUser-0_com.android.server.stats.StatsCompanion$Lifecycle took to complete: 0ms
06-21 06:06:45.029 I/SystemServerTimingAsync( 1164): ssm.onUnlockingUser-0_com.android.server.scheduling.RebootReadinessManagerService$Lifecycle
06-21 06:06:45.029 D/SystemServerTimingAsync( 1164): ssm.onUnlockingUser-0_com.android.server.scheduling.RebootReadinessManagerService$Lifecycle took to complete: 0ms
06-21 06:06:45.029 I/SystemServerTimingAsync( 1164): ssm.onUnlockingUser-0_com.android.server.stats.pull.StatsPullAtomService
06-21 06:06:45.029 D/SystemServerTimingAsync( 1164): ssm.onUnlockingUser-0_com.android.server.stats.pull.StatsPullAtomService took to complete: 0ms
06-21 06:06:45.029 I/SystemServerTimingAsync( 1164): ssm.onUnlockingUser-0_com.android.server.incident.IncidentCompanionService
06-21 06:06:45.029 D/SystemServerTimingAsync( 1164): ssm.onUnlockingUser-0_com.android.server.incident.IncidentCompanionService took to complete: 0ms
06-21 06:06:45.029 I/SystemServerTimingAsync( 1164): ssm.onUnlockingUser-0_com.android.server.MmsServiceBroker
06-21 06:06:45.030 D/SystemServerTimingAsync( 1164): ssm.onUnlockingUser-0_com.android.server.MmsServiceBroker took to complete: 0ms
06-21 06:06:45.030 I/SystemServerTimingAsync( 1164): ssm.onUnlockingUser-0_com.android.server.autofill.AutofillManagerService
06-21 06:06:45.030 D/AutofillUI( 1164): destroySaveUiUiThread(): already destroyed
06-21 06:06:45.030 D/AutofillManagerServiceImpl( 1164): Reset component for user 0:
06-21 06:06:45.030 D/FieldClassificationStrategy( 1164): reset(): service is not bound. Do nothing.
06-21 06:06:45.030 D/SystemServerTimingAsync( 1164): ssm.onUnlockingUser-0_com.android.server.autofill.AutofillManagerService took to complete: 1ms
06-21 06:06:45.030 I/SystemServerTimingAsync( 1164): ssm.onUnlockingUser-0_com.android.server.clipboard.ClipboardService
06-21 06:06:45.031 D/SystemServerTimingAsync( 1164): ssm.onUnlockingUser-0_com.android.server.clipboard.ClipboardService took to complete: 0ms
06-21 06:06:45.031 I/SystemServerTimingAsync( 1164): ssm.onUnlockingUser-0_com.android.server.appbinding.AppBindingService$Lifecycle
06-21 06:06:45.031 W/AppBindingService( 1164): [Default SMS app] u0 Target package not found
06-21 06:06:45.031 D/SystemServerTimingAsync( 1164): ssm.onUnlockingUser-0_com.android.server.appbinding.AppBindingService$Lifecycle took to complete: 0ms
06-21 06:06:45.031 I/SystemServerTimingAsync( 1164): ssm.onUnlockingUser-0_com.android.server.tracing.TracingServiceProxy
06-21 06:06:45.031 D/SystemServerTimingAsync( 1164): ssm.onUnlockingUser-0_com.android.server.tracing.TracingServiceProxy took to complete: 0ms
06-21 06:06:45.031 I/SystemServerTimingAsync( 1164): ssm.onUnlockingUser-0_com.android.server.policy.PermissionPolicyService
06-21 06:06:45.031 D/SystemServerTimingAsync( 1164): ssm.onUnlockingUser-0_com.android.server.policy.PermissionPolicyService took to complete: 0ms
06-21 06:06:45.031 I/SystemServerTimingAsync( 1164): ssm.onUnlockingUser-0_com.android.server.pm.StagingManager$Lifecycle
06-21 06:06:45.031 D/SystemServerTimingAsync( 1164): ssm.onUnlockingUser-0_com.android.server.pm.StagingManager$Lifecycle took to complete: 0ms
06-21 06:06:45.031 I/SystemServerTimingAsync( 1164): ssm.onUnlockingUser-0_com.android.server.app.GameManagerService$Lifecycle
06-21 06:06:45.031 D/SystemServerTimingAsync( 1164): ssm.onUnlockingUser-0_com.android.server.app.GameManagerService$Lifecycle took to complete: 0ms
06-21 06:06:45.031 I/SystemServerTimingAsync( 1164): ssm.onUnlockingUser-0_com.android.server.appsearch.AppSearchManagerService
06-21 06:06:45.035 D/vold ( 561): Waiting for sdcardfs to spin up...
06-21 06:06:45.040 D/SystemServerTimingAsync( 1164): ssm.onUnlockingUser-0_com.android.server.appsearch.AppSearchManagerService took to complete: 8ms
06-21 06:06:45.040 I/SystemServerTimingAsync( 1164): ssm.onUnlockingUser-0_com.android.server.media.MediaCommunicationService
06-21 06:06:45.040 D/SystemServerTimingAsync( 1164): ssm.onUnlockingUser-0_com.android.server.media.MediaCommunicationService took to complete: 0ms
06-21 06:06:45.040 D/SystemServerTimingAsync( 1164): ssm.UnlockingUser-0 took to complete: 157ms
06-21 06:06:45.041 I/ActivityTaskManager( 1164): Loading recents for user 0 into memory.
06-21 06:06:45.041 W/ActivityManager( 1164): UserLifecycleEvent 5 received without an active userJourneySession.
06-21 06:06:45.042 W/ActivityManager( 1164): UserLifecycleEvent 6 received without an active userJourneySession.
06-21 06:06:45.042 I/ActivityManager( 1164): User 0 state changed from RUNNING_UNLOCKING to RUNNING_UNLOCKED
06-21 06:06:45.044 D/SystemServerTiming( 1164): SystemUserUnlock took to complete: 1575ms
06-21 06:06:45.086 D/vold ( 561): Waiting for sdcardfs to spin up...
06-21 06:06:45.099 I/[ 56.001520] [schedu][0x47a47285][06( 0): 06:45.068118] wlan: [1861:I:HIF] Deinitializing Runtime PM wakelock &vdev->vdev_set_key_runtime_wakelock
06-21 06:06:45.099 I/[ 56.002902] [schedu][0x47a4da7c][06( 0): 06:45.069504] wlan: [1861:I:HIF] Initializing Runtime PM wakelock &vdev->vdev_set_key_runtime_wakelock
06-21 06:06:45.119 V/PackageConfigPersister( 1164): loadPackages: empty list files from /data/system_ce/0/package_configs
06-21 06:06:45.120 D/CompatibilityChangeReporter( 1164): Compat change id reported: 135634846; UID 10056; state: DISABLED
06-21 06:06:45.121 D/CompatibilityChangeReporter( 1164): Compat change id reported: 177438394; UID 10056; state: DISABLED
06-21 06:06:45.121 D/CompatibilityChangeReporter( 1164): Compat change id reported: 135772972; UID 10056; state: DISABLED
06-21 06:06:45.121 D/CompatibilityChangeReporter( 1164): Compat change id reported: 135754954; UID 10056; state: ENABLED
06-21 06:06:45.122 D/CompatibilityChangeReporter( 1164): Compat change id reported: 143937733; UID 10056; state: ENABLED
06-21 06:06:45.129 W/[ 56.036406] bimc-bwmon( 0): Zone thres larger than hw limit: hi:66020 med:18006 lo:0
06-21 06:06:45.136 D/vold ( 561): Waiting for sdcardfs to spin up...
