05-26 20:29:12.324 I/ ( 0): [ 49.026422] lock_acquire+0x1cc/0x218
05-26 20:29:12.324 I/ ( 0): [ 49.026429] _raw_spin_lock_irqsave+0x54/0x98
05-26 20:29:12.324 I/ ( 0): [ 49.026434] ion_system_secure_heap_prefetch_work+0x94/0x2c0
05-26 20:29:12.324 I/ ( 0): [ 49.026442] process_one_work+0x38c/0x660
05-26 20:29:12.324 I/ ( 0): [ 49.026449] worker_thread+0x268/0x4b8
05-26 20:29:12.324 I/ ( 0): [ 49.026455] kthread+0x140/0x150
05-26 20:29:12.324 I/ ( 0): [ 49.026462] ret_from_fork+0x10/0x1c
05-26 20:29:12.341 E/[ 49.029626] INFO( 0): trying to register non-static key.
05-26 20:29:12.341 E/ ( 0): [ 49.034751] the code is fine but needs lockdep annotation.
05-26 20:29:12.341 I/[ 49.040446] CPU( 0): 2 PID: 330 Comm: kworker/u16:9 Tainted: G S W O 4.19.157+ #1
05-26 20:29:12.341 I/ ( 0): [ 49.040452] Hardware name: Qualcomm Technologies, Inc. kona MTP-RmPM8150b. VC1(FSE) DVT2 (DT)
05-26 20:29:12.341 I/[ 49.040486] Workqueue( 0): events_unbound ion_system_secure_heap_prefetch_work
05-26 20:29:12.341 I/ ( 0): [ 49.040508] Call trace:
05-26 20:29:12.341 I/ ( 0): [ 49.040518] dump_backtrace+0x0/0x258
05-26 20:29:12.341 I/ ( 0): [ 49.040524] show_stack+0x20/0x30
05-26 20:29:12.341 I/ ( 0): [ 49.040533] dump_stack+0xd8/0x12c
05-26 20:29:12.341 I/ ( 0): [ 49.040540] register_lock_class+0x4d0/0x5c8
05-26 20:29:12.341 I/ ( 0): [ 49.040547] __lock_acquire+0xbc/0x1e58
05-26 20:29:12.341 I/ ( 0): [ 49.040553] lock_acquire+0x1cc/0x218
05-26 20:29:12.341 I/ ( 0): [ 49.040564] _raw_spin_lock_irqsave+0x54/0x98
05-26 20:29:12.341 I/ ( 0): [ 49.040570] ion_system_secure_heap_prefetch_work+0x94/0x2c0
05-26 20:29:12.341 I/ ( 0): [ 49.040579] process_one_work+0x38c/0x660
05-26 20:29:12.341 I/ ( 0): [ 49.040584] worker_thread+0x268/0x4b8
05-26 20:29:12.341 I/ ( 0): [ 49.040589] kthread+0x140/0x150
05-26 20:29:12.341 I/ ( 0): [ 49.040595] ret_from_fork+0x10/0x1c
05-26 20:29:12.341 E/[ 49.044374] INFO( 0): trying to register non-static key.
05-26 20:29:12.341 E/ ( 0): [ 49.049552] the code is fine but needs lockdep annotation.
05-26 20:29:12.341 I/[ 49.055207] CPU( 0): 2 PID: 330 Comm: kworker/u16:9 Tainted: G S W O 4.19.157+ #1
05-26 20:29:12.341 I/ ( 0): [ 49.055213] Hardware name: Qualcomm Technologies, Inc. kona MTP-RmPM8150b. VC1(FSE) DVT2 (DT)
05-26 20:29:12.341 I/[ 49.055229] Workqueue( 0): events_unbound ion_system_secure_heap_prefetch_work
05-26 20:29:12.341 I/ ( 0): [ 49.055235] Call trace:
05-26 20:29:12.341 I/ ( 0): [ 49.055245] dump_backtrace+0x0/0x258
05-26 20:29:12.341 I/ ( 0): [ 49.055251] show_stack+0x20/0x30
05-26 20:29:12.341 I/ ( 0): [ 49.055259] dump_stack+0xd8/0x12c
05-26 20:29:12.341 I/ ( 0): [ 49.055268] register_lock_class+0x4d0/0x5c8
05-26 20:29:12.341 I/ ( 0): [ 49.055274] __lock_acquire+0xbc/0x1e58
05-26 20:29:12.341 I/ ( 0): [ 49.055278] lock_acquire+0x1cc/0x218
05-26 20:29:12.341 I/ ( 0): [ 49.055286] _raw_spin_lock_irqsave+0x54/0x98
05-26 20:29:12.341 I/ ( 0): [ 49.055292] ion_system_secure_heap_prefetch_work+0x94/0x2c0
05-26 20:29:12.341 I/ ( 0): [ 49.055299] process_one_work+0x38c/0x660
05-26 20:29:12.341 I/ ( 0): [ 49.055306] worker_thread+0x268/0x4b8
05-26 20:29:12.341 I/ ( 0): [ 49.055312] kthread+0x140/0x150
05-26 20:29:12.341 I/ ( 0): [ 49.055319] ret_from_fork+0x10/0x1c
05-26 20:29:12.341 E/[ 49.062182] INFO( 0): trying to register non-static key.
05-26 20:29:12.352 E/ ( 0): [ 49.067308] the code is fine but needs lockdep annotation.
05-26 20:29:12.352 I/[ 49.072958] CPU( 0): 2 PID: 330 Comm: kworker/u16:9 Tainted: G S W O 4.19.157+ #1
05-26 20:29:12.352 I/ ( 0): [ 49.072964] Hardware name: Qualcomm Technologies, Inc. kona MTP-RmPM8150b. VC1(FSE) DVT2 (DT)
05-26 20:29:12.352 I/[ 49.072982] Workqueue( 0): events_unbound ion_system_secure_heap_prefetch_work
05-26 20:29:12.352 I/ ( 0): [ 49.072989] Call trace:
05-26 20:29:12.352 I/ ( 0): [ 49.072999] dump_backtrace+0x0/0x258
05-26 20:29:12.352 I/ ( 0): [ 49.073004] show_stack+0x20/0x30
05-26 20:29:12.352 I/ ( 0): [ 49.073011] dump_stack+0xd8/0x12c
05-26 20:29:12.352 I/ ( 0): [ 49.073018] register_lock_class+0x4d0/0x5c8
05-26 20:29:12.352 I/ ( 0): [ 49.073023] __lock_acquire+0xbc/0x1e58
05-26 20:29:12.352 I/ ( 0): [ 49.073028] lock_acquire+0x1cc/0x218
05-26 20:29:12.352 I/ ( 0): [ 49.073036] _raw_spin_lock_irqsave+0x54/0x98
05-26 20:29:12.352 I/ ( 0): [ 49.073041] ion_system_secure_heap_prefetch_work+0x94/0x2c0
05-26 20:29:12.352 I/ ( 0): [ 49.073049] process_one_work+0x38c/0x660
05-26 20:29:12.352 I/ ( 0): [ 49.073055] worker_thread+0x268/0x4b8
05-26 20:29:12.352 I/ ( 0): [ 49.073060] kthread+0x140/0x150
05-26 20:29:12.352 I/ ( 0): [ 49.073067] ret_from_fork+0x10/0x1c
05-26 20:29:12.352 E/[ 49.073292] init( 0): Control message: Could not find 'vendor.qti.hardware.iop@2.0::IIop/default' for ctl.interface_start from pid: 516 (/system/bin/hwservicemanager)
05-26 20:29:12.352 E/[ 49.075837] INFO( 0): trying to register non-static key.
05-26 20:29:12.344 D/CompatibilityChangeReporter( 1164): Compat change id reported: 168419799; UID 1000; state: DISABLED
05-26 20:29:12.364 E/WebViewUpdateServiceImpl( 1164): Timed out waiting for relro creation, relros started 2 relros finished 1 package dirty? false
05-26 20:29:12.364 W/WebViewUpdateServiceImpl( 1164): creating relro file timed out
05-26 20:29:12.375 E/ ( 0): [ 49.093319] the code is fine but needs lockdep annotation.
05-26 20:29:12.375 I/[ 49.098982] CPU( 0): 2 PID: 330 Comm: kworker/u16:9 Tainted: G S W O 4.19.157+ #1
05-26 20:29:12.375 I/ ( 0): [ 49.098989] Hardware name: Qualcomm Technologies, Inc. kona MTP-RmPM8150b. VC1(FSE) DVT2 (DT)
05-26 20:29:12.375 I/[ 49.099006] Workqueue( 0): events_unbound ion_system_secure_heap_prefetch_work
05-26 20:29:12.375 I/ ( 0): [ 49.099013] Call trace:
05-26 20:29:12.375 I/ ( 0): [ 49.099021] dump_backtrace+0x0/0x258
05-26 20:29:12.375 I/ ( 0): [ 49.099027] show_stack+0x20/0x30
05-26 20:29:12.375 I/ ( 0): [ 49.099034] dump_stack+0xd8/0x12c
05-26 20:29:12.375 I/ ( 0): [ 49.099040] register_lock_class+0x4d0/0x5c8
05-26 20:29:12.375 I/ ( 0): [ 49.099045] __lock_acquire+0xbc/0x1e58
05-26 20:29:12.375 I/ ( 0): [ 49.099050] lock_acquire+0x1cc/0x218
05-26 20:29:12.375 I/ ( 0): [ 49.099057] _raw_spin_lock_irqsave+0x54/0x98
05-26 20:29:12.375 I/ ( 0): [ 49.099062] ion_system_secure_heap_prefetch_work+0x94/0x2c0
05-26 20:29:12.375 I/ ( 0): [ 49.099069] process_one_work+0x38c/0x660
05-26 20:29:12.375 I/ ( 0): [ 49.099073] worker_thread+0x268/0x4b8
05-26 20:29:12.375 I/ ( 0): [ 49.099079] kthread+0x140/0x150
05-26 20:29:12.375 I/ ( 0): [ 49.099085] ret_from_fork+0x10/0x1c
05-26 20:29:12.391 E/[ 49.104040] INFO( 0): trying to register non-static key.
05-26 20:29:12.391 E/ ( 0): [ 49.109146] the code is fine but needs lockdep annotation.
05-26 20:29:12.391 I/[ 49.114788] CPU( 0): 7 PID: 330 Comm: kworker/u16:9 Tainted: G S W O 4.19.157+ #1
05-26 20:29:12.391 I/ ( 0): [ 49.114790] Hardware name: Qualcomm Technologies, Inc. kona MTP-RmPM8150b. VC1(FSE) DVT2 (DT)
05-26 20:29:12.391 I/[ 49.114799] Workqueue( 0): events_unbound ion_system_secure_heap_prefetch_work
05-26 20:29:12.391 I/ ( 0): [ 49.114801] Call trace:
05-26 20:29:12.391 I/ ( 0): [ 49.114805] dump_backtrace+0x0/0x258
05-26 20:29:12.391 I/ ( 0): [ 49.114807] show_stack+0x20/0x30
05-26 20:29:12.391 I/ ( 0): [ 49.114811] dump_stack+0xd8/0x12c
05-26 20:29:12.391 I/ ( 0): [ 49.114814] register_lock_class+0x4d0/0x5c8
05-26 20:29:12.391 I/ ( 0): [ 49.114815] __lock_acquire+0xbc/0x1e58
05-26 20:29:12.391 I/ ( 0): [ 49.114817] lock_acquire+0x1cc/0x218
05-26 20:29:12.391 I/ ( 0): [ 49.114820] _raw_spin_lock_irqsave+0x54/0x98
05-26 20:29:12.391 I/ ( 0): [ 49.114822] ion_system_secure_heap_prefetch_work+0x94/0x2c0
05-26 20:29:12.391 I/ ( 0): [ 49.114825] process_one_work+0x38c/0x660
05-26 20:29:12.391 I/ ( 0): [ 49.114827] worker_thread+0x268/0x4b8
05-26 20:29:12.391 I/ ( 0): [ 49.114828] kthread+0x140/0x150
05-26 20:29:12.391 I/ ( 0): [ 49.114830] ret_from_fork+0x10/0x1c
05-26 20:29:12.402 I/ActivityManager( 1164): Process WebViewLoader-armeabi-v7a (pid 2025) has died: psvc PER
05-26 20:29:12.410 E/[ 49.119873] INFO( 0): trying to register non-static key.
05-26 20:29:12.410 E/ ( 0): [ 49.124977] the code is fine but needs lockdep annotation.
05-26 20:29:12.410 I/[ 49.130625] CPU( 0): 7 PID: 330 Comm: kworker/u16:9 Tainted: G S W O 4.19.157+ #1
05-26 20:29:12.410 I/ ( 0): [ 49.130630] Hardware name: Qualcomm Technologies, Inc. kona MTP-RmPM8150b. VC1(FSE) DVT2 (DT)
05-26 20:29:12.410 I/[ 49.130646] Workqueue( 0): events_unbound ion_system_secure_heap_prefetch_work
05-26 20:29:12.410 I/ ( 0): [ 49.130650] Call trace:
05-26 20:29:12.410 I/ ( 0): [ 49.130659] dump_backtrace+0x0/0x258
05-26 20:29:12.410 I/ ( 0): [ 49.130664] show_stack+0x20/0x30
05-26 20:29:12.410 I/ ( 0): [ 49.130671] dump_stack+0xd8/0x12c
05-26 20:29:12.410 I/ ( 0): [ 49.130678] register_lock_class+0x4d0/0x5c8
05-26 20:29:12.410 I/ ( 0): [ 49.130684] __lock_acquire+0xbc/0x1e58
05-26 20:29:12.410 I/ ( 0): [ 49.130689] lock_acquire+0x1cc/0x218
05-26 20:29:12.410 I/ ( 0): [ 49.130696] _raw_spin_lock_irqsave+0x54/0x98
05-26 20:29:12.410 I/ ( 0): [ 49.130702] ion_system_secure_heap_prefetch_work+0x94/0x2c0
05-26 20:29:12.410 I/ ( 0): [ 49.130709] process_one_work+0x38c/0x660
05-26 20:29:12.410 I/ ( 0): [ 49.130715] worker_thread+0x268/0x4b8
05-26 20:29:12.410 I/ ( 0): [ 49.130721] kthread+0x140/0x150
05-26 20:29:12.410 I/ ( 0): [ 49.130727] ret_from_fork+0x10/0x1c
05-26 20:29:12.448 E/[ 49.143698] init( 0): Control message: Could not find 'vendor.qti.hardware.iop@2.0::IIop/default' for ctl.interface_start from pid: 516 (/system/bin/hwservicemanager)
05-26 20:29:12.448 E/[ 49.160522] INFO( 0): trying to register non-static key.
05-26 20:29:12.448 E/ ( 0): [ 49.165627] the code is fine but needs lockdep annotation.
05-26 20:29:12.448 I/[ 49.171283] CPU( 0): 7 PID: 330 Comm: kworker/u16:9 Tainted: G S W O 4.19.157+ #1
05-26 20:29:12.448 I/ ( 0): [ 49.171285] Hardware name: Qualcomm Technologies, Inc. kona MTP-RmPM8150b. VC1(FSE) DVT2 (DT)
05-26 20:29:12.448 I/[ 49.171294] Workqueue( 0): events_unbound ion_system_secure_heap_prefetch_work
05-26 20:29:12.448 I/ ( 0): [ 49.171296] Call trace:
05-26 20:29:12.448 I/ ( 0): [ 49.171301] dump_backtrace+0x0/0x258
05-26 20:29:12.448 I/ ( 0): [ 49.171302] show_stack+0x20/0x30
05-26 20:29:12.448 I/ ( 0): [ 49.171306] dump_stack+0xd8/0x12c
05-26 20:29:12.448 I/ ( 0): [ 49.171309] register_lock_class+0x4d0/0x5c8
05-26 20:29:12.448 I/ ( 0): [ 49.171311] __lock_acquire+0xbc/0x1e58
05-26 20:29:12.448 I/ ( 0): [ 49.171312] lock_acquire+0x1cc/0x218
05-26 20:29:12.448 I/ ( 0): [ 49.171315] _raw_spin_lock_irqsave+0x54/0x98
05-26 20:29:12.448 I/ ( 0): [ 49.171317] ion_system_secure_heap_prefetch_work+0x94/0x2c0
05-26 20:29:12.448 I/ ( 0): [ 49.171320] process_one_work+0x38c/0x660
05-26 20:29:12.448 I/ ( 0): [ 49.171323] worker_thread+0x268/0x4b8
05-26 20:29:12.448 I/ ( 0): [ 49.171324] kthread+0x140/0x150
05-26 20:29:12.448 I/ ( 0): [ 49.171327] ret_from_fork+0x10/0x1c
05-26 20:29:12.455 E/[ 49.176564] INFO( 0): trying to register non-static key.
05-26 20:29:12.449 W/ActivityManager( 1164): Slow operation: 569ms so far, now at startProcess: returned from zygote!
05-26 20:29:12.464 E/ ( 0): [ 49.181676] the code is fine but needs lockdep annotation.
05-26 20:29:12.464 I/[ 49.187326] CPU( 0): 7 PID: 330 Comm: kworker/u16:9 Tainted: G S W O 4.19.157+ #1
05-26 20:29:12.464 I/ ( 0): [ 49.187328] Hardware name: Qualcomm Technologies, Inc. kona MTP-RmPM8150b. VC1(FSE) DVT2 (DT)
05-26 20:29:12.464 I/[ 49.187339] Workqueue( 0): events_unbound ion_system_secure_heap_prefetch_work
05-26 20:29:12.464 I/ ( 0): [ 49.187341] Call trace:
05-26 20:29:12.464 I/ ( 0): [ 49.187345] dump_backtrace+0x0/0x258
05-26 20:29:12.464 I/ ( 0): [ 49.187347] show_stack+0x20/0x30
05-26 20:29:12.464 I/ ( 0): [ 49.187352] dump_stack+0xd8/0x12c
05-26 20:29:12.464 I/ ( 0): [ 49.187355] register_lock_class+0x4d0/0x5c8
05-26 20:29:12.464 I/ ( 0): [ 49.187357] __lock_acquire+0xbc/0x1e58
05-26 20:29:12.464 I/ ( 0): [ 49.187358] lock_acquire+0x1cc/0x218
05-26 20:29:12.464 I/ ( 0): [ 49.187362] _raw_spin_lock_irqsave+0x54/0x98
05-26 20:29:12.464 I/ ( 0): [ 49.187363] ion_system_secure_heap_prefetch_work+0x94/0x2c0
05-26 20:29:12.464 I/ ( 0): [ 49.187367] process_one_work+0x38c/0x660
05-26 20:29:12.464 I/ ( 0): [ 49.187369] worker_thread+0x268/0x4b8
05-26 20:29:12.464 I/ ( 0): [ 49.187371] kthread+0x140/0x150
05-26 20:29:12.464 I/ ( 0): [ 49.187373] ret_from_fork+0x10/0x1c
05-26 20:29:12.487 E/[ 49.191845] INFO( 0): trying to register non-static key.
05-26 20:29:12.487 E/ ( 0): [ 49.196964] the code is fine but needs lockdep annotation.
05-26 20:29:12.487 I/[ 49.202599] CPU( 0): 7 PID: 330 Comm: kworker/u16:9 Tainted: G S W O 4.19.157+ #1
05-26 20:29:12.487 I/ ( 0): [ 49.202600] Hardware name: Qualcomm Technologies, Inc. kona MTP-RmPM8150b. VC1(FSE) DVT2 (DT)
05-26 20:29:12.487 I/[ 49.202609] Workqueue( 0): events_unbound ion_system_secure_heap_prefetch_work
05-26 20:29:12.487 I/ ( 0): [ 49.202611] Call trace:
05-26 20:29:12.487 I/ ( 0): [ 49.202616] dump_backtrace+0x0/0x258
05-26 20:29:12.487 I/ ( 0): [ 49.202617] show_stack+0x20/0x30
05-26 20:29:12.487 I/ ( 0): [ 49.202622] dump_stack+0xd8/0x12c
05-26 20:29:12.487 I/ ( 0): [ 49.202624] register_lock_class+0x4d0/0x5c8
05-26 20:29:12.487 I/ ( 0): [ 49.202626] __lock_acquire+0xbc/0x1e58
05-26 20:29:12.487 I/ ( 0): [ 49.202628] lock_acquire+0x1cc/0x218
05-26 20:29:12.487 I/ ( 0): [ 49.202631] _raw_spin_lock_irqsave+0x54/0x98
05-26 20:29:12.487 I/ ( 0): [ 49.202633] ion_system_secure_heap_prefetch_work+0x94/0x2c0
05-26 20:29:12.487 I/ ( 0): [ 49.202636] process_one_work+0x38c/0x660
05-26 20:29:12.487 I/ ( 0): [ 49.202639] worker_thread+0x268/0x4b8
05-26 20:29:12.487 I/ ( 0): [ 49.202640] kthread+0x140/0x150
05-26 20:29:12.487 I/ ( 0): [ 49.202642] ret_from_fork+0x10/0x1c
05-26 20:29:12.487 E/[ 49.206461] INFO( 0): trying to register non-static key.
05-26 20:29:12.487 E/ ( 0): [ 49.211572] the code is fine but needs lockdep annotation.
05-26 20:29:12.498 I/[ 49.217231] CPU( 0): 7 PID: 330 Comm: kworker/u16:9 Tainted: G S W O 4.19.157+ #1
05-26 20:29:12.498 I/ ( 0): [ 49.217232] Hardware name: Qualcomm Technologies, Inc. kona MTP-RmPM8150b. VC1(FSE) DVT2 (DT)
05-26 20:29:12.498 I/[ 49.217242] Workqueue( 0): events_unbound ion_system_secure_heap_prefetch_work
05-26 20:29:12.498 I/ ( 0): [ 49.217244] Call trace:
05-26 20:29:12.498 I/ ( 0): [ 49.217248] dump_backtrace+0x0/0x258
05-26 20:29:12.498 I/ ( 0): [ 49.217250] show_stack+0x20/0x30
05-26 20:29:12.498 I/ ( 0): [ 49.217255] dump_stack+0xd8/0x12c
05-26 20:29:12.498 I/ ( 0): [ 49.217258] register_lock_class+0x4d0/0x5c8
05-26 20:29:12.498 I/ ( 0): [ 49.217260] __lock_acquire+0xbc/0x1e58
05-26 20:29:12.498 I/ ( 0): [ 49.217262] lock_acquire+0x1cc/0x218
05-26 20:29:12.498 I/ ( 0): [ 49.217265] _raw_spin_lock_irqsave+0x54/0x98
05-26 20:29:12.498 I/ ( 0): [ 49.217266] ion_system_secure_heap_prefetch_work+0x94/0x2c0
05-26 20:29:12.498 I/ ( 0): [ 49.217269] process_one_work+0x38c/0x660
05-26 20:29:12.498 I/ ( 0): [ 49.217271] worker_thread+0x268/0x4b8
05-26 20:29:12.498 I/ ( 0): [ 49.217273] kthread+0x140/0x150
05-26 20:29:12.498 I/ ( 0): [ 49.217275] ret_from_fork+0x10/0x1c
05-26 20:29:12.511 E/[ 49.224451] INFO( 0): trying to register non-static key.
05-26 20:29:12.511 E/ ( 0): [ 49.229555] the code is fine but needs lockdep annotation.
05-26 20:29:12.511 I/[ 49.235196] CPU( 0): 7 PID: 330 Comm: kworker/u16:9 Tainted: G S W O 4.19.157+ #1
05-26 20:29:12.511 I/ ( 0): [ 49.235198] Hardware name: Qualcomm Technologies, Inc. kona MTP-RmPM8150b. VC1(FSE) DVT2 (DT)
05-26 20:29:12.511 I/[ 49.235208] Workqueue( 0): events_unbound ion_system_secure_heap_prefetch_work
05-26 20:29:12.511 I/ ( 0): [ 49.235211] Call trace:
05-26 20:29:12.511 I/ ( 0): [ 49.235215] dump_backtrace+0x0/0x258
05-26 20:29:12.511 I/ ( 0): [ 49.235217] show_stack+0x20/0x30
05-26 20:29:12.511 I/ ( 0): [ 49.235221] dump_stack+0xd8/0x12c
05-26 20:29:12.511 I/ ( 0): [ 49.235224] register_lock_class+0x4d0/0x5c8
05-26 20:29:12.511 I/ ( 0): [ 49.235226] __lock_acquire+0xbc/0x1e58
05-26 20:29:12.511 I/ ( 0): [ 49.235228] lock_acquire+0x1cc/0x218
05-26 20:29:12.511 I/ ( 0): [ 49.235231] _raw_spin_lock_irqsave+0x54/0x98
05-26 20:29:12.511 I/ ( 0): [ 49.235233] ion_system_secure_heap_prefetch_work+0x94/0x2c0
05-26 20:29:12.511 I/ ( 0): [ 49.235236] process_one_work+0x38c/0x660
05-26 20:29:12.511 I/ ( 0): [ 49.235239] worker_thread+0x268/0x4b8
05-26 20:29:12.511 I/ ( 0): [ 49.235241] kthread+0x140/0x150
05-26 20:29:12.511 I/ ( 0): [ 49.235243] ret_from_fork+0x10/0x1c
05-26 20:29:12.524 E/[ 49.237978] INFO( 0): trying to register non-static key.
05-26 20:29:12.524 E/ ( 0): [ 49.243085] the code is fine but needs lockdep annotation.
05-26 20:29:12.524 I/[ 49.248723] CPU( 0): 7 PID: 330 Comm: kworker/u16:9 Tainted: G S W O 4.19.157+ #1
05-26 20:29:12.524 I/ ( 0): [ 49.248724] Hardware name: Qualcomm Technologies, Inc. kona MTP-RmPM8150b. VC1(FSE) DVT2 (DT)
05-26 20:29:12.524 I/[ 49.248734] Workqueue( 0): events_unbound ion_system_secure_heap_prefetch_work
05-26 20:29:12.524 I/ ( 0): [ 49.248736] Call trace:
05-26 20:29:12.524 I/ ( 0): [ 49.248740] dump_backtrace+0x0/0x258
05-26 20:29:12.524 I/ ( 0): [ 49.248741] show_stack+0x20/0x30
05-26 20:29:12.524 I/ ( 0): [ 49.248746] dump_stack+0xd8/0x12c
05-26 20:29:12.524 I/ ( 0): [ 49.248749] register_lock_class+0x4d0/0x5c8
05-26 20:29:12.524 I/ ( 0): [ 49.248751] __lock_acquire+0xbc/0x1e58
05-26 20:29:12.524 I/ ( 0): [ 49.248752] lock_acquire+0x1cc/0x218
05-26 20:29:12.524 I/ ( 0): [ 49.248755] _raw_spin_lock_irqsave+0x54/0x98
05-26 20:29:12.524 I/ ( 0): [ 49.248757] ion_system_secure_heap_prefetch_work+0x94/0x2c0
05-26 20:29:12.524 I/ ( 0): [ 49.248760] process_one_work+0x38c/0x660
05-26 20:29:12.524 I/ ( 0): [ 49.248762] worker_thread+0x268/0x4b8
05-26 20:29:12.524 I/ ( 0): [ 49.248764] kthread+0x140/0x150
05-26 20:29:12.524 I/ ( 0): [ 49.248766] ret_from_fork+0x10/0x1c
05-26 20:29:12.530 W/ActivityManager( 1164): Slow operation: 650ms so far, now at startProcess: done updating battery stats
05-26 20:29:12.530 W/ActivityManager( 1164): Slow operation: 650ms so far, now at startProcess: building log message
05-26 20:29:12.530 I/ActivityManager( 1164): Start proc 2163:com.thundercomm.microservice/1000 for added application com.thundercomm.microservice
05-26 20:29:12.531 W/ActivityManager( 1164): Slow operation: 651ms so far, now at startProcess: starting to update pids map
05-26 20:29:12.532 W/ActivityManager( 1164): Slow operation: 652ms so far, now at startProcess: done updating pids map
05-26 20:29:12.532 W/ActivityManager( 1164): Slow operation: 652ms so far, now at startProcess: asking zygote to start proc
05-26 20:29:12.532 W/ActivityManager( 1164): com.qualcomm.qti.qmmi inode == 0 (b/152760674)
05-26 20:29:12.543 D/CompatibilityChangeReporter( 1164): Compat change id reported: 171306433; UID 1000; state: ENABLED
05-26 20:29:12.548 E/[ 49.261452] INFO( 0): trying to register non-static key.
05-26 20:29:12.548 E/ ( 0): [ 49.266555] the code is fine but needs lockdep annotation.
05-26 20:29:12.548 I/[ 49.272188] CPU( 0): 7 PID: 330 Comm: kworker/u16:9 Tainted: G S W O 4.19.157+ #1
05-26 20:29:12.548 I/ ( 0): [ 49.272190] Hardware name: Qualcomm Technologies, Inc. kona MTP-RmPM8150b. VC1(FSE) DVT2 (DT)
05-26 20:29:12.548 I/[ 49.272200] Workqueue( 0): events_unbound ion_system_secure_heap_prefetch_work
05-26 20:29:12.548 I/ ( 0): [ 49.272202] Call trace:
05-26 20:29:12.548 I/ ( 0): [ 49.272206] dump_backtrace+0x0/0x258
05-26 20:29:12.548 I/ ( 0): [ 49.272208] show_stack+0x20/0x30
05-26 20:29:12.548 I/ ( 0): [ 49.272212] dump_stack+0xd8/0x12c
05-26 20:29:12.548 I/ ( 0): [ 49.272214] register_lock_class+0x4d0/0x5c8
05-26 20:29:12.548 I/ ( 0): [ 49.272216] __lock_acquire+0xbc/0x1e58
05-26 20:29:12.548 I/ ( 0): [ 49.272218] lock_acquire+0x1cc/0x218
05-26 20:29:12.548 I/ ( 0): [ 49.272221] _raw_spin_lock_irqsave+0x54/0x98
05-26 20:29:12.548 I/ ( 0): [ 49.272222] ion_system_secure_heap_prefetch_work+0x94/0x2c0
05-26 20:29:12.548 I/ ( 0): [ 49.272225] process_one_work+0x38c/0x660
05-26 20:29:12.548 I/ ( 0): [ 49.272227] worker_thread+0x268/0x4b8
05-26 20:29:12.548 I/ ( 0): [ 49.272229] kthread+0x140/0x150
05-26 20:29:12.548 I/ ( 0): [ 49.272232] ret_from_fork+0x10/0x1c
05-26 20:29:12.573 E/[ 49.286191] INFO( 0): trying to register non-static key.
05-26 20:29:12.573 E/ ( 0): [ 49.291298] the code is fine but needs lockdep annotation.
05-26 20:29:12.573 I/[ 49.293128] binder( 0): 2163:2163 ioctl 40046210 7fd1008be4 returned -22
05-26 20:29:12.573 I/[ 49.296955] CPU( 0): 7 PID: 330 Comm: kworker/u16:9 Tainted: G S W O 4.19.157+ #1
05-26 20:29:12.573 I/ ( 0): [ 49.296958] Hardware name: Qualcomm Technologies, Inc. kona MTP-RmPM8150b. VC1(FSE) DVT2 (DT)
05-26 20:29:12.573 I/[ 49.296969] Workqueue( 0): events_unbound ion_system_secure_heap_prefetch_work
05-26 20:29:12.573 I/ ( 0): [ 49.296970] Call trace:
05-26 20:29:12.573 I/ ( 0): [ 49.296975] dump_backtrace+0x0/0x258
05-26 20:29:12.573 I/ ( 0): [ 49.296976] show_stack+0x20/0x30
05-26 20:29:12.573 I/ ( 0): [ 49.296979] dump_stack+0xd8/0x12c
05-26 20:29:12.573 I/ ( 0): [ 49.296982] register_lock_class+0x4d0/0x5c8
05-26 20:29:12.573 I/ ( 0): [ 49.296983] __lock_acquire+0xbc/0x1e58
05-26 20:29:12.573 I/ ( 0): [ 49.296985] lock_acquire+0x1cc/0x218
05-26 20:29:12.573 I/ ( 0): [ 49.296987] _raw_spin_lock_irqsave+0x54/0x98
05-26 20:29:12.573 I/ ( 0): [ 49.296988] ion_system_secure_heap_prefetch_work+0x94/0x2c0
05-26 20:29:12.573 I/ ( 0): [ 49.296991] process_one_work+0x38c/0x660
05-26 20:29:12.573 I/ ( 0): [ 49.296993] worker_thread+0x268/0x4b8
05-26 20:29:12.573 I/ ( 0): [ 49.296994] kthread+0x140/0x150
05-26 20:29:12.573 I/ ( 0): [ 49.296996] ret_from_fork+0x10/0x1c
05-26 20:29:12.592 E/[ 49.314793] INFO( 0): trying to register non-static key.
05-26 20:29:12.607 E/ ( 0): [ 49.319900] the code is fine but needs lockdep annotation.
05-26 20:29:12.607 I/[ 49.325555] CPU( 0): 7 PID: 330 Comm: kworker/u16:9 Tainted: G S W O 4.19.157+ #1
05-26 20:29:12.607 I/ ( 0): [ 49.325556] Hardware name: Qualcomm Technologies, Inc. kona MTP-RmPM8150b. VC1(FSE) DVT2 (DT)
05-26 20:29:12.607 I/[ 49.325571] Workqueue( 0): events_unbound ion_system_secure_heap_prefetch_work
05-26 20:29:12.607 I/ ( 0): [ 49.325573] Call trace:
05-26 20:29:12.607 I/ ( 0): [ 49.325579] dump_backtrace+0x0/0x258
05-26 20:29:12.607 I/ ( 0): [ 49.325580] show_stack+0x20/0x30
05-26 20:29:12.607 I/ ( 0): [ 49.325584] dump_stack+0xd8/0x12c
05-26 20:29:12.607 I/ ( 0): [ 49.325587] register_lock_class+0x4d0/0x5c8
05-26 20:29:12.607 I/ ( 0): [ 49.325588] __lock_acquire+0xbc/0x1e58
05-26 20:29:12.607 I/ ( 0): [ 49.325590] lock_acquire+0x1cc/0x218
05-26 20:29:12.607 I/ ( 0): [ 49.325593] _raw_spin_lock_irqsave+0x54/0x98
05-26 20:29:12.607 I/ ( 0): [ 49.325595] ion_system_secure_heap_prefetch_work+0x94/0x2c0
05-26 20:29:12.607 I/ ( 0): [ 49.325599] process_one_work+0x38c/0x660
05-26 20:29:12.607 I/ ( 0): [ 49.325601] worker_thread+0x268/0x4b8
05-26 20:29:12.607 I/ ( 0): [ 49.325602] kthread+0x140/0x150
05-26 20:29:12.607 I/ ( 0): [ 49.325605] ret_from_fork+0x10/0x1c
05-26 20:29:12.607 I/[ 49.327486] msm_vidc( 0): high: 00000001: ....d: Opening video instance: ffffffe55ec44000, 1
05-26 20:29:12.636 E/[ 49.349071] INFO( 0): trying to register non-static key.
05-26 20:29:12.636 E/ ( 0): [ 49.354181] the code is fine but needs lockdep annotation.
05-26 20:29:12.636 I/[ 49.359887] CPU( 0): 7 PID: 330 Comm: kworker/u16:9 Tainted: G S W O 4.19.157+ #1
05-26 20:29:12.636 I/ ( 0): [ 49.359889] Hardware name: Qualcomm Technologies, Inc. kona MTP-RmPM8150b. VC1(FSE) DVT2 (DT)
05-26 20:29:12.636 I/[ 49.359899] Workqueue( 0): events_unbound ion_system_secure_heap_prefetch_work
05-26 20:29:12.636 I/ ( 0): [ 49.359901] Call trace:
05-26 20:29:12.636 I/ ( 0): [ 49.359906] dump_backtrace+0x0/0x258
05-26 20:29:12.636 I/ ( 0): [ 49.359908] show_stack+0x20/0x30
05-26 20:29:12.636 I/ ( 0): [ 49.359913] dump_stack+0xd8/0x12c
05-26 20:29:12.636 I/ ( 0): [ 49.359916] register_lock_class+0x4d0/0x5c8
05-26 20:29:12.636 I/ ( 0): [ 49.359918] __lock_acquire+0xbc/0x1e58
05-26 20:29:12.636 I/ ( 0): [ 49.359920] lock_acquire+0x1cc/0x218
05-26 20:29:12.636 I/ ( 0): [ 49.359923] _raw_spin_lock_irqsave+0x54/0x98
05-26 20:29:12.636 I/ ( 0): [ 49.359925] ion_system_secure_heap_prefetch_work+0x94/0x2c0
05-26 20:29:12.636 I/ ( 0): [ 49.359929] process_one_work+0x38c/0x660
05-26 20:29:12.636 I/ ( 0): [ 49.359931] worker_thread+0x268/0x4b8
05-26 20:29:12.636 I/ ( 0): [ 49.359933] kthread+0x140/0x150
05-26 20:29:12.636 I/ ( 0): [ 49.359936] ret_from_fork+0x10/0x1c
05-26 20:29:12.619 D/CompatibilityChangeReporter( 1164): Compat change id reported: 168419799; UID 1000; state: DISABLED
05-26 20:29:12.665 E/[ 49.377303] INFO( 0): trying to register non-static key.
05-26 20:29:12.665 E/ ( 0): [ 49.382413] the code is fine but needs lockdep annotation.
05-26 20:29:12.665 I/[ 49.388069] CPU( 0): 7 PID: 330 Comm: kworker/u16:9 Tainted: G S W O 4.19.157+ #1
05-26 20:29:12.665 I/ ( 0): [ 49.388071] Hardware name: Qualcomm Technologies, Inc. kona MTP-RmPM8150b. VC1(FSE) DVT2 (DT)
05-26 20:29:12.665 I/[ 49.388080] Workqueue( 0): events_unbound ion_system_secure_heap_prefetch_work
05-26 20:29:12.665 I/ ( 0): [ 49.388082] Call trace:
05-26 20:29:12.665 I/ ( 0): [ 49.388086] dump_backtrace+0x0/0x258
05-26 20:29:12.665 I/ ( 0): [ 49.388088] show_stack+0x20/0x30
05-26 20:29:12.665 I/ ( 0): [ 49.388093] dump_stack+0xd8/0x12c
05-26 20:29:12.665 I/ ( 0): [ 49.388096] register_lock_class+0x4d0/0x5c8
05-26 20:29:12.665 I/ ( 0): [ 49.388098] __lock_acquire+0xbc/0x1e58
05-26 20:29:12.665 I/ ( 0): [ 49.388100] lock_acquire+0x1cc/0x218
05-26 20:29:12.665 I/ ( 0): [ 49.388103] _raw_spin_lock_irqsave+0x54/0x98
05-26 20:29:12.665 I/ ( 0): [ 49.388104] ion_system_secure_heap_prefetch_work+0x94/0x2c0
05-26 20:29:12.665 I/ ( 0): [ 49.388108] process_one_work+0x38c/0x660
05-26 20:29:12.665 I/ ( 0): [ 49.388110] worker_thread+0x268/0x4b8
05-26 20:29:12.665 I/ ( 0): [ 49.388111] kthread+0x140/0x150
05-26 20:29:12.665 I/ ( 0): [ 49.388114] ret_from_fork+0x10/0x1c
05-26 20:29:12.680 I/[ 49.390999] msm_vidc( 0): high: 00000001: h265d: Closed video instance: ffffffe55ec44000
05-26 20:29:12.671 W/ActivityManager( 1164): Slow operation: 791ms so far, now at startProcess: returned from zygote!
05-26 20:29:12.671 W/ActivityManager( 1164): Slow operation: 791ms so far, now at startProcess: done updating battery stats
05-26 20:29:12.671 W/ActivityManager( 1164): Slow operation: 791ms so far, now at startProcess: building log message
05-26 20:29:12.671 I/ActivityManager( 1164): Start proc 2203:com.thundercomm.microsettings/1000 for added application com.thundercomm.microsettings
05-26 20:29:12.671 W/ActivityManager( 1164): Slow operation: 792ms so far, now at startProcess: starting to update pids map
05-26 20:29:12.672 W/ActivityManager( 1164): Slow operation: 792ms so far, now at startProcess: done updating pids map
05-26 20:29:12.672 W/ActivityManager( 1164): Slow operation: 791ms so far, now at startProcess: asking zygote to start proc
05-26 20:29:12.691 W/Looper ( 1164): Slow dispatch took 462ms main h=android.app.ActivityThread$H c=null m=114
05-26 20:29:12.695 W/OneHandedController( 1968): Device doesn't support OneHanded feature
05-26 20:29:12.878 E/[ 49.400671] INFO( 0): trying to register non-static key.
05-26 20:29:12.878 E/ ( 0): [ 49.405779] the code is fine but needs lockdep annotation.
05-26 20:29:12.880 I/[ 49.410775] binder( 0): 1949:1949 ioctl 40046210 7fd1008254 returned -22
05-26 20:29:12.880 I/[ 49.411408] CPU( 0): 7 PID: 330 Comm: kworker/u16:9 Tainted: G S W O 4.19.157+ #1
05-26 20:29:12.880 I/ ( 0): [ 49.411409] Hardware name: Qualcomm Technologies, Inc. kona MTP-RmPM8150b. VC1(FSE) DVT2 (DT)
05-26 20:29:12.880 I/[ 49.411420] Workqueue( 0): events_unbound ion_system_secure_heap_prefetch_work
05-26 20:29:12.880 I/ ( 0): [ 49.411422] Call trace:
05-26 20:29:12.880 I/ ( 0): [ 49.411427] dump_backtrace+0x0/0x258
05-26 20:29:12.880 I/ ( 0): [ 49.411428] show_stack+0x20/0x30
05-26 20:29:12.880 I/ ( 0): [ 49.411433] dump_stack+0xd8/0x12c
05-26 20:29:12.880 I/ ( 0): [ 49.411435] register_lock_class+0x4d0/0x5c8
05-26 20:29:12.880 I/ ( 0): [ 49.411437] __lock_acquire+0xbc/0x1e58
05-26 20:29:12.880 I/ ( 0): [ 49.411438] lock_acquire+0x1cc/0x218
05-26 20:29:12.880 I/ ( 0): [ 49.411441] _raw_spin_lock_irqsave+0x54/0x98
05-26 20:29:12.880 I/ ( 0): [ 49.411442] ion_system_secure_heap_prefetch_work+0x94/0x2c0
05-26 20:29:12.880 I/ ( 0): [ 49.411445] process_one_work+0x38c/0x660
05-26 20:29:12.880 I/ ( 0): [ 49.411447] worker_thread+0x268/0x4b8
05-26 20:29:12.880 I/ ( 0): [ 49.411448] kthread+0x140/0x150
05-26 20:29:12.880 I/ ( 0): [ 49.411450] ret_from_fork+0x10/0x1c
05-26 20:29:12.880 E/[ 49.439648] INFO( 0): trying to register non-static key.
05-26 20:29:12.880 E/ ( 0): [ 49.444757] the code is fine but needs lockdep annotation.
05-26 20:29:12.880 I/[ 49.450412] CPU( 0): 7 PID: 330 Comm: kworker/u16:9 Tainted: G S W O 4.19.157+ #1
05-26 20:29:12.880 I/ ( 0): [ 49.450413] Hardware name: Qualcomm Technologies, Inc. kona MTP-RmPM8150b. VC1(FSE) DVT2 (DT)
05-26 20:29:12.880 I/[ 49.450422] Workqueue( 0): events_unbound ion_system_secure_heap_prefetch_work
05-26 20:29:12.880 I/ ( 0): [ 49.450424] Call trace:
05-26 20:29:12.880 I/ ( 0): [ 49.450428] dump_backtrace+0x0/0x258
05-26 20:29:12.880 I/ ( 0): [ 49.450430] show_stack+0x20/0x30
05-26 20:29:12.880 I/ ( 0): [ 49.450434] dump_stack+0xd8/0x12c
05-26 20:29:12.880 I/ ( 0): [ 49.450437] register_lock_class+0x4d0/0x5c8
05-26 20:29:12.880 I/ ( 0): [ 49.450438] __lock_acquire+0xbc/0x1e58
05-26 20:29:12.880 I/ ( 0): [ 49.450440] lock_acquire+0x1cc/0x218
05-26 20:29:12.880 I/ ( 0): [ 49.450443] _raw_spin_lock_irqsave+0x54/0x98
05-26 20:29:12.880 I/ ( 0): [ 49.450444] ion_system_secure_heap_prefetch_work+0x94/0x2c0
05-26 20:29:12.880 I/ ( 0): [ 49.450448] process_one_work+0x38c/0x660
05-26 20:29:12.880 I/ ( 0): [ 49.450449] worker_thread+0x268/0x4b8
05-26 20:29:12.880 I/ ( 0): [ 49.450451] kthread+0x140/0x150
05-26 20:29:12.880 I/ ( 0): [ 49.450454] ret_from_fork+0x10/0x1c
05-26 20:29:12.880 E/[ 49.461545] INFO( 0): trying to register non-static key.
05-26 20:29:12.880 E/ ( 0): [ 49.466656] the code is fine but needs lockdep annotation.
05-26 20:29:12.880 I/[ 49.472306] CPU( 0): 7 PID: 330 Comm: kworker/u16:9 Tainted: G S W O 4.19.157+ #1
05-26 20:29:12.880 I/ ( 0): [ 49.472307] Hardware name: Qualcomm Technologies, Inc. kona MTP-RmPM8150b. VC1(FSE) DVT2 (DT)
05-26 20:29:12.880 I/[ 49.472316] Workqueue( 0): events_unbound ion_system_secure_heap_prefetch_work
05-26 20:29:12.717 D/CompatibilityChangeReporter( 1164): Compat change id reported: 182478738; UID 1073; state: DISABLED
05-26 20:29:12.730 I/PackageWatchdog( 1164): Syncing health check requests for packages: {}
05-26 20:29:12.731 I/ExplicitHealthCheckController( 1164): Service not ready to get health check supported packages. Binding...
05-26 20:29:12.733 I/ExplicitHealthCheckController( 1164): Explicit health check service is bound
05-26 20:29:12.841 D/CompatibilityChangeReporter( 1164): Compat change id reported: 135634846; UID 10064; state: DISABLED
05-26 20:29:12.841 D/CompatibilityChangeReporter( 1164): Compat change id reported: 177438394; UID 10064; state: DISABLED
05-26 20:29:12.842 D/CompatibilityChangeReporter( 1164): Compat change id reported: 135772972; UID 10064; state: DISABLED
05-26 20:29:12.842 D/CompatibilityChangeReporter( 1164): Compat change id reported: 135754954; UID 10064; state: ENABLED
05-26 20:29:12.854 W/BatteryExternalStatsWorker( 1164): error reading modem stats:ERROR_PHONE_NOT_AVAILABLE
05-26 20:29:12.872 W/ActivityManager( 1164): Slow operation: 991ms so far, now at startProcess: returned from zygote!
05-26 20:29:12.873 D/CompatibilityChangeReporter( 1164): Compat change id reported: 168419799; UID 1000; state: DISABLED
05-26 20:29:12.894 W/ActivityManager( 1164): Slow operation: 1013ms so far, now at startProcess: done updating battery stats
05-26 20:29:12.895 W/ActivityManager( 1164): Slow operation: 1014ms so far, now at startProcess: building log message
05-26 20:29:12.895 I/ActivityManager( 1164): Start proc 2234:.dataservices/1001 for added application .dataservices
05-26 20:29:12.895 W/ActivityManager( 1164): Slow operation: 1014ms so far, now at startProcess: starting to update pids map
05-26 20:29:12.896 W/ActivityManager( 1164): Slow operation: 1015ms so far, now at startProcess: done updating pids map
05-26 20:29:12.897 W/ActivityManager( 1164): Slow operation: 1014ms so far, now at startProcess: asking zygote to start proc
05-26 20:29:12.898 D/CompatibilityChangeReporter( 1164): Compat change id reported: 143937733; UID 10054; state: DISABLED
05-26 20:29:12.907 I/ ( 0): [ 49.472317] Call trace:
05-26 20:29:12.907 I/ ( 0): [ 49.472322] dump_backtrace+0x0/0x258
05-26 20:29:12.907 I/ ( 0): [ 49.472323] show_stack+0x20/0x30
05-26 20:29:12.907 I/ ( 0): [ 49.472327] dump_stack+0xd8/0x12c
05-26 20:29:12.907 I/ ( 0): [ 49.472329] register_lock_class+0x4d0/0x5c8
05-26 20:29:12.907 I/ ( 0): [ 49.472330] __lock_acquire+0xbc/0x1e58
05-26 20:29:12.907 I/ ( 0): [ 49.472332] lock_acquire+0x1cc/0x218
05-26 20:29:12.907 I/ ( 0): [ 49.472334] _raw_spin_lock_irqsave+0x54/0x98
05-26 20:29:12.907 I/ ( 0): [ 49.472336] ion_system_secure_heap_prefetch_work+0x94/0x2c0
05-26 20:29:12.907 I/ ( 0): [ 49.472339] process_one_work+0x38c/0x660
05-26 20:29:12.907 I/ ( 0): [ 49.472340] worker_thread+0x268/0x4b8
05-26 20:29:12.907 I/ ( 0): [ 49.472342] kthread+0x140/0x150
05-26 20:29:12.907 I/ ( 0): [ 49.472343] ret_from_fork+0x10/0x1c
05-26 20:29:12.907 E/[ 49.482586] INFO( 0): trying to register non-static key.
05-26 20:29:12.907 E/ ( 0): [ 49.487698] the code is fine but needs lockdep annotation.
05-26 20:29:12.907 I/[ 49.493335] CPU( 0): 7 PID: 330 Comm: kworker/u16:9 Tainted: G S W O 4.19.157+ #1
05-26 20:29:12.907 I/ ( 0): [ 49.493336] Hardware name: Qualcomm Technologies, Inc. kona MTP-RmPM8150b. VC1(FSE) DVT2 (DT)
05-26 20:29:12.907 I/[ 49.493345] Workqueue( 0): events_unbound ion_system_secure_heap_prefetch_work
05-26 20:29:12.907 I/ ( 0): [ 49.493347] Call trace:
05-26 20:29:12.907 I/ ( 0): [ 49.493351] dump_backtrace+0x0/0x258
05-26 20:29:12.907 I/ ( 0): [ 49.493353] show_stack+0x20/0x30
05-26 20:29:12.907 I/ ( 0): [ 49.493356] dump_stack+0xd8/0x12c
05-26 20:29:12.907 I/ ( 0): [ 49.493359] register_lock_class+0x4d0/0x5c8
05-26 20:29:12.907 I/ ( 0): [ 49.493360] __lock_acquire+0xbc/0x1e58
05-26 20:29:12.907 I/ ( 0): [ 49.493362] lock_acquire+0x1cc/0x218
05-26 20:29:12.907 I/ ( 0): [ 49.493365] _raw_spin_lock_irqsave+0x54/0x98
05-26 20:29:12.907 I/ ( 0): [ 49.493366] ion_system_secure_heap_prefetch_work+0x94/0x2c0
05-26 20:29:12.907 I/ ( 0): [ 49.493369] process_one_work+0x38c/0x660
05-26 20:29:12.907 I/ ( 0): [ 49.493370] worker_thread+0x268/0x4b8
05-26 20:29:12.907 I/ ( 0): [ 49.493372] kthread+0x140/0x150
05-26 20:29:12.907 I/ ( 0): [ 49.493374] ret_from_fork+0x10/0x1c
05-26 20:29:12.907 E/[ 49.503060] INFO( 0): trying to register non-static key.
05-26 20:29:12.907 E/ ( 0): [ 49.508170] the code is fine but needs lockdep annotation.
05-26 20:29:12.907 I/[ 49.513824] CPU( 0): 7 PID: 330 Comm: kworker/u16:9 Tainted: G S W O 4.19.157+ #1
05-26 20:29:12.907 I/ ( 0): [ 49.513826] Hardware name: Qualcomm Technologies, Inc. kona MTP-RmPM8150b. VC1(FSE) DVT2 (DT)
05-26 20:29:12.907 I/[ 49.513835] Workqueue( 0): events_unbound ion_system_secure_heap_prefetch_work
05-26 20:29:12.907 I/ ( 0): [ 49.513838] Call trace:
05-26 20:29:12.907 I/ ( 0): [ 49.513842] dump_backtrace+0x0/0x258
05-26 20:29:12.907 I/ ( 0): [ 49.513843] show_stack+0x20/0x30
05-26 20:29:12.907 I/ ( 0): [ 49.513847] dump_stack+0xd8/0x12c
05-26 20:29:12.907 I/ ( 0): [ 49.513850] register_lock_class+0x4d0/0x5c8
05-26 20:29:12.907 I/ ( 0): [ 49.513852] __lock_acquire+0xbc/0x1e58
05-26 20:29:12.907 I/ ( 0): [ 49.513853] lock_acquire+0x1cc/0x218
05-26 20:29:12.907 I/ ( 0): [ 49.513856] _raw_spin_lock_irqsave+0x54/0x98
05-26 20:29:12.907 I/ ( 0): [ 49.513858] ion_system_secure_heap_prefetch_work+0x94/0x2c0
05-26 20:29:12.907 I/ ( 0): [ 49.513861] process_one_work+0x38c/0x660
05-26 20:29:12.907 I/ ( 0): [ 49.513863] worker_thread+0x268/0x4b8
05-26 20:29:12.907 I/ ( 0): [ 49.513865] kthread+0x140/0x150
05-26 20:29:12.907 I/ ( 0): [ 49.513867] ret_from_fork+0x10/0x1c
05-26 20:29:12.907 I/[ 49.519815] msm_vidc( 0): high: 00000001: ....d: Opening video instance: ffffffe558ba0000, 1
05-26 20:29:12.907 E/[ 49.523577] INFO( 0): trying to register non-static key.
05-26 20:29:12.907 E/ ( 0): [ 49.528690] the code is fine but needs lockdep annotation.
05-26 20:29:12.907 I/[ 49.534341] CPU( 0): 7 PID: 330 Comm: kworker/u16:9 Tainted: G S W O 4.19.157+ #1
05-26 20:29:12.907 I/ ( 0): [ 49.534343] Hardware name: Qualcomm Technologies, Inc. kona MTP-RmPM8150b. VC1(FSE) DVT2 (DT)
05-26 20:29:12.907 I/[ 49.534352] Workqueue( 0): events_unbound ion_system_secure_heap_prefetch_work
05-26 20:29:12.907 I/ ( 0): [ 49.534354] Call trace:
05-26 20:29:12.907 I/ ( 0): [ 49.534358] dump_backtrace+0x0/0x258
05-26 20:29:12.907 I/ ( 0): [ 49.534359] show_stack+0x20/0x30
05-26 20:29:12.907 I/ ( 0): [ 49.534362] dump_stack+0xd8/0x12c
05-26 20:29:12.907 I/ ( 0): [ 49.534364] register_lock_class+0x4d0/0x5c8
05-26 20:29:12.907 I/ ( 0): [ 49.534366] __lock_acquire+0xbc/0x1e58
05-26 20:29:12.907 I/ ( 0): [ 49.534367] lock_acquire+0x1cc/0x218
05-26 20:29:12.907 I/ ( 0): [ 49.534370] _raw_spin_lock_irqsave+0x54/0x98
05-26 20:29:12.907 I/ ( 0): [ 49.534371] ion_system_secure_heap_prefetch_work+0x94/0x2c0
05-26 20:29:12.907 I/ ( 0): [ 49.534373] process_one_work+0x38c/0x660
05-26 20:29:12.907 I/ ( 0): [ 49.534375] worker_thread+0x268/0x4b8
05-26 20:29:12.907 I/ ( 0): [ 49.534377] kthread+0x140/0x150
05-26 20:29:12.907 I/ ( 0): [ 49.534378] ret_from_fork+0x10/0x1c
05-26 20:29:12.907 E/[ 49.534459] init( 0): Control message: Could not find 'vendor.qti.hardware.iop@2.0::IIop/default' for ctl.interface_start from pid: 516 (/system/bin/hwservicemanager)
05-26 20:29:12.907 E/[ 49.544103] INFO( 0): trying to register non-static key.
05-26 20:29:12.907 E/ ( 0): [ 49.554480] the code is fine but needs lockdep annotation.
05-26 20:29:12.907 E/[ 49.559806] INFO( 0): trying to register non-static key.
05-26 20:29:12.907 I/[ 49.560115] CPU( 0): 7 PID: 330 Comm: kworker/u16:9 Tainted: G S W O 4.19.157+ #1
05-26 20:29:12.907 E/ ( 0): [ 49.565227] the code is fine but needs lockdep annotation.
05-26 20:29:12.907 I/ ( 0): [ 49.565229] Hardware name: Qualcomm Technologies, Inc. kona MTP-RmPM8150b. VC1(FSE) DVT2 (DT)
05-26 20:29:12.907 I/[ 49.570868] Workqueue( 0): events_unbound ion_system_secure_heap_prefetch_work
05-26 20:29:12.907 I/ ( 0): [ 49.570869] Call trace:
05-26 20:29:12.907 I/ ( 0): [ 49.570874] dump_backtrace+0x0/0x258
05-26 20:29:12.907 I/ ( 0): [ 49.570875] show_stack+0x20/0x30
05-26 20:29:12.907 I/ ( 0): [ 49.570878] dump_stack+0xd8/0x12c
05-26 20:29:12.907 I/ ( 0): [ 49.570880] register_lock_class+0x4d0/0x5c8
05-26 20:29:12.907 I/ ( 0): [ 49.570881] __lock_acquire+0xbc/0x1e58
05-26 20:29:12.907 I/ ( 0): [ 49.570882] lock_acquire+0x1cc/0x218
05-26 20:29:12.907 I/ ( 0): [ 49.570884] _raw_spin_lock_irqsave+0x54/0x98
05-26 20:29:12.907 I/ ( 0): [ 49.570885] ion_system_secure_heap_prefetch_work+0x94/0x2c0
05-26 20:29:12.907 I/ ( 0): [ 49.570888] process_one_work+0x38c/0x660
05-26 20:29:12.907 I/ ( 0): [ 49.570889] worker_thread+0x268/0x4b8
05-26 20:29:12.907 I/ ( 0): [ 49.570891] kthread+0x140/0x150
05-26 20:29:12.907 I/ ( 0): [ 49.570892] ret_from_fork+0x10/0x1c
05-26 20:29:12.907 I/[ 49.570895] CPU( 0): 5 PID: 2224 Comm: VideoDecMsgThre Tainted: G S W O 4.19.157+ #1
05-26 20:29:12.907 I/ ( 0): [ 49.570897] Hardware name: Qualcomm Technologies, Inc. kona MTP-RmPM8150b. VC1(FSE) DVT2 (DT)
05-26 20:29:12.907 I/ ( 0): [ 49.570898] Call trace:
05-26 20:29:12.907 I/ ( 0): [ 49.570900] dump_backtrace+0x0/0x258
05-26 20:29:12.907 I/ ( 0): [ 49.570902] show_stack+0x20/0x30
05-26 20:29:12.907 I/ ( 0): [ 49.570904] dump_stack+0xd8/0x12c
05-26 20:29:12.907 I/ ( 0): [ 49.570906] register_lock_class+0x4d0/0x5c8
05-26 20:29:12.907 I/ ( 0): [ 49.570908] __lock_acquire+0xbc/0x1e58
05-26 20:29:12.907 I/ ( 0): [ 49.570909] lock_acquire+0x1cc/0x218
05-26 20:29:12.907 I/ ( 0): [ 49.570911] _raw_spin_lock_irqsave+0x54/0x98
05-26 20:29:12.907 I/ ( 0): [ 49.570913] __ion_system_secure_heap_resize+0x768/0x8c0
05-26 20:29:12.907 I/ ( 0): [ 49.570914] ion_system_secure_heap_prefetch+0x28/0x38
05-26 20:29:12.907 I/ ( 0): [ 49.570916] ion_walk_heaps+0x88/0xb8
05-26 20:29:12.907 I/ ( 0): [ 49.570918] ion_ioctl+0x1b0/0x2a8
05-26 20:29:12.907 I/ ( 0): [ 49.570921] __arm64_compat_sys_ioctl+0xf4/0x240
05-26 20:29:12.907 I/ ( 0): [ 49.570923] el0_svc_common+0xa4/0x190
05-26 20:29:12.907 I/ ( 0): [ 49.570925] el0_svc_compat_handler+0x28/0x38
05-26 20:29:12.907 I/ ( 0): [ 49.570927] el0_svc_compat+0x8/0x34
05-26 20:29:12.907 I/[ 49.577535] binder( 0): 2203:2203 ioctl 40046210 7fd1008be4 returned -22
05-26 20:29:12.907 E/[ 49.580014] INFO( 0): trying to register non-static key.
05-26 20:29:12.907 E/[ 49.580702] INFO( 0): trying to register non-static key.
05-26 20:29:12.907 E/ ( 0): [ 49.585120] the code is fine but needs lockdep annotation.
05-26 20:29:12.907 E/ ( 0): [ 49.590219] the code is fine but needs lockdep annotation.
05-26 20:29:12.907 I/[ 49.595877] CPU( 0): 4 PID: 1355 Comm: HwBinder:1302_2 Tainted: G S W O 4.19.157+ #1
05-26 20:29:12.907 I/ ( 0): [ 49.601524] Hardware name: Qualcomm Technologies, Inc. kona MTP-RmPM8150b. VC1(FSE) DVT2 (DT)
05-26 20:29:12.907 I/ ( 0): [ 49.601526] Call trace:
05-26 20:29:12.907 I/ ( 0): [ 49.601534] dump_backtrace+0x0/0x258
05-26 20:29:12.907 I/ ( 0): [ 49.601536] show_stack+0x20/0x30
05-26 20:29:12.907 I/ ( 0): [ 49.601542] dump_stack+0xd8/0x12c
05-26 20:29:12.907 I/ ( 0): [ 49.601546] register_lock_class+0x4d0/0x5c8
05-26 20:29:12.907 I/ ( 0): [ 49.601548] __lock_acquire+0xbc/0x1e58
05-26 20:29:12.907 I/ ( 0): [ 49.601550] lock_acquire+0x1cc/0x218
05-26 20:29:12.907 I/ ( 0): [ 49.601555] _raw_spin_lock_irqsave+0x54/0x98
05-26 20:29:12.907 I/ ( 0): [ 49.601559] __ion_system_secure_heap_resize+0x768/0x8c0
05-26 20:29:12.907 I/ ( 0): [ 49.601560] ion_system_secure_heap_drain+0x28/0x38
05-26 20:29:12.907 I/ ( 0): [ 49.601564] ion_walk_heaps+0x88/0xb8
05-26 20:29:12.907 I/ ( 0): [ 49.601566] ion_ioctl+0x1b0/0x2a8
05-26 20:29:12.907 I/ ( 0): [ 49.601570] __arm64_compat_sys_ioctl+0xf4/0x240
05-26 20:29:12.907 I/ ( 0): [ 49.601573] el0_svc_common+0xa4/0x190
05-26 20:29:12.907 I/ ( 0): [ 49.601575] el0_svc_compat_handler+0x28/0x38
05-26 20:29:12.907 I/ ( 0): [ 49.601577] el0_svc_compat+0x8/0x34
05-26 20:29:12.907 I/[ 49.601580] CPU( 0): 7 PID: 330 Comm: kworker/u16:9 Tainted: G S W O 4.19.157+ #1
05-26 20:29:12.907 I/ ( 0): [ 49.601582] Hardware name: Qualcomm Technologies, Inc. kona MTP-RmPM8150b. VC1(FSE) DVT2 (DT)
05-26 20:29:12.907 I/[ 49.601588] Workqueue( 0): events_unbound ion_system_secure_heap_prefetch_work
05-26 20:29:12.907 I/ ( 0): [ 49.601590] Call trace:
05-26 20:29:12.907 I/ ( 0): [ 49.601592] dump_backtrace+0x0/0x258
05-26 20:29:12.907 I/ ( 0): [ 49.601593] show_stack+0x20/0x30
05-26 20:29:12.907 I/ ( 0): [ 49.601595] dump_stack+0xd8/0x12c
05-26 20:29:12.907 I/ ( 0): [ 49.601597] register_lock_class+0x4d0/0x5c8
05-26 20:29:12.907 I/ ( 0): [ 49.601598] __lock_acquire+0xbc/0x1e58
05-26 20:29:12.907 I/ ( 0): [ 49.601600] lock_acquire+0x1cc/0x218
05-26 20:29:12.907 I/ ( 0): [ 49.601602] _raw_spin_lock_irqsave+0x54/0x98
05-26 20:29:12.907 I/ ( 0): [ 49.601603] ion_system_secure_heap_prefetch_work+0x94/0x2c0
05-26 20:29:12.907 I/ ( 0): [ 49.601606] process_one_work+0x38c/0x660
05-26 20:29:12.907 I/ ( 0): [ 49.601608] worker_thread+0x268/0x4b8
05-26 20:29:12.907 I/ ( 0): [ 49.601610] kthread+0x140/0x150
05-26 20:29:12.907 I/ ( 0): [ 49.601611] ret_from_fork+0x10/0x1c
05-26 20:29:12.907 E/[ 49.610970] INFO( 0): trying to register non-static key.
05-26 20:29:12.907 E/ ( 0): [ 49.616076] the code is fine but needs lockdep annotation.
05-26 20:29:12.907 I/[ 49.621713] CPU( 0): 7 PID: 330 Comm: kworker/u16:9 Tainted: G S W O 4.19.157+ #1
05-26 20:29:12.907 I/ ( 0): [ 49.621714] Hardware name: Qualcomm Technologies, Inc. kona MTP-RmPM8150b. VC1(FSE) DVT2 (DT)
05-26 20:29:12.907 I/[ 49.621722] Workqueue( 0): events_unbound ion_system_secure_heap_prefetch_work
05-26 20:29:12.907 I/ ( 0): [ 49.621724] Call trace:
05-26 20:29:12.907 I/ ( 0): [ 49.621728] dump_backtrace+0x0/0x258
05-26 20:29:12.907 I/ ( 0): [ 49.621729] show_stack+0x20/0x30
05-26 20:29:12.907 I/ ( 0): [ 49.621732] dump_stack+0xd8/0x12c
05-26 20:29:12.907 I/ ( 0): [ 49.621734] register_lock_class+0x4d0/0x5c8
05-26 20:29:12.907 I/ ( 0): [ 49.621736] __lock_acquire+0xbc/0x1e58
05-26 20:29:12.907 I/ ( 0): [ 49.621737] lock_acquire+0x1cc/0x218
05-26 20:29:12.907 I/ ( 0): [ 49.621739] _raw_spin_lock_irqsave+0x54/0x98
05-26 20:29:12.907 I/ ( 0): [ 49.621741] ion_system_secure_heap_prefetch_work+0x94/0x2c0
05-26 20:29:12.907 I/ ( 0): [ 49.621743] process_one_work+0x38c/0x660
05-26 20:29:12.907 I/ ( 0): [ 49.621745] worker_thread+0x268/0x4b8
05-26 20:29:12.907 I/ ( 0): [ 49.621746] kthread+0x140/0x150
05-26 20:29:12.907 I/ ( 0): [ 49.621748] ret_from_fork+0x10/0x1c
05-26 20:29:12.907 I/[ 49.628506] msm_vidc( 0): high: 00000001: h265d: Closed video instance: ffffffe558ba0000
05-26 20:29:12.906 W/Looper ( 1164): Slow dispatch took 167ms main h=android.app.ActivityThread$H c=null m=114
05-26 20:29:12.909 E/KernelCpuSpeedReader( 1164): Failed to read cpu-freq: /sys/devices/system/cpu/cpu4/cpufreq/stats/time_in_state: open failed: ENOENT (No such file or directory)
05-26 20:29:12.910 E/KernelCpuSpeedReader( 1164): Failed to read cpu-freq: /sys/devices/system/cpu/cpu0/cpufreq/stats/time_in_state: open failed: ENOENT (No such file or directory)
05-26 20:29:12.939 E/[ 49.644235] INFO( 0): trying to register non-static key.
05-26 20:29:12.955 E/ ( 0): [ 49.649342] the code is fine but needs lockdep annotation.
05-26 20:29:12.955 I/[ 49.654983] CPU( 0): 7 PID: 330 Comm: kworker/u16:9 Tainted: G S W O 4.19.157+ #1
05-26 20:29:12.956 I/ ( 0): [ 49.654984] Hardware name: Qualcomm Technologies, Inc. kona MTP-RmPM8150b. VC1(FSE) DVT2 (DT)
05-26 20:29:12.956 I/[ 49.654993] Workqueue( 0): events_unbound ion_system_secure_heap_prefetch_work
05-26 20:29:12.956 I/ ( 0): [ 49.654995] Call trace:
05-26 20:29:12.956 I/ ( 0): [ 49.655000] dump_backtrace+0x0/0x258
05-26 20:29:12.956 I/ ( 0): [ 49.655001] show_stack+0x20/0x30
05-26 20:29:12.956 I/ ( 0): [ 49.655004] dump_stack+0xd8/0x12c
05-26 20:29:12.956 I/ ( 0): [ 49.655007] register_lock_class+0x4d0/0x5c8
05-26 20:29:12.956 I/ ( 0): [ 49.655008] __lock_acquire+0xbc/0x1e58
05-26 20:29:12.956 I/ ( 0): [ 49.655010] lock_acquire+0x1cc/0x218
05-26 20:29:12.956 I/ ( 0): [ 49.655012] _raw_spin_lock_irqsave+0x54/0x98
05-26 20:29:12.956 I/ ( 0): [ 49.655014] ion_system_secure_heap_prefetch_work+0x94/0x2c0
05-26 20:29:12.956 I/ ( 0): [ 49.655016] process_one_work+0x38c/0x660
05-26 20:29:12.956 I/ ( 0): [ 49.655018] worker_thread+0x268/0x4b8
05-26 20:29:12.956 I/ ( 0): [ 49.655020] kthread+0x140/0x150
05-26 20:29:12.956 I/ ( 0): [ 49.655022] ret_from_fork+0x10/0x1c
05-26 20:29:12.956 E/[ 49.666245] INFO( 0): trying to register non-static key.
05-26 20:29:12.956 E/ ( 0): [ 49.671346] the code is fine but needs lockdep annotation.
05-26 20:29:12.956 I/[ 49.676980] CPU( 0): 7 PID: 330 Comm: kworker/u16:9 Tainted: G S W O 4.19.157+ #1
05-26 20:29:12.956 I/ ( 0): [ 49.676981] Hardware name: Qualcomm Technologies, Inc. kona MTP-RmPM8150b. VC1(FSE) DVT2 (DT)
05-26 20:29:12.956 I/[ 49.676991] Workqueue( 0): events_unbound ion_system_secure_heap_prefetch_work
05-26 20:29:12.956 I/ ( 0): [ 49.676993] Call trace:
05-26 20:29:12.956 I/ ( 0): [ 49.676998] dump_backtrace+0x0/0x258
05-26 20:29:12.956 I/ ( 0): [ 49.676999] show_stack+0x20/0x30
05-26 20:29:12.956 I/ ( 0): [ 49.677003] dump_stack+0xd8/0x12c
05-26 20:29:12.956 I/ ( 0): [ 49.677006] register_lock_class+0x4d0/0x5c8
05-26 20:29:12.956 I/ ( 0): [ 49.677008] __lock_acquire+0xbc/0x1e58
05-26 20:29:12.956 I/ ( 0): [ 49.677009] lock_acquire+0x1cc/0x218
05-26 20:29:12.956 I/ ( 0): [ 49.677013] _raw_spin_lock_irqsave+0x54/0x98
05-26 20:29:12.956 I/ ( 0): [ 49.677014] ion_system_secure_heap_prefetch_work+0x94/0x2c0
05-26 20:29:12.956 I/ ( 0): [ 49.677018] process_one_work+0x38c/0x660
05-26 20:29:12.956 I/ ( 0): [ 49.677020] worker_thread+0x268/0x4b8
05-26 20:29:12.956 I/ ( 0): [ 49.677022] kthread+0x140/0x150
05-26 20:29:12.956 I/ ( 0): [ 49.677025] ret_from_fork+0x10/0x1c
05-26 20:29:12.956 E/[ 49.679385] INFO( 0): trying to register non-static key.
05-26 20:29:12.966 E/ ( 0): [ 49.684490] the code is fine but needs lockdep annotation.
05-26 20:29:12.966 I/[ 49.688534] binder( 0): 2234:2234 ioctl 40046210 7fd1008be4 returned -22
05-26 20:29:12.966 I/[ 49.690143] CPU( 0): 7 PID: 330 Comm: kworker/u16:9 Tainted: G S W O 4.19.157+ #1
05-26 20:29:12.966 I/ ( 0): [ 49.690144] Hardware name: Qualcomm Technologies, Inc. kona MTP-RmPM8150b. VC1(FSE) DVT2 (DT)
05-26 20:29:12.966 I/[ 49.690152] Workqueue( 0): events_unbound ion_system_secure_heap_prefetch_work
05-26 20:29:12.966 I/ ( 0): [ 49.690154] Call trace:
05-26 20:29:12.966 I/ ( 0): [ 49.690157] dump_backtrace+0x0/0x258
05-26 20:29:12.966 I/ ( 0): [ 49.690159] show_stack+0x20/0x30
05-26 20:29:12.966 I/ ( 0): [ 49.690161] dump_stack+0xd8/0x12c
05-26 20:29:12.966 I/ ( 0): [ 49.690164] register_lock_class+0x4d0/0x5c8
05-26 20:29:12.966 I/ ( 0): [ 49.690165] __lock_acquire+0xbc/0x1e58
05-26 20:29:12.966 I/ ( 0): [ 49.690167] lock_acquire+0x1cc/0x218
05-26 20:29:12.966 I/ ( 0): [ 49.690170] _raw_spin_lock_irqsave+0x54/0x98
05-26 20:29:12.966 I/ ( 0): [ 49.690172] ion_system_secure_heap_prefetch_work+0x94/0x2c0
05-26 20:29:12.966 I/ ( 0): [ 49.690174] process_one_work+0x38c/0x660
05-26 20:29:12.966 I/ ( 0): [ 49.690177] worker_thread+0x268/0x4b8
05-26 20:29:12.966 I/ ( 0): [ 49.690178] kthread+0x140/0x150
