06-21 06:24:37.238 W/ActivityManager( 1164): Background start not allowed: service Intent { cmp=com.tencent.android.qqdownloader/com.tencent.assistant.sdk.SDKSupportService (has extras) } to com.tencent.android.qqdownloader/com.tencent.assistant.sdk.SDKSupportService from pid=3329 uid=10115 pkg=com.tencent.android.qqdownloader startFg?=false
06-21 06:24:37.259 W/ActivityManager( 1164): Background start not allowed: service Intent { cmp=com.tencent.android.qqdownloader/com.tencent.assistant.sdk.SDKSupportService (has extras) } to com.tencent.android.qqdownloader/com.tencent.assistant.sdk.SDKSupportService from pid=3329 uid=10115 pkg=com.tencent.android.qqdownloader startFg?=false
06-21 06:24:37.263 E/[ 1128.161400] link_delay_work_func( 0): DTC_ETH: SQI=0, link=0
06-21 06:24:37.322 W/ActivityManager( 1164): Background start not allowed: service Intent { cmp=com.tencent.android.qqdownloader/com.tencent.assistant.sdk.SDKSupportService (has extras) } to com.tencent.android.qqdownloader/com.tencent.assistant.sdk.SDKSupportService from pid=3329 uid=10115 pkg=com.tencent.android.qqdownloader startFg?=false
06-21 06:24:37.330 W/ActivityManager( 1164): Background start not allowed: service Intent { cmp=com.tencent.android.qqdownloader/com.tencent.assistant.sdk.SDKSupportService (has extras) } to com.tencent.android.qqdownloader/com.tencent.assistant.sdk.SDKSupportService from pid=3329 uid=10115 pkg=com.tencent.android.qqdownloader startFg?=false
06-21 06:24:41.251 I/[ 1132.178779] init( 0): starting service 'hht_ota_mgr_service'...
06-21 06:24:41.442 I/[ 1132.359471] init( 0): Service 'hht_ota_mgr_service' (pid 11899) exited with status 0
06-21 06:24:41.458 I/[ 1132.381982] init( 0): Sending signal 9 to service 'hht_ota_mgr_service' (pid 11899) process group...
06-21 06:24:41.458 I/[ 1132.391313] libprocessgroup( 0): Successfully killed process cgroup uid 0 pid 11899 in 0ms
06-21 06:24:42.355 E/[ 1133.280444] link_delay_work_func( 0): DTC_ETH: SQI=0, link=0
06-21 06:24:46.278 I/[ 1137.199446] init( 0): starting service 'hht_ota_mgr_service'...
06-21 06:24:46.487 I/[ 1137.399435] init( 0): Service 'hht_ota_mgr_service' (pid 11919) exited with status 0
06-21 06:24:46.488 I/[ 1137.421731] init( 0): Sending signal 9 to service 'hht_ota_mgr_service' (pid 11919) process group...
06-21 06:24:46.497 I/[ 1137.431061] libprocessgroup( 0): Successfully killed process cgroup uid 0 pid 11919 in 0ms
06-21 06:24:47.479 E/[ 1138.400141] link_delay_work_func( 0): DTC_ETH: SQI=0, link=0
06-21 06:24:51.309 I/[ 1142.236890] init( 0): starting service 'hht_ota_mgr_service'...
06-21 06:24:51.522 I/[ 1142.438810] init( 0): Service 'hht_ota_mgr_service' (pid 11944) exited with status 0
06-21 06:24:51.528 I/[ 1142.462189] init( 0): Sending signal 9 to service 'hht_ota_mgr_service' (pid 11944) process group...
06-21 06:24:51.546 I/[ 1142.471498] libprocessgroup( 0): Successfully killed process cgroup uid 0 pid 11944 in 0ms
06-21 06:24:52.595 E/[ 1143.520241] link_delay_work_func( 0): DTC_ETH: SQI=0, link=0
06-21 06:24:56.070 I/[ 1146.994159] init( 0): processing action (sys.tlog.tlogdshc.active=1) from (/system/etc/init/tlogd.rc:195)
06-21 06:24:56.078 I/[ 1147.004833] init( 0): starting service 'tlogdshc'...
06-21 06:24:56.345 I/[ 1147.261570] init( 0): starting service 'hht_ota_mgr_service'...
06-21 06:24:56.409 I/[ 1147.331719] init( 0): Service 'tlogdshc' (pid 11962) exited with status 0 oneshot service took 0.308000 seconds in background
06-21 06:24:56.409 I/[ 1147.343033] init( 0): Sending signal 9 to service 'tlogdshc' (pid 11962) process group...
06-21 06:24:56.427 I/[ 1147.351297] libprocessgroup( 0): Successfully killed process cgroup uid 0 pid 11962 in 0ms
06-21 06:24:56.523 I/[ 1147.440622] init( 0): Service 'hht_ota_mgr_service' (pid 11971) exited with status 0
06-21 06:24:56.540 I/[ 1147.464346] init( 0): Sending signal 9 to service 'hht_ota_mgr_service' (pid 11971) process group...
06-21 06:24:56.549 I/[ 1147.474027] libprocessgroup( 0): Successfully killed process cgroup uid 0 pid 11971 in 0ms
06-21 06:24:57.714 E/[ 1148.640152] link_delay_work_func( 0): DTC_ETH: SQI=0, link=0
06-21 06:25:01.356 I/[ 1152.280776] init( 0): starting service 'hht_ota_mgr_service'...
06-21 06:25:01.574 I/[ 1152.483309] init( 0): Service 'hht_ota_mgr_service' (pid 11995) exited with status 0
06-21 06:25:01.586 I/[ 1152.510577] init( 0): Sending signal 9 to service 'hht_ota_mgr_service' (pid 11995) process group...
06-21 06:25:01.595 I/[ 1152.519935] libprocessgroup( 0): Successfully killed process cgroup uid 0 pid 11995 in 0ms
06-21 06:25:02.843 E/[ 1153.760329] link_delay_work_func( 0): DTC_ETH: SQI=0, link=0
06-21 06:25:06.402 I/[ 1157.322994] init( 0): starting service 'hht_ota_mgr_service'...
06-21 06:25:06.614 I/[ 1157.545378] init( 0): Service 'hht_ota_mgr_service' (pid 12017) exited with status 0
06-21 06:25:06.629 I/[ 1157.553311] init( 0): Sending signal 9 to service 'hht_ota_mgr_service' (pid 12017) process group...
06-21 06:25:06.637 I/[ 1157.562646] libprocessgroup( 0): Successfully killed process cgroup uid 0 pid 12017 in 0ms
06-21 06:25:07.955 E/[ 1158.880385] link_delay_work_func( 0): DTC_ETH: SQI=0, link=0
06-21 06:25:09.828 E/[ 1160.748749] [schedu][0x537ecdacf][06( 0): 25:09.815324] wlan: [1861:E:PE] lim_process_addba_req: 1716: Failed to process addba request
06-21 06:25:11.447 I/[ 1162.371394] init( 0): starting service 'hht_ota_mgr_service'...
06-21 06:25:11.646 I/[ 1162.561190] init( 0): Service 'hht_ota_mgr_service' (pid 12040) exited with status 0
06-21 06:25:11.659 I/[ 1162.583749] init( 0): Sending signal 9 to service 'hht_ota_mgr_service' (pid 12040) process group...
06-21 06:25:11.668 I/[ 1162.593025] libprocessgroup( 0): Successfully killed process cgroup uid 0 pid 12040 in 0ms
06-21 06:25:13.074 E/[ 1164.000240] link_delay_work_func( 0): DTC_ETH: SQI=0, link=0
06-21 06:25:16.469 I/[ 1167.395693] init( 0): starting service 'hht_ota_mgr_service'...
06-21 06:25:16.694 I/[ 1167.609161] init( 0): Service 'hht_ota_mgr_service' (pid 12060) exited with status 0
06-21 06:25:16.709 I/[ 1167.633070] init( 0): Sending signal 9 to service 'hht_ota_mgr_service' (pid 12060) process group...
06-21 06:25:16.709 I/[ 1167.642767] libprocessgroup( 0): Successfully killed process cgroup uid 0 pid 12060 in 0ms
06-21 06:25:18.195 E/[ 1169.120326] link_delay_work_func( 0): DTC_ETH: SQI=0, link=0
06-21 06:25:21.518 I/[ 1172.443811] init( 0): starting service 'hht_ota_mgr_service'...
06-21 06:25:21.722 I/[ 1172.637497] init( 0): Service 'hht_ota_mgr_service' (pid 12085) exited with status 0
06-21 06:25:21.736 I/[ 1172.660847] init( 0): Sending signal 9 to service 'hht_ota_mgr_service' (pid 12085) process group...
06-21 06:25:21.746 I/[ 1172.671121] libprocessgroup( 0): Successfully killed process cgroup uid 0 pid 12085 in 0ms
06-21 06:25:22.631 I/GameModeConfig( 1164): isGameModeOn = false
06-21 06:25:23.315 E/[ 1174.240264] link_delay_work_func( 0): DTC_ETH: SQI=0, link=0
06-21 06:25:26.080 I/[ 1177.003880] init( 0): processing action (sys.tlog.tlogdshc.active=1) from (/system/etc/init/tlogd.rc:195)
06-21 06:25:26.086 I/[ 1177.014405] init( 0): starting service 'tlogdshc'...
06-21 06:25:26.463 I/[ 1177.375719] init( 0): Service 'tlogdshc' (pid 12106) exited with status 0 oneshot service took 0.347000 seconds in background
06-21 06:25:26.463 I/[ 1177.388351] init( 0): Sending signal 9 to service 'tlogdshc' (pid 12106) process group...
06-21 06:25:26.475 I/[ 1177.397174] libprocessgroup( 0): Successfully killed process cgroup uid 0 pid 12106 in 0ms
06-21 06:25:26.545 I/[ 1177.467861] init( 0): starting service 'hht_ota_mgr_service'...
06-21 06:25:26.759 I/[ 1177.663488] init( 0): Service 'hht_ota_mgr_service' (pid 12117) exited with status 0
06-21 06:25:26.759 I/[ 1177.686656] init( 0): Sending signal 9 to service 'hht_ota_mgr_service' (pid 12117) process group...
06-21 06:25:26.771 I/[ 1177.695944] libprocessgroup( 0): Successfully killed process cgroup uid 0 pid 12117 in 0ms
06-21 06:25:28.433 E/[ 1179.360456] link_delay_work_func( 0): DTC_ETH: SQI=0, link=0
06-21 06:25:30.454 W/ActivityManager( 1164): Background start not allowed: service Intent { cmp=com.tencent.android.qqdownloader/com.tencent.assistant.sdk.SDKSupportService (has extras) } to com.tencent.android.qqdownloader/com.tencent.assistant.sdk.SDKSupportService from pid=3329 uid=10115 pkg=com.tencent.android.qqdownloader startFg?=false
06-21 06:25:30.469 W/ActivityManager( 1164): Background start not allowed: service Intent { cmp=com.tencent.android.qqdownloader/com.tencent.assistant.sdk.SDKSupportService (has extras) } to com.tencent.android.qqdownloader/com.tencent.assistant.sdk.SDKSupportService from pid=3329 uid=10115 pkg=com.tencent.android.qqdownloader startFg?=false
06-21 06:25:30.530 W/ActivityManager( 1164): Background start not allowed: service Intent { cmp=com.tencent.android.qqdownloader/com.tencent.assistant.sdk.SDKSupportService (has extras) } to com.tencent.android.qqdownloader/com.tencent.assistant.sdk.SDKSupportService from pid=3329 uid=10115 pkg=com.tencent.android.qqdownloader startFg?=false
06-21 06:25:30.540 W/ActivityManager( 1164): Background start not allowed: service Intent { cmp=com.tencent.android.qqdownloader/com.tencent.assistant.sdk.SDKSupportService (has extras) } to com.tencent.android.qqdownloader/com.tencent.assistant.sdk.SDKSupportService from pid=3329 uid=10115 pkg=com.tencent.android.qqdownloader startFg?=false
06-21 06:25:31.571 I/[ 1182.499023] init( 0): starting service 'hht_ota_mgr_service'...
06-21 06:25:31.782 I/[ 1182.695887] init( 0): Service 'hht_ota_mgr_service' (pid 12139) exited with status 0
06-21 06:25:31.794 I/[ 1182.718590] init( 0): Sending signal 9 to service 'hht_ota_mgr_service' (pid 12139) process group...
06-21 06:25:31.794 I/[ 1182.728040] libprocessgroup( 0): Successfully killed process cgroup uid 0 pid 12139 in 0ms
06-21 06:25:33.558 E/[ 1184.484125] link_delay_work_func( 0): DTC_ETH: SQI=0, link=0
06-21 06:25:36.592 I/[ 1187.519597] init( 0): starting service 'hht_ota_mgr_service'...
06-21 06:25:36.802 I/[ 1187.719053] init( 0): Service 'hht_ota_mgr_service' (pid 12161) exited with status 0
06-21 06:25:36.809 I/[ 1187.742240] init( 0): Sending signal 9 to service 'hht_ota_mgr_service' (pid 12161) process group...
06-21 06:25:36.826 I/[ 1187.751534] libprocessgroup( 0): Successfully killed process cgroup uid 0 pid 12161 in 0ms
06-21 06:25:38.674 E/[ 1189.600455] link_delay_work_func( 0): DTC_ETH: SQI=0, link=0
06-21 06:25:41.635 I/[ 1192.556352] init( 0): starting service 'hht_ota_mgr_service'...
06-21 06:25:41.848 I/[ 1192.764992] init( 0): Service 'hht_ota_mgr_service' (pid 12187) exited with status 0
06-21 06:25:41.848 I/[ 1192.782000] init( 0): Sending signal 9 to service 'hht_ota_mgr_service' (pid 12187) process group...
06-21 06:25:41.874 I/[ 1192.782237] libprocessgroup( 0): Successfully killed process cgroup uid 0 pid 12187 in 0ms
06-21 06:25:43.795 E/[ 1194.720266] link_delay_work_func( 0): DTC_ETH: SQI=0, link=0
06-21 06:25:46.663 I/[ 1197.590217] init( 0): starting service 'hht_ota_mgr_service'...
06-21 06:25:46.878 I/[ 1197.792268] init( 0): Service 'hht_ota_mgr_service' (pid 12205) exited with status 0
06-21 06:25:46.890 I/[ 1197.815039] init( 0): Sending signal 9 to service 'hht_ota_mgr_service' (pid 12205) process group...
06-21 06:25:46.891 I/[ 1197.824447] libprocessgroup( 0): Successfully killed process cgroup uid 0 pid 12205 in 0ms
06-21 06:25:48.913 E/[ 1199.840276] link_delay_work_func( 0): DTC_ETH: SQI=0, link=0
06-21 06:25:51.687 I/[ 1202.613913] init( 0): starting service 'hht_ota_mgr_service'...
06-21 06:25:51.890 I/[ 1202.808615] init( 0): Service 'hht_ota_mgr_service' (pid 12227) exited with status 0
06-21 06:25:51.906 I/[ 1202.830987] init( 0): Sending signal 9 to service 'hht_ota_mgr_service' (pid 12227) process group...
06-21 06:25:51.915 I/[ 1202.840345] libprocessgroup( 0): Successfully killed process cgroup uid 0 pid 12227 in 0ms
06-21 06:25:54.034 E/[ 1204.960907] link_delay_work_func( 0): DTC_ETH: SQI=0, link=0
06-21 06:25:56.103 I/[ 1207.020931] init( 0): processing action (sys.tlog.tlogdshc.active=1) from (/system/etc/init/tlogd.rc:195)
06-21 06:25:56.103 I/[ 1207.031898] init( 0): starting service 'tlogdshc'...
06-21 06:25:56.502 I/[ 1207.415848] init( 0): Service 'tlogdshc' (pid 12249) exited with status 0 oneshot service took 0.359000 seconds in background
06-21 06:25:56.503 I/[ 1207.428032] init( 0): Sending signal 9 to service 'tlogdshc' (pid 12249) process group...
06-21 06:25:56.514 I/[ 1207.437503] libprocessgroup( 0): Successfully killed process cgroup uid 0 pid 12249 in 0ms
06-21 06:25:56.711 I/[ 1207.634646] init( 0): starting service 'hht_ota_mgr_service'...
06-21 06:25:56.930 I/[ 1207.848101] init( 0): Service 'hht_ota_mgr_service' (pid 12260) exited with status 0
06-21 06:25:56.946 I/[ 1207.871165] init( 0): Sending signal 9 to service 'hht_ota_mgr_service' (pid 12260) process group...
06-21 06:25:56.955 I/[ 1207.880596] libprocessgroup( 0): Successfully killed process cgroup uid 0 pid 12260 in 0ms
06-21 06:25:59.155 E/[ 1210.080329] link_delay_work_func( 0): DTC_ETH: SQI=0, link=0
06-21 06:26:01.760 I/[ 1212.686580] init( 0): starting service 'hht_ota_mgr_service'...
06-21 06:26:01.972 I/[ 1212.882793] init( 0): Service 'hht_ota_mgr_service' (pid 12284) exited with status 0
06-21 06:26:01.983 I/[ 1212.906512] init( 0): Sending signal 9 to service 'hht_ota_mgr_service' (pid 12284) process group...
06-21 06:26:01.983 I/[ 1212.916109] libprocessgroup( 0): Successfully killed process cgroup uid 0 pid 12284 in 0ms
06-21 06:26:04.274 E/[ 1215.200391] link_delay_work_func( 0): DTC_ETH: SQI=0, link=0
06-21 06:26:06.797 I/[ 1217.725149] init( 0): starting service 'hht_ota_mgr_service'...
06-21 06:26:07.018 I/[ 1217.933634] init( 0): Service 'hht_ota_mgr_service' (pid 12303) exited with status 0
06-21 06:26:07.023 I/[ 1217.956631] init( 0): Sending signal 9 to service 'hht_ota_mgr_service' (pid 12303) process group...
06-21 06:26:07.041 I/[ 1217.966917] libprocessgroup( 0): Successfully killed process cgroup uid 0 pid 12303 in 0ms
06-21 06:26:09.394 E/[ 1220.320313] link_delay_work_func( 0): DTC_ETH: SQI=0, link=0
06-21 06:26:10.860 E/[ 1221.781152] [schedu][0x57dc57240][06( 0): 26:10.847741] wlan: [1861:E:PE] lim_process_addba_req: 1716: Failed to process addba request
06-21 06:26:11.847 I/[ 1222.769261] init( 0): starting service 'hht_ota_mgr_service'...
06-21 06:26:12.026 I/[ 1222.944199] init( 0): Service 'hht_ota_mgr_service' (pid 12327) exited with status 0
06-21 06:26:12.046 I/[ 1222.966744] init( 0): Sending signal 9 to service 'hht_ota_mgr_service' (pid 12327) process group...
06-21 06:26:12.046 I/[ 1222.976150] libprocessgroup( 0): Successfully killed process cgroup uid 0 pid 12327 in 0ms
06-21 06:26:14.513 E/[ 1225.440150] link_delay_work_func( 0): DTC_ETH: SQI=0, link=0
06-21 06:26:16.871 I/[ 1227.797108] init( 0): starting service 'hht_ota_mgr_service'...
06-21 06:26:17.057 I/[ 1227.983274] init( 0): Service 'hht_ota_mgr_service' (pid 12352) exited with status 0
06-21 06:26:17.057 I/[ 1227.991083] init( 0): Sending signal 9 to service 'hht_ota_mgr_service' (pid 12352) process group...
06-21 06:26:17.088 I/[ 1228.021606] libprocessgroup( 0): Successfully killed process cgroup uid 0 pid 12352 in 0ms
06-21 06:26:18.962 I/[ 1229.885246] perf( 0): interrupt took too long (6440 > 6317), lowering kernel.perf_event_max_sample_rate to 31000
06-21 06:26:19.635 E/[ 1230.560276] link_delay_work_func( 0): DTC_ETH: SQI=0, link=0
06-21 06:26:21.893 I/[ 1232.819945] init( 0): starting service 'hht_ota_mgr_service'...
06-21 06:26:22.120 I/[ 1233.028350] init( 0): Service 'hht_ota_mgr_service' (pid 12376) exited with status 0
06-21 06:26:22.120 I/[ 1233.052735] init( 0): Sending signal 9 to service 'hht_ota_mgr_service' (pid 12376) process group...
06-21 06:26:22.136 I/[ 1233.062094] libprocessgroup( 0): Successfully killed process cgroup uid 0 pid 12376 in 0ms
06-21 06:26:24.120 I/GameModeConfig( 1164): isGameModeOn = false
06-21 06:26:24.654 W/ActivityManager( 1164): Background start not allowed: service Intent { cmp=com.tencent.android.qqdownloader/com.tencent.assistant.sdk.SDKSupportService (has extras) } to com.tencent.android.qqdownloader/com.tencent.assistant.sdk.SDKSupportService from pid=3329 uid=10115 pkg=com.tencent.android.qqdownloader startFg?=false
06-21 06:26:24.674 W/ActivityManager( 1164): Background start not allowed: service Intent { cmp=com.tencent.android.qqdownloader/com.tencent.assistant.sdk.SDKSupportService (has extras) } to com.tencent.android.qqdownloader/com.tencent.assistant.sdk.SDKSupportService from pid=3329 uid=10115 pkg=com.tencent.android.qqdownloader startFg?=false
06-21 06:26:24.729 W/ActivityManager( 1164): Background start not allowed: service Intent { cmp=com.tencent.android.qqdownloader/com.tencent.assistant.sdk.SDKSupportService (has extras) } to com.tencent.android.qqdownloader/com.tencent.assistant.sdk.SDKSupportService from pid=3329 uid=10115 pkg=com.tencent.android.qqdownloader startFg?=false
06-21 06:26:24.735 W/ActivityManager( 1164): Background start not allowed: service Intent { cmp=com.tencent.android.qqdownloader/com.tencent.assistant.sdk.SDKSupportService (has extras) } to com.tencent.android.qqdownloader/com.tencent.assistant.sdk.SDKSupportService from pid=3329 uid=10115 pkg=com.tencent.android.qqdownloader startFg?=false
06-21 06:26:24.758 E/[ 1235.680143] link_delay_work_func( 0): DTC_ETH: SQI=0, link=0
06-21 06:26:26.105 I/[ 1237.029353] init( 0): processing action (sys.tlog.tlogdshc.active=1) from (/system/etc/init/tlogd.rc:195)
06-21 06:26:26.113 I/[ 1237.041879] init( 0): starting service 'tlogdshc'...
06-21 06:26:26.500 I/[ 1237.411763] init( 0): Service 'tlogdshc' (pid 12393) exited with status 0 oneshot service took 0.335000 seconds in background
06-21 06:26:26.500 I/[ 1237.425492] init( 0): Sending signal 9 to service 'tlogdshc' (pid 12393) process group...
06-21 06:26:26.510 I/[ 1237.435224] libprocessgroup( 0): Successfully killed process cgroup uid 0 pid 12393 in 0ms
06-21 06:26:26.922 I/[ 1237.849801] init( 0): starting service 'hht_ota_mgr_service'...
06-21 06:26:27.122 I/[ 1238.039857] init( 0): Service 'hht_ota_mgr_service' (pid 12406) exited with status 0
06-21 06:26:27.146 I/[ 1238.063305] init( 0): Sending signal 9 to service 'hht_ota_mgr_service' (pid 12406) process group...
06-21 06:26:27.146 I/[ 1238.072690] libprocessgroup( 0): Successfully killed process cgroup uid 0 pid 12406 in 0ms
06-21 06:26:29.879 E/[ 1240.800392] link_delay_work_func( 0): DTC_ETH: SQI=0, link=0
06-21 06:26:31.955 I/[ 1242.880874] init( 0): starting service 'hht_ota_mgr_service'...
06-21 06:26:32.179 I/[ 1243.089374] init( 0): Service 'hht_ota_mgr_service' (pid 12428) exited with status 0
06-21 06:26:32.179 I/[ 1243.109375] init( 0): Sending signal 9 to service 'hht_ota_mgr_service' (pid 12428) process group...
06-21 06:26:32.194 I/[ 1243.119269] libprocessgroup( 0): Successfully killed process cgroup uid 0 pid 12428 in 0ms
06-21 06:26:34.148 I/UsageStatsService( 1164): User[0] Flushing usage stats to disk
06-21 06:26:34.992 E/[ 1245.920153] link_delay_work_func( 0): DTC_ETH: SQI=0, link=0
06-21 06:26:36.992 I/[ 1247.919739] init( 0): starting service 'hht_ota_mgr_service'...
06-21 06:26:37.186 I/[ 1248.104343] init( 0): Service 'hht_ota_mgr_service' (pid 12450) exited with status 0
06-21 06:26:37.203 I/[ 1248.126883] init( 0): Sending signal 9 to service 'hht_ota_mgr_service' (pid 12450) process group...
06-21 06:26:37.203 I/[ 1248.136227] libprocessgroup( 0): Successfully killed process cgroup uid 0 pid 12450 in 0ms
06-21 06:26:40.114 E/[ 1251.040178] link_delay_work_func( 0): DTC_ETH: SQI=0, link=0
06-21 06:26:42.015 I/[ 1252.940838] init( 0): starting service 'hht_ota_mgr_service'...
06-21 06:26:42.234 I/[ 1253.151159] init( 0): Service 'hht_ota_mgr_service' (pid 12476) exited with status 0
06-21 06:26:42.250 I/[ 1253.174140] init( 0): Sending signal 9 to service 'hht_ota_mgr_service' (pid 12476) process group...
06-21 06:26:42.259 I/[ 1253.184438] libprocessgroup( 0): Successfully killed process cgroup uid 0 pid 12476 in 0ms
06-21 06:26:45.235 E/[ 1256.160405] link_delay_work_func( 0): DTC_ETH: SQI=0, link=0
06-21 06:26:47.058 I/[ 1257.985560] init( 0): starting service 'hht_ota_mgr_service'...
06-21 06:26:47.262 I/[ 1258.180171] init( 0): Service 'hht_ota_mgr_service' (pid 12496) exited with status 0
06-21 06:26:47.269 I/[ 1258.202845] init( 0): Sending signal 9 to service 'hht_ota_mgr_service' (pid 12496) process group...
06-21 06:26:47.287 I/[ 1258.212164] libprocessgroup( 0): Successfully killed process cgroup uid 0 pid 12496 in 0ms
06-21 06:26:50.355 E/[ 1261.280279] link_delay_work_func( 0): DTC_ETH: SQI=0, link=0
06-21 06:26:52.083 I/[ 1263.007332] init( 0): starting service 'hht_ota_mgr_service'...
06-21 06:26:52.302 I/[ 1263.212580] init( 0): Service 'hht_ota_mgr_service' (pid 12520) exited with status 0
06-21 06:26:52.318 I/[ 1263.242775] init( 0): Sending signal 9 to service 'hht_ota_mgr_service' (pid 12520) process group...
06-21 06:26:52.330 I/[ 1263.253181] libprocessgroup( 0): Successfully killed process cgroup uid 0 pid 12520 in 0ms
06-21 06:26:55.475 E/[ 1266.400260] link_delay_work_func( 0): DTC_ETH: SQI=0, link=0
06-21 06:26:56.119 I/[ 1267.035429] init( 0): processing action (sys.tlog.tlogdshc.active=1) from (/system/etc/init/tlogd.rc:195)
06-21 06:26:56.119 I/[ 1267.047303] init( 0): starting service 'tlogdshc'...
06-21 06:26:56.495 I/[ 1267.409393] init( 0): Service 'tlogdshc' (pid 12538) exited with status 0 oneshot service took 0.347000 seconds in background
06-21 06:26:56.495 I/[ 1267.420795] init( 0): Sending signal 9 to service 'tlogdshc' (pid 12538) process group...
06-21 06:26:56.506 I/[ 1267.430257] libprocessgroup( 0): Successfully killed process cgroup uid 0 pid 12538 in 1ms
06-21 06:26:57.115 I/[ 1268.042092] init( 0): starting service 'hht_ota_mgr_service'...
06-21 06:26:57.334 I/[ 1268.251306] init( 0): Service 'hht_ota_mgr_service' (pid 12553) exited with status 0
06-21 06:26:57.350 I/[ 1268.274372] init( 0): Sending signal 9 to service 'hht_ota_mgr_service' (pid 12553) process group...
06-21 06:26:57.360 I/[ 1268.283698] libprocessgroup( 0): Successfully killed process cgroup uid 0 pid 12553 in 0ms
06-21 06:26:57.522 W/ActivityManager( 1164): Background start not allowed: service Intent { cmp=com.tencent.android.qqdownloader/com.tencent.assistant.sdk.SDKSupportService (has extras) } to com.tencent.android.qqdownloader/com.tencent.assistant.sdk.SDKSupportService from pid=3329 uid=10115 pkg=com.tencent.android.qqdownloader startFg?=false
06-21 06:26:57.534 W/ActivityManager( 1164): Background start not allowed: service Intent { cmp=com.tencent.android.qqdownloader/com.tencent.assistant.sdk.SDKSupportService (has extras) } to com.tencent.android.qqdownloader/com.tencent.assistant.sdk.SDKSupportService from pid=3329 uid=10115 pkg=com.tencent.android.qqdownloader startFg?=false
06-21 06:26:57.594 W/ActivityManager( 1164): Background start not allowed: service Intent { cmp=com.tencent.android.qqdownloader/com.tencent.assistant.sdk.SDKSupportService (has extras) } to com.tencent.android.qqdownloader/com.tencent.assistant.sdk.SDKSupportService from pid=3329 uid=10115 pkg=com.tencent.android.qqdownloader startFg?=false
06-21 06:26:57.604 W/ActivityManager( 1164): Background start not allowed: service Intent { cmp=com.tencent.android.qqdownloader/com.tencent.assistant.sdk.SDKSupportService (has extras) } to com.tencent.android.qqdownloader/com.tencent.assistant.sdk.SDKSupportService from pid=3329 uid=10115 pkg=com.tencent.android.qqdownloader startFg?=false
06-21 06:27:00.595 E/[ 1271.520246] link_delay_work_func( 0): DTC_ETH: SQI=0, link=0
06-21 06:27:02.170 I/[ 1273.095595] init( 0): starting service 'hht_ota_mgr_service'...
06-21 06:27:02.374 I/[ 1273.288528] init( 0): Service 'hht_ota_mgr_service' (pid 12576) exited with status 0
06-21 06:27:02.378 I/[ 1273.311195] init( 0): Sending signal 9 to service 'hht_ota_mgr_service' (pid 12576) process group...
06-21 06:27:02.400 I/[ 1273.324894] libprocessgroup( 0): Successfully killed process cgroup uid 0 pid 12576 in 0ms
06-21 06:27:05.715 E/[ 1276.640436] link_delay_work_func( 0): DTC_ETH: SQI=0, link=0
06-21 06:27:07.198 I/[ 1278.125704] init( 0): starting service 'hht_ota_mgr_service'...
06-21 06:27:07.411 I/[ 1278.326548] init( 0): Service 'hht_ota_mgr_service' (pid 12598) exited with status 0
06-21 06:27:07.426 I/[ 1278.350250] init( 0): Sending signal 9 to service 'hht_ota_mgr_service' (pid 12598) process group...
06-21 06:27:07.434 I/[ 1278.359606] libprocessgroup( 0): Successfully killed process cgroup uid 0 pid 12598 in 0ms
06-21 06:27:10.841 E/[ 1281.760206] link_delay_work_func( 0): DTC_ETH: SQI=0, link=0
06-21 06:27:11.885 E/[ 1282.806100] [schedu][0x5c39bd930][06( 0): 27:11.872687] wlan: [1861:E:PE] lim_process_addba_req: 1716: Failed to process addba request
06-21 06:27:12.242 I/[ 1283.169723] init( 0): starting service 'hht_ota_mgr_service'...
06-21 06:27:12.454 I/[ 1283.368431] init( 0): Service 'hht_ota_mgr_service' (pid 12622) exited with status 0
06-21 06:27:12.467 I/[ 1283.391943] init( 0): Sending signal 9 to service 'hht_ota_mgr_service' (pid 12622) process group...
06-21 06:27:12.476 I/[ 1283.401194] libprocessgroup( 0): Successfully killed process cgroup uid 0 pid 12622 in 0ms
06-21 06:27:15.953 E/[ 1286.880479] link_delay_work_func( 0): DTC_ETH: SQI=0, link=0
06-21 06:27:17.275 I/[ 1288.201634] init( 0): starting service 'hht_ota_mgr_service'...
06-21 06:27:17.490 I/[ 1288.408546] init( 0): Service 'hht_ota_mgr_service' (pid 12641) exited with status 0
06-21 06:27:17.506 I/[ 1288.431063] init( 0): Sending signal 9 to service 'hht_ota_mgr_service' (pid 12641) process group...
06-21 06:27:17.515 I/[ 1288.440341] libprocessgroup( 0): Successfully killed process cgroup uid 0 pid 12641 in 0ms
06-21 06:27:21.072 E/[ 1292.000226] link_delay_work_func( 0): DTC_ETH: SQI=0, link=0
06-21 06:27:22.299 I/[ 1293.225677] init( 0): starting service 'hht_ota_mgr_service'...
06-21 06:27:22.518 I/[ 1293.433991] init( 0): Service 'hht_ota_mgr_service' (pid 12663) exited with status 0
06-21 06:27:22.535 I/[ 1293.457930] init( 0): Sending signal 9 to service 'hht_ota_mgr_service' (pid 12663) process group...
06-21 06:27:22.535 I/[ 1293.467365] libprocessgroup( 0): Successfully killed process cgroup uid 0 pid 12663 in 0ms
06-21 06:27:24.146 I/GameModeConfig( 1164): isGameModeOn = false
06-21 06:27:26.123 I/[ 1297.046152] init( 0): processing action (sys.tlog.tlogdshc.active=1) from (/system/etc/init/tlogd.rc:195)
06-21 06:27:26.130 I/[ 1297.057058] init( 0): starting service 'tlogdshc'...
06-21 06:27:26.194 E/[ 1297.120170] link_delay_work_func( 0): DTC_ETH: SQI=0, link=0
06-21 06:27:26.506 I/[ 1297.420428] init( 0): Service 'tlogdshc' (pid 12687) exited with status 0 oneshot service took 0.347000 seconds in background
06-21 06:27:26.506 I/[ 1297.431725] init( 0): Sending signal 9 to service 'tlogdshc' (pid 12687) process group...
06-21 06:27:26.509 I/[ 1297.441047] libprocessgroup( 0): Successfully killed process cgroup uid 0 pid 12687 in 0ms
06-21 06:27:27.338 I/[ 1298.265833] init( 0): starting service 'hht_ota_mgr_service'...
06-21 06:27:27.542 I/[ 1298.457135] init( 0): Service 'hht_ota_mgr_service' (pid 12700) exited with status 0
06-21 06:27:27.556 I/[ 1298.480597] init( 0): Sending signal 9 to service 'hht_ota_mgr_service' (pid 12700) process group...
06-21 06:27:27.565 I/[ 1298.489984] libprocessgroup( 0): Successfully killed process cgroup uid 0 pid 12700 in 0ms
06-21 06:27:31.315 E/[ 1302.240267] link_delay_work_func( 0): DTC_ETH: SQI=0, link=0
06-21 06:27:32.367 I/[ 1303.293988] init( 0): starting service 'hht_ota_mgr_service'...
06-21 06:27:32.603 I/[ 1303.518066] init( 0): Service 'hht_ota_mgr_service' (pid 12725) exited with status 0
06-21 06:27:32.617 I/[ 1303.541373] init( 0): Sending signal 9 to service 'hht_ota_mgr_service' (pid 12725) process group...
06-21 06:27:32.626 I/[ 1303.551294] libprocessgroup( 0): Successfully killed process cgroup uid 0 pid 12725 in 0ms
06-21 06:27:36.434 E/[ 1307.360162] link_delay_work_func( 0): DTC_ETH: SQI=0, link=0
06-21 06:27:37.421 I/[ 1308.341118] init( 0): starting service 'hht_ota_mgr_service'...
06-21 06:27:37.626 I/[ 1308.537104] init( 0): Service 'hht_ota_mgr_service' (pid 12742) exited with status 0
06-21 06:27:37.626 I/[ 1308.560156] init( 0): Sending signal 9 to service 'hht_ota_mgr_service' (pid 12742) process group...
06-21 06:27:37.644 I/[ 1308.569657] libprocessgroup( 0): Successfully killed process cgroup uid 0 pid 12742 in 0ms
06-21 06:27:41.552 E/[ 1312.480290] link_delay_work_func( 0): DTC_ETH: SQI=0, link=0
06-21 06:27:42.447 I/[ 1313.374745] init( 0): starting service 'hht_ota_mgr_service'...
06-21 06:27:42.650 I/[ 1313.560742] init( 0): Service 'hht_ota_mgr_service' (pid 12771) exited with status 0
06-21 06:27:42.650 I/[ 1313.584310] init( 0): Sending signal 9 to service 'hht_ota_mgr_service' (pid 12771) process group...
06-21 06:27:42.660 I/[ 1313.593847] libprocessgroup( 0): Successfully killed process cgroup uid 0 pid 12771 in 0ms
06-21 06:27:46.675 E/[ 1317.600263] link_delay_work_func( 0): DTC_ETH: SQI=0, link=0
06-21 06:27:47.470 I/[ 1318.397415] init( 0): starting service 'hht_ota_mgr_service'...
06-21 06:27:47.678 I/[ 1318.596768] init( 0): Service 'hht_ota_mgr_service' (pid 12795) exited with status 0
06-21 06:27:47.695 I/[ 1318.619482] init( 0): Sending signal 9 to service 'hht_ota_mgr_service' (pid 12795) process group...
06-21 06:27:47.703 I/[ 1318.628789] libprocessgroup( 0): Successfully killed process cgroup uid 0 pid 12795 in 0ms
06-21 06:27:51.795 E/[ 1322.720271] link_delay_work_func( 0): DTC_ETH: SQI=0, link=0
06-21 06:27:52.452 W/ActivityManager( 1164): Background start not allowed: service Intent { cmp=com.tencent.android.qqdownloader/com.tencent.assistant.sdk.SDKSupportService (has extras) } to com.tencent.android.qqdownloader/com.tencent.assistant.sdk.SDKSupportService from pid=3329 uid=10115 pkg=com.tencent.android.qqdownloader startFg?=false
06-21 06:27:52.468 W/ActivityManager( 1164): Background start not allowed: service Intent { cmp=com.tencent.android.qqdownloader/com.tencent.assistant.sdk.SDKSupportService (has extras) } to com.tencent.android.qqdownloader/com.tencent.assistant.sdk.SDKSupportService from pid=3329 uid=10115 pkg=com.tencent.android.qqdownloader startFg?=false
06-21 06:27:52.499 I/[ 1323.425702] init( 0): starting service 'hht_ota_mgr_service'...
06-21 06:27:52.538 W/ActivityManager( 1164): Background start not allowed: service Intent { cmp=com.tencent.android.qqdownloader/com.tencent.assistant.sdk.SDKSupportService (has extras) } to com.tencent.android.qqdownloader/com.tencent.assistant.sdk.SDKSupportService from pid=3329 uid=10115 pkg=com.tencent.android.qqdownloader startFg?=false
06-21 06:27:52.547 W/ActivityManager( 1164): Background start not allowed: service Intent { cmp=com.tencent.android.qqdownloader/com.tencent.assistant.sdk.SDKSupportService (has extras) } to com.tencent.android.qqdownloader/com.tencent.assistant.sdk.SDKSupportService from pid=3329 uid=10115 pkg=com.tencent.android.qqdownloader startFg?=false
06-21 06:27:52.710 I/[ 1323.623377] init( 0): Service 'hht_ota_mgr_service' (pid 12819) exited with status 0
06-21 06:27:52.724 I/[ 1323.648850] init( 0): Sending signal 9 to service 'hht_ota_mgr_service' (pid 12819) process group...
06-21 06:27:52.733 I/[ 1323.658497] libprocessgroup( 0): Successfully killed process cgroup uid 0 pid 12819 in 0ms
06-21 06:27:56.129 I/[ 1327.052498] init( 0): processing action (sys.tlog.tlogdshc.active=1) from (/system/etc/init/tlogd.rc:195)
06-21 06:27:56.134 I/[ 1327.063003] init( 0): starting service 'tlogdshc'...
06-21 06:27:56.483 I/[ 1327.401740] init( 0): Service 'tlogdshc' (pid 12838) exited with status 0 oneshot service took 0.325000 seconds in background
06-21 06:27:56.483 I/[ 1327.413181] init( 0): Sending signal 9 to service 'tlogdshc' (pid 12838) process group...
06-21 06:27:56.496 I/[ 1327.421589] libprocessgroup( 0): Successfully killed process cgroup uid 0 pid 12838 in 0ms
06-21 06:27:56.915 E/[ 1327.840271] link_delay_work_func( 0): DTC_ETH: SQI=0, link=0
06-21 06:27:57.518 I/[ 1328.445799] init( 0): starting service 'hht_ota_mgr_service'...
06-21 06:27:57.714 I/[ 1328.633039] init( 0): Service 'hht_ota_mgr_service' (pid 12851) exited with status 0
06-21 06:27:57.734 I/[ 1328.656543] init( 0): Sending signal 9 to service 'hht_ota_mgr_service' (pid 12851) process group...
06-21 06:27:57.735 I/[ 1328.665938] libprocessgroup( 0): Successfully killed process cgroup uid 0 pid 12851 in 0ms
06-21 06:28:02.046 E/[ 1332.960200] link_delay_work_func( 0): DTC_ETH: SQI=0, link=0
06-21 06:28:02.539 I/[ 1333.467038] init( 0): starting service 'hht_ota_mgr_service'...
06-21 06:28:02.738 I/[ 1333.655586] init( 0): Service 'hht_ota_mgr_service' (pid 12875) exited with status 0
06-21 06:28:02.759 I/[ 1333.679248] init( 0): Sending signal 9 to service 'hht_ota_mgr_service' (pid 12875) process group...
06-21 06:28:02.759 I/[ 1333.689091] libprocessgroup( 0): Successfully killed process cgroup uid 0 pid 12875 in 0ms
06-21 06:28:07.153 E/[ 1338.080194] link_delay_work_func( 0): DTC_ETH: SQI=0, link=0
06-21 06:28:07.562 I/[ 1338.489849] init( 0): starting service 'hht_ota_mgr_service'...
06-21 06:28:07.766 I/[ 1338.681306] init( 0): Service 'hht_ota_mgr_service' (pid 12899) exited with status 0
06-21 06:28:07.781 I/[ 1338.705000] init( 0): Sending signal 9 to service 'hht_ota_mgr_service' (pid 12899) process group...
06-21 06:28:07.790 I/[ 1338.714751] libprocessgroup( 0): Successfully killed process cgroup uid 0 pid 12899 in 0ms
06-21 06:28:12.273 E/[ 1343.200167] link_delay_work_func( 0): DTC_ETH: SQI=0, link=0
06-21 06:28:12.603 I/[ 1343.530149] init( 0): starting service 'hht_ota_mgr_service'...
06-21 06:28:12.810 I/[ 1343.719551] init( 0): Service 'hht_ota_mgr_service' (pid 12922) exited with status 0
06-21 06:28:12.810 I/[ 1343.742676] init( 0): Sending signal 9 to service 'hht_ota_mgr_service' (pid 12922) process group...
06-21 06:28:12.825 E/[ 1343.745005] [schedu][0x609590b96][06( 0): 28:12.811598] wlan: [1861:E:PE] lim_process_addba_req: 1716: Failed to process addba request
06-21 06:28:12.825 I/[ 1343.752007] libprocessgroup( 0): Successfully killed process cgroup uid 0 pid 12922 in 0ms
06-21 06:28:17.393 E/[ 1348.320551] link_delay_work_func( 0): DTC_ETH: SQI=0, link=0
06-21 06:28:17.631 I/[ 1348.559239] init( 0): starting service 'hht_ota_mgr_service'...
06-21 06:28:17.846 I/[ 1348.758701] init( 0): Service 'hht_ota_mgr_service' (pid 12942) exited with status 0
06-21 06:28:17.867 I/[ 1348.782865] init( 0): Sending signal 9 to service 'hht_ota_mgr_service' (pid 12942) process group...
06-21 06:28:17.867 I/[ 1348.792544] libprocessgroup( 0): Successfully killed process cgroup uid 0 pid 12942 in 0ms
06-21 06:28:22.514 E/[ 1353.440127] link_delay_work_func( 0): DTC_ETH: SQI=0, link=0
06-21 06:28:22.659 I/[ 1353.584906] init( 0): starting service 'hht_ota_mgr_service'...
06-21 06:28:22.870 I/[ 1353.789006] init( 0): Service 'hht_ota_mgr_service' (pid 12966) exited with status 0
06-21 06:28:22.888 I/[ 1353.812604] init( 0): Sending signal 9 to service 'hht_ota_mgr_service' (pid 12966) process group...
06-21 06:28:22.888 I/[ 1353.821920] libprocessgroup( 0): Successfully killed process cgroup uid 0 pid 12966 in 0ms
06-21 06:28:25.645 I/GameModeConfig( 1164): isGameModeOn = false
06-21 06:28:26.143 I/[ 1357.067343] init( 0): processing action (sys.tlog.tlogdshc.active=1) from (/system/etc/init/tlogd.rc:195)
06-21 06:28:26.151 I/[ 1357.077921] init( 0): starting service 'tlogdshc'...
06-21 06:28:26.519 I/[ 1357.428529] init( 0): Service 'tlogdshc' (pid 12983) exited with status 0 oneshot service took 0.336000 seconds in background
06-21 06:28:26.519 I/[ 1357.444002] init( 0): Sending signal 9 to service 'tlogdshc' (pid 12983) process group...
06-21 06:28:26.531 I/[ 1357.453362] libprocessgroup( 0): Successfully killed process cgroup uid 0 pid 12983 in 0ms
06-21 06:28:27.635 E/[ 1358.560280] link_delay_work_func( 0): DTC_ETH: SQI=0, link=0
06-21 06:28:27.679 I/[ 1358.605368] init( 0): starting service 'hht_ota_mgr_service'...
06-21 06:28:27.878 I/[ 1358.791600] init( 0): Service 'hht_ota_mgr_service' (pid 12996) exited with status 0
06-21 06:28:27.890 I/[ 1358.814900] init( 0): Sending signal 9 to service 'hht_ota_mgr_service' (pid 12996) process group...
06-21 06:28:27.899 I/[ 1358.824795] libprocessgroup( 0): Successfully killed process cgroup uid 0 pid 12996 in 0ms
06-21 06:28:32.703 I/[ 1363.630991] init( 0): starting service 'hht_ota_mgr_service'...
06-21 06:28:32.754 E/[ 1363.680163] link_delay_work_func( 0): DTC_ETH: SQI=0, link=0
06-21 06:28:32.910 I/[ 1363.828454] init( 0): Service 'hht_ota_mgr_service' (pid 13020) exited with status 0
06-21 06:28:32.927 I/[ 1363.851437] init( 0): Sending signal 9 to service 'hht_ota_mgr_service' (pid 13020) process group...
06-21 06:28:32.936 I/[ 1363.861003] libprocessgroup( 0): Successfully killed process cgroup uid 0 pid 13020 in 0ms
06-21 06:28:37.729 I/[ 1368.656516] init( 0): starting service 'hht_ota_mgr_service'...
06-21 06:28:37.880 E/[ 1368.808194] link_delay_work_func( 0): DTC_ETH: SQI=0, link=0
06-21 06:28:37.942 I/[ 1368.857006] init( 0): Service 'hht_ota_mgr_service' (pid 13044) exited with status 0
06-21 06:28:37.956 I/[ 1368.880595] init( 0): Sending signal 9 to service 'hht_ota_mgr_service' (pid 13044) process group...
06-21 06:28:37.964 I/[ 1368.889930] libprocessgroup( 0): Successfully killed process cgroup uid 0 pid 13044 in 0ms
06-21 06:28:42.445 V/DreamService[SystemDream]( 6583): mActionDownY = 942.0
06-21 06:28:42.445 V/DreamService[SystemDream]( 6583): mActionUpY = 168.0
06-21 06:28:42.461 I/DreamManagerService( 1164): Gently waking up from dream.
06-21 06:28:42.464 I/DreamManagerService( 1164): Performing gentle wake from dream.
06-21 06:28:42.469 I/ActivityTaskManager( 1164): FOREGROUND_APPLICATION_CHANGED to com.android.launcher3.uioverrides.QuickstepLauncher
06-21 06:28:42.475 D/FreeFormWindowHelper( 1164): handleFreeformTask : Task{7dd49bb #1 type=home ?? U=0 visible=true mode=fullscreen translucent=false sz=1 visible freeform task=true rootAffinity=null isMini=false}
06-21 06:28:42.475 D/FreeFormWindowHelper( 1164): mFreeFormTask : null
06-21 06:28:42.475 D/FreeFormWindowHelper( 1164): mInRecent : false
06-21 06:28:42.475 D/FreeFormWindowHelper( 1164):
06-21 06:28:42.483 D/CompatibilityChangeReporter( 1164): Compat change id reported: 135634846; UID 10117; state: DISABLED
06-21 06:28:42.483 D/CompatibilityChangeReporter( 1164): Compat change id reported: 177438394; UID 10117; state: DISABLED
06-21 06:28:42.483 D/CompatibilityChangeReporter( 1164): Compat change id reported: 135772972; UID 10117; state: DISABLED
06-21 06:28:42.483 D/CompatibilityChangeReporter( 1164): Compat change id reported: 135754954; UID 10117; state: DISABLED
06-21 06:28:42.483 D/CompatibilityChangeReporter( 1164): Compat change id reported: 143937733; UID 10117; state: DISABLED
06-21 06:28:42.525 I/ActivityManager( 1164): Start proc 13071:com.tencent.mobileqq/u0a117 for null
06-21 06:28:42.537 I/PowerManagerService( 1164): Powering on display group fromDreaming (groupId=0, uid=1000, reason=WAKE_REASON_UNKNOWN, details=android.server.power:DREAM_FINISHED)...
06-21 06:28:42.537 I/PowerManagerService( 1164): Waking up from Dreaming (uid=1000, reason=WAKE_REASON_UNKNOWN, details=android.server.power:DREAM_FINISHED)...
06-21 06:28:42.540 W/ActivityManager( 1164): Slow operation: 56ms so far, now at startProcess: done updating pids map
06-21 06:28:42.573 I/[ 1373.499416] binder( 0): 13071:13071 ioctl 40046210 7fd1008be4 returned -22
06-21 06:28:42.577 D/FreeFormWindowHelper( 1164): Current Display FreeFormTask is null
06-21 06:28:42.586 D/CompatibilityChangeReporter( 1164): Compat change id reported: 168419799; UID 10117; state: DISABLED
06-21 06:28:42.663 W/[ 1373.567867] audit( 0): audit_lost=659 audit_rate_limit=5 audit_backlog_limit=64
06-21 06:28:42.663 E/[ 1373.597155] audit( 0): rate limit exceeded
06-21 06:28:42.773 I/[ 1373.697362] init( 0): starting service 'hht_ota_mgr_service'...
06-21 06:28:42.797 I/DreamManagerService( 1164): Leaving dreamland.
06-21 06:28:42.801 I/DreamManagerService( 1164): Performing gentle wake from dream.
06-21 06:28:42.801 I/DreamController( 1164): Stopping dream: name=ComponentInfo{com.thundercomm.screensaver/com.thundercomm.screensaver.service.SystemDream}, isTest=false, canDoze=false, userId=0, reason='finished self'(from 'finished self')
06-21 06:28:42.807 D/FreeFormWindowHelper( 1164): handleFreeformTask : Task{7dd49bb #1 type=home ?? U=0 visible=true mode=fullscreen translucent=false sz=1 visible freeform task=true rootAffinity=null isMini=false}
06-21 06:28:42.807 D/FreeFormWindowHelper( 1164): mFreeFormTask : null
06-21 06:28:42.807 D/FreeFormWindowHelper( 1164): mInRecent : false
06-21 06:28:42.807 D/FreeFormWindowHelper( 1164):
06-21 06:28:42.808 W/ActivityTaskManager( 1164): Can't find TaskDisplayArea to determine support for multi window. Task id=1467 attached=false
06-21 06:28:42.952 I/[ 1373.868532] init( 0): Service 'hht_ota_mgr_service' (pid 13093) exited with status 0
06-21 06:28:42.952 I/[ 1373.876214] init( 0): Sending signal 9 to service 'hht_ota_mgr_service' (pid 13093) process group...
06-21 06:28:42.952 I/[ 1373.885480] libprocessgroup( 0): Successfully killed process cgroup uid 0 pid 13093 in 0ms
06-21 06:28:43.004 E/[ 1373.920274] link_delay_work_func( 0): DTC_ETH: SQI=0, link=0
06-21 06:28:43.055 W/ActivityManager( 1164): Background start not allowed: service Intent { cmp=com.tencent.android.qqdownloader/com.tencent.assistant.main.MainService } to com.tencent.android.qqdownloader/com.tencent.assistant.main.MainService from pid=3563 uid=10115 pkg=com.tencent.android.qqdownloader startFg?=false
06-21 06:28:43.076 W/ActivityManager( 1164): Background start not allowed: service Intent { cmp=com.tencent.android.qqdownloader/com.tencent.assistant.main.MainService } to com.tencent.android.qqdownloader/com.tencent.assistant.main.MainService from pid=3563 uid=10115 pkg=com.tencent.android.qqdownloader startFg?=false
06-21 06:28:43.079 W/ActivityManager( 1164): Background start not allowed: service Intent { cmp=com.tencent.android.qqdownloader/com.tencent.assistant.main.MainService } to com.tencent.android.qqdownloader/com.tencent.assistant.main.MainService from pid=3563 uid=10115 pkg=com.tencent.android.qqdownloader startFg?=false
06-21 06:28:43.085 W/ActivityManager( 1164): Background start not allowed: service Intent { cmp=com.tencent.android.qqdownloader/com.tencent.assistant.main.MainService } to com.tencent.android.qqdownloader/com.tencent.assistant.main.MainService from pid=3563 uid=10115 pkg=com.tencent.android.qqdownloader startFg?=false
06-21 06:28:43.096 W/ActivityManager( 1164): Background start not allowed: service Intent { cmp=com.tencent.android.qqdownloader/com.tencent.assistant.main.MainService } to com.tencent.android.qqdownloader/com.tencent.assistant.main.MainService from pid=3563 uid=10115 pkg=com.tencent.android.qqdownloader startFg?=false
06-21 06:28:43.104 W/ActivityManager( 1164): Background start not allowed: service Intent { cmp=com.tencent.android.qqdownloader/com.tencent.assistant.main.MainService } to com.tencent.android.qqdownloader/com.tencent.assistant.main.MainService from pid=3563 uid=10115 pkg=com.tencent.android.qqdownloader startFg?=false
06-21 06:28:44.555 W/ActivityManager( 1164): Background start not allowed: service Intent { cmp=com.tencent.android.qqdownloader/com.tencent.assistant.main.MainService } to com.tencent.android.qqdownloader/com.tencent.assistant.main.MainService from pid=3563 uid=10115 pkg=com.tencent.android.qqdownloader startFg?=false
06-21 06:28:44.559 W/ActivityManager( 1164): Background start not allowed: service Intent { cmp=com.tencent.android.qqdownloader/com.tencent.assistant.main.MainService } to com.tencent.android.qqdownloader/com.tencent.assistant.main.MainService from pid=3563 uid=10115 pkg=com.tencent.android.qqdownloader startFg?=false
06-21 06:28:45.696 W/ActivityManager( 1164): Background start not allowed: service Intent { cmp=com.tencent.android.qqdownloader/com.tencent.assistant.sdk.SDKSupportService (has extras) } to com.tencent.android.qqdownloader/com.tencent.assistant.sdk.SDKSupportService from pid=3329 uid=10115 pkg=com.tencent.android.qqdownloader startFg?=false
06-21 06:28:45.717 W/ActivityManager( 1164): Background start not allowed: service Intent { cmp=com.tencent.android.qqdownloader/com.tencent.assistant.sdk.SDKSupportService (has extras) } to com.tencent.android.qqdownloader/com.tencent.assistant.sdk.SDKSupportService from pid=3329 uid=10115 pkg=com.tencent.android.qqdownloader startFg?=false
06-21 06:28:45.778 W/ActivityManager( 1164): Background start not allowed: service Intent { cmp=com.tencent.android.qqdownloader/com.tencent.assistant.sdk.SDKSupportService (has extras) } to com.tencent.android.qqdownloader/com.tencent.assistant.sdk.SDKSupportService from pid=3329 uid=10115 pkg=com.tencent.android.qqdownloader startFg?=false
06-21 06:28:45.789 W/ActivityManager( 1164): Background start not allowed: service Intent { cmp=com.tencent.android.qqdownloader/com.tencent.assistant.sdk.SDKSupportService (has extras) } to com.tencent.android.qqdownloader/com.tencent.assistant.sdk.SDKSupportService from pid=3329 uid=10115 pkg=com.tencent.android.qqdownloader startFg?=false
06-21 06:28:47.802 I/[ 1378.725596] init( 0): starting service 'hht_ota_mgr_service'...
06-21 06:28:48.034 I/[ 1378.943988] init( 0): Service 'hht_ota_mgr_service' (pid 13161) exited with status 0
06-21 06:28:48.034 I/[ 1378.967055] init( 0): Sending signal 9 to service 'hht_ota_mgr_service' (pid 13161) process group...
06-21 06:28:48.052 I/[ 1378.977357] libprocessgroup( 0): Successfully killed process cgroup uid 0 pid 13161 in 0ms
06-21 06:28:48.119 E/[ 1379.046873] link_delay_work_func( 0): DTC_ETH: SQI=0, link=0
06-21 06:28:52.835 I/[ 1383.763314] init( 0): starting service 'hht_ota_mgr_service'...
06-21 06:28:53.043 I/[ 1383.957598] init( 0): Service 'hht_ota_mgr_service' (pid 13191) exited with status 0
06-21 06:28:53.056 I/[ 1383.980359] init( 0): Sending signal 9 to service 'hht_ota_mgr_service' (pid 13191) process group...
06-21 06:28:53.066 I/[ 1383.989655] libprocessgroup( 0): Successfully killed process cgroup uid 0 pid 13191 in 0ms
06-21 06:28:53.234 E/[ 1384.160130] link_delay_work_func( 0): DTC_ETH: SQI=0, link=0
06-21 06:28:56.161 I/[ 1387.082705] init( 0): processing action (sys.tlog.tlogdshc.active=1) from (/system/etc/init/tlogd.rc:195)
06-21 06:28:56.171 I/[ 1387.095955] init( 0): starting service 'tlogdshc'...
06-21 06:28:56.511 I/[ 1387.423640] init( 0): Service 'tlogdshc' (pid 13207) exited with status 0 oneshot service took 0.296000 seconds in background
06-21 06:28:56.511 I/[ 1387.435549] init( 0): Sending signal 9 to service 'tlogdshc' (pid 13207) process group...
06-21 06:28:56.512 I/[ 1387.444472] libprocessgroup( 0): Successfully killed process cgroup uid 0 pid 13207 in 0ms
06-21 06:28:57.856 I/[ 1388.783320] init( 0): starting service 'hht_ota_mgr_service'...
06-21 06:28:58.078 I/[ 1388.988481] init( 0): Service 'hht_ota_mgr_service' (pid 13222) exited with status 0
06-21 06:28:58.078 I/[ 1389.011559] init( 0): Sending signal 9 to service 'hht_ota_mgr_service' (pid 13222) process group...
06-21 06:28:58.096 I/[ 1389.021384] libprocessgroup( 0): Successfully killed process cgroup uid 0 pid 13222 in 0ms
06-21 06:28:58.352 E/[ 1389.280126] link_delay_work_func( 0): DTC_ETH: SQI=0, link=0
06-21 06:29:02.901 I/[ 1393.829081] init( 0): starting service 'hht_ota_mgr_service'...
06-21 06:29:03.118 I/[ 1394.025988] init( 0): Service 'hht_ota_mgr_service' (pid 13249) exited with status 0
06-21 06:29:03.118 I/[ 1394.049066] init( 0): Sending signal 9 to service 'hht_ota_mgr_service' (pid 13249) process group...
06-21 06:29:03.133 I/[ 1394.058450] libprocessgroup( 0): Successfully killed process cgroup uid 0 pid 13249 in 0ms
06-21 06:29:03.474 E/[ 1394.400533] link_delay_work_func( 0): DTC_ETH: SQI=0, link=0
06-21 06:29:07.923 I/[ 1398.849165] init( 0): starting service 'hht_ota_mgr_service'...
06-21 06:29:08.158 I/[ 1399.073021] init( 0): Service 'hht_ota_mgr_service' (pid 13273) exited with status 0
06-21 06:29:08.172 I/[ 1399.096833] init( 0): Sending signal 9 to service 'hht_ota_mgr_service' (pid 13273) process group...
06-21 06:29:08.181 I/[ 1399.107072] libprocessgroup( 0): Successfully killed process cgroup uid 0 pid 13273 in 0ms
06-21 06:29:08.593 E/[ 1399.520254] link_delay_work_func( 0): DTC_ETH: SQI=0, link=0
06-21 06:29:09.168 W/[ 1400.059595] audit( 0): audit_lost=666 audit_rate_limit=5 audit_backlog_limit=64
06-21 06:29:09.168 E/[ 1400.088568] audit( 0): rate limit exceeded
06-21 06:29:12.975 I/[ 1403.901921] init( 0): starting service 'hht_ota_mgr_service'...
06-21 06:29:13.181 I/[ 1404.090471] init( 0): Service 'hht_ota_mgr_service' (pid 13300) exited with status 0
06-21 06:29:13.193 I/[ 1404.114997] init( 0): Sending signal 9 to service 'hht_ota_mgr_service' (pid 13300) process group...
06-21 06:29:13.193 I/[ 1404.125119] libprocessgroup( 0): Successfully killed process cgroup uid 0 pid 13300 in 0ms
06-21 06:29:13.713 E/[ 1404.640403] link_delay_work_func( 0): DTC_ETH: SQI=0, link=0
06-21 06:29:13.846 E/[ 1404.769513] [schedu][0x64f2f5079][06( 0): 29:13.836092] wlan: [1861:E:PE] lim_process_addba_req: 1716: Failed to process addba request
06-21 06:29:18.011 I/[ 1408.939160] init( 0): starting service 'hht_ota_mgr_service'...
06-21 06:29:18.228 I/[ 1409.137199] init( 0): Service 'hht_ota_mgr_service' (pid 13318) exited with status 0
