06-21 06:58:57.037 I/[ 3187.958611] init( 0): Service 'tlogdshc' (pid 22018) exited with status 0 oneshot service took 0.288000 seconds in background
06-21 06:58:57.037 I/[ 3187.970417] init( 0): Sending signal 9 to service 'tlogdshc' (pid 22018) process group...
06-21 06:58:57.047 I/[ 3187.979356] libprocessgroup( 0): Successfully killed process cgroup uid 0 pid 22018 in 0ms
06-21 06:59:00.458 I/[ 3191.385411] init( 0): starting service 'hht_ota_mgr_service'...
06-21 06:59:00.592 E/[ 3191.520238] link_delay_work_func( 0): DTC_ETH: SQI=0, link=0
06-21 06:59:00.679 I/[ 3191.595468] init( 0): Service 'hht_ota_mgr_service' (pid 22042) exited with status 0
06-21 06:59:00.687 I/[ 3191.619928] init( 0): Sending signal 9 to service 'hht_ota_mgr_service' (pid 22042) process group...
06-21 06:59:00.705 I/[ 3191.629992] libprocessgroup( 0): Successfully killed process cgroup uid 0 pid 22042 in 0ms
06-21 06:59:04.642 I/GameModeConfig( 1164): isGameModeOn = false
06-21 06:59:04.708 V/DreamService[SystemDream]( 6583): mActionDownY = 881.0
06-21 06:59:04.708 V/DreamService[SystemDream]( 6583): mActionUpY = 451.0
06-21 06:59:04.725 I/DreamManagerService( 1164): Gently waking up from dream.
06-21 06:59:04.729 I/DreamManagerService( 1164): Performing gentle wake from dream.
06-21 06:59:04.737 I/ActivityTaskManager( 1164): FOREGROUND_APPLICATION_CHANGED to com.android.launcher3.uioverrides.QuickstepLauncher
06-21 06:59:04.744 D/FreeFormWindowHelper( 1164): handleFreeformTask : Task{7dd49bb #1 type=home ?? U=0 visible=true mode=fullscreen translucent=false sz=1 visible freeform task=true rootAffinity=null isMini=false}
06-21 06:59:04.744 D/FreeFormWindowHelper( 1164): mFreeFormTask : null
06-21 06:59:04.744 D/FreeFormWindowHelper( 1164): mInRecent : false
06-21 06:59:04.744 D/FreeFormWindowHelper( 1164):
06-21 06:59:04.753 D/CompatibilityChangeReporter( 1164): Compat change id reported: 135634846; UID 10117; state: DISABLED
06-21 06:59:04.753 D/CompatibilityChangeReporter( 1164): Compat change id reported: 177438394; UID 10117; state: DISABLED
06-21 06:59:04.753 D/CompatibilityChangeReporter( 1164): Compat change id reported: 135772972; UID 10117; state: DISABLED
06-21 06:59:04.753 D/CompatibilityChangeReporter( 1164): Compat change id reported: 135754954; UID 10117; state: DISABLED
06-21 06:59:04.753 D/CompatibilityChangeReporter( 1164): Compat change id reported: 143937733; UID 10117; state: DISABLED
06-21 06:59:04.783 D/CompatibilityChangeReporter( 1164): Compat change id reported: 135634846; UID 10064; state: DISABLED
06-21 06:59:04.783 D/CompatibilityChangeReporter( 1164): Compat change id reported: 177438394; UID 10064; state: DISABLED
06-21 06:59:04.783 D/CompatibilityChangeReporter( 1164): Compat change id reported: 135772972; UID 10064; state: DISABLED
06-21 06:59:04.784 D/CompatibilityChangeReporter( 1164): Compat change id reported: 135754954; UID 10064; state: ENABLED
06-21 06:59:04.784 I/ActivityManager( 1164): Start proc 22070:com.tencent.mobileqq/u0a117 for null
06-21 06:59:04.786 D/CompatibilityChangeReporter( 1164): Compat change id reported: 143937733; UID 10064; state: ENABLED
06-21 06:59:04.810 I/PowerManagerService( 1164): Powering on display group fromDreaming (groupId=0, uid=1000, reason=WAKE_REASON_UNKNOWN, details=android.server.power:DREAM_FINISHED)...
06-21 06:59:04.810 I/PowerManagerService( 1164): Waking up from Dreaming (uid=1000, reason=WAKE_REASON_UNKNOWN, details=android.server.power:DREAM_FINISHED)...
06-21 06:59:04.824 I/ActivityManager( 1164): Start proc 22077:com.thundercomm.gamemode.provider/u0a64 for content provider {com.thundercomm.gamemode.provider/com.thundercomm.gamemode.provider.SettingsProvider}
06-21 06:59:04.838 I/[ 3195.762768] binder( 0): 22070:22070 ioctl 40046210 7fd1008be4 returned -22
06-21 06:59:04.848 D/FreeFormWindowHelper( 1164): Current Display FreeFormTask is null
06-21 06:59:04.922 I/[ 3195.835493] binder( 0): 22077:22077 ioctl 40046210 7fd1008be4 returned -22
06-21 06:59:04.926 D/CompatibilityChangeReporter( 1164): Compat change id reported: 168419799; UID 10064; state: DISABLED
06-21 06:59:04.971 W/[ 3195.860818] audit( 0): audit_lost=729 audit_rate_limit=5 audit_backlog_limit=64
06-21 06:59:04.971 E/[ 3195.868235] audit( 0): rate limit exceeded
06-21 06:59:05.087 I/DreamManagerService( 1164): Leaving dreamland.
06-21 06:59:05.088 I/DreamManagerService( 1164): Performing gentle wake from dream.
06-21 06:59:05.088 I/DreamController( 1164): Stopping dream: name=ComponentInfo{com.thundercomm.screensaver/com.thundercomm.screensaver.service.SystemDream}, isTest=false, canDoze=false, userId=0, reason='finished self'(from 'finished self')
06-21 06:59:05.099 D/FreeFormWindowHelper( 1164): handleFreeformTask : Task{7dd49bb #1 type=home ?? U=0 visible=true mode=fullscreen translucent=false sz=1 visible freeform task=true rootAffinity=null isMini=false}
06-21 06:59:05.099 D/FreeFormWindowHelper( 1164): mFreeFormTask : null
06-21 06:59:05.099 D/FreeFormWindowHelper( 1164): mInRecent : false
06-21 06:59:05.099 D/FreeFormWindowHelper( 1164):
06-21 06:59:05.100 W/ActivityTaskManager( 1164): Can't find TaskDisplayArea to determine support for multi window. Task id=1468 attached=false
06-21 06:59:05.179 D/FreeFormWindowHelper( 1164): Current Display FreeFormTask is null
06-21 06:59:05.180 D/ActivityTaskManager( 1164): Skipping, freeform mode : Task{eec8d7b #1451 type=undefined A=10113:com.tencent.mm U=0 visible=false mode=freeform translucent=true sz=0 visible freeform task=true rootAffinity=10113:com.tencent.mm isMini=false}
06-21 06:59:05.181 D/FreeFormWindowHelper( 1164): Current Display FreeFormTask is null
06-21 06:59:05.251 D/FreeFormWindowHelper( 1164): Current Display FreeFormTask is null
06-21 06:59:05.251 D/FreeFormWindowHelper( 1164): Current Display FreeFormTask is null
06-21 06:59:05.252 D/AutofillManagerService( 1164): Close system dialogs
06-21 06:59:05.268 D/FreeFormWindowHelper( 1164): Current Display FreeFormTask is null
06-21 06:59:05.268 D/FreeFormWindowHelper( 1164): Current Display FreeFormTask is null
06-21 06:59:05.270 D/FreeFormWindowHelper( 1164): Current Display FreeFormTask is null
06-21 06:59:05.273 D/FreeFormWindowHelper( 1164): Current Display FreeFormTask is null
06-21 06:59:05.276 D/FreeFormWindowHelper( 1164): Current Display FreeFormTask is null
06-21 06:59:05.276 D/FreeFormWindowHelper( 1164): Current Display FreeFormTask is null
06-21 06:59:05.284 W/ActivityTaskManager( 1164): getTaskSnapshot: taskId=-54 not found
06-21 06:59:05.287 W/ActivityTaskManager( 1164): getTaskSnapshot: taskId=-54 not found
06-21 06:59:05.287 W/ActivityTaskManager( 1164): getTaskSnapshot: taskId=-53 not found
06-21 06:59:05.293 D/FreeFormWindowHelper( 1164): Current Display FreeFormTask is null
06-21 06:59:05.293 D/FreeFormWindowHelper( 1164): Current Display FreeFormTask is null
06-21 06:59:05.336 W/ActivityManager( 1164): Background start not allowed: service Intent { cmp=com.tencent.android.qqdownloader/com.tencent.assistant.main.MainService } to com.tencent.android.qqdownloader/com.tencent.assistant.main.MainService from pid=3563 uid=10115 pkg=com.tencent.android.qqdownloader startFg?=false
06-21 06:59:05.339 W/ActivityManager( 1164): Background start not allowed: service Intent { cmp=com.tencent.android.qqdownloader/com.tencent.assistant.main.MainService } to com.tencent.android.qqdownloader/com.tencent.assistant.main.MainService from pid=3563 uid=10115 pkg=com.tencent.android.qqdownloader startFg?=false
06-21 06:59:05.342 W/ActivityManager( 1164): Background start not allowed: service Intent { cmp=com.tencent.android.qqdownloader/com.tencent.assistant.main.MainService } to com.tencent.android.qqdownloader/com.tencent.assistant.main.MainService from pid=3563 uid=10115 pkg=com.tencent.android.qqdownloader startFg?=false
06-21 06:59:05.345 W/ActivityManager( 1164): Background start not allowed: service Intent { cmp=com.tencent.android.qqdownloader/com.tencent.assistant.main.MainService } to com.tencent.android.qqdownloader/com.tencent.assistant.main.MainService from pid=3563 uid=10115 pkg=com.tencent.android.qqdownloader startFg?=false
06-21 06:59:05.348 W/ActivityManager( 1164): Background start not allowed: service Intent { cmp=com.tencent.android.qqdownloader/com.tencent.assistant.main.MainService } to com.tencent.android.qqdownloader/com.tencent.assistant.main.MainService from pid=3563 uid=10115 pkg=com.tencent.android.qqdownloader startFg?=false
06-21 06:59:05.352 W/ActivityManager( 1164): Background start not allowed: service Intent { cmp=com.tencent.android.qqdownloader/com.tencent.assistant.main.MainService } to com.tencent.android.qqdownloader/com.tencent.assistant.main.MainService from pid=3563 uid=10115 pkg=com.tencent.android.qqdownloader startFg?=false
06-21 06:59:05.444 D/FreeFormWindowHelper( 1164): exitRecentTasks
06-21 06:59:05.450 D/FreeFormWindowHelper( 1164): Current Display FreeFormTask is null
06-21 06:59:05.450 D/FreeFormWindowHelper( 1164): Current Display FreeFormTask is null
06-21 06:59:05.502 I/[ 3196.423479] init( 0): starting service 'hht_ota_mgr_service'...
06-21 06:59:05.669 I/[ 3196.585183] init( 0): Service 'hht_ota_mgr_service' (pid 22144) exited with status 0
06-21 06:59:05.669 I/[ 3196.593515] init( 0): Sending signal 9 to service 'hht_ota_mgr_service' (pid 22144) process group...
06-21 06:59:05.679 I/[ 3196.603167] libprocessgroup( 0): Successfully killed process cgroup uid 0 pid 22144 in 0ms
06-21 06:59:05.722 E/[ 3196.644179] link_delay_work_func( 0): DTC_ETH: SQI=0, link=0
06-21 06:59:06.833 W/ActivityManager( 1164): Background start not allowed: service Intent { cmp=com.tencent.android.qqdownloader/com.tencent.assistant.main.MainService } to com.tencent.android.qqdownloader/com.tencent.assistant.main.MainService from pid=3563 uid=10115 pkg=com.tencent.android.qqdownloader startFg?=false
06-21 06:59:06.838 W/ActivityManager( 1164): Background start not allowed: service Intent { cmp=com.tencent.android.qqdownloader/com.tencent.assistant.main.MainService } to com.tencent.android.qqdownloader/com.tencent.assistant.main.MainService from pid=3563 uid=10115 pkg=com.tencent.android.qqdownloader startFg?=false
06-21 06:59:08.452 I/[ 3199.351609] [schedu][0xe54ebc9d1][06( 0): 59:08.418188] wlan: [1861:I:WMA] [06:59:08.353000] [ROAM_TRIGGER]: VDEV[0] Reason: "LOW RSSI" Sub-Reason: FULL SCAN Cur_Rssi threshold:81 Current AP RSSI: 77
06-21 06:59:08.453 I/[ 3199.371243] [schedu][0xe54f18aee][06( 0): 59:08.437829] wlan: [1861:I:WMA] [06:59:08.353000] [ROAM_SCAN]: VDEV[0] Scan_type: PARTIAL next_rssi_threshold: 81 dBm {5200 }
06-21 06:59:08.453 I/[ 3199.386479] [schedu][0xe54f60192][06( 0): 59:08.453064] wlan: [1861:I:WMA] ============================================================================================================================
06-21 06:59:08.489 I/[ 3199.404532] [schedu][0xe54fb4b84][06( 0): 59:08.471117] wlan: [1861:I:WMA] AP BSSID TSTAMP CH TY ETP RSSI/SCR CU%/SCR TOT_SCR BL_RSN BL_SRC BL_TSTAMP BL_TIMEOUT(ms)
06-21 06:59:08.489 I/[ 3199.422542] [schedu][0xe550092f5][06( 0): 59:08.489135] wlan: [1861:I:WMA] ============================================================================================================================
06-21 06:59:08.524 I/[ 3199.440304] [schedu][0xe5505c736][06( 0): 59:08.506898] wlan: [1861:I:WMA] 04:d9:f5:fb:09:94 [06:59:08.353000] 5200 P_AP 0 77/0 0/0 1791 0 0 [00:00:00.000000] 0
06-21 06:59:08.528 I/[ 3199.458251] [schedu][0xe550b0908][06( 0): 59:08.524843] wlan: [1861:I:WMA] [06:59:08.411000] [ROAM_RESULT]: VDEV[0] FAILED Reason: NO AP FOUND
06-21 06:59:10.517 I/[ 3201.443619] init( 0): starting service 'hht_ota_mgr_service'...
06-21 06:59:10.724 I/[ 3201.641376] init( 0): Service 'hht_ota_mgr_service' (pid 22190) exited with status 0
06-21 06:59:10.740 I/[ 3201.664672] init( 0): Sending signal 9 to service 'hht_ota_mgr_service' (pid 22190) process group...
06-21 06:59:10.749 I/[ 3201.674061] libprocessgroup( 0): Successfully killed process cgroup uid 0 pid 22190 in 0ms
06-21 06:59:10.842 E/[ 3201.764224] link_delay_work_func( 0): DTC_ETH: SQI=0, link=0
06-21 06:59:13.525 W/ActivityManager( 1164): Background start not allowed: service Intent { cmp=com.tencent.android.qqdownloader/com.tencent.assistant.sdk.SDKSupportService (has extras) } to com.tencent.android.qqdownloader/com.tencent.assistant.sdk.SDKSupportService from pid=3329 uid=10115 pkg=com.tencent.android.qqdownloader startFg?=false
06-21 06:59:13.535 W/ActivityManager( 1164): Background start not allowed: service Intent { cmp=com.tencent.android.qqdownloader/com.tencent.assistant.sdk.SDKSupportService (has extras) } to com.tencent.android.qqdownloader/com.tencent.assistant.sdk.SDKSupportService from pid=3329 uid=10115 pkg=com.tencent.android.qqdownloader startFg?=false
06-21 06:59:13.575 W/ActivityManager( 1164): Background start not allowed: service Intent { cmp=com.tencent.android.qqdownloader/com.tencent.assistant.sdk.SDKSupportService (has extras) } to com.tencent.android.qqdownloader/com.tencent.assistant.sdk.SDKSupportService from pid=3329 uid=10115 pkg=com.tencent.android.qqdownloader startFg?=false
06-21 06:59:13.582 W/ActivityManager( 1164): Background start not allowed: service Intent { cmp=com.tencent.android.qqdownloader/com.tencent.assistant.sdk.SDKSupportService (has extras) } to com.tencent.android.qqdownloader/com.tencent.assistant.sdk.SDKSupportService from pid=3329 uid=10115 pkg=com.tencent.android.qqdownloader startFg?=false
06-21 06:59:15.550 I/[ 3206.477521] init( 0): starting service 'hht_ota_mgr_service'...
06-21 06:59:15.738 I/[ 3206.664570] init( 0): Service 'hht_ota_mgr_service' (pid 22219) exited with status 0
06-21 06:59:15.739 I/[ 3206.672290] init( 0): Sending signal 9 to service 'hht_ota_mgr_service' (pid 22219) process group...
06-21 06:59:15.739 I/[ 3206.672821] libprocessgroup( 0): Successfully killed process cgroup uid 0 pid 22219 in 0ms
06-21 06:59:15.953 E/[ 3206.880286] link_delay_work_func( 0): DTC_ETH: SQI=0, link=0
06-21 06:59:20.574 I/[ 3211.500850] init( 0): starting service 'hht_ota_mgr_service'...
06-21 06:59:20.803 I/[ 3211.713835] init( 0): Service 'hht_ota_mgr_service' (pid 22245) exited with status 0
06-21 06:59:20.803 I/[ 3211.736798] init( 0): Sending signal 9 to service 'hht_ota_mgr_service' (pid 22245) process group...
06-21 06:59:20.821 I/[ 3211.746988] libprocessgroup( 0): Successfully killed process cgroup uid 0 pid 22245 in 0ms
06-21 06:59:21.083 E/[ 3212.000308] link_delay_work_func( 0): DTC_ETH: SQI=0, link=0
06-21 06:59:25.619 I/[ 3216.546728] init( 0): starting service 'hht_ota_mgr_service'...
06-21 06:59:25.846 I/[ 3216.757181] init( 0): Service 'hht_ota_mgr_service' (pid 22267) exited with status 0
06-21 06:59:25.847 I/[ 3216.780358] init( 0): Sending signal 9 to service 'hht_ota_mgr_service' (pid 22267) process group...
06-21 06:59:25.866 I/[ 3216.791027] libprocessgroup( 0): Successfully killed process cgroup uid 0 pid 22267 in 0ms
06-21 06:59:26.199 E/[ 3217.120258] link_delay_work_func( 0): DTC_ETH: SQI=0, link=0
06-21 06:59:26.718 I/[ 3217.641241] init( 0): processing action (sys.tlog.tlogdshc.active=1) from (/system/etc/init/tlogd.rc:195)
06-21 06:59:26.724 I/[ 3217.652874] init( 0): starting service 'tlogdshc'...
06-21 06:59:27.084 I/[ 3217.998208] init( 0): Service 'tlogdshc' (pid 22274) exited with status 0 oneshot service took 0.314000 seconds in background
06-21 06:59:27.084 I/[ 3218.009747] init( 0): Sending signal 9 to service 'tlogdshc' (pid 22274) process group...
06-21 06:59:27.087 I/[ 3218.020369] libprocessgroup( 0): Successfully killed process cgroup uid 0 pid 22274 in 1ms
06-21 06:59:30.671 I/[ 3221.597492] init( 0): starting service 'hht_ota_mgr_service'...
06-21 06:59:30.883 I/[ 3221.798062] init( 0): Service 'hht_ota_mgr_service' (pid 22298) exited with status 0
06-21 06:59:30.897 I/[ 3221.822258] init( 0): Sending signal 9 to service 'hht_ota_mgr_service' (pid 22298) process group...
06-21 06:59:30.907 I/[ 3221.831941] libprocessgroup( 0): Successfully killed process cgroup uid 0 pid 22298 in 0ms
06-21 06:59:31.314 E/[ 3222.240233] link_delay_work_func( 0): DTC_ETH: SQI=0, link=0
06-21 06:59:35.715 I/[ 3226.641220] init( 0): starting service 'hht_ota_mgr_service'...
06-21 06:59:35.930 I/[ 3226.848346] init( 0): Service 'hht_ota_mgr_service' (pid 22324) exited with status 0
06-21 06:59:35.947 I/[ 3226.871663] init( 0): Sending signal 9 to service 'hht_ota_mgr_service' (pid 22324) process group...
06-21 06:59:35.958 I/[ 3226.881381] libprocessgroup( 0): Successfully killed process cgroup uid 0 pid 22324 in 0ms
06-21 06:59:36.434 E/[ 3227.360727] link_delay_work_func( 0): DTC_ETH: SQI=0, link=0
06-21 06:59:37.582 I/[ 3228.502507] [schedu][0xe76481739][06( 0): 59:37.569087] wlan: [1861:I:OSIF] scan start scan id 40972
06-21 06:59:39.585 I/[ 3230.502606] [schedu][0xe78920ece][06( 0): 59:39.569187] wlan: [1861:I:OSIF] vdev 0, scan id 40972 type COMPLETED(1) reason COMPLETED(1) scan found 16 bss
06-21 06:59:40.753 I/[ 3231.680827] init( 0): starting service 'hht_ota_mgr_service'...
06-21 06:59:40.983 I/[ 3231.894120] init( 0): Service 'hht_ota_mgr_service' (pid 22346) exited with status 0
06-21 06:59:40.983 I/[ 3231.916894] init( 0): Sending signal 9 to service 'hht_ota_mgr_service' (pid 22346) process group...
06-21 06:59:41.001 I/[ 3231.926801] libprocessgroup( 0): Successfully killed process cgroup uid 0 pid 22346 in 0ms
06-21 06:59:41.556 E/[ 3232.484160] link_delay_work_func( 0): DTC_ETH: SQI=0, link=0
06-21 06:59:41.811 I/ ( 0): [ 3232.737314] kworker/dying (283) used greatest stack depth: 8456 bytes left
06-21 06:59:44.734 E/[ 3235.652437] [schedu][0xe7e76cbb0][06( 0): 59:44.719013] wlan: [1861:E:PE] lim_process_addba_req: 1716: Failed to process addba request
06-21 06:59:45.807 I/[ 3236.734217] init( 0): starting service 'hht_ota_mgr_service'...
06-21 06:59:46.026 I/[ 3236.943641] init( 0): Service 'hht_ota_mgr_service' (pid 22370) exited with status 0
06-21 06:59:46.042 I/[ 3236.966797] init( 0): Sending signal 9 to service 'hht_ota_mgr_service' (pid 22370) process group...
06-21 06:59:46.051 I/[ 3236.976672] libprocessgroup( 0): Successfully killed process cgroup uid 0 pid 22370 in 0ms
06-21 06:59:46.674 E/[ 3237.600156] link_delay_work_func( 0): DTC_ETH: SQI=0, link=0
06-21 06:59:50.850 I/[ 3241.777558] init( 0): starting service 'hht_ota_mgr_service'...
06-21 06:59:51.077 I/[ 3241.977245] init( 0): Service 'hht_ota_mgr_service' (pid 22391) exited with status 0
06-21 06:59:51.077 I/[ 3242.000245] init( 0): Sending signal 9 to service 'hht_ota_mgr_service' (pid 22391) process group...
06-21 06:59:51.077 I/[ 3242.009940] libprocessgroup( 0): Successfully killed process cgroup uid 0 pid 22391 in 0ms
06-21 06:59:51.794 E/[ 3242.720268] link_delay_work_func( 0): DTC_ETH: SQI=0, link=0
06-21 06:59:55.894 I/[ 3246.818327] init( 0): starting service 'hht_ota_mgr_service'...
06-21 06:59:56.108 I/[ 3247.018334] init( 0): Service 'hht_ota_mgr_service' (pid 22417) exited with status 0
06-21 06:59:56.108 I/[ 3247.041804] init( 0): Sending signal 9 to service 'hht_ota_mgr_service' (pid 22417) process group...
06-21 06:59:56.126 I/[ 3247.051511] libprocessgroup( 0): Successfully killed process cgroup uid 0 pid 22417 in 0ms
06-21 06:59:56.731 I/[ 3247.654675] init( 0): processing action (sys.tlog.tlogdshc.active=1) from (/system/etc/init/tlogd.rc:195)
06-21 06:59:56.739 I/[ 3247.666315] init( 0): starting service 'tlogdshc'...
06-21 06:59:56.919 E/[ 3247.840194] link_delay_work_func( 0): DTC_ETH: SQI=0, link=0
06-21 06:59:57.105 I/[ 3248.018181] init( 0): Service 'tlogdshc' (pid 22418) exited with status 0 oneshot service took 0.319000 seconds in background
06-21 06:59:57.105 I/[ 3248.030707] init( 0): Sending signal 9 to service 'tlogdshc' (pid 22418) process group...
06-21 06:59:57.114 I/[ 3248.039728] libprocessgroup( 0): Successfully killed process cgroup uid 0 pid 22418 in 0ms
06-21 07:00:00.005 D/ConditionProviders.SCP( 1164): onReceive ScheduleConditionProvider.EVALUATE
06-21 07:00:00.018 D/ConditionProviders.SCP( 1164): evaluateSubscriptionLocked cal=ScheduleCalendar[mDays={1, 2, 3, 4, 5, 6, 7}, mSchedule=ScheduleInfo{days=[1, 2, 3, 4, 5, 6, 7], startHour=22, startMinute=0, endHour=7, endMinute=0, exitAtAlarm=true, nextAlarm=Thu Jan 01 08:00:00 GMT+08:00 1970 (0)}], now=Wed Jun 21 07:00:00 GMT+08:00 2023 (1687302000005), nextUserAlarmTime=Thu Jan 01 08:00:00 GMT+08:00 1970 (0)
06-21 07:00:00.019 D/ConditionProviders.SCP( 1164): notifyCondition condition://android/schedule?days=1.2.3.4.5.6.7&start=22.0&end=7.0&exitAtAlarm=true STATE_FALSE reason=!meetsSchedule
06-21 07:00:00.020 D/ConditionProviders.SCP( 1164): Scheduling evaluate for Wed Jun 21 22:00:00 GMT+08:00 2023 (1687356000000), in +14h59m59s995ms, now=Wed Jun 21 07:00:00 GMT+08:00 2023 (1687302000005)
06-21 07:00:00.027 D/CompatibilityChangeReporter( 1164): Compat change id reported: 171306433; UID 1000; state: ENABLED
06-21 07:00:00.041 I/GameModeConfig( 1164): isGameModeOn = false
06-21 07:00:00.926 I/[ 3251.853597] init( 0): starting service 'hht_ota_mgr_service'...
06-21 07:00:01.142 I/[ 3252.055937] init( 0): Service 'hht_ota_mgr_service' (pid 22447) exited with status 0
06-21 07:00:01.155 I/[ 3252.079696] init( 0): Sending signal 9 to service 'hht_ota_mgr_service' (pid 22447) process group...
06-21 07:00:01.167 I/[ 3252.089622] libprocessgroup( 0): Successfully killed process cgroup uid 0 pid 22447 in 0ms
06-21 07:00:02.042 E/[ 3252.960187] link_delay_work_func( 0): DTC_ETH: SQI=0, link=0
06-21 07:00:03.838 D/ActivityTaskManager( 1164): Skipping, freeform mode : Task{eec8d7b #1451 type=undefined A=10113:com.tencent.mm U=0 visible=false mode=freeform translucent=true sz=0 visible freeform task=true rootAffinity=10113:com.tencent.mm isMini=false}
06-21 07:00:05.966 I/[ 3256.893325] init( 0): starting service 'hht_ota_mgr_service'...
06-21 07:00:06.143 I/GameModeConfig( 1164): isGameModeOn = false
06-21 07:00:06.182 I/[ 3257.094649] init( 0): Service 'hht_ota_mgr_service' (pid 22469) exited with status 0
06-21 07:00:06.193 I/[ 3257.117368] init( 0): Sending signal 9 to service 'hht_ota_mgr_service' (pid 22469) process group...
06-21 07:00:06.193 I/[ 3257.126682] libprocessgroup( 0): Successfully killed process cgroup uid 0 pid 22469 in 0ms
06-21 07:00:07.152 E/[ 3258.080211] link_delay_work_func( 0): DTC_ETH: SQI=0, link=0
06-21 07:00:07.987 W/ActivityManager( 1164): Background start not allowed: service Intent { cmp=com.tencent.android.qqdownloader/com.tencent.assistant.sdk.SDKSupportService (has extras) } to com.tencent.android.qqdownloader/com.tencent.assistant.sdk.SDKSupportService from pid=3329 uid=10115 pkg=com.tencent.android.qqdownloader startFg?=false
06-21 07:00:08.005 W/ActivityManager( 1164): Background start not allowed: service Intent { cmp=com.tencent.android.qqdownloader/com.tencent.assistant.sdk.SDKSupportService (has extras) } to com.tencent.android.qqdownloader/com.tencent.assistant.sdk.SDKSupportService from pid=3329 uid=10115 pkg=com.tencent.android.qqdownloader startFg?=false
06-21 07:00:08.055 W/ActivityManager( 1164): Background start not allowed: service Intent { cmp=com.tencent.android.qqdownloader/com.tencent.assistant.sdk.SDKSupportService (has extras) } to com.tencent.android.qqdownloader/com.tencent.assistant.sdk.SDKSupportService from pid=3329 uid=10115 pkg=com.tencent.android.qqdownloader startFg?=false
06-21 07:00:08.064 W/ActivityManager( 1164): Background start not allowed: service Intent { cmp=com.tencent.android.qqdownloader/com.tencent.assistant.sdk.SDKSupportService (has extras) } to com.tencent.android.qqdownloader/com.tencent.assistant.sdk.SDKSupportService from pid=3329 uid=10115 pkg=com.tencent.android.qqdownloader startFg?=false
06-21 07:00:10.996 I/[ 3261.921331] init( 0): starting service 'hht_ota_mgr_service'...
06-21 07:00:11.207 I/[ 3262.120915] init( 0): Service 'hht_ota_mgr_service' (pid 22495) exited with status 0
06-21 07:00:11.219 I/[ 3262.143597] init( 0): Sending signal 9 to service 'hht_ota_mgr_service' (pid 22495) process group...
06-21 07:00:11.220 I/[ 3262.153686] libprocessgroup( 0): Successfully killed process cgroup uid 0 pid 22495 in 0ms
06-21 07:00:12.275 E/[ 3263.200346] link_delay_work_func( 0): DTC_ETH: SQI=0, link=0
06-21 07:00:16.024 I/[ 3266.950803] init( 0): starting service 'hht_ota_mgr_service'...
06-21 07:00:16.239 I/[ 3267.164652] init( 0): Service 'hht_ota_mgr_service' (pid 22516) exited with status 0
06-21 07:00:16.250 I/[ 3267.180774] init( 0): Sending signal 9 to service 'hht_ota_mgr_service' (pid 22516) process group...
06-21 07:00:16.265 I/[ 3267.190023] libprocessgroup( 0): Successfully killed process cgroup uid 0 pid 22516 in 0ms
06-21 07:00:17.394 E/[ 3268.320213] link_delay_work_func( 0): DTC_ETH: SQI=0, link=0
06-21 07:00:21.070 I/[ 3271.998386] init( 0): starting service 'hht_ota_mgr_service'...
06-21 07:00:21.282 I/[ 3272.197316] init( 0): Service 'hht_ota_mgr_service' (pid 22536) exited with status 0
06-21 07:00:21.296 I/[ 3272.220433] init( 0): Sending signal 9 to service 'hht_ota_mgr_service' (pid 22536) process group...
06-21 07:00:21.307 I/[ 3272.229634] libprocessgroup( 0): Successfully killed process cgroup uid 0 pid 22536 in 0ms
06-21 07:00:22.518 E/[ 3273.440178] link_delay_work_func( 0): DTC_ETH: SQI=0, link=0
06-21 07:00:26.096 I/[ 3277.023634] init( 0): starting service 'hht_ota_mgr_service'...
06-21 07:00:26.307 I/[ 3277.224280] init( 0): Service 'hht_ota_mgr_service' (pid 22560) exited with status 0
06-21 07:00:26.323 I/[ 3277.247651] init( 0): Sending signal 9 to service 'hht_ota_mgr_service' (pid 22560) process group...
06-21 07:00:26.323 I/[ 3277.256872] libprocessgroup( 0): Successfully killed process cgroup uid 0 pid 22560 in 0ms
06-21 07:00:26.744 I/[ 3277.667678] init( 0): processing action (sys.tlog.tlogdshc.active=1) from (/system/etc/init/tlogd.rc:195)
06-21 07:00:26.750 I/[ 3277.677875] init( 0): starting service 'tlogdshc'...
06-21 07:00:27.103 I/[ 3278.017235] init( 0): Service 'tlogdshc' (pid 22563) exited with status 0 oneshot service took 0.323000 seconds in background
06-21 07:00:27.103 I/[ 3278.028614] init( 0): Sending signal 9 to service 'tlogdshc' (pid 22563) process group...
06-21 07:00:27.103 I/[ 3278.037130] libprocessgroup( 0): Successfully killed process cgroup uid 0 pid 22563 in 0ms
06-21 07:00:27.633 E/[ 3278.560222] link_delay_work_func( 0): DTC_ETH: SQI=0, link=0
06-21 07:00:31.129 I/[ 3282.055828] init( 0): starting service 'hht_ota_mgr_service'...
06-21 07:00:31.351 I/[ 3282.266569] init( 0): Service 'hht_ota_mgr_service' (pid 22591) exited with status 0
06-21 07:00:31.366 I/[ 3282.290553] init( 0): Sending signal 9 to service 'hht_ota_mgr_service' (pid 22591) process group...
06-21 07:00:31.376 I/[ 3282.300658] libprocessgroup( 0): Successfully killed process cgroup uid 0 pid 22591 in 0ms
06-21 07:00:32.755 E/[ 3283.680481] link_delay_work_func( 0): DTC_ETH: SQI=0, link=0
06-21 07:00:36.174 I/[ 3287.101538] init( 0): starting service 'hht_ota_mgr_service'...
06-21 07:00:36.385 I/[ 3287.303895] init( 0): Service 'hht_ota_mgr_service' (pid 22613) exited with status 0
06-21 07:00:36.401 I/[ 3287.325312] init( 0): Sending signal 9 to service 'hht_ota_mgr_service' (pid 22613) process group...
06-21 07:00:36.401 I/[ 3287.334637] libprocessgroup( 0): Successfully killed process cgroup uid 0 pid 22613 in 0ms
06-21 07:00:37.874 E/[ 3288.800297] link_delay_work_func( 0): DTC_ETH: SQI=0, link=0
06-21 07:00:39.387 I/[ 3290.287109] [schedu][0xebcfd0c8b][07( 0): 00:39.353690] wlan: [1861:I:WMA] [07:00:39.265000] [ROAM_TRIGGER]: VDEV[0] Reason: "LOW RSSI" Sub-Reason: FULL SCAN Cur_Rssi threshold:81 Current AP RSSI: 76
06-21 07:00:39.387 I/[ 3290.305206] [schedu][0xebd025a29][07( 0): 00:39.371792] wlan: [1861:I:WMA] [07:00:39.265000] [ROAM_SCAN]: VDEV[0] Scan_type: PARTIAL next_rssi_threshold: 81 dBm {5200 }
06-21 07:00:39.387 I/[ 3290.320674] [schedu][0xebd06e1fd][07( 0): 00:39.387257] wlan: [1861:I:WMA] ============================================================================================================================
06-21 07:00:39.405 I/[ 3290.338500] [schedu][0xebd0c1ac6][07( 0): 00:39.405079] wlan: [1861:I:WMA] AP BSSID TSTAMP CH TY ETP RSSI/SCR CU%/SCR TOT_SCR BL_RSN BL_SRC BL_TSTAMP BL_TIMEOUT(ms)
06-21 07:00:39.441 I/[ 3290.356267] [schedu][0xebd115058][07( 0): 00:39.422860] wlan: [1861:I:WMA] ============================================================================================================================
06-21 07:00:39.441 I/[ 3290.374023] [schedu][0xebd168420][07( 0): 00:39.440617] wlan: [1861:I:WMA] 04:d9:f5:fb:09:94 [07:00:39.265000] 5200 P_AP 0 76/0 0/0 1791 0 0 [00:00:00.000000] 0
06-21 07:00:39.471 I/[ 3290.391348] [schedu][0xebd1b9792][07( 0): 00:39.457943] wlan: [1861:I:WMA] [07:00:39.325000] [ROAM_RESULT]: VDEV[0] FAILED Reason: NO AP FOUND
06-21 07:00:41.202 I/[ 3292.125981] init( 0): starting service 'hht_ota_mgr_service'...
06-21 07:00:41.409 I/[ 3292.326784] init( 0): Service 'hht_ota_mgr_service' (pid 22635) exited with status 0
06-21 07:00:41.425 I/[ 3292.349732] init( 0): Sending signal 9 to service 'hht_ota_mgr_service' (pid 22635) process group...
06-21 07:00:41.438 I/[ 3292.359000] libprocessgroup( 0): Successfully killed process cgroup uid 0 pid 22635 in 0ms
06-21 07:00:42.995 E/[ 3293.920953] link_delay_work_func( 0): DTC_ETH: SQI=0, link=0
06-21 07:00:45.760 E/[ 3296.681032] [schedu][0xec44e43d0][07( 0): 00:45.747603] wlan: [1861:E:PE] lim_process_addba_req: 1716: Failed to process addba request
06-21 07:00:46.226 I/[ 3297.153916] init( 0): starting service 'hht_ota_mgr_service'...
06-21 07:00:46.434 I/[ 3297.350158] init( 0): Service 'hht_ota_mgr_service' (pid 22659) exited with status 0
06-21 07:00:46.450 I/[ 3297.373536] init( 0): Sending signal 9 to service 'hht_ota_mgr_service' (pid 22659) process group...
06-21 07:00:46.450 I/[ 3297.382931] libprocessgroup( 0): Successfully killed process cgroup uid 0 pid 22659 in 0ms
06-21 07:00:48.114 E/[ 3299.040186] link_delay_work_func( 0): DTC_ETH: SQI=0, link=0
06-21 07:00:51.256 I/[ 3302.183878] init( 0): starting service 'hht_ota_mgr_service'...
06-21 07:00:51.458 I/[ 3302.375833] init( 0): Service 'hht_ota_mgr_service' (pid 22679) exited with status 0
06-21 07:00:51.474 I/[ 3302.398998] init( 0): Sending signal 9 to service 'hht_ota_mgr_service' (pid 22679) process group...
06-21 07:00:51.474 I/[ 3302.408196] libprocessgroup( 0): Successfully killed process cgroup uid 0 pid 22679 in 0ms
06-21 07:00:53.234 E/[ 3304.160275] link_delay_work_func( 0): DTC_ETH: SQI=0, link=0
06-21 07:00:56.283 I/[ 3307.211254] init( 0): starting service 'hht_ota_mgr_service'...
06-21 07:00:56.502 I/[ 3307.416340] init( 0): Service 'hht_ota_mgr_service' (pid 22701) exited with status 0
06-21 07:00:56.524 I/[ 3307.440302] init( 0): Sending signal 9 to service 'hht_ota_mgr_service' (pid 22701) process group...
06-21 07:00:56.525 I/[ 3307.449692] libprocessgroup( 0): Successfully killed process cgroup uid 0 pid 22701 in 0ms
06-21 07:00:56.755 I/[ 3307.678906] init( 0): processing action (sys.tlog.tlogdshc.active=1) from (/system/etc/init/tlogd.rc:195)
06-21 07:00:56.762 I/[ 3307.688746] init( 0): starting service 'tlogdshc'...
06-21 07:00:57.105 I/[ 3308.019535] init( 0): Service 'tlogdshc' (pid 22704) exited with status 0 oneshot service took 0.321000 seconds in background
06-21 07:00:57.105 I/[ 3308.030826] init( 0): Sending signal 9 to service 'tlogdshc' (pid 22704) process group...
06-21 07:00:57.105 I/[ 3308.039112] libprocessgroup( 0): Successfully killed process cgroup uid 0 pid 22704 in 0ms
06-21 07:00:58.358 E/[ 3309.280486] link_delay_work_func( 0): DTC_ETH: SQI=0, link=0
06-21 07:01:01.311 I/[ 3312.238488] init( 0): starting service 'hht_ota_mgr_service'...
06-21 07:01:01.526 I/[ 3312.439109] init( 0): Service 'hht_ota_mgr_service' (pid 22732) exited with status 0
06-21 07:01:01.538 I/[ 3312.462506] init( 0): Sending signal 9 to service 'hht_ota_mgr_service' (pid 22732) process group...
06-21 07:01:01.546 I/[ 3312.471693] libprocessgroup( 0): Successfully killed process cgroup uid 0 pid 22732 in 0ms
06-21 07:01:03.481 E/[ 3314.400265] link_delay_work_func( 0): DTC_ETH: SQI=0, link=0
06-21 07:01:05.287 W/ActivityManager( 1164): Background start not allowed: service Intent { cmp=com.tencent.android.qqdownloader/com.tencent.assistant.sdk.SDKSupportService (has extras) } to com.tencent.android.qqdownloader/com.tencent.assistant.sdk.SDKSupportService from pid=3329 uid=10115 pkg=com.tencent.android.qqdownloader startFg?=false
06-21 07:01:05.305 W/ActivityManager( 1164): Background start not allowed: service Intent { cmp=com.tencent.android.qqdownloader/com.tencent.assistant.sdk.SDKSupportService (has extras) } to com.tencent.android.qqdownloader/com.tencent.assistant.sdk.SDKSupportService from pid=3329 uid=10115 pkg=com.tencent.android.qqdownloader startFg?=false
06-21 07:01:05.359 W/ActivityManager( 1164): Background start not allowed: service Intent { cmp=com.tencent.android.qqdownloader/com.tencent.assistant.sdk.SDKSupportService (has extras) } to com.tencent.android.qqdownloader/com.tencent.assistant.sdk.SDKSupportService from pid=3329 uid=10115 pkg=com.tencent.android.qqdownloader startFg?=false
06-21 07:01:05.369 W/ActivityManager( 1164): Background start not allowed: service Intent { cmp=com.tencent.android.qqdownloader/com.tencent.assistant.sdk.SDKSupportService (has extras) } to com.tencent.android.qqdownloader/com.tencent.assistant.sdk.SDKSupportService from pid=3329 uid=10115 pkg=com.tencent.android.qqdownloader startFg?=false
06-21 07:01:06.336 I/[ 3317.262336] init( 0): starting service 'hht_ota_mgr_service'...
06-21 07:01:06.564 I/[ 3317.474600] init( 0): Service 'hht_ota_mgr_service' (pid 22754) exited with status 0
06-21 07:01:06.564 I/[ 3317.498107] init( 0): Sending signal 9 to service 'hht_ota_mgr_service' (pid 22754) process group...
06-21 07:01:06.582 I/[ 3317.507299] libprocessgroup( 0): Successfully killed process cgroup uid 0 pid 22754 in 0ms
06-21 07:01:06.838 I/[ 3317.731313] [schedu][0xedc655044][07( 0): 01:06.797796] wlan: [1861:I:WMA] [07:01:06.733000] [ROAM_TRIGGER]: VDEV[0] Reason: "LOW RSSI" Sub-Reason: FULL SCAN Cur_Rssi threshold:81 Current AP RSSI: 76
06-21 07:01:06.838 I/[ 3317.749976] [schedu][0xedc6acf07][07( 0): 01:06.816552] wlan: [1861:I:WMA] [07:01:06.733000] [ROAM_SCAN]: VDEV[0] Scan_type: PARTIAL next_rssi_threshold: 81 dBm {5200 }
06-21 07:01:06.838 I/[ 3317.765098] [schedu][0xedc6f3de8][07( 0): 01:06.831682] wlan: [1861:I:WMA] ============================================================================================================================
06-21 07:01:06.884 I/[ 3317.800443] [schedu][0xedc79996f][07( 0): 01:06.867035] wlan: [1861:I:WMA] AP BSSID TSTAMP CH TY ETP RSSI/SCR CU%/SCR TOT_SCR BL_RSN BL_SRC BL_TSTAMP BL_TIMEOUT(ms)
06-21 07:01:06.884 I/[ 3317.818271] [schedu][0xedc7ed289][07( 0): 01:06.884863] wlan: [1861:I:WMA] ============================================================================================================================
06-21 07:01:06.921 I/[ 3317.836964] [schedu][0xedc844c93][07( 0): 01:06.903556] wlan: [1861:I:WMA] 04:d9:f5:fb:09:94 [07:01:06.733000] 5200 P_AP 0 76/0 0/0 1791 0 0 [00:00:00.000000] 0
06-21 07:01:06.936 I/[ 3317.854825] [schedu][0xedc8986e0][07( 0): 01:06.921403] wlan: [1861:I:WMA] [07:01:06.792000] [ROAM_RESULT]: VDEV[0] FAILED Reason: NO AP FOUND
06-21 07:01:07.640 I/GameModeConfig( 1164): isGameModeOn = false
06-21 07:01:08.594 E/[ 3319.520176] link_delay_work_func( 0): DTC_ETH: SQI=0, link=0
06-21 07:01:11.359 I/[ 3322.285958] init( 0): starting service 'hht_ota_mgr_service'...
06-21 07:01:11.570 I/[ 3322.483796] init( 0): Service 'hht_ota_mgr_service' (pid 22780) exited with status 0
06-21 07:01:11.583 I/[ 3322.507553] init( 0): Sending signal 9 to service 'hht_ota_mgr_service' (pid 22780) process group...
06-21 07:01:11.591 I/[ 3322.516770] libprocessgroup( 0): Successfully killed process cgroup uid 0 pid 22780 in 0ms
06-21 07:01:13.715 E/[ 3324.640461] link_delay_work_func( 0): DTC_ETH: SQI=0, link=0
06-21 07:01:16.382 I/[ 3327.310083] init( 0): starting service 'hht_ota_mgr_service'...
06-21 07:01:16.593 I/[ 3327.511784] init( 0): Service 'hht_ota_mgr_service' (pid 22804) exited with status 0
06-21 07:01:16.609 I/[ 3327.534034] init( 0): Sending signal 9 to service 'hht_ota_mgr_service' (pid 22804) process group...
06-21 07:01:16.609 I/[ 3327.543234] libprocessgroup( 0): Successfully killed process cgroup uid 0 pid 22804 in 0ms
06-21 07:01:18.848 E/[ 3329.775131] link_delay_work_func( 0): DTC_ETH: SQI=0, link=0
06-21 07:01:21.407 I/[ 3332.334595] init( 0): starting service 'hht_ota_mgr_service'...
06-21 07:01:21.627 I/[ 3332.538440] init( 0): Service 'hht_ota_mgr_service' (pid 22822) exited with status 0
06-21 07:01:21.638 I/[ 3332.562778] init( 0): Sending signal 9 to service 'hht_ota_mgr_service' (pid 22822) process group...
06-21 07:01:21.638 I/[ 3332.571966] libprocessgroup( 0): Successfully killed process cgroup uid 0 pid 22822 in 0ms
06-21 07:01:23.954 E/[ 3334.880210] link_delay_work_func( 0): DTC_ETH: SQI=0, link=0
06-21 07:01:26.431 I/[ 3337.357972] init( 0): starting service 'hht_ota_mgr_service'...
06-21 07:01:26.639 I/[ 3337.557036] init( 0): Service 'hht_ota_mgr_service' (pid 22848) exited with status 0
06-21 07:01:26.656 I/[ 3337.580791] init( 0): Sending signal 9 to service 'hht_ota_mgr_service' (pid 22848) process group...
06-21 07:01:26.665 I/[ 3337.591062] libprocessgroup( 0): Successfully killed process cgroup uid 0 pid 22848 in 0ms
06-21 07:01:26.770 I/[ 3337.694224] init( 0): processing action (sys.tlog.tlogdshc.active=1) from (/system/etc/init/tlogd.rc:195)
06-21 07:01:26.771 I/[ 3337.704532] init( 0): starting service 'tlogdshc'...
06-21 07:01:27.135 I/[ 3338.056791] init( 0): Service 'tlogdshc' (pid 22849) exited with status 0 oneshot service took 0.336000 seconds in background
06-21 07:01:27.135 I/[ 3338.068338] init( 0): Sending signal 9 to service 'tlogdshc' (pid 22849) process group...
06-21 07:01:27.151 I/[ 3338.076718] libprocessgroup( 0): Successfully killed process cgroup uid 0 pid 22849 in 0ms
06-21 07:01:29.072 E/[ 3340.000165] link_delay_work_func( 0): DTC_ETH: SQI=0, link=0
06-21 07:01:31.454 I/[ 3342.380787] init( 0): starting service 'hht_ota_mgr_service'...
06-21 07:01:31.652 I/[ 3342.567216] init( 0): Service 'hht_ota_mgr_service' (pid 22879) exited with status 0
06-21 07:01:31.666 I/[ 3342.590681] init( 0): Sending signal 9 to service 'hht_ota_mgr_service' (pid 22879) process group...
06-21 07:01:31.676 I/[ 3342.601767] libprocessgroup( 0): Successfully killed process cgroup uid 0 pid 22879 in 1ms
06-21 07:01:34.210 E/[ 3345.124644] link_delay_work_func( 0): DTC_ETH: SQI=0, link=0
06-21 07:01:36.478 I/[ 3347.405584] init( 0): starting service 'hht_ota_mgr_service'...
06-21 07:01:36.691 I/[ 3347.605671] init( 0): Service 'hht_ota_mgr_service' (pid 22900) exited with status 0
06-21 07:01:36.704 I/[ 3347.629238] init( 0): Sending signal 9 to service 'hht_ota_mgr_service' (pid 22900) process group...
06-21 07:01:36.719 I/[ 3347.639099] libprocessgroup( 0): Successfully killed process cgroup uid 0 pid 22900 in 0ms
06-21 07:01:39.314 E/[ 3350.240356] link_delay_work_func( 0): DTC_ETH: SQI=0, link=0
06-21 07:01:41.519 I/[ 3352.442658] init( 0): starting service 'hht_ota_mgr_service'...
06-21 07:01:41.722 I/[ 3352.638067] init( 0): Service 'hht_ota_mgr_service' (pid 22922) exited with status 0
06-21 07:01:41.728 I/[ 3352.661386] init( 0): Sending signal 9 to service 'hht_ota_mgr_service' (pid 22922) process group...
06-21 07:01:41.746 I/[ 3352.671502] libprocessgroup( 0): Successfully killed process cgroup uid 0 pid 22922 in 0ms
06-21 07:01:44.436 E/[ 3355.360188] link_delay_work_func( 0): DTC_ETH: SQI=0, link=0
06-21 07:01:46.542 I/[ 3357.469355] init( 0): starting service 'hht_ota_mgr_service'...
06-21 07:01:46.730 I/[ 3357.645180] init( 0): Service 'hht_ota_mgr_service' (pid 22948) exited with status 0
06-21 07:01:46.745 I/[ 3357.668969] init( 0): Sending signal 9 to service 'hht_ota_mgr_service' (pid 22948) process group...
06-21 07:01:46.745 I/[ 3357.678174] libprocessgroup( 0): Successfully killed process cgroup uid 0 pid 22948 in 0ms
06-21 07:01:46.791 E/[ 3357.712889] [schedu][0xf0a26b1b2][07( 0): 01:46.779467] wlan: [1861:E:PE] lim_process_addba_req: 1716: Failed to process addba request
06-21 07:01:49.558 E/[ 3360.480152] link_delay_work_func( 0): DTC_ETH: SQI=0, link=0
06-21 07:01:51.559 I/[ 3362.487100] init( 0): starting service 'hht_ota_mgr_service'...
06-21 07:01:51.781 I/[ 3362.690845] init( 0): Service 'hht_ota_mgr_service' (pid 22968) exited with status 0
06-21 07:01:51.781 I/[ 3362.714448] init( 0): Sending signal 9 to service 'hht_ota_mgr_service' (pid 22968) process group...
06-21 07:01:51.800 I/[ 3362.723695] libprocessgroup( 0): Successfully killed process cgroup uid 0 pid 22968 in 0ms
06-21 07:01:54.674 E/[ 3365.601473] link_delay_work_func( 0): DTC_ETH: SQI=0, link=0
06-21 07:01:56.582 I/[ 3367.509484] init( 0): starting service 'hht_ota_mgr_service'...
06-21 07:01:56.791 I/[ 3367.706592] init( 0): Service 'hht_ota_mgr_service' (pid 22992) exited with status 0
06-21 07:01:56.805 I/[ 3367.728951] init( 0): Sending signal 9 to service 'hht_ota_mgr_service' (pid 22992) process group...
06-21 07:01:56.805 I/[ 3367.738383] libprocessgroup( 0): Successfully killed process cgroup uid 0 pid 22992 in 0ms
06-21 07:01:56.844 I/[ 3367.750878] init( 0): processing action (sys.tlog.tlogdshc.active=1) from (/system/etc/init/tlogd.rc:195)
06-21 07:01:56.844 I/[ 3367.760718] init( 0): starting service 'tlogdshc'...
06-21 07:01:57.257 I/[ 3368.170921] init( 0): Service 'tlogdshc' (pid 22993) exited with status 0 oneshot service took 0.383000 seconds in background
06-21 07:01:57.257 I/[ 3368.182294] init( 0): Sending signal 9 to service 'tlogdshc' (pid 22993) process group...
06-21 07:01:57.257 I/[ 3368.190706] libprocessgroup( 0): Successfully killed process cgroup uid 0 pid 22993 in 0ms
06-21 07:01:59.795 E/[ 3370.720304] link_delay_work_func( 0): DTC_ETH: SQI=0, link=0
06-21 07:02:01.612 I/[ 3372.538362] init( 0): starting service 'hht_ota_mgr_service'...
06-21 07:02:01.834 I/[ 3372.745142] init( 0): Service 'hht_ota_mgr_service' (pid 23023) exited with status 0
06-21 07:02:01.834 I/[ 3372.768297] init( 0): Sending signal 9 to service 'hht_ota_mgr_service' (pid 23023) process group...
06-21 07:02:01.870 I/[ 3372.795047] libprocessgroup( 0): Successfully killed process cgroup uid 0 pid 23023 in 0ms
06-21 07:02:02.189 W/ActivityManager( 1164): Background start not allowed: service Intent { cmp=com.tencent.android.qqdownloader/com.tencent.assistant.sdk.SDKSupportService (has extras) } to com.tencent.android.qqdownloader/com.tencent.assistant.sdk.SDKSupportService from pid=3329 uid=10115 pkg=com.tencent.android.qqdownloader startFg?=false
06-21 07:02:02.203 W/ActivityManager( 1164): Background start not allowed: service Intent { cmp=com.tencent.android.qqdownloader/com.tencent.assistant.sdk.SDKSupportService (has extras) } to com.tencent.android.qqdownloader/com.tencent.assistant.sdk.SDKSupportService from pid=3329 uid=10115 pkg=com.tencent.android.qqdownloader startFg?=false
06-21 07:02:02.254 W/ActivityManager( 1164): Background start not allowed: service Intent { cmp=com.tencent.android.qqdownloader/com.tencent.assistant.sdk.SDKSupportService (has extras) } to com.tencent.android.qqdownloader/com.tencent.assistant.sdk.SDKSupportService from pid=3329 uid=10115 pkg=com.tencent.android.qqdownloader startFg?=false
06-21 07:02:02.263 W/ActivityManager( 1164): Background start not allowed: service Intent { cmp=com.tencent.android.qqdownloader/com.tencent.assistant.sdk.SDKSupportService (has extras) } to com.tencent.android.qqdownloader/com.tencent.assistant.sdk.SDKSupportService from pid=3329 uid=10115 pkg=com.tencent.android.qqdownloader startFg?=false
06-21 07:02:04.915 E/[ 3375.840302] link_delay_work_func( 0): DTC_ETH: SQI=0, link=0
06-21 07:02:06.662 I/[ 3377.582473] init( 0): starting service 'hht_ota_mgr_service'...
06-21 07:02:06.879 I/[ 3377.796563] init( 0): Service 'hht_ota_mgr_service' (pid 23045) exited with status 0
06-21 07:02:06.879 I/[ 3377.812472] init( 0): Sending signal 9 to service 'hht_ota_mgr_service' (pid 23045) process group...
06-21 07:02:06.898 I/[ 3377.823160] libprocessgroup( 0): Successfully killed process cgroup uid 0 pid 23045 in 0ms
06-21 07:02:09.133 I/GameModeConfig( 1164): isGameModeOn = false
06-21 07:02:10.032 E/[ 3380.960208] link_delay_work_func( 0): DTC_ETH: SQI=0, link=0
06-21 07:02:11.696 I/[ 3382.623746] init( 0): starting service 'hht_ota_mgr_service'...
06-21 07:02:11.906 I/[ 3382.821610] init( 0): Service 'hht_ota_mgr_service' (pid 23069) exited with status 0
06-21 07:02:11.922 I/[ 3382.844924] init( 0): Sending signal 9 to service 'hht_ota_mgr_service' (pid 23069) process group...
06-21 07:02:11.922 I/[ 3382.854237] libprocessgroup( 0): Successfully killed process cgroup uid 0 pid 23069 in 0ms
06-21 07:02:15.163 E/[ 3386.081214] link_delay_work_func( 0): DTC_ETH: SQI=0, link=0
06-21 07:02:16.719 I/[ 3387.646552] init( 0): starting service 'hht_ota_mgr_service'...
06-21 07:02:16.930 I/[ 3387.846486] init( 0): Service 'hht_ota_mgr_service' (pid 23093) exited with status 0
06-21 07:02:16.946 I/[ 3387.870405] init( 0): Sending signal 9 to service 'hht_ota_mgr_service' (pid 23093) process group...
06-21 07:02:16.956 I/[ 3387.879773] libprocessgroup( 0): Successfully killed process cgroup uid 0 pid 23093 in 0ms
06-21 07:02:20.275 E/[ 3391.200469] link_delay_work_func( 0): DTC_ETH: SQI=0, link=0
06-21 07:02:21.757 I/[ 3392.685092] init( 0): starting service 'hht_ota_mgr_service'...
06-21 07:02:21.974 I/[ 3392.892543] init( 0): Service 'hht_ota_mgr_service' (pid 23111) exited with status 0
06-21 07:02:21.981 I/[ 3392.914717] init( 0): Sending signal 9 to service 'hht_ota_mgr_service' (pid 23111) process group...
06-21 07:02:21.999 I/[ 3392.924333] libprocessgroup( 0): Successfully killed process cgroup uid 0 pid 23111 in 0ms
06-21 07:02:25.407 E/[ 3396.320335] link_delay_work_func( 0): DTC_ETH: SQI=0, link=0
06-21 07:02:26.782 I/[ 3397.708777] init( 0): starting service 'hht_ota_mgr_service'...
06-21 07:02:26.813 I/[ 3397.736984] init( 0): processing action (sys.tlog.tlogdshc.active=1) from (/system/etc/init/tlogd.rc:195)
06-21 07:02:26.819 I/[ 3397.747243] init( 0): starting service 'tlogdshc'...
06-21 07:02:26.983 I/[ 3397.899805] init( 0): Service 'hht_ota_mgr_service' (pid 23135) exited with status 0
06-21 07:02:26.990 I/[ 3397.923493] init( 0): Sending signal 9 to service 'hht_ota_mgr_service' (pid 23135) process group...
06-21 07:02:27.007 I/[ 3397.933037] libprocessgroup( 0): Successfully killed process cgroup uid 0 pid 23135 in 0ms
06-21 07:02:27.217 I/[ 3398.139118] init( 0): Service 'tlogdshc' (pid 23136) exited with status 0 oneshot service took 0.379000 seconds in background
06-21 07:02:27.217 I/[ 3398.150515] init( 0): Sending signal 9 to service 'tlogdshc' (pid 23136) process group...
06-21 07:02:27.226 I/[ 3398.158826] libprocessgroup( 0): Successfully killed process cgroup uid 0 pid 23136 in 0ms
06-21 07:02:30.518 E/[ 3401.440234] link_delay_work_func( 0): DTC_ETH: SQI=0, link=0
06-21 07:02:31.801 I/[ 3402.728132] init( 0): starting service 'hht_ota_mgr_service'...
06-21 07:02:31.987 I/[ 3402.905416] init( 0): Service 'hht_ota_mgr_service' (pid 23166) exited with status 0
06-21 07:02:32.005 I/[ 3402.929193] init( 0): Sending signal 9 to service 'hht_ota_mgr_service' (pid 23166) process group...
06-21 07:02:32.014 I/[ 3402.939957] libprocessgroup( 0): Successfully killed process cgroup uid 0 pid 23166 in 0ms
06-21 07:02:35.633 E/[ 3406.560311] link_delay_work_func( 0): DTC_ETH: SQI=0, link=0
06-21 07:02:36.827 I/[ 3407.754571] init( 0): starting service 'hht_ota_mgr_service'...
06-21 07:02:37.035 I/[ 3407.950045] init( 0): Service 'hht_ota_mgr_service' (pid 23188) exited with status 0
06-21 07:02:37.049 I/[ 3407.973274] init( 0): Sending signal 9 to service 'hht_ota_mgr_service' (pid 23188) process group...
06-21 07:02:37.058 I/[ 3407.983608] libprocessgroup( 0): Successfully killed process cgroup uid 0 pid 23188 in 0ms
06-21 07:02:40.752 E/[ 3411.680137] link_delay_work_func( 0): DTC_ETH: SQI=0, link=0
06-21 07:02:41.854 I/[ 3412.781471] init( 0): starting service 'hht_ota_mgr_service'...
06-21 07:02:42.042 I/[ 3412.959936] init( 0): Service 'hht_ota_mgr_service' (pid 23208) exited with status 0
06-21 07:02:42.058 I/[ 3412.982922] init( 0): Sending signal 9 to service 'hht_ota_mgr_service' (pid 23208) process group...
06-21 07:02:42.058 I/[ 3412.992247] libprocessgroup( 0): Successfully killed process cgroup uid 0 pid 23208 in 0ms
06-21 07:02:45.879 E/[ 3416.800379] link_delay_work_func( 0): DTC_ETH: SQI=0, link=0
06-21 07:02:46.877 I/[ 3417.803096] init( 0): starting service 'hht_ota_mgr_service'...
06-21 07:02:47.091 I/[ 3418.007521] init( 0): Service 'hht_ota_mgr_service' (pid 23232) exited with status 0
06-21 07:02:47.107 I/[ 3418.031747] init( 0): Sending signal 9 to service 'hht_ota_mgr_service' (pid 23232) process group...
06-21 07:02:47.107 I/[ 3418.041061] libprocessgroup( 0): Successfully killed process cgroup uid 0 pid 23232 in 0ms
06-21 07:02:47.825 E/[ 3418.745557] [schedu][0xf4fff5aee][07( 0): 02:47.812124] wlan: [1861:E:PE] lim_process_addba_req: 1716: Failed to process addba request
06-21 07:02:50.994 E/[ 3421.920452] link_delay_work_func( 0): DTC_ETH: SQI=0, link=0
06-21 07:02:51.902 I/[ 3422.829827] init( 0): starting service 'hht_ota_mgr_service'...
06-21 07:02:52.114 I/[ 3423.030710] init( 0): Service 'hht_ota_mgr_service' (pid 23256) exited with status 0
06-21 07:02:52.129 I/[ 3423.053841] init( 0): Sending signal 9 to service 'hht_ota_mgr_service' (pid 23256) process group...
06-21 07:02:52.138 I/[ 3423.063187] libprocessgroup( 0): Successfully killed process cgroup uid 0 pid 23256 in 0ms
