05-26 20:29:08.921 D/[ 45.643605] cnss( 0): Assign MSI to user: DP, num_vectors: 18, user_base_data: 814, base_vector: 14
05-26 20:29:08.921 D/[ 45.643702] cnss( 0): Assign MSI to user: DP, num_vectors: 18, user_base_data: 814, base_vector: 14
05-26 20:29:08.921 I/[ 45.643783] [kworke][0x3bc9f4d2][20( 0): 29:08.919643] wlan: [283:I:DP] dp_tx_soc_attach Tx Desc Alloc num_pool = 4, descs = 4096
05-26 20:29:08.921 I/[ 45.644135] [kworke][0x3bca0f1a][20( 0): 29:08.919993] wlan: [283:I:DP] dp_tx_soc_attach MSDU Ext Desc Alloc 4, descs = 4096
05-26 20:29:08.921 I/[ 45.644561] [kworke][0x3bca2f11][20( 0): 29:08.920420] wlan: [283:I:DP] dp_tx_soc_attach HAL Tx init Success
05-26 20:29:08.921 D/[ 45.644668] cnss( 0): Assign MSI to user: DP, num_vectors: 18, user_base_data: 814, base_vector: 14
05-26 20:29:08.921 D/[ 45.644846] cnss( 0): Assign MSI to user: DP, num_vectors: 18, user_base_data: 814, base_vector: 14
05-26 20:29:08.921 I/[ 45.644943] [kworke][0x3bca4b7b][20( 0): 29:08.920799] wlan: [283:I:DP] dp_soc_cmn_setup: 3274: num_reo_dest_rings 4
05-26 20:29:08.921 D/[ 45.644979] cnss( 0): Assign MSI to user: DP, num_vectors: 18, user_base_data: 814, base_vector: 14
05-26 20:29:08.921 D/[ 45.645119] cnss( 0): Assign MSI to user: DP, num_vectors: 18, user_base_data: 814, base_vector: 14
05-26 20:29:08.921 D/[ 45.645299] cnss( 0): Assign MSI to user: DP, num_vectors: 18, user_base_data: 814, base_vector: 14
05-26 20:29:08.921 D/[ 45.645428] cnss( 0): Assign MSI to user: DP, num_vectors: 18, user_base_data: 814, base_vector: 14
05-26 20:29:08.921 D/[ 45.645521] cnss( 0): Assign MSI to user: DP, num_vectors: 18, user_base_data: 814, base_vector: 14
05-26 20:29:08.921 D/SystemServerTiming( 1164): StartNetworkScoreService took to complete: 5ms
05-26 20:29:08.921 I/SystemServerTiming( 1164): StartNetworkStatsService
05-26 20:29:08.926 D/[ 45.645558] cnss( 0): Assign MSI to user: DP, num_vectors: 18, user_base_data: 814, base_vector: 14
05-26 20:29:08.926 D/[ 45.645662] cnss( 0): Assign MSI to user: DP, num_vectors: 18, user_base_data: 814, base_vector: 14
05-26 20:29:08.926 D/[ 45.645761] cnss( 0): Assign MSI to user: DP, num_vectors: 18, user_base_data: 814, base_vector: 14
05-26 20:29:08.926 D/[ 45.645941] cnss( 0): Assign MSI to user: DP, num_vectors: 18, user_base_data: 814, base_vector: 14
05-26 20:29:08.926 D/[ 45.646118] cnss( 0): Assign MSI to user: DP, num_vectors: 18, user_base_data: 814, base_vector: 14
05-26 20:29:08.926 D/[ 45.646275] cnss( 0): Assign MSI to user: DP, num_vectors: 18, user_base_data: 814, base_vector: 14
05-26 20:29:08.926 I/[ 45.646515] [kworke][0x3bcac1ad][20( 0): 29:08.922374] wlan: [283:I:HAL] hal_reo_set_err_dst_remap_6390: 1024: HWIO_REO_R0_ERROR_DESTINATION_MAPPING_IX_0 0x28005b6d
05-26 20:29:08.926 D/[ 45.646534] cnss( 0): Assign MSI to user: DP, num_vectors: 18, user_base_data: 814, base_vector: 14
05-26 20:29:08.926 D/[ 45.646603] cnss( 0): Assign MSI to user: DP, num_vectors: 18, user_base_data: 814, base_vector: 14
05-26 20:29:08.926 D/[ 45.646668] cnss( 0): Assign MSI to user: DP, num_vectors: 18, user_base_data: 814, base_vector: 14
05-26 20:29:08.926 D/[ 45.646728] cnss( 0): Assign MSI to user: DP, num_vectors: 18, user_base_data: 814, base_vector: 14
05-26 20:29:08.926 D/[ 45.646798] cnss( 0): Assign MSI to user: DP, num_vectors: 18, user_base_data: 814, base_vector: 14
05-26 20:29:08.926 D/[ 45.646886] cnss( 0): Assign MSI to user: DP, num_vectors: 18, user_base_data: 814, base_vector: 14
05-26 20:29:08.928 D/SystemServerTiming( 1164): StartNetworkStatsService took to complete: 7ms
05-26 20:29:08.928 I/SystemServerTiming( 1164): StartNetworkPolicyManagerService
05-26 20:29:08.936 D/SystemServerTiming( 1164): StartNetworkPolicyManagerService took to complete: 8ms
05-26 20:29:08.936 I/SystemServerTiming( 1164): StartWifi
05-26 20:29:08.985 I/SystemServiceManager( 1164): Starting com.android.server.wifi.WifiService
05-26 20:29:09.079 I/wificond( 1285): New wificond event callback registered
05-26 20:29:09.082 V/HistoricalRegistry( 1164): Interaction before persistence initialized
05-26 20:29:09.085 D/SystemServerTiming( 1164): StartWifi took to complete: 148ms
05-26 20:29:09.085 I/SystemServerTiming( 1164): StartWifiScanning
05-26 20:29:09.085 I/SystemServiceManager( 1164): Starting com.android.server.wifi.scanner.WifiScanningService
05-26 20:29:09.091 D/SystemServerTiming( 1164): StartWifiScanning took to complete: 6ms
05-26 20:29:09.091 I/SystemServerTiming( 1164): StartRttService
05-26 20:29:09.092 I/SystemServiceManager( 1164): Starting com.android.server.wifi.rtt.RttService
05-26 20:29:09.093 D/SystemServerTiming( 1164): StartRttService took to complete: 2ms
05-26 20:29:09.094 I/SystemServerTiming( 1164): StartWifiAware
05-26 20:29:09.094 I/SystemServiceManager( 1164): Starting com.android.server.wifi.aware.WifiAwareService
05-26 20:29:09.095 D/SystemServerTiming( 1164): StartWifiAware took to complete: 1ms
05-26 20:29:09.095 I/SystemServerTiming( 1164): StartWifiP2P
05-26 20:29:09.095 I/SystemServiceManager( 1164): Starting com.android.server.wifi.p2p.WifiP2pService
05-26 20:29:09.100 D/SystemServerTiming( 1164): StartWifiP2P took to complete: 5ms
05-26 20:29:09.100 I/SystemServerTiming( 1164): StartEthernet
05-26 20:29:09.100 I/SystemServiceManager( 1164): Starting com.android.server.ethernet.EthernetService
05-26 20:29:09.108 D/SystemServerTiming( 1164): StartEthernet took to complete: 8ms
05-26 20:29:09.108 I/SystemServerTiming( 1164): StartPacProxyService
05-26 20:29:09.111 D/SystemServerTiming( 1164): StartPacProxyService took to complete: 3ms
05-26 20:29:09.111 I/SystemServerTiming( 1164): StartConnectivityService
05-26 20:29:09.140 I/SystemServiceManager( 1164): Starting com.android.server.ConnectivityServiceInitializer
05-26 20:29:09.145 I/iorapd ( 1227): iorapd (the prefetchening) readied up
05-26 20:29:09.208 I/[ 45.929998] [kworke][0x3c1dce9a][20( 0): 29:09.205853] wlan: [283:I:DP] Peer pool init
05-26 20:29:09.208 W/[ 45.930185] [kworke][0x3c1ddcd1][20( 0): 29:09.206043] wlan: [283:W:DP] dp_rx_pdev_mon_attach: pdev attach id=0
05-26 20:29:09.207 D/CompatibilityChangeReporter( 1164): Compat change id reported: 182478738; UID 1000; state: ENABLED
05-26 20:29:09.216 D/SystemServerTiming( 1164): StartConnectivityService took to complete: 105ms
05-26 20:29:09.216 I/SystemServerTiming( 1164): StartVpnManagerService
05-26 20:29:09.220 D/SystemServerTiming( 1164): StartVpnManagerService took to complete: 5ms
05-26 20:29:09.221 I/SystemServerTiming( 1164): StartVcnManagementService
05-26 20:29:09.224 D/SystemServerTiming( 1164): StartVcnManagementService took to complete: 4ms
05-26 20:29:09.225 I/SystemServerTiming( 1164): StartNsdService
05-26 20:29:09.228 D/NsdService( 1164): Network service discovery is enabled
05-26 20:29:09.231 D/SystemServerTiming( 1164): StartNsdService took to complete: 6ms
05-26 20:29:09.231 I/SystemServerTiming( 1164): StartSystemUpdateManagerService
05-26 20:29:09.232 I/SystemUpdateManagerService( 1164): No existing info file /data/system/system-update-info.xml
05-26 20:29:09.234 D/SystemServerTiming( 1164): StartSystemUpdateManagerService took to complete: 3ms
05-26 20:29:09.234 I/SystemServerTiming( 1164): StartUpdateLockService
05-26 20:29:09.234 W/BackgroundDexOptService( 1164): SysProp pm.dexopt.downgrade_after_inactive_days not set
05-26 20:29:09.237 D/SystemServerTiming( 1164): StartUpdateLockService took to complete: 3ms
05-26 20:29:09.237 I/SystemServerTiming( 1164): StartNotificationManager
05-26 20:29:09.237 I/SystemServiceManager( 1164): Starting com.android.server.notification.NotificationManagerService
05-26 20:29:09.245 D/ConditionProviders.SCP( 1164): new ScheduleConditionProvider()
05-26 20:29:09.247 D/[ 45.969428] cnss( 0): Assign MSI to user: DP, num_vectors: 18, user_base_data: 814, base_vector: 14
05-26 20:29:09.247 D/[ 45.969450] cnss( 0): Get IRQ number 366 for vector index 14
05-26 20:29:09.247 D/[ 45.969544] cnss( 0): Assign MSI to user: DP, num_vectors: 18, user_base_data: 814, base_vector: 14
05-26 20:29:09.247 D/[ 45.969557] cnss( 0): Get IRQ number 367 for vector index 15
05-26 20:29:09.247 D/[ 45.969573] cnss( 0): Assign MSI to user: DP, num_vectors: 18, user_base_data: 814, base_vector: 14
05-26 20:29:09.247 D/[ 45.969585] cnss( 0): Get IRQ number 368 for vector index 16
05-26 20:29:09.247 D/[ 45.969600] cnss( 0): Assign MSI to user: DP, num_vectors: 18, user_base_data: 814, base_vector: 14
05-26 20:29:09.247 D/[ 45.969612] cnss( 0): Get IRQ number 369 for vector index 17
05-26 20:29:09.247 D/[ 45.969628] cnss( 0): Assign MSI to user: DP, num_vectors: 18, user_base_data: 814, base_vector: 14
05-26 20:29:09.247 D/[ 45.969644] cnss( 0): Assign MSI to user: DP, num_vectors: 18, user_base_data: 814, base_vector: 14
05-26 20:29:09.247 D/[ 45.969654] cnss( 0): Get IRQ number 371 for vector index 19
05-26 20:29:09.247 D/[ 45.969669] cnss( 0): Assign MSI to user: DP, num_vectors: 18, user_base_data: 814, base_vector: 14
05-26 20:29:09.247 D/[ 45.969679] cnss( 0): Get IRQ number 372 for vector index 20
05-26 20:29:09.249 D/ZygoteInitTiming_lazy( 688): PreloadClasses took to complete: 1399ms
05-26 20:29:09.256 E/NotificationPrefHelper( 1164): createDefaultChannelIfNeededLocked - Exception: android.content.pm.PackageManager$NameNotFoundException: com.lizhi.smartlife.lzbk.car
05-26 20:29:09.257 E/NotificationPrefHelper( 1164): createDefaultChannelIfNeededLocked - Exception: android.content.pm.PackageManager$NameNotFoundException: com.bilibili.bilithings
05-26 20:29:09.258 I/NotificationAssistants( 1164): Read notification assistant permissions from xml
05-26 20:29:09.259 I/ConditionProviders( 1164): Read condition provider permissions from xml
05-26 20:29:09.259 I/ConditionProviders( 1164): Read condition provider permissions from xml
05-26 20:29:09.259 D/NotificationAssistants( 1164): Approving default notification assistant for user 0
05-26 20:29:09.259 I/ConditionProviders( 1164): Allowing condition provider android.ext.services/android.ext.services.notification.Assistant (userSet: true)
05-26 20:29:09.260 I/GameModeConfig( 1164): isGameModeOn cache is null
05-26 20:29:09.268 I/GameModeConfig( 1164): isGameModeOn = false
05-26 20:29:09.273 D/CompatibilityChangeReporter( 1164): Compat change id reported: 157233955; UID 1000; state: ENABLED
05-26 20:29:09.273 E/[ 45.981029] [kworke][0x3c2cc1e3][20( 0): 29:09.256884] wlan: [283:E:HIF] hif_pci_ce_irq_set_affinity_hint: 3708: Unable to set cpu mask for offline CPU 0
05-26 20:29:09.280 I/[ 46.003711] [kworke][0x3c33670c][20( 0): 29:09.279566] wlan: [1802:I:WMA] wma_rx_service_ready_event: Firmware build version : 101a0521
05-26 20:29:09.280 I/[ 46.003728] [kworke][0x3c3368ac][20( 0): 29:09.279587] wlan: [1802:I:WMA] wma_rx_service_ready_event: Board id: 0, Board version: 8 0 0 0 6
05-26 20:29:09.284 D/ZygoteInitTiming_lazy( 688): CacheNonBootClasspathClassLoaders took to complete: 35ms
05-26 20:29:09.293 D/SystemServerTiming( 1164): StartNotificationManager took to complete: 56ms
05-26 20:29:09.293 I/SystemServerTiming( 1164): StartDeviceMonitor
05-26 20:29:09.293 I/SystemServiceManager( 1164): Starting com.android.server.storage.DeviceStorageMonitorService
05-26 20:29:09.299 I/[ 46.006271] [kworke][0x3c342728][20( 0): 29:09.282127] wlan: [1802:I:WMA] wma_is_dbs_mandatory: 5417: MAC0 does not support both bands 2 DBS is mandatory
05-26 20:29:09.299 E/[ 46.006373] [kworke][0x3c342ee7][20( 0): 29:09.282231] wlan: [1802:E:QDF] copy_fw_abi_version_tlv: 6979: copy_fw_abi_version_tlv: INIT_CMD version: 1, 0, 0x5f414351, 0x4c4d, 0x0, 0x0
05-26 20:29:09.299 D/SystemServerTiming( 1164): StartDeviceMonitor took to complete: 6ms
05-26 20:29:09.300 I/SystemServerTiming( 1164): StartLocationManagerService
05-26 20:29:09.300 I/SystemServiceManager( 1164): Starting com.android.server.location.LocationManagerService$Lifecycle
05-26 20:29:09.306 D/SystemServerTiming( 1164): StartLocationManagerService took to complete: 6ms
05-26 20:29:09.306 I/SystemServerTiming( 1164): StartCountryDetectorService
05-26 20:29:09.307 D/SystemServerTiming( 1164): StartCountryDetectorService took to complete: 1ms
05-26 20:29:09.307 I/SystemServerTiming( 1164): StartTimeDetectorService
05-26 20:29:09.307 I/SystemServiceManager( 1164): Starting com.android.server.timedetector.TimeDetectorService$Lifecycle
05-26 20:29:09.308 D/SystemServerTiming( 1164): StartTimeDetectorService took to complete: 1ms
05-26 20:29:09.308 I/SystemServerTiming( 1164): StartTimeZoneDetectorService
05-26 20:29:09.308 I/SystemServiceManager( 1164): Starting com.android.server.timezonedetector.TimeZoneDetectorService$Lifecycle
05-26 20:29:09.310 D/SystemServerTiming( 1164): StartTimeZoneDetectorService took to complete: 2ms
05-26 20:29:09.310 I/SystemServerTiming( 1164): StartLocationTimeZoneManagerService
05-26 20:29:09.310 I/SystemServiceManager( 1164): Starting com.android.server.timezonedetector.location.LocationTimeZoneManagerService$Lifecycle
05-26 20:29:09.311 D/SystemServerTiming( 1164): StartLocationTimeZoneManagerService took to complete: 1ms
05-26 20:29:09.311 I/SystemServerTiming( 1164): StartSearchManagerService
05-26 20:29:09.311 I/SystemServiceManager( 1164): Starting com.android.server.search.SearchManagerService$Lifecycle
05-26 20:29:09.311 D/SystemServerTiming( 1164): StartSearchManagerService took to complete: 1ms
05-26 20:29:09.312 I/SystemServerTiming( 1164): StartWallpaperManagerService
05-26 20:29:09.312 I/SystemServiceManager( 1164): Starting com.android.server.wallpaper.WallpaperManagerService$Lifecycle
05-26 20:29:09.313 D/SystemServerTiming( 1164): StartWallpaperManagerService took to complete: 1ms
05-26 20:29:09.313 I/SystemServerTiming( 1164): StartAudioService
05-26 20:29:09.313 I/SystemServiceManager( 1164): Starting com.android.server.audio.AudioService$Lifecycle
05-26 20:29:09.313 D/ZygoteInitTiming_lazy( 688): PreloadResources took to complete: 29ms
05-26 20:29:09.382 D/MicroServiceManager( 1164): bindMicroService: called already get service
05-26 20:29:09.382 I/MicroServiceManager( 1164): addCommonCallbackListener add listener
05-26 20:29:09.382 I/MicroServiceManager( 1164): addConnectChangedListener add listener
05-26 20:29:09.388 D/SystemServerTiming( 1164): StartAudioService took to complete: 75ms
05-26 20:29:09.388 I/SystemServerTiming( 1164): StartSoundTriggerMiddlewareService
05-26 20:29:09.388 I/SystemServiceManager( 1164): Starting com.android.server.soundtrigger_middleware.SoundTriggerMiddlewareService$Lifecycle
05-26 20:29:09.396 D/SystemServerTiming( 1164): StartSoundTriggerMiddlewareService took to complete: 9ms
05-26 20:29:09.397 I/SystemServerTiming( 1164): StartDockObserver
05-26 20:29:09.400 I/[ 46.123561] init( 0): starting service 'hht_ota_mgr_service'...
05-26 20:29:09.397 I/SystemServiceManager( 1164): Starting com.android.server.DockObserver
05-26 20:29:09.397 W/DockObserver( 1164): This kernel does not have dock station support
05-26 20:29:09.398 D/SystemServerTiming( 1164): StartDockObserver took to complete: 1ms
05-26 20:29:09.398 I/SystemServerTiming( 1164): StartWiredAccessoryManager
05-26 20:29:09.399 W/WiredAccessoryManager( 1164): This kernel does not have usb audio support
05-26 20:29:09.399 W/WiredAccessoryManager( 1164): This kernel does not have HDMI audio support
05-26 20:29:09.400 E/WiredAccessoryManager( 1164): file /sys/devices/platform/soc/soc:qcom,msm-ext-disp/extcon/extcon3/name not found
05-26 20:29:09.400 W/WiredAccessoryManager( 1164): Conn soc:qcom,msm-ext-disp/3/0 does not have DP audio support
05-26 20:29:09.400 E/WiredAccessoryManager( 1164): file /sys/devices/platform/soc/soc:qcom,msm-ext-disp/extcon/extcon2/name not found
05-26 20:29:09.401 W/WiredAccessoryManager( 1164): Conn soc:qcom,msm-ext-disp/2/0 does not have DP audio support
05-26 20:29:09.402 E/WiredAccessoryManager( 1164): set dev_index 1
05-26 20:29:09.403 W/WiredAccessoryManager( 1164): checkCableIndex set cable 0
05-26 20:29:09.404 E/WiredAccessoryManager( 1164): set dev_index 0
05-26 20:29:09.404 W/WiredAccessoryManager( 1164): checkCableIndex set cable 0
05-26 20:29:09.405 D/SystemServerTiming( 1164): StartWiredAccessoryManager took to complete: 7ms
05-26 20:29:09.405 I/SystemServerTiming( 1164): StartMidiManager
05-26 20:29:09.405 I/SystemServiceManager( 1164): Starting com.android.server.midi.MidiService$Lifecycle
05-26 20:29:09.409 D/SystemServerTiming( 1164): StartMidiManager took to complete: 4ms
05-26 20:29:09.409 I/SystemServerTiming( 1164): StartAdbService
05-26 20:29:09.409 I/SystemServiceManager( 1164): Starting com.android.server.adb.AdbService$Lifecycle
05-26 20:29:09.411 D/SystemServerTiming( 1164): StartAdbService took to complete: 2ms
05-26 20:29:09.411 I/SystemServerTiming( 1164): StartUsbService
05-26 20:29:09.411 I/SystemServiceManager( 1164): Starting com.android.server.usb.UsbService$Lifecycle
05-26 20:29:09.411 D/SystemServerTiming( 1164): StartUsbService took to complete: 0ms
05-26 20:29:09.411 I/SystemServerTiming( 1164): StartSerialService
05-26 20:29:09.411 I/SystemServerTimingAsync( 1164): InitThreadPoolExec:UsbService$Lifecycle#onStart
05-26 20:29:09.412 D/SystemServerInitThreadPool( 1164): Started executing UsbService$Lifecycle#onStart
05-26 20:29:09.413 D/SystemServerTiming( 1164): StartSerialService took to complete: 2ms
05-26 20:29:09.413 I/SystemServerTiming( 1164): StartHardwarePropertiesManagerService
05-26 20:29:09.414 E/UsbDeviceManager( 1164): failed to write to /sys/class/android_usb/android0/f_rndis/ethaddr
05-26 20:29:09.417 D/SystemServerTiming( 1164): StartHardwarePropertiesManagerService took to complete: 4ms
05-26 20:29:09.417 I/SystemServerTiming( 1164): StartTwilightService
05-26 20:29:09.417 I/SystemServiceManager( 1164): Starting com.android.server.twilight.TwilightService
05-26 20:29:09.417 D/SystemServerTiming( 1164): StartTwilightService took to complete: 0ms
05-26 20:29:09.417 I/SystemServerTiming( 1164): StartColorDisplay
05-26 20:29:09.417 I/SystemServiceManager( 1164): Starting com.android.server.display.color.ColorDisplayService
05-26 20:29:09.417 I/UsbDeviceManager( 1164): USB GADGET HAL not present in the device
05-26 20:29:09.417 I/UsbDeviceManager( 1164): java.util.NoSuchElementException
05-26 20:29:09.417 I/UsbDeviceManager( 1164): at android.os.HwBinder.getService(Native Method)
05-26 20:29:09.417 I/UsbDeviceManager( 1164): at android.hardware.usb.gadget.V1_0.IUsbGadget.getService(IUsbGadget.java:57)
05-26 20:29:09.417 I/UsbDeviceManager( 1164): at android.hardware.usb.gadget.V1_0.IUsbGadget.getService(IUsbGadget.java:64)
05-26 20:29:09.417 I/UsbDeviceManager( 1164): at com.android.server.usb.UsbDeviceManager.(UsbDeviceManager.java:293)
05-26 20:29:09.417 I/UsbDeviceManager( 1164): at com.android.server.usb.UsbService.(UsbService.java:178)
05-26 20:29:09.417 I/UsbDeviceManager( 1164): at com.android.server.usb.UsbService$Lifecycle.lambda$onStart$0$UsbService$Lifecycle(UsbService.java:92)
05-26 20:29:09.417 I/UsbDeviceManager( 1164): at com.android.server.usb.UsbService$Lifecycle$$ExternalSyntheticLambda1.run(Unknown Source:2)
05-26 20:29:09.417 I/UsbDeviceManager( 1164): at com.android.server.SystemServerInitThreadPool.lambda$submitTask$0$SystemServerInitThreadPool(SystemServerInitThreadPool.java:105)
05-26 20:29:09.417 I/UsbDeviceManager( 1164): at com.android.server.SystemServerInitThreadPool$$ExternalSyntheticLambda0.run(Unknown Source:6)
05-26 20:29:09.417 I/UsbDeviceManager( 1164): at java.util.concurrent.Executors$RunnableAdapter.call(Executors.java:462)
05-26 20:29:09.417 I/UsbDeviceManager( 1164): at java.util.concurrent.FutureTask.run(FutureTask.java:266)
05-26 20:29:09.417 I/UsbDeviceManager( 1164): at java.util.concurrent.ThreadPoolExecutor.runWorker(ThreadPoolExecutor.java:1167)
05-26 20:29:09.417 I/UsbDeviceManager( 1164): at java.util.concurrent.ThreadPoolExecutor$Worker.run(ThreadPoolExecutor.java:641)
05-26 20:29:09.417 I/UsbDeviceManager( 1164): at com.android.internal.util.ConcurrentUtils$1$1.run(ConcurrentUtils.java:65)
05-26 20:29:09.417 E/UsbDeviceManager( 1164): Failed to open control for mtp
05-26 20:29:09.418 E/UsbDeviceManager( 1164): Failed to open control for ptp
05-26 20:29:09.419 D/SystemServerTiming( 1164): StartColorDisplay took to complete: 2ms
05-26 20:29:09.419 I/SystemServerTiming( 1164): StartJobScheduler
05-26 20:29:09.419 I/SystemServiceManager( 1164): Starting com.android.server.job.JobSchedulerService
05-26 20:29:09.422 W/StorageManagerService( 1164): No primary storage defined yet; hacking together a stub
05-26 20:29:09.425 I/ ( 0): [ 46.148145] acc_open
05-26 20:29:09.425 I/ ( 0): [ 46.148186] acc_release
05-26 20:29:09.429 I/UsbPortManager( 1164): Usb hal service started android.hardware.usb@1.0::IUsb default
05-26 20:29:09.432 D/JobStore( 1164): Start tag: job-info
05-26 20:29:09.433 W/JobStore( 1164): Periodic job for uid='10107' persisted run-time is too big [610:25:56, 611:25:56]. Clamping to [1:00:46,2:00:46]
05-26 20:29:09.435 W/JobStore( 1164): Periodic job for uid='10089' persisted run-time is too big [957:57:00, 1317:57:00]. Clamping to [360:00:46,720:00:46]
05-26 20:29:09.435 W/JobStore( 1164): Periodic job for uid='1000' persisted run-time is too big [632:13:56, 633:25:56]. Clamping to [24:00:46,25:12:46]
05-26 20:29:09.436 W/JobStore( 1164): Periodic job for uid='1000' persisted run-time is too big [632:13:56, 633:25:56]. Clamping to [24:00:46,25:12:46]
05-26 20:29:09.437 W/JobStore( 1164): Periodic job for uid='1000' persisted run-time is too big [609:37:27, 630:43:39]. Clamping to [24:00:46,48:00:46]
05-26 20:29:09.438 W/JobStore( 1164): Periodic job for uid='1000' persisted run-time is too big [957:57:01, 1317:57:01]. Clamping to [360:00:46,720:00:46]
05-26 20:29:09.438 W/JobStore( 1164): Periodic job for uid='1000' persisted run-time is too big [630:43:39, 654:43:39]. Clamping to [24:00:46,48:00:46]
05-26 20:29:09.438 I/UsbPortManager( 1164): USB HAL version: 12
05-26 20:29:09.439 W/JobStore( 1164): Periodic job for uid='1000' persisted run-time is too big [609:37:27, 630:43:39]. Clamping to [24:00:46,48:00:46]
05-26 20:29:09.439 I/JobStore( 1164): Read 10 jobs
05-26 20:29:09.441 D/SystemServerInitThreadPool( 1164): Finished executing UsbService$Lifecycle#onStart
05-26 20:29:09.442 D/SystemServerTimingAsync( 1164): InitThreadPoolExec:UsbService$Lifecycle#onStart took to complete: 30ms
05-26 20:29:09.447 V/HistoricalRegistry( 1164): Interaction before persistence initialized
05-26 20:29:09.447 V/HistoricalRegistry( 1164): Interaction before persistence initialized
05-26 20:29:09.448 W/JobScheduler( 1164): !!! RTC not yet good; tracking time updates for job scheduling
05-26 20:29:09.449 D/SystemServerTiming( 1164): StartJobScheduler took to complete: 30ms
05-26 20:29:09.449 I/SystemServerTiming( 1164): StartSoundTrigger
05-26 20:29:09.450 I/SystemServiceManager( 1164): Starting com.android.server.soundtrigger.SoundTriggerService
05-26 20:29:09.451 D/SystemServerTiming( 1164): StartSoundTrigger took to complete: 1ms
05-26 20:29:09.451 I/SystemServerTiming( 1164): StartTrustManager
05-26 20:29:09.451 I/SystemServiceManager( 1164): Starting com.android.server.trust.TrustManagerService
05-26 20:29:09.453 D/SystemServerTiming( 1164): StartTrustManager took to complete: 2ms
05-26 20:29:09.453 I/SystemServerTiming( 1164): StartBackupManager
05-26 20:29:09.453 I/SystemServiceManager( 1164): Starting com.android.server.backup.BackupManagerService$Lifecycle
05-26 20:29:09.462 D/SystemServerTiming( 1164): StartBackupManager took to complete: 9ms
05-26 20:29:09.462 I/SystemServerTiming( 1164): StartAppWidgetService
05-26 20:29:09.462 I/SystemServiceManager( 1164): Starting com.android.server.appwidget.AppWidgetService
05-26 20:29:09.465 D/SystemServerTiming( 1164): StartAppWidgetService took to complete: 3ms
05-26 20:29:09.465 I/SystemServerTiming( 1164): StartVoiceRecognitionManager
05-26 20:29:09.465 I/SystemServiceManager( 1164): Starting com.android.server.voiceinteraction.VoiceInteractionManagerService
05-26 20:29:09.478 D/SystemServerTiming( 1164): StartVoiceRecognitionManager took to complete: 13ms
05-26 20:29:09.478 I/SystemServerTiming( 1164): StartAppHibernationService
05-26 20:29:09.478 I/SystemServiceManager( 1164): Starting com.android.server.apphibernation.AppHibernationService
05-26 20:29:09.482 D/SystemServerTiming( 1164): StartAppHibernationService took to complete: 4ms
05-26 20:29:09.483 I/SystemServerTiming( 1164): StartSensorNotification
05-26 20:29:09.483 I/SystemServiceManager( 1164): Starting com.android.server.SensorNotificationService
05-26 20:29:09.483 D/SystemServerTiming( 1164): StartSensorNotification took to complete: 0ms
05-26 20:29:09.484 I/SystemServerTiming( 1164): StartDiskStatsService
05-26 20:29:09.489 D/SystemServerTiming( 1164): StartDiskStatsService took to complete: 5ms
05-26 20:29:09.489 I/SystemServerTiming( 1164): RuntimeService
05-26 20:29:09.492 D/SystemServerTiming( 1164): RuntimeService took to complete: 3ms
05-26 20:29:09.492 I/SystemServerTiming( 1164): StartNetworkTimeUpdateService
05-26 20:29:09.497 E/[ 46.206731] [kworke][0x3c6ee194][20( 0): 29:09.482586] wlan: [1802:E:QDF] ready_extract_init_status_tlv: 8884: ready_extract_init_status_tlv:0
05-26 20:29:09.499 D/SystemServerTiming( 1164): StartNetworkTimeUpdateService took to complete: 7ms
05-26 20:29:09.499 I/SystemServerTiming( 1164): CertBlacklister
05-26 20:29:09.499 D/SystemServerTiming( 1164): CertBlacklister took to complete: 0ms
05-26 20:29:09.500 I/SystemServerTiming( 1164): StartEmergencyAffordanceService
05-26 20:29:09.500 I/SystemServiceManager( 1164): Starting com.android.server.emergency.EmergencyAffordanceService
05-26 20:29:09.502 D/SystemServerTiming( 1164): StartEmergencyAffordanceService took to complete: 2ms
05-26 20:29:09.502 I/SystemServerTiming( 1164): startBlobStoreManagerService
05-26 20:29:09.502 I/SystemServiceManager( 1164): Starting com.android.server.blob.BlobStoreManagerService
05-26 20:29:09.514 D/SystemServerTiming( 1164): startBlobStoreManagerService took to complete: 13ms
05-26 20:29:09.515 I/SystemServerTiming( 1164): StartDreamManager
05-26 20:29:09.515 I/SystemServiceManager( 1164): Starting com.android.server.dreams.DreamManagerService
05-26 20:29:09.516 D/SystemServerTiming( 1164): StartDreamManager took to complete: 1ms
05-26 20:29:09.516 I/SystemServerTiming( 1164): AddGraphicsStatsService
05-26 20:29:09.520 E/[ 46.221983] [kworke][0x3c7358bc][20( 0): 29:09.497831] wlan: [1802:E:QDF] cds_get_context: 1486: Module ID 65 context is Null
05-26 20:29:09.520 F/[ 46.233337] [kworke][0x3c76ac4b][20( 0): 29:09.509185] wlan: [1802:F:DP] cdp_ipa_set_uc_tx_partition_base invalid instance
05-26 20:29:09.520 I/[ 46.244839] [kworke][0x3c7a0b3b][20( 0): 29:09.520690] wlan: [1802:I:WMA] wma_he_update_tgt_services: 996: 11ax is enabled
05-26 20:29:09.527 D/SystemServerTiming( 1164): AddGraphicsStatsService took to complete: 11ms
05-26 20:29:09.527 I/SystemServerTiming( 1164): StartCompanionDeviceManager
05-26 20:29:09.527 I/SystemServiceManager( 1164): Starting com.android.server.companion.CompanionDeviceManagerService
05-26 20:29:09.532 D/SystemServerTiming( 1164): StartCompanionDeviceManager took to complete: 5ms
05-26 20:29:09.532 I/SystemServerTiming( 1164): StartRestrictionManager
05-26 20:29:09.532 I/SystemServiceManager( 1164): Starting com.android.server.restrictions.RestrictionsManagerService
05-26 20:29:09.538 D/SystemServerTiming( 1164): StartRestrictionManager took to complete: 5ms
05-26 20:29:09.538 I/SystemServerTiming( 1164): StartMediaSessionService
05-26 20:29:09.538 I/SystemServiceManager( 1164): Starting com.android.server.media.MediaSessionService
05-26 20:29:09.542 D/SystemServerTiming( 1164): StartMediaSessionService took to complete: 4ms
05-26 20:29:09.542 I/SystemServerTiming( 1164): StartMediaResourceMonitor
05-26 20:29:09.542 I/SystemServiceManager( 1164): Starting com.android.server.media.MediaResourceMonitorService
05-26 20:29:09.543 I/[ 46.265333] [kworke][0x3c800c70][20( 0): 29:09.541185] wlan: [1802:I:HIF] Initializing Runtime PM wakelock &mgmt_txrx_pdev_ctx->wakelock_tx_runtime_cmp
05-26 20:29:09.548 D/SystemServerTiming( 1164): StartMediaResourceMonitor took to complete: 6ms
05-26 20:29:09.553 I/[ 46.267135] [kworke][0x3c8093fe][20( 0): 29:09.542992] wlan: [1802:I:dfs] WLAN_DEBUG_DFS_ALWAYS : wlan_dfs_pdev_obj_create_notification: 421: dfs_offload 1
05-26 20:29:09.553 I/[ 46.267181] [kworke][0x3c809772][20( 0): 29:09.543038] wlan: [1802:I:SPECTRAL] null_get_capability: 1715: SPECTRAL : get_capability not registered
05-26 20:29:09.553 I/ ( 0): [ 46.267181]
05-26 20:29:09.553 I/[ 46.267362] [kworke][0x3c80987b][20( 0): 29:09.543052] wlan: [1802:I:SPECTRAL] target_if_pdev_spectral_init: 2249: HAL_CAP_PHYDIAG : Capable
05-26 20:29:09.553 I/[ 46.267376] [kworke][0x3c80a61c][20( 0): 29:09.543234] wlan: [1802:I:SPECTRAL] null_get_capability: 1715: SPECTRAL : get_capability not registered
05-26 20:29:09.553 I/ ( 0): [ 46.267376]
05-26 20:29:09.553 I/[ 46.267391] [kworke][0x3c80a72f][20( 0): 29:09.543248] wlan: [1802:I:SPECTRAL] target_if_pdev_spectral_init: 2253: HAL_CAP_RADAR : Capable
05-26 20:29:09.553 I/[ 46.267403] [kworke][0x3c80a826][20( 0): 29:09.543260] wlan: [1802:I:SPECTRAL] null_get_capability: 1715: SPECTRAL : get_capability not registered
05-26 20:29:09.553 I/ ( 0): [ 46.267403]
05-26 20:29:09.553 I/[ 46.267415] [kworke][0x3c80a906][20( 0): 29:09.543272] wlan: [1802:I:SPECTRAL] target_if_pdev_spectral_init: 2258: HAL_CAP_SPECTRAL_SCAN : Capable
05-26 20:29:09.553 I/[ 46.267435] [kworke][0x3c80aa84][20( 0): 29:09.543292] wlan: [1802:I:SPECTRAL] null_get_tsf64: 1703: SPECTRAL : get_tsf64 not registered
05-26 20:29:09.553 I/ ( 0): [ 46.267435]
05-26 20:29:09.553 I/[ 46.267480] [kworke][0x3c80adf2][20( 0): 29:09.543338] wlan: [1802:I:GREEN_AP] wlan_green_ap_pdev_obj_create_notification: 106: Green AP creation successful, green ap ctx: ffffffe4c7eabce8, pdev: ffffffe4ced346e8
05-26 20:29:09.553 I/[ 46.267571] [kworke][0x3c80b4af][20( 0): 29:09.543428] wlan: [1802:I:IPA] wlan_ipa_wdi_init: 540: ipa_over_gsi: 1, is_smmu_enabled: 1
05-26 20:29:09.553 I/[ 46.272468] [kworke][0x3c8223f9][20( 0): 29:09.548325] wlan: [1802:I:REGULATORY] reg_set_band: 483: set band bitmap: 3
05-26 20:29:09.553 I/[ 46.273026] [kworke][0x3c824dcc][20( 0): 29:09.548883] wlan: [1802:I:HIF] Initializing Runtime PM wakelock &ctx->dfs
05-26 20:29:09.553 I/[ 46.273051] [kworke][0x3c824fc3][20( 0): 29:09.548909] wlan: [1802:I:HIF] Initializing Runtime PM wakelock &ctx->connect
05-26 20:29:09.553 I/[ 46.273075] [kworke][0x3c825192][20( 0): 29:09.548933] wlan: [1802:I:HIF] Initializing Runtime PM wakelock &ctx->user
05-26 20:29:09.553 I/[ 46.273100] [kworke][0x3c825362][20( 0): 29:09.548957] wlan: [1802:I:HIF] Initializing Runtime PM wakelock &scan_priv->runtime_pm_lock
05-26 20:29:09.553 I/[ 46.273216] [kworke][0x3c825c1f][20( 0): 29:09.549074] wlan: [1802:I:GREEN_AP] target_if_green_ap_register_egap_event_handler: 131: Set the Enhance Green AP event handler
05-26 20:29:09.553 E/[ 46.273235] [kworke][0x3c825d94][20( 0): 29:09.549093] wlan: [1802:E:QDF] dp_peer_map_attach_wifi3: 10048: dp_peer_map_attach_wifi3 max_peers 55, max_ast_index: 144
05-26 20:29:09.553 E/ ( 0): [ 46.273235]
05-26 20:29:09.548 I/SystemServerTiming( 1164): StartMediaRouterService
05-26 20:29:09.549 V/HistoricalRegistry( 1164): Interaction before persistence initialized
05-26 20:29:09.552 D/SystemServerTiming( 1164): StartMediaRouterService took to complete: 4ms
05-26 20:29:09.552 I/SystemServerTiming( 1164): StartFingerprintSensor
05-26 20:29:09.552 I/SystemServiceManager( 1164): Starting com.android.server.biometrics.sensors.fingerprint.FingerprintService
05-26 20:29:09.559 D/SystemServerTiming( 1164): StartFingerprintSensor took to complete: 7ms
05-26 20:29:09.559 I/SystemServerTiming( 1164): StartBiometricService
05-26 20:29:09.559 I/SystemServiceManager( 1164): Starting com.android.server.biometrics.BiometricService
05-26 20:29:09.564 D/SystemServerTiming( 1164): StartBiometricService took to complete: 5ms
05-26 20:29:09.564 I/SystemServerTiming( 1164): StartAuthService
05-26 20:29:09.564 I/SystemServiceManager( 1164): Starting com.android.server.biometrics.AuthService
05-26 20:29:09.568 I/[ 46.289473] [kworke][0x3c871f47][20( 0): 29:09.565329] wlan: [1802:I:DP]
05-26 20:29:09.568 I/ ( 0): [ 46.289473] <=== cfg max peer id 55 ====>
05-26 20:29:09.568 I/[ 46.289505] [kworke][0x3c8721f2][20( 0): 29:09.565364] wlan: [1802:I:DP]
05-26 20:29:09.568 I/ ( 0): [ 46.289505] <=== cfg max ast idx 144 ====>
05-26 20:29:09.568 I/[ 46.289523] [kworke][0x3c872340][20( 0): 29:09.565382] wlan: [1802:I:DP] ast hash_elems: 512, max_ast_idx: 144
05-26 20:29:09.568 I/[ 46.292017] [kworke][0x3c87dcc0][20( 0): 29:09.567859] wlan: [283:I:WMA] wma_wait_for_ready_event: 6926: FW ready event received
05-26 20:29:09.568 D/AuthService( 1164): Registering HIDL ID: 0 Modality: 2 Strength: 15
05-26 20:29:09.568 D/AuthService( 1164): Registering HIDL ID: 1 Modality: 8 Strength: 15
05-26 20:29:09.573 E/AuthService( 1164): HIDL face configuration exists, but FaceService is null.
05-26 20:29:09.575 D/SystemServerTiming( 1164): StartAuthService took to complete: 11ms
05-26 20:29:09.575 I/SystemServerTiming( 1164): StartBackgroundDexOptService
05-26 20:29:09.576 D/SystemServerTiming( 1164): StartBackgroundDexOptService took to complete: 1ms
05-26 20:29:09.576 I/SystemServerTiming( 1164): StartDynamicCodeLoggingService
05-26 20:29:09.577 D/SystemServerTiming( 1164): StartDynamicCodeLoggingService took to complete: 1ms
05-26 20:29:09.577 I/SystemServerTiming( 1164): StartPruneInstantAppsJobService
05-26 20:29:09.577 D/SystemServerTiming( 1164): StartPruneInstantAppsJobService took to complete: 0ms
05-26 20:29:09.577 I/SystemServerTiming( 1164): StartShortcutServiceLifecycle
05-26 20:29:09.577 I/SystemServiceManager( 1164): Starting com.android.server.pm.ShortcutService$Lifecycle
05-26 20:29:09.580 V/HistoricalRegistry( 1164): Interaction before persistence initialized
05-26 20:29:09.582 D/SystemServerTiming( 1164): StartShortcutServiceLifecycle took to complete: 6ms
05-26 20:29:09.583 I/SystemServerTiming( 1164): StartLauncherAppsService
05-26 20:29:09.583 I/SystemServiceManager( 1164): Starting com.android.server.pm.LauncherAppsService
05-26 20:29:09.585 D/SystemServerTiming( 1164): StartLauncherAppsService took to complete: 2ms
05-26 20:29:09.585 I/SystemServerTiming( 1164): StartCrossProfileAppsService
05-26 20:29:09.585 I/SystemServiceManager( 1164): Starting com.android.server.pm.CrossProfileAppsService
05-26 20:29:09.587 D/SystemServerTiming( 1164): StartCrossProfileAppsService took to complete: 2ms
05-26 20:29:09.587 I/SystemServerTiming( 1164): StartPeopleService
05-26 20:29:09.588 I/SystemServiceManager( 1164): Starting com.android.server.people.PeopleService
05-26 20:29:09.589 D/SystemServerTiming( 1164): StartPeopleService took to complete: 1ms
05-26 20:29:09.589 I/SystemServerTiming( 1164): StartMediaMetricsManager
05-26 20:29:09.589 I/SystemServiceManager( 1164): Starting com.android.server.media.metrics.MediaMetricsManagerService
05-26 20:29:09.591 D/BiometricService( 1164): Registering ID: 0 Modality: 2 Strength: 15
05-26 20:29:09.591 D/SystemServerTiming( 1164): StartMediaMetricsManager took to complete: 2ms
05-26 20:29:09.593 I/SystemServerTiming( 1164): StartMediaProjectionManager
05-26 20:29:09.593 I/SystemServiceManager( 1164): Starting com.android.server.media.projection.MediaProjectionManagerService
05-26 20:29:09.595 D/BiometricStrengthController( 1164): updateStrengths: revert sensorId=0 to oemStrength=15
05-26 20:29:09.595 D/BiometricService/Sensor( 1164): updateStrength: Before(ID(0), oemStrength: 15, updatedStrength: 15, modality 2, state: 0, cookie: 0, props: ID: 0, Strength: 2, Type: 1) After(ID(0), oemStrength: 15, updatedStrength: 15, modality 2, state: 0, cookie: 0, props: ID: 0, Strength: 2, Type: 1)
05-26 20:29:09.598 D/SystemServerTiming( 1164): StartMediaProjectionManager took to complete: 5ms
05-26 20:29:09.598 I/SystemServerTiming( 1164): StartSliceManagerService
05-26 20:29:09.598 I/SystemServiceManager( 1164): Starting com.android.server.slice.SliceManagerService$Lifecycle
05-26 20:29:09.605 D/SystemServerTiming( 1164): StartSliceManagerService took to complete: 6ms
05-26 20:29:09.605 I/SystemServerTiming( 1164): StartStatsCompanion
05-26 20:29:09.622 I/SystemServiceManager( 1164): Starting com.android.server.stats.StatsCompanion$Lifecycle
05-26 20:29:09.623 E/[ 46.325030] [kworke][0x3c918356][20( 0): 29:09.600798] wlan: [283:E:WMI] send_action_oui_cmd_tlv: 220: Invalid action id
05-26 20:29:09.623 E/[ 46.335952] [kworke][0x3c94bca4][20( 0): 29:09.611802] wlan: [283:E:action_oui] ucfg_action_oui_send: 160: Failed to send: 7
05-26 20:29:09.623 E/[ 46.347526] [kworke][0x3c982071][20( 0): 29:09.623374] wlan: [283:E:WMI] send_action_oui_cmd_tlv: 220: Invalid action id
05-26 20:29:09.629 D/SystemServerTiming( 1164): StartStatsCompanion took to complete: 24ms
05-26 20:29:09.629 I/SystemServerTiming( 1164): StartRebootReadinessManagerService
05-26 20:29:09.645 E/[ 46.358436] [kworke][0x3c9b5309][20( 0): 29:09.634287] wlan: [283:E:action_oui] ucfg_action_oui_send: 160: Failed to send: 9
05-26 20:29:09.659 E/[ 46.370854] [kworke][0x3c9ef5bf][20( 0): 29:09.646698] wlan: [283:E:HDD] hdd_action_oui_send: 13281: Failed to send one or all action_ouis
05-26 20:29:09.691 I/SystemServiceManager( 1164): Starting com.android.server.scheduling.RebootReadinessManagerService$Lifecycle
05-26 20:29:09.699 D/SystemServerTimingAsync( 1164): SecondaryZygotePreload took to complete: 1977ms
05-26 20:29:09.699 D/SystemServerInitThreadPool( 1164): Finished executing SecondaryZygotePreload
05-26 20:29:09.699 D/SystemServerTimingAsync( 1164): InitThreadPoolExec:SecondaryZygotePreload took to complete: 1978ms
05-26 20:29:09.703 D/[ 46.424398] cnss( 0): dma-coherent is enabled
05-26 20:29:09.703 D/[ 46.424440] cnss( 0): IOMMU map: iova b0000000, len 4096
05-26 20:29:09.703 D/[ 46.426235] cnss( 0): IOMMU map: iova_addr b0000040
05-26 20:29:09.703 D/[ 46.426271] cnss( 0): dma-coherent is enabled
05-26 20:29:09.703 D/[ 46.426295] cnss( 0): IOMMU map: iova b0001000, len 4096
05-26 20:29:09.703 D/[ 46.426322] cnss( 0): IOMMU map: iova_addr b0001018
05-26 20:29:09.706 D/SystemServerTiming( 1164): StartRebootReadinessManagerService took to complete: 76ms
05-26 20:29:09.706 I/SystemServerTiming( 1164): StartStatsPullAtomService
05-26 20:29:09.706 I/SystemServiceManager( 1164): Starting com.android.server.stats.pull.StatsPullAtomService
05-26 20:29:09.706 D/SystemServerTiming( 1164): StartStatsPullAtomService took to complete: 0ms
05-26 20:29:09.706 I/SystemServerTiming( 1164): StartIncidentCompanionService
05-26 20:29:09.706 I/SystemServiceManager( 1164): Starting com.android.server.incident.IncidentCompanionService
05-26 20:29:09.708 D/SystemServerTiming( 1164): StartIncidentCompanionService took to complete: 2ms
05-26 20:29:09.708 I/SystemServerTiming( 1164): StartMmsService
05-26 20:29:09.708 I/SystemServiceManager( 1164): Starting com.android.server.MmsServiceBroker
05-26 20:29:09.710 D/SystemServerTiming( 1164): StartMmsService took to complete: 2ms
05-26 20:29:09.710 I/SystemServerTiming( 1164): StartAutoFillService
05-26 20:29:09.711 I/SystemServiceManager( 1164): Starting com.android.server.autofill.AutofillManagerService
05-26 20:29:09.714 D/AutofillManagerService( 1164): setLogLevelFromSettings(): level=2, debug=true, verbose=false
05-26 20:29:09.715 D/AutofillManagerService( 1164): setMaxPartitionsFromSettings(): 10
05-26 20:29:09.715 D/AutofillManagerService( 1164): setMaxVisibleDatasetsFromSettings(): 0
05-26 20:29:09.716 D/AutofillUI( 1164): destroySaveUiUiThread(): already destroyed
05-26 20:29:09.717 D/AutofillManagerServiceImpl( 1164): Reset component for user 0:
05-26 20:29:09.719 D/SystemServerTiming( 1164): StartAutoFillService took to complete: 9ms
05-26 20:29:09.720 D/SystemServer( 1164): TranslationService not defined by OEM
05-26 20:29:09.720 I/SystemServerTiming( 1164): StartClipboardService
05-26 20:29:09.720 I/SystemServiceManager( 1164): Starting com.android.server.clipboard.ClipboardService
05-26 20:29:09.725 D/SystemServerTiming( 1164): StartClipboardService took to complete: 5ms
05-26 20:29:09.725 I/SystemServerTiming( 1164): AppServiceManager
05-26 20:29:09.725 I/SystemServiceManager( 1164): Starting com.android.server.appbinding.AppBindingService$Lifecycle
05-26 20:29:09.729 D/SystemServerTiming( 1164): AppServiceManager took to complete: 4ms
05-26 20:29:09.729 I/SystemServerTiming( 1164): startTracingServiceProxy
05-26 20:29:09.729 I/SystemServiceManager( 1164): Starting com.android.server.tracing.TracingServiceProxy
05-26 20:29:09.732 D/SystemServerTiming( 1164): startTracingServiceProxy took to complete: 3ms
05-26 20:29:09.732 I/SystemServerTiming( 1164): MakeLockSettingsServiceReady
05-26 20:29:09.735 E/[ 46.436265] [kworke][0x3cb21fd0][20( 0): 29:09.712111] wlan: [283:E:TXRX] dp_rxdma_ring_config: 5022: DBS enabled max_mac_rings 2
05-26 20:29:09.735 E/[ 46.448452] [kworke][0x3cb5b25a][20( 0): 29:09.724304] wlan: [283:E:TXRX] dp_rxdma_ring_config: 5033: pdev_id 0 max_mac_rings 2
05-26 20:29:09.748 E/[ 46.461308] [kworke][0x3cb97650][20( 0): 29:09.737157] wlan: [283:E:TXRX] dp_rxdma_ring_config: 5050: mac_id 0
05-26 20:29:09.760 E/[ 46.473842] [kworke][0x3cbd224d][20( 0): 29:09.749691] wlan: [283:E:TXRX] dp_rxdma_ring_config: 5050: mac_id 1
05-26 20:29:09.762 I/[ 46.485213] [kworke][0x3cc077d4][20( 0): 29:09.761070] wlan: [283:I:POLICY_MGR] policy_mgr_update_5g_scc_prefer: 398: overwrite pm_second_connection_pcl_dbs_2x2_table, index 2 mode 3 system prefer 0 new pcl 6
05-26 20:29:09.762 I/[ 46.485226] [kworke][0x3cc078ea][20( 0): 29:09.761084] wlan: [283:I:POLICY_MGR] policy_mgr_update_5g_scc_prefer: 404: overwrite pm_second_connection_pcl_dbs_2x2_table, index 3 mode 3 system prefer 0 new pcl 6
05-26 20:29:09.762 E/[ 46.486485] [kworke][0x3cc0d697][20( 0): 29:09.762335] wlan: [283:E:REGULATORY] reg_freq_width_to_chan_op_class: 512: no op class for frequency 5745
05-26 20:29:09.763 I/SyntheticPasswordManager( 1164): Device does not support weaver
05-26 20:29:09.765 I/LockSettingsService( 1164): Device doesn't implement AuthSecret HAL
05-26 20:29:09.767 D/SystemServerTiming( 1164): MakeLockSettingsServiceReady took to complete: 35ms
05-26 20:29:09.767 I/SystemServerTiming( 1164): StartBootPhaseLockSettingsReady
05-26 20:29:09.767 I/SystemServiceManager( 1164): Starting phase 480
05-26 20:29:09.767 I/SystemServerTiming( 1164): OnBootPhase_480
05-26 20:29:09.767 I/SystemServerTiming( 1164): OnBootPhase_480_com.android.server.security.FileIntegrityService
05-26 20:29:09.767 D/SystemServerTiming( 1164): OnBootPhase_480_com.android.server.security.FileIntegrityService took to complete: 0ms
05-26 20:29:09.768 I/SystemServerTiming( 1164): OnBootPhase_480_com.android.server.pm.Installer
05-26 20:29:09.768 D/SystemServerTiming( 1164): OnBootPhase_480_com.android.server.pm.Installer took to complete: 0ms
05-26 20:29:09.768 I/SystemServerTiming( 1164): OnBootPhase_480_com.android.server.os.DeviceIdentifiersPolicyService
05-26 20:29:09.768 D/SystemServerTiming( 1164): OnBootPhase_480_com.android.server.os.DeviceIdentifiersPolicyService took to complete: 0ms
05-26 20:29:09.768 I/SystemServerTiming( 1164): OnBootPhase_480_com.android.server.uri.UriGrantsManagerService$Lifecycle
05-26 20:29:09.768 D/SystemServerTiming( 1164): OnBootPhase_480_com.android.server.uri.UriGrantsManagerService$Lifecycle took to complete: 0ms
05-26 20:29:09.768 I/SystemServerTiming( 1164): OnBootPhase_480_com.android.server.powerstats.PowerStatsService
05-26 20:29:09.768 D/SystemServerTiming( 1164): OnBootPhase_480_com.android.server.powerstats.PowerStatsService took to complete: 0ms
05-26 20:29:09.768 I/SystemServerTiming( 1164): OnBootPhase_480_com.android.server.wm.ActivityTaskManagerService$Lifecycle
05-26 20:29:09.768 D/SystemServerTiming( 1164): OnBootPhase_480_com.android.server.wm.ActivityTaskManagerService$Lifecycle took to complete: 0ms
05-26 20:29:09.768 I/SystemServerTiming( 1164): OnBootPhase_480_com.android.server.am.ActivityManagerService$Lifecycle
05-26 20:29:09.768 D/SystemServerTiming( 1164): OnBootPhase_480_com.android.server.am.ActivityManagerService$Lifecycle took to complete: 0ms
05-26 20:29:09.768 I/SystemServerTiming( 1164): OnBootPhase_480_com.android.server.pm.DataLoaderManagerService
05-26 20:29:09.768 D/SystemServerTiming( 1164): OnBootPhase_480_com.android.server.pm.DataLoaderManagerService took to complete: 0ms
05-26 20:29:09.769 I/SystemServerTiming( 1164): OnBootPhase_480_com.android.server.power.PowerManagerService
05-26 20:29:09.769 D/SystemServerTiming( 1164): OnBootPhase_480_com.android.server.power.PowerManagerService took to complete: 0ms
05-26 20:29:09.769 I/SystemServerTiming( 1164): OnBootPhase_480_com.android.server.power.ThermalManagerService
05-26 20:29:09.769 D/SystemServerTiming( 1164): OnBootPhase_480_com.android.server.power.ThermalManagerService took to complete: 0ms
05-26 20:29:09.769 I/SystemServerTiming( 1164): OnBootPhase_480_com.android.server.power.hint.HintManagerService
05-26 20:29:09.769 D/SystemServerTiming( 1164): OnBootPhase_480_com.android.server.power.hint.HintManagerService took to complete: 0ms
05-26 20:29:09.769 I/SystemServerTiming( 1164): OnBootPhase_480_com.android.server.recoverysystem.RecoverySystemService$Lifecycle
05-26 20:29:09.769 D/SystemServerTiming( 1164): OnBootPhase_480_com.android.server.recoverysystem.RecoverySystemService$Lifecycle took to complete: 0ms
05-26 20:29:09.769 I/SystemServerTiming( 1164): OnBootPhase_480_com.android.server.lights.LightsService
05-26 20:29:09.769 D/SystemServerTiming( 1164): OnBootPhase_480_com.android.server.lights.LightsService took to complete: 0ms
05-26 20:29:09.769 I/SystemServerTiming( 1164): OnBootPhase_480_com.android.server.display.DisplayManagerService
05-26 20:29:09.769 D/SystemServerTiming( 1164): OnBootPhase_480_com.android.server.display.DisplayManagerService took to complete: 0ms
05-26 20:29:09.769 I/SystemServerTiming( 1164): OnBootPhase_480_com.android.server.pm.verify.domain.DomainVerificationService
05-26 20:29:09.770 D/SystemServerTiming( 1164): OnBootPhase_480_com.android.server.pm.verify.domain.DomainVerificationService took to complete: 0ms
05-26 20:29:09.770 I/SystemServerTiming( 1164): OnBootPhase_480_com.android.server.pm.PackageInstallerService$Lifecycle
05-26 20:29:09.770 D/SystemServerTiming( 1164): OnBootPhase_480_com.android.server.pm.PackageInstallerService$Lifecycle took to complete: 0ms
05-26 20:29:09.770 I/SystemServerTiming( 1164): OnBootPhase_480_com.android.server.pm.UserManagerService$LifeCycle
05-26 20:29:09.770 D/SystemServerTiming( 1164): OnBootPhase_480_com.android.server.pm.UserManagerService$LifeCycle took to complete: 0ms
05-26 20:29:09.770 I/SystemServerTiming( 1164): OnBootPhase_480_com.android.server.om.OverlayManagerService
05-26 20:29:09.770 D/SystemServerTiming( 1164): OnBootPhase_480_com.android.server.om.OverlayManagerService took to complete: 0ms
05-26 20:29:09.770 I/SystemServerTiming( 1164): OnBootPhase_480_com.android.server.SensorPrivacyService
05-26 20:29:09.770 D/SystemServerTiming( 1164): OnBootPhase_480_com.android.server.SensorPrivacyService took to complete: 0ms
05-26 20:29:09.770 I/SystemServerTiming( 1164): OnBootPhase_480_com.android.server.thunderperf.ThunderBoostPerfService
05-26 20:29:09.770 D/SystemServerTiming( 1164): OnBootPhase_480_com.android.server.thunderperf.ThunderBoostPerfService took to complete: 0ms
05-26 20:29:09.771 I/SystemServerTiming( 1164): OnBootPhase_480_com.android.server.sensors.SensorService
05-26 20:29:09.771 D/SystemServerTiming( 1164): OnBootPhase_480_com.android.server.sensors.SensorService took to complete: 0ms
05-26 20:29:09.771 I/SystemServerTiming( 1164): OnBootPhase_480_com.android.server.SystemConfigService
05-26 20:29:09.771 D/SystemServerTiming( 1164): OnBootPhase_480_com.android.server.SystemConfigService took to complete: 0ms
05-26 20:29:09.771 I/SystemServerTiming( 1164): OnBootPhase_480_com.android.server.BatteryService
05-26 20:29:09.771 D/SystemServerTiming( 1164): OnBootPhase_480_com.android.server.BatteryService took to complete: 0ms
05-26 20:29:09.771 I/SystemServerTiming( 1164): OnBootPhase_480_com.android.server.usage.UsageStatsService
05-26 20:29:09.771 D/SystemServerTiming( 1164): OnBootPhase_480_com.android.server.usage.UsageStatsService took to complete: 0ms
05-26 20:29:09.771 I/SystemServerTiming( 1164): OnBootPhase_480_com.android.server.webkit.WebViewUpdateService
05-26 20:29:09.771 D/SystemServerTiming( 1164): OnBootPhase_480_com.android.server.webkit.WebViewUpdateService took to complete: 0ms
05-26 20:29:09.772 I/SystemServerTiming( 1164): OnBootPhase_480_com.android.server.CachedDeviceStateService
05-26 20:29:09.772 D/SystemServerTiming( 1164): OnBootPhase_480_com.android.server.CachedDeviceStateService took to complete: 0ms
05-26 20:29:09.772 I/SystemServerTiming( 1164): OnBootPhase_480_com.android.server.BinderCallsStatsService$LifeCycle
05-26 20:29:09.772 D/SystemServerTiming( 1164): OnBootPhase_480_com.android.server.BinderCallsStatsService$LifeCycle took to complete: 0ms
05-26 20:29:09.772 I/SystemServerTiming( 1164): OnBootPhase_480_com.android.server.LooperStatsService$Lifecycle
05-26 20:29:09.772 D/SystemServerTiming( 1164): OnBootPhase_480_com.android.server.LooperStatsService$Lifecycle took to complete: 0ms
05-26 20:29:09.772 I/SystemServerTiming( 1164): OnBootPhase_480_com.android.server.rollback.RollbackManagerService
05-26 20:29:09.772 D/SystemServerTiming( 1164): OnBootPhase_480_com.android.server.rollback.RollbackManagerService took to complete: 0ms
05-26 20:29:09.772 I/SystemServerTiming( 1164): OnBootPhase_480_com.android.server.os.NativeTombstoneManagerService
05-26 20:29:09.772 D/SystemServerTiming( 1164): OnBootPhase_480_com.android.server.os.NativeTombstoneManagerService took to complete: 0ms
