06-21 06:07:29.214 W/BroadcastQueue( 1164): Background execution not allowed: receiving Intent { act=android.net.wifi.STATE_CHANGE flg=0x4000010 (has extras) } to com.wandoujia.phoenix2/com.pp.assistant.modules.cleaner.cleaner.update.UpdateNetworkReceiver
06-21 06:07:29.215 W/BroadcastQueue( 1164): Background execution not allowed: receiving Intent { act=android.net.wifi.STATE_CHANGE flg=0x4000010 (has extras) } to com.wandoujia.phoenix2/com.pp.assistant.modules.cleaner.cleaner.update.UpdateNetworkReceiver
06-21 06:07:29.215 W/BroadcastQueue( 1164): Background execution not allowed: receiving Intent { act=android.net.wifi.STATE_CHANGE flg=0x4000010 (has extras) } to com.wandoujia.phoenix2/com.pp.assistant.modules.cleaner.cleaner.update.UpdateNetworkReceiver
06-21 06:07:29.216 W/BroadcastQueue( 1164): Background execution not allowed: receiving Intent { act=android.net.wifi.STATE_CHANGE flg=0x4000010 (has extras) } to com.wandoujia.phoenix2/com.pp.assistant.modules.cleaner.cleaner.update.UpdateNetworkReceiver
06-21 06:07:29.216 W/BroadcastQueue( 1164): Background execution not allowed: receiving Intent { act=android.net.wifi.STATE_CHANGE flg=0x4000010 (has extras) } to com.wandoujia.phoenix2/com.pp.assistant.modules.cleaner.cleaner.update.UpdateNetworkReceiver
06-21 06:07:29.245 W/BroadcastQueue( 1164): Target SDK mismatch: receiver ActivityInfo{2e9e65f com.xiaomi.push.service.receivers.NetworkStatusReceiver} targets 30 but delivery restricted to [0, 23] broadcasting Intent { act=android.net.conn.CONNECTIVITY_CHANGE flg=0x4200010 (has extras) } from android (pid=1164, uid=1000) to com.hunantv.imgo.activity/com.xiaomi.push.service.receivers.NetworkStatusReceiver
06-21 06:07:29.246 W/BroadcastQueue( 1164): Target SDK mismatch: receiver ActivityInfo{e4238ac com.xiaomi.push.service.receivers.NetworkStatusReceiver} targets 29 but delivery restricted to [0, 23] broadcasting Intent { act=android.net.conn.CONNECTIVITY_CHANGE flg=0x4200010 (has extras) } from android (pid=1164, uid=1000) to com.netease.cloudmusic/com.xiaomi.push.service.receivers.NetworkStatusReceiver
06-21 06:07:29.247 W/BroadcastQueue( 1164): Target SDK mismatch: receiver ActivityInfo{7f4cd0a com.xiaomi.push.service.receivers.NetworkStatusReceiver} targets 31 but delivery restricted to [0, 23] broadcasting Intent { act=android.net.conn.CONNECTIVITY_CHANGE flg=0x4200010 (has extras) } from android (pid=1164, uid=1000) to com.netease.newsreader.activity/com.xiaomi.push.service.receivers.NetworkStatusReceiver
06-21 06:07:29.247 W/BroadcastQueue( 1164): Target SDK mismatch: receiver ActivityInfo{970897b com.xiaomi.push.service.receivers.NetworkStatusReceiver} targets 29 but delivery restricted to [0, 23] broadcasting Intent { act=android.net.conn.CONNECTIVITY_CHANGE flg=0x4200010 (has extras) } from android (pid=1164, uid=1000) to com.ss.android.article.video.landscape/com.xiaomi.push.service.receivers.NetworkStatusReceiver
06-21 06:07:29.247 W/BroadcastQueue( 1164): Target SDK mismatch: receiver ActivityInfo{ef03398 com.tencent.pandora.libtcloudupload.videoupload.impl.TVCNetWorkStateReceiver} targets 29 but delivery restricted to [0, 23] broadcasting Intent { act=android.net.conn.CONNECTIVITY_CHANGE flg=0x4200010 (has extras) } from android (pid=1164, uid=1000) to com.tencent.tmgp.sgame/com.tencent.pandora.libtcloudupload.videoupload.impl.TVCNetWorkStateReceiver
06-21 06:07:29.247 W/BroadcastQueue( 1164): Target SDK mismatch: receiver ActivityInfo{b8e77f1 com.douyu.module.miuiwidget.widgetprovider.DYMIUIWidgetMatch44Provider} targets 28 but delivery restricted to [0, 23] broadcasting Intent { act=android.net.conn.CONNECTIVITY_CHANGE flg=0x4200010 (has extras) } from android (pid=1164, uid=1000) to air.tv.douyu.android/com.douyu.module.miuiwidget.widgetprovider.DYMIUIWidgetMatch44Provider
06-21 06:07:29.247 W/BroadcastQueue( 1164): Target SDK mismatch: receiver ActivityInfo{99aafd6 com.douyu.module.miuiwidget.widgetprovider.DYMIUIWidgetMatch42Provider} targets 28 but delivery restricted to [0, 23] broadcasting Intent { act=android.net.conn.CONNECTIVITY_CHANGE flg=0x4200010 (has extras) } from android (pid=1164, uid=1000) to air.tv.douyu.android/com.douyu.module.miuiwidget.widgetprovider.DYMIUIWidgetMatch42Provider
06-21 06:07:29.247 W/BroadcastQueue( 1164): Target SDK mismatch: receiver ActivityInfo{df44257 com.douyu.module.miuiwidget.widgetprovider.DYMIUIWidgetFollow42Provider} targets 28 but delivery restricted to [0, 23] broadcasting Intent { act=android.net.conn.CONNECTIVITY_CHANGE flg=0x4200010 (has extras) } from android (pid=1164, uid=1000) to air.tv.douyu.android/com.douyu.module.miuiwidget.widgetprovider.DYMIUIWidgetFollow42Provider
06-21 06:07:29.248 W/BroadcastQueue( 1164): Target SDK mismatch: receiver ActivityInfo{380f144 com.douyu.module.miuiwidget.widgetprovider.DYMIUIWidgetFollow22Provider} targets 28 but delivery restricted to [0, 23] broadcasting Intent { act=android.net.conn.CONNECTIVITY_CHANGE flg=0x4200010 (has extras) } from android (pid=1164, uid=1000) to air.tv.douyu.android/com.douyu.module.miuiwidget.widgetprovider.DYMIUIWidgetFollow22Provider
06-21 06:07:29.248 W/BroadcastQueue( 1164): Target SDK mismatch: receiver ActivityInfo{601a22d com.douyu.sdk.apkdownload.receiver.BroadcastReceiverNetworkChange} targets 28 but delivery restricted to [0, 23] broadcasting Intent { act=android.net.conn.CONNECTIVITY_CHANGE flg=0x4200010 (has extras) } from android (pid=1164, uid=1000) to air.tv.douyu.android/com.douyu.sdk.apkdownload.receiver.BroadcastReceiverNetworkChange
06-21 06:07:29.248 W/BroadcastQueue( 1164): Target SDK mismatch: receiver ActivityInfo{9e9f362 com.igexin.sdk.PushReceiver} targets 28 but delivery restricted to [0, 23] broadcasting Intent { act=android.net.conn.CONNECTIVITY_CHANGE flg=0x4200010 (has extras) } from android (pid=1164, uid=1000) to air.tv.douyu.android/com.igexin.sdk.PushReceiver
06-21 06:07:29.248 W/BroadcastQueue( 1164): Target SDK mismatch: receiver ActivityInfo{90acf3 com.happyelements.gsp.android.notification.gcn.GcnBroadcastReceiver} targets 26 but delivery restricted to [0, 23] broadcasting Intent { act=android.net.conn.CONNECTIVITY_CHANGE flg=0x4200010 (has extras) } from android (pid=1164, uid=1000) to com.happyelements.AndroidAnimal/com.happyelements.gsp.android.notification.gcn.GcnBroadcastReceiver
06-21 06:07:29.248 W/BroadcastQueue( 1164): Target SDK mismatch: receiver ActivityInfo{93dddb0 com.igexin.sdk.PushReceiver} targets 30 but delivery restricted to [0, 23] broadcasting Intent { act=android.net.conn.CONNECTIVITY_CHANGE flg=0x4200010 (has extras) } from android (pid=1164, uid=1000) to com.hunantv.imgo.activity/com.igexin.sdk.PushReceiver
06-21 06:07:29.248 W/BroadcastQueue( 1164): Target SDK mismatch: receiver ActivityInfo{f033429 cn.jpush.android.service.PushReceiver} targets 31 but delivery restricted to [0, 23] broadcasting Intent { act=android.net.conn.CONNECTIVITY_CHANGE flg=0x4200010 (has extras) } from android (pid=1164, uid=1000) to com.miHoYo.Yuanshen/cn.jpush.android.service.PushReceiver
06-21 06:07:29.249 W/BroadcastQueue( 1164): Target SDK mismatch: receiver ActivityInfo{ef7e3ae com.netease.nimlib.service.NimReceiver} targets 29 but delivery restricted to [0, 23] broadcasting Intent { act=android.net.conn.CONNECTIVITY_CHANGE flg=0x4200010 (has extras) } from android (pid=1164, uid=1000) to com.netease.cloudmusic/com.netease.nimlib.service.NimReceiver
06-21 06:07:29.249 W/BroadcastQueue( 1164): Target SDK mismatch: receiver ActivityInfo{d7f254f com.netease.galaxy.GalaxyReceiver} targets 31 but delivery restricted to [0, 23] broadcasting Intent { act=android.net.conn.CONNECTIVITY_CHANGE flg=0x4200010 (has extras) } from android (pid=1164, uid=1000) to com.netease.newsreader.activity/com.netease.galaxy.GalaxyReceiver
06-21 06:07:29.249 W/BroadcastQueue( 1164): Target SDK mismatch: receiver ActivityInfo{69b24dc com.taobao.accs.EventReceiver} targets 29 but delivery restricted to [0, 23] broadcasting Intent { act=android.net.conn.CONNECTIVITY_CHANGE flg=0x4200010 (has extras) } from android (pid=1164, uid=1000) to com.ss.android.article.video.landscape/com.taobao.accs.EventReceiver
06-21 06:07:29.249 W/BroadcastQueue( 1164): Target SDK mismatch: receiver ActivityInfo{371e9e5 com.tencent.mobileqq.msf.core.NetConnInfoCenter} targets 26 but delivery restricted to [0, 23] broadcasting Intent { act=android.net.conn.CONNECTIVITY_CHANGE flg=0x4200010 (has extras) } from android (pid=1164, uid=1000) to com.tencent.mobileqq/.msf.core.NetConnInfoCenter
06-21 06:07:29.249 W/BroadcastQueue( 1164): Target SDK mismatch: receiver ActivityInfo{8e28cba com.tencent.msdk.dns.HttpDnsCache$ConnectivityChangeReceiver} targets 29 but delivery restricted to [0, 23] broadcasting Intent { act=android.net.conn.CONNECTIVITY_CHANGE flg=0x4200010 (has extras) } from android (pid=1164, uid=1000) to com.tencent.tmgp.sgame/com.tencent.msdk.dns.HttpDnsCache$ConnectivityChangeReceiver
06-21 06:07:29.249 W/BroadcastQueue( 1164): Target SDK mismatch: receiver ActivityInfo{132c76b com.tencent.special.httpdns.Cache$ConnectReceiver} targets 29 but delivery restricted to [0, 23] broadcasting Intent { act=android.net.conn.CONNECTIVITY_CHANGE flg=0x4200010 (has extras) } from android (pid=1164, uid=1000) to com.tencent.tmgp.sgame/com.tencent.special.httpdns.Cache$ConnectReceiver
06-21 06:07:29.250 W/BroadcastQueue( 1164): Target SDK mismatch: receiver ActivityInfo{323b2c8 com.taobao.accs.EventReceiver} targets 26 but delivery restricted to [0, 23] broadcasting Intent { act=android.net.conn.CONNECTIVITY_CHANGE flg=0x4200010 (has extras) } from android (pid=1164, uid=1000) to com.wandoujia.phoenix2/com.taobao.accs.EventReceiver
06-21 06:07:29.250 D/CompatibilityChangeReporter( 1164): Compat change id reported: 135634846; UID 10019; state: DISABLED
06-21 06:07:29.251 D/CompatibilityChangeReporter( 1164): Compat change id reported: 177438394; UID 10019; state: DISABLED
06-21 06:07:29.251 D/CompatibilityChangeReporter( 1164): Compat change id reported: 135772972; UID 10019; state: DISABLED
06-21 06:07:29.251 D/CompatibilityChangeReporter( 1164): Compat change id reported: 135754954; UID 10019; state: ENABLED
06-21 06:07:29.251 D/CompatibilityChangeReporter( 1164): Compat change id reported: 143937733; UID 10019; state: ENABLED
06-21 06:07:29.297 I/ActivityManager( 1164): Start proc 5990:com.android.externalstorage/u0a19 for broadcast {com.android.externalstorage/com.android.externalstorage.MountReceiver}
06-21 06:07:29.340 I/[ 100.267000] binder( 0): 5990:5990 ioctl 40046210 7fd1008be4 returned -22
06-21 06:07:29.352 D/CompatibilityChangeReporter( 1164): Compat change id reported: 168419799; UID 10019; state: DISABLED
06-21 06:07:29.483 I/[ 100.407596] init( 0): starting service 'hht_ota_mgr_service'...
06-21 06:07:29.570 I/ActivityManager( 1164): Killing 3512:com.tencent.mobileqq:MSF/u0a117 (adj 995): empty #31
06-21 06:07:29.584 D/CompatibilityChangeReporter( 1164): Compat change id reported: 135634846; UID 10069; state: DISABLED
06-21 06:07:29.585 D/CompatibilityChangeReporter( 1164): Compat change id reported: 177438394; UID 10069; state: DISABLED
06-21 06:07:29.585 D/CompatibilityChangeReporter( 1164): Compat change id reported: 135772972; UID 10069; state: DISABLED
06-21 06:07:29.585 D/CompatibilityChangeReporter( 1164): Compat change id reported: 135754954; UID 10069; state: ENABLED
06-21 06:07:29.586 D/CompatibilityChangeReporter( 1164): Compat change id reported: 143937733; UID 10069; state: ENABLED
06-21 06:07:29.656 W/ActivityManager( 1164): Slow operation: 73ms so far, now at startProcess: returned from zygote!
06-21 06:07:29.657 W/ActivityManager( 1164): Slow operation: 73ms so far, now at startProcess: done updating battery stats
06-21 06:07:29.657 W/ActivityManager( 1164): Slow operation: 73ms so far, now at startProcess: building log message
06-21 06:07:29.657 I/ActivityManager( 1164): Start proc 6014:com.qti.ltebc/u0a69 for broadcast {com.qti.ltebc/com.qualcomm.ltebc.LTEBroadcastReceiver}
06-21 06:07:29.657 W/ActivityManager( 1164): Slow operation: 73ms so far, now at startProcess: starting to update pids map
06-21 06:07:29.657 W/ActivityManager( 1164): Slow operation: 74ms so far, now at startProcess: done updating pids map
06-21 06:07:29.678 I/[ 100.586286] init( 0): Service 'hht_ota_mgr_service' (pid 6009) exited with status 0
06-21 06:07:29.678 I/[ 100.611257] init( 0): Sending signal 9 to service 'hht_ota_mgr_service' (pid 6009) process group...
06-21 06:07:29.697 I/[ 100.620453] libprocessgroup( 0): Successfully killed process cgroup uid 0 pid 6009 in 0ms
06-21 06:07:29.697 I/[ 100.630708] binder( 0): 6014:6014 ioctl 40046210 7fd1008be4 returned -22
06-21 06:07:29.712 D/CompatibilityChangeReporter( 1164): Compat change id reported: 168419799; UID 10069; state: DISABLED
06-21 06:07:30.087 D/CompatibilityChangeReporter( 1164): Compat change id reported: 135634846; UID 10105; state: DISABLED
06-21 06:07:30.088 D/CompatibilityChangeReporter( 1164): Compat change id reported: 143937733; UID 10105; state: DISABLED
06-21 06:07:30.131 I/ActivityManager( 1164): Start proc 6042:com.smile.gifmaker:dpbenchmark/u0a105 for service {com.smile.gifmaker/com.kwai.video.devicepersonabenchmark.DPBenchmarkTestService}
06-21 06:07:30.185 I/[ 101.108767] binder( 0): 6042:6042 ioctl 40046210 ffa1bb98 returned -22
06-21 06:07:30.454 I/ ( 0): [ 101.383350] boot log copy done
06-21 06:07:30.516 W/ActivityManager( 1164): Background start not allowed: service Intent { cmp=com.tencent.android.qqdownloader/com.tencent.assistant.sdk.SDKSupportService (has extras) } to com.tencent.android.qqdownloader/com.tencent.assistant.sdk.SDKSupportService from pid=3329 uid=10115 pkg=com.tencent.android.qqdownloader startFg?=false
06-21 06:07:30.529 W/ActivityManager( 1164): Background start not allowed: service Intent { cmp=com.tencent.android.qqdownloader/com.tencent.assistant.sdk.SDKSupportService (has extras) } to com.tencent.android.qqdownloader/com.tencent.assistant.sdk.SDKSupportService from pid=3329 uid=10115 pkg=com.tencent.android.qqdownloader startFg?=false
06-21 06:07:30.558 W/ActivityManager( 1164): Background start not allowed: service Intent { cmp=com.tencent.android.qqdownloader/com.tencent.assistant.sdk.SDKSupportService (has extras) } to com.tencent.android.qqdownloader/com.tencent.assistant.sdk.SDKSupportService from pid=3329 uid=10115 pkg=com.tencent.android.qqdownloader startFg?=false
06-21 06:07:30.564 W/ActivityManager( 1164): Background start not allowed: service Intent { cmp=com.tencent.android.qqdownloader/com.tencent.assistant.sdk.SDKSupportService (has extras) } to com.tencent.android.qqdownloader/com.tencent.assistant.sdk.SDKSupportService from pid=3329 uid=10115 pkg=com.tencent.android.qqdownloader startFg?=false
06-21 06:07:30.598 I/GameModeConfig( 1164): isGameModeOn = false
06-21 06:07:31.470 I/GameModeConfig( 1164): isGameModeOn = false
06-21 06:07:31.471 I/GameModeConfig( 1164): isGameModeOn = false
06-21 06:07:32.084 W/Looper ( 6042): Loop again would have the queued messages be executed before this one completed.
06-21 06:07:32.803 I/ActivityManager( 1164): Killing 3946:com.tencent.mobileqq/u0a117 (adj 995): empty #31
06-21 06:07:33.238 E/[ 104.160770] link_delay_work_func( 0): DTC_ETH: SQI=0, link=0
06-21 06:07:33.955 D/CompatibilityChangeReporter( 1164): Compat change id reported: 135634846; UID 10105; state: DISABLED
06-21 06:07:33.955 D/CompatibilityChangeReporter( 1164): Compat change id reported: 143937733; UID 10105; state: DISABLED
06-21 06:07:34.002 I/ActivityManager( 1164): Start proc 6183:com.smile.gifmaker:compatibility/u0a105 for service {com.smile.gifmaker/com.yxcorp.gifshow.camerasdk.compatibility.HardwareEncodeTestService}
06-21 06:07:34.058 I/[ 104.981556] binder( 0): 6183:6183 ioctl 40046210 ffa1bb98 returned -22
06-21 06:07:34.359 I/ActivityManager( 1164): Process com.qti.ltebc (pid 6014) has died: fg RCVR
06-21 06:07:34.372 D/CompatibilityChangeReporter( 1164): Compat change id reported: 135634846; UID 10117; state: DISABLED
06-21 06:07:34.372 D/CompatibilityChangeReporter( 1164): Compat change id reported: 177438394; UID 10117; state: DISABLED
06-21 06:07:34.373 D/CompatibilityChangeReporter( 1164): Compat change id reported: 135772972; UID 10117; state: DISABLED
06-21 06:07:34.373 D/CompatibilityChangeReporter( 1164): Compat change id reported: 135754954; UID 10117; state: DISABLED
06-21 06:07:34.374 D/CompatibilityChangeReporter( 1164): Compat change id reported: 143937733; UID 10117; state: DISABLED
06-21 06:07:34.410 I/ActivityManager( 1164): Start proc 6239:com.tencent.mobileqq:MSF/u0a117 for broadcast {com.tencent.mobileqq/com.tencent.mobileqq.msf.core.NetConnInfoCenter}
06-21 06:07:34.481 I/[ 105.400912] binder( 0): 6239:6239 ioctl 40046210 7fd1008be4 returned -22
06-21 06:07:34.488 D/CompatibilityChangeReporter( 1164): Compat change id reported: 168419799; UID 10117; state: DISABLED
06-21 06:07:34.515 I/[ 105.433492] init( 0): starting service 'hht_ota_mgr_service'...
06-21 06:07:34.691 I/[ 105.604151] init( 0): Service 'hht_ota_mgr_service' (pid 6263) exited with status 0
06-21 06:07:34.694 I/[ 105.626638] init( 0): Sending signal 9 to service 'hht_ota_mgr_service' (pid 6263) process group...
06-21 06:07:34.703 I/[ 105.636101] libprocessgroup( 0): Successfully killed process cgroup uid 0 pid 6263 in 0ms
06-21 06:07:34.814 D/CompatibilityChangeReporter( 1164): Compat change id reported: 135634846; UID 10117; state: DISABLED
06-21 06:07:34.814 D/CompatibilityChangeReporter( 1164): Compat change id reported: 177438394; UID 10117; state: DISABLED
06-21 06:07:34.815 D/CompatibilityChangeReporter( 1164): Compat change id reported: 135772972; UID 10117; state: DISABLED
06-21 06:07:34.815 D/CompatibilityChangeReporter( 1164): Compat change id reported: 135754954; UID 10117; state: DISABLED
06-21 06:07:34.816 D/CompatibilityChangeReporter( 1164): Compat change id reported: 143937733; UID 10117; state: DISABLED
06-21 06:07:34.870 W/ActivityManager( 1164): Slow operation: 57ms so far, now at startProcess: returned from zygote!
06-21 06:07:34.870 W/ActivityManager( 1164): Slow operation: 57ms so far, now at startProcess: done updating battery stats
06-21 06:07:34.871 W/ActivityManager( 1164): Slow operation: 57ms so far, now at startProcess: building log message
06-21 06:07:34.871 I/ActivityManager( 1164): Start proc 6285:com.tencent.mobileqq/u0a117 for content provider {com.tencent.mobileqq/com.tencent.mqq.shared_file_accessor.ContentProviderImpl}
06-21 06:07:34.871 W/ActivityManager( 1164): Slow operation: 57ms so far, now at startProcess: starting to update pids map
06-21 06:07:34.871 W/ActivityManager( 1164): Slow operation: 57ms so far, now at startProcess: done updating pids map
06-21 06:07:34.911 I/[ 105.838258] binder( 0): 6285:6285 ioctl 40046210 7fd1008be4 returned -22
06-21 06:07:35.073 W/ActivityManager( 1164): Unable to start service Intent { act=android.intent.action.START_LEBO_SERVICE pkg=com.hpplay.happyplay.aw } U=0: not found
06-21 06:07:35.361 W/Looper ( 6183): Loop again would have the queued messages be executed before this one completed.
06-21 06:07:35.692 I/GameModeConfig( 1164): isGameModeOn = false
06-21 06:07:35.703 I/GameModeConfig( 1164): isGameModeOn = false
06-21 06:07:35.800 W/[ 106.718013] audit( 0): audit_lost=586 audit_rate_limit=5 audit_backlog_limit=64
06-21 06:07:35.832 E/[ 106.746696] audit( 0): rate limit exceeded
06-21 06:07:35.895 I/GameModeConfig( 1164): isGameModeOn = false
06-21 06:07:35.901 W/NotificationHistory( 1164): Attempted to add notif for locked/gone/disabled user 0
06-21 06:07:36.042 D/CompatibilityChangeReporter( 1164): Compat change id reported: 168419799; UID 10089; state: DISABLED
06-21 06:07:36.250 I/ActivityManager( 1164): Killing 4141:com.kugou.android.auto/u0a104 (adj 995): empty #31
06-21 06:07:36.266 D/CompatibilityChangeReporter( 1164): Compat change id reported: 135634846; UID 10069; state: DISABLED
06-21 06:07:36.266 D/CompatibilityChangeReporter( 1164): Compat change id reported: 177438394; UID 10069; state: DISABLED
06-21 06:07:36.266 D/CompatibilityChangeReporter( 1164): Compat change id reported: 135772972; UID 10069; state: DISABLED
06-21 06:07:36.267 D/CompatibilityChangeReporter( 1164): Compat change id reported: 135754954; UID 10069; state: ENABLED
06-21 06:07:36.267 D/CompatibilityChangeReporter( 1164): Compat change id reported: 143937733; UID 10069; state: ENABLED
06-21 06:07:36.299 I/ActivityManager( 1164): Start proc 6406:com.qti.ltebc/u0a69 for broadcast {com.qti.ltebc/com.qualcomm.ltebc.LTEBroadcastReceiver}
06-21 06:07:36.351 I/[ 107.277515] binder( 0): 6406:6406 ioctl 40046210 7fd1008be4 returned -22
06-21 06:07:36.384 I/ActivityManager( 1164): Killing 3367:android.process.acore/u0a24 (adj 999): empty #31
06-21 06:07:36.578 D/CountryDetector( 1164): No listener is left
06-21 06:07:36.882 W/[ 107.803081] audit( 0): audit_lost=589 audit_rate_limit=5 audit_backlog_limit=64
06-21 06:07:36.882 E/[ 107.810908] audit( 0): rate limit exceeded
06-21 06:07:38.249 V/DisplayPowerController[0]( 1164): Brightness [0.05] reason changing to: 'manual [ dim ]', previous reason: 'manual'.
06-21 06:07:38.263 E/DisplayDeviceConfig( 1164): requesting nits when no mapping exists.
06-21 06:07:38.263 E/DisplayDeviceConfig( 1164): requesting nits when no mapping exists.
06-21 06:07:38.265 I/DropBoxManagerService( 1164): add tag=system_server_wtf isTagEnabled=true flags=0x2
06-21 06:07:38.268 I/DropBoxManagerService( 1164): add tag=system_server_wtf isTagEnabled=true flags=0x2
06-21 06:07:38.279 E/DisplayDeviceConfig( 1164): requesting nits when no mapping exists.
06-21 06:07:38.280 E/DisplayDeviceConfig( 1164): requesting nits when no mapping exists.
06-21 06:07:38.282 I/DropBoxManagerService( 1164): add tag=system_server_wtf isTagEnabled=true flags=0x2
06-21 06:07:38.287 I/DropBoxManagerService( 1164): add tag=system_server_wtf isTagEnabled=true flags=0x2
06-21 06:07:38.298 E/DisplayDeviceConfig( 1164): requesting nits when no mapping exists.
06-21 06:07:38.299 E/DisplayDeviceConfig( 1164): requesting nits when no mapping exists.
06-21 06:07:38.301 I/DropBoxManagerService( 1164): add tag=system_server_wtf isTagEnabled=true flags=0x2
06-21 06:07:38.314 E/DisplayDeviceConfig( 1164): requesting nits when no mapping exists.
06-21 06:07:38.315 E/DisplayDeviceConfig( 1164): requesting nits when no mapping exists.
06-21 06:07:38.331 E/DisplayDeviceConfig( 1164): requesting nits when no mapping exists.
06-21 06:07:38.331 E/DisplayDeviceConfig( 1164): requesting nits when no mapping exists.
06-21 06:07:38.347 E/DisplayDeviceConfig( 1164): requesting nits when no mapping exists.
06-21 06:07:38.348 E/DisplayDeviceConfig( 1164): requesting nits when no mapping exists.
06-21 06:07:38.354 E/[ 109.280214] link_delay_work_func( 0): DTC_ETH: SQI=0, link=0
06-21 06:07:38.363 E/DisplayDeviceConfig( 1164): requesting nits when no mapping exists.
06-21 06:07:38.364 E/DisplayDeviceConfig( 1164): requesting nits when no mapping exists.
06-21 06:07:38.380 E/DisplayDeviceConfig( 1164): requesting nits when no mapping exists.
06-21 06:07:38.381 E/DisplayDeviceConfig( 1164): requesting nits when no mapping exists.
06-21 06:07:38.396 E/DisplayDeviceConfig( 1164): requesting nits when no mapping exists.
06-21 06:07:38.397 E/DisplayDeviceConfig( 1164): requesting nits when no mapping exists.
06-21 06:07:38.414 E/DisplayDeviceConfig( 1164): requesting nits when no mapping exists.
06-21 06:07:38.415 E/DisplayDeviceConfig( 1164): requesting nits when no mapping exists.
06-21 06:07:38.431 E/DisplayDeviceConfig( 1164): requesting nits when no mapping exists.
06-21 06:07:38.432 E/DisplayDeviceConfig( 1164): requesting nits when no mapping exists.
06-21 06:07:38.446 E/DisplayDeviceConfig( 1164): requesting nits when no mapping exists.
06-21 06:07:38.447 E/DisplayDeviceConfig( 1164): requesting nits when no mapping exists.
06-21 06:07:38.463 E/DisplayDeviceConfig( 1164): requesting nits when no mapping exists.
06-21 06:07:38.464 E/DisplayDeviceConfig( 1164): requesting nits when no mapping exists.
06-21 06:07:38.480 E/DisplayDeviceConfig( 1164): requesting nits when no mapping exists.
06-21 06:07:38.481 E/DisplayDeviceConfig( 1164): requesting nits when no mapping exists.
06-21 06:07:38.496 E/DisplayDeviceConfig( 1164): requesting nits when no mapping exists.
06-21 06:07:38.497 E/DisplayDeviceConfig( 1164): requesting nits when no mapping exists.
06-21 06:07:38.513 E/DisplayDeviceConfig( 1164): requesting nits when no mapping exists.
06-21 06:07:38.514 E/DisplayDeviceConfig( 1164): requesting nits when no mapping exists.
06-21 06:07:38.532 E/DisplayDeviceConfig( 1164): requesting nits when no mapping exists.
06-21 06:07:38.532 E/DisplayDeviceConfig( 1164): requesting nits when no mapping exists.
06-21 06:07:38.547 E/DisplayDeviceConfig( 1164): requesting nits when no mapping exists.
06-21 06:07:38.547 E/DisplayDeviceConfig( 1164): requesting nits when no mapping exists.
06-21 06:07:38.563 E/DisplayDeviceConfig( 1164): requesting nits when no mapping exists.
06-21 06:07:38.563 E/DisplayDeviceConfig( 1164): requesting nits when no mapping exists.
06-21 06:07:38.580 E/DisplayDeviceConfig( 1164): requesting nits when no mapping exists.
06-21 06:07:38.580 E/DisplayDeviceConfig( 1164): requesting nits when no mapping exists.
06-21 06:07:38.597 E/DisplayDeviceConfig( 1164): requesting nits when no mapping exists.
06-21 06:07:38.597 E/DisplayDeviceConfig( 1164): requesting nits when no mapping exists.
06-21 06:07:38.612 E/DisplayDeviceConfig( 1164): requesting nits when no mapping exists.
06-21 06:07:38.613 E/DisplayDeviceConfig( 1164): requesting nits when no mapping exists.
06-21 06:07:38.629 E/DisplayDeviceConfig( 1164): requesting nits when no mapping exists.
06-21 06:07:38.630 E/DisplayDeviceConfig( 1164): requesting nits when no mapping exists.
06-21 06:07:38.647 E/DisplayDeviceConfig( 1164): requesting nits when no mapping exists.
06-21 06:07:38.647 E/DisplayDeviceConfig( 1164): requesting nits when no mapping exists.
06-21 06:07:38.663 E/DisplayDeviceConfig( 1164): requesting nits when no mapping exists.
06-21 06:07:38.663 E/DisplayDeviceConfig( 1164): requesting nits when no mapping exists.
06-21 06:07:38.680 E/DisplayDeviceConfig( 1164): requesting nits when no mapping exists.
06-21 06:07:38.680 E/DisplayDeviceConfig( 1164): requesting nits when no mapping exists.
06-21 06:07:38.697 E/DisplayDeviceConfig( 1164): requesting nits when no mapping exists.
06-21 06:07:38.697 E/DisplayDeviceConfig( 1164): requesting nits when no mapping exists.
06-21 06:07:38.713 E/DisplayDeviceConfig( 1164): requesting nits when no mapping exists.
06-21 06:07:38.713 E/DisplayDeviceConfig( 1164): requesting nits when no mapping exists.
06-21 06:07:39.526 I/[ 110.451464] init( 0): starting service 'hht_ota_mgr_service'...
06-21 06:07:39.726 I/[ 110.644439] init( 0): Service 'hht_ota_mgr_service' (pid 6463) exited with status 0
06-21 06:07:39.743 I/[ 110.667592] init( 0): Sending signal 9 to service 'hht_ota_mgr_service' (pid 6463) process group...
06-21 06:07:39.751 I/[ 110.676859] libprocessgroup( 0): Successfully killed process cgroup uid 0 pid 6463 in 0ms
06-21 06:07:40.473 I/ActivityManager( 1164): Process com.qti.ltebc (pid 6406) has died: fg RCVR
06-21 06:07:40.500 W/BroadcastQueue( 1164): Permission Denial: broadcasting Intent { act=android.intent.action.MEDIA_SCANNER_STARTED dat=file:///storage/emulated/0 flg=0x10 } from com.android.providers.media.module (pid=3248, uid=10090) to com.tencent.mobileqq/.msf.core.NetConnInfoCenter is not exported from uid 10117
06-21 06:07:40.502 W/BroadcastQueue( 1164): Permission Denial: broadcasting Intent { act=android.intent.action.MEDIA_SCANNER_FINISHED dat=file:///storage/emulated/0 flg=0x10 } from com.android.providers.media.module (pid=3248, uid=10090) to com.tencent.mobileqq/.msf.core.NetConnInfoCenter is not exported from uid 10117
06-21 06:07:40.506 D/CompatibilityChangeReporter( 1164): Compat change id reported: 168419799; UID 10032; state: DISABLED
06-21 06:07:40.542 D/CompatibilityChangeReporter( 1164): Compat change id reported: 135634846; UID 10069; state: DISABLED
06-21 06:07:40.542 D/CompatibilityChangeReporter( 1164): Compat change id reported: 177438394; UID 10069; state: DISABLED
06-21 06:07:40.542 D/CompatibilityChangeReporter( 1164): Compat change id reported: 135772972; UID 10069; state: DISABLED
06-21 06:07:40.542 D/CompatibilityChangeReporter( 1164): Compat change id reported: 135754954; UID 10069; state: ENABLED
06-21 06:07:40.543 D/CompatibilityChangeReporter( 1164): Compat change id reported: 143937733; UID 10069; state: ENABLED
06-21 06:07:40.590 I/ActivityManager( 1164): Start proc 6476:com.qti.ltebc/u0a69 for broadcast {com.qti.ltebc/com.qualcomm.ltebc.LTEBroadcastAlarmReceiver}
06-21 06:07:40.647 I/[ 111.573317] binder( 0): 6476:6476 ioctl 40046210 7fd1008be4 returned -22
06-21 06:07:43.474 E/[ 114.400480] link_delay_work_func( 0): DTC_ETH: SQI=0, link=0
06-21 06:07:43.499 I/ActivityManager( 1164): Killing 4309:com.android.dynsystem/1000 (adj 995): empty #31
06-21 06:07:43.769 I/ActivityManager( 1164): Process com.smile.gifmaker:compatibility (pid 6183) has died: cch+5 CEM
06-21 06:07:44.334 W/BroadcastQueue( 1164): Background execution not allowed: receiving Intent { act=com.tencent.android.qqdownloader.action.SCHEDULE_JOB flg=0x14 (has extras) } to com.tencent.android.qqdownloader/com.tencent.assistant.module.timer.ScheduleJobReceiver
06-21 06:07:44.421 D/CompatibilityChangeReporter( 1164): Compat change id reported: 135634846; UID 10053; state: DISABLED
06-21 06:07:44.422 D/CompatibilityChangeReporter( 1164): Compat change id reported: 177438394; UID 10053; state: DISABLED
06-21 06:07:44.422 D/CompatibilityChangeReporter( 1164): Compat change id reported: 135772972; UID 10053; state: DISABLED
06-21 06:07:44.422 D/CompatibilityChangeReporter( 1164): Compat change id reported: 135754954; UID 10053; state: DISABLED
06-21 06:07:44.423 D/CompatibilityChangeReporter( 1164): Compat change id reported: 143937733; UID 10053; state: DISABLED
06-21 06:07:44.465 I/ActivityManager( 1164): Start proc 6544:com.qualcomm.qti.qms.service.trustzoneaccess/u0a53 for service {com.qualcomm.qti.qms.service.trustzoneaccess/com.qualcomm.qti.qms.service.trustzoneaccess.TZAccessService}
06-21 06:07:44.511 I/[ 115.438003] binder( 0): 6544:6544 ioctl 40046210 7fd1008be4 returned -22
06-21 06:07:44.518 D/CompatibilityChangeReporter( 1164): Compat change id reported: 168419799; UID 10053; state: DISABLED
06-21 06:07:44.554 I/[ 115.481264] init( 0): starting service 'hht_ota_mgr_service'...
06-21 06:07:44.781 I/[ 115.682613] init( 0): Service 'hht_ota_mgr_service' (pid 6562) exited with status 0
06-21 06:07:44.782 I/[ 115.709334] init( 0): Sending signal 9 to service 'hht_ota_mgr_service' (pid 6562) process group...
06-21 06:07:44.793 I/[ 115.718799] libprocessgroup( 0): Successfully killed process cgroup uid 0 pid 6562 in 0ms
06-21 06:07:44.850 I/ActivityManager( 1164): Process com.qti.ltebc (pid 6476) has died: cch+5 CEM
06-21 06:07:45.245 I/PowerManagerService( 1164): Napping display group (groupId=0, uid=1000)...
06-21 06:07:45.245 I/PowerManagerService( 1164): Nap time (uid 1000)...
06-21 06:07:45.251 I/DreamManagerService( 1164): Entering dreamland.
06-21 06:07:45.254 I/PowerManagerService( 1164): Dreaming...
06-21 06:07:45.262 I/DreamController( 1164): Starting dream: name=ComponentInfo{com.thundercomm.screensaver/com.thundercomm.screensaver.service.SystemDream}, isTest=false, canDoze=false, userId=0
06-21 06:07:45.266 D/CompatibilityChangeReporter( 1164): Compat change id reported: 135634846; UID 1000; state: DISABLED
06-21 06:07:45.266 D/CompatibilityChangeReporter( 1164): Compat change id reported: 177438394; UID 1000; state: DISABLED
06-21 06:07:45.267 D/CompatibilityChangeReporter( 1164): Compat change id reported: 135772972; UID 1000; state: DISABLED
06-21 06:07:45.267 D/CompatibilityChangeReporter( 1164): Compat change id reported: 135754954; UID 1000; state: ENABLED
06-21 06:07:45.268 D/AutofillManagerService( 1164): Close system dialogs
06-21 06:07:45.310 I/ActivityManager( 1164): Start proc 6583:com.thundercomm.screensaver/1000 for service {com.thundercomm.screensaver/com.thundercomm.screensaver.service.SystemDream}
06-21 06:07:45.372 I/[ 116.298464] binder( 0): 6583:6583 ioctl 40046210 7fd1008be4 returned -22
06-21 06:07:45.532 W/ContextImpl( 6583): Calling a method in the system process without a qualified user: android.app.ContextImpl.bindService:1895 android.content.ContextWrapper.bindService:810 com.thundercomm.screensaver.microservice.manager.ScreensaverManager.bindService:120 com.thundercomm.screensaver.microservice.manager.ScreensaverManager.connect:110 com.thundercomm.screensaver.ScreenSaverApplication.initThemeData:40
06-21 06:07:45.547 D/MicroServiceManager( 6583): add linkToDeath
06-21 06:07:45.548 D/MicroServiceManager( 6583): bindMicroService: called already get service
06-21 06:07:45.549 I/MicroServiceManager( 6583): addCommonCallbackListener add listener
06-21 06:07:45.549 I/MicroServiceManager( 6583): addConnectChangedListener add listener
06-21 06:07:45.553 I/ActivityTaskManager( 1164): START u0 {flg=0x10000000 pkg=com.thundercomm.screensaver cmp=com.thundercomm.screensaver/android.service.dreams.DreamActivity (has extras)} from uid 1000
06-21 06:07:45.556 D/CompatibilityChangeReporter( 1164): Compat change id reported: 174042980; UID 1000; state: DISABLED
06-21 06:07:45.556 D/FreeFormWindowHelper( 1164): recentTask : null
06-21 06:07:45.557 W/ActivityTaskManager( 1164): Can't find TaskDisplayArea to determine support for multi window. Task id=1464 attached=false
06-21 06:07:45.567 D/PhoneStartingWindowTypeAlgorithm( 1968): preferredStartingWindowType newTask:true taskSwitch:true processRunning:true allowTaskSnapshot:true activityCreated:false useEmptySplashScreen:true legacySplashScreen:false topIsHome:false
06-21 06:07:45.567 D/StartingSurfaceDrawer( 1968): addSplashScreen com.thundercomm.screensaver theme=103040d task=1464 suggestType=3
06-21 06:07:45.569 I/MicroServiceManager( 6583): requestResult(requestOperationInfo) parameters isnull.
06-21 06:07:45.570 I/ActivityTaskManager( 1164): FOREGROUND_APPLICATION_CHANGED to android.service.dreams.DreamActivity
06-21 06:07:45.570 D/StartingSurfaceDrawer( 1968): window attributes color: 0 icon null duration 0 brandImage null
06-21 06:07:45.571 I/ActivityTaskManager( 1164): The Process com.thundercomm.screensaver Already Exists in BG. So sending its PID: 6583
06-21 06:07:45.573 D/CompatibilityChangeReporter( 1164): Compat change id reported: 181136395; UID 1000; state: DISABLED
06-21 06:07:45.573 D/CompatibilityChangeReporter( 1164): Compat change id reported: 174042936; UID 1000; state: DISABLED
06-21 06:07:45.575 D/FreeFormWindowHelper( 1164): handleFreeformTask : Task{2650601 #1464 type=dream A=1000:android:com.thundercomm.screensaver/dream U=0 visible=true mode=fullscreen translucent=false sz=1 visible freeform task=true rootAffinity=1000:android:com.thundercomm.screensaver/dream isMini=false}
06-21 06:07:45.575 D/FreeFormWindowHelper( 1164): mFreeFormTask : null
06-21 06:07:45.575 D/FreeFormWindowHelper( 1164): mInRecent : false
06-21 06:07:45.575 D/FreeFormWindowHelper( 1164):
06-21 06:07:45.576 D/StartingSurfaceDrawer( 1968): fillViewWithIcon surfaceWindowView android.window.SplashScreenView{e3e6529 V.E...... ......ID 0,0-0,0}
06-21 06:07:45.681 D/FreeFormWindowHelper( 1164): Current Display FreeFormTask is null
06-21 06:07:45.681 D/ActivityTaskManager( 1164): Skipping, freeform mode : Task{eec8d7b #1451 type=undefined A=10113:com.tencent.mm U=0 visible=false mode=freeform translucent=true sz=0 visible freeform task=true rootAffinity=10113:com.tencent.mm isMini=false}
06-21 06:07:45.768 I/[ 116.694841] binder( 0): 6583:6611 ioctl 40046210 6fe38d71f4 returned -22
06-21 06:07:45.791 D/StartingSurfaceDrawer( 1968): Task start finish, remove starting surface for task 1464
06-21 06:07:45.792 V/StartingSurfaceDrawer( 1968): Removing splash screen window for task: 1464
06-21 06:07:45.794 V/DisplayPowerController[0]( 1164): Brightness [0.5151515] reason changing to: 'manual', previous reason: 'manual [ dim ]'.
06-21 06:07:45.797 E/DisplayDeviceConfig( 1164): requesting nits when no mapping exists.
06-21 06:07:45.798 E/DisplayDeviceConfig( 1164): requesting nits when no mapping exists.
06-21 06:07:45.814 E/DisplayDeviceConfig( 1164): requesting nits when no mapping exists.
06-21 06:07:45.814 E/DisplayDeviceConfig( 1164): requesting nits when no mapping exists.
06-21 06:07:45.819 E/DisplayDeviceConfig( 1164): requesting nits when no mapping exists.
06-21 06:07:45.820 E/DisplayDeviceConfig( 1164): requesting nits when no mapping exists.
06-21 06:07:45.841 E/DisplayDeviceConfig( 1164): requesting nits when no mapping exists.
06-21 06:07:45.841 E/DisplayDeviceConfig( 1164): requesting nits when no mapping exists.
06-21 06:07:45.847 E/DisplayDeviceConfig( 1164): requesting nits when no mapping exists.
06-21 06:07:45.848 E/DisplayDeviceConfig( 1164): requesting nits when no mapping exists.
06-21 06:07:45.886 W/[ 116.789891] audit( 0): audit_lost=592 audit_rate_limit=5 audit_backlog_limit=64
06-21 06:07:45.887 E/DisplayDeviceConfig( 1164): requesting nits when no mapping exists.
06-21 06:07:45.887 E/DisplayDeviceConfig( 1164): requesting nits when no mapping exists.
06-21 06:07:45.909 E/[ 116.819941] audit( 0): rate limit exceeded
06-21 06:07:45.938 E/DisplayDeviceConfig( 1164): requesting nits when no mapping exists.
06-21 06:07:45.938 E/DisplayDeviceConfig( 1164): requesting nits when no mapping exists.
06-21 06:07:45.962 E/DisplayDeviceConfig( 1164): requesting nits when no mapping exists.
06-21 06:07:45.962 E/DisplayDeviceConfig( 1164): requesting nits when no mapping exists.
06-21 06:07:45.965 E/DisplayDeviceConfig( 1164): requesting nits when no mapping exists.
06-21 06:07:45.965 E/DisplayDeviceConfig( 1164): requesting nits when no mapping exists.
06-21 06:07:45.980 E/DisplayDeviceConfig( 1164): requesting nits when no mapping exists.
06-21 06:07:45.980 E/DisplayDeviceConfig( 1164): requesting nits when no mapping exists.
06-21 06:07:45.997 E/DisplayDeviceConfig( 1164): requesting nits when no mapping exists.
06-21 06:07:45.997 E/DisplayDeviceConfig( 1164): requesting nits when no mapping exists.
06-21 06:07:46.014 E/DisplayDeviceConfig( 1164): requesting nits when no mapping exists.
06-21 06:07:46.014 E/DisplayDeviceConfig( 1164): requesting nits when no mapping exists.
06-21 06:07:46.031 E/DisplayDeviceConfig( 1164): requesting nits when no mapping exists.
06-21 06:07:46.031 E/DisplayDeviceConfig( 1164): requesting nits when no mapping exists.
06-21 06:07:46.047 E/DisplayDeviceConfig( 1164): requesting nits when no mapping exists.
06-21 06:07:46.047 E/DisplayDeviceConfig( 1164): requesting nits when no mapping exists.
06-21 06:07:46.064 E/DisplayDeviceConfig( 1164): requesting nits when no mapping exists.
06-21 06:07:46.064 E/DisplayDeviceConfig( 1164): requesting nits when no mapping exists.
06-21 06:07:46.080 E/DisplayDeviceConfig( 1164): requesting nits when no mapping exists.
06-21 06:07:46.081 E/DisplayDeviceConfig( 1164): requesting nits when no mapping exists.
06-21 06:07:46.097 E/DisplayDeviceConfig( 1164): requesting nits when no mapping exists.
06-21 06:07:46.098 E/DisplayDeviceConfig( 1164): requesting nits when no mapping exists.
06-21 06:07:46.114 E/DisplayDeviceConfig( 1164): requesting nits when no mapping exists.
06-21 06:07:46.115 E/DisplayDeviceConfig( 1164): requesting nits when no mapping exists.
06-21 06:07:46.131 E/DisplayDeviceConfig( 1164): requesting nits when no mapping exists.
06-21 06:07:46.131 E/DisplayDeviceConfig( 1164): requesting nits when no mapping exists.
06-21 06:07:46.147 E/DisplayDeviceConfig( 1164): requesting nits when no mapping exists.
06-21 06:07:46.148 E/DisplayDeviceConfig( 1164): requesting nits when no mapping exists.
06-21 06:07:46.164 E/DisplayDeviceConfig( 1164): requesting nits when no mapping exists.
06-21 06:07:46.164 E/DisplayDeviceConfig( 1164): requesting nits when no mapping exists.
06-21 06:07:46.180 E/DisplayDeviceConfig( 1164): requesting nits when no mapping exists.
06-21 06:07:46.181 E/DisplayDeviceConfig( 1164): requesting nits when no mapping exists.
06-21 06:07:46.197 E/DisplayDeviceConfig( 1164): requesting nits when no mapping exists.
06-21 06:07:46.197 E/DisplayDeviceConfig( 1164): requesting nits when no mapping exists.
06-21 06:07:46.214 E/DisplayDeviceConfig( 1164): requesting nits when no mapping exists.
06-21 06:07:46.214 E/DisplayDeviceConfig( 1164): requesting nits when no mapping exists.
06-21 06:07:46.230 E/DisplayDeviceConfig( 1164): requesting nits when no mapping exists.
06-21 06:07:46.231 E/DisplayDeviceConfig( 1164): requesting nits when no mapping exists.
06-21 06:07:46.247 E/DisplayDeviceConfig( 1164): requesting nits when no mapping exists.
06-21 06:07:46.247 E/DisplayDeviceConfig( 1164): requesting nits when no mapping exists.
06-21 06:07:46.264 E/DisplayDeviceConfig( 1164): requesting nits when no mapping exists.
06-21 06:07:46.264 E/DisplayDeviceConfig( 1164): requesting nits when no mapping exists.
06-21 06:07:48.594 E/[ 119.521833] link_delay_work_func( 0): DTC_ETH: SQI=0, link=0
06-21 06:07:49.591 I/[ 120.518823] init( 0): starting service 'hht_ota_mgr_service'...
06-21 06:07:49.822 I/[ 120.738531] init( 0): Service 'hht_ota_mgr_service' (pid 6666) exited with status 0
06-21 06:07:49.846 I/[ 120.763196] init( 0): Sending signal 9 to service 'hht_ota_mgr_service' (pid 6666) process group...
06-21 06:07:49.864 I/[ 120.789291] libprocessgroup( 0): Successfully killed process cgroup uid 0 pid 6666 in 0ms
06-21 06:07:50.618 I/[ 121.541090] [schedu][0x92a57df0][06( 0): 07:50.607684] wlan: [1861:I:OSIF] scan start scan id 40964
06-21 06:07:52.170 E/[ 123.090340] [schedu][0x946b5f9d][06( 0): 07:52.156932] wlan: [1861:E:PE] lim_process_addba_req: 1716: Failed to process addba request
06-21 06:07:52.511 I/[ 123.427721] [schedu][0x94ce375c][06( 0): 07:52.494316] wlan: [1861:I:OSIF] vdev 0, scan id 40964 type COMPLETED(1) reason COMPLETED(1) scan found 20 bss
06-21 06:07:53.712 E/[ 124.640199] link_delay_work_func( 0): DTC_ETH: SQI=0, link=0
06-21 06:07:54.624 I/[ 125.551407] init( 0): starting service 'hht_ota_mgr_service'...
06-21 06:07:54.839 I/[ 125.755556] init( 0): Service 'hht_ota_mgr_service' (pid 6702) exited with status 0
06-21 06:07:54.862 I/[ 125.779053] init( 0): Sending signal 9 to service 'hht_ota_mgr_service' (pid 6702) process group...
06-21 06:07:54.879 I/[ 125.804973] libprocessgroup( 0): Successfully killed process cgroup uid 0 pid 6702 in 0ms
06-21 06:07:55.807 I/[ 126.725066] init( 0): processing action (sys.tlog.tlogdshc.active=1) from (/system/etc/init/tlogd.rc:195)
06-21 06:07:55.807 I/[ 126.735259] init( 0): starting service 'tlogdshc'...
06-21 06:07:56.098 I/[ 127.013087] init( 0): Service 'tlogdshc' (pid 6705) exited with status 0 oneshot service took 0.264000 seconds in background
06-21 06:07:56.099 I/[ 127.024312] init( 0): Sending signal 9 to service 'tlogdshc' (pid 6705) process group...
06-21 06:07:56.107 I/[ 127.032574] libprocessgroup( 0): Successfully killed process cgroup uid 0 pid 6705 in 0ms
06-21 06:07:56.277 E/ ( 0): [ 127.200474] thermal cooling_device4: DTC_Fan: ERROR, avg(0) out of range(1680, 2800)
at stat(1)
06-21 06:07:58.842 E/[ 129.760241] link_delay_work_func( 0): DTC_ETH: SQI=0, link=0
06-21 06:07:59.655 I/[ 130.581444] init( 0): starting service 'hht_ota_mgr_service'...
06-21 06:07:59.842 I/[ 130.753429] init( 0): Service 'hht_ota_mgr_service' (pid 6743) exited with status 0
06-21 06:07:59.854 I/[ 130.778977] init( 0): Sending signal 9 to service 'hht_ota_mgr_service' (pid 6743) process group...
06-21 06:07:59.855 I/[ 130.788290] libprocessgroup( 0): Successfully killed process cgroup uid 0 pid 6743 in 0ms
06-21 06:08:01.533 I/DropBoxManagerService( 1164): add tag=system_server_strictmode isTagEnabled=true flags=0x2
06-21 06:08:01.645 I/GameModeConfig( 1164): isGameModeOn = false
06-21 06:08:03.611 I/ActivityManager( 1164): Process com.smile.gifmaker:dpbenchmark (pid 6042) has died: fg SVC
06-21 06:08:03.962 E/[ 134.880161] link_delay_work_func( 0): DTC_ETH: SQI=0, link=0
06-21 06:08:04.682 I/[ 135.607964] init( 0): starting service 'hht_ota_mgr_service'...
06-21 06:08:04.870 I/[ 135.781321] init( 0): Service 'hht_ota_mgr_service' (pid 6780) exited with status 0
06-21 06:08:04.890 I/[ 135.805791] init( 0): Sending signal 9 to service 'hht_ota_mgr_service' (pid 6780) process group...
06-21 06:08:04.890 I/[ 135.815313] libprocessgroup( 0): Successfully killed process cgroup uid 0 pid 6780 in 0ms
06-21 06:08:06.240 I/[ 137.161486] [dp_rx_][0xa485c72a][06( 0): 08:06.228074] wlan: [1887:I:QDF] EAPOL-3 RX: SA:04:d9:f5:fb:09:94 DA:e2:06:b2:4a:e6:10
06-21 06:08:06.287 I/[ 137.207808] [soft_i][0xa49359ec][06( 0): 08:06.274404] wlan: [0:I:QDF] EAPOL-4 TX: SA:e2:06:b2:4a:e6:10 DA:04:d9:f5:fb:09:94 msdu_id:1 status: succ
06-21 06:08:09.074 E/[ 140.000131] link_delay_work_func( 0): DTC_ETH: SQI=0, link=0
06-21 06:08:09.709 I/[ 140.636508] init( 0): starting service 'hht_ota_mgr_service'...
06-21 06:08:09.910 I/[ 140.824404] init( 0): Service 'hht_ota_mgr_service' (pid 6807) exited with status 0
06-21 06:08:09.931 I/[ 140.847068] init( 0): Sending signal 9 to service 'hht_ota_mgr_service' (pid 6807) process group...
06-21 06:08:09.931 I/[ 140.856873] libprocessgroup( 0): Successfully killed process cgroup uid 0 pid 6807 in 0ms
06-21 06:08:14.195 E/[ 145.120306] link_delay_work_func( 0): DTC_ETH: SQI=0, link=0
06-21 06:08:14.735 I/[ 145.662053] init( 0): starting service 'hht_ota_mgr_service'...
06-21 06:08:14.938 I/[ 145.854901] init( 0): Service 'hht_ota_mgr_service' (pid 6832) exited with status 0
06-21 06:08:14.953 I/[ 145.877677] init( 0): Sending signal 9 to service 'hht_ota_mgr_service' (pid 6832) process group...
06-21 06:08:14.962 I/[ 145.887462] libprocessgroup( 0): Successfully killed process cgroup uid 0 pid 6832 in 0ms
06-21 06:08:19.312 E/[ 150.240222] link_delay_work_func( 0): DTC_ETH: SQI=0, link=0
06-21 06:08:19.770 I/[ 150.697143] init( 0): starting service 'hht_ota_mgr_service'...
06-21 06:08:19.978 I/[ 150.888037] init( 0): Service 'hht_ota_mgr_service' (pid 6854) exited with status 0
06-21 06:08:19.988 I/[ 150.912271] init( 0): Sending signal 9 to service 'hht_ota_mgr_service' (pid 6854) process group...
06-21 06:08:19.999 I/[ 150.922399] libprocessgroup( 0): Successfully killed process cgroup uid 0 pid 6854 in 0ms
06-21 06:08:20.674 W/ActivityManager( 1164): Background start not allowed: service Intent { cmp=com.tencent.android.qqdownloader/com.tencent.assistant.sdk.SDKSupportService (has extras) } to com.tencent.android.qqdownloader/com.tencent.assistant.sdk.SDKSupportService from pid=3329 uid=10115 pkg=com.tencent.android.qqdownloader startFg?=false
06-21 06:08:20.691 W/ActivityManager( 1164): Background start not allowed: service Intent { cmp=com.tencent.android.qqdownloader/com.tencent.assistant.sdk.SDKSupportService (has extras) } to com.tencent.android.qqdownloader/com.tencent.assistant.sdk.SDKSupportService from pid=3329 uid=10115 pkg=com.tencent.android.qqdownloader startFg?=false
06-21 06:08:20.740 W/ActivityManager( 1164): Background start not allowed: service Intent { cmp=com.tencent.android.qqdownloader/com.tencent.assistant.sdk.SDKSupportService (has extras) } to com.tencent.android.qqdownloader/com.tencent.assistant.sdk.SDKSupportService from pid=3329 uid=10115 pkg=com.tencent.android.qqdownloader startFg?=false
06-21 06:08:20.752 W/ActivityManager( 1164): Background start not allowed: service Intent { cmp=com.tencent.android.qqdownloader/com.tencent.assistant.sdk.SDKSupportService (has extras) } to com.tencent.android.qqdownloader/com.tencent.assistant.sdk.SDKSupportService from pid=3329 uid=10115 pkg=com.tencent.android.qqdownloader startFg?=false
06-21 06:08:24.435 E/[ 155.360171] link_delay_work_func( 0): DTC_ETH: SQI=0, link=0
06-21 06:08:24.796 I/[ 155.722790] init( 0): starting service 'hht_ota_mgr_service'...
06-21 06:08:25.014 I/[ 155.926809] init( 0): Service 'hht_ota_mgr_service' (pid 6893) exited with status 0
06-21 06:08:25.026 I/[ 155.950856] init( 0): Sending signal 9 to service 'hht_ota_mgr_service' (pid 6893) process group...
06-21 06:08:25.035 I/[ 155.960846] libprocessgroup( 0): Successfully killed process cgroup uid 0 pid 6893 in 0ms
06-21 06:08:25.809 I/[ 156.732815] init( 0): processing action (sys.tlog.tlogdshc.active=1) from (/system/etc/init/tlogd.rc:195)
06-21 06:08:25.809 I/[ 156.742925] init( 0): starting service 'tlogdshc'...
06-21 06:08:26.131 I/[ 157.045481] init( 0): Service 'tlogdshc' (pid 6898) exited with status 0 oneshot service took 0.292000 seconds in background
06-21 06:08:26.131 I/[ 157.056760] init( 0): Sending signal 9 to service 'tlogdshc' (pid 6898) process group...
06-21 06:08:26.140 I/[ 157.065189] libprocessgroup( 0): Successfully killed process cgroup uid 0 pid 6898 in 0ms
06-21 06:08:29.556 E/[ 160.484178] link_delay_work_func( 0): DTC_ETH: SQI=0, link=0
06-21 06:08:29.847 I/[ 160.763052] init( 0): starting service 'hht_ota_mgr_service'...
06-21 06:08:30.059 I/[ 160.978042] init( 0): Service 'hht_ota_mgr_service' (pid 6927) exited with status 0
06-21 06:08:30.078 I/[ 161.003140] init( 0): Sending signal 9 to service 'hht_ota_mgr_service' (pid 6927) process group...
06-21 06:08:30.088 I/[ 161.013230] libprocessgroup( 0): Successfully killed process cgroup uid 0 pid 6927 in 0ms
06-21 06:08:34.681 E/[ 165.600300] link_delay_work_func( 0): DTC_ETH: SQI=0, link=0
06-21 06:08:34.886 I/[ 165.808451] init( 0): starting service 'hht_ota_mgr_service'...
06-21 06:08:35.090 I/[ 166.006409] init( 0): Service 'hht_ota_mgr_service' (pid 6949) exited with status 0
06-21 06:08:35.105 I/[ 166.030325] init( 0): Sending signal 9 to service 'hht_ota_mgr_service' (pid 6949) process group...
