06-21 06:10:47.068 W/ActivityManager( 1164): Background start not allowed: service Intent { cmp=com.tencent.android.qqdownloader/com.tencent.assistant.main.MainService } to com.tencent.android.qqdownloader/com.tencent.assistant.main.MainService from pid=3563 uid=10115 pkg=com.tencent.android.qqdownloader startFg?=false
06-21 06:10:47.070 W/ActivityManager( 1164): Background start not allowed: service Intent { cmp=com.tencent.android.qqdownloader/com.tencent.assistant.main.MainService } to com.tencent.android.qqdownloader/com.tencent.assistant.main.MainService from pid=3563 uid=10115 pkg=com.tencent.android.qqdownloader startFg?=false
06-21 06:10:47.073 W/ActivityManager( 1164): Background start not allowed: service Intent { cmp=com.tencent.android.qqdownloader/com.tencent.assistant.main.MainService } to com.tencent.android.qqdownloader/com.tencent.assistant.main.MainService from pid=3563 uid=10115 pkg=com.tencent.android.qqdownloader startFg?=false
06-21 06:10:47.076 W/ActivityManager( 1164): Background start not allowed: service Intent { cmp=com.tencent.android.qqdownloader/com.tencent.assistant.main.MainService } to com.tencent.android.qqdownloader/com.tencent.assistant.main.MainService from pid=3563 uid=10115 pkg=com.tencent.android.qqdownloader startFg?=false
06-21 06:10:47.079 W/ActivityManager( 1164): Background start not allowed: service Intent { cmp=com.tencent.android.qqdownloader/com.tencent.assistant.main.MainService } to com.tencent.android.qqdownloader/com.tencent.assistant.main.MainService from pid=3563 uid=10115 pkg=com.tencent.android.qqdownloader startFg?=false
06-21 06:10:47.254 D/FreeFormWindowHelper( 1164): Current Display FreeFormTask is null
06-21 06:10:47.255 D/FreeFormWindowHelper( 1164): Current Display FreeFormTask is null
06-21 06:10:47.267 D/FreeFormWindowHelper( 1164): Current Display FreeFormTask is null
06-21 06:10:47.270 I/ActivityTaskManager( 1164): FOREGROUND_APPLICATION_CHANGED to com.android.launcher3.uioverrides.QuickstepLauncher
06-21 06:10:47.272 D/FreeFormWindowHelper( 1164): handleFreeformTask : Task{7dd49bb #1 type=home ?? U=0 visible=true mode=fullscreen translucent=false sz=1 visible freeform task=true rootAffinity=null isMini=false}
06-21 06:10:47.272 D/FreeFormWindowHelper( 1164): mFreeFormTask : null
06-21 06:10:47.272 D/FreeFormWindowHelper( 1164): mInRecent : false
06-21 06:10:47.272 D/FreeFormWindowHelper( 1164):
06-21 06:10:47.273 D/FreeFormWindowHelper( 1164): handleFreeformTask : Task{7dd49bb #1 type=home ?? U=0 visible=true mode=fullscreen translucent=false sz=1 visible freeform task=true rootAffinity=null isMini=false}
06-21 06:10:47.273 D/FreeFormWindowHelper( 1164): mFreeFormTask : null
06-21 06:10:47.273 D/FreeFormWindowHelper( 1164): mInRecent : false
06-21 06:10:47.273 D/FreeFormWindowHelper( 1164):
06-21 06:10:47.382 D/FreeFormWindowHelper( 1164): Current Display FreeFormTask is null
06-21 06:10:47.382 D/ActivityTaskManager( 1164): Skipping, freeform mode : Task{eec8d7b #1451 type=undefined A=10113:com.tencent.mm U=0 visible=false mode=freeform translucent=true sz=0 visible freeform task=true rootAffinity=10113:com.tencent.mm isMini=false}
06-21 06:10:47.792 E/[ 298.720164] link_delay_work_func( 0): DTC_ETH: SQI=0, link=0
06-21 06:10:48.023 I/[ 298.939264] [schedu][0x15da9980c][06( 0): 10:48.005793] wlan: [1861:I:OSIF] vdev 0, scan id 40967 type COMPLETED(1) reason COMPLETED(1) scan found 13 bss
06-21 06:10:48.561 W/ActivityManager( 1164): Background start not allowed: service Intent { cmp=com.tencent.android.qqdownloader/com.tencent.assistant.main.MainService } to com.tencent.android.qqdownloader/com.tencent.assistant.main.MainService from pid=3563 uid=10115 pkg=com.tencent.android.qqdownloader startFg?=false
06-21 06:10:48.565 W/ActivityManager( 1164): Background start not allowed: service Intent { cmp=com.tencent.android.qqdownloader/com.tencent.assistant.main.MainService } to com.tencent.android.qqdownloader/com.tencent.assistant.main.MainService from pid=3563 uid=10115 pkg=com.tencent.android.qqdownloader startFg?=false
06-21 06:10:50.753 I/[ 301.679064] init( 0): starting service 'hht_ota_mgr_service'...
06-21 06:10:50.983 I/[ 301.899351] init( 0): Service 'hht_ota_mgr_service' (pid 7736) exited with status 0
06-21 06:10:50.998 I/[ 301.922986] init( 0): Sending signal 9 to service 'hht_ota_mgr_service' (pid 7736) process group...
06-21 06:10:51.010 I/[ 301.932339] libprocessgroup( 0): Successfully killed process cgroup uid 0 pid 7736 in 0ms
06-21 06:10:52.913 E/[ 303.840129] link_delay_work_func( 0): DTC_ETH: SQI=0, link=0
06-21 06:10:55.118 I/[ 306.035073] [schedu][0x165c8753a][06( 0): 10:55.101650] wlan: [1861:I:WMA] [06:10:55.028000] [ROAM_TRIGGER]: VDEV[0] Reason: "LOW RSSI" Cur_Rssi threshold:81 Current AP RSSI: 76
06-21 06:10:55.119 I/[ 306.052239] [schedu][0x165cd7e0a][06( 0): 10:55.118832] wlan: [1861:I:WMA] [06:10:55.028000] [ROAM_SCAN]: VDEV[0] Scan_type: PARTIAL next_rssi_threshold: 81 dBm {5200 }
06-21 06:10:55.152 I/[ 306.068153] [schedu][0x165d227ed][06( 0): 10:55.134750] wlan: [1861:I:WMA] ============================================================================================================================
06-21 06:10:55.152 I/[ 306.085960] [schedu][0x165d75fbf][06( 0): 10:55.152560] wlan: [1861:I:WMA] AP BSSID TSTAMP CH TY ETP RSSI/SCR CU%/SCR TOT_SCR BL_RSN BL_SRC BL_TSTAMP BL_TIMEOUT(ms)
06-21 06:10:55.170 I/[ 306.103728] [schedu][0x165dc94a6][06( 0): 10:55.170332] wlan: [1861:I:WMA] ============================================================================================================================
06-21 06:10:55.205 I/[ 306.121486] [schedu][0x165e1c890][06( 0): 10:55.188091] wlan: [1861:I:WMA] 04:d9:f5:fb:09:94 [06:10:55.028000] 5200 P_AP 0 76/0 0/0 1791 0 0 [00:00:00.000000] 0
06-21 06:10:55.205 I/[ 306.139091] [schedu][0x165e6f0ac][06( 0): 10:55.205692] wlan: [1861:I:WMA] [06:10:55.086000] [ROAM_RESULT]: VDEV[0] FAILED Reason: NO AP FOUND
06-21 06:10:55.357 E/[ 306.279051] [schedu][0x1660ff1b1][06( 0): 10:55.345652] wlan: [1861:E:PE] lim_process_addba_req: 1716: Failed to process addba request
06-21 06:10:55.804 I/[ 306.731886] init( 0): starting service 'hht_ota_mgr_service'...
06-21 06:10:55.842 I/[ 306.760688] init( 0): processing action (sys.tlog.tlogdshc.active=1) from (/system/etc/init/tlogd.rc:195)
06-21 06:10:55.851 I/[ 306.784497] init( 0): starting service 'tlogdshc'...
06-21 06:10:56.006 I/[ 306.923283] init( 0): Service 'hht_ota_mgr_service' (pid 7763) exited with status 0
06-21 06:10:56.021 I/[ 306.945930] init( 0): Sending signal 9 to service 'hht_ota_mgr_service' (pid 7763) process group...
06-21 06:10:56.030 I/[ 306.955077] libprocessgroup( 0): Successfully killed process cgroup uid 0 pid 7763 in 0ms
06-21 06:10:56.217 I/[ 307.131292] init( 0): Service 'tlogdshc' (pid 7764) exited with status 0 oneshot service took 0.335000 seconds in background
06-21 06:10:56.217 I/[ 307.142856] init( 0): Sending signal 9 to service 'tlogdshc' (pid 7764) process group...
06-21 06:10:56.219 I/[ 307.151132] libprocessgroup( 0): Successfully killed process cgroup uid 0 pid 7764 in 0ms
06-21 06:10:58.052 E/[ 308.964352] link_delay_work_func( 0): DTC_ETH: SQI=0, link=0
06-21 06:10:58.719 I/[ 309.634597] [schedu][0x169e70217][06( 0): 10:58.701180] wlan: [1861:I:WMA] [06:10:55.134000] [ROAM_TRIGGER]: VDEV[0] Reason: "LOW RSSI" Sub-Reason: FULL SCAN Cur_Rssi threshold:81 Current AP RSSI: 76
06-21 06:10:58.719 I/[ 309.652624] [schedu][0x169ec4b18][06( 0): 10:58.719219] wlan: [1861:I:WMA] [06:10:55.134000] [ROAM_SCAN]: VDEV[0] Scan_type: FULL next_rssi_threshold: 81 dBm
06-21 06:10:58.734 I/[ 309.666852] [schedu][0x169f071c3][06( 0): 10:58.733388] wlan: [1861:I:WMA] ============================================================================================================================
06-21 06:10:58.752 I/[ 309.685471] [schedu][0x169f5eadd][06( 0): 10:58.752069] wlan: [1861:I:WMA] AP BSSID TSTAMP CH TY ETP RSSI/SCR CU%/SCR TOT_SCR BL_RSN BL_SRC BL_TSTAMP BL_TIMEOUT(ms)
06-21 06:10:58.769 I/[ 309.703281] [schedu][0x169fb22e4][06( 0): 10:58.769882] wlan: [1861:I:WMA] ============================================================================================================================
06-21 06:10:58.787 I/[ 309.721062] [schedu][0x16a005830][06( 0): 10:58.787659] wlan: [1861:I:WMA] 04:d9:f5:fb:09:94 [06:10:55.134000] 5200 P_AP 0 76/0 0/0 1791 0 0 [00:00:00.000000] 0
06-21 06:10:58.805 I/[ 309.738395] [schedu][0x16a056cba][06( 0): 10:58.804999] wlan: [1861:I:WMA] [06:10:58.686000] [ROAM_RESULT]: VDEV[0] FAILED Reason: NO AP FOUND
06-21 06:11:00.844 I/[ 311.755485] init( 0): starting service 'hht_ota_mgr_service'...
06-21 06:11:01.026 I/[ 311.939997] init( 0): Service 'hht_ota_mgr_service' (pid 7792) exited with status 0
06-21 06:11:01.038 I/[ 311.962825] init( 0): Sending signal 9 to service 'hht_ota_mgr_service' (pid 7792) process group...
06-21 06:11:01.050 I/[ 311.972372] libprocessgroup( 0): Successfully killed process cgroup uid 0 pid 7792 in 0ms
06-21 06:11:03.153 E/[ 314.080490] link_delay_work_func( 0): DTC_ETH: SQI=0, link=0
06-21 06:11:04.638 I/GameModeConfig( 1164): isGameModeOn = false
06-21 06:11:05.847 I/[ 316.778377] init( 0): starting service 'hht_ota_mgr_service'...
06-21 06:11:06.054 I/[ 316.970031] init( 0): Service 'hht_ota_mgr_service' (pid 7816) exited with status 0
06-21 06:11:06.070 I/[ 316.994319] init( 0): Sending signal 9 to service 'hht_ota_mgr_service' (pid 7816) process group...
06-21 06:11:06.079 I/[ 317.004916] libprocessgroup( 0): Successfully killed process cgroup uid 0 pid 7816 in 1ms
06-21 06:11:08.275 E/[ 319.200195] link_delay_work_func( 0): DTC_ETH: SQI=0, link=0
06-21 06:11:10.894 I/[ 321.820963] init( 0): starting service 'hht_ota_mgr_service'...
06-21 06:11:11.102 I/[ 322.018828] init( 0): Service 'hht_ota_mgr_service' (pid 7839) exited with status 0
06-21 06:11:11.116 I/[ 322.040541] init( 0): Sending signal 9 to service 'hht_ota_mgr_service' (pid 7839) process group...
06-21 06:11:11.117 I/[ 322.050057] libprocessgroup( 0): Successfully killed process cgroup uid 0 pid 7839 in 0ms
06-21 06:11:13.394 E/[ 324.320155] link_delay_work_func( 0): DTC_ETH: SQI=0, link=0
06-21 06:11:15.927 I/[ 326.852935] init( 0): starting service 'hht_ota_mgr_service'...
06-21 06:11:16.138 I/[ 327.065979] init( 0): Service 'hht_ota_mgr_service' (pid 7859) exited with status 0
06-21 06:11:16.149 I/[ 327.073979] init( 0): Sending signal 9 to service 'hht_ota_mgr_service' (pid 7859) process group...
06-21 06:11:16.159 I/[ 327.083638] libprocessgroup( 0): Successfully killed process cgroup uid 0 pid 7859 in 0ms
06-21 06:11:18.518 E/[ 329.440199] link_delay_work_func( 0): DTC_ETH: SQI=0, link=0
06-21 06:11:20.962 I/[ 331.889057] init( 0): starting service 'hht_ota_mgr_service'...
06-21 06:11:21.159 I/[ 332.073571] init( 0): Service 'hht_ota_mgr_service' (pid 7883) exited with status 0
06-21 06:11:21.172 I/[ 332.096774] init( 0): Sending signal 9 to service 'hht_ota_mgr_service' (pid 7883) process group...
06-21 06:11:21.183 I/[ 332.106388] libprocessgroup( 0): Successfully killed process cgroup uid 0 pid 7883 in 0ms
06-21 06:11:21.842 E/ ( 0): [ 332.769017] spss_utils [spss_wait_for_event]: wait for event [1] timeout [300] sec expired
06-21 06:11:21.850 E/spcomlib( 583): [spcom_wait_for_event] event [1] [nvm_ready] EVENT_STATUS_TIMEOUT
06-21 06:11:21.850 E/spdaemon( 583): spcom_wait_for_nvm_ready() failed. ret [-110] [Connection timed out].
06-21 06:11:21.850 E/spdaemon( 583): Initial SP initialization failed. ret [-110].
06-21 06:11:21.850 D/spdaemon( 583): going to sleep for a day.
06-21 06:11:23.635 E/[ 334.560472] link_delay_work_func( 0): DTC_ETH: SQI=0, link=0
06-21 06:11:24.456 W/ActivityManager( 1164): Background start not allowed: service Intent { cmp=com.tencent.android.qqdownloader/com.tencent.assistant.sdk.SDKSupportService (has extras) } to com.tencent.android.qqdownloader/com.tencent.assistant.sdk.SDKSupportService from pid=3329 uid=10115 pkg=com.tencent.android.qqdownloader startFg?=false
06-21 06:11:24.472 W/ActivityManager( 1164): Background start not allowed: service Intent { cmp=com.tencent.android.qqdownloader/com.tencent.assistant.sdk.SDKSupportService (has extras) } to com.tencent.android.qqdownloader/com.tencent.assistant.sdk.SDKSupportService from pid=3329 uid=10115 pkg=com.tencent.android.qqdownloader startFg?=false
06-21 06:11:24.559 W/ActivityManager( 1164): Background start not allowed: service Intent { cmp=com.tencent.android.qqdownloader/com.tencent.assistant.sdk.SDKSupportService (has extras) } to com.tencent.android.qqdownloader/com.tencent.assistant.sdk.SDKSupportService from pid=3329 uid=10115 pkg=com.tencent.android.qqdownloader startFg?=false
06-21 06:11:24.568 W/ActivityManager( 1164): Background start not allowed: service Intent { cmp=com.tencent.android.qqdownloader/com.tencent.assistant.sdk.SDKSupportService (has extras) } to com.tencent.android.qqdownloader/com.tencent.assistant.sdk.SDKSupportService from pid=3329 uid=10115 pkg=com.tencent.android.qqdownloader startFg?=false
06-21 06:11:25.843 I/[ 336.775471] perf( 0): interrupt took too long (5054 > 4925), lowering kernel.perf_event_max_sample_rate to 39500
06-21 06:11:25.862 I/[ 336.782689] init( 0): processing action (sys.tlog.tlogdshc.active=1) from (/system/etc/init/tlogd.rc:195)
06-21 06:11:25.869 I/[ 336.797973] init( 0): starting service 'tlogdshc'...
06-21 06:11:25.990 I/[ 336.917345] init( 0): starting service 'hht_ota_mgr_service'...
06-21 06:11:26.198 I/[ 337.113246] init( 0): Service 'hht_ota_mgr_service' (pid 7914) exited with status 0
06-21 06:11:26.211 I/[ 337.135661] init( 0): Sending signal 9 to service 'hht_ota_mgr_service' (pid 7914) process group...
06-21 06:11:26.219 I/[ 337.144814] libprocessgroup( 0): Successfully killed process cgroup uid 0 pid 7914 in 0ms
06-21 06:11:26.242 I/[ 337.156869] init( 0): Service 'tlogdshc' (pid 7908) exited with status 0 oneshot service took 0.340000 seconds in background
06-21 06:11:26.242 I/[ 337.168056] init( 0): Sending signal 9 to service 'tlogdshc' (pid 7908) process group...
06-21 06:11:26.242 I/[ 337.176131] libprocessgroup( 0): Successfully killed process cgroup uid 0 pid 7908 in 0ms
06-21 06:11:27.642 D/CompatibilityChangeReporter( 1164): Compat change id reported: 171306433; UID 10115; state: DISABLED
06-21 06:11:28.755 E/[ 339.680670] link_delay_work_func( 0): DTC_ETH: SQI=0, link=0
06-21 06:11:31.024 I/[ 341.952337] init( 0): starting service 'hht_ota_mgr_service'...
06-21 06:11:31.218 I/[ 342.135722] init( 0): Service 'hht_ota_mgr_service' (pid 7938) exited with status 0
06-21 06:11:31.226 I/[ 342.159290] init( 0): Sending signal 9 to service 'hht_ota_mgr_service' (pid 7938) process group...
06-21 06:11:31.246 I/[ 342.168908] libprocessgroup( 0): Successfully killed process cgroup uid 0 pid 7938 in 0ms
06-21 06:11:33.874 E/[ 344.800312] link_delay_work_func( 0): DTC_ETH: SQI=0, link=0
06-21 06:11:36.046 I/[ 346.973106] init( 0): starting service 'hht_ota_mgr_service'...
06-21 06:11:36.242 I/[ 347.156508] init( 0): Service 'hht_ota_mgr_service' (pid 7963) exited with status 0
06-21 06:11:36.243 I/DropBoxManagerService( 1164): add tag=system_server_strictmode isTagEnabled=true flags=0x2
06-21 06:11:36.246 I/DropBoxManagerService( 1164): add tag=system_server_strictmode isTagEnabled=true flags=0x2
06-21 06:11:36.248 I/DropBoxManagerService( 1164): add tag=system_server_strictmode isTagEnabled=true flags=0x2
06-21 06:11:36.249 I/DropBoxManagerService( 1164): add tag=system_server_strictmode isTagEnabled=true flags=0x2
06-21 06:11:36.251 I/DropBoxManagerService( 1164): add tag=system_server_strictmode isTagEnabled=true flags=0x2
06-21 06:11:36.253 I/DropBoxManagerService( 1164): add tag=system_server_strictmode isTagEnabled=true flags=0x2
06-21 06:11:36.254 I/[ 347.179252] init( 0): Sending signal 9 to service 'hht_ota_mgr_service' (pid 7963) process group...
06-21 06:11:36.255 I/[ 347.188470] libprocessgroup( 0): Successfully killed process cgroup uid 0 pid 7963 in 0ms
06-21 06:11:38.995 E/[ 349.920338] link_delay_work_func( 0): DTC_ETH: SQI=0, link=0
06-21 06:11:41.071 I/[ 351.997322] init( 0): starting service 'hht_ota_mgr_service'...
06-21 06:11:41.266 I/[ 352.188614] init( 0): Service 'hht_ota_mgr_service' (pid 7986) exited with status 0
06-21 06:11:41.272 I/[ 352.206142] init( 0): Sending signal 9 to service 'hht_ota_mgr_service' (pid 7986) process group...
06-21 06:11:41.291 I/[ 352.215418] libprocessgroup( 0): Successfully killed process cgroup uid 0 pid 7986 in 0ms
06-21 06:11:44.114 E/[ 355.040193] link_delay_work_func( 0): DTC_ETH: SQI=0, link=0
06-21 06:11:46.107 I/[ 357.032698] init( 0): starting service 'hht_ota_mgr_service'...
06-21 06:11:46.318 I/[ 357.235411] init( 0): Service 'hht_ota_mgr_service' (pid 8007) exited with status 0
06-21 06:11:46.334 I/[ 357.258464] init( 0): Sending signal 9 to service 'hht_ota_mgr_service' (pid 8007) process group...
06-21 06:11:46.335 I/[ 357.268504] libprocessgroup( 0): Successfully killed process cgroup uid 0 pid 8007 in 0ms
06-21 06:11:49.232 E/[ 360.160289] link_delay_work_func( 0): DTC_ETH: SQI=0, link=0
06-21 06:11:51.143 I/[ 362.069205] init( 0): starting service 'hht_ota_mgr_service'...
06-21 06:11:51.362 I/[ 362.278584] init( 0): Service 'hht_ota_mgr_service' (pid 8032) exited with status 0
06-21 06:11:51.378 I/[ 362.302539] init( 0): Sending signal 9 to service 'hht_ota_mgr_service' (pid 8032) process group...
06-21 06:11:51.388 I/[ 362.311791] libprocessgroup( 0): Successfully killed process cgroup uid 0 pid 8032 in 0ms
06-21 06:11:54.355 E/[ 365.280251] link_delay_work_func( 0): DTC_ETH: SQI=0, link=0
06-21 06:11:55.868 I/[ 366.791615] init( 0): processing action (sys.tlog.tlogdshc.active=1) from (/system/etc/init/tlogd.rc:195)
06-21 06:11:55.874 I/[ 366.802659] init( 0): starting service 'tlogdshc'...
06-21 06:11:56.182 I/[ 367.104993] init( 0): Service 'tlogdshc' (pid 8054) exited with status 0 oneshot service took 0.286000 seconds in background
06-21 06:11:56.183 I/[ 367.116232] init( 0): Sending signal 9 to service 'tlogdshc' (pid 8054) process group...
06-21 06:11:56.199 I/[ 367.124441] libprocessgroup( 0): Successfully killed process cgroup uid 0 pid 8054 in 0ms
06-21 06:11:56.212 I/[ 367.138711] init( 0): starting service 'hht_ota_mgr_service'...
06-21 06:11:56.400 I/[ 367.318321] init( 0): Service 'hht_ota_mgr_service' (pid 8063) exited with status 0
06-21 06:11:56.400 E/[ 367.332344] [schedu][0x1abeea6a4][06( 0): 11:56.398945] wlan: [1861:E:PE] lim_process_addba_req: 1716: Failed to process addba request
06-21 06:11:56.428 I/[ 367.352532] init( 0): Sending signal 9 to service 'hht_ota_mgr_service' (pid 8063) process group...
06-21 06:11:56.428 I/[ 367.361698] libprocessgroup( 0): Successfully killed process cgroup uid 0 pid 8063 in 0ms
06-21 06:11:59.472 E/[ 370.400149] link_delay_work_func( 0): DTC_ETH: SQI=0, link=0
06-21 06:12:01.228 I/[ 372.155423] init( 0): starting service 'hht_ota_mgr_service'...
06-21 06:12:01.427 I/[ 372.343116] init( 0): Service 'hht_ota_mgr_service' (pid 8085) exited with status 0
06-21 06:12:01.441 I/[ 372.365443] init( 0): Sending signal 9 to service 'hht_ota_mgr_service' (pid 8085) process group...
06-21 06:12:01.450 I/[ 372.374649] libprocessgroup( 0): Successfully killed process cgroup uid 0 pid 8085 in 0ms
06-21 06:12:04.594 E/[ 375.520364] link_delay_work_func( 0): DTC_ETH: SQI=0, link=0
06-21 06:12:06.133 I/GameModeConfig( 1164): isGameModeOn = false
06-21 06:12:06.256 I/[ 377.181166] init( 0): starting service 'hht_ota_mgr_service'...
06-21 06:12:06.466 I/[ 377.383252] init( 0): Service 'hht_ota_mgr_service' (pid 8107) exited with status 0
06-21 06:12:06.481 I/[ 377.406215] init( 0): Sending signal 9 to service 'hht_ota_mgr_service' (pid 8107) process group...
06-21 06:12:06.494 I/[ 377.416703] libprocessgroup( 0): Successfully killed process cgroup uid 0 pid 8107 in 1ms
06-21 06:12:09.713 E/[ 380.640576] link_delay_work_func( 0): DTC_ETH: SQI=0, link=0
06-21 06:12:11.295 I/[ 382.222960] init( 0): starting service 'hht_ota_mgr_service'...
06-21 06:12:11.490 I/[ 382.407799] init( 0): Service 'hht_ota_mgr_service' (pid 8130) exited with status 0
06-21 06:12:11.507 I/[ 382.431451] init( 0): Sending signal 9 to service 'hht_ota_mgr_service' (pid 8130) process group...
06-21 06:12:11.515 I/[ 382.440739] libprocessgroup( 0): Successfully killed process cgroup uid 0 pid 8130 in 0ms
06-21 06:12:14.842 E/[ 385.760135] link_delay_work_func( 0): DTC_ETH: SQI=0, link=0
06-21 06:12:16.331 I/[ 387.258784] init( 0): starting service 'hht_ota_mgr_service'...
06-21 06:12:16.534 I/[ 387.447850] init( 0): Service 'hht_ota_mgr_service' (pid 8154) exited with status 0
06-21 06:12:16.546 I/[ 387.470986] init( 0): Sending signal 9 to service 'hht_ota_mgr_service' (pid 8154) process group...
06-21 06:12:16.555 I/[ 387.480291] libprocessgroup( 0): Successfully killed process cgroup uid 0 pid 8154 in 0ms
06-21 06:12:17.366 W/ActivityManager( 1164): Background start not allowed: service Intent { cmp=com.tencent.android.qqdownloader/com.tencent.assistant.sdk.SDKSupportService (has extras) } to com.tencent.android.qqdownloader/com.tencent.assistant.sdk.SDKSupportService from pid=3329 uid=10115 pkg=com.tencent.android.qqdownloader startFg?=false
06-21 06:12:17.376 W/ActivityManager( 1164): Background start not allowed: service Intent { cmp=com.tencent.android.qqdownloader/com.tencent.assistant.sdk.SDKSupportService (has extras) } to com.tencent.android.qqdownloader/com.tencent.assistant.sdk.SDKSupportService from pid=3329 uid=10115 pkg=com.tencent.android.qqdownloader startFg?=false
06-21 06:12:17.430 W/ActivityManager( 1164): Background start not allowed: service Intent { cmp=com.tencent.android.qqdownloader/com.tencent.assistant.sdk.SDKSupportService (has extras) } to com.tencent.android.qqdownloader/com.tencent.assistant.sdk.SDKSupportService from pid=3329 uid=10115 pkg=com.tencent.android.qqdownloader startFg?=false
06-21 06:12:17.441 W/ActivityManager( 1164): Background start not allowed: service Intent { cmp=com.tencent.android.qqdownloader/com.tencent.assistant.sdk.SDKSupportService (has extras) } to com.tencent.android.qqdownloader/com.tencent.assistant.sdk.SDKSupportService from pid=3329 uid=10115 pkg=com.tencent.android.qqdownloader startFg?=false
06-21 06:12:19.962 E/[ 390.880277] link_delay_work_func( 0): DTC_ETH: SQI=0, link=0
06-21 06:12:21.370 I/[ 392.295367] init( 0): starting service 'hht_ota_mgr_service'...
06-21 06:12:21.570 I/[ 392.487530] init( 0): Service 'hht_ota_mgr_service' (pid 8176) exited with status 0
06-21 06:12:21.587 I/[ 392.511297] init( 0): Sending signal 9 to service 'hht_ota_mgr_service' (pid 8176) process group...
06-21 06:12:21.595 I/[ 392.520661] libprocessgroup( 0): Successfully killed process cgroup uid 0 pid 8176 in 0ms
06-21 06:12:25.091 E/[ 396.004395] link_delay_work_func( 0): DTC_ETH: SQI=0, link=0
06-21 06:12:25.874 I/[ 396.796722] init( 0): processing action (sys.tlog.tlogdshc.active=1) from (/system/etc/init/tlogd.rc:195)
06-21 06:12:25.880 I/[ 396.808358] init( 0): starting service 'tlogdshc'...
06-21 06:12:26.192 I/[ 397.106244] init( 0): Service 'tlogdshc' (pid 8196) exited with status 0 oneshot service took 0.274000 seconds in background
06-21 06:12:26.193 I/[ 397.118144] init( 0): Sending signal 9 to service 'tlogdshc' (pid 8196) process group...
06-21 06:12:26.202 I/[ 397.127534] libprocessgroup( 0): Successfully killed process cgroup uid 0 pid 8196 in 1ms
06-21 06:12:26.401 I/[ 397.327676] init( 0): starting service 'hht_ota_mgr_service'...
06-21 06:12:26.597 I/[ 397.513705] init( 0): Service 'hht_ota_mgr_service' (pid 8205) exited with status 0
06-21 06:12:26.606 I/[ 397.537065] init( 0): Sending signal 9 to service 'hht_ota_mgr_service' (pid 8205) process group...
06-21 06:12:26.624 I/[ 397.547100] libprocessgroup( 0): Successfully killed process cgroup uid 0 pid 8205 in 0ms
06-21 06:12:30.194 E/[ 401.120555] link_delay_work_func( 0): DTC_ETH: SQI=0, link=0
06-21 06:12:31.434 I/[ 402.361076] init( 0): starting service 'hht_ota_mgr_service'...
06-21 06:12:31.646 I/[ 402.562916] init( 0): Service 'hht_ota_mgr_service' (pid 8230) exited with status 0
06-21 06:12:31.664 I/[ 402.588368] init( 0): Sending signal 9 to service 'hht_ota_mgr_service' (pid 8230) process group...
06-21 06:12:31.664 I/[ 402.597992] libprocessgroup( 0): Successfully killed process cgroup uid 0 pid 8230 in 0ms
06-21 06:12:35.312 E/[ 406.240231] link_delay_work_func( 0): DTC_ETH: SQI=0, link=0
06-21 06:12:36.464 I/[ 407.391290] init( 0): starting service 'hht_ota_mgr_service'...
06-21 06:12:36.674 I/[ 407.589657] init( 0): Service 'hht_ota_mgr_service' (pid 8255) exited with status 0
06-21 06:12:36.679 I/[ 407.612719] init( 0): Sending signal 9 to service 'hht_ota_mgr_service' (pid 8255) process group...
06-21 06:12:36.697 I/[ 407.622727] libprocessgroup( 0): Successfully killed process cgroup uid 0 pid 8255 in 0ms
06-21 06:12:40.433 E/[ 411.360142] link_delay_work_func( 0): DTC_ETH: SQI=0, link=0
06-21 06:12:41.494 I/[ 412.421527] init( 0): starting service 'hht_ota_mgr_service'...
06-21 06:12:41.706 I/[ 412.619937] init( 0): Service 'hht_ota_mgr_service' (pid 8278) exited with status 0
06-21 06:12:41.719 I/[ 412.643756] init( 0): Sending signal 9 to service 'hht_ota_mgr_service' (pid 8278) process group...
06-21 06:12:41.728 I/[ 412.653285] libprocessgroup( 0): Successfully killed process cgroup uid 0 pid 8278 in 0ms
06-21 06:12:44.396 I/[ 415.297139] [schedu][0x1e2d2d482][06( 0): 12:44.363719] wlan: [1861:I:WMA] [06:12:44.301000] [ROAM_TRIGGER]: VDEV[0] Reason: "LOW RSSI" Cur_Rssi threshold:81 Current AP RSSI: 77
06-21 06:12:44.396 I/[ 415.314228] [schedu][0x1e2d7d74f][06( 0): 12:44.380822] wlan: [1861:I:WMA] [06:12:44.301000] [ROAM_SCAN]: VDEV[0] Scan_type: PARTIAL next_rssi_threshold: 81 dBm {5200 }
06-21 06:12:44.396 I/[ 415.329373] [schedu][0x1e2dc4730][06( 0): 12:44.395967] wlan: [1861:I:WMA] ============================================================================================================================
06-21 06:12:44.431 I/[ 415.347375] [schedu][0x1e2e18d93][06( 0): 12:44.413972] wlan: [1861:I:WMA] AP BSSID TSTAMP CH TY ETP RSSI/SCR CU%/SCR TOT_SCR BL_RSN BL_SRC BL_TSTAMP BL_TIMEOUT(ms)
06-21 06:12:44.431 I/[ 415.365170] [schedu][0x1e2e6c4af][06( 0): 12:44.431772] wlan: [1861:I:WMA] ============================================================================================================================
06-21 06:12:44.468 I/[ 415.383612] [schedu][0x1e2ec2b44][06( 0): 12:44.450207] wlan: [1861:I:WMA] 04:d9:f5:fb:09:94 [06:12:44.301000] 5200 P_AP 0 77/0 0/0 1791 0 0 [00:00:00.000000] 0
06-21 06:12:44.468 I/[ 415.400950] [schedu][0x1e2f1404d][06( 0): 12:44.467554] wlan: [1861:I:WMA] [06:12:44.360000] [ROAM_RESULT]: VDEV[0] FAILED Reason: NO AP FOUND
06-21 06:12:45.552 E/[ 416.480192] link_delay_work_func( 0): DTC_ETH: SQI=0, link=0
06-21 06:12:46.526 I/[ 417.452932] init( 0): starting service 'hht_ota_mgr_service'...
06-21 06:12:46.714 I/[ 417.630285] init( 0): Service 'hht_ota_mgr_service' (pid 8302) exited with status 0
06-21 06:12:46.728 I/[ 417.652720] init( 0): Sending signal 9 to service 'hht_ota_mgr_service' (pid 8302) process group...
06-21 06:12:46.728 I/[ 417.661900] libprocessgroup( 0): Successfully killed process cgroup uid 0 pid 8302 in 0ms
06-21 06:12:47.972 I/[ 418.872358] [schedu][0x1e6ea4295][06( 0): 12:47.938946] wlan: [1861:I:WMA] [06:12:44.410000] [ROAM_TRIGGER]: VDEV[0] Reason: "LOW RSSI" Sub-Reason: FULL SCAN Cur_Rssi threshold:81 Current AP RSSI: 77
06-21 06:12:47.972 I/[ 418.890917] [schedu][0x1e6efb1ed][06( 0): 12:47.957499] wlan: [1861:I:WMA] [06:12:44.410000] [ROAM_SCAN]: VDEV[0] Scan_type: FULL next_rssi_threshold: 82 dBm
06-21 06:12:47.990 I/[ 418.906503] [schedu][0x1e6f443b2][06( 0): 12:47.973094] wlan: [1861:I:WMA] ============================================================================================================================
06-21 06:12:48.011 I/[ 418.925102] [schedu][0x1e6f9b724][06( 0): 12:47.991699] wlan: [1861:I:WMA] AP BSSID TSTAMP CH TY ETP RSSI/SCR CU%/SCR TOT_SCR BL_RSN BL_SRC BL_TSTAMP BL_TIMEOUT(ms)
06-21 06:12:48.011 I/[ 418.942913] [schedu][0x1e6feef53][06( 0): 12:48.009515] wlan: [1861:I:WMA] ============================================================================================================================
06-21 06:12:48.044 I/[ 418.960685] [schedu][0x1e704245f][06( 0): 12:48.027288] wlan: [1861:I:WMA] 04:d9:f5:fb:09:94 [06:12:44.410000] 5200 P_AP 0 77/0 0/0 1791 0 0 [00:00:00.000000] 0
06-21 06:12:48.044 I/[ 418.978028] [schedu][0x1e7093934][06( 0): 12:48.044632] wlan: [1861:I:WMA] [06:12:47.935000] [ROAM_RESULT]: VDEV[0] FAILED Reason: NO AP FOUND
06-21 06:12:50.675 E/[ 421.600228] link_delay_work_func( 0): DTC_ETH: SQI=0, link=0
06-21 06:12:51.545 I/[ 422.471582] init( 0): starting service 'hht_ota_mgr_service'...
06-21 06:12:51.739 I/[ 422.655539] init( 0): Service 'hht_ota_mgr_service' (pid 8326) exited with status 0
06-21 06:12:51.755 I/[ 422.679318] init( 0): Sending signal 9 to service 'hht_ota_mgr_service' (pid 8326) process group...
06-21 06:12:51.763 I/[ 422.688525] libprocessgroup( 0): Successfully killed process cgroup uid 0 pid 8326 in 0ms
06-21 06:12:55.794 E/[ 426.720656] link_delay_work_func( 0): DTC_ETH: SQI=0, link=0
06-21 06:12:55.880 I/[ 426.801062] init( 0): processing action (sys.tlog.tlogdshc.active=1) from (/system/etc/init/tlogd.rc:195)
06-21 06:12:55.880 I/[ 426.812601] init( 0): starting service 'tlogdshc'...
06-21 06:12:56.252 I/[ 427.174015] init( 0): Service 'tlogdshc' (pid 8344) exited with status 0 oneshot service took 0.341000 seconds in background
06-21 06:12:56.252 I/[ 427.185765] init( 0): Sending signal 9 to service 'tlogdshc' (pid 8344) process group...
06-21 06:12:56.270 I/[ 427.195342] libprocessgroup( 0): Successfully killed process cgroup uid 0 pid 8344 in 1ms
06-21 06:12:56.564 I/[ 427.492206] init( 0): starting service 'hht_ota_mgr_service'...
06-21 06:12:56.778 I/[ 427.688458] init( 0): Service 'hht_ota_mgr_service' (pid 8359) exited with status 0
06-21 06:12:56.797 I/[ 427.712339] init( 0): Sending signal 9 to service 'hht_ota_mgr_service' (pid 8359) process group...
06-21 06:12:56.797 I/[ 427.722424] libprocessgroup( 0): Successfully killed process cgroup uid 0 pid 8359 in 0ms
06-21 06:12:57.431 E/[ 428.350934] [schedu][0x1f1c32fc1][06( 0): 12:57.417522] wlan: [1861:E:PE] lim_process_addba_req: 1716: Failed to process addba request
06-21 06:13:00.913 E/[ 431.840235] link_delay_work_func( 0): DTC_ETH: SQI=0, link=0
06-21 06:13:01.604 I/[ 432.531080] init( 0): starting service 'hht_ota_mgr_service'...
06-21 06:13:01.814 I/[ 432.732522] init( 0): Service 'hht_ota_mgr_service' (pid 8377) exited with status 0
06-21 06:13:01.815 I/[ 432.749145] init( 0): Sending signal 9 to service 'hht_ota_mgr_service' (pid 8377) process group...
06-21 06:13:01.841 I/[ 432.758416] libprocessgroup( 0): Successfully killed process cgroup uid 0 pid 8377 in 0ms
06-21 06:13:04.368 I/[ 435.268766] [schedu][0x1f9ade3dc][06( 0): 13:04.335338] wlan: [1861:I:WMA] [06:13:04.268000] [ROAM_TRIGGER]: VDEV[0] Reason: "LOW RSSI" Cur_Rssi threshold:81 Current AP RSSI: 76
06-21 06:13:04.368 I/[ 435.286420] [schedu][0x1f9b31083][06( 0): 13:04.353000] wlan: [1861:I:WMA] [06:13:04.268000] [ROAM_SCAN]: VDEV[0] Scan_type: PARTIAL next_rssi_threshold: 81 dBm {5200 }
06-21 06:13:04.368 I/[ 435.301644] [schedu][0x1f9b7847d][06( 0): 13:04.368198] wlan: [1861:I:WMA] ============================================================================================================================
06-21 06:13:04.404 I/[ 435.319486] [schedu][0x1f9bcc195][06( 0): 13:04.386079] wlan: [1861:I:WMA] AP BSSID TSTAMP CH TY ETP RSSI/SCR CU%/SCR TOT_SCR BL_RSN BL_SRC BL_TSTAMP BL_TIMEOUT(ms)
06-21 06:13:04.404 I/[ 435.337604] [schedu][0x1f9c210dd][06( 0): 13:04.404202] wlan: [1861:I:WMA] ============================================================================================================================
06-21 06:13:04.439 I/[ 435.355400] [schedu][0x1f9c747b7][06( 0): 13:04.422000] wlan: [1861:I:WMA] 04:d9:f5:fb:09:94 [06:13:04.268000] 5200 P_AP 0 76/0 0/0 1791 0 0 [00:00:00.000000] 0
06-21 06:13:04.439 I/[ 435.372761] [schedu][0x1f9cc5e13][06( 0): 13:04.439364] wlan: [1861:I:WMA] [06:13:04.327000] [ROAM_RESULT]: VDEV[0] FAILED Reason: NO AP FOUND
06-21 06:13:05.543 W/BroadcastQueue( 1164): Background execution not allowed: receiving Intent { act=wns.heartbeat flg=0x14 (has extras) } to com.tencent.qqmusicpad/com.tencent.base.os.clock.AlarmClockReceiver
06-21 06:13:05.581 W/ActivityManager( 1164): Background start not allowed: service Intent { cmp=com.tencent.android.qqdownloader/com.tencent.assistant.sdk.SDKSupportService (has extras) } to com.tencent.android.qqdownloader/com.tencent.assistant.sdk.SDKSupportService from pid=3329 uid=10115 pkg=com.tencent.android.qqdownloader startFg?=false
06-21 06:13:05.592 W/ActivityManager( 1164): Background start not allowed: service Intent { cmp=com.tencent.android.qqdownloader/com.tencent.assistant.sdk.SDKSupportService (has extras) } to com.tencent.android.qqdownloader/com.tencent.assistant.sdk.SDKSupportService from pid=3329 uid=10115 pkg=com.tencent.android.qqdownloader startFg?=false
06-21 06:13:05.636 W/ActivityManager( 1164): Background start not allowed: service Intent { cmp=com.tencent.android.qqdownloader/com.tencent.assistant.sdk.SDKSupportService (has extras) } to com.tencent.android.qqdownloader/com.tencent.assistant.sdk.SDKSupportService from pid=3329 uid=10115 pkg=com.tencent.android.qqdownloader startFg?=false
06-21 06:13:05.647 W/ActivityManager( 1164): Background start not allowed: service Intent { cmp=com.tencent.android.qqdownloader/com.tencent.assistant.sdk.SDKSupportService (has extras) } to com.tencent.android.qqdownloader/com.tencent.assistant.sdk.SDKSupportService from pid=3329 uid=10115 pkg=com.tencent.android.qqdownloader startFg?=false
06-21 06:13:06.033 E/[ 436.960858] link_delay_work_func( 0): DTC_ETH: SQI=0, link=0
06-21 06:13:06.574 I/[ 437.495075] [schedu][0x1fc3a2236][06( 0): 13:06.561661] wlan: [1861:I:OSIF] scan start scan id 40968
06-21 06:13:06.638 I/[ 437.565617] init( 0): starting service 'hht_ota_mgr_service'...
06-21 06:13:06.837 I/[ 437.753776] init( 0): Service 'hht_ota_mgr_service' (pid 8399) exited with status 0
06-21 06:13:06.862 I/[ 437.777232] init( 0): Sending signal 9 to service 'hht_ota_mgr_service' (pid 8399) process group...
06-21 06:13:06.862 I/[ 437.777470] libprocessgroup( 0): Successfully killed process cgroup uid 0 pid 8399 in 0ms
06-21 06:13:07.613 I/GameModeConfig( 1164): isGameModeOn = false
06-21 06:13:08.679 I/[ 439.593031] [schedu][0x1fea0c54b][06( 0): 13:08.659622] wlan: [1861:I:OSIF] vdev 0, scan id 40968 type COMPLETED(1) reason COMPLETED(1) scan found 14 bss
06-21 06:13:08.835 W/[ 439.757489] audit( 0): audit_lost=639 audit_rate_limit=5 audit_backlog_limit=64
06-21 06:13:08.835 E/[ 439.764668] audit( 0): rate limit exceeded
06-21 06:13:11.154 E/[ 442.081059] link_delay_work_func( 0): DTC_ETH: SQI=0, link=0
06-21 06:13:11.661 I/[ 442.589131] init( 0): starting service 'hht_ota_mgr_service'...
06-21 06:13:11.846 I/[ 442.776320] init( 0): Service 'hht_ota_mgr_service' (pid 8420) exited with status 0
06-21 06:13:11.850 I/[ 442.783979] init( 0): Sending signal 9 to service 'hht_ota_mgr_service' (pid 8420) process group...
06-21 06:13:11.890 I/[ 442.814388] libprocessgroup( 0): Successfully killed process cgroup uid 0 pid 8420 in 0ms
06-21 06:13:16.274 E/[ 447.200694] link_delay_work_func( 0): DTC_ETH: SQI=0, link=0
06-21 06:13:16.689 I/[ 447.613595] init( 0): starting service 'hht_ota_mgr_service'...
06-21 06:13:16.896 I/[ 447.811450] init( 0): Service 'hht_ota_mgr_service' (pid 8446) exited with status 0
06-21 06:13:16.909 I/[ 447.834301] init( 0): Sending signal 9 to service 'hht_ota_mgr_service' (pid 8446) process group...
06-21 06:13:16.920 I/[ 447.843536] libprocessgroup( 0): Successfully killed process cgroup uid 0 pid 8446 in 0ms
06-21 06:13:21.392 E/[ 452.320196] link_delay_work_func( 0): DTC_ETH: SQI=0, link=0
06-21 06:13:21.710 I/[ 452.637780] init( 0): starting service 'hht_ota_mgr_service'...
06-21 06:13:21.927 I/[ 452.839928] init( 0): Service 'hht_ota_mgr_service' (pid 8468) exited with status 0
06-21 06:13:21.942 I/[ 452.866889] init( 0): Sending signal 9 to service 'hht_ota_mgr_service' (pid 8468) process group...
06-21 06:13:21.955 I/[ 452.877029] libprocessgroup( 0): Successfully killed process cgroup uid 0 pid 8468 in 0ms
06-21 06:13:25.889 I/[ 456.806961] init( 0): processing action (sys.tlog.tlogdshc.active=1) from (/system/etc/init/tlogd.rc:195)
06-21 06:13:25.889 I/[ 456.818311] init( 0): starting service 'tlogdshc'...
06-21 06:13:26.201 I/[ 457.114071] init( 0): Service 'tlogdshc' (pid 8486) exited with status 0 oneshot service took 0.270000 seconds in background
06-21 06:13:26.202 I/[ 457.126566] init( 0): Sending signal 9 to service 'tlogdshc' (pid 8486) process group...
06-21 06:13:26.211 I/[ 457.135558] libprocessgroup( 0): Successfully killed process cgroup uid 0 pid 8486 in 0ms
06-21 06:13:26.514 E/[ 457.440242] link_delay_work_func( 0): DTC_ETH: SQI=0, link=0
06-21 06:13:26.749 I/[ 457.675528] init( 0): starting service 'hht_ota_mgr_service'...
06-21 06:13:26.962 I/[ 457.879239] init( 0): Service 'hht_ota_mgr_service' (pid 8497) exited with status 0
06-21 06:13:26.978 I/[ 457.902977] init( 0): Sending signal 9 to service 'hht_ota_mgr_service' (pid 8497) process group...
06-21 06:13:26.990 I/[ 457.912843] libprocessgroup( 0): Successfully killed process cgroup uid 0 pid 8497 in 0ms
06-21 06:13:31.634 E/[ 462.560286] link_delay_work_func( 0): DTC_ETH: SQI=0, link=0
06-21 06:13:31.794 I/[ 462.720556] init( 0): starting service 'hht_ota_mgr_service'...
06-21 06:13:32.002 I/[ 462.917325] init( 0): Service 'hht_ota_mgr_service' (pid 8521) exited with status 0
06-21 06:13:32.017 I/[ 462.941587] init( 0): Sending signal 9 to service 'hht_ota_mgr_service' (pid 8521) process group...
06-21 06:13:32.028 I/[ 462.952630] libprocessgroup( 0): Successfully killed process cgroup uid 0 pid 8521 in 1ms
06-21 06:13:35.382 I/[ 466.296562] [schedu][0x21d301104][06( 0): 13:35.363140] wlan: [1861:I:WMA] [06:13:35.291000] [ROAM_TRIGGER]: VDEV[0] Reason: "LOW RSSI" Sub-Reason: FULL SCAN Cur_Rssi threshold:81 Current AP RSSI: 76
06-21 06:13:35.382 I/[ 466.315157] [schedu][0x21d358486][06( 0): 13:35.381746] wlan: [1861:I:WMA] [06:13:35.291000] [ROAM_SCAN]: VDEV[0] Scan_type: PARTIAL next_rssi_threshold: 81 dBm {5200 }
06-21 06:13:35.417 I/[ 466.332608] [schedu][0x21d3aa1d1][06( 0): 13:35.399202] wlan: [1861:I:WMA] ============================================================================================================================
06-21 06:13:35.438 I/[ 466.351198] [schedu][0x21d401444][06( 0): 13:35.417794] wlan: [1861:I:WMA] AP BSSID TSTAMP CH TY ETP RSSI/SCR CU%/SCR TOT_SCR BL_RSN BL_SRC BL_TSTAMP BL_TIMEOUT(ms)
06-21 06:13:35.438 I/[ 466.369012] [schedu][0x21d454cd2][06( 0): 13:35.435614] wlan: [1861:I:WMA] ============================================================================================================================
06-21 06:13:35.471 I/[ 466.386792] [schedu][0x21d4a8258][06( 0): 13:35.453394] wlan: [1861:I:WMA] 04:d9:f5:fb:09:94 [06:13:35.291000] 5200 P_AP 0 76/0 0/0 1791 0 0 [00:00:00.000000] 0
06-21 06:13:35.471 I/[ 466.404117] [schedu][0x21d4f95d2][06( 0): 13:35.470721] wlan: [1861:I:WMA] [06:13:35.350000] [ROAM_RESULT]: VDEV[0] FAILED Reason: NO AP FOUND
06-21 06:13:36.756 E/[ 467.680295] link_delay_work_func( 0): DTC_ETH: SQI=0, link=0
06-21 06:13:36.832 I/[ 467.758616] init( 0): starting service 'hht_ota_mgr_service'...
06-21 06:13:37.038 I/[ 467.964515] init( 0): Service 'hht_ota_mgr_service' (pid 8544) exited with status 0
06-21 06:13:37.053 I/[ 467.977715] init( 0): Sending signal 9 to service 'hht_ota_mgr_service' (pid 8544) process group...
06-21 06:13:37.063 I/[ 467.988322] libprocessgroup( 0): Successfully killed process cgroup uid 0 pid 8544 in 0ms
06-21 06:13:39.295 I/[ 470.196405] [schedu][0x221a698e7][06( 0): 13:39.262979] wlan: [1861:I:WMA] [06:13:35.399000] [ROAM_TRIGGER]: VDEV[0] Reason: "LOW RSSI" Sub-Reason: FULL SCAN Cur_Rssi threshold:81 Current AP RSSI: 76
06-21 06:13:39.296 I/[ 470.214957] [schedu][0x221ac08bc][06( 0): 13:39.281537] wlan: [1861:I:WMA] [06:13:35.399000] [ROAM_SCAN]: VDEV[0] Scan_type: FULL next_rssi_threshold: 81 dBm
06-21 06:13:39.315 I/[ 470.230279] [schedu][0x221b086c4][06( 0): 13:39.296869] wlan: [1861:I:WMA] ============================================================================================================================
06-21 06:13:39.315 I/[ 470.248229] [schedu][0x221b5c966][06( 0): 13:39.314823] wlan: [1861:I:WMA] AP BSSID TSTAMP CH TY ETP RSSI/SCR CU%/SCR TOT_SCR BL_RSN BL_SRC BL_TSTAMP BL_TIMEOUT(ms)
06-21 06:13:39.351 I/[ 470.266293] [schedu][0x221bb1429][06( 0): 13:39.332888] wlan: [1861:I:WMA] ============================================================================================================================
06-21 06:13:39.374 I/[ 470.284963] [schedu][0x221c08ca1][06( 0): 13:39.351559] wlan: [1861:I:WMA] 04:d9:f5:fb:09:94 [06:13:35.399000] 5200 P_AP 0 76/0 0/0 1791 0 0 [00:00:00.000000] 0
06-21 06:13:39.374 I/[ 470.302355] [schedu][0x221c5a56b][06( 0): 13:39.368956] wlan: [1861:I:WMA] [06:13:39.249000] [ROAM_RESULT]: VDEV[0] FAILED Reason: NO AP FOUND
06-21 06:13:41.876 I/[ 472.798197] init( 0): starting service 'hht_ota_mgr_service'...
06-21 06:13:41.876 E/[ 472.800257] link_delay_work_func( 0): DTC_ETH: SQI=0, link=0
06-21 06:13:42.080 I/[ 472.991364] init( 0): Service 'hht_ota_mgr_service' (pid 8568) exited with status 0
06-21 06:13:42.089 I/[ 473.014001] init( 0): Sending signal 9 to service 'hht_ota_mgr_service' (pid 8568) process group...
06-21 06:13:42.099 I/[ 473.023790] libprocessgroup( 0): Successfully killed process cgroup uid 0 pid 8568 in 0ms
06-21 06:13:46.906 I/[ 477.833836] init( 0): starting service 'hht_ota_mgr_service'...
06-21 06:13:46.995 E/[ 477.920408] link_delay_work_func( 0): DTC_ETH: SQI=0, link=0
06-21 06:13:47.094 I/[ 478.010046] init( 0): Service 'hht_ota_mgr_service' (pid 8592) exited with status 0
06-21 06:13:47.109 I/[ 478.033491] init( 0): Sending signal 9 to service 'hht_ota_mgr_service' (pid 8592) process group...
06-21 06:13:47.122 I/[ 478.043342] libprocessgroup( 0): Successfully killed process cgroup uid 0 pid 8592 in 0ms
06-21 06:13:51.931 I/[ 482.858631] init( 0): starting service 'hht_ota_mgr_service'...
06-21 06:13:52.134 E/[ 483.040283] link_delay_work_func( 0): DTC_ETH: SQI=0, link=0
06-21 06:13:52.134 I/[ 483.047766] init( 0): Service 'hht_ota_mgr_service' (pid 8614) exited with status 0
06-21 06:13:52.153 I/[ 483.075347] init( 0): Sending signal 9 to service 'hht_ota_mgr_service' (pid 8614) process group...
06-21 06:13:52.153 I/[ 483.085036] libprocessgroup( 0): Successfully killed process cgroup uid 0 pid 8614 in 0ms
06-21 06:13:55.889 I/[ 486.812514] init( 0): processing action (sys.tlog.tlogdshc.active=1) from (/system/etc/init/tlogd.rc:195)
06-21 06:13:55.894 I/[ 486.823020] init( 0): starting service 'tlogdshc'...
06-21 06:13:56.171 I/[ 487.085182] init( 0): Service 'tlogdshc' (pid 8627) exited with status 0 oneshot service took 0.250000 seconds in background
06-21 06:13:56.171 I/[ 487.096447] init( 0): Sending signal 9 to service 'tlogdshc' (pid 8627) process group...
06-21 06:13:56.179 I/[ 487.104717] libprocessgroup( 0): Successfully killed process cgroup uid 0 pid 8627 in 0ms
06-21 06:13:56.956 I/[ 487.882834] init( 0): starting service 'hht_ota_mgr_service'...
06-21 06:13:57.183 I/[ 488.093801] init( 0): Service 'hht_ota_mgr_service' (pid 8649) exited with status 0
06-21 06:13:57.193 I/[ 488.117666] init( 0): Sending signal 9 to service 'hht_ota_mgr_service' (pid 8649) process group...
06-21 06:13:57.202 I/[ 488.127840] libprocessgroup( 0): Successfully killed process cgroup uid 0 pid 8649 in 0ms
06-21 06:13:57.234 E/[ 488.160238] link_delay_work_func( 0): DTC_ETH: SQI=0, link=0
06-21 06:13:58.438 E/[ 489.356589] [schedu][0x23793efca][06( 0): 13:58.423175] wlan: [1861:E:PE] lim_process_addba_req: 1716: Failed to process addba request
06-21 06:14:00.085 W/ActivityManager( 1164): Background start not allowed: service Intent { cmp=com.tencent.android.qqdownloader/com.tencent.assistant.sdk.SDKSupportService (has extras) } to com.tencent.android.qqdownloader/com.tencent.assistant.sdk.SDKSupportService from pid=3329 uid=10115 pkg=com.tencent.android.qqdownloader startFg?=false
06-21 06:14:00.092 W/ActivityManager( 1164): Background start not allowed: service Intent { cmp=com.tencent.android.qqdownloader/com.tencent.assistant.sdk.SDKSupportService (has extras) } to com.tencent.android.qqdownloader/com.tencent.assistant.sdk.SDKSupportService from pid=3329 uid=10115 pkg=com.tencent.android.qqdownloader startFg?=false
06-21 06:14:00.121 W/ActivityManager( 1164): Background start not allowed: service Intent { cmp=com.tencent.android.qqdownloader/com.tencent.assistant.sdk.SDKSupportService (has extras) } to com.tencent.android.qqdownloader/com.tencent.assistant.sdk.SDKSupportService from pid=3329 uid=10115 pkg=com.tencent.android.qqdownloader startFg?=false
06-21 06:14:00.126 W/ActivityManager( 1164): Background start not allowed: service Intent { cmp=com.tencent.android.qqdownloader/com.tencent.assistant.sdk.SDKSupportService (has extras) } to com.tencent.android.qqdownloader/com.tencent.assistant.sdk.SDKSupportService from pid=3329 uid=10115 pkg=com.tencent.android.qqdownloader startFg?=false
06-21 06:14:02.003 I/[ 492.925216] init( 0): starting service 'hht_ota_mgr_service'...
06-21 06:14:02.202 I/[ 493.118636] init( 0): Service 'hht_ota_mgr_service' (pid 8668) exited with status 0
06-21 06:14:02.207 I/[ 493.141039] init( 0): Sending signal 9 to service 'hht_ota_mgr_service' (pid 8668) process group...
06-21 06:14:02.225 I/[ 493.150259] libprocessgroup( 0): Successfully killed process cgroup uid 0 pid 8668 in 0ms
06-21 06:14:02.352 E/[ 493.280193] link_delay_work_func( 0): DTC_ETH: SQI=0, link=0
06-21 06:14:07.026 I/[ 497.953633] init( 0): starting service 'hht_ota_mgr_service'...
06-21 06:14:07.220 I/[ 498.136715] init( 0): Service 'hht_ota_mgr_service' (pid 8692) exited with status 0
06-21 06:14:07.235 I/[ 498.159170] init( 0): Sending signal 9 to service 'hht_ota_mgr_service' (pid 8692) process group...
06-21 06:14:07.235 I/[ 498.168392] libprocessgroup( 0): Successfully killed process cgroup uid 0 pid 8692 in 0ms
06-21 06:14:07.475 E/[ 498.400292] link_delay_work_func( 0): DTC_ETH: SQI=0, link=0
06-21 06:14:09.126 I/GameModeConfig( 1164): isGameModeOn = false
06-21 06:14:10.912 I/[ 501.829082] [schedu][0x245d9fcea][06( 0): 14:10.895670] wlan: [1861:I:WMA] [06:14:10.829000] [ROAM_TRIGGER]: VDEV[0] Reason: "LOW RSSI" Cur_Rssi threshold:81 Current AP RSSI: 76
06-21 06:14:10.912 I/[ 501.845481] [schedu][0x245decaf7][06( 0): 14:10.912071] wlan: [1861:I:WMA] [06:14:10.829000] [ROAM_SCAN]: VDEV[0] Scan_type: PARTIAL next_rssi_threshold: 81 dBm {5200 }
06-21 06:14:10.945 I/[ 501.860619] [schedu][0x245e33a9a][06( 0): 14:10.927213] wlan: [1861:I:WMA] ============================================================================================================================
06-21 06:14:10.945 I/[ 501.878743] [schedu][0x245e889e6][06( 0): 14:10.945337] wlan: [1861:I:WMA] AP BSSID TSTAMP CH TY ETP RSSI/SCR CU%/SCR TOT_SCR BL_RSN BL_SRC BL_TSTAMP BL_TIMEOUT(ms)
06-21 06:14:10.981 I/[ 501.897378] [schedu][0x245edfd9f][06( 0): 14:10.963946] wlan: [1861:I:WMA] ============================================================================================================================
06-21 06:14:10.981 I/[ 501.915176] [schedu][0x245f33717][06( 0): 14:10.981778] wlan: [1861:I:WMA] 04:d9:f5:fb:09:94 [06:14:10.829000] 5200 P_AP 0 76/0 0/0 1791 0 0 [00:00:00.000000] 0
06-21 06:14:10.999 I/[ 501.932519] [schedu][0x245f84c03][06( 0): 14:10.999123] wlan: [1861:I:WMA] [06:14:10.888000] [ROAM_RESULT]: VDEV[0] FAILED Reason: NO AP FOUND
06-21 06:14:12.045 I/[ 502.972503] init( 0): starting service 'hht_ota_mgr_service'...
06-21 06:14:12.259 I/[ 503.171502] init( 0): Service 'hht_ota_mgr_service' (pid 8715) exited with status 0
06-21 06:14:12.277 I/[ 503.193399] init( 0): Sending signal 9 to service 'hht_ota_mgr_service' (pid 8715) process group...
06-21 06:14:12.277 I/[ 503.203069] libprocessgroup( 0): Successfully killed process cgroup uid 0 pid 8715 in 0ms
06-21 06:14:12.593 E/[ 503.520302] link_delay_work_func( 0): DTC_ETH: SQI=0, link=0
06-21 06:14:17.079 I/[ 508.005883] init( 0): starting service 'hht_ota_mgr_service'...
06-21 06:14:17.290 I/[ 508.206467] init( 0): Service 'hht_ota_mgr_service' (pid 8741) exited with status 0
06-21 06:14:17.306 I/[ 508.229390] init( 0): Sending signal 9 to service 'hht_ota_mgr_service' (pid 8741) process group...
06-21 06:14:17.306 I/[ 508.239178] libprocessgroup( 0): Successfully killed process cgroup uid 0 pid 8741 in 0ms
06-21 06:14:17.713 E/[ 508.640485] link_delay_work_func( 0): DTC_ETH: SQI=0, link=0
06-21 06:14:22.118 I/[ 513.045159] init( 0): starting service 'hht_ota_mgr_service'...
06-21 06:14:22.354 I/[ 513.265114] init( 0): Service 'hht_ota_mgr_service' (pid 8759) exited with status 0
06-21 06:14:22.367 I/[ 513.288791] init( 0): Sending signal 9 to service 'hht_ota_mgr_service' (pid 8759) process group...
06-21 06:14:22.367 I/[ 513.299019] libprocessgroup( 0): Successfully killed process cgroup uid 0 pid 8759 in 0ms
06-21 06:14:22.834 E/[ 513.760387] link_delay_work_func( 0): DTC_ETH: SQI=0, link=0
06-21 06:14:25.899 I/[ 516.819985] init( 0): processing action (sys.tlog.tlogdshc.active=1) from (/system/etc/init/tlogd.rc:195)
06-21 06:14:25.899 I/[ 516.832423] init( 0): starting service 'tlogdshc'...
