06-21 06:06:45.138 E/BackupPasswordManager( 1164): Unable to read backup pw version
06-21 06:06:45.139 E/BackupPasswordManager( 1164): Unable to read saved backup pw hash
06-21 06:06:45.143 D/CompatibilityChangeReporter( 1164): Compat change id reported: 135634846; UID 1000; state: DISABLED
06-21 06:06:45.143 D/CompatibilityChangeReporter( 1164): Compat change id reported: 177438394; UID 1000; state: DISABLED
06-21 06:06:45.143 D/CompatibilityChangeReporter( 1164): Compat change id reported: 135772972; UID 1000; state: DISABLED
06-21 06:06:45.144 D/CompatibilityChangeReporter( 1164): Compat change id reported: 135754954; UID 1000; state: ENABLED
06-21 06:06:45.145 D/CompatibilityChangeReporter( 1164): Compat change id reported: 135634846; UID 10052; state: DISABLED
06-21 06:06:45.145 D/CompatibilityChangeReporter( 1164): Compat change id reported: 177438394; UID 10052; state: DISABLED
06-21 06:06:45.145 D/CompatibilityChangeReporter( 1164): Compat change id reported: 135772972; UID 10052; state: DISABLED
06-21 06:06:45.145 D/CompatibilityChangeReporter( 1164): Compat change id reported: 135754954; UID 10052; state: ENABLED
06-21 06:06:45.154 D/CompatibilityChangeReporter( 1164): Compat change id reported: 135634846; UID 10073; state: DISABLED
06-21 06:06:45.154 D/CompatibilityChangeReporter( 1164): Compat change id reported: 177438394; UID 10073; state: DISABLED
06-21 06:06:45.154 D/CompatibilityChangeReporter( 1164): Compat change id reported: 135772972; UID 10073; state: DISABLED
06-21 06:06:45.154 D/CompatibilityChangeReporter( 1164): Compat change id reported: 135754954; UID 10073; state: DISABLED
06-21 06:06:45.155 D/CompatibilityChangeReporter( 1164): Compat change id reported: 135634846; UID 10082; state: DISABLED
06-21 06:06:45.155 D/CompatibilityChangeReporter( 1164): Compat change id reported: 177438394; UID 10082; state: DISABLED
06-21 06:06:45.155 D/CompatibilityChangeReporter( 1164): Compat change id reported: 135772972; UID 10082; state: DISABLED
06-21 06:06:45.156 D/CompatibilityChangeReporter( 1164): Compat change id reported: 135754954; UID 10082; state: ENABLED
06-21 06:06:45.156 D/CompatibilityChangeReporter( 1164): Compat change id reported: 135634846; UID 10080; state: DISABLED
06-21 06:06:45.157 D/CompatibilityChangeReporter( 1164): Compat change id reported: 177438394; UID 10080; state: DISABLED
06-21 06:06:45.157 D/CompatibilityChangeReporter( 1164): Compat change id reported: 135772972; UID 10080; state: DISABLED
06-21 06:06:45.157 D/CompatibilityChangeReporter( 1164): Compat change id reported: 135754954; UID 10080; state: ENABLED
06-21 06:06:45.168 D/CompatibilityChangeReporter( 1164): Compat change id reported: 135634846; UID 10083; state: DISABLED
06-21 06:06:45.181 W/sdcard ( 2978): Device explicitly enabled sdcardfs
06-21 06:06:45.187 I/ ( 0): [ 56.115978] sdcardfs version 2.0
06-21 06:06:45.187 I/[ 56.115996] sdcardfs( 0): dev_name -> /data/media
06-21 06:06:45.187 I/[ 56.116003] sdcardfs( 0): options -> fsuid=1023,fsgid=1023,multiuser,derive_gid,default_normal,unshared_obb,mask=6,userid=0,gid=1015
06-21 06:06:45.187 I/[ 56.116009] sdcardfs( 0): mnt -> ffffffe484ae0060
06-21 06:06:45.187 I/[ 56.117087] sdcardfs( 0): mounted on top of /data/media type f2fs
06-21 06:06:45.187 D/vold ( 561): Waiting for sdcardfs to spin up...
06-21 06:06:45.187 W/[ 56.120919] QSEECOM( 0): __qseecom_unload_app: App (9) is unloaded
06-21 06:06:45.190 D/[ 56.122673] qbt( 0): qbt_release: entry minor_no=0 fd_available=0
06-21 06:06:45.190 D/[ 56.122683] qbt( 0): qbt_release: Releasing wakelock
06-21 06:06:45.190 D/[ 56.122696] qbt( 0): qbt_release: exit : fd_available=1
06-21 06:06:45.190 D/[ 56.122721] qbt( 0): qbt_release: entry minor_no=1 fd_available=1
06-21 06:06:45.190 D/[ 56.122728] qbt( 0): qbt_release: exit : fd_available=1
06-21 06:06:45.198 I/ ( 0): [ 56.124885] Remount options were mask=23,gid=9997 for vfsmnt ffffffe481cf91e0.
06-21 06:06:45.203 I/[ 56.132244] sdcardfs( 0): options - debug:1
06-21 06:06:45.203 I/[ 56.132254] sdcardfs( 0): options - gid:9997
06-21 06:06:45.203 I/[ 56.132260] sdcardfs( 0): options - mask:23
06-21 06:06:45.203 I/ ( 0): [ 56.135108] Remount options were mask=7,gid=9997 for vfsmnt ffffffe4823c83e0.
06-21 06:06:45.203 I/[ 56.135141] sdcardfs( 0): options - debug:1
06-21 06:06:45.203 I/[ 56.135147] sdcardfs( 0): options - gid:9997
06-21 06:06:45.203 I/[ 56.135153] sdcardfs( 0): options - mask:7
06-21 06:06:45.203 I/ ( 0): [ 56.136706] Remount options were mask=7,gid=9997 for vfsmnt ffffffe482fb6260.
06-21 06:06:45.215 I/[ 56.144265] sdcardfs( 0): options - debug:1
06-21 06:06:45.215 I/[ 56.144271] sdcardfs( 0): options - gid:9997
06-21 06:06:45.215 I/[ 56.144276] sdcardfs( 0): options - mask:7
06-21 06:06:45.204 I/ActivityManager( 1164): Posting BOOT_COMPLETED user #0
06-21 06:06:45.221 D/CompatibilityChangeReporter( 1164): Compat change id reported: 168419799; UID 10054; state: DISABLED
06-21 06:06:45.229 I/SystemServerTimingAsync( 1164): ssm.UnlockedUser-0
06-21 06:06:45.229 I/SystemServiceManager( 1164): Calling onUnlockedUser 0
06-21 06:06:45.229 I/SystemServerTimingAsync( 1164): ssm.onUnlockedUser-0_com.android.server.security.FileIntegrityService
06-21 06:06:45.229 D/SystemServerTimingAsync( 1164): ssm.onUnlockedUser-0_com.android.server.security.FileIntegrityService took to complete: 0ms
06-21 06:06:45.229 I/SystemServerTimingAsync( 1164): ssm.onUnlockedUser-0_com.android.server.pm.Installer
06-21 06:06:45.229 D/SystemServerTimingAsync( 1164): ssm.onUnlockedUser-0_com.android.server.pm.Installer took to complete: 0ms
06-21 06:06:45.230 I/SystemServerTimingAsync( 1164): ssm.onUnlockedUser-0_com.android.server.os.DeviceIdentifiersPolicyService
06-21 06:06:45.230 D/SystemServerTimingAsync( 1164): ssm.onUnlockedUser-0_com.android.server.os.DeviceIdentifiersPolicyService took to complete: 0ms
06-21 06:06:45.230 I/SystemServerTimingAsync( 1164): ssm.onUnlockedUser-0_com.android.server.uri.UriGrantsManagerService$Lifecycle
06-21 06:06:45.230 D/SystemServerTimingAsync( 1164): ssm.onUnlockedUser-0_com.android.server.uri.UriGrantsManagerService$Lifecycle took to complete: 0ms
06-21 06:06:45.230 I/SystemServerTimingAsync( 1164): ssm.onUnlockedUser-0_com.android.server.powerstats.PowerStatsService
06-21 06:06:45.230 D/SystemServerTimingAsync( 1164): ssm.onUnlockedUser-0_com.android.server.powerstats.PowerStatsService took to complete: 0ms
06-21 06:06:45.230 I/SystemServerTimingAsync( 1164): ssm.onUnlockedUser-0_com.android.server.wm.ActivityTaskManagerService$Lifecycle
06-21 06:06:45.231 I/LaunchParamsPersister( 1164): Didn't find launch param folder for user 0
06-21 06:06:45.232 D/SystemServerTimingAsync( 1164): ssm.onUnlockedUser-0_com.android.server.wm.ActivityTaskManagerService$Lifecycle took to complete: 2ms
06-21 06:06:45.232 I/SystemServerTimingAsync( 1164): ssm.onUnlockedUser-0_com.android.server.am.ActivityManagerService$Lifecycle
06-21 06:06:45.232 D/SystemServerTimingAsync( 1164): ssm.onUnlockedUser-0_com.android.server.am.ActivityManagerService$Lifecycle took to complete: 0ms
06-21 06:06:45.232 I/SystemServerTimingAsync( 1164): ssm.onUnlockedUser-0_com.android.server.pm.DataLoaderManagerService
06-21 06:06:45.232 D/SystemServerTimingAsync( 1164): ssm.onUnlockedUser-0_com.android.server.pm.DataLoaderManagerService took to complete: 0ms
06-21 06:06:45.232 I/SystemServerTimingAsync( 1164): ssm.onUnlockedUser-0_com.android.server.power.PowerManagerService
06-21 06:06:45.232 D/SystemServerTimingAsync( 1164): ssm.onUnlockedUser-0_com.android.server.power.PowerManagerService took to complete: 0ms
06-21 06:06:45.232 I/SystemServerTimingAsync( 1164): ssm.onUnlockedUser-0_com.android.server.power.ThermalManagerService
06-21 06:06:45.232 D/SystemServerTimingAsync( 1164): ssm.onUnlockedUser-0_com.android.server.power.ThermalManagerService took to complete: 0ms
06-21 06:06:45.232 I/SystemServerTimingAsync( 1164): ssm.onUnlockedUser-0_com.android.server.power.hint.HintManagerService
06-21 06:06:45.233 D/SystemServerTimingAsync( 1164): ssm.onUnlockedUser-0_com.android.server.power.hint.HintManagerService took to complete: 0ms
06-21 06:06:45.233 I/SystemServerTimingAsync( 1164): ssm.onUnlockedUser-0_com.android.server.recoverysystem.RecoverySystemService$Lifecycle
06-21 06:06:45.233 D/SystemServerTimingAsync( 1164): ssm.onUnlockedUser-0_com.android.server.recoverysystem.RecoverySystemService$Lifecycle took to complete: 0ms
06-21 06:06:45.255 I/ ( 0): [ 56.153701] read descriptors
06-21 06:06:45.255 I/ ( 0): [ 56.153896] read strings
06-21 06:06:45.237 I/SystemServerTimingAsync( 1164): ssm.onUnlockedUser-0_com.android.server.lights.LightsService
06-21 06:06:45.237 D/SystemServerTimingAsync( 1164): ssm.onUnlockedUser-0_com.android.server.lights.LightsService took to complete: 0ms
06-21 06:06:45.237 I/SystemServerTimingAsync( 1164): ssm.onUnlockedUser-0_com.android.server.display.DisplayManagerService
06-21 06:06:45.237 D/SystemServerTimingAsync( 1164): ssm.onUnlockedUser-0_com.android.server.display.DisplayManagerService took to complete: 0ms
06-21 06:06:45.255 I/[ 56.173767] binder( 0): 2257:2257 ioctl 40046210 7fd1007b64 returned -22
06-21 06:06:45.237 I/SystemServerTimingAsync( 1164): ssm.onUnlockedUser-0_com.android.server.pm.verify.domain.DomainVerificationService
06-21 06:06:45.237 D/SystemServerTimingAsync( 1164): ssm.onUnlockedUser-0_com.android.server.pm.verify.domain.DomainVerificationService took to complete: 0ms
06-21 06:06:45.237 I/SystemServerTimingAsync( 1164): ssm.onUnlockedUser-0_com.android.server.pm.PackageInstallerService$Lifecycle
06-21 06:06:45.237 D/SystemServerTimingAsync( 1164): ssm.onUnlockedUser-0_com.android.server.pm.PackageInstallerService$Lifecycle took to complete: 0ms
06-21 06:06:45.237 I/SystemServerTimingAsync( 1164): ssm.onUnlockedUser-0_com.android.server.pm.UserManagerService$LifeCycle
06-21 06:06:45.237 I/vold ( 561): Mounting emulated fuse volume
06-21 06:06:45.237 D/SystemServerTimingAsync( 1164): ssm.onUnlockedUser-0_com.android.server.pm.UserManagerService$LifeCycle took to complete: 0ms
06-21 06:06:45.238 I/SystemServerTimingAsync( 1164): ssm.onUnlockedUser-0_com.android.server.om.OverlayManagerService
06-21 06:06:45.238 D/SystemServerTimingAsync( 1164): ssm.onUnlockedUser-0_com.android.server.om.OverlayManagerService took to complete: 0ms
06-21 06:06:45.238 I/SystemServerTimingAsync( 1164): ssm.onUnlockedUser-0_com.android.server.SensorPrivacyService
06-21 06:06:45.238 D/SystemServerTimingAsync( 1164): ssm.onUnlockedUser-0_com.android.server.SensorPrivacyService took to complete: 0ms
06-21 06:06:45.238 I/SystemServerTimingAsync( 1164): ssm.onUnlockedUser-0_com.android.server.thunderperf.ThunderBoostPerfService
06-21 06:06:45.238 D/SystemServerTimingAsync( 1164): ssm.onUnlockedUser-0_com.android.server.thunderperf.ThunderBoostPerfService took to complete: 0ms
06-21 06:06:45.238 I/SystemServerTimingAsync( 1164): ssm.onUnlockedUser-0_com.android.server.sensors.SensorService
06-21 06:06:45.238 D/SystemServerTimingAsync( 1164): ssm.onUnlockedUser-0_com.android.server.sensors.SensorService took to complete: 0ms
06-21 06:06:45.239 I/SystemServerTimingAsync( 1164): ssm.onUnlockedUser-0_com.android.server.SystemConfigService
06-21 06:06:45.239 D/SystemServerTimingAsync( 1164): ssm.onUnlockedUser-0_com.android.server.SystemConfigService took to complete: 0ms
06-21 06:06:45.239 I/SystemServerTimingAsync( 1164): ssm.onUnlockedUser-0_com.android.server.BatteryService
06-21 06:06:45.239 D/SystemServerTimingAsync( 1164): ssm.onUnlockedUser-0_com.android.server.BatteryService took to complete: 0ms
06-21 06:06:45.239 I/SystemServerTimingAsync( 1164): ssm.onUnlockedUser-0_com.android.server.usage.UsageStatsService
06-21 06:06:45.239 D/SystemServerTimingAsync( 1164): ssm.onUnlockedUser-0_com.android.server.usage.UsageStatsService took to complete: 0ms
06-21 06:06:45.239 I/SystemServerTimingAsync( 1164): ssm.onUnlockedUser-0_com.android.server.webkit.WebViewUpdateService
06-21 06:06:45.239 D/SystemServerTimingAsync( 1164): ssm.onUnlockedUser-0_com.android.server.webkit.WebViewUpdateService took to complete: 0ms
06-21 06:06:45.239 I/SystemServerTimingAsync( 1164): ssm.onUnlockedUser-0_com.android.server.CachedDeviceStateService
06-21 06:06:45.240 D/SystemServerTimingAsync( 1164): ssm.onUnlockedUser-0_com.android.server.CachedDeviceStateService took to complete: 0ms
06-21 06:06:45.240 I/SystemServerTimingAsync( 1164): ssm.onUnlockedUser-0_com.android.server.BinderCallsStatsService$LifeCycle
06-21 06:06:45.240 D/SystemServerTimingAsync( 1164): ssm.onUnlockedUser-0_com.android.server.BinderCallsStatsService$LifeCycle took to complete: 0ms
06-21 06:06:45.240 I/SystemServerTimingAsync( 1164): ssm.onUnlockedUser-0_com.android.server.LooperStatsService$Lifecycle
06-21 06:06:45.240 D/SystemServerTimingAsync( 1164): ssm.onUnlockedUser-0_com.android.server.LooperStatsService$Lifecycle took to complete: 0ms
06-21 06:06:45.240 I/SystemServerTimingAsync( 1164): ssm.onUnlockedUser-0_com.android.server.rollback.RollbackManagerService
06-21 06:06:45.240 D/SystemServerTimingAsync( 1164): ssm.onUnlockedUser-0_com.android.server.rollback.RollbackManagerService took to complete: 0ms
06-21 06:06:45.240 I/SystemServerTimingAsync( 1164): ssm.onUnlockedUser-0_com.android.server.os.NativeTombstoneManagerService
06-21 06:06:45.240 D/SystemServerTimingAsync( 1164): ssm.onUnlockedUser-0_com.android.server.os.NativeTombstoneManagerService took to complete: 0ms
06-21 06:06:45.240 I/SystemServerTimingAsync( 1164): ssm.onUnlockedUser-0_com.android.server.os.BugreportManagerService
06-21 06:06:45.240 D/SystemServerTimingAsync( 1164): ssm.onUnlockedUser-0_com.android.server.os.BugreportManagerService took to complete: 0ms
06-21 06:06:45.240 I/SystemServerTimingAsync( 1164): ssm.onUnlockedUser-0_com.android.server.gpu.GpuService
06-21 06:06:45.241 D/SystemServerTimingAsync( 1164): ssm.onUnlockedUser-0_com.android.server.gpu.GpuService took to complete: 0ms
06-21 06:06:45.241 I/SystemServerTimingAsync( 1164): ssm.onUnlockedUser-0_com.android.server.security.KeyChainSystemService
06-21 06:06:45.241 D/SystemServerTimingAsync( 1164): ssm.onUnlockedUser-0_com.android.server.security.KeyChainSystemService took to complete: 0ms
06-21 06:06:45.241 I/SystemServerTimingAsync( 1164): ssm.onUnlockedUser-0_com.android.server.telecom.TelecomLoaderService
06-21 06:06:45.241 D/SystemServerTimingAsync( 1164): ssm.onUnlockedUser-0_com.android.server.telecom.TelecomLoaderService took to complete: 0ms
06-21 06:06:45.241 I/SystemServerTimingAsync( 1164): ssm.onUnlockedUser-0_com.android.server.accounts.AccountManagerService$Lifecycle
06-21 06:06:45.241 D/SystemServerTimingAsync( 1164): ssm.onUnlockedUser-0_com.android.server.accounts.AccountManagerService$Lifecycle took to complete: 0ms
06-21 06:06:45.241 I/SystemServerTimingAsync( 1164): ssm.onUnlockedUser-0_com.android.server.content.ContentService$Lifecycle
06-21 06:06:45.241 D/SystemServerTimingAsync( 1164): ssm.onUnlockedUser-0_com.android.server.content.ContentService$Lifecycle took to complete: 0ms
06-21 06:06:45.241 I/SystemServerTimingAsync( 1164): ssm.onUnlockedUser-0_com.android.server.DropBoxManagerService
06-21 06:06:45.242 D/SystemServerTimingAsync( 1164): ssm.onUnlockedUser-0_com.android.server.DropBoxManagerService took to complete: 0ms
06-21 06:06:45.242 I/SystemServerTimingAsync( 1164): ssm.onUnlockedUser-0_com.android.role.RoleService
06-21 06:06:45.242 D/SystemServerTimingAsync( 1164): ssm.onUnlockedUser-0_com.android.role.RoleService took to complete: 0ms
06-21 06:06:45.242 I/SystemServerTimingAsync( 1164): ssm.onUnlockedUser-0_com.android.server.vibrator.VibratorManagerService$Lifecycle
06-21 06:06:45.242 D/SystemServerTimingAsync( 1164): ssm.onUnlockedUser-0_com.android.server.vibrator.VibratorManagerService$Lifecycle took to complete: 0ms
06-21 06:06:45.242 I/SystemServerTimingAsync( 1164): ssm.onUnlockedUser-0_com.android.server.alarm.AlarmManagerService
06-21 06:06:45.242 D/SystemServerTimingAsync( 1164): ssm.onUnlockedUser-0_com.android.server.alarm.AlarmManagerService took to complete: 0ms
06-21 06:06:45.242 I/SystemServerTimingAsync( 1164): ssm.onUnlockedUser-0_com.android.server.devicestate.DeviceStateManagerService
06-21 06:06:45.243 D/SystemServerTimingAsync( 1164): ssm.onUnlockedUser-0_com.android.server.devicestate.DeviceStateManagerService took to complete: 0ms
06-21 06:06:45.243 I/SystemServerTimingAsync( 1164): ssm.onUnlockedUser-0_com.android.server.camera.CameraServiceProxy
06-21 06:06:45.243 D/SystemServerTimingAsync( 1164): ssm.onUnlockedUser-0_com.android.server.camera.CameraServiceProxy took to complete: 0ms
06-21 06:06:45.243 I/SystemServerTimingAsync( 1164): ssm.onUnlockedUser-0_com.android.server.BluetoothService
06-21 06:06:45.243 D/SystemServerTimingAsync( 1164): ssm.onUnlockedUser-0_com.android.server.BluetoothService took to complete: 0ms
06-21 06:06:45.243 I/SystemServerTimingAsync( 1164): ssm.onUnlockedUser-0_com.android.server.connectivity.IpConnectivityMetrics
06-21 06:06:45.243 D/SystemServerTimingAsync( 1164): ssm.onUnlockedUser-0_com.android.server.connectivity.IpConnectivityMetrics took to complete: 0ms
06-21 06:06:45.243 I/SystemServerTimingAsync( 1164): ssm.onUnlockedUser-0_com.android.server.net.watchlist.NetworkWatchlistService$Lifecycle
06-21 06:06:45.243 D/SystemServerTimingAsync( 1164): ssm.onUnlockedUser-0_com.android.server.net.watchlist.NetworkWatchlistService$Lifecycle took to complete: 0ms
06-21 06:06:45.243 I/SystemServerTimingAsync( 1164): ssm.onUnlockedUser-0_com.android.server.PinnerService
06-21 06:06:45.243 D/SystemServerTimingAsync( 1164): ssm.onUnlockedUser-0_com.android.server.PinnerService took to complete: 0ms
06-21 06:06:45.243 I/SystemServerTimingAsync( 1164): ssm.onUnlockedUser-0_com.google.android.startop.iorap.IorapForwardingService
06-21 06:06:45.243 D/SystemServerTimingAsync( 1164): ssm.onUnlockedUser-0_com.google.android.startop.iorap.IorapForwardingService took to complete: 0ms
06-21 06:06:45.244 I/SystemServerTimingAsync( 1164): ssm.onUnlockedUser-0_com.android.server.ActivityTriggerService
06-21 06:06:45.244 D/SystemServerTimingAsync( 1164): ssm.onUnlockedUser-0_com.android.server.ActivityTriggerService took to complete: 0ms
06-21 06:06:45.244 I/SystemServerTimingAsync( 1164): ssm.onUnlockedUser-0_com.android.server.integrity.AppIntegrityManagerService
06-21 06:06:45.244 D/SystemServerTimingAsync( 1164): ssm.onUnlockedUser-0_com.android.server.integrity.AppIntegrityManagerService took to complete: 0ms
06-21 06:06:45.244 I/SystemServerTimingAsync( 1164): ssm.onUnlockedUser-0_com.android.server.inputmethod.InputMethodManagerService$Lifecycle
06-21 06:06:45.244 D/SystemServerTimingAsync( 1164): ssm.onUnlockedUser-0_com.android.server.inputmethod.InputMethodManagerService$Lifecycle took to complete: 0ms
06-21 06:06:45.244 I/SystemServerTimingAsync( 1164): ssm.onUnlockedUser-0_com.android.server.accessibility.AccessibilityManagerService$Lifecycle
06-21 06:06:45.244 D/SystemServerTimingAsync( 1164): ssm.onUnlockedUser-0_com.android.server.accessibility.AccessibilityManagerService$Lifecycle took to complete: 1ms
06-21 06:06:45.244 I/SystemServerTimingAsync( 1164): ssm.onUnlockedUser-0_com.android.server.StorageManagerService$Lifecycle
06-21 06:06:45.244 D/SystemServerTimingAsync( 1164): ssm.onUnlockedUser-0_com.android.server.StorageManagerService$Lifecycle took to complete: 0ms
06-21 06:06:45.244 I/SystemServerTimingAsync( 1164): ssm.onUnlockedUser-0_com.android.server.usage.StorageStatsService$Lifecycle
06-21 06:06:45.244 D/SystemServerTimingAsync( 1164): ssm.onUnlockedUser-0_com.android.server.usage.StorageStatsService$Lifecycle took to complete: 0ms
06-21 06:06:45.245 I/SystemServerTimingAsync( 1164): ssm.onUnlockedUser-0_com.android.server.UiModeManagerService
06-21 06:06:45.245 D/SystemServerTimingAsync( 1164): ssm.onUnlockedUser-0_com.android.server.UiModeManagerService took to complete: 0ms
06-21 06:06:45.245 I/SystemServerTimingAsync( 1164): ssm.onUnlockedUser-0_com.android.server.locksettings.LockSettingsService$Lifecycle
06-21 06:06:45.245 D/SystemServerTimingAsync( 1164): ssm.onUnlockedUser-0_com.android.server.locksettings.LockSettingsService$Lifecycle took to complete: 0ms
06-21 06:06:45.245 I/SystemServerTimingAsync( 1164): ssm.onUnlockedUser-0_com.android.server.PersistentDataBlockService
06-21 06:06:45.245 D/SystemServerTimingAsync( 1164): ssm.onUnlockedUser-0_com.android.server.PersistentDataBlockService took to complete: 0ms
06-21 06:06:45.245 I/SystemServerTimingAsync( 1164): ssm.onUnlockedUser-0_com.android.server.testharness.TestHarnessModeService
06-21 06:06:45.245 D/SystemServerTimingAsync( 1164): ssm.onUnlockedUser-0_com.android.server.testharness.TestHarnessModeService took to complete: 0ms
06-21 06:06:45.245 I/SystemServerTimingAsync( 1164): ssm.onUnlockedUser-0_com.android.server.oemlock.OemLockService
06-21 06:06:45.246 D/SystemServerTimingAsync( 1164): ssm.onUnlockedUser-0_com.android.server.oemlock.OemLockService took to complete: 0ms
06-21 06:06:45.246 I/SystemServerTimingAsync( 1164): ssm.onUnlockedUser-0_com.android.server.DeviceIdleController
06-21 06:06:45.246 D/SystemServerTimingAsync( 1164): ssm.onUnlockedUser-0_com.android.server.DeviceIdleController took to complete: 0ms
06-21 06:06:45.246 I/SystemServerTimingAsync( 1164): ssm.onUnlockedUser-0_com.android.server.devicepolicy.DevicePolicyManagerService$Lifecycle
06-21 06:06:45.246 D/SystemServerTimingAsync( 1164): ssm.onUnlockedUser-0_com.android.server.devicepolicy.DevicePolicyManagerService$Lifecycle took to complete: 0ms
06-21 06:06:45.246 I/SystemServerTimingAsync( 1164): ssm.onUnlockedUser-0_com.android.server.texttospeech.TextToSpeechManagerService
06-21 06:06:45.263 D/SystemServerTimingAsync( 1164): ssm.onUnlockedUser-0_com.android.server.texttospeech.TextToSpeechManagerService took to complete: 0ms
06-21 06:06:45.263 I/SystemServerTimingAsync( 1164): ssm.onUnlockedUser-0_com.android.server.speech.SpeechRecognitionManagerService
06-21 06:06:45.263 D/SystemServerTimingAsync( 1164): ssm.onUnlockedUser-0_com.android.server.speech.SpeechRecognitionManagerService took to complete: 0ms
06-21 06:06:45.263 I/SystemServerTimingAsync( 1164): ssm.onUnlockedUser-0_com.android.server.searchui.SearchUiManagerService
06-21 06:06:45.263 D/SystemServerTimingAsync( 1164): ssm.onUnlockedUser-0_com.android.server.searchui.SearchUiManagerService took to complete: 0ms
06-21 06:06:45.263 W/StorageManagerService( 1164): Reporting emulated;0 unmounted due to system locked
06-21 06:06:45.263 I/SystemServerTimingAsync( 1164): ssm.onUnlockedUser-0_com.android.server.smartspace.SmartspaceManagerService
06-21 06:06:45.264 D/SystemServerTimingAsync( 1164): ssm.onUnlockedUser-0_com.android.server.smartspace.SmartspaceManagerService took to complete: 0ms
06-21 06:06:45.264 I/SystemServerTimingAsync( 1164): ssm.onUnlockedUser-0_com.android.server.graphics.fonts.FontManagerService$Lifecycle
06-21 06:06:45.264 D/SystemServerTimingAsync( 1164): ssm.onUnlockedUser-0_com.android.server.graphics.fonts.FontManagerService$Lifecycle took to complete: 0ms
06-21 06:06:45.264 I/SystemServerTimingAsync( 1164): ssm.onUnlockedUser-0_com.android.server.textservices.TextServicesManagerService$Lifecycle
06-21 06:06:45.264 D/SystemServerTimingAsync( 1164): ssm.onUnlockedUser-0_com.android.server.textservices.TextServicesManagerService$Lifecycle took to complete: 0ms
06-21 06:06:45.264 I/SystemServerTimingAsync( 1164): ssm.onUnlockedUser-0_com.android.server.textclassifier.TextClassificationManagerService$Lifecycle
06-21 06:06:45.264 D/SystemServerTimingAsync( 1164): ssm.onUnlockedUser-0_com.android.server.textclassifier.TextClassificationManagerService$Lifecycle took to complete: 0ms
06-21 06:06:45.264 I/SystemServerTimingAsync( 1164): ssm.onUnlockedUser-0_com.android.server.NetworkScoreService$Lifecycle
06-21 06:06:45.264 D/SystemServerTimingAsync( 1164): ssm.onUnlockedUser-0_com.android.server.NetworkScoreService$Lifecycle took to complete: 0ms
06-21 06:06:45.264 I/SystemServerTimingAsync( 1164): ssm.onUnlockedUser-0_com.android.server.wifi.WifiService
06-21 06:06:45.264 D/SystemServerTimingAsync( 1164): ssm.onUnlockedUser-0_com.android.server.wifi.WifiService took to complete: 0ms
06-21 06:06:45.264 I/SystemServerTimingAsync( 1164): ssm.onUnlockedUser-0_com.android.server.wifi.scanner.WifiScanningService
06-21 06:06:45.264 D/SystemServerTimingAsync( 1164): ssm.onUnlockedUser-0_com.android.server.wifi.scanner.WifiScanningService took to complete: 0ms
06-21 06:06:45.265 I/SystemServerTimingAsync( 1164): ssm.onUnlockedUser-0_com.android.server.wifi.rtt.RttService
06-21 06:06:45.265 D/SystemServerTimingAsync( 1164): ssm.onUnlockedUser-0_com.android.server.wifi.rtt.RttService took to complete: 0ms
06-21 06:06:45.265 I/SystemServerTimingAsync( 1164): ssm.onUnlockedUser-0_com.android.server.wifi.aware.WifiAwareService
06-21 06:06:45.265 D/SystemServerTimingAsync( 1164): ssm.onUnlockedUser-0_com.android.server.wifi.aware.WifiAwareService took to complete: 0ms
06-21 06:06:45.265 I/SystemServerTimingAsync( 1164): ssm.onUnlockedUser-0_com.android.server.wifi.p2p.WifiP2pService
06-21 06:06:45.265 D/SystemServerTimingAsync( 1164): ssm.onUnlockedUser-0_com.android.server.wifi.p2p.WifiP2pService took to complete: 0ms
06-21 06:06:45.265 I/SystemServerTimingAsync( 1164): ssm.onUnlockedUser-0_com.android.server.ethernet.EthernetService
06-21 06:06:45.265 D/SystemServerTimingAsync( 1164): ssm.onUnlockedUser-0_com.android.server.ethernet.EthernetService took to complete: 0ms
06-21 06:06:45.265 I/SystemServerTimingAsync( 1164): ssm.onUnlockedUser-0_com.android.server.ConnectivityServiceInitializer
06-21 06:06:45.265 D/SystemServerTimingAsync( 1164): ssm.onUnlockedUser-0_com.android.server.ConnectivityServiceInitializer took to complete: 0ms
06-21 06:06:45.265 I/SystemServerTimingAsync( 1164): ssm.onUnlockedUser-0_com.android.server.notification.NotificationManagerService
06-21 06:06:45.265 D/SystemServerTimingAsync( 1164): ssm.onUnlockedUser-0_com.android.server.notification.NotificationManagerService took to complete: 0ms
06-21 06:06:45.265 I/SystemServerTimingAsync( 1164): ssm.onUnlockedUser-0_com.android.server.storage.DeviceStorageMonitorService
06-21 06:06:45.265 D/SystemServerTimingAsync( 1164): ssm.onUnlockedUser-0_com.android.server.storage.DeviceStorageMonitorService took to complete: 0ms
06-21 06:06:45.266 I/SystemServerTimingAsync( 1164): ssm.onUnlockedUser-0_com.android.server.location.LocationManagerService$Lifecycle
06-21 06:06:45.266 D/SystemServerTimingAsync( 1164): ssm.onUnlockedUser-0_com.android.server.location.LocationManagerService$Lifecycle took to complete: 0ms
06-21 06:06:45.266 I/SystemServerTimingAsync( 1164): ssm.onUnlockedUser-0_com.android.server.timedetector.TimeDetectorService$Lifecycle
06-21 06:06:45.266 D/SystemServerTimingAsync( 1164): ssm.onUnlockedUser-0_com.android.server.timedetector.TimeDetectorService$Lifecycle took to complete: 0ms
06-21 06:06:45.266 I/SystemServerTimingAsync( 1164): ssm.onUnlockedUser-0_com.android.server.timezonedetector.TimeZoneDetectorService$Lifecycle
06-21 06:06:45.266 D/SystemServerTimingAsync( 1164): ssm.onUnlockedUser-0_com.android.server.timezonedetector.TimeZoneDetectorService$Lifecycle took to complete: 0ms
06-21 06:06:45.266 I/SystemServerTimingAsync( 1164): ssm.onUnlockedUser-0_com.android.server.timezonedetector.location.LocationTimeZoneManagerService$Lifecycle
06-21 06:06:45.266 D/SystemServerTimingAsync( 1164): ssm.onUnlockedUser-0_com.android.server.timezonedetector.location.LocationTimeZoneManagerService$Lifecycle took to complete: 0ms
06-21 06:06:45.266 I/SystemServerTimingAsync( 1164): ssm.onUnlockedUser-0_com.android.server.search.SearchManagerService$Lifecycle
06-21 06:06:45.266 D/SystemServerTimingAsync( 1164): ssm.onUnlockedUser-0_com.android.server.search.SearchManagerService$Lifecycle took to complete: 0ms
06-21 06:06:45.266 I/SystemServerTimingAsync( 1164): ssm.onUnlockedUser-0_com.android.server.wallpaper.WallpaperManagerService$Lifecycle
06-21 06:06:45.266 D/SystemServerTimingAsync( 1164): ssm.onUnlockedUser-0_com.android.server.wallpaper.WallpaperManagerService$Lifecycle took to complete: 0ms
06-21 06:06:45.266 I/SystemServerTimingAsync( 1164): ssm.onUnlockedUser-0_com.android.server.audio.AudioService$Lifecycle
06-21 06:06:45.267 D/SystemServerTimingAsync( 1164): ssm.onUnlockedUser-0_com.android.server.audio.AudioService$Lifecycle took to complete: 0ms
06-21 06:06:45.267 I/SystemServerTimingAsync( 1164): ssm.onUnlockedUser-0_com.android.server.soundtrigger_middleware.SoundTriggerMiddlewareService$Lifecycle
06-21 06:06:45.267 D/SystemServerTimingAsync( 1164): ssm.onUnlockedUser-0_com.android.server.soundtrigger_middleware.SoundTriggerMiddlewareService$Lifecycle took to complete: 0ms
06-21 06:06:45.267 I/SystemServerTimingAsync( 1164): ssm.onUnlockedUser-0_com.android.server.DockObserver
06-21 06:06:45.267 D/SystemServerTimingAsync( 1164): ssm.onUnlockedUser-0_com.android.server.DockObserver took to complete: 0ms
06-21 06:06:45.267 I/SystemServerTimingAsync( 1164): ssm.onUnlockedUser-0_com.android.server.midi.MidiService$Lifecycle
06-21 06:06:45.267 D/SystemServerTimingAsync( 1164): ssm.onUnlockedUser-0_com.android.server.midi.MidiService$Lifecycle took to complete: 0ms
06-21 06:06:45.267 I/SystemServerTimingAsync( 1164): ssm.onUnlockedUser-0_com.android.server.adb.AdbService$Lifecycle
06-21 06:06:45.267 D/SystemServerTimingAsync( 1164): ssm.onUnlockedUser-0_com.android.server.adb.AdbService$Lifecycle took to complete: 0ms
06-21 06:06:45.267 I/SystemServerTimingAsync( 1164): ssm.onUnlockedUser-0_com.android.server.usb.UsbService$Lifecycle
06-21 06:06:45.267 D/SystemServerTimingAsync( 1164): ssm.onUnlockedUser-0_com.android.server.usb.UsbService$Lifecycle took to complete: 0ms
06-21 06:06:45.267 I/SystemServerTimingAsync( 1164): ssm.onUnlockedUser-0_com.android.server.twilight.TwilightService
06-21 06:06:45.267 D/SystemServerTimingAsync( 1164): ssm.onUnlockedUser-0_com.android.server.twilight.TwilightService took to complete: 0ms
06-21 06:06:45.267 I/SystemServerTimingAsync( 1164): ssm.onUnlockedUser-0_com.android.server.display.color.ColorDisplayService
06-21 06:06:45.267 D/SystemServerTimingAsync( 1164): ssm.onUnlockedUser-0_com.android.server.display.color.ColorDisplayService took to complete: 0ms
06-21 06:06:45.267 I/SystemServerTimingAsync( 1164): ssm.onUnlockedUser-0_com.android.server.job.JobSchedulerService
06-21 06:06:45.268 D/SystemServerTimingAsync( 1164): ssm.onUnlockedUser-0_com.android.server.job.JobSchedulerService took to complete: 0ms
06-21 06:06:45.268 I/SystemServerTimingAsync( 1164): ssm.onUnlockedUser-0_com.android.server.soundtrigger.SoundTriggerService
06-21 06:06:45.268 D/SystemServerTimingAsync( 1164): ssm.onUnlockedUser-0_com.android.server.soundtrigger.SoundTriggerService took to complete: 0ms
06-21 06:06:45.268 I/SystemServerTimingAsync( 1164): ssm.onUnlockedUser-0_com.android.server.trust.TrustManagerService
06-21 06:06:45.268 D/SystemServerTimingAsync( 1164): ssm.onUnlockedUser-0_com.android.server.trust.TrustManagerService took to complete: 0ms
06-21 06:06:45.268 I/SystemServerTimingAsync( 1164): ssm.onUnlockedUser-0_com.android.server.backup.BackupManagerService$Lifecycle
06-21 06:06:45.268 D/SystemServerTimingAsync( 1164): ssm.onUnlockedUser-0_com.android.server.backup.BackupManagerService$Lifecycle took to complete: 0ms
06-21 06:06:45.268 I/SystemServerTimingAsync( 1164): ssm.onUnlockedUser-0_com.android.server.appwidget.AppWidgetService
06-21 06:06:45.268 D/SystemServerTimingAsync( 1164): ssm.onUnlockedUser-0_com.android.server.appwidget.AppWidgetService took to complete: 0ms
06-21 06:06:45.268 I/SystemServerTimingAsync( 1164): ssm.onUnlockedUser-0_com.android.server.voiceinteraction.VoiceInteractionManagerService
06-21 06:06:45.268 D/SystemServerTimingAsync( 1164): ssm.onUnlockedUser-0_com.android.server.voiceinteraction.VoiceInteractionManagerService took to complete: 0ms
06-21 06:06:45.269 I/SystemServerTimingAsync( 1164): ssm.onUnlockedUser-0_com.android.server.apphibernation.AppHibernationService
06-21 06:06:45.269 D/SystemServerTimingAsync( 1164): ssm.onUnlockedUser-0_com.android.server.apphibernation.AppHibernationService took to complete: 0ms
06-21 06:06:45.269 I/SystemServerTimingAsync( 1164): ssm.onUnlockedUser-0_com.android.server.SensorNotificationService
06-21 06:06:45.269 D/SystemServerTimingAsync( 1164): ssm.onUnlockedUser-0_com.android.server.SensorNotificationService took to complete: 0ms
06-21 06:06:45.269 I/SystemServerTimingAsync( 1164): ssm.onUnlockedUser-0_com.android.server.emergency.EmergencyAffordanceService
06-21 06:06:45.269 D/SystemServerTimingAsync( 1164): ssm.onUnlockedUser-0_com.android.server.emergency.EmergencyAffordanceService took to complete: 0ms
06-21 06:06:45.269 I/SystemServerTimingAsync( 1164): ssm.onUnlockedUser-0_com.android.server.blob.BlobStoreManagerService
06-21 06:06:45.269 D/SystemServerTimingAsync( 1164): ssm.onUnlockedUser-0_com.android.server.blob.BlobStoreManagerService took to complete: 0ms
06-21 06:06:45.269 I/SystemServerTimingAsync( 1164): ssm.onUnlockedUser-0_com.android.server.dreams.DreamManagerService
06-21 06:06:45.269 D/SystemServerTimingAsync( 1164): ssm.onUnlockedUser-0_com.android.server.dreams.DreamManagerService took to complete: 0ms
06-21 06:06:45.269 I/SystemServerTimingAsync( 1164): ssm.onUnlockedUser-0_com.android.server.companion.CompanionDeviceManagerService
06-21 06:06:45.269 D/SystemServerTimingAsync( 1164): ssm.onUnlockedUser-0_com.android.server.companion.CompanionDeviceManagerService took to complete: 0ms
06-21 06:06:45.270 I/SystemServerTimingAsync( 1164): ssm.onUnlockedUser-0_com.android.server.restrictions.RestrictionsManagerService
06-21 06:06:45.270 D/SystemServerTimingAsync( 1164): ssm.onUnlockedUser-0_com.android.server.restrictions.RestrictionsManagerService took to complete: 0ms
06-21 06:06:45.270 I/SystemServerTimingAsync( 1164): ssm.onUnlockedUser-0_com.android.server.media.MediaSessionService
06-21 06:06:45.270 D/SystemServerTimingAsync( 1164): ssm.onUnlockedUser-0_com.android.server.media.MediaSessionService took to complete: 0ms
06-21 06:06:45.270 I/SystemServerTimingAsync( 1164): ssm.onUnlockedUser-0_com.android.server.media.MediaResourceMonitorService
06-21 06:06:45.270 D/SystemServerTimingAsync( 1164): ssm.onUnlockedUser-0_com.android.server.media.MediaResourceMonitorService took to complete: 0ms
06-21 06:06:45.270 I/SystemServerTimingAsync( 1164): ssm.onUnlockedUser-0_com.android.server.biometrics.sensors.fingerprint.FingerprintService
06-21 06:06:45.270 D/SystemServerTimingAsync( 1164): ssm.onUnlockedUser-0_com.android.server.biometrics.sensors.fingerprint.FingerprintService took to complete: 0ms
06-21 06:06:45.270 I/SystemServerTimingAsync( 1164): ssm.onUnlockedUser-0_com.android.server.biometrics.BiometricService
06-21 06:06:45.270 D/SystemServerTimingAsync( 1164): ssm.onUnlockedUser-0_com.android.server.biometrics.BiometricService took to complete: 0ms
06-21 06:06:45.270 I/SystemServerTimingAsync( 1164): ssm.onUnlockedUser-0_com.android.server.biometrics.AuthService
06-21 06:06:45.270 D/SystemServerTimingAsync( 1164): ssm.onUnlockedUser-0_com.android.server.biometrics.AuthService took to complete: 0ms
06-21 06:06:45.271 I/SystemServerTimingAsync( 1164): ssm.onUnlockedUser-0_com.android.server.pm.ShortcutService$Lifecycle
06-21 06:06:45.271 D/SystemServerTimingAsync( 1164): ssm.onUnlockedUser-0_com.android.server.pm.ShortcutService$Lifecycle took to complete: 0ms
06-21 06:06:45.271 I/SystemServerTimingAsync( 1164): ssm.onUnlockedUser-0_com.android.server.pm.LauncherAppsService
06-21 06:06:45.271 D/SystemServerTimingAsync( 1164): ssm.onUnlockedUser-0_com.android.server.pm.LauncherAppsService took to complete: 0ms
06-21 06:06:45.271 I/SystemServerTimingAsync( 1164): ssm.onUnlockedUser-0_com.android.server.pm.CrossProfileAppsService
06-21 06:06:45.271 D/SystemServerTimingAsync( 1164): ssm.onUnlockedUser-0_com.android.server.pm.CrossProfileAppsService took to complete: 0ms
06-21 06:06:45.271 I/SystemServerTimingAsync( 1164): ssm.onUnlockedUser-0_com.android.server.people.PeopleService
06-21 06:06:45.272 I/AppWidgetServiceImpl( 1164): Processing of handleUserUnlocked u0 took 66 ms
06-21 06:06:45.273 D/SystemServerTimingAsync( 1164): ssm.onUnlockedUser-0_com.android.server.people.PeopleService took to complete: 0ms
06-21 06:06:45.273 I/SystemServerTimingAsync( 1164): ssm.onUnlockedUser-0_com.android.server.media.metrics.MediaMetricsManagerService
06-21 06:06:45.274 D/SystemServerTimingAsync( 1164): ssm.onUnlockedUser-0_com.android.server.media.metrics.MediaMetricsManagerService took to complete: 0ms
06-21 06:06:45.274 I/SystemServerTimingAsync( 1164): ssm.onUnlockedUser-0_com.android.server.media.projection.MediaProjectionManagerService
06-21 06:06:45.274 D/SystemServerTimingAsync( 1164): ssm.onUnlockedUser-0_com.android.server.media.projection.MediaProjectionManagerService took to complete: 0ms
06-21 06:06:45.275 I/SystemServerTimingAsync( 1164): ssm.onUnlockedUser-0_com.android.server.slice.SliceManagerService$Lifecycle
06-21 06:06:45.275 D/SystemServerTimingAsync( 1164): ssm.onUnlockedUser-0_com.android.server.slice.SliceManagerService$Lifecycle took to complete: 0ms
06-21 06:06:45.275 I/SystemServerTimingAsync( 1164): ssm.onUnlockedUser-0_com.android.server.stats.StatsCompanion$Lifecycle
06-21 06:06:45.275 D/SystemServerTimingAsync( 1164): ssm.onUnlockedUser-0_com.android.server.stats.StatsCompanion$Lifecycle took to complete: 0ms
06-21 06:06:45.278 I/SystemServerTimingAsync( 1164): ssm.onUnlockedUser-0_com.android.server.scheduling.RebootReadinessManagerService$Lifecycle
06-21 06:06:45.279 D/SystemServerTimingAsync( 1164): ssm.onUnlockedUser-0_com.android.server.scheduling.RebootReadinessManagerService$Lifecycle took to complete: 0ms
06-21 06:06:45.279 I/SystemServerTimingAsync( 1164): ssm.onUnlockedUser-0_com.android.server.stats.pull.StatsPullAtomService
06-21 06:06:45.279 D/SystemServerTimingAsync( 1164): ssm.onUnlockedUser-0_com.android.server.stats.pull.StatsPullAtomService took to complete: 0ms
06-21 06:06:45.279 I/SystemServerTimingAsync( 1164): ssm.onUnlockedUser-0_com.android.server.incident.IncidentCompanionService
06-21 06:06:45.279 D/SystemServerTimingAsync( 1164): ssm.onUnlockedUser-0_com.android.server.incident.IncidentCompanionService took to complete: 0ms
06-21 06:06:45.279 I/SystemServerTimingAsync( 1164): ssm.onUnlockedUser-0_com.android.server.MmsServiceBroker
06-21 06:06:45.279 D/SystemServerTimingAsync( 1164): ssm.onUnlockedUser-0_com.android.server.MmsServiceBroker took to complete: 0ms
06-21 06:06:45.279 I/SystemServerTimingAsync( 1164): ssm.onUnlockedUser-0_com.android.server.autofill.AutofillManagerService
06-21 06:06:45.279 D/SystemServerTimingAsync( 1164): ssm.onUnlockedUser-0_com.android.server.autofill.AutofillManagerService took to complete: 0ms
06-21 06:06:45.279 I/SystemServerTimingAsync( 1164): ssm.onUnlockedUser-0_com.android.server.clipboard.ClipboardService
06-21 06:06:45.279 D/SystemServerTimingAsync( 1164): ssm.onUnlockedUser-0_com.android.server.clipboard.ClipboardService took to complete: 0ms
06-21 06:06:45.279 I/SystemServerTimingAsync( 1164): ssm.onUnlockedUser-0_com.android.server.appbinding.AppBindingService$Lifecycle
06-21 06:06:45.280 D/SystemServerTimingAsync( 1164): ssm.onUnlockedUser-0_com.android.server.appbinding.AppBindingService$Lifecycle took to complete: 0ms
06-21 06:06:45.280 I/SystemServerTimingAsync( 1164): ssm.onUnlockedUser-0_com.android.server.tracing.TracingServiceProxy
06-21 06:06:45.280 D/SystemServerTimingAsync( 1164): ssm.onUnlockedUser-0_com.android.server.tracing.TracingServiceProxy took to complete: 0ms
06-21 06:06:45.281 I/SystemServerTimingAsync( 1164): ssm.onUnlockedUser-0_com.android.server.policy.PermissionPolicyService
06-21 06:06:45.281 D/SystemServerTimingAsync( 1164): ssm.onUnlockedUser-0_com.android.server.policy.PermissionPolicyService took to complete: 0ms
06-21 06:06:45.281 W/ContextImpl( 2392): Calling a method in the system process without a qualified user: android.app.ContextImpl.startService:1816 android.content.ContextWrapper.startService:774 android.content.ContextWrapper.startService:774 vendor.qti.qesdk.sysservice.QesdkSysReceiver.onReceive:42 android.app.ActivityThread.handleReceiver:4309
06-21 06:06:45.281 I/SystemServerTimingAsync( 1164): ssm.onUnlockedUser-0_com.android.server.pm.StagingManager$Lifecycle
06-21 06:06:45.281 D/SystemServerTimingAsync( 1164): ssm.onUnlockedUser-0_com.android.server.pm.StagingManager$Lifecycle took to complete: 0ms
06-21 06:06:45.282 I/SystemServerTimingAsync( 1164): ssm.onUnlockedUser-0_com.android.server.app.GameManagerService$Lifecycle
06-21 06:06:45.282 D/SystemServerTimingAsync( 1164): ssm.onUnlockedUser-0_com.android.server.app.GameManagerService$Lifecycle took to complete: 0ms
06-21 06:06:45.282 I/SystemServerTimingAsync( 1164): ssm.onUnlockedUser-0_com.android.server.appsearch.AppSearchManagerService
06-21 06:06:45.282 D/SystemServerTimingAsync( 1164): ssm.onUnlockedUser-0_com.android.server.appsearch.AppSearchManagerService took to complete: 0ms
06-21 06:06:45.282 I/SystemServerTimingAsync( 1164): ssm.onUnlockedUser-0_com.android.server.media.MediaCommunicationService
06-21 06:06:45.282 D/SystemServerTimingAsync( 1164): ssm.onUnlockedUser-0_com.android.server.media.MediaCommunicationService took to complete: 0ms
06-21 06:06:45.282 D/SystemServerTimingAsync( 1164): ssm.UnlockedUser-0 took to complete: 52ms
06-21 06:06:45.282 W/ActivityManager( 1164): UserLifecycleEvent 6 received without an active userJourneySession.
06-21 06:06:45.283 I/DropBoxManagerService( 1164): add tag=system_server_strictmode isTagEnabled=true flags=0x2
06-21 06:06:45.283 W/Looper ( 1164): Slow dispatch took 386ms main h=android.os.Handler c=null m=5000
06-21 06:06:45.284 W/Looper ( 1164): Slow delivery took 384ms main h=com.android.server.power.Notifier$NotifierHandler c=null m=7
06-21 06:06:45.284 I/NotificationHistory( 1164): Attempted to unlock gone/disabled user 0
06-21 06:06:45.297 I/ActivityTaskManager( 1164): START u0 {act=android.intent.action.MAIN cat=[android.intent.category.HOME] flg=0x10000100 cmp=com.android.launcher3/.uioverrides.QuickstepLauncher (has extras)} from uid 0
06-21 06:06:45.300 D/Fingerprint21( 1164): handleError, client: FingerprintInternalCleanupClient, error: 2, vendorCode: 0
06-21 06:06:45.300 E/Fingerprint21( 1164): onError for non-error consumer: FingerprintInternalCleanupClient
06-21 06:06:45.304 W/BroadcastQueue( 1164): Background execution not allowed: receiving Intent { act=android.intent.action.INPUT_METHOD_CHANGED flg=0x20000010 (has extras) } to com.baidu.input/.switchguide.InputMethodChangedReceiver
06-21 06:06:45.313 D/CompatibilityChangeReporter( 1164): Compat change id reported: 184838306; UID 10071; state: DISABLED
06-21 06:06:45.324 D/CompatibilityChangeReporter( 1164): Compat change id reported: 185004937; UID 10071; state: DISABLED
06-21 06:06:45.328 D/CompatibilityChangeReporter( 1164): Compat change id reported: 181136395; UID 10071; state: DISABLED
06-21 06:06:45.328 W/ActivityManager( 1164): Slow operation: 209ms so far, now at startProcess: returned from zygote!
06-21 06:06:45.330 D/CompatibilityChangeReporter( 1164): Compat change id reported: 174042936; UID 10071; state: DISABLED
06-21 06:06:45.334 D/CompatibilityChangeReporter( 1164): Compat change id reported: 174042980; UID 10071; state: DISABLED
06-21 06:06:45.346 V/BackupManagerConstants( 1164): getKeyValueBackupIntervalMilliseconds(...) returns 14400000
06-21 06:06:45.347 V/BackupManagerConstants( 1164): getKeyValueBackupFuzzMilliseconds(...) returns 600000
06-21 06:06:45.347 V/BackupManagerConstants( 1164): getKeyValueBackupRequiredNetworkType(...) returns 1
06-21 06:06:45.347 V/BackupManagerConstants( 1164): getKeyValueBackupRequireCharging(...) returns true
06-21 06:06:45.348 V/KeyValueBackupJob( 1164): Scheduling k/v pass in 241 minutes
06-21 06:06:45.348 D/FreeFormWindowHelper( 1164): recentTask : null
06-21 06:06:45.363 D/CompatibilityChangeReporter( 1164): Compat change id reported: 168419799; UID 10071; state: DISABLED
06-21 06:06:45.366 I/ActivityTaskManager( 1164): FOREGROUND_APPLICATION_CHANGED to com.android.launcher3.uioverrides.QuickstepLauncher
06-21 06:06:45.367 I/ActivityTaskManager( 1164): The Process com.android.launcher3 Already Exists in BG. So sending its PID: 2649
06-21 06:06:45.370 I/vold ( 561): Bind mounting /mnt/runtime/full/emulated to /mnt/pass_through/0/emulated
06-21 06:06:45.376 D/FreeFormWindowHelper( 1164): handleFreeformTask : Task{7dd49bb #1 type=home ?? U=0 visible=true mode=fullscreen translucent=false sz=2 visible freeform task=true rootAffinity=null isMini=false}
06-21 06:06:45.376 D/FreeFormWindowHelper( 1164): mFreeFormTask : null
06-21 06:06:45.376 D/FreeFormWindowHelper( 1164): mInRecent : false
06-21 06:06:45.377 D/FreeFormWindowHelper( 1164):
06-21 06:06:45.377 I/StorageSessionController( 1164): On volume mount VolumeInfo{emulated;0}:
06-21 06:06:45.377 I/StorageSessionController( 1164): type=EMULATED diskId=null partGuid= mountFlags=PRIMARY|VISIBLE
06-21 06:06:45.377 I/StorageSessionController( 1164): mountUserId=0 state=CHECKING
06-21 06:06:45.377 I/StorageSessionController( 1164): fsType=null fsUuid=null fsLabel=null
06-21 06:06:45.377 I/StorageSessionController( 1164): path=/storage/emulated internalPath=/data/media
06-21 06:06:45.379 I/StorageSessionController( 1164): Creating connection for user: 0
06-21 06:06:45.380 I/StorageSessionController( 1164): Creating and starting session with id: emulated;0
06-21 06:06:45.381 I/StorageUserConnection( 1164): Binding to the ExternalStorageService for user 0
06-21 06:06:45.411 I/[ 56.339320] [wifi@1][0x480769cd][06( 0): 06:45.405921] wlan: [941:I:DP] dp_vdev_attach_wifi3: wlan_cfg_ap_bridge_enabled 0
06-21 06:06:45.404 D/android.hardware.wifi@1.0-service( 941): Successfully SetMacAddress.
06-21 06:06:45.406 V/BackupManagerService( 1164): [UserID:0] No ancestral data
06-21 06:06:45.411 W/Looper ( 1164): Slow dispatch took 110ms main h=android.app.ActivityThread$H c=android.app.LoadedApk$ReceiverDispatcher$Args$$ExternalSyntheticLambda0@b129520 m=0
06-21 06:06:45.412 V/NotificationAssistants( 1164): disabling notification assistant for user 0: ComponentInfo{android.ext.services/android.ext.services.notification.Assistant}
06-21 06:06:45.412 D/NotificationListeners( 1164): Removing active service ComponentInfo{android.ext.services/android.ext.services.notification.Assistant}
06-21 06:06:45.424 W/Looper ( 1164): Slow dispatch took 120ms android.fg h=android.os.Handler c=com.android.server.servicewatcher.ServiceWatcherImpl$$ExternalSyntheticLambda1@14b177f m=0
06-21 06:06:45.425 D/CompatibilityChangeReporter( 1164): Compat change id reported: 135634846; UID 10034; state: DISABLED
06-21 06:06:45.425 D/CompatibilityChangeReporter( 1164): Compat change id reported: 177438394; UID 10034; state: DISABLED
06-21 06:06:45.425 D/CompatibilityChangeReporter( 1164): Compat change id reported: 135772972; UID 10034; state: DISABLED
06-21 06:06:45.425 D/CompatibilityChangeReporter( 1164): Compat change id reported: 135754954; UID 10034; state: ENABLED
06-21 06:06:45.444 W/wificond( 1285): Scan is not started. Ignore abort request
06-21 06:06:45.456 W/ActivityManager( 1164): Slow operation: 336ms so far, now at startProcess: done updating battery stats
06-21 06:06:45.456 W/ActivityManager( 1164): Slow operation: 336ms so far, now at startProcess: building log message
06-21 06:06:45.456 I/ActivityManager( 1164): Start proc 3003:ts.car.uart/u0a56 for added application ts.car.uart
06-21 06:06:45.456 W/ActivityManager( 1164): Slow operation: 336ms so far, now at startProcess: starting to update pids map
06-21 06:06:45.461 W/ActivityManager( 1164): Slow operation: 341ms so far, now at startProcess: done updating pids map
06-21 06:06:45.461 W/ActivityManager( 1164): Slow operation: 339ms so far, now at startProcess: asking zygote to start proc
06-21 06:06:45.477 I/UsageStatsService( 1164): User[0] Rollover scheduled @ 2023-06-22 05:54:22(1687384462904)
06-21 06:06:45.477 I/UsageStatsService( 1164): Time changed in by 1687298742 seconds
06-21 06:06:45.479 V/NotificationAssistants( 1164): enabling notification assistant for 0: ComponentInfo{android.ext.services/android.ext.services.notification.Assistant}
06-21 06:06:45.479 V/NotificationAssistants( 1164): binding: Intent { act=android.service.notification.NotificationAssistantService cmp=android.ext.services/.notification.Assistant (has extras) }
06-21 06:06:45.488 I/UsageStatsService( 1164): User[0] Flushing usage stats to disk
06-21 06:06:45.496 D/CompatibilityChangeReporter( 1164): Compat change id reported: 135634846; UID 10090; state: DISABLED
06-21 06:06:45.497 D/CompatibilityChangeReporter( 1164): Compat change id reported: 177438394; UID 10090; state: DISABLED
06-21 06:06:45.497 D/CompatibilityChangeReporter( 1164): Compat change id reported: 135772972; UID 10090; state: DISABLED
06-21 06:06:45.498 D/CompatibilityChangeReporter( 1164): Compat change id reported: 135754954; UID 10090; state: ENABLED
06-21 06:06:45.499 I/StorageUserConnection( 1164): Bound to the ExternalStorageService for user 0
06-21 06:06:45.507 E/[ 56.415241] [wifi@1][0x481da6aa][06( 0): 06:45.481828] wlan: [1928:E:wifipos] wifi_pos_process_app_reg_req: 608: Received App Req Req pid(-1283456083), len(16)
06-21 06:06:45.509 D/FreeFormWindowHelper( 1164): handleFreeformTask : Task{7dd49bb #1 type=home ?? U=0 visible=true mode=fullscreen translucent=false sz=2 visible freeform task=true rootAffinity=null isMini=false}
06-21 06:06:45.509 D/FreeFormWindowHelper( 1164): mFreeFormTask : null
06-21 06:06:45.509 D/FreeFormWindowHelper( 1164): mInRecent : false
06-21 06:06:45.509 D/FreeFormWindowHelper( 1164):
