06-21 06:35:50.769 I/[ 1801.695345] init( 0): starting service 'hht_ota_mgr_service'...
06-21 06:35:50.982 I/[ 1801.899454] init( 0): Service 'hht_ota_mgr_service' (pid 15204) exited with status 0
06-21 06:35:50.998 I/[ 1801.922858] init( 0): Sending signal 9 to service 'hht_ota_mgr_service' (pid 15204) process group...
06-21 06:35:51.007 I/[ 1801.932641] libprocessgroup( 0): Successfully killed process cgroup uid 0 pid 15204 in 0ms
06-21 06:35:53.072 E/[ 1804.000167] link_delay_work_func( 0): DTC_ETH: SQI=0, link=0
06-21 06:35:55.812 I/[ 1806.738473] init( 0): starting service 'hht_ota_mgr_service'...
06-21 06:35:56.038 I/[ 1806.953097] init( 0): Service 'hht_ota_mgr_service' (pid 15224) exited with status 0
06-21 06:35:56.054 I/[ 1806.978606] init( 0): Sending signal 9 to service 'hht_ota_mgr_service' (pid 15224) process group...
06-21 06:35:56.063 I/[ 1806.988640] libprocessgroup( 0): Successfully killed process cgroup uid 0 pid 15224 in 0ms
06-21 06:35:56.363 I/[ 1807.286929] init( 0): processing action (sys.tlog.tlogdshc.active=1) from (/system/etc/init/tlogd.rc:195)
06-21 06:35:56.370 I/[ 1807.298498] init( 0): starting service 'tlogdshc'...
06-21 06:35:56.697 I/[ 1807.610617] init( 0): Service 'tlogdshc' (pid 15231) exited with status 0 oneshot service took 0.293000 seconds in background
06-21 06:35:56.697 I/[ 1807.622669] init( 0): Sending signal 9 to service 'tlogdshc' (pid 15231) process group...
06-21 06:35:56.699 I/[ 1807.631985] libprocessgroup( 0): Successfully killed process cgroup uid 0 pid 15231 in 0ms
06-21 06:35:58.203 E/[ 1809.120265] link_delay_work_func( 0): DTC_ETH: SQI=0, link=0
06-21 06:36:00.865 I/[ 1811.792592] init( 0): starting service 'hht_ota_mgr_service'...
06-21 06:36:01.082 I/[ 1811.998729] init( 0): Service 'hht_ota_mgr_service' (pid 15257) exited with status 0
06-21 06:36:01.098 I/[ 1812.022054] init( 0): Sending signal 9 to service 'hht_ota_mgr_service' (pid 15257) process group...
06-21 06:36:01.099 I/[ 1812.032286] libprocessgroup( 0): Successfully killed process cgroup uid 0 pid 15257 in 0ms
06-21 06:36:03.315 E/[ 1814.240463] link_delay_work_func( 0): DTC_ETH: SQI=0, link=0
06-21 06:36:04.650 W/ActivityManager( 1164): Background start not allowed: service Intent { cmp=com.tencent.android.qqdownloader/com.tencent.assistant.sdk.SDKSupportService (has extras) } to com.tencent.android.qqdownloader/com.tencent.assistant.sdk.SDKSupportService from pid=3329 uid=10115 pkg=com.tencent.android.qqdownloader startFg?=false
06-21 06:36:04.676 W/ActivityManager( 1164): Background start not allowed: service Intent { cmp=com.tencent.android.qqdownloader/com.tencent.assistant.sdk.SDKSupportService (has extras) } to com.tencent.android.qqdownloader/com.tencent.assistant.sdk.SDKSupportService from pid=3329 uid=10115 pkg=com.tencent.android.qqdownloader startFg?=false
06-21 06:36:04.730 W/ActivityManager( 1164): Background start not allowed: service Intent { cmp=com.tencent.android.qqdownloader/com.tencent.assistant.sdk.SDKSupportService (has extras) } to com.tencent.android.qqdownloader/com.tencent.assistant.sdk.SDKSupportService from pid=3329 uid=10115 pkg=com.tencent.android.qqdownloader startFg?=false
06-21 06:36:04.741 W/ActivityManager( 1164): Background start not allowed: service Intent { cmp=com.tencent.android.qqdownloader/com.tencent.assistant.sdk.SDKSupportService (has extras) } to com.tencent.android.qqdownloader/com.tencent.assistant.sdk.SDKSupportService from pid=3329 uid=10115 pkg=com.tencent.android.qqdownloader startFg?=false
06-21 06:36:05.911 I/[ 1816.837227] init( 0): starting service 'hht_ota_mgr_service'...
06-21 06:36:06.114 I/[ 1817.028592] init( 0): Service 'hht_ota_mgr_service' (pid 15279) exited with status 0
06-21 06:36:06.127 I/[ 1817.051623] init( 0): Sending signal 9 to service 'hht_ota_mgr_service' (pid 15279) process group...
06-21 06:36:06.138 I/[ 1817.061483] libprocessgroup( 0): Successfully killed process cgroup uid 0 pid 15279 in 0ms
06-21 06:36:08.435 E/[ 1819.360207] link_delay_work_func( 0): DTC_ETH: SQI=0, link=0
06-21 06:36:10.937 I/[ 1821.863842] init( 0): starting service 'hht_ota_mgr_service'...
06-21 06:36:11.154 I/[ 1822.071507] init( 0): Service 'hht_ota_mgr_service' (pid 15302) exited with status 0
06-21 06:36:11.171 I/[ 1822.095857] init( 0): Sending signal 9 to service 'hht_ota_mgr_service' (pid 15302) process group...
06-21 06:36:11.180 I/[ 1822.105245] libprocessgroup( 0): Successfully killed process cgroup uid 0 pid 15302 in 0ms
06-21 06:36:13.554 E/[ 1824.480215] link_delay_work_func( 0): DTC_ETH: SQI=0, link=0
06-21 06:36:15.986 I/[ 1826.913844] init( 0): starting service 'hht_ota_mgr_service'...
06-21 06:36:16.206 I/[ 1827.119313] init( 0): Service 'hht_ota_mgr_service' (pid 15324) exited with status 0
06-21 06:36:16.217 I/[ 1827.142091] init( 0): Sending signal 9 to service 'hht_ota_mgr_service' (pid 15324) process group...
06-21 06:36:16.226 I/[ 1827.151422] libprocessgroup( 0): Successfully killed process cgroup uid 0 pid 15324 in 0ms
06-21 06:36:17.575 I/[ 1828.494845] [schedu][0x8341997c4][06( 0): 36:17.561416] wlan: [1861:I:OSIF] scan start scan id 40970
06-21 06:36:18.675 E/[ 1829.600470] link_delay_work_func( 0): DTC_ETH: SQI=0, link=0
06-21 06:36:19.626 I/[ 1830.544731] [schedu][0x836722676][06( 0): 36:19.611317] wlan: [1861:I:OSIF] vdev 0, scan id 40970 type COMPLETED(1) reason COMPLETED(1) scan found 21 bss
06-21 06:36:21.018 I/[ 1831.945751] init( 0): starting service 'hht_ota_mgr_service'...
06-21 06:36:21.039 E/[ 1831.959370] [schedu][0x8381098a3][06( 0): 36:21.025959] wlan: [1861:E:PE] lim_process_addba_req: 1716: Failed to process addba request
06-21 06:36:21.223 I/[ 1832.136177] init( 0): Service 'hht_ota_mgr_service' (pid 15345) exited with status 0
06-21 06:36:21.235 I/[ 1832.159611] init( 0): Sending signal 9 to service 'hht_ota_mgr_service' (pid 15345) process group...
06-21 06:36:21.243 I/[ 1832.168965] libprocessgroup( 0): Successfully killed process cgroup uid 0 pid 15345 in 0ms
06-21 06:36:23.793 E/[ 1834.720141] link_delay_work_func( 0): DTC_ETH: SQI=0, link=0
06-21 06:36:26.045 I/[ 1836.973297] init( 0): starting service 'hht_ota_mgr_service'...
06-21 06:36:26.262 I/[ 1837.173822] init( 0): Service 'hht_ota_mgr_service' (pid 15372) exited with status 0
06-21 06:36:26.263 I/[ 1837.196904] init( 0): Sending signal 9 to service 'hht_ota_mgr_service' (pid 15372) process group...
06-21 06:36:26.281 I/[ 1837.206278] libprocessgroup( 0): Successfully killed process cgroup uid 0 pid 15372 in 0ms
06-21 06:36:26.380 I/[ 1837.302468] init( 0): processing action (sys.tlog.tlogdshc.active=1) from (/system/etc/init/tlogd.rc:195)
06-21 06:36:26.386 I/[ 1837.314086] init( 0): starting service 'tlogdshc'...
06-21 06:36:26.710 I/[ 1837.624005] init( 0): Service 'tlogdshc' (pid 15373) exited with status 0 oneshot service took 0.281000 seconds in background
06-21 06:36:26.710 I/[ 1837.635840] init( 0): Sending signal 9 to service 'tlogdshc' (pid 15373) process group...
06-21 06:36:26.718 I/[ 1837.644962] libprocessgroup( 0): Successfully killed process cgroup uid 0 pid 15373 in 0ms
06-21 06:36:28.915 E/[ 1839.840297] link_delay_work_func( 0): DTC_ETH: SQI=0, link=0
06-21 06:36:31.070 I/[ 1841.996975] init( 0): starting service 'hht_ota_mgr_service'...
06-21 06:36:31.309 I/[ 1842.223804] init( 0): Service 'hht_ota_mgr_service' (pid 15403) exited with status 0
06-21 06:36:31.309 I/[ 1842.233982] init( 0): Sending signal 9 to service 'hht_ota_mgr_service' (pid 15403) process group...
06-21 06:36:31.319 I/[ 1842.244029] libprocessgroup( 0): Successfully killed process cgroup uid 0 pid 15403 in 0ms
06-21 06:36:34.043 E/[ 1844.960331] link_delay_work_func( 0): DTC_ETH: SQI=0, link=0
06-21 06:36:36.110 I/[ 1847.037361] init( 0): starting service 'hht_ota_mgr_service'...
06-21 06:36:36.150 I/GameModeConfig( 1164): isGameModeOn = false
06-21 06:36:36.326 I/[ 1847.243422] init( 0): Service 'hht_ota_mgr_service' (pid 15425) exited with status 0
06-21 06:36:36.342 I/[ 1847.266373] init( 0): Sending signal 9 to service 'hht_ota_mgr_service' (pid 15425) process group...
06-21 06:36:36.352 I/[ 1847.275681] libprocessgroup( 0): Successfully killed process cgroup uid 0 pid 15425 in 0ms
06-21 06:36:37.848 I/[ 1848.747196] [schedu][0x84b46e590][06( 0): 36:37.813760] wlan: [1861:I:WMA] [06:36:37.748000] [ROAM_TRIGGER]: VDEV[0] Reason: "LOW RSSI" Cur_Rssi threshold:81 Current AP RSSI: 76
06-21 06:36:37.848 I/[ 1848.764453] [schedu][0x84b4bf5c8][06( 0): 36:37.831041] wlan: [1861:I:WMA] [06:36:37.748000] [ROAM_SCAN]: VDEV[0] Scan_type: PARTIAL next_rssi_threshold: 81 dBm {5200 }
06-21 06:36:37.880 I/[ 1848.796357] [schedu][0x84b554ef6][06( 0): 36:37.862949] wlan: [1861:I:WMA] ============================================================================================================================
06-21 06:36:37.880 I/[ 1848.814132] [schedu][0x84b5a8486][06( 0): 36:37.880730] wlan: [1861:I:WMA] AP BSSID TSTAMP CH TY ETP RSSI/SCR CU%/SCR TOT_SCR BL_RSN BL_SRC BL_TSTAMP BL_TIMEOUT(ms)
06-21 06:36:37.916 I/[ 1848.831884] [schedu][0x84b5fb806][06( 0): 36:37.898483] wlan: [1861:I:WMA] ============================================================================================================================
06-21 06:36:37.933 I/[ 1848.849955] [schedu][0x84b65031c][06( 0): 36:37.916551] wlan: [1861:I:WMA] 04:d9:f5:fb:09:94 [06:36:37.748000] 5200 P_AP 0 76/0 0/0 1791 0 0 [00:00:00.000000] 0
06-21 06:36:37.934 I/[ 1848.867302] [schedu][0x84b6a185a][06( 0): 36:37.933901] wlan: [1861:I:WMA] [06:36:37.807000] [ROAM_RESULT]: VDEV[0] FAILED Reason: NO AP FOUND
06-21 06:36:39.154 E/[ 1850.080697] link_delay_work_func( 0): DTC_ETH: SQI=0, link=0
06-21 06:36:41.138 I/[ 1852.065790] init( 0): starting service 'hht_ota_mgr_service'...
06-21 06:36:41.346 I/[ 1852.260594] init( 0): Service 'hht_ota_mgr_service' (pid 15447) exited with status 0
06-21 06:36:41.359 I/[ 1852.283998] init( 0): Sending signal 9 to service 'hht_ota_mgr_service' (pid 15447) process group...
06-21 06:36:41.368 I/[ 1852.293334] libprocessgroup( 0): Successfully killed process cgroup uid 0 pid 15447 in 0ms
06-21 06:36:41.468 I/[ 1852.369497] [schedu][0x84f6c1fac][06( 0): 36:41.436080] wlan: [1861:I:WMA] [06:36:37.858000] [ROAM_TRIGGER]: VDEV[0] Reason: "LOW RSSI" Sub-Reason: FULL SCAN Cur_Rssi threshold:81 Current AP RSSI: 76
06-21 06:36:41.468 I/[ 1852.387399] [schedu][0x84f715eff][06( 0): 36:41.453990] wlan: [1861:I:WMA] [06:36:37.858000] [ROAM_SCAN]: VDEV[0] Scan_type: FULL next_rssi_threshold: 81 dBm
06-21 06:36:41.486 I/[ 1852.401827] [schedu][0x84f759950][06( 0): 36:41.468421] wlan: [1861:I:WMA] ============================================================================================================================
06-21 06:36:41.486 I/[ 1852.419619] [schedu][0x84f7ad000][06( 0): 36:41.486216] wlan: [1861:I:WMA] AP BSSID TSTAMP CH TY ETP RSSI/SCR CU%/SCR TOT_SCR BL_RSN BL_SRC BL_TSTAMP BL_TIMEOUT(ms)
06-21 06:36:41.504 I/[ 1852.437390] [schedu][0x84f8004c6][06( 0): 36:41.503986] wlan: [1861:I:WMA] ============================================================================================================================
06-21 06:36:41.539 I/[ 1852.455143] [schedu][0x84f853873][06( 0): 36:41.521742] wlan: [1861:I:WMA] 04:d9:f5:fb:09:94 [06:36:37.858000] 5200 P_AP 0 76/0 0/0 1791 0 0 [00:00:00.000000] 0
06-21 06:36:41.552 I/[ 1852.473042] [schedu][0x84f8a757b][06( 0): 36:41.539624] wlan: [1861:I:WMA] [06:36:41.429000] [ROAM_RESULT]: VDEV[0] FAILED Reason: NO AP FOUND
06-21 06:36:44.286 E/[ 1855.200509] link_delay_work_func( 0): DTC_ETH: SQI=0, link=0
06-21 06:36:45.564 D/[ 1856.481615] cnss( 0): Host time = 1863082090 us, device time = 1812227450 us, offset = 50854640 us
06-21 06:36:45.564 D/[ 1856.490578] cnss( 0): Updated time sync regs [0x984] = 0x307faf0, [0x988] = 0x0
06-21 06:36:46.160 I/[ 1857.086942] init( 0): starting service 'hht_ota_mgr_service'...
06-21 06:36:46.250 E/DiscreteRegistry( 1164): Deleting file 1687213723241tl
06-21 06:36:46.358 I/[ 1857.275761] init( 0): Service 'hht_ota_mgr_service' (pid 15474) exited with status 0
06-21 06:36:46.375 I/[ 1857.299718] init( 0): Sending signal 9 to service 'hht_ota_mgr_service' (pid 15474) process group...
06-21 06:36:46.384 I/[ 1857.309442] libprocessgroup( 0): Successfully killed process cgroup uid 0 pid 15474 in 0ms
06-21 06:36:49.402 E/[ 1860.320819] link_delay_work_func( 0): DTC_ETH: SQI=0, link=0
06-21 06:36:51.197 I/[ 1862.125019] init( 0): starting service 'hht_ota_mgr_service'...
06-21 06:36:51.394 I/[ 1862.316651] init( 0): Service 'hht_ota_mgr_service' (pid 15494) exited with status 0
06-21 06:36:51.410 I/[ 1862.333814] init( 0): Sending signal 9 to service 'hht_ota_mgr_service' (pid 15494) process group...
06-21 06:36:51.410 I/[ 1862.343158] libprocessgroup( 0): Successfully killed process cgroup uid 0 pid 15494 in 0ms
06-21 06:36:54.437 I/[ 1865.337337] [schedu][0x85e434a7d][06( 0): 36:54.403906] wlan: [1861:I:WMA] [06:36:54.335000] [ROAM_TRIGGER]: VDEV[0] Reason: "LOW RSSI" Cur_Rssi threshold:81 Current AP RSSI: 76
06-21 06:36:54.437 I/[ 1865.355801] [schedu][0x85e48b4f9][06( 0): 36:54.422390] wlan: [1861:I:WMA] [06:36:54.335000] [ROAM_SCAN]: VDEV[0] Scan_type: PARTIAL next_rssi_threshold: 81 dBm {5200 }
06-21 06:36:54.437 I/[ 1865.370968] [schedu][0x85e4d2694][06( 0): 36:54.437558] wlan: [1861:I:WMA] ============================================================================================================================
06-21 06:36:54.473 I/[ 1865.389019] [schedu][0x85e527074][06( 0): 36:54.455610] wlan: [1861:I:WMA] AP BSSID TSTAMP CH TY ETP RSSI/SCR CU%/SCR TOT_SCR BL_RSN BL_SRC BL_TSTAMP BL_TIMEOUT(ms)
06-21 06:36:54.473 I/[ 1865.406821] [schedu][0x85e57a82d][06( 0): 36:54.473418] wlan: [1861:I:WMA] ============================================================================================================================
06-21 06:36:54.508 I/[ 1865.424591] [schedu][0x85e5cdcfd][06( 0): 36:54.491189] wlan: [1861:I:WMA] 04:d9:f5:fb:09:94 [06:36:54.335000] 5200 P_AP 0 76/0 0/0 1791 0 0 [00:00:00.000000] 0
06-21 06:36:54.521 I/[ 1865.442600] [schedu][0x85e621dc4][06( 0): 36:54.509121] wlan: [1861:I:WMA] [06:36:54.393000] [ROAM_RESULT]: VDEV[0] FAILED Reason: NO AP FOUND
06-21 06:36:54.522 E/[ 1865.444147] link_delay_work_func( 0): DTC_ETH: SQI=0, link=0
06-21 06:36:56.223 I/[ 1867.150020] init( 0): starting service 'hht_ota_mgr_service'...
06-21 06:36:56.402 I/[ 1867.319042] init( 0): processing action (sys.tlog.tlogdshc.active=1) from (/system/etc/init/tlogd.rc:195)
06-21 06:36:56.402 I/[ 1867.329889] init( 0): starting service 'tlogdshc'...
06-21 06:36:56.426 I/[ 1867.353728] init( 0): Service 'hht_ota_mgr_service' (pid 15518) exited with status 0
06-21 06:36:56.439 I/[ 1867.363608] init( 0): Sending signal 9 to service 'hht_ota_mgr_service' (pid 15518) process group...
06-21 06:36:56.447 I/[ 1867.372849] libprocessgroup( 0): Successfully killed process cgroup uid 0 pid 15518 in 0ms
06-21 06:36:56.755 I/[ 1867.673137] init( 0): Service 'tlogdshc' (pid 15519) exited with status 0 oneshot service took 0.326000 seconds in background
06-21 06:36:56.755 I/[ 1867.684577] init( 0): Sending signal 9 to service 'tlogdshc' (pid 15519) process group...
06-21 06:36:56.767 I/[ 1867.692943] libprocessgroup( 0): Successfully killed process cgroup uid 0 pid 15519 in 0ms
06-21 06:36:57.740 I/[ 1868.640644] [schedu][0x8620b0e56][06( 0): 36:57.707211] wlan: [1861:I:WMA] [06:36:54.441000] [ROAM_TRIGGER]: VDEV[0] Reason: "LOW RSSI" Sub-Reason: FULL SCAN Cur_Rssi threshold:81 Current AP RSSI: 76
06-21 06:36:57.740 I/[ 1868.658952] [schedu][0x862106bf9][06( 0): 36:57.725526] wlan: [1861:I:WMA] [06:36:54.441000] [ROAM_SCAN]: VDEV[0] Scan_type: FULL next_rssi_threshold: 81 dBm
06-21 06:36:57.740 I/[ 1868.673219] [schedu][0x862149afa][06( 0): 36:57.739804] wlan: [1861:I:WMA] ============================================================================================================================
06-21 06:36:57.775 I/[ 1868.691129] [schedu][0x86219da8c][06( 0): 36:57.757718] wlan: [1861:I:WMA] AP BSSID TSTAMP CH TY ETP RSSI/SCR CU%/SCR TOT_SCR BL_RSN BL_SRC BL_TSTAMP BL_TIMEOUT(ms)
06-21 06:36:57.793 I/[ 1868.709287] [schedu][0x8621f2cc1][06( 0): 36:57.775880] wlan: [1861:I:WMA] ============================================================================================================================
06-21 06:36:57.793 I/[ 1868.727086] [schedu][0x8622463f8][06( 0): 36:57.793683] wlan: [1861:I:WMA] 04:d9:f5:fb:09:94 [06:36:54.441000] 5200 P_AP 0 76/0 0/0 1791 0 0 [00:00:00.000000] 0
06-21 06:36:57.811 I/[ 1868.744444] [schedu][0x8622979f6][06( 0): 36:57.811042] wlan: [1861:I:WMA] [06:36:57.697000] [ROAM_RESULT]: VDEV[0] FAILED Reason: NO AP FOUND
06-21 06:36:59.634 E/[ 1870.560189] link_delay_work_func( 0): DTC_ETH: SQI=0, link=0
06-21 06:37:01.247 I/[ 1872.174335] init( 0): starting service 'hht_ota_mgr_service'...
06-21 06:37:01.442 I/[ 1872.359158] init( 0): Service 'hht_ota_mgr_service' (pid 15547) exited with status 0
06-21 06:37:01.458 I/[ 1872.382514] init( 0): Sending signal 9 to service 'hht_ota_mgr_service' (pid 15547) process group...
06-21 06:37:01.467 I/[ 1872.391846] libprocessgroup( 0): Successfully killed process cgroup uid 0 pid 15547 in 0ms
06-21 06:37:02.125 W/ActivityManager( 1164): Background start not allowed: service Intent { cmp=com.tencent.android.qqdownloader/com.tencent.assistant.sdk.SDKSupportService (has extras) } to com.tencent.android.qqdownloader/com.tencent.assistant.sdk.SDKSupportService from pid=3329 uid=10115 pkg=com.tencent.android.qqdownloader startFg?=false
06-21 06:37:02.126 I/ProcessStatsService( 1164): Pruning old procstats: /data/system/procstats/state-1970-01-01-10-09-27.bin
06-21 06:37:02.138 W/ActivityManager( 1164): Background start not allowed: service Intent { cmp=com.tencent.android.qqdownloader/com.tencent.assistant.sdk.SDKSupportService (has extras) } to com.tencent.android.qqdownloader/com.tencent.assistant.sdk.SDKSupportService from pid=3329 uid=10115 pkg=com.tencent.android.qqdownloader startFg?=false
06-21 06:37:02.176 W/ActivityManager( 1164): Background start not allowed: service Intent { cmp=com.tencent.android.qqdownloader/com.tencent.assistant.sdk.SDKSupportService (has extras) } to com.tencent.android.qqdownloader/com.tencent.assistant.sdk.SDKSupportService from pid=3329 uid=10115 pkg=com.tencent.android.qqdownloader startFg?=false
06-21 06:37:02.186 W/ActivityManager( 1164): Background start not allowed: service Intent { cmp=com.tencent.android.qqdownloader/com.tencent.assistant.sdk.SDKSupportService (has extras) } to com.tencent.android.qqdownloader/com.tencent.assistant.sdk.SDKSupportService from pid=3329 uid=10115 pkg=com.tencent.android.qqdownloader startFg?=false
06-21 06:37:04.754 E/[ 1875.680450] link_delay_work_func( 0): DTC_ETH: SQI=0, link=0
06-21 06:37:06.270 I/[ 1877.197576] init( 0): starting service 'hht_ota_mgr_service'...
06-21 06:37:06.498 I/[ 1877.407422] init( 0): Service 'hht_ota_mgr_service' (pid 15570) exited with status 0
06-21 06:37:06.498 I/[ 1877.430636] init( 0): Sending signal 9 to service 'hht_ota_mgr_service' (pid 15570) process group...
06-21 06:37:06.515 I/[ 1877.440044] libprocessgroup( 0): Successfully killed process cgroup uid 0 pid 15570 in 0ms
06-21 06:37:09.879 E/[ 1880.800404] link_delay_work_func( 0): DTC_ETH: SQI=0, link=0
06-21 06:37:11.306 I/[ 1882.233888] init( 0): starting service 'hht_ota_mgr_service'...
06-21 06:37:11.510 I/[ 1882.426974] init( 0): Service 'hht_ota_mgr_service' (pid 15593) exited with status 0
06-21 06:37:11.525 I/[ 1882.449719] init( 0): Sending signal 9 to service 'hht_ota_mgr_service' (pid 15593) process group...
06-21 06:37:11.534 I/[ 1882.459948] libprocessgroup( 0): Successfully killed process cgroup uid 0 pid 15593 in 0ms
06-21 06:37:14.953 I/[ 1885.876282] init( 0): processing action (sys.tlog.pstore.active=1) from (/system/etc/init/tlogd.rc:134)
06-21 06:37:14.962 I/[ 1885.889838] init( 0): starting service 'pstore_save'...
06-21 06:37:14.995 E/[ 1885.920631] link_delay_work_func( 0): DTC_ETH: SQI=0, link=0
06-21 06:37:15.116 I/[ 1886.024678] init( 0): Service 'pstore_save' (pid 15621) exited with status 1 oneshot service took 0.106000 seconds in background
06-21 06:37:15.116 I/[ 1886.041084] init( 0): Sending signal 9 to service 'pstore_save' (pid 15621) process group...
06-21 06:37:15.125 I/[ 1886.050216] libprocessgroup( 0): Successfully killed process cgroup uid 1000 pid 15621 in 0ms
06-21 06:37:16.120 I/[ 1887.043245] init( 0): processing action (sys.tlog.tlogdsho.active=1) from (/system/etc/init/tlogd.rc:167)
06-21 06:37:16.330 I/[ 1887.255835] init( 0): starting service 'hht_ota_mgr_service'...
06-21 06:37:16.439 I/[ 1887.361412] init( 0): Service 'tlogdsho' (pid 15630) exited with status 0 oneshot service took 0.278000 seconds in background
06-21 06:37:16.439 I/[ 1887.372735] init( 0): Sending signal 9 to service 'tlogdsho' (pid 15630) process group...
06-21 06:37:16.456 I/[ 1887.381070] libprocessgroup( 0): Successfully killed process cgroup uid 0 pid 15630 in 0ms
06-21 06:37:16.554 I/[ 1887.471439] init( 0): Service 'hht_ota_mgr_service' (pid 15641) exited with status 0
06-21 06:37:16.570 I/[ 1887.494179] init( 0): Sending signal 9 to service 'hht_ota_mgr_service' (pid 15641) process group...
06-21 06:37:16.570 I/[ 1887.503528] libprocessgroup( 0): Successfully killed process cgroup uid 0 pid 15641 in 0ms
06-21 06:37:20.115 E/[ 1891.040469] link_delay_work_func( 0): DTC_ETH: SQI=0, link=0
06-21 06:37:21.368 I/[ 1892.294851] init( 0): starting service 'hht_ota_mgr_service'...
06-21 06:37:21.576 I/[ 1892.493267] init( 0): Service 'hht_ota_mgr_service' (pid 15664) exited with status 0
06-21 06:37:21.582 I/[ 1892.516179] init( 0): Sending signal 9 to service 'hht_ota_mgr_service' (pid 15664) process group...
06-21 06:37:21.601 I/[ 1892.525400] libprocessgroup( 0): Successfully killed process cgroup uid 0 pid 15664 in 0ms
06-21 06:37:21.966 I/[ 1892.891042] init( 0): Untracked pid 15665 exited with status 0
06-21 06:37:22.086 E/[ 1893.004753] [schedu][0x87decfba2][06( 0): 37:22.071333] wlan: [1861:E:PE] lim_process_addba_req: 1716: Failed to process addba request
06-21 06:37:25.235 E/[ 1896.160192] link_delay_work_func( 0): DTC_ETH: SQI=0, link=0
06-21 06:37:26.390 I/[ 1897.317238] init( 0): starting service 'hht_ota_mgr_service'...
06-21 06:37:26.422 I/[ 1897.345805] init( 0): processing action (sys.tlog.tlogdshc.active=1) from (/system/etc/init/tlogd.rc:195)
06-21 06:37:26.422 I/[ 1897.355737] init( 0): starting service 'tlogdshc'...
06-21 06:37:26.599 I/[ 1897.511777] init( 0): Service 'hht_ota_mgr_service' (pid 15711) exited with status 0
06-21 06:37:26.610 I/[ 1897.534824] init( 0): Sending signal 9 to service 'hht_ota_mgr_service' (pid 15711) process group...
06-21 06:37:26.610 I/[ 1897.544025] libprocessgroup( 0): Successfully killed process cgroup uid 0 pid 15711 in 0ms
06-21 06:37:26.771 I/[ 1897.693521] init( 0): Service 'tlogdshc' (pid 15712) exited with status 0 oneshot service took 0.325000 seconds in background
06-21 06:37:26.771 I/[ 1897.704884] init( 0): Sending signal 9 to service 'tlogdshc' (pid 15712) process group...
06-21 06:37:26.788 I/[ 1897.713191] libprocessgroup( 0): Successfully killed process cgroup uid 0 pid 15712 in 0ms
06-21 06:37:30.355 E/[ 1901.280336] link_delay_work_func( 0): DTC_ETH: SQI=0, link=0
06-21 06:37:31.417 I/[ 1902.344938] init( 0): starting service 'hht_ota_mgr_service'...
06-21 06:37:31.622 I/[ 1902.535756] init( 0): Service 'hht_ota_mgr_service' (pid 15742) exited with status 0
06-21 06:37:31.625 I/[ 1902.558575] init( 0): Sending signal 9 to service 'hht_ota_mgr_service' (pid 15742) process group...
06-21 06:37:31.646 I/[ 1902.567940] libprocessgroup( 0): Successfully killed process cgroup uid 0 pid 15742 in 0ms
06-21 06:37:35.473 E/[ 1906.400386] link_delay_work_func( 0): DTC_ETH: SQI=0, link=0
06-21 06:37:36.447 I/[ 1907.371213] init( 0): starting service 'hht_ota_mgr_service'...
06-21 06:37:36.666 I/[ 1907.574925] init( 0): Service 'hht_ota_mgr_service' (pid 15764) exited with status 0
06-21 06:37:36.666 I/[ 1907.598315] init( 0): Sending signal 9 to service 'hht_ota_mgr_service' (pid 15764) process group...
06-21 06:37:36.684 I/[ 1907.608719] libprocessgroup( 0): Successfully killed process cgroup uid 0 pid 15764 in 0ms
06-21 06:37:37.642 I/GameModeConfig( 1164): isGameModeOn = false
06-21 06:37:40.595 E/[ 1911.520364] link_delay_work_func( 0): DTC_ETH: SQI=0, link=0
06-21 06:37:41.480 I/[ 1912.406763] init( 0): starting service 'hht_ota_mgr_service'...
06-21 06:37:41.711 I/[ 1912.620920] init( 0): Service 'hht_ota_mgr_service' (pid 15786) exited with status 0
06-21 06:37:41.722 I/[ 1912.645569] init( 0): Sending signal 9 to service 'hht_ota_mgr_service' (pid 15786) process group...
06-21 06:37:41.722 I/[ 1912.655408] libprocessgroup( 0): Successfully killed process cgroup uid 0 pid 15786 in 0ms
06-21 06:37:45.712 E/[ 1916.640276] link_delay_work_func( 0): DTC_ETH: SQI=0, link=0
06-21 06:37:46.519 I/[ 1917.445927] init( 0): starting service 'hht_ota_mgr_service'...
06-21 06:37:46.742 I/[ 1917.656623] init( 0): Service 'hht_ota_mgr_service' (pid 15810) exited with status 0
06-21 06:37:46.764 I/[ 1917.679920] init( 0): Sending signal 9 to service 'hht_ota_mgr_service' (pid 15810) process group...
06-21 06:37:46.764 I/[ 1917.689703] libprocessgroup( 0): Successfully killed process cgroup uid 0 pid 15810 in 0ms
06-21 06:37:50.842 E/[ 1921.760292] link_delay_work_func( 0): DTC_ETH: SQI=0, link=0
06-21 06:37:51.563 I/[ 1922.486860] init( 0): starting service 'hht_ota_mgr_service'...
06-21 06:37:51.801 I/[ 1922.716771] init( 0): Service 'hht_ota_mgr_service' (pid 15830) exited with status 0
06-21 06:37:51.817 I/[ 1922.742191] init( 0): Sending signal 9 to service 'hht_ota_mgr_service' (pid 15830) process group...
06-21 06:37:51.819 I/[ 1922.752030] libprocessgroup( 0): Successfully killed process cgroup uid 0 pid 15830 in 0ms
06-21 06:37:55.866 W/ActivityManager( 1164): Background start not allowed: service Intent { cmp=com.tencent.android.qqdownloader/com.tencent.assistant.sdk.SDKSupportService (has extras) } to com.tencent.android.qqdownloader/com.tencent.assistant.sdk.SDKSupportService from pid=3329 uid=10115 pkg=com.tencent.android.qqdownloader startFg?=false
06-21 06:37:55.881 W/ActivityManager( 1164): Background start not allowed: service Intent { cmp=com.tencent.android.qqdownloader/com.tencent.assistant.sdk.SDKSupportService (has extras) } to com.tencent.android.qqdownloader/com.tencent.assistant.sdk.SDKSupportService from pid=3329 uid=10115 pkg=com.tencent.android.qqdownloader startFg?=false
06-21 06:37:55.933 W/ActivityManager( 1164): Background start not allowed: service Intent { cmp=com.tencent.android.qqdownloader/com.tencent.assistant.sdk.SDKSupportService (has extras) } to com.tencent.android.qqdownloader/com.tencent.assistant.sdk.SDKSupportService from pid=3329 uid=10115 pkg=com.tencent.android.qqdownloader startFg?=false
06-21 06:37:55.944 W/ActivityManager( 1164): Background start not allowed: service Intent { cmp=com.tencent.android.qqdownloader/com.tencent.assistant.sdk.SDKSupportService (has extras) } to com.tencent.android.qqdownloader/com.tencent.assistant.sdk.SDKSupportService from pid=3329 uid=10115 pkg=com.tencent.android.qqdownloader startFg?=false
06-21 06:37:55.954 E/[ 1926.880202] link_delay_work_func( 0): DTC_ETH: SQI=0, link=0
06-21 06:37:56.413 I/[ 1927.329918] init( 0): processing action (sys.tlog.tlogdshc.active=1) from (/system/etc/init/tlogd.rc:195)
06-21 06:37:56.413 I/[ 1927.341801] init( 0): starting service 'tlogdshc'...
06-21 06:37:56.606 I/[ 1927.530648] init( 0): starting service 'hht_ota_mgr_service'...
06-21 06:37:56.753 I/[ 1927.667473] init( 0): Service 'tlogdshc' (pid 15852) exited with status 0 oneshot service took 0.294000 seconds in background
06-21 06:37:56.753 I/[ 1927.678781] init( 0): Sending signal 9 to service 'tlogdshc' (pid 15852) process group...
06-21 06:37:56.753 I/[ 1927.687098] libprocessgroup( 0): Successfully killed process cgroup uid 0 pid 15852 in 0ms
06-21 06:37:56.822 I/[ 1927.737282] init( 0): Service 'hht_ota_mgr_service' (pid 15860) exited with status 0
06-21 06:37:56.838 I/[ 1927.760173] init( 0): Sending signal 9 to service 'hht_ota_mgr_service' (pid 15860) process group...
06-21 06:37:56.860 I/[ 1927.785963] libprocessgroup( 0): Successfully killed process cgroup uid 0 pid 15860 in 0ms
06-21 06:38:00.082 I/[ 1930.984339] [schedu][0x8a963ce83][06( 0): 38:00.050891] wlan: [1861:I:WMA] [06:37:59.970000] [ROAM_TRIGGER]: VDEV[0] Reason: "LOW RSSI" Cur_Rssi threshold:81 Current AP RSSI: 76
06-21 06:38:00.082 I/[ 1931.000950] [schedu][0x8a968af4c][06( 0): 38:00.067541] wlan: [1861:I:WMA] [06:37:59.970000] [ROAM_SCAN]: VDEV[0] Scan_type: PARTIAL next_rssi_threshold: 81 dBm {5200 }
06-21 06:38:00.103 I/[ 1931.016322] [schedu][0x8a96d3026][06( 0): 38:00.082912] wlan: [1861:I:WMA] ============================================================================================================================
06-21 06:38:00.103 I/[ 1931.034126] [schedu][0x8a9726800][06( 0): 38:00.100723] wlan: [1861:I:WMA] AP BSSID TSTAMP CH TY ETP RSSI/SCR CU%/SCR TOT_SCR BL_RSN BL_SRC BL_TSTAMP BL_TIMEOUT(ms)
06-21 06:38:00.136 I/[ 1931.051890] [schedu][0x8a9779c74][06( 0): 38:00.118489] wlan: [1861:I:WMA] ============================================================================================================================
06-21 06:38:00.136 I/[ 1931.069646] [schedu][0x8a97cd026][06( 0): 38:00.136245] wlan: [1861:I:WMA] 04:d9:f5:fb:09:94 [06:37:59.970000] 5200 P_AP 0 76/0 0/0 1791 0 0 [00:00:00.000000] 0
06-21 06:38:00.167 I/[ 1931.086982] [schedu][0x8a981e463][06( 0): 38:00.153581] wlan: [1861:I:WMA] [06:38:00.035000] [ROAM_RESULT]: VDEV[0] FAILED Reason: NO AP FOUND
06-21 06:38:01.072 E/[ 1932.000153] link_delay_work_func( 0): DTC_ETH: SQI=0, link=0
06-21 06:38:01.632 I/[ 1932.559286] init( 0): starting service 'hht_ota_mgr_service'...
06-21 06:38:01.865 I/[ 1932.758528] init( 0): Service 'hht_ota_mgr_service' (pid 15883) exited with status 0
06-21 06:38:01.865 I/[ 1932.782342] init( 0): Sending signal 9 to service 'hht_ota_mgr_service' (pid 15883) process group...
06-21 06:38:01.882 I/[ 1932.808018] libprocessgroup( 0): Successfully killed process cgroup uid 0 pid 15883 in 0ms
06-21 06:38:06.195 E/[ 1937.120256] link_delay_work_func( 0): DTC_ETH: SQI=0, link=0
06-21 06:38:06.663 I/[ 1937.588227] init( 0): starting service 'hht_ota_mgr_service'...
06-21 06:38:06.887 I/[ 1937.799593] init( 0): Service 'hht_ota_mgr_service' (pid 15906) exited with status 0
06-21 06:38:06.896 I/[ 1937.821232] init( 0): Sending signal 9 to service 'hht_ota_mgr_service' (pid 15906) process group...
06-21 06:38:06.908 I/[ 1937.830972] libprocessgroup( 0): Successfully killed process cgroup uid 0 pid 15906 in 0ms
06-21 06:38:11.312 E/[ 1942.240184] link_delay_work_func( 0): DTC_ETH: SQI=0, link=0
06-21 06:38:11.701 I/[ 1942.628609] init( 0): starting service 'hht_ota_mgr_service'...
06-21 06:38:11.914 I/[ 1942.824707] init( 0): Service 'hht_ota_mgr_service' (pid 15929) exited with status 0
06-21 06:38:11.924 I/[ 1942.848380] init( 0): Sending signal 9 to service 'hht_ota_mgr_service' (pid 15929) process group...
06-21 06:38:11.933 I/[ 1942.858352] libprocessgroup( 0): Successfully killed process cgroup uid 0 pid 15929 in 0ms
06-21 06:38:13.187 I/[ 1944.087481] [schedu][0x8b862a0ad][06( 0): 38:13.154066] wlan: [1861:I:WMA] [06:38:13.076000] [ROAM_TRIGGER]: VDEV[0] Reason: "LOW RSSI" Sub-Reason: FULL SCAN Cur_Rssi threshold:81 Current AP RSSI: 76
06-21 06:38:13.187 I/[ 1944.105605] [schedu][0x8b867f05c][06( 0): 38:13.172195] wlan: [1861:I:WMA] [06:38:13.076000] [ROAM_SCAN]: VDEV[0] Scan_type: PARTIAL next_rssi_threshold: 81 dBm {5200 }
06-21 06:38:13.187 I/[ 1944.120845] [schedu][0x8b86c6781][06( 0): 38:13.187436] wlan: [1861:I:WMA] ============================================================================================================================
06-21 06:38:13.223 I/[ 1944.138904] [schedu][0x8b871b277][06( 0): 38:13.205502] wlan: [1861:I:WMA] AP BSSID TSTAMP CH TY ETP RSSI/SCR CU%/SCR TOT_SCR BL_RSN BL_SRC BL_TSTAMP BL_TIMEOUT(ms)
06-21 06:38:13.223 I/[ 1944.157068] [schedu][0x8b87701a2][06( 0): 38:13.223630] wlan: [1861:I:WMA] ============================================================================================================================
06-21 06:38:13.259 I/[ 1944.174860] [schedu][0x8b87c3b36][06( 0): 38:13.241459] wlan: [1861:I:WMA] 04:d9:f5:fb:09:94 [06:38:13.076000] 5200 P_AP 0 76/0 0/0 1791 0 0 [00:00:00.000000] 0
06-21 06:38:13.259 I/[ 1944.192199] [schedu][0x8b8814fb0][06( 0): 38:13.258798] wlan: [1861:I:WMA] [06:38:13.136000] [ROAM_RESULT]: VDEV[0] FAILED Reason: NO AP FOUND
06-21 06:38:16.434 E/[ 1947.360193] link_delay_work_func( 0): DTC_ETH: SQI=0, link=0
06-21 06:38:16.602 I/[ 1947.502553] [schedu][0x8bc4b22a5][06( 0): 38:16.569132] wlan: [1861:I:WMA] [06:38:13.185000] [ROAM_TRIGGER]: VDEV[0] Reason: "LOW RSSI" Sub-Reason: FULL SCAN Cur_Rssi threshold:81 Current AP RSSI: 76
06-21 06:38:16.602 I/[ 1947.520910] [schedu][0x8bc50840d][06( 0): 38:16.587498] wlan: [1861:I:WMA] [06:38:13.185000] [ROAM_SCAN]: VDEV[0] Scan_type: FULL next_rssi_threshold: 81 dBm
06-21 06:38:16.602 I/[ 1947.535395] [schedu][0x8bc54c2e8][06( 0): 38:16.601989] wlan: [1861:I:WMA] ============================================================================================================================
06-21 06:38:16.638 I/[ 1947.553581] [schedu][0x8bc5a1725][06( 0): 38:16.620178] wlan: [1861:I:WMA] AP BSSID TSTAMP CH TY ETP RSSI/SCR CU%/SCR TOT_SCR BL_RSN BL_SRC BL_TSTAMP BL_TIMEOUT(ms)
06-21 06:38:16.638 I/[ 1947.571368] [schedu][0x8bc5f4c9e][06( 0): 38:16.637957] wlan: [1861:I:WMA] ============================================================================================================================
06-21 06:38:16.673 I/[ 1947.589491] [schedu][0x8bc649c45][06( 0): 38:16.656087] wlan: [1861:I:WMA] 04:d9:f5:fb:09:94 [06:38:13.185000] 5200 P_AP 0 76/0 0/0 1791 0 0 [00:00:00.000000] 0
06-21 06:38:16.673 I/[ 1947.606864] [schedu][0x8bc69b37e][06( 0): 38:16.673462] wlan: [1861:I:WMA] [06:38:16.550000] [ROAM_RESULT]: VDEV[0] FAILED Reason: NO AP FOUND
06-21 06:38:16.745 I/[ 1947.670213] init( 0): starting service 'hht_ota_mgr_service'...
06-21 06:38:16.954 I/[ 1947.869683] init( 0): Service 'hht_ota_mgr_service' (pid 15952) exited with status 0
06-21 06:38:16.967 I/[ 1947.891946] init( 0): Sending signal 9 to service 'hht_ota_mgr_service' (pid 15952) process group...
06-21 06:38:16.977 I/[ 1947.902176] libprocessgroup( 0): Successfully killed process cgroup uid 0 pid 15952 in 0ms
06-21 06:38:20.646 I/JobServiceContext( 1164): Client timed out while executing (no jobFinished received). Sending onStop: 19081c0 #u0a105/532 com.smile.gifmaker/androidx.work.impl.background.systemjob.SystemJobService
06-21 06:38:20.700 D/CompatibilityChangeReporter( 1164): Compat change id reported: 168419799; UID 10105; state: DISABLED
06-21 06:38:21.558 E/[ 1952.480248] link_delay_work_func( 0): DTC_ETH: SQI=0, link=0
06-21 06:38:21.787 I/[ 1952.714588] init( 0): starting service 'hht_ota_mgr_service'...
06-21 06:38:21.994 I/[ 1952.908873] init( 0): Service 'hht_ota_mgr_service' (pid 15973) exited with status 0
06-21 06:38:22.008 I/[ 1952.932129] init( 0): Sending signal 9 to service 'hht_ota_mgr_service' (pid 15973) process group...
06-21 06:38:22.016 I/[ 1952.941537] libprocessgroup( 0): Successfully killed process cgroup uid 0 pid 15973 in 0ms
06-21 06:38:23.144 E/[ 1954.065592] [schedu][0x8c3cde71f][06( 0): 38:23.132179] wlan: [1861:E:PE] lim_process_addba_req: 1716: Failed to process addba request
06-21 06:38:26.410 I/[ 1957.333888] init( 0): processing action (sys.tlog.tlogdshc.active=1) from (/system/etc/init/tlogd.rc:195)
06-21 06:38:26.418 I/[ 1957.344318] init( 0): starting service 'tlogdshc'...
06-21 06:38:26.674 E/[ 1957.600165] link_delay_work_func( 0): DTC_ETH: SQI=0, link=0
06-21 06:38:26.778 I/[ 1957.700732] init( 0): Service 'tlogdshc' (pid 15998) exited with status 0 oneshot service took 0.341000 seconds in background
06-21 06:38:26.778 I/[ 1957.712094] init( 0): Sending signal 9 to service 'tlogdshc' (pid 15998) process group...
06-21 06:38:26.795 I/[ 1957.720526] libprocessgroup( 0): Successfully killed process cgroup uid 0 pid 15998 in 0ms
06-21 06:38:26.807 I/[ 1957.734201] init( 0): starting service 'hht_ota_mgr_service'...
06-21 06:38:27.015 I/[ 1957.931384] init( 0): Service 'hht_ota_mgr_service' (pid 16007) exited with status 0
06-21 06:38:27.030 I/[ 1957.954390] init( 0): Sending signal 9 to service 'hht_ota_mgr_service' (pid 16007) process group...
06-21 06:38:27.031 I/[ 1957.963714] libprocessgroup( 0): Successfully killed process cgroup uid 0 pid 16007 in 0ms
06-21 06:38:31.795 E/[ 1962.720456] link_delay_work_func( 0): DTC_ETH: SQI=0, link=0
06-21 06:38:31.843 I/[ 1962.753533] init( 0): starting service 'hht_ota_mgr_service'...
06-21 06:38:32.034 I/[ 1962.950526] init( 0): Service 'hht_ota_mgr_service' (pid 16029) exited with status 0
06-21 06:38:32.048 I/[ 1962.973008] init( 0): Sending signal 9 to service 'hht_ota_mgr_service' (pid 16029) process group...
06-21 06:38:32.057 I/[ 1962.982331] libprocessgroup( 0): Successfully killed process cgroup uid 0 pid 16029 in 0ms
06-21 06:38:36.849 I/[ 1967.776654] init( 0): starting service 'hht_ota_mgr_service'...
06-21 06:38:36.915 E/[ 1967.840312] link_delay_work_func( 0): DTC_ETH: SQI=0, link=0
06-21 06:38:37.042 I/[ 1967.959256] init( 0): Service 'hht_ota_mgr_service' (pid 16053) exited with status 0
06-21 06:38:37.059 I/[ 1967.983501] init( 0): Sending signal 9 to service 'hht_ota_mgr_service' (pid 16053) process group...
06-21 06:38:37.070 I/[ 1967.993386] libprocessgroup( 0): Successfully killed process cgroup uid 0 pid 16053 in 0ms
06-21 06:38:39.161 I/GameModeConfig( 1164): isGameModeOn = false
06-21 06:38:41.886 I/[ 1972.803343] init( 0): starting service 'hht_ota_mgr_service'...
06-21 06:38:42.034 E/[ 1972.960254] link_delay_work_func( 0): DTC_ETH: SQI=0, link=0
06-21 06:38:42.094 I/[ 1973.012257] init( 0): Service 'hht_ota_mgr_service' (pid 16071) exited with status 0
06-21 06:38:42.111 I/[ 1973.035465] init( 0): Sending signal 9 to service 'hht_ota_mgr_service' (pid 16071) process group...
06-21 06:38:42.120 I/[ 1973.045350] libprocessgroup( 0): Successfully killed process cgroup uid 0 pid 16071 in 0ms
06-21 06:38:42.601 D/ActivityManager( 1164): freezing 13071 com.tencent.mobileqq
06-21 06:38:42.609 E/ActivityManager( 1164): Unable to freeze binder for 13071 com.tencent.mobileqq
06-21 06:38:42.611 I/[ 1973.535238] binder( 0): 1164:1828 ioctl 400c620e 6f3e1fb5d8 returned -22
06-21 06:38:42.612 D/ActivityManager( 1164): froze 13071 com.tencent.mobileqq
06-21 06:38:42.620 E/ActivityManager( 1164): Unable to freeze binder for 13071 com.tencent.mobileqq
06-21 06:38:42.622 I/[ 1973.546038] binder( 0): 1164:1828 ioctl c00c620f 6f3e1fb5b8 returned -22
06-21 06:38:42.622 I/ActivityManager( 1164): Killing 13071:com.tencent.mobileqq/u0a117 (adj 925): Unable to freeze binder interface
06-21 06:38:46.910 I/[ 1977.838133] init( 0): starting service 'hht_ota_mgr_service'...
06-21 06:38:47.130 I/[ 1978.046064] init( 0): Service 'hht_ota_mgr_service' (pid 16095) exited with status 0
06-21 06:38:47.145 I/[ 1978.069824] init( 0): Sending signal 9 to service 'hht_ota_mgr_service' (pid 16095) process group...
06-21 06:38:47.154 I/[ 1978.079379] libprocessgroup( 0): Successfully killed process cgroup uid 0 pid 16095 in 0ms
06-21 06:38:47.154 E/[ 1978.080136] link_delay_work_func( 0): DTC_ETH: SQI=0, link=0
06-21 06:38:48.821 I/[ 1979.722774] [schedu][0x8e12aa750][06( 0): 38:48.789355] wlan: [1861:I:WMA] [06:38:48.716000] [ROAM_TRIGGER]: VDEV[0] Reason: "LOW RSSI" Cur_Rssi threshold:81 Current AP RSSI: 76
06-21 06:38:48.821 I/[ 1979.739782] [schedu][0x8e12fa3a0][06( 0): 38:48.806372] wlan: [1861:I:WMA] [06:38:48.716000] [ROAM_SCAN]: VDEV[0] Scan_type: PARTIAL next_rssi_threshold: 81 dBm {5200 }
06-21 06:38:48.821 I/[ 1979.755053] [schedu][0x8e1341cf2][06( 0): 38:48.821643] wlan: [1861:I:WMA] ============================================================================================================================
06-21 06:38:48.857 I/[ 1979.773277] [schedu][0x8e13973f3][06( 0): 38:48.839869] wlan: [1861:I:WMA] AP BSSID TSTAMP CH TY ETP RSSI/SCR CU%/SCR TOT_SCR BL_RSN BL_SRC BL_TSTAMP BL_TIMEOUT(ms)
06-21 06:38:48.858 I/[ 1979.791061] [schedu][0x8e13eaa2d][06( 0): 38:48.857658] wlan: [1861:I:WMA] ============================================================================================================================
06-21 06:38:48.858 I/[ 1979.791072] [schedu][0x8e13eab0b][06( 0): 38:48.857670] wlan: [1861:I:WMA] 04:d9:f5:fb:09:94 [06:38:48.716000] 5200 P_AP 0 76/0 0/0 1791 0 0 [00:00:00.000000] 0
06-21 06:38:48.922 I/[ 1979.843273] [schedu][0x8e14df63a][06( 0): 38:48.909872] wlan: [1861:I:WMA] [06:38:48.776000] [ROAM_RESULT]: VDEV[0] FAILED Reason: NO AP FOUND
06-21 06:38:49.136 W/ActivityManager( 1164): Background start not allowed: service Intent { cmp=com.tencent.android.qqdownloader/com.tencent.assistant.sdk.SDKSupportService (has extras) } to com.tencent.android.qqdownloader/com.tencent.assistant.sdk.SDKSupportService from pid=3329 uid=10115 pkg=com.tencent.android.qqdownloader startFg?=false
06-21 06:38:49.158 W/ActivityManager( 1164): Background start not allowed: service Intent { cmp=com.tencent.android.qqdownloader/com.tencent.assistant.sdk.SDKSupportService (has extras) } to com.tencent.android.qqdownloader/com.tencent.assistant.sdk.SDKSupportService from pid=3329 uid=10115 pkg=com.tencent.android.qqdownloader startFg?=false
06-21 06:38:49.211 W/ActivityManager( 1164): Background start not allowed: service Intent { cmp=com.tencent.android.qqdownloader/com.tencent.assistant.sdk.SDKSupportService (has extras) } to com.tencent.android.qqdownloader/com.tencent.assistant.sdk.SDKSupportService from pid=3329 uid=10115 pkg=com.tencent.android.qqdownloader startFg?=false
06-21 06:38:49.224 W/ActivityManager( 1164): Background start not allowed: service Intent { cmp=com.tencent.android.qqdownloader/com.tencent.assistant.sdk.SDKSupportService (has extras) } to com.tencent.android.qqdownloader/com.tencent.assistant.sdk.SDKSupportService from pid=3329 uid=10115 pkg=com.tencent.android.qqdownloader startFg?=false
06-21 06:38:51.951 I/[ 1982.878237] init( 0): starting service 'hht_ota_mgr_service'...
06-21 06:38:52.162 I/[ 1983.078967] init( 0): Service 'hht_ota_mgr_service' (pid 16117) exited with status 0
06-21 06:38:52.178 I/[ 1983.102683] init( 0): Sending signal 9 to service 'hht_ota_mgr_service' (pid 16117) process group...
06-21 06:38:52.188 I/[ 1983.112661] libprocessgroup( 0): Successfully killed process cgroup uid 0 pid 16117 in 0ms
06-21 06:38:52.275 E/[ 1983.200265] link_delay_work_func( 0): DTC_ETH: SQI=0, link=0
06-21 06:38:56.413 I/[ 1987.337397] init( 0): processing action (sys.tlog.tlogdshc.active=1) from (/system/etc/init/tlogd.rc:195)
06-21 06:38:56.423 I/[ 1987.348387] init( 0): starting service 'tlogdshc'...
06-21 06:38:56.779 I/[ 1987.692636] init( 0): Service 'tlogdshc' (pid 16137) exited with status 0 oneshot service took 0.317000 seconds in background
06-21 06:38:56.779 I/[ 1987.704343] init( 0): Sending signal 9 to service 'tlogdshc' (pid 16137) process group...
06-21 06:38:56.788 I/[ 1987.713437] libprocessgroup( 0): Successfully killed process cgroup uid 0 pid 16137 in 0ms
06-21 06:38:56.995 I/[ 1987.921652] init( 0): starting service 'hht_ota_mgr_service'...
06-21 06:38:57.216 I/[ 1988.131112] init( 0): Service 'hht_ota_mgr_service' (pid 16150) exited with status 0
06-21 06:38:57.230 I/[ 1988.154569] init( 0): Sending signal 9 to service 'hht_ota_mgr_service' (pid 16150) process group...
06-21 06:38:57.243 I/[ 1988.164445] libprocessgroup( 0): Successfully killed process cgroup uid 0 pid 16150 in 0ms
06-21 06:38:57.395 E/[ 1988.320422] link_delay_work_func( 0): DTC_ETH: SQI=0, link=0
06-21 06:39:02.038 I/[ 1992.965570] init( 0): starting service 'hht_ota_mgr_service'...
06-21 06:39:02.242 I/[ 1993.158119] init( 0): Service 'hht_ota_mgr_service' (pid 16172) exited with status 0
06-21 06:39:02.256 I/[ 1993.181235] init( 0): Sending signal 9 to service 'hht_ota_mgr_service' (pid 16172) process group...
06-21 06:39:02.266 I/[ 1993.190948] libprocessgroup( 0): Successfully killed process cgroup uid 0 pid 16172 in 0ms
06-21 06:39:02.514 E/[ 1993.440143] link_delay_work_func( 0): DTC_ETH: SQI=0, link=0
06-21 06:39:07.066 I/[ 1997.993566] init( 0): starting service 'hht_ota_mgr_service'...
06-21 06:39:07.270 I/[ 1998.182679] init( 0): Service 'hht_ota_mgr_service' (pid 16194) exited with status 0
06-21 06:39:07.282 I/[ 1998.206451] init( 0): Sending signal 9 to service 'hht_ota_mgr_service' (pid 16194) process group...
06-21 06:39:07.294 I/[ 1998.216178] libprocessgroup( 0): Successfully killed process cgroup uid 0 pid 16194 in 0ms
06-21 06:39:07.635 E/[ 1998.560213] link_delay_work_func( 0): DTC_ETH: SQI=0, link=0
06-21 06:39:12.098 I/[ 2003.024944] init( 0): starting service 'hht_ota_mgr_service'...
06-21 06:39:12.318 I/[ 2003.227607] init( 0): Service 'hht_ota_mgr_service' (pid 16215) exited with status 0
06-21 06:39:12.318 I/[ 2003.251512] init( 0): Sending signal 9 to service 'hht_ota_mgr_service' (pid 16215) process group...
06-21 06:39:12.336 I/[ 2003.261776] libprocessgroup( 0): Successfully killed process cgroup uid 0 pid 16215 in 0ms
06-21 06:39:12.755 E/[ 2003.680441] link_delay_work_func( 0): DTC_ETH: SQI=0, link=0
06-21 06:39:17.135 I/[ 2008.061511] init( 0): starting service 'hht_ota_mgr_service'...
06-21 06:39:17.338 I/[ 2008.252891] init( 0): Service 'hht_ota_mgr_service' (pid 16239) exited with status 0
06-21 06:39:17.354 I/[ 2008.278373] init( 0): Sending signal 9 to service 'hht_ota_mgr_service' (pid 16239) process group...
06-21 06:39:17.354 I/[ 2008.287734] libprocessgroup( 0): Successfully killed process cgroup uid 0 pid 16239 in 0ms
06-21 06:39:17.874 E/[ 2008.800227] link_delay_work_func( 0): DTC_ETH: SQI=0, link=0
06-21 06:39:22.159 I/[ 2013.086642] init( 0): starting service 'hht_ota_mgr_service'...
06-21 06:39:22.374 I/[ 2013.305541] init( 0): Service 'hht_ota_mgr_service' (pid 16260) exited with status 0
06-21 06:39:22.389 I/[ 2013.313891] init( 0): Sending signal 9 to service 'hht_ota_mgr_service' (pid 16260) process group...
06-21 06:39:22.404 I/[ 2013.328917] libprocessgroup( 0): Successfully killed process cgroup uid 0 pid 16260 in 0ms
06-21 06:39:22.995 E/[ 2013.920290] link_delay_work_func( 0): DTC_ETH: SQI=0, link=0
06-21 06:39:24.129 E/[ 2015.049757] [schedu][0x909985b5b][06( 0): 39:24.116342] wlan: [1861:E:PE] lim_process_addba_req: 1716: Failed to process addba request
06-21 06:39:26.424 I/[ 2017.348136] init( 0): processing action (sys.tlog.tlogdshc.active=1) from (/system/etc/init/tlogd.rc:195)
06-21 06:39:26.438 I/[ 2017.359232] init( 0): starting service 'tlogdshc'...
06-21 06:39:26.789 I/[ 2017.710850] init( 0): Service 'tlogdshc' (pid 16281) exited with status 0 oneshot service took 0.323000 seconds in background
06-21 06:39:26.789 I/[ 2017.722405] init( 0): Sending signal 9 to service 'tlogdshc' (pid 16281) process group...
06-21 06:39:26.806 I/[ 2017.731475] libprocessgroup( 0): Successfully killed process cgroup uid 0 pid 16281 in 0ms
06-21 06:39:27.182 I/[ 2018.102504] init( 0): starting service 'hht_ota_mgr_service'...
06-21 06:39:27.390 I/[ 2018.307163] init( 0): Service 'hht_ota_mgr_service' (pid 16294) exited with status 0
06-21 06:39:27.406 I/[ 2018.330221] init( 0): Sending signal 9 to service 'hht_ota_mgr_service' (pid 16294) process group...
06-21 06:39:27.406 I/[ 2018.340115] libprocessgroup( 0): Successfully killed process cgroup uid 0 pid 16294 in 0ms
06-21 06:39:28.114 E/[ 2019.040350] link_delay_work_func( 0): DTC_ETH: SQI=0, link=0
06-21 06:39:32.210 I/[ 2023.136648] init( 0): starting service 'hht_ota_mgr_service'...
06-21 06:39:32.422 I/[ 2023.336920] init( 0): Service 'hht_ota_mgr_service' (pid 16316) exited with status 0
06-21 06:39:32.436 I/[ 2023.360354] init( 0): Sending signal 9 to service 'hht_ota_mgr_service' (pid 16316) process group...
06-21 06:39:32.445 I/[ 2023.369748] libprocessgroup( 0): Successfully killed process cgroup uid 0 pid 16316 in 0ms
06-21 06:39:33.238 E/[ 2024.160485] link_delay_work_func( 0): DTC_ETH: SQI=0, link=0
06-21 06:39:37.250 I/[ 2028.177977] init( 0): starting service 'hht_ota_mgr_service'...
06-21 06:39:37.458 I/[ 2028.375164] init( 0): Service 'hht_ota_mgr_service' (pid 16336) exited with status 0
06-21 06:39:37.476 I/[ 2028.399919] init( 0): Sending signal 9 to service 'hht_ota_mgr_service' (pid 16336) process group...
06-21 06:39:37.485 I/[ 2028.410227] libprocessgroup( 0): Successfully killed process cgroup uid 0 pid 16336 in 0ms
06-21 06:39:38.371 E/[ 2029.280160] link_delay_work_func( 0): DTC_ETH: SQI=0, link=0
06-21 06:39:40.647 I/GameModeConfig( 1164): isGameModeOn = false
06-21 06:39:42.276 I/[ 2033.203627] init( 0): starting service 'hht_ota_mgr_service'...
06-21 06:39:42.491 I/[ 2033.405179] init( 0): Service 'hht_ota_mgr_service' (pid 16358) exited with status 0
06-21 06:39:42.494 I/[ 2033.428203] init( 0): Sending signal 9 to service 'hht_ota_mgr_service' (pid 16358) process group...
06-21 06:39:42.513 I/[ 2033.438337] libprocessgroup( 0): Successfully killed process cgroup uid 0 pid 16358 in 0ms
06-21 06:39:43.475 E/[ 2034.400330] link_delay_work_func( 0): DTC_ETH: SQI=0, link=0
06-21 06:39:44.424 W/ActivityManager( 1164): Background start not allowed: service Intent { cmp=com.tencent.android.qqdownloader/com.tencent.assistant.sdk.SDKSupportService (has extras) } to com.tencent.android.qqdownloader/com.tencent.assistant.sdk.SDKSupportService from pid=3329 uid=10115 pkg=com.tencent.android.qqdownloader startFg?=false
