06-21 06:07:04.874 W/ActivityManager( 1164): Background start not allowed: service Intent { cmp=com.tencent.android.qqdownloader/com.tencent.assistant.main.MainService } to com.tencent.android.qqdownloader/com.tencent.assistant.main.MainService from pid=3563 uid=10115 pkg=com.tencent.android.qqdownloader startFg?=false
06-21 06:07:04.877 W/ActivityManager( 1164): Background start not allowed: service Intent { cmp=com.tencent.android.qqdownloader/com.tencent.assistant.main.MainService } to com.tencent.android.qqdownloader/com.tencent.assistant.main.MainService from pid=3563 uid=10115 pkg=com.tencent.android.qqdownloader startFg?=false
06-21 06:07:04.884 W/ActivityManager( 1164): Background start not allowed: service Intent { cmp=com.tencent.android.qqdownloader/com.tencent.assistant.main.MainService } to com.tencent.android.qqdownloader/com.tencent.assistant.main.MainService from pid=3563 uid=10115 pkg=com.tencent.android.qqdownloader startFg?=false
06-21 06:07:04.889 W/ActivityManager( 1164): Background start not allowed: service Intent { cmp=com.tencent.android.qqdownloader/com.tencent.assistant.main.MainService } to com.tencent.android.qqdownloader/com.tencent.assistant.main.MainService from pid=3563 uid=10115 pkg=com.tencent.android.qqdownloader startFg?=false
06-21 06:07:04.896 W/ActivityManager( 1164): Background start not allowed: service Intent { cmp=com.tencent.android.qqdownloader/com.tencent.assistant.main.MainService } to com.tencent.android.qqdownloader/com.tencent.assistant.main.MainService from pid=3563 uid=10115 pkg=com.tencent.android.qqdownloader startFg?=false
06-21 06:07:04.902 W/ActivityManager( 1164): Background start not allowed: service Intent { cmp=com.tencent.android.qqdownloader/com.tencent.assistant.main.MainService } to com.tencent.android.qqdownloader/com.tencent.assistant.main.MainService from pid=3563 uid=10115 pkg=com.tencent.android.qqdownloader startFg?=false
06-21 06:07:04.908 W/ActivityManager( 1164): Background start not allowed: service Intent { cmp=com.tencent.android.qqdownloader/com.tencent.assistant.main.MainService } to com.tencent.android.qqdownloader/com.tencent.assistant.main.MainService from pid=3563 uid=10115 pkg=com.tencent.android.qqdownloader startFg?=false
06-21 06:07:04.914 W/ActivityManager( 1164): Background start not allowed: service Intent { cmp=com.tencent.android.qqdownloader/com.tencent.assistant.main.MainService } to com.tencent.android.qqdownloader/com.tencent.assistant.main.MainService from pid=3563 uid=10115 pkg=com.tencent.android.qqdownloader startFg?=false
06-21 06:07:04.920 W/ActivityManager( 1164): Background start not allowed: service Intent { cmp=com.tencent.android.qqdownloader/com.tencent.assistant.main.MainService } to com.tencent.android.qqdownloader/com.tencent.assistant.main.MainService from pid=3563 uid=10115 pkg=com.tencent.android.qqdownloader startFg?=false
06-21 06:07:04.924 W/ActivityManager( 1164): Background start not allowed: service Intent { cmp=com.tencent.android.qqdownloader/com.tencent.assistant.main.MainService } to com.tencent.android.qqdownloader/com.tencent.assistant.main.MainService from pid=3563 uid=10115 pkg=com.tencent.android.qqdownloader startFg?=false
06-21 06:07:04.928 W/ActivityManager( 1164): Background start not allowed: service Intent { cmp=com.tencent.android.qqdownloader/com.tencent.assistant.main.MainService } to com.tencent.android.qqdownloader/com.tencent.assistant.main.MainService from pid=3563 uid=10115 pkg=com.tencent.android.qqdownloader startFg?=false
06-21 06:07:04.931 W/ActivityManager( 1164): Background start not allowed: service Intent { cmp=com.tencent.android.qqdownloader/com.tencent.assistant.main.MainService } to com.tencent.android.qqdownloader/com.tencent.assistant.main.MainService from pid=3563 uid=10115 pkg=com.tencent.android.qqdownloader startFg?=false
06-21 06:07:04.935 W/ActivityManager( 1164): Background start not allowed: service Intent { cmp=com.tencent.android.qqdownloader/com.tencent.assistant.main.MainService } to com.tencent.android.qqdownloader/com.tencent.assistant.main.MainService from pid=3563 uid=10115 pkg=com.tencent.android.qqdownloader startFg?=false
06-21 06:07:04.938 W/ActivityManager( 1164): Background start not allowed: service Intent { cmp=com.tencent.android.qqdownloader/com.tencent.assistant.main.MainService } to com.tencent.android.qqdownloader/com.tencent.assistant.main.MainService from pid=3563 uid=10115 pkg=com.tencent.android.qqdownloader startFg?=false
06-21 06:07:04.942 W/ActivityManager( 1164): Background start not allowed: service Intent { cmp=com.tencent.android.qqdownloader/com.tencent.assistant.main.MainService } to com.tencent.android.qqdownloader/com.tencent.assistant.main.MainService from pid=3563 uid=10115 pkg=com.tencent.android.qqdownloader startFg?=false
06-21 06:07:04.944 W/ActivityManager( 1164): Background start not allowed: service Intent { cmp=com.tencent.android.qqdownloader/com.tencent.assistant.main.MainService } to com.tencent.android.qqdownloader/com.tencent.assistant.main.MainService from pid=3563 uid=10115 pkg=com.tencent.android.qqdownloader startFg?=false
06-21 06:07:04.949 W/ActivityManager( 1164): Background start not allowed: service Intent { cmp=com.tencent.android.qqdownloader/com.tencent.assistant.main.MainService } to com.tencent.android.qqdownloader/com.tencent.assistant.main.MainService from pid=3563 uid=10115 pkg=com.tencent.android.qqdownloader startFg?=false
06-21 06:07:04.957 W/ActivityManager( 1164): Background start not allowed: service Intent { cmp=com.tencent.android.qqdownloader/com.tencent.assistant.main.MainService } to com.tencent.android.qqdownloader/com.tencent.assistant.main.MainService from pid=3563 uid=10115 pkg=com.tencent.android.qqdownloader startFg?=false
06-21 06:07:04.961 W/ActivityManager( 1164): Background start not allowed: service Intent { cmp=com.tencent.android.qqdownloader/com.tencent.assistant.main.MainService } to com.tencent.android.qqdownloader/com.tencent.assistant.main.MainService from pid=3563 uid=10115 pkg=com.tencent.android.qqdownloader startFg?=false
06-21 06:07:04.965 W/ActivityManager( 1164): Background start not allowed: service Intent { cmp=com.tencent.android.qqdownloader/com.tencent.assistant.main.MainService } to com.tencent.android.qqdownloader/com.tencent.assistant.main.MainService from pid=3563 uid=10115 pkg=com.tencent.android.qqdownloader startFg?=false
06-21 06:07:04.971 W/ActivityManager( 1164): Background start not allowed: service Intent { cmp=com.tencent.android.qqdownloader/com.tencent.assistant.main.MainService } to com.tencent.android.qqdownloader/com.tencent.assistant.main.MainService from pid=3563 uid=10115 pkg=com.tencent.android.qqdownloader startFg?=false
06-21 06:07:04.978 W/ActivityManager( 1164): Background start not allowed: service Intent { cmp=com.tencent.android.qqdownloader/com.tencent.assistant.main.MainService } to com.tencent.android.qqdownloader/com.tencent.assistant.main.MainService from pid=3563 uid=10115 pkg=com.tencent.android.qqdownloader startFg?=false
06-21 06:07:04.985 W/ActivityManager( 1164): Background start not allowed: service Intent { cmp=com.tencent.android.qqdownloader/com.tencent.assistant.main.MainService } to com.tencent.android.qqdownloader/com.tencent.assistant.main.MainService from pid=3563 uid=10115 pkg=com.tencent.android.qqdownloader startFg?=false
06-21 06:07:04.988 W/ActivityManager( 1164): Background start not allowed: service Intent { cmp=com.tencent.android.qqdownloader/com.tencent.assistant.main.MainService } to com.tencent.android.qqdownloader/com.tencent.assistant.main.MainService from pid=3563 uid=10115 pkg=com.tencent.android.qqdownloader startFg?=false
06-21 06:07:04.997 W/ActivityManager( 1164): Background start not allowed: service Intent { cmp=com.tencent.android.qqdownloader/com.tencent.assistant.main.MainService } to com.tencent.android.qqdownloader/com.tencent.assistant.main.MainService from pid=3563 uid=10115 pkg=com.tencent.android.qqdownloader startFg?=false
06-21 06:07:05.000 W/ActivityManager( 1164): Background start not allowed: service Intent { cmp=com.tencent.android.qqdownloader/com.tencent.assistant.main.MainService } to com.tencent.android.qqdownloader/com.tencent.assistant.main.MainService from pid=3563 uid=10115 pkg=com.tencent.android.qqdownloader startFg?=false
06-21 06:07:05.008 W/ActivityManager( 1164): Background start not allowed: service Intent { cmp=com.tencent.android.qqdownloader/com.tencent.assistant.main.MainService } to com.tencent.android.qqdownloader/com.tencent.assistant.main.MainService from pid=3563 uid=10115 pkg=com.tencent.android.qqdownloader startFg?=false
06-21 06:07:05.012 W/ActivityManager( 1164): Background start not allowed: service Intent { cmp=com.tencent.android.qqdownloader/com.tencent.assistant.main.MainService } to com.tencent.android.qqdownloader/com.tencent.assistant.main.MainService from pid=3563 uid=10115 pkg=com.tencent.android.qqdownloader startFg?=false
06-21 06:07:05.025 W/ActivityManager( 1164): Background start not allowed: service Intent { cmp=com.tencent.android.qqdownloader/com.tencent.assistant.main.MainService } to com.tencent.android.qqdownloader/com.tencent.assistant.main.MainService from pid=3563 uid=10115 pkg=com.tencent.android.qqdownloader startFg?=false
06-21 06:07:05.036 W/ActivityManager( 1164): Background start not allowed: service Intent { cmp=com.tencent.android.qqdownloader/com.tencent.assistant.main.MainService } to com.tencent.android.qqdownloader/com.tencent.assistant.main.MainService from pid=3563 uid=10115 pkg=com.tencent.android.qqdownloader startFg?=false
06-21 06:07:05.040 W/ActivityManager( 1164): Background start not allowed: service Intent { cmp=com.tencent.android.qqdownloader/com.tencent.assistant.main.MainService } to com.tencent.android.qqdownloader/com.tencent.assistant.main.MainService from pid=3563 uid=10115 pkg=com.tencent.android.qqdownloader startFg?=false
06-21 06:07:05.042 W/ActivityManager( 1164): Background start not allowed: service Intent { cmp=com.tencent.android.qqdownloader/com.tencent.assistant.main.MainService } to com.tencent.android.qqdownloader/com.tencent.assistant.main.MainService from pid=3563 uid=10115 pkg=com.tencent.android.qqdownloader startFg?=false
06-21 06:07:05.045 W/ActivityManager( 1164): Background start not allowed: service Intent { cmp=com.tencent.android.qqdownloader/com.tencent.assistant.main.MainService } to com.tencent.android.qqdownloader/com.tencent.assistant.main.MainService from pid=3563 uid=10115 pkg=com.tencent.android.qqdownloader startFg?=false
06-21 06:07:05.415 W/ActivityManager( 1164): Unable to start service Intent { act=android.intent.action.START_LEBO_SERVICE pkg=com.hpplay.happyplay.aw } U=0: not found
06-21 06:07:06.048 W/ActivityManager( 1164): Background start not allowed: service Intent { cmp=com.tencent.android.qqdownloader/com.tencent.assistant.main.MainService } to com.tencent.android.qqdownloader/com.tencent.assistant.main.MainService from pid=3563 uid=10115 pkg=com.tencent.android.qqdownloader startFg?=false
06-21 06:07:06.052 W/ActivityManager( 1164): Background start not allowed: service Intent { cmp=com.tencent.android.qqdownloader/com.tencent.assistant.main.MainService } to com.tencent.android.qqdownloader/com.tencent.assistant.main.MainService from pid=3563 uid=10115 pkg=com.tencent.android.qqdownloader startFg?=false
06-21 06:07:06.054 W/ActivityManager( 1164): Background start not allowed: service Intent { cmp=com.tencent.android.qqdownloader/com.tencent.assistant.main.MainService } to com.tencent.android.qqdownloader/com.tencent.assistant.main.MainService from pid=3563 uid=10115 pkg=com.tencent.android.qqdownloader startFg?=false
06-21 06:07:06.059 W/ActivityManager( 1164): Background start not allowed: service Intent { cmp=com.tencent.android.qqdownloader/com.tencent.assistant.main.MainService } to com.tencent.android.qqdownloader/com.tencent.assistant.main.MainService from pid=3563 uid=10115 pkg=com.tencent.android.qqdownloader startFg?=false
06-21 06:07:06.603 I/GameModeConfig( 1164): isGameModeOn = false
06-21 06:07:06.603 I/GameModeConfig( 1164): isGameModeOn = false
06-21 06:07:06.603 I/GameModeConfig( 1164): isGameModeOn = false
06-21 06:07:06.604 I/GameModeConfig( 1164): isGameModeOn = false
06-21 06:07:07.634 E/[ 78.560296] link_delay_work_func( 0): DTC_ETH: SQI=0, link=0
06-21 06:07:07.894 E/ ( 0): [ 78.816187] thermal cooling_device4: DTC_Fan: ERROR, avg(0) out of range(2520, 4200)
at stat(2)
06-21 06:07:08.285 W/[ 79.214787] audit( 0): audit_lost=426 audit_rate_limit=5 audit_backlog_limit=64
06-21 06:07:08.286 E/[ 79.214796] audit( 0): rate limit exceeded
06-21 06:07:08.750 W/ActivityManager( 1164): Unable to start service Intent { act=android.intent.action.START_LEBO_SERVICE pkg=com.hpplay.happyplay.aw } U=0: not found
06-21 06:07:09.252 D/CompatibilityChangeReporter( 1164): Compat change id reported: 168419799; UID 10052; state: DISABLED
06-21 06:07:09.256 D/CompatibilityChangeReporter( 1164): Compat change id reported: 171306433; UID 10069; state: ENABLED
06-21 06:07:09.279 D/CompatibilityChangeReporter( 1164): Compat change id reported: 168419799; UID 10067; state: DISABLED
06-21 06:07:09.293 D/CompatibilityChangeReporter( 1164): Compat change id reported: 168419799; UID 10072; state: DISABLED
06-21 06:07:09.303 D/CompatibilityChangeReporter( 1164): Compat change id reported: 168419799; UID 10079; state: DISABLED
06-21 06:07:09.311 D/CompatibilityChangeReporter( 1164): Compat change id reported: 168419799; UID 10082; state: DISABLED
06-21 06:07:09.317 D/CompatibilityChangeReporter( 1164): Compat change id reported: 135634846; UID 10057; state: DISABLED
06-21 06:07:09.318 D/CompatibilityChangeReporter( 1164): Compat change id reported: 143937733; UID 10057; state: DISABLED
06-21 06:07:09.370 W/ActivityManager( 1164): Slow operation: 53ms so far, now at startProcess: returned from zygote!
06-21 06:07:09.370 W/ActivityManager( 1164): Slow operation: 53ms so far, now at startProcess: done updating battery stats
06-21 06:07:09.370 W/ActivityManager( 1164): Slow operation: 53ms so far, now at startProcess: building log message
06-21 06:07:09.370 I/ActivityManager( 1164): Start proc 4970:com.qualcomm.qti.qms.service.connectionsecurity/u0a57 for broadcast {com.qualcomm.qti.qms.service.connectionsecurity/com.qualcomm.qti.qms.service.connectionsecurity.ConnSecBroadcastReceiver}
06-21 06:07:09.370 W/ActivityManager( 1164): Slow operation: 53ms so far, now at startProcess: starting to update pids map
06-21 06:07:09.370 W/ActivityManager( 1164): Slow operation: 54ms so far, now at startProcess: done updating pids map
06-21 06:07:09.399 I/[ 80.322618] init( 0): starting service 'hht_ota_mgr_service'...
06-21 06:07:09.435 I/[ 80.366815] binder( 0): 4970:4970 ioctl 40046210 ffa1bb98 returned -22
06-21 06:07:09.448 D/CompatibilityChangeReporter( 1164): Compat change id reported: 168419799; UID 10057; state: DISABLED
06-21 06:07:09.463 I/ActivityManager( 1164): Process com.qti.ltebc (pid 4730) has died: cch+5 CEM
06-21 06:07:09.530 I/GameModeConfig( 1164): isGameModeOn = false
06-21 06:07:09.631 I/[ 80.561991] init( 0): Service 'hht_ota_mgr_service' (pid 4971) exited with status 0
06-21 06:07:09.631 I/[ 80.562012] init( 0): Sending signal 9 to service 'hht_ota_mgr_service' (pid 4971) process group...
06-21 06:07:09.631 I/[ 80.562285] libprocessgroup( 0): Successfully killed process cgroup uid 0 pid 4971 in 0ms
06-21 06:07:09.645 D/CompatibilityChangeReporter( 1164): Compat change id reported: 168419799; UID 10080; state: DISABLED
06-21 06:07:09.651 I/[ 80.584295] binder( 0): 3129:3129 ioctl 40046210 7fd1008294 returned -22
06-21 06:07:09.663 D/CompatibilityChangeReporter( 1164): Compat change id reported: 168419799; UID 10081; state: DISABLED
06-21 06:07:09.730 D/CompatibilityChangeReporter( 1164): Compat change id reported: 135634846; UID 10105; state: DISABLED
06-21 06:07:09.731 D/CompatibilityChangeReporter( 1164): Compat change id reported: 143937733; UID 10105; state: DISABLED
06-21 06:07:09.735 W/ContextImpl( 2117): Calling a method in the system process without a qualified user: android.app.ContextImpl.startService:1816 android.content.ContextWrapper.startService:774 com.thundercomm.gamemode.ingame.services.GameModeActionUtils.startGameModeService:118 com.thundercomm.gamemode.ingame.services.GameModeActionUtils.startGameModeEntry:29 com.thundercomm.gamemode.ingame.services.ActivityMonitoringService$1.onActivityLaunch:140
06-21 06:07:09.742 I/[ 80.674436] binder( 0): 2117:2117 ioctl 40046210 7fd1007724 returned -22
06-21 06:07:09.740 I/GameModeConfig( 1164): Current uri is uri = content://com.thundercomm.gamemode.api/gamemode_settings/gamemode_isgaming
06-21 06:07:09.746 I/GameModeConfig( 1164): isGameModeOn = false
06-21 06:07:09.746 I/GameModeConfig( 1164): isGameModeOn = false
06-21 06:07:09.747 I/GameModeConfig( 1164): isDisableVoice = true
06-21 06:07:09.747 I/GameModeConfig( 1164): isGameModeOn = false
06-21 06:07:09.747 I/GameModeConfig( 1164): isGameModeOn = false
06-21 06:07:09.747 I/GameModeConfig( 1164): isGameModeOn = false
06-21 06:07:09.748 I/GameModeConfig( 1164): isGameModeOn = false
06-21 06:07:09.748 I/GameModeConfig( 1164): isGameModeOn = false
06-21 06:07:09.782 W/ActivityManager( 1164): Slow operation: 53ms so far, now at startProcess: returned from zygote!
06-21 06:07:09.783 W/ActivityManager( 1164): Slow operation: 53ms so far, now at startProcess: done updating battery stats
06-21 06:07:09.783 W/ActivityManager( 1164): Slow operation: 53ms so far, now at startProcess: building log message
06-21 06:07:09.783 I/ActivityManager( 1164): Start proc 5008:com.smile.gifmaker/u0a105 for broadcast {com.smile.gifmaker/androidx.work.impl.background.systemalarm.RescheduleReceiver}
06-21 06:07:09.783 W/ActivityManager( 1164): Slow operation: 53ms so far, now at startProcess: starting to update pids map
06-21 06:07:09.783 W/ActivityManager( 1164): Slow operation: 53ms so far, now at startProcess: done updating pids map
06-21 06:07:09.826 I/[ 80.758653] binder( 0): 5008:5008 ioctl 40046210 ffa1bb98 returned -22
06-21 06:07:09.837 D/CompatibilityChangeReporter( 1164): Compat change id reported: 168419799; UID 10105; state: DISABLED
06-21 06:07:11.550 I/[ 82.483211] perf( 0): interrupt took too long (2512 > 2500), lowering kernel.perf_event_max_sample_rate to 79500
06-21 06:07:12.762 E/[ 83.680230] link_delay_work_func( 0): DTC_ETH: SQI=0, link=0
06-21 06:07:13.193 W/Looper ( 5008): Loop again would have the queued messages be executed before this one completed.
06-21 06:07:13.631 I/ActivityManager( 1164): Waited long enough for: ServiceRecord{b990cb5 u0 com.qti.diagservices/.QTIDiagServices}
06-21 06:07:13.923 D/CompatibilityChangeReporter( 1164): Compat change id reported: 135634846; UID 10115; state: DISABLED
06-21 06:07:13.923 D/CompatibilityChangeReporter( 1164): Compat change id reported: 177438394; UID 10115; state: DISABLED
06-21 06:07:13.924 D/CompatibilityChangeReporter( 1164): Compat change id reported: 135772972; UID 10115; state: DISABLED
06-21 06:07:13.924 D/CompatibilityChangeReporter( 1164): Compat change id reported: 135754954; UID 10115; state: DISABLED
06-21 06:07:13.925 D/CompatibilityChangeReporter( 1164): Compat change id reported: 143937733; UID 10115; state: DISABLED
06-21 06:07:14.012 W/ActivityManager( 1164): Slow operation: 91ms so far, now at startProcess: returned from zygote!
06-21 06:07:14.013 W/ActivityManager( 1164): Slow operation: 91ms so far, now at startProcess: done updating battery stats
06-21 06:07:14.013 W/ActivityManager( 1164): Slow operation: 91ms so far, now at startProcess: building log message
06-21 06:07:14.013 I/ActivityManager( 1164): Start proc 5147:com.tencent.ilink.ServiceProcess/u0a115 for service {com.tencent.android.qqdownloader/com.tencent.luggage.services.WxaStartUpService}
06-21 06:07:14.013 W/ActivityManager( 1164): Slow operation: 92ms so far, now at startProcess: starting to update pids map
06-21 06:07:14.014 W/ActivityManager( 1164): Slow operation: 92ms so far, now at startProcess: done updating pids map
06-21 06:07:14.119 I/[ 85.048953] binder( 0): 5147:5147 ioctl 40046210 7fd1008be4 returned -22
06-21 06:07:14.131 W/[ 85.059985] audit( 0): audit_lost=447 audit_rate_limit=5 audit_backlog_limit=64
06-21 06:07:14.131 E/[ 85.060010] audit( 0): rate limit exceeded
06-21 06:07:14.132 D/CompatibilityChangeReporter( 1164): Compat change id reported: 168419799; UID 10115; state: DISABLED
06-21 06:07:14.414 I/[ 85.342587] init( 0): starting service 'hht_ota_mgr_service'...
06-21 06:07:14.723 I/[ 85.653806] binder( 0): 2316:5188 ioctl 40046210 6fea5a7ef4 returned -22
06-21 06:07:14.937 I/[ 85.867622] init( 0): Service 'hht_ota_mgr_service' (pid 5182) exited with status 0
06-21 06:07:14.937 I/[ 85.867703] init( 0): Sending signal 9 to service 'hht_ota_mgr_service' (pid 5182) process group...
06-21 06:07:14.937 I/[ 85.868750] libprocessgroup( 0): Successfully killed process cgroup uid 0 pid 5182 in 0ms
06-21 06:07:15.086 I/[ 86.019577] init( 0): processing action (sys.tlog.pstore.active=1) from (/system/etc/init/tlogd.rc:134)
06-21 06:07:15.090 I/[ 86.023666] init( 0): starting service 'pstore_save'...
06-21 06:07:15.150 W/[ 86.073797] audit( 0): audit_lost=452 audit_rate_limit=5 audit_backlog_limit=64
06-21 06:07:15.150 E/[ 86.073823] audit( 0): rate limit exceeded
06-21 06:07:15.150 I/[ 86.076558] init( 0): Command 'start pstore_save' action=sys.tlog.pstore.active=1 (/system/etc/init/tlogd.rc:136) took 54ms and succeeded
06-21 06:07:15.279 I/[ 86.208783] init( 0): Service 'pstore_save' (pid 5201) exited with status 1 oneshot service took 0.159000 seconds in background
06-21 06:07:15.279 I/[ 86.208860] init( 0): Sending signal 9 to service 'pstore_save' (pid 5201) process group...
06-21 06:07:15.279 I/[ 86.209510] libprocessgroup( 0): Successfully killed process cgroup uid 1000 pid 5201 in 0ms
06-21 06:07:16.779 W/[ 87.702821] audit( 0): audit_lost=468 audit_rate_limit=5 audit_backlog_limit=64
06-21 06:07:16.587 W/Looper ( 5008): Loop again would have the queued messages be executed before this one completed.
06-21 06:07:16.802 E/[ 87.702847] audit( 0): rate limit exceeded
06-21 06:07:17.042 W/ActivityManager( 1164): Background start not allowed: service Intent { cmp=com.tencent.android.qqdownloader/com.tencent.assistant.main.MainService } to com.tencent.android.qqdownloader/com.tencent.assistant.main.MainService from pid=5147 uid=10115 pkg=com.tencent.android.qqdownloader startFg?=false
06-21 06:07:17.055 D/CompatibilityChangeReporter( 1164): Compat change id reported: 171306433; UID 10105; state: DISABLED
06-21 06:07:17.094 W/ActivityManager( 1164): Background start not allowed: service Intent { cmp=com.tencent.android.qqdownloader/com.tencent.assistant.main.MainService } to com.tencent.android.qqdownloader/com.tencent.assistant.main.MainService from pid=5147 uid=10115 pkg=com.tencent.android.qqdownloader startFg?=false
06-21 06:07:17.137 D/CompatibilityChangeReporter( 1164): Compat change id reported: 135634846; UID 10113; state: DISABLED
06-21 06:07:17.138 D/CompatibilityChangeReporter( 1164): Compat change id reported: 177438394; UID 10113; state: DISABLED
06-21 06:07:17.138 D/CompatibilityChangeReporter( 1164): Compat change id reported: 135772972; UID 10113; state: DISABLED
06-21 06:07:17.138 D/CompatibilityChangeReporter( 1164): Compat change id reported: 143937733; UID 10113; state: DISABLED
06-21 06:07:17.271 I/[ 88.190655] binder( 0): 5275:5275 ioctl 40046210 7fd1008be4 returned -22
06-21 06:07:17.189 W/ActivityManager( 1164): Background start not allowed: service Intent { cmp=com.tencent.android.qqdownloader/com.tencent.assistant.main.MainService } to com.tencent.android.qqdownloader/com.tencent.assistant.main.MainService from pid=5147 uid=10115 pkg=com.tencent.android.qqdownloader startFg?=false
06-21 06:07:17.196 W/ActivityManager( 1164): Background start not allowed: service Intent { cmp=com.tencent.android.qqdownloader/com.tencent.assistant.main.MainService } to com.tencent.android.qqdownloader/com.tencent.assistant.main.MainService from pid=5147 uid=10115 pkg=com.tencent.android.qqdownloader startFg?=false
06-21 06:07:17.198 W/ActivityManager( 1164): Background start not allowed: service Intent { cmp=com.tencent.android.qqdownloader/com.tencent.assistant.main.MainService } to com.tencent.android.qqdownloader/com.tencent.assistant.main.MainService from pid=5147 uid=10115 pkg=com.tencent.android.qqdownloader startFg?=false
06-21 06:07:17.201 W/ActivityManager( 1164): Slow operation: 64ms so far, now at startProcess: returned from zygote!
06-21 06:07:17.201 W/ActivityManager( 1164): Slow operation: 64ms so far, now at startProcess: done updating battery stats
06-21 06:07:17.201 W/ActivityManager( 1164): Slow operation: 64ms so far, now at startProcess: building log message
06-21 06:07:17.201 I/ActivityManager( 1164): Start proc 5275:com.tencent.mm:push/u0a113 for broadcast {com.tencent.mm/com.tencent.mm.booter.MMReceivers$BootReceiver}
06-21 06:07:17.201 W/ActivityManager( 1164): Slow operation: 64ms so far, now at startProcess: starting to update pids map
06-21 06:07:17.201 W/ActivityManager( 1164): Slow operation: 65ms so far, now at startProcess: done updating pids map
06-21 06:07:17.205 W/ActivityManager( 1164): Background start not allowed: service Intent { cmp=com.tencent.android.qqdownloader/com.tencent.assistant.main.MainService } to com.tencent.android.qqdownloader/com.tencent.assistant.main.MainService from pid=5147 uid=10115 pkg=com.tencent.android.qqdownloader startFg?=false
06-21 06:07:17.214 W/ActivityManager( 1164): Background start not allowed: service Intent { cmp=com.tencent.android.qqdownloader/com.tencent.assistant.main.MainService } to com.tencent.android.qqdownloader/com.tencent.assistant.main.MainService from pid=5147 uid=10115 pkg=com.tencent.android.qqdownloader startFg?=false
06-21 06:07:17.218 W/ActivityManager( 1164): Background start not allowed: service Intent { cmp=com.tencent.android.qqdownloader/com.tencent.assistant.main.MainService } to com.tencent.android.qqdownloader/com.tencent.assistant.main.MainService from pid=5147 uid=10115 pkg=com.tencent.android.qqdownloader startFg?=false
06-21 06:07:17.220 W/ActivityManager( 1164): Background start not allowed: service Intent { cmp=com.tencent.android.qqdownloader/com.tencent.assistant.main.MainService } to com.tencent.android.qqdownloader/com.tencent.assistant.main.MainService from pid=5147 uid=10115 pkg=com.tencent.android.qqdownloader startFg?=false
06-21 06:07:17.224 W/ActivityManager( 1164): Background start not allowed: service Intent { cmp=com.tencent.android.qqdownloader/com.tencent.assistant.main.MainService } to com.tencent.android.qqdownloader/com.tencent.assistant.main.MainService from pid=5147 uid=10115 pkg=com.tencent.android.qqdownloader startFg?=false
06-21 06:07:17.226 W/ActivityManager( 1164): Background start not allowed: service Intent { cmp=com.tencent.android.qqdownloader/com.tencent.assistant.main.MainService } to com.tencent.android.qqdownloader/com.tencent.assistant.main.MainService from pid=5147 uid=10115 pkg=com.tencent.android.qqdownloader startFg?=false
06-21 06:07:17.230 W/ActivityManager( 1164): Background start not allowed: service Intent { cmp=com.tencent.android.qqdownloader/com.tencent.assistant.main.MainService } to com.tencent.android.qqdownloader/com.tencent.assistant.main.MainService from pid=5147 uid=10115 pkg=com.tencent.android.qqdownloader startFg?=false
06-21 06:07:17.232 W/ActivityManager( 1164): Background start not allowed: service Intent { cmp=com.tencent.android.qqdownloader/com.tencent.assistant.main.MainService } to com.tencent.android.qqdownloader/com.tencent.assistant.main.MainService from pid=5147 uid=10115 pkg=com.tencent.android.qqdownloader startFg?=false
06-21 06:07:17.240 W/ActivityManager( 1164): Background start not allowed: service Intent { cmp=com.tencent.android.qqdownloader/com.tencent.assistant.main.MainService } to com.tencent.android.qqdownloader/com.tencent.assistant.main.MainService from pid=5147 uid=10115 pkg=com.tencent.android.qqdownloader startFg?=false
06-21 06:07:17.243 W/ActivityManager( 1164): Background start not allowed: service Intent { cmp=com.tencent.android.qqdownloader/com.tencent.assistant.main.MainService } to com.tencent.android.qqdownloader/com.tencent.assistant.main.MainService from pid=5147 uid=10115 pkg=com.tencent.android.qqdownloader startFg?=false
06-21 06:07:17.252 W/ActivityManager( 1164): Background start not allowed: service Intent { cmp=com.tencent.android.qqdownloader/com.tencent.assistant.main.MainService } to com.tencent.android.qqdownloader/com.tencent.assistant.main.MainService from pid=5147 uid=10115 pkg=com.tencent.android.qqdownloader startFg?=false
06-21 06:07:17.255 W/ActivityManager( 1164): Background start not allowed: service Intent { cmp=com.tencent.android.qqdownloader/com.tencent.assistant.main.MainService } to com.tencent.android.qqdownloader/com.tencent.assistant.main.MainService from pid=5147 uid=10115 pkg=com.tencent.android.qqdownloader startFg?=false
06-21 06:07:17.258 W/ActivityManager( 1164): Background start not allowed: service Intent { cmp=com.tencent.android.qqdownloader/com.tencent.assistant.main.MainService } to com.tencent.android.qqdownloader/com.tencent.assistant.main.MainService from pid=5147 uid=10115 pkg=com.tencent.android.qqdownloader startFg?=false
06-21 06:07:17.260 W/ActivityManager( 1164): Background start not allowed: service Intent { cmp=com.tencent.android.qqdownloader/com.tencent.assistant.main.MainService } to com.tencent.android.qqdownloader/com.tencent.assistant.main.MainService from pid=5147 uid=10115 pkg=com.tencent.android.qqdownloader startFg?=false
06-21 06:07:17.264 W/ActivityManager( 1164): Background start not allowed: service Intent { cmp=com.tencent.android.qqdownloader/com.tencent.assistant.main.MainService } to com.tencent.android.qqdownloader/com.tencent.assistant.main.MainService from pid=5147 uid=10115 pkg=com.tencent.android.qqdownloader startFg?=false
06-21 06:07:17.266 W/ActivityManager( 1164): Background start not allowed: service Intent { cmp=com.tencent.android.qqdownloader/com.tencent.assistant.main.MainService } to com.tencent.android.qqdownloader/com.tencent.assistant.main.MainService from pid=5147 uid=10115 pkg=com.tencent.android.qqdownloader startFg?=false
06-21 06:07:17.269 W/ActivityManager( 1164): Background start not allowed: service Intent { cmp=com.tencent.android.qqdownloader/com.tencent.assistant.main.MainService } to com.tencent.android.qqdownloader/com.tencent.assistant.main.MainService from pid=5147 uid=10115 pkg=com.tencent.android.qqdownloader startFg?=false
06-21 06:07:17.275 D/CompatibilityChangeReporter( 1164): Compat change id reported: 168419799; UID 10113; state: DISABLED
06-21 06:07:17.282 W/ActivityManager( 1164): Background start not allowed: service Intent { cmp=com.tencent.android.qqdownloader/com.tencent.assistant.main.MainService } to com.tencent.android.qqdownloader/com.tencent.assistant.main.MainService from pid=5147 uid=10115 pkg=com.tencent.android.qqdownloader startFg?=false
06-21 06:07:17.292 W/ActivityManager( 1164): Background start not allowed: service Intent { cmp=com.tencent.android.qqdownloader/com.tencent.assistant.main.MainService } to com.tencent.android.qqdownloader/com.tencent.assistant.main.MainService from pid=5147 uid=10115 pkg=com.tencent.android.qqdownloader startFg?=false
06-21 06:07:17.424 E/PackageDexUsage( 1164): Unsupported context?
06-21 06:07:17.658 D/[ 88.419245] BUG( 0): MAX_LOCKDEP_CHAINS too low!
06-21 06:07:17.658 D/ ( 0): [ 88.423648] turning off the locking correctness validator.
06-21 06:07:17.658 D/ ( 0): [ 88.429281] Please attach the output of /proc/lock_stat to the bug report
06-21 06:07:17.658 I/[ 88.436269] CPU( 0): 2 PID: 5296 Comm: Verification th Tainted: G S W O 4.19.157+ #1
06-21 06:07:17.658 I/ ( 0): [ 88.444840] Hardware name: Qualcomm Technologies, Inc. kona MTP-RmPM8150b. VC1(FSE) DVT2 (DT)
06-21 06:07:17.658 I/ ( 0): [ 88.453589] Call trace:
06-21 06:07:17.658 I/ ( 0): [ 88.456123] dump_backtrace+0x0/0x258
06-21 06:07:17.658 I/ ( 0): [ 88.459891] show_stack+0x20/0x30
06-21 06:07:17.658 I/ ( 0): [ 88.463304] dump_stack+0xd8/0x12c
06-21 06:07:17.658 I/ ( 0): [ 88.466807] __lock_acquire+0x1df8/0x1e58
06-21 06:07:17.658 I/ ( 0): [ 88.470933] lock_acquire+0x1cc/0x218
06-21 06:07:17.658 I/ ( 0): [ 88.474703] _raw_spin_lock_irqsave+0x54/0x98
06-21 06:07:17.658 I/ ( 0): [ 88.479189] schedtune_enqueue_task+0x64/0x298
06-21 06:07:17.658 I/ ( 0): [ 88.483765] enqueue_task_fair+0x2d0/0x2338
06-21 06:07:17.658 I/ ( 0): [ 88.488071] ttwu_do_activate+0xfc/0x318
06-21 06:07:17.658 I/ ( 0): [ 88.492110] try_to_wake_up+0x65c/0x860
06-21 06:07:17.658 I/ ( 0): [ 88.496058] wake_up_process+0x28/0x38
06-21 06:07:17.658 I/ ( 0): [ 88.499918] __queue_work+0x634/0x758
06-21 06:07:17.658 I/ ( 0): [ 88.503685] queue_work_on+0x60/0xa8
06-21 06:07:17.658 I/ ( 0): [ 88.507366] kblockd_schedule_work+0x28/0x38
06-21 06:07:17.658 I/ ( 0): [ 88.511765] __scsi_queue_insert+0x104/0x160
06-21 06:07:17.658 I/ ( 0): [ 88.516160] scsi_request_fn+0x574/0x688
06-21 06:07:17.658 I/ ( 0): [ 88.520198] __blk_run_queue+0x88/0xf0
06-21 06:07:17.658 I/ ( 0): [ 88.524055] queue_unplugged+0x218/0x248
06-21 06:07:17.658 I/ ( 0): [ 88.528092] blk_flush_plug_list+0x21c/0x258
06-21 06:07:17.658 I/ ( 0): [ 88.532487] blk_finish_plug+0x30/0x40
06-21 06:07:17.658 I/ ( 0): [ 88.536346] f2fs_write_data_pages+0x7a0/0x820
06-21 06:07:17.658 I/ ( 0): [ 88.540923] do_writepages+0x64/0x118
06-21 06:07:17.658 I/ ( 0): [ 88.544692] __filemap_fdatawrite_range+0xf4/0x138
06-21 06:07:17.658 I/ ( 0): [ 88.549624] filemap_fdatawrite+0x28/0x38
06-21 06:07:17.658 I/ ( 0): [ 88.553753] f2fs_quota_sync+0x198/0x270
06-21 06:07:17.658 I/ ( 0): [ 88.557791] f2fs_write_checkpoint+0x3d8/0x17a0
06-21 06:07:17.658 I/ ( 0): [ 88.562455] f2fs_sync_fs+0x1b8/0x220
06-21 06:07:17.658 I/ ( 0): [ 88.566224] f2fs_do_sync_file+0x808/0xd08
06-21 06:07:17.658 I/ ( 0): [ 88.570439] f2fs_sync_file+0x54/0x70
06-21 06:07:17.658 I/ ( 0): [ 88.574208] __arm64_sys_fdatasync+0x4c/0x98
06-21 06:07:17.658 I/ ( 0): [ 88.578605] el0_svc_common+0xa4/0x190
06-21 06:07:17.658 I/ ( 0): [ 88.582462] el0_svc_compat_handler+0x28/0x38
06-21 06:07:17.658 I/ ( 0): [ 88.586947] el0_svc_compat+0x8/0x34
06-21 06:07:17.893 E/[ 88.804272] link_delay_work_func( 0): DTC_ETH: SQI=0, link=0
06-21 06:07:18.589 I/GameModeConfig( 1164): isGameModeOn = false
06-21 06:07:18.590 I/GameModeConfig( 1164): isGameModeOn = false
06-21 06:07:18.590 I/GameModeConfig( 1164): isGameModeOn = false
06-21 06:07:18.591 I/GameModeConfig( 1164): isGameModeOn = false
06-21 06:07:18.591 I/GameModeConfig( 1164): isGameModeOn = false
06-21 06:07:18.592 I/GameModeConfig( 1164): isGameModeOn = false
06-21 06:07:18.592 I/GameModeConfig( 1164): isGameModeOn = false
06-21 06:07:18.592 I/GameModeConfig( 1164): isGameModeOn = false
06-21 06:07:18.592 I/GameModeConfig( 1164): isGameModeOn = false
06-21 06:07:18.593 I/GameModeConfig( 1164): isGameModeOn = false
06-21 06:07:18.612 D/CompatibilityChangeReporter( 1164): Compat change id reported: 135634846; UID 10105; state: DISABLED
06-21 06:07:18.612 D/CompatibilityChangeReporter( 1164): Compat change id reported: 143937733; UID 10105; state: DISABLED
06-21 06:07:18.652 I/ActivityManager( 1164): Start proc 5338:com.smile.gifmaker:push_v3/u0a105 for service {com.smile.gifmaker/com.kwai.android.dispatcher.PushV3ProcessLauncherService}
06-21 06:07:18.695 I/[ 89.621455] binder( 0): 5338:5338 ioctl 40046210 ffa1bb98 returned -22
06-21 06:07:18.823 I/GameModeConfig( 1164): isGameModeOn = false
06-21 06:07:18.824 I/GameModeConfig( 1164): isGameModeOn = false
06-21 06:07:18.824 I/GameModeConfig( 1164): isGameModeOn = false
06-21 06:07:18.824 I/GameModeConfig( 1164): isGameModeOn = false
06-21 06:07:18.824 I/GameModeConfig( 1164): isGameModeOn = false
06-21 06:07:19.355 W/[ 90.275908] audit( 0): audit_lost=470 audit_rate_limit=5 audit_backlog_limit=64
06-21 06:07:19.391 E/[ 90.317367] audit( 0): rate limit exceeded
06-21 06:07:19.454 I/[ 90.374258] init( 0): starting service 'hht_ota_mgr_service'...
06-21 06:07:19.635 I/[ 90.551682] init( 0): Service 'hht_ota_mgr_service' (pid 5397) exited with status 0
06-21 06:07:19.635 I/[ 90.559558] init( 0): Sending signal 9 to service 'hht_ota_mgr_service' (pid 5397) process group...
06-21 06:07:19.645 I/[ 90.569420] libprocessgroup( 0): Successfully killed process cgroup uid 0 pid 5397 in 0ms
06-21 06:07:19.753 I/GameModeConfig( 1164): isGameModeOn = false
06-21 06:07:20.068 W/ActivityManager( 1164): Unable to start service Intent { act=android.intent.action.START_LEBO_SERVICE pkg=com.hpplay.happyplay.aw } U=0: not found
06-21 06:07:20.887 W/[ 91.807149] audit( 0): audit_lost=474 audit_rate_limit=5 audit_backlog_limit=64
06-21 06:07:21.058 E/[ 91.816875] audit( 0): rate limit exceeded
06-21 06:07:20.592 I/GameModeConfig( 1164): isGameModeOn = false
06-21 06:07:20.593 I/GameModeConfig( 1164): isGameModeOn = false
06-21 06:07:20.593 I/GameModeConfig( 1164): isGameModeOn = false
06-21 06:07:20.593 I/GameModeConfig( 1164): isGameModeOn = false
06-21 06:07:20.593 I/GameModeConfig( 1164): isGameModeOn = false
06-21 06:07:21.468 I/GameModeConfig( 1164): isGameModeOn = false
06-21 06:07:21.468 I/GameModeConfig( 1164): isGameModeOn = false
06-21 06:07:21.469 I/GameModeConfig( 1164): isGameModeOn = false
06-21 06:07:21.469 I/GameModeConfig( 1164): isGameModeOn = false
06-21 06:07:21.469 I/GameModeConfig( 1164): isGameModeOn = false
06-21 06:07:21.470 I/GameModeConfig( 1164): isGameModeOn = false
06-21 06:07:21.471 I/GameModeConfig( 1164): isGameModeOn = false
06-21 06:07:21.471 I/GameModeConfig( 1164): isGameModeOn = false
06-21 06:07:21.472 I/GameModeConfig( 1164): isGameModeOn = false
06-21 06:07:21.472 I/GameModeConfig( 1164): isGameModeOn = false
06-21 06:07:21.552 W/Looper ( 5338): Loop again would have the queued messages be executed before this one completed.
06-21 06:07:22.090 I/[ 93.015813] init( 0): Untracked pid 5495 exited with status 0
06-21 06:07:22.125 D/CompatibilityChangeReporter( 1164): Compat change id reported: 149924527; UID 10113; state: ENABLED
06-21 06:07:22.126 D/CompatibilityChangeReporter( 1164): Compat change id reported: 132649864; UID 10113; state: DISABLED
06-21 06:07:22.994 E/[ 93.920632] link_delay_work_func( 0): DTC_ETH: SQI=0, link=0
06-21 06:07:23.106 W/[ 94.020136] audit( 0): audit_lost=524 audit_rate_limit=5 audit_backlog_limit=64
06-21 06:07:22.959 I/ActivityManager( 1164): Killing 2657:com.qualcomm.timeservice/u0a55 (adj 999): empty #31
06-21 06:07:23.166 E/[ 94.027605] audit( 0): rate limit exceeded
06-21 06:07:24.172 D/CompatibilityChangeReporter( 1164): Compat change id reported: 135634846; UID 10118; state: DISABLED
06-21 06:07:24.173 D/CompatibilityChangeReporter( 1164): Compat change id reported: 143937733; UID 10118; state: DISABLED
06-21 06:07:24.174 I/ActivityManager( 1164): Killing 3197:com.android.traceur/u0a34 (adj 995): empty #31
06-21 06:07:24.207 I/ActivityManager( 1164): Start proc 5607:com.tencent.qqmusicpad/u0a118 for broadcast {com.tencent.qqmusicpad/com.tencent.qqmusicpad.BootBroadcastReceiver}
06-21 06:07:24.269 I/[ 95.185597] binder( 0): 5607:5607 ioctl 40046210 ffa1bb98 returned -22
06-21 06:07:24.301 D/CompatibilityChangeReporter( 1164): Compat change id reported: 149924527; UID 10105; state: ENABLED
06-21 06:07:24.302 D/CompatibilityChangeReporter( 1164): Compat change id reported: 132649864; UID 10105; state: DISABLED
06-21 06:07:24.317 D/CompatibilityChangeReporter( 1164): Compat change id reported: 168419799; UID 10118; state: DISABLED
06-21 06:07:24.377 E/PackageDexUsage( 1164): Unsupported context?
06-21 06:07:24.470 I/[ 95.392026] init( 0): starting service 'hht_ota_mgr_service'...
06-21 06:07:24.534 W/[ 95.437266] audit( 0): audit_lost=572 audit_rate_limit=5 audit_backlog_limit=64
06-21 06:07:24.538 E/[ 95.464131] audit( 0): rate limit exceeded
06-21 06:07:24.541 D/CompatibilityChangeReporter( 1164): Compat change id reported: 157233955; UID 10113; state: DISABLED
06-21 06:07:24.638 I/[ 95.563752] init( 0): Service 'hht_ota_mgr_service' (pid 5626) exited with status 0
06-21 06:07:24.643 I/[ 95.571431] init( 0): Sending signal 9 to service 'hht_ota_mgr_service' (pid 5626) process group...
06-21 06:07:24.647 I/[ 95.580662] libprocessgroup( 0): Successfully killed process cgroup uid 0 pid 5626 in 0ms
06-21 06:07:25.424 I/ActivityManager( 1164): Background started FGS: Allowed [callingPackage: com.tencent.qqmusicpad; callingUid: 10118; uidState: RCVR; intent: Intent { cmp=com.tencent.qqmusicpad/com.tencent.qqmusic.innovation.network.service.NetworkService }; code:BOOT_COMPLETED; tempAllowListReason:; targetSdkVersion:27; callerTargetSdkVersion:27; startForegroundCount:0; bindFromPackage:null]
06-21 06:07:25.483 D/CompatibilityChangeReporter( 1164): Compat change id reported: 135634846; UID 10118; state: DISABLED
06-21 06:07:25.483 D/CompatibilityChangeReporter( 1164): Compat change id reported: 143937733; UID 10118; state: DISABLED
06-21 06:07:25.496 D/CompatibilityChangeReporter( 1164): Compat change id reported: 149924527; UID 10118; state: ENABLED
06-21 06:07:25.496 D/CompatibilityChangeReporter( 1164): Compat change id reported: 132649864; UID 10118; state: DISABLED
06-21 06:07:25.515 I/ActivityManager( 1164): Start proc 5678:com.tencent.qqmusicpad:wns/u0a118 for service {com.tencent.qqmusicpad/com.tencent.wns.service.WnsMain}
06-21 06:07:25.550 I/[ 96.474008] binder( 0): 5678:5678 ioctl 40046210 ffa1bb98 returned -22
06-21 06:07:25.775 W/[ 96.696779] audit( 0): audit_lost=579 audit_rate_limit=5 audit_backlog_limit=64
06-21 06:07:25.775 E/[ 96.704108] audit( 0): rate limit exceeded
06-21 06:07:25.775 I/[ 96.704363] binder( 0): 5726:5726 ioctl 40046210 7fd1008be4 returned -22
06-21 06:07:25.775 I/[ 96.708542] init( 0): processing action (sys.tlog.tlogdshc.active=1) from (/system/etc/init/tlogd.rc:195)
06-21 06:07:25.810 I/[ 96.724725] init( 0): starting service 'tlogdshc'...
06-21 06:07:25.670 D/CompatibilityChangeReporter( 1164): Compat change id reported: 135634846; UID 10110; state: DISABLED
06-21 06:07:25.670 D/CompatibilityChangeReporter( 1164): Compat change id reported: 177438394; UID 10110; state: DISABLED
06-21 06:07:25.670 D/CompatibilityChangeReporter( 1164): Compat change id reported: 135772972; UID 10110; state: DISABLED
06-21 06:07:25.670 D/CompatibilityChangeReporter( 1164): Compat change id reported: 135754954; UID 10110; state: DISABLED
06-21 06:07:25.671 D/CompatibilityChangeReporter( 1164): Compat change id reported: 143937733; UID 10110; state: DISABLED
06-21 06:07:25.673 I/GameModeConfig( 1164): isGameModeOn = false
06-21 06:07:25.673 I/GameModeConfig( 1164): isGameModeOn = false
06-21 06:07:25.673 I/GameModeConfig( 1164): isGameModeOn = false
06-21 06:07:25.673 I/GameModeConfig( 1164): isGameModeOn = false
06-21 06:07:25.673 I/GameModeConfig( 1164): isGameModeOn = false
06-21 06:07:25.674 W/ActivityManager( 1164): Foreground service started from background can not have location/camera/microphone access: service com.tencent.qqmusicpad/com.tencent.qqmusic.innovation.network.service.NetworkService
06-21 06:07:25.675 V/ActivityManager( 1164): Attempted to start a foreground service (com.tencent.qqmusicpad/com.tencent.qqmusic.innovation.network.service.NetworkService) with a broken notification (no icon: Notification(channel=NetworkService_1 shortcut=null contentView=null vibrate=null sound=null defaults=0x0 flags=0x40 color=0x00000000 vis=PRIVATE))
06-21 06:07:25.690 I/ActivityManager( 1164): Deferring FGS notification in legacy app com.tencent.qqmusicpad/u0a118 : Notification(channel=NetworkService_1 shortcut=null contentView=null vibrate=null sound=null defaults=0x0 flags=0x40 color=0x00000000 vis=PRIVATE)
06-21 06:07:25.701 W/ActivityManager( 1164): Foreground service started from background can not have location/camera/microphone access: service com.tencent.qqmusicpad/com.tencent.qqmusic.innovation.network.service.NetworkService
06-21 06:07:25.701 V/ActivityManager( 1164): Attempted to start a foreground service (com.tencent.qqmusicpad/com.tencent.qqmusic.innovation.network.service.NetworkService) with a broken notification (no icon: Notification(channel=NetworkService_1 shortcut=null contentView=null vibrate=null sound=null defaults=0x0 flags=0x40 color=0x00000000 vis=PRIVATE))
06-21 06:07:25.702 I/GameModeConfig( 1164): isGameModeOn = false
06-21 06:07:25.702 I/GameModeConfig( 1164): isGameModeOn = false
06-21 06:07:25.702 I/GameModeConfig( 1164): isGameModeOn = false
06-21 06:07:25.703 I/GameModeConfig( 1164): isGameModeOn = false
06-21 06:07:25.703 I/GameModeConfig( 1164): isGameModeOn = false
06-21 06:07:26.002 I/[ 96.909636] init( 0): Service 'tlogdshc' (pid 5763) exited with status 0 oneshot service took 0.173000 seconds in background
06-21 06:07:26.002 I/[ 96.920872] init( 0): Sending signal 9 to service 'tlogdshc' (pid 5763) process group...
06-21 06:07:26.002 I/[ 96.929236] libprocessgroup( 0): Successfully killed process cgroup uid 0 pid 5763 in 0ms
06-21 06:07:25.721 W/ActivityManager( 1164): Slow operation: 52ms so far, now at startProcess: returned from zygote!
06-21 06:07:25.722 W/ActivityManager( 1164): Slow operation: 52ms so far, now at startProcess: done updating battery stats
06-21 06:07:25.722 W/ActivityManager( 1164): Slow operation: 52ms so far, now at startProcess: building log message
06-21 06:07:25.722 I/ActivityManager( 1164): Start proc 5726:com.wandoujia.phoenix2:channel/u0a110 for broadcast {com.wandoujia.phoenix2/com.taobao.accs.EventReceiver}
06-21 06:07:25.722 W/ActivityManager( 1164): Slow operation: 52ms so far, now at startProcess: starting to update pids map
06-21 06:07:25.722 W/ActivityManager( 1164): Slow operation: 52ms so far, now at startProcess: done updating pids map
06-21 06:07:26.438 I/[ 97.348192] perf( 0): interrupt took too long (3150 > 3140), lowering kernel.perf_event_max_sample_rate to 63500
06-21 06:07:25.787 D/CompatibilityChangeReporter( 1164): Compat change id reported: 168419799; UID 10110; state: DISABLED
06-21 06:07:27.244 W/[ 98.164704] audit( 0): audit_lost=584 audit_rate_limit=5 audit_backlog_limit=64
06-21 06:07:27.244 E/[ 98.173572] audit( 0): rate limit exceeded
06-21 06:07:27.372 D/CompatibilityChangeReporter( 1164): Compat change id reported: 135634846; UID 10110; state: DISABLED
06-21 06:07:27.372 D/CompatibilityChangeReporter( 1164): Compat change id reported: 177438394; UID 10110; state: DISABLED
06-21 06:07:27.372 D/CompatibilityChangeReporter( 1164): Compat change id reported: 135772972; UID 10110; state: DISABLED
06-21 06:07:27.372 D/CompatibilityChangeReporter( 1164): Compat change id reported: 135754954; UID 10110; state: DISABLED
06-21 06:07:27.373 D/CompatibilityChangeReporter( 1164): Compat change id reported: 143937733; UID 10110; state: DISABLED
06-21 06:07:27.419 I/ActivityManager( 1164): Start proc 5864:com.wandoujia.phoenix2:aid/u0a110 for content provider {com.wandoujia.phoenix2/com.lib.common.sharedata.PPShareDataContentProvider}
06-21 06:07:27.466 I/[ 98.391156] binder( 0): 5864:5864 ioctl 40046210 7fd1008be4 returned -22
06-21 06:07:28.114 E/[ 99.040149] link_delay_work_func( 0): DTC_ETH: SQI=0, link=0
06-21 06:07:28.129 D/CompatibilityChangeReporter( 1164): Compat change id reported: 135634846; UID 10110; state: DISABLED
06-21 06:07:28.129 D/CompatibilityChangeReporter( 1164): Compat change id reported: 177438394; UID 10110; state: DISABLED
06-21 06:07:28.129 D/CompatibilityChangeReporter( 1164): Compat change id reported: 135772972; UID 10110; state: DISABLED
06-21 06:07:28.130 D/CompatibilityChangeReporter( 1164): Compat change id reported: 135754954; UID 10110; state: DISABLED
06-21 06:07:28.130 D/CompatibilityChangeReporter( 1164): Compat change id reported: 143937733; UID 10110; state: DISABLED
06-21 06:07:28.131 I/ActivityManager( 1164): Killing 3483:com.qualcomm.qti.qmmi/1000 (adj 995): empty #31
06-21 06:07:28.134 I/ActivityManager( 1164): Killing 3179:com.android.keychain/1000 (adj 995): empty #32
06-21 06:07:28.179 W/ActivityManager( 1164): Slow operation: 51ms so far, now at startProcess: returned from zygote!
06-21 06:07:28.179 W/ActivityManager( 1164): Slow operation: 51ms so far, now at startProcess: done updating battery stats
06-21 06:07:28.179 W/ActivityManager( 1164): Slow operation: 51ms so far, now at startProcess: building log message
06-21 06:07:28.179 I/ActivityManager( 1164): Start proc 5921:com.wandoujia.phoenix2/u0a110 for broadcast {com.wandoujia.phoenix2/com.pp.assistant.modules.cleaner.cleaner.core.JunkScannerReceiver}
06-21 06:07:28.179 W/ActivityManager( 1164): Slow operation: 51ms so far, now at startProcess: starting to update pids map
06-21 06:07:28.179 W/ActivityManager( 1164): Slow operation: 51ms so far, now at startProcess: done updating pids map
06-21 06:07:28.254 I/[ 99.175600] binder( 0): 5921:5921 ioctl 40046210 7fd1008be4 returned -22
06-21 06:07:28.599 I/GameModeConfig( 1164): isGameModeOn = false
06-21 06:07:28.600 I/GameModeConfig( 1164): isGameModeOn = false
06-21 06:07:28.802 D/CompatibilityChangeReporter( 1164): Compat change id reported: 149924527; UID 10110; state: ENABLED
06-21 06:07:28.804 D/CompatibilityChangeReporter( 1164): Compat change id reported: 132649864; UID 10110; state: DISABLED
06-21 06:07:28.825 I/GameModeConfig( 1164): isGameModeOn = false
06-21 06:07:29.207 I/ActivityManager( 1164): Finished processing BOOT_COMPLETED for u0
06-21 06:07:29.208 W/BroadcastQueue( 1164): Background execution not allowed: receiving Intent { act=android.net.wifi.STATE_CHANGE flg=0x4000010 (has extras) } to com.wandoujia.phoenix2/com.pp.assistant.modules.cleaner.cleaner.update.UpdateNetworkReceiver
06-21 06:07:29.210 I/ActivityManager( 1164): Killing 3455:com.android.localtransport/1000 (adj 995): empty #31
