06-21 07:02:56.114 E/[ 3427.040244] link_delay_work_func( 0): DTC_ETH: SQI=0, link=0
06-21 07:02:56.845 I/[ 3427.752272] init( 0): processing action (sys.tlog.tlogdshc.active=1) from (/system/etc/init/tlogd.rc:195)
06-21 07:02:56.845 I/[ 3427.763273] init( 0): starting service 'tlogdshc'...
06-21 07:02:56.933 I/[ 3427.860514] init( 0): starting service 'hht_ota_mgr_service'...
06-21 07:02:57.215 I/[ 3428.125919] init( 0): Service 'hht_ota_mgr_service' (pid 23279) exited with status 0
06-21 07:02:57.224 I/[ 3428.148974] init( 0): Sending signal 9 to service 'hht_ota_mgr_service' (pid 23279) process group...
06-21 07:02:57.233 I/[ 3428.158750] libprocessgroup( 0): Successfully killed process cgroup uid 0 pid 23279 in 0ms
06-21 07:02:57.248 I/[ 3428.170537] init( 0): Service 'tlogdshc' (pid 23276) exited with status 0 oneshot service took 0.373000 seconds in background
06-21 07:02:57.248 I/[ 3428.181833] init( 0): Sending signal 9 to service 'tlogdshc' (pid 23276) process group...
06-21 07:02:57.265 I/[ 3428.191082] libprocessgroup( 0): Successfully killed process cgroup uid 0 pid 23276 in 0ms
06-21 07:02:58.745 W/ActivityManager( 1164): Background start not allowed: service Intent { cmp=com.tencent.android.qqdownloader/com.tencent.assistant.sdk.SDKSupportService (has extras) } to com.tencent.android.qqdownloader/com.tencent.assistant.sdk.SDKSupportService from pid=3329 uid=10115 pkg=com.tencent.android.qqdownloader startFg?=false
06-21 07:02:58.758 W/ActivityManager( 1164): Background start not allowed: service Intent { cmp=com.tencent.android.qqdownloader/com.tencent.assistant.sdk.SDKSupportService (has extras) } to com.tencent.android.qqdownloader/com.tencent.assistant.sdk.SDKSupportService from pid=3329 uid=10115 pkg=com.tencent.android.qqdownloader startFg?=false
06-21 07:02:58.809 W/ActivityManager( 1164): Background start not allowed: service Intent { cmp=com.tencent.android.qqdownloader/com.tencent.assistant.sdk.SDKSupportService (has extras) } to com.tencent.android.qqdownloader/com.tencent.assistant.sdk.SDKSupportService from pid=3329 uid=10115 pkg=com.tencent.android.qqdownloader startFg?=false
06-21 07:02:58.821 W/ActivityManager( 1164): Background start not allowed: service Intent { cmp=com.tencent.android.qqdownloader/com.tencent.assistant.sdk.SDKSupportService (has extras) } to com.tencent.android.qqdownloader/com.tencent.assistant.sdk.SDKSupportService from pid=3329 uid=10115 pkg=com.tencent.android.qqdownloader startFg?=false
06-21 07:03:01.234 E/[ 3432.160328] link_delay_work_func( 0): DTC_ETH: SQI=0, link=0
06-21 07:03:01.969 I/[ 3432.893615] init( 0): starting service 'hht_ota_mgr_service'...
06-21 07:03:02.178 I/[ 3433.094518] init( 0): Service 'hht_ota_mgr_service' (pid 23307) exited with status 0
06-21 07:03:02.195 I/[ 3433.118222] init( 0): Sending signal 9 to service 'hht_ota_mgr_service' (pid 23307) process group...
06-21 07:03:02.195 I/[ 3433.127439] libprocessgroup( 0): Successfully killed process cgroup uid 0 pid 23307 in 0ms
06-21 07:03:06.354 E/[ 3437.280273] link_delay_work_func( 0): DTC_ETH: SQI=0, link=0
06-21 07:03:06.991 I/[ 3437.919077] init( 0): starting service 'hht_ota_mgr_service'...
06-21 07:03:07.206 I/[ 3438.115780] init( 0): Service 'hht_ota_mgr_service' (pid 23333) exited with status 0
06-21 07:03:07.208 I/[ 3438.141434] init( 0): Sending signal 9 to service 'hht_ota_mgr_service' (pid 23333) process group...
06-21 07:03:07.217 I/[ 3438.150620] libprocessgroup( 0): Successfully killed process cgroup uid 0 pid 23333 in 0ms
06-21 07:03:10.646 I/GameModeConfig( 1164): isGameModeOn = false
06-21 07:03:11.473 E/[ 3442.400409] link_delay_work_func( 0): DTC_ETH: SQI=0, link=0
06-21 07:03:12.016 I/[ 3442.943938] init( 0): starting service 'hht_ota_mgr_service'...
06-21 07:03:12.214 I/[ 3443.131011] init( 0): Service 'hht_ota_mgr_service' (pid 23353) exited with status 0
06-21 07:03:12.229 I/[ 3443.154072] init( 0): Sending signal 9 to service 'hht_ota_mgr_service' (pid 23353) process group...
06-21 07:03:12.238 I/[ 3443.163361] libprocessgroup( 0): Successfully killed process cgroup uid 0 pid 23353 in 0ms
06-21 07:03:16.592 E/[ 3447.520162] link_delay_work_func( 0): DTC_ETH: SQI=0, link=0
06-21 07:03:17.044 I/[ 3447.971392] init( 0): starting service 'hht_ota_mgr_service'...
06-21 07:03:17.250 I/[ 3448.163316] init( 0): Service 'hht_ota_mgr_service' (pid 23378) exited with status 0
06-21 07:03:17.254 I/[ 3448.188198] init( 0): Sending signal 9 to service 'hht_ota_mgr_service' (pid 23378) process group...
06-21 07:03:17.272 I/[ 3448.197567] libprocessgroup( 0): Successfully killed process cgroup uid 0 pid 23378 in 0ms
06-21 07:03:21.719 E/[ 3452.643417] link_delay_work_func( 0): DTC_ETH: SQI=0, link=0
06-21 07:03:22.064 I/[ 3452.991614] init( 0): starting service 'hht_ota_mgr_service'...
06-21 07:03:22.270 I/[ 3453.176631] init( 0): Service 'hht_ota_mgr_service' (pid 23402) exited with status 0
06-21 07:03:22.270 I/[ 3453.202501] init( 0): Sending signal 9 to service 'hht_ota_mgr_service' (pid 23402) process group...
06-21 07:03:22.288 I/[ 3453.212800] libprocessgroup( 0): Successfully killed process cgroup uid 0 pid 23402 in 1ms
06-21 07:03:26.835 I/[ 3457.762064] init( 0): processing action (sys.tlog.tlogdshc.active=1) from (/system/etc/init/tlogd.rc:195)
06-21 07:03:26.835 E/[ 3457.764147] link_delay_work_func( 0): DTC_ETH: SQI=0, link=0
06-21 07:03:26.863 I/[ 3457.791202] init( 0): starting service 'tlogdshc'...
06-21 07:03:27.088 I/[ 3458.014289] init( 0): starting service 'hht_ota_mgr_service'...
06-21 07:03:27.216 I/[ 3458.138409] init( 0): Service 'tlogdshc' (pid 23420) exited with status 0 oneshot service took 0.333000 seconds in background
06-21 07:03:27.216 I/[ 3458.149877] init( 0): Sending signal 9 to service 'tlogdshc' (pid 23420) process group...
06-21 07:03:27.233 I/[ 3458.158629] libprocessgroup( 0): Successfully killed process cgroup uid 0 pid 23420 in 0ms
06-21 07:03:27.306 I/[ 3458.222147] init( 0): Service 'hht_ota_mgr_service' (pid 23429) exited with status 0
06-21 07:03:27.320 I/[ 3458.245096] init( 0): Sending signal 9 to service 'hht_ota_mgr_service' (pid 23429) process group...
06-21 07:03:27.320 I/[ 3458.254320] libprocessgroup( 0): Successfully killed process cgroup uid 0 pid 23429 in 0ms
06-21 07:03:31.953 E/[ 3462.880305] link_delay_work_func( 0): DTC_ETH: SQI=0, link=0
06-21 07:03:32.126 I/[ 3463.053637] init( 0): starting service 'hht_ota_mgr_service'...
06-21 07:03:32.326 I/[ 3463.240497] init( 0): Service 'hht_ota_mgr_service' (pid 23451) exited with status 0
06-21 07:03:32.330 I/[ 3463.264133] init( 0): Sending signal 9 to service 'hht_ota_mgr_service' (pid 23451) process group...
06-21 07:03:32.349 I/[ 3463.274054] libprocessgroup( 0): Successfully killed process cgroup uid 0 pid 23451 in 0ms
06-21 07:03:37.075 E/[ 3468.000646] link_delay_work_func( 0): DTC_ETH: SQI=0, link=0
06-21 07:03:37.155 I/[ 3468.078320] init( 0): starting service 'hht_ota_mgr_service'...
06-21 07:03:37.370 I/[ 3468.283562] init( 0): Service 'hht_ota_mgr_service' (pid 23476) exited with status 0
06-21 07:03:37.383 I/[ 3468.307196] init( 0): Sending signal 9 to service 'hht_ota_mgr_service' (pid 23476) process group...
06-21 07:03:37.392 I/[ 3468.317585] libprocessgroup( 0): Successfully killed process cgroup uid 0 pid 23476 in 0ms
06-21 07:03:42.186 I/[ 3473.113815] init( 0): starting service 'hht_ota_mgr_service'...
06-21 07:03:42.193 E/[ 3473.120471] link_delay_work_func( 0): DTC_ETH: SQI=0, link=0
06-21 07:03:42.395 I/[ 3473.306909] init( 0): Service 'hht_ota_mgr_service' (pid 23498) exited with status 0
06-21 07:03:42.406 I/[ 3473.330236] init( 0): Sending signal 9 to service 'hht_ota_mgr_service' (pid 23498) process group...
06-21 07:03:42.415 I/[ 3473.340285] libprocessgroup( 0): Successfully killed process cgroup uid 0 pid 23498 in 0ms
06-21 07:03:47.222 I/[ 3478.141064] init( 0): starting service 'hht_ota_mgr_service'...
06-21 07:03:47.314 E/[ 3478.240267] link_delay_work_func( 0): DTC_ETH: SQI=0, link=0
06-21 07:03:47.428 I/[ 3478.343731] init( 0): Service 'hht_ota_mgr_service' (pid 23520) exited with status 0
06-21 07:03:47.442 I/[ 3478.366997] init( 0): Sending signal 9 to service 'hht_ota_mgr_service' (pid 23520) process group...
06-21 07:03:47.452 I/[ 3478.377188] libprocessgroup( 0): Successfully killed process cgroup uid 0 pid 23520 in 0ms
06-21 07:03:48.844 E/[ 3479.777918] [schedu][0xf95d7ef77][07( 0): 03:48.844503] wlan: [1861:E:PE] lim_process_addba_req: 1716: Failed to process addba request
06-21 07:03:52.259 I/[ 3483.185518] init( 0): starting service 'hht_ota_mgr_service'...
06-21 07:03:52.434 E/[ 3483.360133] link_delay_work_func( 0): DTC_ETH: SQI=0, link=0
06-21 07:03:52.465 I/[ 3483.381832] init( 0): Service 'hht_ota_mgr_service' (pid 23540) exited with status 0
06-21 07:03:52.479 I/[ 3483.404280] init( 0): Sending signal 9 to service 'hht_ota_mgr_service' (pid 23540) process group...
06-21 07:03:52.490 I/[ 3483.413569] libprocessgroup( 0): Successfully killed process cgroup uid 0 pid 23540 in 0ms
06-21 07:03:55.532 W/ActivityManager( 1164): Background start not allowed: service Intent { cmp=com.tencent.android.qqdownloader/com.tencent.assistant.sdk.SDKSupportService (has extras) } to com.tencent.android.qqdownloader/com.tencent.assistant.sdk.SDKSupportService from pid=3329 uid=10115 pkg=com.tencent.android.qqdownloader startFg?=false
06-21 07:03:55.549 W/ActivityManager( 1164): Background start not allowed: service Intent { cmp=com.tencent.android.qqdownloader/com.tencent.assistant.sdk.SDKSupportService (has extras) } to com.tencent.android.qqdownloader/com.tencent.assistant.sdk.SDKSupportService from pid=3329 uid=10115 pkg=com.tencent.android.qqdownloader startFg?=false
06-21 07:03:55.607 W/ActivityManager( 1164): Background start not allowed: service Intent { cmp=com.tencent.android.qqdownloader/com.tencent.assistant.sdk.SDKSupportService (has extras) } to com.tencent.android.qqdownloader/com.tencent.assistant.sdk.SDKSupportService from pid=3329 uid=10115 pkg=com.tencent.android.qqdownloader startFg?=false
06-21 07:03:55.618 W/ActivityManager( 1164): Background start not allowed: service Intent { cmp=com.tencent.android.qqdownloader/com.tencent.assistant.sdk.SDKSupportService (has extras) } to com.tencent.android.qqdownloader/com.tencent.assistant.sdk.SDKSupportService from pid=3329 uid=10115 pkg=com.tencent.android.qqdownloader startFg?=false
06-21 07:03:56.861 I/[ 3487.783382] init( 0): processing action (sys.tlog.tlogdshc.active=1) from (/system/etc/init/tlogd.rc:195)
06-21 07:03:56.867 I/[ 3487.795605] init( 0): starting service 'tlogdshc'...
06-21 07:03:57.232 I/[ 3488.154641] init( 0): Service 'tlogdshc' (pid 23562) exited with status 0 oneshot service took 0.331000 seconds in background
06-21 07:03:57.232 I/[ 3488.166153] init( 0): Sending signal 9 to service 'tlogdshc' (pid 23562) process group...
06-21 07:03:57.242 I/[ 3488.175217] libprocessgroup( 0): Successfully killed process cgroup uid 0 pid 23562 in 0ms
06-21 07:03:57.291 I/[ 3488.216680] init( 0): starting service 'hht_ota_mgr_service'...
06-21 07:03:57.514 I/[ 3488.424045] init( 0): Service 'hht_ota_mgr_service' (pid 23573) exited with status 0
06-21 07:03:57.514 I/[ 3488.447281] init( 0): Sending signal 9 to service 'hht_ota_mgr_service' (pid 23573) process group...
06-21 07:03:57.532 I/[ 3488.457172] libprocessgroup( 0): Successfully killed process cgroup uid 0 pid 23573 in 0ms
06-21 07:03:57.552 E/[ 3488.480263] link_delay_work_func( 0): DTC_ETH: SQI=0, link=0
06-21 07:03:58.713 V/DisplayPowerController[0]( 1164): Brightness [0.05] reason changing to: 'manual [ dim ]', previous reason: 'manual'.
06-21 07:03:58.714 W/PowerManagerService( 1164): Screen on took 293904 ms
06-21 07:03:58.715 E/DisplayDeviceConfig( 1164): requesting nits when no mapping exists.
06-21 07:03:58.716 E/DisplayDeviceConfig( 1164): requesting nits when no mapping exists.
06-21 07:03:58.717 I/DropBoxManagerService( 1164): add tag=system_server_wtf isTagEnabled=true flags=0x2
06-21 07:03:58.721 I/DropBoxManagerService( 1164): add tag=system_server_wtf isTagEnabled=true flags=0x2
06-21 07:03:58.731 E/DisplayDeviceConfig( 1164): requesting nits when no mapping exists.
06-21 07:03:58.732 E/DisplayDeviceConfig( 1164): requesting nits when no mapping exists.
06-21 07:03:58.733 I/DropBoxManagerService( 1164): add tag=system_server_wtf isTagEnabled=true flags=0x2
06-21 07:03:58.736 I/DropBoxManagerService( 1164): add tag=system_server_wtf isTagEnabled=true flags=0x2
06-21 07:03:58.747 E/DisplayDeviceConfig( 1164): requesting nits when no mapping exists.
06-21 07:03:58.747 E/DisplayDeviceConfig( 1164): requesting nits when no mapping exists.
06-21 07:03:58.749 I/DropBoxManagerService( 1164): add tag=system_server_wtf isTagEnabled=true flags=0x2
06-21 07:03:58.764 E/DisplayDeviceConfig( 1164): requesting nits when no mapping exists.
06-21 07:03:58.765 E/DisplayDeviceConfig( 1164): requesting nits when no mapping exists.
06-21 07:03:58.781 E/DisplayDeviceConfig( 1164): requesting nits when no mapping exists.
06-21 07:03:58.781 E/DisplayDeviceConfig( 1164): requesting nits when no mapping exists.
06-21 07:03:58.798 E/DisplayDeviceConfig( 1164): requesting nits when no mapping exists.
06-21 07:03:58.798 E/DisplayDeviceConfig( 1164): requesting nits when no mapping exists.
06-21 07:03:58.814 E/DisplayDeviceConfig( 1164): requesting nits when no mapping exists.
06-21 07:03:58.815 E/DisplayDeviceConfig( 1164): requesting nits when no mapping exists.
06-21 07:03:58.843 E/DisplayDeviceConfig( 1164): requesting nits when no mapping exists.
06-21 07:03:58.843 E/DisplayDeviceConfig( 1164): requesting nits when no mapping exists.
06-21 07:03:58.848 E/DisplayDeviceConfig( 1164): requesting nits when no mapping exists.
06-21 07:03:58.848 E/DisplayDeviceConfig( 1164): requesting nits when no mapping exists.
06-21 07:03:58.864 E/DisplayDeviceConfig( 1164): requesting nits when no mapping exists.
06-21 07:03:58.865 E/DisplayDeviceConfig( 1164): requesting nits when no mapping exists.
06-21 07:03:58.881 E/DisplayDeviceConfig( 1164): requesting nits when no mapping exists.
06-21 07:03:58.881 E/DisplayDeviceConfig( 1164): requesting nits when no mapping exists.
06-21 07:03:58.898 E/DisplayDeviceConfig( 1164): requesting nits when no mapping exists.
06-21 07:03:58.899 E/DisplayDeviceConfig( 1164): requesting nits when no mapping exists.
06-21 07:03:58.915 E/DisplayDeviceConfig( 1164): requesting nits when no mapping exists.
06-21 07:03:58.915 E/DisplayDeviceConfig( 1164): requesting nits when no mapping exists.
06-21 07:03:58.931 E/DisplayDeviceConfig( 1164): requesting nits when no mapping exists.
06-21 07:03:58.931 E/DisplayDeviceConfig( 1164): requesting nits when no mapping exists.
06-21 07:03:58.947 E/DisplayDeviceConfig( 1164): requesting nits when no mapping exists.
06-21 07:03:58.948 E/DisplayDeviceConfig( 1164): requesting nits when no mapping exists.
06-21 07:03:58.964 E/DisplayDeviceConfig( 1164): requesting nits when no mapping exists.
06-21 07:03:58.964 E/DisplayDeviceConfig( 1164): requesting nits when no mapping exists.
06-21 07:03:58.981 E/DisplayDeviceConfig( 1164): requesting nits when no mapping exists.
06-21 07:03:58.981 E/DisplayDeviceConfig( 1164): requesting nits when no mapping exists.
06-21 07:03:58.998 E/DisplayDeviceConfig( 1164): requesting nits when no mapping exists.
06-21 07:03:58.998 E/DisplayDeviceConfig( 1164): requesting nits when no mapping exists.
06-21 07:03:59.014 E/DisplayDeviceConfig( 1164): requesting nits when no mapping exists.
06-21 07:03:59.015 E/DisplayDeviceConfig( 1164): requesting nits when no mapping exists.
06-21 07:03:59.031 E/DisplayDeviceConfig( 1164): requesting nits when no mapping exists.
06-21 07:03:59.032 E/DisplayDeviceConfig( 1164): requesting nits when no mapping exists.
06-21 07:03:59.048 E/DisplayDeviceConfig( 1164): requesting nits when no mapping exists.
06-21 07:03:59.048 E/DisplayDeviceConfig( 1164): requesting nits when no mapping exists.
06-21 07:03:59.065 E/DisplayDeviceConfig( 1164): requesting nits when no mapping exists.
06-21 07:03:59.065 E/DisplayDeviceConfig( 1164): requesting nits when no mapping exists.
06-21 07:03:59.081 E/DisplayDeviceConfig( 1164): requesting nits when no mapping exists.
06-21 07:03:59.082 E/DisplayDeviceConfig( 1164): requesting nits when no mapping exists.
06-21 07:03:59.098 E/DisplayDeviceConfig( 1164): requesting nits when no mapping exists.
06-21 07:03:59.098 E/DisplayDeviceConfig( 1164): requesting nits when no mapping exists.
06-21 07:03:59.114 E/DisplayDeviceConfig( 1164): requesting nits when no mapping exists.
06-21 07:03:59.115 E/DisplayDeviceConfig( 1164): requesting nits when no mapping exists.
06-21 07:03:59.131 E/DisplayDeviceConfig( 1164): requesting nits when no mapping exists.
06-21 07:03:59.132 E/DisplayDeviceConfig( 1164): requesting nits when no mapping exists.
06-21 07:03:59.149 E/DisplayDeviceConfig( 1164): requesting nits when no mapping exists.
06-21 07:03:59.149 E/DisplayDeviceConfig( 1164): requesting nits when no mapping exists.
06-21 07:03:59.165 E/DisplayDeviceConfig( 1164): requesting nits when no mapping exists.
06-21 07:03:59.165 E/DisplayDeviceConfig( 1164): requesting nits when no mapping exists.
06-21 07:03:59.181 E/DisplayDeviceConfig( 1164): requesting nits when no mapping exists.
06-21 07:03:59.182 E/DisplayDeviceConfig( 1164): requesting nits when no mapping exists.
06-21 07:04:02.339 I/[ 3493.265133] init( 0): starting service 'hht_ota_mgr_service'...
06-21 07:04:02.562 I/[ 3493.478417] init( 0): Service 'hht_ota_mgr_service' (pid 23595) exited with status 0
06-21 07:04:02.578 I/[ 3493.502232] init( 0): Sending signal 9 to service 'hht_ota_mgr_service' (pid 23595) process group...
06-21 07:04:02.583 I/[ 3493.512708] libprocessgroup( 0): Successfully killed process cgroup uid 0 pid 23595 in 0ms
06-21 07:04:02.679 E/[ 3493.600294] link_delay_work_func( 0): DTC_ETH: SQI=0, link=0
06-21 07:04:05.704 I/PowerManagerService( 1164): Napping display group (groupId=0, uid=1000)...
06-21 07:04:05.704 I/PowerManagerService( 1164): Nap time (uid 1000)...
06-21 07:04:05.708 I/DreamManagerService( 1164): Entering dreamland.
06-21 07:04:05.714 I/PowerManagerService( 1164): Dreaming...
06-21 07:04:05.719 I/DreamController( 1164): Starting dream: name=ComponentInfo{com.thundercomm.screensaver/com.thundercomm.screensaver.service.SystemDream}, isTest=false, canDoze=false, userId=0
06-21 07:04:05.727 D/AutofillManagerService( 1164): Close system dialogs
06-21 07:04:05.735 I/ActivityTaskManager( 1164): START u0 {flg=0x10000000 pkg=com.thundercomm.screensaver cmp=com.thundercomm.screensaver/android.service.dreams.DreamActivity (has extras)} from uid 1000
06-21 07:04:05.737 D/FreeFormWindowHelper( 1164): recentTask : null
06-21 07:04:05.738 W/ActivityTaskManager( 1164): Can't find TaskDisplayArea to determine support for multi window. Task id=1469 attached=false
06-21 07:04:05.756 I/ActivityTaskManager( 1164): FOREGROUND_APPLICATION_CHANGED to android.service.dreams.DreamActivity
06-21 07:04:05.757 I/ActivityTaskManager( 1164): The Process com.thundercomm.screensaver Already Exists in BG. So sending its PID: 6583
06-21 07:04:05.757 W/ActivityTaskManager( 1164): Tried to set launchTime (0) < mLastActivityLaunchTime (1674282)
06-21 07:04:05.760 D/FreeFormWindowHelper( 1164): handleFreeformTask : Task{30eadc9 #1469 type=dream A=1000:android:com.thundercomm.screensaver/dream U=0 visible=true mode=fullscreen translucent=false sz=1 visible freeform task=true rootAffinity=1000:android:com.thundercomm.screensaver/dream isMini=false}
06-21 07:04:05.760 D/FreeFormWindowHelper( 1164): mFreeFormTask : null
06-21 07:04:05.760 D/FreeFormWindowHelper( 1164): mInRecent : false
06-21 07:04:05.760 D/FreeFormWindowHelper( 1164):
06-21 07:04:05.766 D/PhoneStartingWindowTypeAlgorithm( 1968): preferredStartingWindowType newTask:true taskSwitch:true processRunning:true allowTaskSnapshot:true activityCreated:false useEmptySplashScreen:true legacySplashScreen:false topIsHome:false
06-21 07:04:05.766 D/StartingSurfaceDrawer( 1968): addSplashScreen com.thundercomm.screensaver theme=103040d task=1469 suggestType=3
06-21 07:04:05.767 D/StartingSurfaceDrawer( 1968): window attributes color: 0 icon null duration 0 brandImage null
06-21 07:04:05.769 D/StartingSurfaceDrawer( 1968): fillViewWithIcon surfaceWindowView android.window.SplashScreenView{b49fa89 V.E...... ......ID 0,0-0,0}
06-21 07:04:05.780 W/WindowManager( 1164): Failed looking up window session=Session{2fe3d30 6583:1000} callers=com.android.server.wm.WindowManagerService.windowForClientLocked:5628 com.android.server.wm.Session.insetsModified:629 android.view.IWindowSession$Stub.onTransact:1151
06-21 07:04:05.819 V/DisplayPowerController[0]( 1164): Brightness [0.5151515] reason changing to: 'manual', previous reason: 'manual [ dim ]'.
06-21 07:04:05.832 E/DisplayDeviceConfig( 1164): requesting nits when no mapping exists.
06-21 07:04:05.832 E/DisplayDeviceConfig( 1164): requesting nits when no mapping exists.
06-21 07:04:05.854 E/DisplayDeviceConfig( 1164): requesting nits when no mapping exists.
06-21 07:04:05.855 E/DisplayDeviceConfig( 1164): requesting nits when no mapping exists.
06-21 07:04:05.864 D/StartingSurfaceDrawer( 1968): Task start finish, remove starting surface for task 1469
06-21 07:04:05.864 V/StartingSurfaceDrawer( 1968): Removing splash screen window for task: 1469
06-21 07:04:05.868 E/DisplayDeviceConfig( 1164): requesting nits when no mapping exists.
06-21 07:04:05.868 E/DisplayDeviceConfig( 1164): requesting nits when no mapping exists.
06-21 07:04:05.875 D/ActivityTaskManager( 1164): Skipping, freeform mode : Task{eec8d7b #1451 type=undefined A=10113:com.tencent.mm U=0 visible=false mode=freeform translucent=true sz=0 visible freeform task=true rootAffinity=10113:com.tencent.mm isMini=false}
06-21 07:04:05.876 D/FreeFormWindowHelper( 1164): Current Display FreeFormTask is null
06-21 07:04:05.888 E/DisplayDeviceConfig( 1164): requesting nits when no mapping exists.
06-21 07:04:05.888 E/DisplayDeviceConfig( 1164): requesting nits when no mapping exists.
06-21 07:04:05.910 E/DisplayDeviceConfig( 1164): requesting nits when no mapping exists.
06-21 07:04:05.910 E/DisplayDeviceConfig( 1164): requesting nits when no mapping exists.
06-21 07:04:05.916 E/DisplayDeviceConfig( 1164): requesting nits when no mapping exists.
06-21 07:04:05.917 E/DisplayDeviceConfig( 1164): requesting nits when no mapping exists.
06-21 07:04:05.967 W/[ 3496.873024] audit( 0): audit_lost=741 audit_rate_limit=5 audit_backlog_limit=64
06-21 07:04:05.967 E/[ 3496.896946] audit( 0): rate limit exceeded
06-21 07:04:05.987 E/DisplayDeviceConfig( 1164): requesting nits when no mapping exists.
06-21 07:04:05.987 E/DisplayDeviceConfig( 1164): requesting nits when no mapping exists.
06-21 07:04:05.998 E/DisplayDeviceConfig( 1164): requesting nits when no mapping exists.
06-21 07:04:05.998 E/DisplayDeviceConfig( 1164): requesting nits when no mapping exists.
06-21 07:04:06.045 E/DisplayDeviceConfig( 1164): requesting nits when no mapping exists.
06-21 07:04:06.046 E/DisplayDeviceConfig( 1164): requesting nits when no mapping exists.
06-21 07:04:06.062 E/DisplayDeviceConfig( 1164): requesting nits when no mapping exists.
06-21 07:04:06.062 E/DisplayDeviceConfig( 1164): requesting nits when no mapping exists.
06-21 07:04:06.087 E/DisplayDeviceConfig( 1164): requesting nits when no mapping exists.
06-21 07:04:06.087 E/DisplayDeviceConfig( 1164): requesting nits when no mapping exists.
06-21 07:04:06.098 E/DisplayDeviceConfig( 1164): requesting nits when no mapping exists.
06-21 07:04:06.098 E/DisplayDeviceConfig( 1164): requesting nits when no mapping exists.
06-21 07:04:06.115 E/DisplayDeviceConfig( 1164): requesting nits when no mapping exists.
06-21 07:04:06.115 E/DisplayDeviceConfig( 1164): requesting nits when no mapping exists.
06-21 07:04:06.132 E/DisplayDeviceConfig( 1164): requesting nits when no mapping exists.
06-21 07:04:06.132 E/DisplayDeviceConfig( 1164): requesting nits when no mapping exists.
06-21 07:04:06.147 E/DisplayDeviceConfig( 1164): requesting nits when no mapping exists.
06-21 07:04:06.147 E/DisplayDeviceConfig( 1164): requesting nits when no mapping exists.
06-21 07:04:06.165 E/DisplayDeviceConfig( 1164): requesting nits when no mapping exists.
06-21 07:04:06.165 E/DisplayDeviceConfig( 1164): requesting nits when no mapping exists.
06-21 07:04:06.181 E/DisplayDeviceConfig( 1164): requesting nits when no mapping exists.
06-21 07:04:06.181 E/DisplayDeviceConfig( 1164): requesting nits when no mapping exists.
06-21 07:04:06.198 E/DisplayDeviceConfig( 1164): requesting nits when no mapping exists.
06-21 07:04:06.198 E/DisplayDeviceConfig( 1164): requesting nits when no mapping exists.
06-21 07:04:06.215 E/DisplayDeviceConfig( 1164): requesting nits when no mapping exists.
06-21 07:04:06.215 E/DisplayDeviceConfig( 1164): requesting nits when no mapping exists.
06-21 07:04:06.232 E/DisplayDeviceConfig( 1164): requesting nits when no mapping exists.
06-21 07:04:06.232 E/DisplayDeviceConfig( 1164): requesting nits when no mapping exists.
06-21 07:04:06.248 E/DisplayDeviceConfig( 1164): requesting nits when no mapping exists.
06-21 07:04:06.248 E/DisplayDeviceConfig( 1164): requesting nits when no mapping exists.
06-21 07:04:06.264 E/DisplayDeviceConfig( 1164): requesting nits when no mapping exists.
06-21 07:04:06.265 E/DisplayDeviceConfig( 1164): requesting nits when no mapping exists.
06-21 07:04:06.282 E/DisplayDeviceConfig( 1164): requesting nits when no mapping exists.
06-21 07:04:06.283 E/DisplayDeviceConfig( 1164): requesting nits when no mapping exists.
06-21 07:04:06.297 E/DisplayDeviceConfig( 1164): requesting nits when no mapping exists.
06-21 07:04:06.298 E/DisplayDeviceConfig( 1164): requesting nits when no mapping exists.
06-21 07:04:07.384 I/[ 3498.311594] init( 0): starting service 'hht_ota_mgr_service'...
06-21 07:04:07.537 I/[ 3498.463606] init( 0): Service 'hht_ota_mgr_service' (pid 23628) exited with status 0
06-21 07:04:07.538 I/[ 3498.471292] init( 0): Sending signal 9 to service 'hht_ota_mgr_service' (pid 23628) process group...
06-21 07:04:07.555 I/[ 3498.480551] libprocessgroup( 0): Successfully killed process cgroup uid 0 pid 23628 in 0ms
06-21 07:04:07.795 E/[ 3498.720954] link_delay_work_func( 0): DTC_ETH: SQI=0, link=0
06-21 07:04:12.122 I/GameModeConfig( 1164): isGameModeOn = false
06-21 07:04:12.400 I/[ 3503.328033] init( 0): starting service 'hht_ota_mgr_service'...
06-21 07:04:12.594 I/[ 3503.511312] init( 0): Service 'hht_ota_mgr_service' (pid 23653) exited with status 0
06-21 07:04:12.610 I/[ 3503.534720] init( 0): Sending signal 9 to service 'hht_ota_mgr_service' (pid 23653) process group...
06-21 07:04:12.610 I/[ 3503.544266] libprocessgroup( 0): Successfully killed process cgroup uid 0 pid 23653 in 0ms
06-21 07:04:12.914 E/[ 3503.840293] link_delay_work_func( 0): DTC_ETH: SQI=0, link=0
06-21 07:04:17.419 I/[ 3508.346294] init( 0): starting service 'hht_ota_mgr_service'...
06-21 07:04:17.618 I/[ 3508.535209] init( 0): Service 'hht_ota_mgr_service' (pid 23678) exited with status 0
06-21 07:04:17.634 I/[ 3508.558776] init( 0): Sending signal 9 to service 'hht_ota_mgr_service' (pid 23678) process group...
06-21 07:04:17.644 I/[ 3508.568903] libprocessgroup( 0): Successfully killed process cgroup uid 0 pid 23678 in 0ms
06-21 07:04:18.046 E/[ 3508.960382] link_delay_work_func( 0): DTC_ETH: SQI=0, link=0
06-21 07:04:22.443 I/[ 3513.370338] init( 0): starting service 'hht_ota_mgr_service'...
06-21 07:04:22.659 I/[ 3513.573137] init( 0): Service 'hht_ota_mgr_service' (pid 23703) exited with status 0
06-21 07:04:22.672 I/[ 3513.596450] init( 0): Sending signal 9 to service 'hht_ota_mgr_service' (pid 23703) process group...
06-21 07:04:22.681 I/[ 3513.605880] libprocessgroup( 0): Successfully killed process cgroup uid 0 pid 23703 in 0ms
06-21 07:04:23.154 E/[ 3514.080291] link_delay_work_func( 0): DTC_ETH: SQI=0, link=0
06-21 07:04:26.875 I/[ 3517.799119] init( 0): processing action (sys.tlog.tlogdshc.active=1) from (/system/etc/init/tlogd.rc:195)
06-21 07:04:26.883 I/[ 3517.810147] init( 0): starting service 'tlogdshc'...
06-21 07:04:27.266 I/[ 3518.178408] init( 0): Service 'tlogdshc' (pid 23725) exited with status 0 oneshot service took 0.339000 seconds in background
06-21 07:04:27.266 I/[ 3518.191624] init( 0): Sending signal 9 to service 'tlogdshc' (pid 23725) process group...
06-21 07:04:27.276 I/[ 3518.201698] libprocessgroup( 0): Successfully killed process cgroup uid 0 pid 23725 in 0ms
06-21 07:04:27.469 I/[ 3518.395099] init( 0): starting service 'hht_ota_mgr_service'...
06-21 07:04:27.674 I/[ 3518.592613] init( 0): Service 'hht_ota_mgr_service' (pid 23738) exited with status 0
06-21 07:04:27.691 I/[ 3518.615301] init( 0): Sending signal 9 to service 'hht_ota_mgr_service' (pid 23738) process group...
06-21 07:04:27.699 I/[ 3518.624958] libprocessgroup( 0): Successfully killed process cgroup uid 0 pid 23738 in 0ms
06-21 07:04:28.286 E/[ 3519.204465] link_delay_work_func( 0): DTC_ETH: SQI=0, link=0
06-21 07:04:32.518 I/[ 3523.434684] init( 0): starting service 'hht_ota_mgr_service'...
06-21 07:04:32.730 I/[ 3523.646534] init( 0): Service 'hht_ota_mgr_service' (pid 23755) exited with status 0
06-21 07:04:32.746 I/[ 3523.669663] init( 0): Sending signal 9 to service 'hht_ota_mgr_service' (pid 23755) process group...
06-21 07:04:32.746 I/[ 3523.679583] libprocessgroup( 0): Successfully killed process cgroup uid 0 pid 23755 in 0ms
06-21 07:04:33.395 E/[ 3524.320425] link_delay_work_func( 0): DTC_ETH: SQI=0, link=0
06-21 07:04:36.692 D/ActivityManager( 1164): freezing 20712 com.tencent.wework:wemeet
06-21 07:04:36.704 I/[ 3527.626496] binder( 0): 1164:1828 ioctl 400c620e 6f3e1fb5d8 returned -22
06-21 07:04:36.701 E/ActivityManager( 1164): Unable to freeze binder for 20712 com.tencent.wework:wemeet
06-21 07:04:36.705 D/ActivityManager( 1164): froze 20712 com.tencent.wework:wemeet
06-21 07:04:36.712 E/ActivityManager( 1164): Unable to freeze binder for 20712 com.tencent.wework:wemeet
06-21 07:04:36.714 I/ActivityManager( 1164): Killing 20712:com.tencent.wework:wemeet/u0a107 (adj 925): Unable to freeze binder interface
06-21 07:04:36.715 I/[ 3527.638879] binder( 0): 1164:1828 ioctl c00c620f 6f3e1fb5b8 returned -22
06-21 07:04:36.861 I/[ 3527.787634] binder( 0): release 20712:20729 transaction 404963 in, still active
06-21 07:04:36.880 I/[ 3527.798597] binder( 0): send failed reply for transaction 404963 to 20674:20711
06-21 07:04:36.878 W/ActivityManager( 1164): Exception when unbinding service com.tencent.wework/com.tencent.wemeet.tmsdk.ipc.WeMeetService
06-21 07:04:36.878 W/ActivityManager( 1164): android.os.DeadObjectException
06-21 07:04:36.878 W/ActivityManager( 1164): at android.os.BinderProxy.transactNative(Native Method)
06-21 07:04:36.878 W/ActivityManager( 1164): at android.os.BinderProxy.transact(BinderProxy.java:571)
06-21 07:04:36.878 W/ActivityManager( 1164): at android.app.IApplicationThread$Stub$Proxy.scheduleUnbindService(IApplicationThread.java:1790)
06-21 07:04:36.878 W/ActivityManager( 1164): at com.android.server.am.ActiveServices.removeConnectionLocked(ActiveServices.java:4629)
06-21 07:04:36.878 W/ActivityManager( 1164): at com.android.server.am.ActiveServices.unbindServiceLocked(ActiveServices.java:3079)
06-21 07:04:36.878 W/ActivityManager( 1164): at com.android.server.am.ActivityManagerService.unbindService(ActivityManagerService.java:12147)
06-21 07:04:36.878 W/ActivityManager( 1164): at android.app.IActivityManager$Stub.onTransact(IActivityManager.java:2629)
06-21 07:04:36.878 W/ActivityManager( 1164): at com.android.server.am.ActivityManagerService.onTransact(ActivityManagerService.java:2528)
06-21 07:04:36.878 W/ActivityManager( 1164): at android.os.Binder.execTransactInternal(Binder.java:1179)
06-21 07:04:36.878 W/ActivityManager( 1164): at android.os.Binder.execTransact(Binder.java:1143)
06-21 07:04:37.559 I/[ 3528.481441] init( 0): starting service 'hht_ota_mgr_service'...
06-21 07:04:37.762 I/[ 3528.678665] init( 0): Service 'hht_ota_mgr_service' (pid 23778) exited with status 0
06-21 07:04:37.777 I/[ 3528.702018] init( 0): Sending signal 9 to service 'hht_ota_mgr_service' (pid 23778) process group...
06-21 07:04:37.787 I/[ 3528.711971] libprocessgroup( 0): Successfully killed process cgroup uid 0 pid 23778 in 0ms
06-21 07:04:38.515 E/[ 3529.440181] link_delay_work_func( 0): DTC_ETH: SQI=0, link=0
06-21 07:04:42.586 I/[ 3533.513424] init( 0): starting service 'hht_ota_mgr_service'...
06-21 07:04:42.786 I/[ 3533.703583] init( 0): Service 'hht_ota_mgr_service' (pid 23801) exited with status 0
06-21 07:04:42.802 I/[ 3533.726822] init( 0): Sending signal 9 to service 'hht_ota_mgr_service' (pid 23801) process group...
06-21 07:04:42.803 I/[ 3533.736227] libprocessgroup( 0): Successfully killed process cgroup uid 0 pid 23801 in 0ms
06-21 07:04:43.634 E/[ 3534.560341] link_delay_work_func( 0): DTC_ETH: SQI=0, link=0
06-21 07:04:47.616 I/[ 3538.542523] init( 0): starting service 'hht_ota_mgr_service'...
06-21 07:04:47.842 I/[ 3538.754648] init( 0): Service 'hht_ota_mgr_service' (pid 23825) exited with status 0
06-21 07:04:47.856 I/[ 3538.779717] init( 0): Sending signal 9 to service 'hht_ota_mgr_service' (pid 23825) process group...
06-21 07:04:47.856 I/[ 3538.789465] libprocessgroup( 0): Successfully killed process cgroup uid 0 pid 23825 in 0ms
06-21 07:04:48.754 E/[ 3539.680393] link_delay_work_func( 0): DTC_ETH: SQI=0, link=0
06-21 07:04:49.776 W/ActivityManager( 1164): Background start not allowed: service Intent { cmp=com.tencent.android.qqdownloader/com.tencent.assistant.sdk.SDKSupportService (has extras) } to com.tencent.android.qqdownloader/com.tencent.assistant.sdk.SDKSupportService from pid=3329 uid=10115 pkg=com.tencent.android.qqdownloader startFg?=false
06-21 07:04:49.790 W/ActivityManager( 1164): Background start not allowed: service Intent { cmp=com.tencent.android.qqdownloader/com.tencent.assistant.sdk.SDKSupportService (has extras) } to com.tencent.android.qqdownloader/com.tencent.assistant.sdk.SDKSupportService from pid=3329 uid=10115 pkg=com.tencent.android.qqdownloader startFg?=false
06-21 07:04:49.833 W/ActivityManager( 1164): Background start not allowed: service Intent { cmp=com.tencent.android.qqdownloader/com.tencent.assistant.sdk.SDKSupportService (has extras) } to com.tencent.android.qqdownloader/com.tencent.assistant.sdk.SDKSupportService from pid=3329 uid=10115 pkg=com.tencent.android.qqdownloader startFg?=false
06-21 07:04:49.848 W/ActivityManager( 1164): Background start not allowed: service Intent { cmp=com.tencent.android.qqdownloader/com.tencent.assistant.sdk.SDKSupportService (has extras) } to com.tencent.android.qqdownloader/com.tencent.assistant.sdk.SDKSupportService from pid=3329 uid=10115 pkg=com.tencent.android.qqdownloader startFg?=false
06-21 07:04:49.902 E/[ 3540.819884] [schedu][0xfdbb352ba][07( 0): 04:49.886466] wlan: [1861:E:PE] lim_process_addba_req: 1716: Failed to process addba request
06-21 07:04:52.663 I/[ 3543.590784] init( 0): starting service 'hht_ota_mgr_service'...
06-21 07:04:52.891 I/[ 3543.800873] init( 0): Service 'hht_ota_mgr_service' (pid 23845) exited with status 0
06-21 07:04:52.904 I/[ 3543.828749] init( 0): Sending signal 9 to service 'hht_ota_mgr_service' (pid 23845) process group...
06-21 07:04:52.914 I/[ 3543.838586] libprocessgroup( 0): Successfully killed process cgroup uid 0 pid 23845 in 0ms
06-21 07:04:53.874 E/[ 3544.800252] link_delay_work_func( 0): DTC_ETH: SQI=0, link=0
06-21 07:04:56.887 I/[ 3547.810715] init( 0): processing action (sys.tlog.tlogdshc.active=1) from (/system/etc/init/tlogd.rc:195)
06-21 07:04:56.895 I/[ 3547.822056] init( 0): starting service 'tlogdshc'...
06-21 07:04:57.268 I/[ 3548.189354] init( 0): Service 'tlogdshc' (pid 23863) exited with status 0 oneshot service took 0.335000 seconds in background
06-21 07:04:57.287 I/[ 3548.202087] init( 0): Sending signal 9 to service 'tlogdshc' (pid 23863) process group...
06-21 07:04:57.287 I/[ 3548.211439] libprocessgroup( 0): Successfully killed process cgroup uid 0 pid 23863 in 0ms
06-21 07:04:57.711 I/[ 3548.638214] init( 0): starting service 'hht_ota_mgr_service'...
06-21 07:04:57.922 I/[ 3548.839099] init( 0): Service 'hht_ota_mgr_service' (pid 23878) exited with status 0
06-21 07:04:57.937 I/[ 3548.861881] init( 0): Sending signal 9 to service 'hht_ota_mgr_service' (pid 23878) process group...
06-21 07:04:57.947 I/[ 3548.871290] libprocessgroup( 0): Successfully killed process cgroup uid 0 pid 23878 in 0ms
06-21 07:04:58.994 E/[ 3549.920309] link_delay_work_func( 0): DTC_ETH: SQI=0, link=0
06-21 07:04:59.825 V/DreamService[SystemDream]( 6583): mActionDownY = 723.0
06-21 07:04:59.825 V/DreamService[SystemDream]( 6583): mActionUpY = 453.0
06-21 07:04:59.837 I/DreamManagerService( 1164): Gently waking up from dream.
06-21 07:04:59.840 I/DreamManagerService( 1164): Performing gentle wake from dream.
06-21 07:04:59.845 I/ActivityTaskManager( 1164): FOREGROUND_APPLICATION_CHANGED to com.android.launcher3.uioverrides.QuickstepLauncher
06-21 07:04:59.851 D/FreeFormWindowHelper( 1164): handleFreeformTask : Task{7dd49bb #1 type=home ?? U=0 visible=true mode=fullscreen translucent=false sz=1 visible freeform task=true rootAffinity=null isMini=false}
06-21 07:04:59.851 D/FreeFormWindowHelper( 1164): mFreeFormTask : null
06-21 07:04:59.851 D/FreeFormWindowHelper( 1164): mInRecent : false
06-21 07:04:59.851 D/FreeFormWindowHelper( 1164):
06-21 07:04:59.912 I/PowerManagerService( 1164): Powering on display group fromDreaming (groupId=0, uid=1000, reason=WAKE_REASON_UNKNOWN, details=android.server.power:DREAM_FINISHED)...
06-21 07:04:59.912 I/PowerManagerService( 1164): Waking up from Dreaming (uid=1000, reason=WAKE_REASON_UNKNOWN, details=android.server.power:DREAM_FINISHED)...
06-21 07:04:59.952 D/FreeFormWindowHelper( 1164): Current Display FreeFormTask is null
06-21 07:04:59.989 W/[ 3550.898512] audit( 0): audit_lost=746 audit_rate_limit=5 audit_backlog_limit=64
06-21 07:05:00.016 E/[ 3550.926378] audit( 0): rate limit exceeded
06-21 07:05:00.170 I/DreamManagerService( 1164): Leaving dreamland.
06-21 07:05:00.172 I/DreamManagerService( 1164): Performing gentle wake from dream.
06-21 07:05:00.172 I/DreamController( 1164): Stopping dream: name=ComponentInfo{com.thundercomm.screensaver/com.thundercomm.screensaver.service.SystemDream}, isTest=false, canDoze=false, userId=0, reason='finished self'(from 'finished self')
06-21 07:05:00.178 D/FreeFormWindowHelper( 1164): handleFreeformTask : Task{7dd49bb #1 type=home ?? U=0 visible=true mode=fullscreen translucent=false sz=1 visible freeform task=true rootAffinity=null isMini=false}
06-21 07:05:00.178 D/FreeFormWindowHelper( 1164): mFreeFormTask : null
06-21 07:05:00.178 D/FreeFormWindowHelper( 1164): mInRecent : false
06-21 07:05:00.178 D/FreeFormWindowHelper( 1164):
06-21 07:05:00.180 W/ActivityTaskManager( 1164): Can't find TaskDisplayArea to determine support for multi window. Task id=1469 attached=false
06-21 07:05:00.439 W/ActivityManager( 1164): Background start not allowed: service Intent { cmp=com.tencent.android.qqdownloader/com.tencent.assistant.main.MainService } to com.tencent.android.qqdownloader/com.tencent.assistant.main.MainService from pid=3563 uid=10115 pkg=com.tencent.android.qqdownloader startFg?=false
06-21 07:05:00.443 W/ActivityManager( 1164): Background start not allowed: service Intent { cmp=com.tencent.android.qqdownloader/com.tencent.assistant.main.MainService } to com.tencent.android.qqdownloader/com.tencent.assistant.main.MainService from pid=3563 uid=10115 pkg=com.tencent.android.qqdownloader startFg?=false
06-21 07:05:00.445 W/ActivityManager( 1164): Background start not allowed: service Intent { cmp=com.tencent.android.qqdownloader/com.tencent.assistant.main.MainService } to com.tencent.android.qqdownloader/com.tencent.assistant.main.MainService from pid=3563 uid=10115 pkg=com.tencent.android.qqdownloader startFg?=false
06-21 07:05:00.449 W/ActivityManager( 1164): Background start not allowed: service Intent { cmp=com.tencent.android.qqdownloader/com.tencent.assistant.main.MainService } to com.tencent.android.qqdownloader/com.tencent.assistant.main.MainService from pid=3563 uid=10115 pkg=com.tencent.android.qqdownloader startFg?=false
06-21 07:05:00.455 W/ActivityManager( 1164): Background start not allowed: service Intent { cmp=com.tencent.android.qqdownloader/com.tencent.assistant.main.MainService } to com.tencent.android.qqdownloader/com.tencent.assistant.main.MainService from pid=3563 uid=10115 pkg=com.tencent.android.qqdownloader startFg?=false
06-21 07:05:00.457 W/ActivityManager( 1164): Background start not allowed: service Intent { cmp=com.tencent.android.qqdownloader/com.tencent.assistant.main.MainService } to com.tencent.android.qqdownloader/com.tencent.assistant.main.MainService from pid=3563 uid=10115 pkg=com.tencent.android.qqdownloader startFg?=false
06-21 07:05:01.953 W/ActivityManager( 1164): Background start not allowed: service Intent { cmp=com.tencent.android.qqdownloader/com.tencent.assistant.main.MainService } to com.tencent.android.qqdownloader/com.tencent.assistant.main.MainService from pid=3563 uid=10115 pkg=com.tencent.android.qqdownloader startFg?=false
06-21 07:05:01.957 W/ActivityManager( 1164): Background start not allowed: service Intent { cmp=com.tencent.android.qqdownloader/com.tencent.assistant.main.MainService } to com.tencent.android.qqdownloader/com.tencent.assistant.main.MainService from pid=3563 uid=10115 pkg=com.tencent.android.qqdownloader startFg?=false
06-21 07:05:02.752 I/[ 3553.679807] init( 0): starting service 'hht_ota_mgr_service'...
06-21 07:05:02.962 I/[ 3553.877730] init( 0): Service 'hht_ota_mgr_service' (pid 23912) exited with status 0
06-21 07:05:02.977 I/[ 3553.901386] init( 0): Sending signal 9 to service 'hht_ota_mgr_service' (pid 23912) process group...
06-21 07:05:02.987 I/[ 3553.911173] libprocessgroup( 0): Successfully killed process cgroup uid 0 pid 23912 in 0ms
06-21 07:05:04.114 E/[ 3555.040269] link_delay_work_func( 0): DTC_ETH: SQI=0, link=0
06-21 07:05:07.791 I/[ 3558.717775] init( 0): starting service 'hht_ota_mgr_service'...
06-21 07:05:08.010 I/[ 3558.927426] init( 0): Service 'hht_ota_mgr_service' (pid 23934) exited with status 0
06-21 07:05:08.017 I/[ 3558.950497] init( 0): Sending signal 9 to service 'hht_ota_mgr_service' (pid 23934) process group...
06-21 07:05:08.035 I/[ 3558.960453] libprocessgroup( 0): Successfully killed process cgroup uid 0 pid 23934 in 0ms
06-21 07:05:09.232 E/[ 3560.160219] link_delay_work_func( 0): DTC_ETH: SQI=0, link=0
06-21 07:05:12.842 I/[ 3563.764291] init( 0): starting service 'hht_ota_mgr_service'...
06-21 07:05:13.058 I/[ 3563.975670] init( 0): Service 'hht_ota_mgr_service' (pid 23958) exited with status 0
06-21 07:05:13.074 I/[ 3563.998441] init( 0): Sending signal 9 to service 'hht_ota_mgr_service' (pid 23958) process group...
06-21 07:05:13.083 I/[ 3564.007809] libprocessgroup( 0): Successfully killed process cgroup uid 0 pid 23958 in 0ms
06-21 07:05:13.619 I/GameModeConfig( 1164): isGameModeOn = false
06-21 07:05:14.353 E/[ 3565.280555] link_delay_work_func( 0): DTC_ETH: SQI=0, link=0
06-21 07:05:17.887 I/[ 3568.814568] init( 0): starting service 'hht_ota_mgr_service'...
06-21 07:05:18.098 I/[ 3569.015846] init( 0): Service 'hht_ota_mgr_service' (pid 23982) exited with status 0
06-21 07:05:18.122 I/[ 3569.038504] init( 0): Sending signal 9 to service 'hht_ota_mgr_service' (pid 23982) process group...
06-21 07:05:18.122 I/[ 3569.047808] libprocessgroup( 0): Successfully killed process cgroup uid 0 pid 23982 in 0ms
06-21 07:05:19.474 E/[ 3570.400165] link_delay_work_func( 0): DTC_ETH: SQI=0, link=0
06-21 07:05:22.921 I/[ 3573.848012] init( 0): starting service 'hht_ota_mgr_service'...
06-21 07:05:23.142 I/[ 3574.072219] init( 0): Service 'hht_ota_mgr_service' (pid 24004) exited with status 0
06-21 07:05:23.156 I/[ 3574.079966] init( 0): Sending signal 9 to service 'hht_ota_mgr_service' (pid 24004) process group...
06-21 07:05:23.166 I/[ 3574.089688] libprocessgroup( 0): Successfully killed process cgroup uid 0 pid 24004 in 0ms
06-21 07:05:24.594 E/[ 3575.520258] link_delay_work_func( 0): DTC_ETH: SQI=0, link=0
06-21 07:05:26.894 I/[ 3577.818026] init( 0): processing action (sys.tlog.tlogdshc.active=1) from (/system/etc/init/tlogd.rc:195)
06-21 07:05:26.902 I/[ 3577.829559] init( 0): starting service 'tlogdshc'...
06-21 07:05:27.265 I/[ 3578.186823] init( 0): Service 'tlogdshc' (pid 24022) exited with status 0 oneshot service took 0.341000 seconds in background
06-21 07:05:27.265 I/[ 3578.198350] init( 0): Sending signal 9 to service 'tlogdshc' (pid 24022) process group...
06-21 07:05:27.283 I/[ 3578.207384] libprocessgroup( 0): Successfully killed process cgroup uid 0 pid 24022 in 0ms
06-21 07:05:27.965 I/[ 3578.892524] init( 0): starting service 'hht_ota_mgr_service'...
06-21 07:05:28.178 I/[ 3579.093616] init( 0): Service 'hht_ota_mgr_service' (pid 24035) exited with status 0
06-21 07:05:28.200 I/[ 3579.117929] init( 0): Sending signal 9 to service 'hht_ota_mgr_service' (pid 24035) process group...
06-21 07:05:28.200 I/[ 3579.129105] libprocessgroup( 0): Successfully killed process cgroup uid 0 pid 24035 in 0ms
06-21 07:05:29.713 E/[ 3580.640151] link_delay_work_func( 0): DTC_ETH: SQI=0, link=0
06-21 07:05:33.012 I/[ 3583.938533] init( 0): starting service 'hht_ota_mgr_service'...
06-21 07:05:33.222 I/[ 3584.138201] init( 0): Service 'hht_ota_mgr_service' (pid 24057) exited with status 0
06-21 07:05:33.228 I/[ 3584.161981] init( 0): Sending signal 9 to service 'hht_ota_mgr_service' (pid 24057) process group...
06-21 07:05:33.246 I/[ 3584.171993] libprocessgroup( 0): Successfully killed process cgroup uid 0 pid 24057 in 0ms
06-21 07:05:34.848 E/[ 3585.775965] link_delay_work_func( 0): DTC_ETH: SQI=0, link=0
06-21 07:05:38.053 I/[ 3588.981408] init( 0): starting service 'hht_ota_mgr_service'...
06-21 07:05:38.274 I/[ 3589.188948] init( 0): Service 'hht_ota_mgr_service' (pid 24079) exited with status 0
06-21 07:05:38.288 I/[ 3589.212503] init( 0): Sending signal 9 to service 'hht_ota_mgr_service' (pid 24079) process group...
06-21 07:05:38.297 I/[ 3589.222411] libprocessgroup( 0): Successfully killed process cgroup uid 0 pid 24079 in 0ms
06-21 07:05:39.536 I/[ 3590.434095] [schedu][0x10147abc69][07( 0): 05:39.500675] wlan: [1861:I:WMA] [07:05:39.419000] [ROAM_TRIGGER]: VDEV[0] Reason: "LOW RSSI" Sub-Reason: FULL SCAN Cur_Rssi threshold:81 Current AP RSSI: 76
06-21 07:05:39.536 I/[ 3590.454717] [schedu][0x101480c73d][07( 0): 05:39.521300] wlan: [1861:I:WMA] [07:05:39.419000] [ROAM_SCAN]: VDEV[0] Scan_type: PARTIAL next_rssi_threshold: 81 dBm {5200 }
06-21 07:05:39.555 I/[ 3590.470637] [schedu][0x101485712a][07( 0): 05:39.537219] wlan: [1861:I:WMA] ============================================================================================================================
06-21 07:05:39.555 I/[ 3590.488586] [schedu][0x10148aaffd][07( 0): 05:39.555122] wlan: [1861:I:WMA] AP BSSID TSTAMP CH TY ETP RSSI/SCR CU%/SCR TOT_SCR BL_RSN BL_SRC BL_TSTAMP BL_TIMEOUT(ms)
06-21 07:05:39.573 I/[ 3590.506443] [schedu][0x10148fef88][07( 0): 05:39.573036] wlan: [1861:I:WMA] ============================================================================================================================
06-21 07:05:39.608 I/[ 3590.524562] [schedu][0x1014953e39][07( 0): 05:39.591152] wlan: [1861:I:WMA] 04:d9:f5:fb:09:94 [07:05:39.419000] 5200 P_AP 0 76/0 0/0 1791 0 0 [00:00:00.000000] 0
06-21 07:05:39.609 I/[ 3590.542036] [schedu][0x10149a5cf9][07( 0): 05:39.608628] wlan: [1861:I:WMA] [07:05:39.480000] [ROAM_RESULT]: VDEV[0] FAILED Reason: NO AP FOUND
06-21 07:05:39.954 E/[ 3590.880486] link_delay_work_func( 0): DTC_ETH: SQI=0, link=0
06-21 07:05:43.055 I/[ 3593.955757] [schedu][0x1018827785][07( 0): 05:43.022320] wlan: [1861:I:WMA] [07:05:39.529000] [ROAM_TRIGGER]: VDEV[0] Reason: "LOW RSSI" Sub-Reason: FULL SCAN Cur_Rssi threshold:81 Current AP RSSI: 76
06-21 07:05:43.055 I/[ 3593.974723] [schedu][0x101888067e][07( 0): 05:43.041292] wlan: [1861:I:WMA] [07:05:39.529000] [ROAM_SCAN]: VDEV[0] Scan_type: FULL next_rssi_threshold: 81 dBm
06-21 07:05:43.056 I/[ 3593.989229] [schedu][0x10188c47c0][07( 0): 05:43.055813] wlan: [1861:I:WMA] ============================================================================================================================
06-21 07:05:43.092 I/[ 3594.007442] [schedu][0x1018919dea][07( 0): 05:43.074028] wlan: [1861:I:WMA] AP BSSID TSTAMP CH TY ETP RSSI/SCR CU%/SCR TOT_SCR BL_RSN BL_SRC BL_TSTAMP BL_TIMEOUT(ms)
06-21 07:05:43.092 I/[ 3594.017167] init( 0): starting service 'hht_ota_mgr_service'...
06-21 07:05:43.092 I/[ 3594.025320] [schedu][0x101896db25][07( 0): 05:43.091911] wlan: [1861:I:WMA] ============================================================================================================================
06-21 07:05:43.132 I/[ 3594.048906] [schedu][0x10189dc44a][07( 0): 05:43.115499] wlan: [1861:I:WMA] 04:d9:f5:fb:09:94 [07:05:39.529000] 5200 P_AP 0 76/0 0/0 1791 0 0 [00:00:00.000000] 0
06-21 07:05:43.146 I/[ 3594.066587] [schedu][0x1018a2f22e][07( 0): 05:43.133178] wlan: [1861:I:WMA] [07:05:43.000000] [ROAM_RESULT]: VDEV[0] FAILED Reason: NO AP FOUND
06-21 07:05:43.306 I/[ 3594.216852] init( 0): Service 'hht_ota_mgr_service' (pid 24099) exited with status 0
06-21 07:05:43.316 I/[ 3594.240341] init( 0): Sending signal 9 to service 'hht_ota_mgr_service' (pid 24099) process group...
06-21 07:05:43.326 I/[ 3594.250354] libprocessgroup( 0): Successfully killed process cgroup uid 0 pid 24099 in 0ms
06-21 07:05:45.075 E/[ 3596.000180] link_delay_work_func( 0): DTC_ETH: SQI=0, link=0
