--------- beginning of system
01-01 08:00:33.572 I/vold ( 561): Vold 3.0 (the awakening) firing up
01-01 08:00:33.572 D/vold ( 561): Detected support for: ext4 f2fs vfat
01-01 08:00:33.578 D/vold ( 561): Found unmanaged dm device named system_ext_a
01-01 08:00:33.578 D/vold ( 561): Found unmanaged dm device named odm_a
01-01 08:00:33.578 D/vold ( 561): Found unmanaged dm device named system_a
01-01 08:00:33.578 D/vold ( 561): Found unmanaged dm device named vendor-verity
01-01 08:00:33.578 D/vold ( 561): Found unmanaged dm device named vendor_a
01-01 08:00:33.578 D/vold ( 561): Found unmanaged dm device named system_ext-verity
01-01 08:00:33.578 D/vold ( 561): Found unmanaged dm device named odm-verity
01-01 08:00:33.578 D/vold ( 561): Found unmanaged dm device named product-verity
01-01 08:00:33.578 D/vold ( 561): Found unmanaged dm device named system-verity
01-01 08:00:33.578 D/vold ( 561): Found unmanaged dm device named product_a
01-01 08:00:33.581 I/vold ( 561): [libfs_mgr]dt_fstab: Skip disabled entry for partition vendor
01-01 08:00:33.581 I/vold ( 561): [libfs_mgr]GetFstabPath()fstab_path:/odm/etc/fstab.default
01-01 08:00:33.581 I/vold ( 561): [libfs_mgr]GetFstabPath()fstab_path:/vendor/etc/fstab.default
01-01 08:00:33.581 I/vold ( 561): [libfs_mgr]GetFstabPath()fstab_path:/system/etc/fstab.default
01-01 08:00:33.581 I/vold ( 561): [libfs_mgr]GetFstabPath()fstab_path:/first_stage_ramdisk/system/etc/fstab.default
01-01 08:00:33.581 I/vold ( 561): [libfs_mgr]GetFstabPath()fstab_path:/fstab.default
01-01 08:00:33.581 I/vold ( 561): [libfs_mgr]GetFstabPath()fstab_path:/first_stage_ramdisk/fstab.default
01-01 08:00:33.582 I/vold ( 561): [libfs_mgr]GetFstabPath()fstab_path:/odm/etc/fstab.qcom
01-01 08:00:33.582 I/vold ( 561): [libfs_mgr]GetFstabPath()fstab_path:/vendor/etc/fstab.qcom
01-01 08:00:33.582 I/vold ( 561): [libfs_mgr]GetFstabPath()fstab_path.c_str():/vendor/etc/fstab.qcom
01-01 08:00:33.601 D/vold ( 561): VoldNativeService::start() completed OK
01-01 08:00:33.602 I/QISL ( 559): QSEE Interrupt Service Listener Thread is started
01-01 08:00:33.612 I/QISL ( 559): QSEE Interrupt Service Listener was activated successfully
01-01 08:00:33.613 D/SPL ( 559): Call QSEECom_register_listener()
01-01 08:00:33.615 D/SPL ( 559): Registered listener sucessfully!
01-01 08:00:33.615 D/SPL ( 559): pipe read-fd [32] write-fd [33]
01-01 08:00:33.615 D/SPL ( 559): Create thread
01-01 08:00:33.615 D/SPL ( 559): Thread created sucessfully.
01-01 08:00:33.616 D/SPL ( 559): spl_dispatch() started
01-01 08:00:33.616 D/SPL ( 559): ==== Wait For Request ======
01-01 08:00:33.994 D/spdaemon( 583): Firmware Name [spss2p].
01-01 08:00:33.994 D/spdaemon( 583): Prod FW.
01-01 08:00:33.994 D/spdaemon( 583): firmware_type [p].
01-01 08:00:33.994 D/spdaemon( 583): machine_name [SXR2130]
01-01 08:00:33.996 E/iardb ( 583): [iar_db_get_iar_state] failed to open file /mnt/vendor/spunvm/iar_db/iar_state.bin [13] [Permission denied]
01-01 08:00:33.996 D/iarlib ( 583): [iar_get_state] Can't get iar_state, return DISABLED
01-01 08:00:33.996 I/spdaemon( 583): IAR is not activated
01-01 08:00:33.996 D/spdaemon( 583): ------ going to start SP From kernel ------
01-01 08:00:33.996 I/spcomlib( 583): [spcom_restart_sp_subsystem] restart_sp starts
01-01 08:00:33.996 D/spcomlib( 583): [spcom_restart_sp_subsystem] restart_sp - Send PIL request [1]
01-01 08:00:34.020 D/spcomlib( 583): [spcom_restart_sp_subsystem] restart_sp - Restart SP command ok.
01-01 08:00:34.021 D/spcomlib( 583): [spcom_signal_event] event [0] [pil_called] EVENT_STATUS_SIGNALED
01-01 08:00:34.021 I/spcomlib( 583): [spcom_reset_all_app_loaded_prop] start reset all spcomlib apploaded props.
01-01 08:00:35.412 D/vold ( 561): fscrypt_mount_metadata_encrypted: /data encrypt: 0 format: 0 with null
01-01 08:00:35.412 D/vold ( 561): metadata_key_dir/key: /metadata/vold/metadata_encryption/key
01-01 08:00:35.414 D/vold ( 561): Key exists, using: /metadata/vold/metadata_encryption/key
01-01 08:00:35.437 D/vold ( 561): Mounting metadata-encrypted filesystem:/data
01-01 08:00:35.442 I/vold ( 561): [libfs_mgr]Running /system/bin/fsck.f2fs -a -c 10000 --debug-cache /dev/block/dm-10
01-01 08:00:35.965 I/vold ( 561): [libfs_mgr]__mount(source=/dev/block/dm-10,target=/data,type=f2fs)=0: Success
01-01 08:00:35.966 D/vold ( 561): Mounted /data
01-01 08:00:35.967 D/vold ( 561): Disk at 252:10 changed
01-01 08:00:36.055 I/Checkpoint( 561): cp_prepareCheckpoint called
01-01 08:00:36.077 D/spcomlib( 631): [spcom_register_service] spcom_register_service() name [sp_keymaster_ssr] pid [468952079536]
01-01 08:00:36.078 D/spcomlib( 631): [spcom_open] ch [sp_keymaster_ssr] doesn't exist, create it.
01-01 08:00:36.078 D/spcomlib( 631): [spcom_create_channel] Create Channel [sp_keymaster_ssr].
01-01 08:00:36.093 D/spcomlib( 631): [add_ssr_cb] ssr cb added!
01-01 08:00:36.093 D/spcomlib( 631): [start_ssr_thread] ch [spcom] ready!
01-01 08:00:36.093 D/spcomlib( 631): [start_ssr_thread] main pthread self_id [0x2fb8dcb0].
01-01 08:00:36.093 D/spcomlib( 631): [start_ssr_thread] pthread_create() ret [0] thread-id [0x2ea8fcb0].
01-01 08:00:36.093 D/spcomlib( 631): [start_ssr_thread] Wait for SSR thread to run.
01-01 08:00:36.093 D/spcomlib( 631): [notify_ssr_thread] SSR pthread self_id [0x2ea8fcb0].
01-01 08:00:36.093 D/spcomlib( 631): [start_ssr_thread] pthread_cond_wait() ret [0].
01-01 08:00:36.093 D/spcomlib( 631): [start_ssr_thread] done.
01-01 08:00:36.093 D/spcomlib( 631): [add_ch] add ch [sp_keymaster_ssr].
01-01 08:00:36.093 D/spcomlib( 631): [spcom_register_service] spcom_register_service() name [sp_keymaster_ssr] pid [468952079536] done
01-01 08:00:36.095 I/vold ( 561): fscrypt_initialize_systemwide_keys
01-01 08:00:36.097 D/vold ( 561): Key exists, using: /data/unencrypted/key
01-01 08:00:36.116 D/vold ( 561): Installed fscrypt key with ref d1ba72a4967c2fe60816fe94b2748ddf to /data
01-01 08:00:36.116 D/vold ( 561): Added fscrypt-provisioning key for d1ba72a4967c2fe60816fe94b2748ddf to session keyring
01-01 08:00:36.124 I/vold ( 561): Wrote system DE key reference to:/data/unencrypted/ref
01-01 08:00:36.124 D/vold ( 561): Generating wrapped storage key
01-01 08:00:36.127 E/vold ( 561): keystore2 Keystore generateKey returned service specific error: -67
01-01 08:00:36.127 W/vold ( 561): Failed to generate rollback-resistant key. This is expected if keymaster doesn't support rollback resistance. Falling back to non-rollback-resistant key.
01-01 08:00:36.137 D/vold ( 561): Installed fscrypt key with ref a694161fae09ac5773a6371dfb2b3593 to /data
01-01 08:00:36.137 D/vold ( 561): Added fscrypt-provisioning key for a694161fae09ac5773a6371dfb2b3593 to session keyring
01-01 08:00:36.138 I/vold ( 561): Wrote per boot key reference to:/data/unencrypted/per_boot_ref
01-01 08:00:36.214 I/incfs ( 561): Initial API level of the device: 30
01-01 08:00:36.214 I/incfs ( 561): ro.incremental.enable: 1
01-01 08:00:36.214 I/incfs ( 561): isFsAvailable: true
01-01 08:00:36.214 I/incfs ( 561): isFsAvailable: true
01-01 08:00:36.215 I/incfs ( 561): IncFs_Features: v1
01-01 08:00:36.256 E/vold ( 561): keystore2 Keystore earlyBootEnded returned service specific error: -68
01-01 08:00:36.483 D/vold ( 561): fscrypt_init_user0
01-01 08:00:36.483 D/vold ( 561): Preparing: /data/misc/vold/user_keys
01-01 08:00:36.485 D/vold ( 561): Preparing: /data/misc/vold/user_keys/ce
01-01 08:00:36.485 D/vold ( 561): Preparing: /data/misc/vold/user_keys/de
01-01 08:00:36.504 D/vold ( 561): Installed fscrypt key with ref 2eeb9524f4fc671cbe9f5c5a1f325dc6 to /data
01-01 08:00:36.504 D/vold ( 561): Added fscrypt-provisioning key for 2eeb9524f4fc671cbe9f5c5a1f325dc6 to session keyring
01-01 08:00:36.504 D/vold ( 561): Installed de key for user 0
01-01 08:00:36.504 D/vold ( 561): fscrypt_prepare_user_storage for volume null, user 0, serial 0, flags 1
01-01 08:00:36.504 D/vold ( 561): Preparing: /data/system/users/0
01-01 08:00:36.505 D/vold ( 561): Preparing: /data/misc/profiles/cur/0
01-01 08:00:36.506 D/vold ( 561): Preparing: /data/system_de/0
01-01 08:00:36.507 D/vold ( 561): Preparing: /data/misc_de/0
01-01 08:00:36.507 D/vold ( 561): Preparing: /data/vendor_de/0
01-01 08:00:36.508 D/vold ( 561): Preparing: /data/user_de/0
01-01 08:00:36.509 I/vold ( 561): Verified that /data/system_de/0 has the encryption policy 2eeb9524f4fc671cbe9f5c5a1f325dc6 v2 modes 1/4 flags 0xa
01-01 08:00:36.509 I/vold ( 561): Verified that /data/misc_de/0 has the encryption policy 2eeb9524f4fc671cbe9f5c5a1f325dc6 v2 modes 1/4 flags 0xa
01-01 08:00:36.509 I/vold ( 561): Verified that /data/vendor_de/0 has the encryption policy 2eeb9524f4fc671cbe9f5c5a1f325dc6 v2 modes 1/4 flags 0xa
01-01 08:00:36.509 I/vold ( 561): Verified that /data/user_de/0 has the encryption policy 2eeb9524f4fc671cbe9f5c5a1f325dc6 v2 modes 1/4 flags 0xa
01-01 08:00:36.509 D/vold ( 561): /system/bin/vold_prepare_subdirs
01-01 08:00:36.509 D/vold ( 561): prepare
01-01 08:00:36.509 D/vold ( 561):
01-01 08:00:36.509 D/vold ( 561): 0
01-01 08:00:36.509 D/vold ( 561): 1
01-01 08:00:36.576 D/vold ( 561): Detected support for FS_IOC_ADD_ENCRYPTION_KEY
01-01 08:00:38.544 D/Build ( 687): ro.build.display.id=01.00.C103_20230526_private_userdebug
01-01 08:00:38.573 D/Build ( 688): ro.build.display.id=01.00.C103_20230526_private_userdebug
01-01 08:00:38.622 D/Zygote32Timing( 688): PostZygoteInitGC took to complete: 36ms
01-01 08:00:38.622 D/Zygote32Timing( 688): ZygoteInit took to complete: 48ms
01-01 08:00:38.734 D/Zygote64Timing( 687): BeginPreload took to complete: 172ms --------- beginning of kernel
01-01 08:00:39.028 E/[ 32.341620] [drm( 0): dp_display_init_aux_switch][msm-dp-err][350 ]failed to register notifier (-22)
01-01 08:00:39.028 I/[ 32.345520] adsprpc( 0): fastrpc_restart_notifier_cb: slpi subsystem is up
01-01 08:00:39.028 I/[ 32.362366] adsprpc( 0): fastrpc_rpmsg_probe: opened rpmsg channel for slpi
01-01 08:00:39.088 E/[ 32.400966] register_client_adhoc( 0): find path.src 1 dest 589
01-01 08:00:39.088 E/[ 32.401992] register_client_adhoc( 0): Failed to find path.src 1 dest 589
01-01 08:00:39.088 I/[ 32.408245] qcom_smd_qrtr_probe( 0): Entered
01-01 08:00:39.123 E/[ 32.429483] [drm( 0): dp_display_init_aux_switch][msm-dp-err][350 ]failed to register notifier (-22)
01-01 08:00:39.123 I/[ 32.442082] qcom_smd_qrtr_probe( 0): SMD QRTR driver probed
01-01 08:00:39.138 E/[ 32.463960] register_client_adhoc( 0): find path.src 1 dest 589
01-01 08:00:39.171 E/[ 32.465200] register_client_adhoc( 0): Failed to find path.src 1 dest 589
01-01 08:00:39.173 E/[ 32.480985] [drm( 0): dp_display_init_aux_switch][msm-dp-err][350 ]failed to register notifier (-22)
01-01 08:00:39.173 E/[ 32.499171] link_delay_work_func( 0): DTC_ETH: SQI=0, link=0
01-01 08:00:39.228 I/android.hardware.wifi@1.0-service( 941): Wifi Hal is booting up...
01-01 08:00:39.249 I/HidlServiceManagement( 941): Registered android.hardware.wifi@1.4::IWifi/default (start delay of 534ms)
01-01 08:00:39.298 I/[ 32.626824] init( 0): starting service 'qspmhal'...
01-01 08:00:39.347 I/[ 32.672992] binder( 0): 972:972 ioctl 40046210 7fcb70a1b4 returned -22
01-01 08:00:39.351 I/[ 32.676226] init( 0): starting service 'secureelement-hal_1_2'...
01-01 08:00:39.380 I/[ 32.707843] init( 0): starting service 'tsnv-1-0'...
01-01 08:00:39.380 W/[ 32.708279] QSEECOM( 0): qseecom_load_app: App (soter64) does'nt exist, loading apps for first time
01-01 08:00:39.434 W/[ 32.743461] QSEECOM( 0): qseecom_load_app: App with id 4 (soter64) now loaded
01-01 08:00:39.467 I/[ 32.779418] init( 0): starting service 'vendor.vppservice'...
01-01 08:00:39.529 I/[ 32.833805] init( 0): Command 'class_start hal' action=boot (/system/etc/init/hw/init.rc:1116) took 1221ms and succeeded
01-01 08:00:39.529 E/[ 32.849564] init( 0): Control message: Could not find 'android.hardware.health@2.1::IHealth/default' for ctl.interface_start from pid: 516 (/system/bin/hwservicemanager)
01-01 08:00:39.536 I/[ 32.866440] init( 0): starting service 'qcom-c_core-sh'...
01-01 08:00:39.560 I/[ 32.888129] init( 0): starting service 'vendor.qrtr-ns'...
01-01 08:00:39.596 I/[ 32.923851] init( 0): starting service 'irsc_util'...
01-01 08:00:39.651 E/[ 32.969515] init( 0): Could not start service 'esepmdaemon' as part of class 'core': Cannot find '/system/vendor/bin/esepmdaemon': No such file or directory
01-01 08:00:39.710 I/irsc_util( 1003): Starting irsc tool
01-01 08:00:39.724 I/[ 33.046768] sysmon-qmi( 0): ssctl_new_server: Connection established between QMI handle and slpi's SSCTL service
01-01 08:00:39.721 I/irsc_util( 1003): Num of entries:298
01-01 08:00:39.722 I/irsc_util( 1003): Ending irsc tool
01-01 08:00:39.796 E/[ 33.090711] diag( 0): In diag_send_feature_mask_update, control channel is not open, p: 1, ffffffa2a65d78e0
01-01 08:00:39.796 I/[ 33.106500] msm_vidc( 0): high: 00000001: ....d: Opening video instance: ffffffe511d54000, 1
01-01 08:00:39.796 E/[ 33.112167] diag( 0): In diag_send_feature_mask_update, control channel is not open, p: 5, ffffffa2a65d8220
01-01 08:00:39.796 E/[ 33.125742] diag( 0): In diag_send_feature_mask_update, control channel is not open, p: 6, ffffffa2a65d8470
01-01 08:00:39.796 I/ ( 0): [ 33.130383] msm_vidc_v4l2 aa00000.qcom,vidc: Linked as a consumer to regulator.75
01-01 08:00:39.831 E/[ 33.151356] diag( 0): In diag_send_peripheral_buffering_mode, buffering flag not set for 1
01-01 08:00:39.860 I/ ( 0): [ 33.156722] msm_vidc_v4l2 aa00000.qcom,vidc: Linked as a consumer to regulator.74
01-01 08:00:39.860 W/[ 33.171095] healthd( 0): No battery devices found
01-01 08:00:39.860 I/[ 33.178711] sysmon-qmi( 0): ssctl_new_server: Connection established between QMI handle and cdsp's SSCTL service
01-01 08:00:39.860 W/[ 33.184464] healthd( 0): battery none chg=
01-01 08:00:39.860 I/[ 33.193504] sysmon-qmi( 0): ssctl_new_server: Connection established between QMI handle and adsp's SSCTL service
01-01 08:00:39.860 D/[ 33.193676] cnss( 0): WLFW server arriving: node 7 port 1
01-01 08:00:39.868 I/[ 33.197003] sysmon-qmi( 0): ssctl_new_server: Connection established between QMI handle and slpi's SSCTL service
01-01 08:00:39.868 E/[ 33.202225] diag( 0): In diag_send_feature_mask_update, control channel is not open, p: 3, ffffffa2a65d7d80
01-01 08:00:39.868 E/[ 33.202281] diag( 0): In diag_send_peripheral_buffering_mode, buffering flag not set for 5
01-01 08:00:39.868 E/[ 33.202365] diag( 0): In diag_send_peripheral_buffering_mode, buffering flag not set for 6
01-01 08:00:39.868 E/[ 33.202385] diag( 0): In diag_send_feature_mask_update, control channel is not open, p: 3, ffffffa2a65d7d80
01-01 08:00:39.880 E/[ 33.208493] diag( 0): In diag_send_peripheral_buffering_mode, buffering flag not set for 3
01-01 08:00:39.880 I/[ 33.214736] subsys-restart( 0): __subsystem_get(): Changing subsys fw_name to venus
01-01 08:00:39.896 D/[ 33.223845] cnss( 0): Posting event: SERVER_ARRIVE(0), state: 0x8 flags: 0x0
01-01 08:00:39.896 W/ ( 0): [ 33.230496] subsys-pil-tz aab0000.qcom,venus: Falling back to syfs fallback for: venus.mdt
01-01 08:00:39.912 I/[ 33.239827] servloc( 0): service_locator_new_server: Connection established with the Service locator
01-01 08:00:39.912 I/[ 33.240406] servloc( 0): init_service_locator: Service locator initialized
01-01 08:00:39.912 D/[ 33.243475] cnss( 0): PM stay awake, state: 0x8, count: 1
01-01 08:00:39.950 D/[ 33.270445] cnss( 0): PM stay awake, state: 0x8, count: 1
01-01 08:00:39.950 D/[ 33.270450] cnss( 0): PM relax, state: 0x8, count: 0
01-01 08:00:39.967 I/[ 33.286467] service-notifier( 0): service_notifier_new_server: Connection established between QMI handle and 74 service
01-01 08:00:39.967 I/[ 33.286763] audio_notifer_reg_service( 0): service PDR_ADSP is in use
01-01 08:00:39.967 I/[ 33.286813] adsprpc( 0): fastrpc_get_service_location_notify: PDR notifier for adsp registered for msm/adsp/audio_pd (audio_pdr_adsprpc)
01-01 08:00:39.967 I/[ 33.286818] adsprpc( 0): fastrpc_get_service_location_notify: audio_pdr_adsprpc (msm/adsp/audio_pd) PDR service for adsp is uninitialized
01-01 08:00:39.974 D/[ 33.303538] cnss( 0): Processing driver event: SERVER_ARRIVE(0), state: 0x8
01-01 08:00:39.990 I/ ( 0): [ 33.323217] subsys-pil-tz aab0000.qcom,venus: venus: loading from 0x0000000086e00000 to 0x0000000087300000
01-01 08:00:40.005 I/[ 33.336880] adsprpc( 0): fastrpc_pdr_notifier_cb: msm/adsp/audio_pd (audio_pdr_adsprpc) is up on adsp
01-01 08:00:40.006 I/[ 33.336945] cnss( 0): QMI WLFW service connected, state: 0x9
01-01 08:00:40.006 D/[ 33.336957] cnss( 0): Sending indication register message, state: 0x9
01-01 08:00:40.020 D/[ 33.348105] cnss( 0): Sending host capability message, state: 0x9
01-01 08:00:40.020 D/[ 33.348127] cnss( 0): Number of clients is 2
01-01 08:00:40.020 D/[ 33.348135] cnss( 0): Assign MSI to user: WAKE, num_vectors: 1, user_base_data: 813, base_vector: 13
01-01 08:00:40.020 D/[ 33.348141] cnss( 0): WAKE MSI base data is 813
01-01 08:00:40.020 D/[ 33.348147] cnss( 0): Calibration done is 0
01-01 08:00:40.020 D/[ 33.348154] cnss( 0): Sending iova starting 0xa0000000 with size 0x10010000
01-01 08:00:40.033 I/[ 33.359711] binder( 0): 1021:1021 ioctl 40046210 7fd31d1964 returned -22
01-01 08:00:40.056 I/[ 33.375309] apr_adsp_up( 0): Q6 is Up
01-01 08:00:40.056 W/ ( 0): [ 33.378161] subsys-pil-tz aab0000.qcom,venus: Falling back to syfs fallback for: venus.b02
01-01 08:00:40.056 W/ ( 0): [ 33.381810] subsys-pil-tz aab0000.qcom,venus: Falling back to syfs fallback for: venus.b03
01-01 08:00:40.056 W/ ( 0): [ 33.382798] subsys-pil-tz aab0000.qcom,venus: Falling back to syfs fallback for: venus.b04
01-01 08:00:40.056 W/ ( 0): [ 33.385246] subsys-pil-tz aab0000.qcom,venus: Falling back to syfs fallback for: venus.b05
01-01 08:00:40.056 W/ ( 0): [ 33.386894] subsys-pil-tz aab0000.qcom,venus: Falling back to syfs fallback for: venus.b06
01-01 08:00:40.056 W/ ( 0): [ 33.386924] subsys-pil-tz aab0000.qcom,venus: Falling back to syfs fallback for: venus.b07
01-01 08:00:40.056 W/ ( 0): [ 33.387425] subsys-pil-tz aab0000.qcom,venus: Falling back to syfs fallback for: venus.b08
01-01 08:00:40.056 W/ ( 0): [ 33.387572] subsys-pil-tz aab0000.qcom,venus: Falling back to syfs fallback for: venus.b09
01-01 08:00:40.056 I/[ 33.390194] sps( 0): BAM 0x0000000003a84000 (va:0xffffff801c280000) enabled: ver:0x19, number of pipes:25
01-01 08:00:40.064 I/[ 33.390214] sps( 0): BAM 0x0000000003a84000 is registered.
01-01 08:00:40.064 W/ ( 0): [ 33.393205] subsys-pil-tz aab0000.qcom,venus: Falling back to syfs fallback for: venus.b10
01-01 08:00:40.064 W/ ( 0): [ 33.397328] subsys-pil-tz aab0000.qcom,venus: Falling back to syfs fallback for: venus.b19
01-01 08:00:40.089 D/[ 33.417142] cnss( 0): PM relax, state: 0x9, count: 0
01-01 08:00:40.103 I/[ 33.430040] binder( 0): 1031:1031 ioctl 40046210 7ffc03ab74 returned -22
01-01 08:00:40.128 E/[ 33.448346] rmt_storage( 0): ERR:main: Mmap Failed for rmts (-1)...pausing execution!
01-01 08:00:40.128 I/ ( 0): [ 33.458465] msm-audio-ion soc:qcom,msm-audio-apr:qcom,msm-audio-ion: Linked as a consumer to 15000000.apps-smmu
01-01 08:00:40.208 E/[ 33.532359] register_client_adhoc( 0): find path.src 1 dest 589
01-01 08:00:40.208 E/[ 33.533416] register_client_adhoc( 0): Failed to find path.src 1 dest 589
01-01 08:00:40.208 I/[ 33.541247] iommu( 0): Adding device soc:qcom,msm-audio-apr:qcom,msm-audio-ion to group 53
01-01 08:00:40.236 E/[ 33.559628] [drm( 0): dp_display_init_aux_switch][msm-dp-err][86 ]failed to register notifier (-22)
01-01 08:00:40.241 I/ ( 0): [ 33.574577] subsys-pil-tz aab0000.qcom,venus: venus: Brought out of reset
01-01 08:00:40.255 I/ ( 0): [ 33.589626] Mass Storage Function, version: 2009/09/11
01-01 08:00:40.255 I/[ 33.589670] LUN( 0): removable file: (no medium)
01-01 08:00:40.268 E/[ 33.596170] register_client_adhoc( 0): find path.src 1 dest 589
01-01 08:00:40.290 E/[ 33.597205] register_client_adhoc( 0): Failed to find path.src 1 dest 589
01-01 08:00:40.290 E/[ 33.609449] [drm( 0): dp_display_init_aux_switch][msm-dp-err][86 ]failed to register notifier (-22)
01-01 08:00:40.290 I/ ( 0): [ 33.621715] file system registered
01-01 08:00:40.311 I/[ 33.646282] f_cdev_alloc( 0): port_name:at_usb0 (ffffffe510001280) portno:(0)
01-01 08:00:40.321 I/[ 33.655985] f_cdev_alloc( 0): port_name:at_usb1 (ffffffe516a8da80) portno:(1)
01-01 08:00:40.328 I/[ 33.663322] f_cdev_alloc( 0): port_name:at_usb2 (ffffffe516a89280) portno:(2)
01-01 08:00:40.346 I/[ 33.681552] msm_vidc( 0): high: 00000001: h264d: Closed video instance: ffffffe511d54000
01-01 08:00:40.366 I/[ 33.682491] msm_vidc( 0): high: 00000001: ....d: Opening video instance: ffffffe511d54000, 1
01-01 08:00:40.366 I/[ 33.690415] msm_vidc( 0): high: 00000001: h264d: Closed video instance: ffffffe511d54000
01-01 08:00:40.366 I/[ 33.694776] msm_vidc( 0): high: 00000001: ....d: Opening video instance: ffffffe511d54000, 1
01-01 08:00:40.377 I/[ 33.711161] msm_vidc( 0): high: 00000001: h265d: Closed video instance: ffffffe511d54000
01-01 08:00:40.381 I/[ 33.713562] msm_vidc( 0): high: 00000001: ....d: Opening video instance: ffffffe50e834000, 1
01-01 08:00:40.420 E/[ 33.728011] register_client_adhoc( 0): find path.src 1 dest 589
01-01 08:00:40.420 E/[ 33.729544] register_client_adhoc( 0): Failed to find path.src 1 dest 589
01-01 08:00:40.420 I/[ 33.732576] msm_vidc( 0): high: 00000001: h265d: Closed video instance: ffffffe50e834000
01-01 08:00:40.420 E/[ 33.751138] [drm( 0): dp_display_init_aux_switch][msm-dp-err][1075]failed to register notifier (-22)
01-01 08:00:40.426 I/[ 33.757453] msm_vidc( 0): high: 00000001: ....d: Opening video instance: ffffffe50e834000, 1
01-01 08:00:40.441 I/[ 33.773649] msm_vidc( 0): high: 00000001: vp8d: Closed video instance: ffffffe50e834000
01-01 08:00:40.441 W/ ( 0): [ 33.773799] kona-asoc-snd soc:qcom,msm-audio-apr:qcom,q6core-audio:sound: msm_init_aux_dev: Max WSA devices is 0 for this target?
01-01 08:00:40.445 I/[ 33.779719] msm_vidc( 0): high: 00000001: ....d: Opening video instance: ffffffe50e890000, 1
01-01 08:00:40.465 E/ ( 0): [ 33.783771] kona-asoc-snd soc:qcom,msm-audio-apr:qcom,q6core-audio:sound: ASoC: CODEC DAI wsa_macro_vifeedback not registered
01-01 08:00:40.465 I/[ 33.797724] msm_vidc( 0): high: 00000001: vp9d: Closed video instance: ffffffe50e890000
01-01 08:00:40.465 I/[ 33.799351] binder( 0): 1019:1019 ioctl 40046210 7ff3b9ee94 returned -22
01-01 08:00:40.465 I/[ 33.799489] msm_vidc( 0): high: 00000001: ....d: Opening video instance: ffffffe50e890000, 1
01-01 08:00:40.465 I/[ 33.799560] binder( 0): 1019:1019 ioctl 40046210 7ff3b9eeb4 returned -22
01-01 08:00:40.469 I/[ 33.804002] binder( 0): 1041:1041 ioctl 40046210 7fccc1d3f4 returned -22
01-01 08:00:40.480 I/[ 33.813169] msm_vidc( 0): high: 00000001: vp9d: Closed video instance: ffffffe50e890000
01-01 08:00:40.480 I/[ 33.814809] msm_vidc( 0): high: 00000001: ....d: Opening video instance: ffffffe50e890000, 1
01-01 08:00:40.498 E/ ( 0): [ 33.822543] qcom-lpi-pinctrl soc:qcom,msm-audio-apr:qcom,q6core-audio:lpi_pinctrl@33c0000: snd_event_notify: No snd dev entry found
01-01 08:00:40.498 I/[ 33.823553] binder( 0): 1041:1041 ioctl 40046210 7fccc1ee24 returned -22
01-01 08:00:40.499 I/[ 33.833697] msm_vidc( 0): high: 00000001: mpg2d: Closed video instance: ffffffe50e890000
01-01 08:00:40.508 I/[ 33.841349] msm_vidc( 0): high: 00000001: ....d: Opening video instance: ffffffe50e834000, 1
01-01 08:00:40.514 I/[ 33.849166] msm_vidc( 0): high: 00000001: mpg2d: Closed video instance: ffffffe50e834000
01-01 08:00:40.516 I/[ 33.851667] msm_vidc( 0): high: 00000001: ....e: Opening video instance: ffffffe50e834000, 0
01-01 08:00:40.536 I/[ 33.870962] msm_vidc( 0): high: 00000001: h264e: Closed video instance: ffffffe50e834000
01-01 08:00:40.542 I/[ 33.875122] msm_vidc( 0): high: 00000001: ....e: Opening video instance: ffffffe514df0000, 0
01-01 08:00:40.554 I/[ 33.889909] msm_vidc( 0): high: 00000001: h265e: Closed video instance: ffffffe514df0000
01-01 08:00:40.568 I/[ 33.893474] msm_vidc( 0): high: 00000001: ....e: Opening video instance: ffffffe50eae4000, 0
01-01 08:00:40.572 I/[ 33.907974] msm_vidc( 0): high: 00000001: h265e: Closed video instance: ffffffe50eae4000
01-01 08:00:40.584 I/[ 33.917663] msm_vidc( 0): high: 00000001: ....e: Opening video instance: ffffffe50ebe4000, 0
01-01 08:00:40.604 I/ ( 0): [ 33.938116] platform soc:qcom,msm-audio-apr:qcom,voice-mhi-audio: assigned reserved memory node mailbox_region
01-01 08:00:40.608 I/[ 33.941538] msm_vidc( 0): high: 00000001: h265e: Closed video instance: ffffffe50ebe4000
01-01 08:00:40.612 I/[ 33.945292] msm_vidc( 0): high: 00000001: ....e: Opening video instance: ffffffe50eba8000, 0
01-01 08:00:40.617 I/[ 33.948802] msm_vidc( 0): err : 00000001: ....e: msm_vidc_comm_update_ctrl: failed: control name Ltr Count, min 0, max 0, step 0, default_value 0
01-01 08:00:40.624 I/[ 33.957395] msm_vidc( 0): high: 00000001: vp8e: Closed video instance: ffffffe50eba8000
01-01 08:00:40.624 W/ ( 0): [ 33.958500] bolero-clk-rsc-mngr bolero-clk-rsc-mngr: DMA mask not set
01-01 08:00:40.648 W/ ( 0): [ 33.975236] tx_macro tx-macro: DMA mask not set
01-01 08:00:40.648 E/ ( 0): [ 33.975528] tx_macro tx-macro: tx_macro_probe: va-macro not registered yet, defer
01-01 08:00:40.655 W/ ( 0): [ 33.990959] rx_macro rx-macro: DMA mask not set
01-01 08:00:40.655 E/ ( 0): [ 33.991184] rx_macro rx-macro: rx_macro_probe: va-macro not registered yet, defer
01-01 08:00:40.676 W/ ( 0): [ 34.004248] wsa_macro wsa-macro: DMA mask not set
01-01 08:00:40.676 E/ ( 0): [ 34.004434] wsa_macro wsa-macro: wsa_macro_probe: va-macro not registered yet, defer
01-01 08:00:40.688 W/ ( 0): [ 34.018149] va_macro va-macro: DMA mask not set
01-01 08:00:40.688 E/[ 34.018416] msm_cdc_pinctrl_get_gpiodata( 0): device node is null
01-01 08:00:40.696 I/ ( 0): [ 34.029848] va_macro va-macro: Linked as a consumer to regulator.7
01-01 08:00:40.696 I/ ( 0): [ 34.030064] va_macro va-macro: bolero_register_macro: register macro successful:3
01-01 08:00:40.708 E/[ 34.033074] register_client_adhoc( 0): find path.src 1 dest 589
01-01 08:00:40.729 E/[ 34.033990] register_client_adhoc( 0): Failed to find path.src 1 dest 589
01-01 08:00:40.729 E/[ 34.047036] [drm( 0): dp_display_init_aux_switch][msm-dp-err][83 ]failed to register notifier (-22)
01-01 08:00:40.761 W/ ( 0): [ 34.092521] kona-asoc-snd soc:qcom,msm-audio-apr:qcom,q6core-audio:sound: msm_init_aux_dev: Max WSA devices is 0 for this target?
01-01 08:00:40.780 E/ ( 0): [ 34.101940] kona-asoc-snd soc:qcom,msm-audio-apr:qcom,q6core-audio:sound: ASoC: CODEC DAI wsa_macro_vifeedback not registered
01-01 08:00:40.790 I/ ( 0): [ 34.125076] tx_macro tx-macro: bolero_register_macro: register macro successful:0
01-01 08:00:40.800 I/ ( 0): [ 34.132656] rx_macro rx-macro: bolero_register_macro: register macro successful:1
01-01 08:00:40.804 I/ ( 0): [ 34.139756] wsa_macro wsa-macro: bolero_register_macro: register macro successful:2
01-01 08:00:40.816 E/[ 34.143550] register_client_adhoc( 0): find path.src 1 dest 589
01-01 08:00:40.840 E/[ 34.144673] register_client_adhoc( 0): Failed to find path.src 1 dest 589
01-01 08:00:40.840 E/[ 34.158109] [drm( 0): dp_display_init_aux_switch][msm-dp-err][83 ]failed to register notifier (-22)
01-01 08:00:40.868 W/ ( 0): [ 34.201671] kona-asoc-snd soc:qcom,msm-audio-apr:qcom,q6core-audio:sound: msm_init_aux_dev: Max WSA devices is 0 for this target?
01-01 08:00:40.875 W/ ( 0): [ 34.207068] kgsl kgsl-3d0: Falling back to syfs fallback for: a650_sqe.fw
01-01 08:00:40.943 W/ ( 0): [ 34.278051] kgsl kgsl-3d0: Falling back to syfs fallback for: a650_gmu.bin
01-01 08:00:40.949 I/[ 34.281309] msm_cvp( 0): warn: DBLP Set: status 0 0
01-01 08:00:41.025 D/Zygote64Timing( 687): PreloadClasses took to complete: 2291ms
01-01 08:00:41.043 W/ ( 0): [ 34.372885] swr-wcd tx_swr_ctrl: DMA mask not set
01-01 08:00:41.071 D/Zygote64Timing( 687): CacheNonBootClasspathClassLoaders took to complete: 46ms
01-01 08:00:41.125 D/Zygote64Timing( 687): PreloadResources took to complete: 53ms
01-01 08:00:41.132 W/ ( 0): [ 34.466740] swr-wcd rx_swr_ctrl: DMA mask not set
01-01 08:00:41.140 I/[ 34.475279] binder( 0): 1128:1128 ioctl 40046210 7fdca476b4 returned -22
01-01 08:00:41.229 D/Zygote64Timing( 687): ZygotePreload took to complete: 2667ms
01-01 08:00:41.340 E/ ( 0): [ 34.653157] msm-pcm-routing soc:qcom,msm-pcm-routing: ASoC: no source widget found for AUDIO_REF_EC_UL30 MUX
01-01 08:00:41.340 E/ ( 0): [ 34.664298] msm-pcm-routing soc:qcom,msm-pcm-routing: ASoC: Failed to add route AUDIO_REF_EC_UL30 MUX -> direct -> MM_UL30
01-01 08:00:41.344 D/Zygote64Timing( 687): PostZygoteInitGC took to complete: 114ms
01-01 08:00:41.344 D/Zygote64Timing( 687): ZygoteInit took to complete: 2793ms
01-01 08:00:41.373 E/ ( 0): [ 34.687477] msm-pcm-routing soc:qcom,msm-pcm-routing: ASoC: no source widget found for AUX_PCM_TX
01-01 08:00:41.373 E/ ( 0): [ 34.696726] msm-pcm-routing soc:qcom,msm-pcm-routing: ASoC: Failed to add route AUX_PCM_TX -> AUX_PCM_UL_TX -> VoLTE Stub Tx Mixer
01-01 08:00:41.402 E/ ( 0): [ 34.715250] msm-pcm-routing soc:qcom,msm-pcm-routing: ASoC: no source widget found for AUX_PCM_RX
01-01 08:00:41.402 E/ ( 0): [ 34.724553] msm-pcm-routing soc:qcom,msm-pcm-routing: ASoC: Failed to add route AUX_PCM_RX -> direct -> BE_OUT
01-01 08:00:41.428 W/ ( 0): [ 34.751590] msm-pcm-routing soc:qcom,msm-pcm-routing: ASoC: no dapm match for MM_DL23 --> MultiMedia23 --> QUIN_TDM_RX_1 Audio Mixer
01-01 08:00:41.428 E/ ( 0): [ 34.751615] msm-pcm-routing soc:qcom,msm-pcm-routing: ASoC: Failed to add route MM_DL23 -> MultiMedia23 -> QUIN_TDM_RX_1 Audio Mixer
01-01 08:00:41.440 W/ ( 0): [ 34.764223] msm-pcm-routing soc:qcom,msm-pcm-routing: ASoC: no dapm match for MM_DL24 --> MultiMedia24 --> QUIN_TDM_RX_1 Audio Mixer
01-01 08:00:41.440 E/ ( 0): [ 34.764245] msm-pcm-routing soc:qcom,msm-pcm-routing: ASoC: Failed to add route MM_DL24 -> MultiMedia24 -> QUIN_TDM_RX_1 Audio Mixer
01-01 08:00:41.453 W/ ( 0): [ 34.776780] msm-pcm-routing soc:qcom,msm-pcm-routing: ASoC: no dapm match for MM_DL25 --> MultiMedia25 --> QUIN_TDM_RX_1 Audio Mixer
01-01 08:00:41.453 E/ ( 0): [ 34.776800] msm-pcm-routing soc:qcom,msm-pcm-routing: ASoC: Failed to add route MM_DL25 -> MultiMedia25 -> QUIN_TDM_RX_1 Audio Mixer
01-01 08:00:41.547 E/ ( 0): [ 34.861476] msm-pcm-routing soc:qcom,msm-pcm-routing: ASoC: no source widget found for AUX_PCM_TX
01-01 08:00:41.547 E/ ( 0): [ 34.870823] msm-pcm-routing soc:qcom,msm-pcm-routing: ASoC: Failed to add route AUX_PCM_TX -> AUX_PCM_UL_TX -> SLIMBUS_0_RX Port Mixer
01-01 08:00:41.558 E/ ( 0): [ 34.883920] msm-pcm-routing soc:qcom,msm-pcm-routing: ASoC: no source widget found for SEC_AUX_PCM_TX
01-01 08:00:41.558 E/ ( 0): [ 34.893661] msm-pcm-routing soc:qcom,msm-pcm-routing: ASoC: Failed to add route SEC_AUX_PCM_TX -> SEC_AUX_PCM_UL_TX -> SLIMBUS_0_RX Port Mixer
01-01 08:00:41.584 E/ ( 0): [ 34.907269] msm-pcm-routing soc:qcom,msm-pcm-routing: ASoC: no source widget found for TERT_AUX_PCM_TX
01-01 08:00:41.584 E/ ( 0): [ 34.917314] msm-pcm-routing soc:qcom,msm-pcm-routing: ASoC: Failed to add route TERT_AUX_PCM_TX -> TERT_AUXPCM_UL_TX -> SLIMBUS_0_RX Port Mixer
01-01 08:00:41.605 E/ ( 0): [ 34.931285] msm-pcm-routing soc:qcom,msm-pcm-routing: ASoC: no source widget found for QUAT_AUX_PCM_TX
01-01 08:00:41.620 E/ ( 0): [ 34.941621] msm-pcm-routing soc:qcom,msm-pcm-routing: ASoC: Failed to add route QUAT_AUX_PCM_TX -> QUAT_AUXPCM_UL_TX -> SLIMBUS_0_RX Port Mixer
01-01 08:00:41.620 E/ ( 0): [ 34.955711] msm-pcm-routing soc:qcom,msm-pcm-routing: ASoC: no source widget found for QUIN_AUX_PCM_TX
01-01 08:00:41.647 E/ ( 0): [ 34.965758] msm-pcm-routing soc:qcom,msm-pcm-routing: ASoC: Failed to add route QUIN_AUX_PCM_TX -> QUIN_AUXPCM_UL_TX -> SLIMBUS_0_RX Port Mixer
01-01 08:00:41.647 E/ ( 0): [ 34.979747] msm-pcm-routing soc:qcom,msm-pcm-routing: ASoC: no source widget found for SEN_AUX_PCM_TX
01-01 08:00:41.667 E/ ( 0): [ 34.989884] msm-pcm-routing soc:qcom,msm-pcm-routing: ASoC: Failed to add route SEN_AUX_PCM_TX -> SEN_AUXPCM_UL_TX -> SLIMBUS_0_RX Port Mixer
01-01 08:00:41.704 E/ ( 0): [ 35.032176] msm-dcc 1023000.dcc_v2: DCC is not ready Disabling DCC...
01-01 08:00:41.798 I/[ 35.134338] binder( 0): 1164:1164 ioctl 40046210 7fd1008f24 returned -22
01-01 08:00:41.884 I/SystemServerTiming( 1164): InitBeforeStartServices
01-01 08:00:41.888 I/SystemServer( 1164): Entered the Android system server!
01-01 08:00:42.041 E/ ( 0): [ 35.365839] msm-dcc 1023000.dcc_v2: DCC list passed 3
01-01 08:00:42.041 I/ ( 0): [ 35.371356] msm-dcc 1023000.dcc_v2: All values written to enable.
01-01 08:00:42.041 E/ ( 0): [ 35.371599] msm-dcc 1023000.dcc_v2: DCC list passed 4
01-01 08:00:42.048 I/ ( 0): [ 35.377412] msm-dcc 1023000.dcc_v2: All values written to enable.
01-01 08:00:42.048 E/ ( 0): [ 35.377775] msm-dcc 1023000.dcc_v2: DCC list passed 6
01-01 08:00:42.048 I/ ( 0): [ 35.383945] msm-dcc 1023000.dcc_v2: All values written to enable.
01-01 08:00:42.047 I/gsid ( 1198): no DSU: No such file or directory
01-01 08:00:42.132 I/[ 35.467019] msm_vidc( 0): err : ffffffff: .....: DBLP Set: status 0
01-01 08:00:42.363 I/SystemServerInitThreadPool( 1164): Creating instance with 8 threads
01-01 08:00:42.409 E/[ 35.728640] wlan( 0): Loading driver v5.2.022.10G +TIMER_MANAGER +MEMORY_DEBUG +PANIC_ON_BUG; 2023-05-26T21:57:52Z; cld:; cmn:;
01-01 08:00:42.492 E/ ( 0): [ 35.813906] ipa ipa3_uc_reg_rdyCB:2973 bad parm. inout=0000000000000000
01-01 08:00:42.492 I/ ( 0): [ 35.819827] wlan_hdd_state wlan major(477) initialized
01-01 08:00:42.492 D/[ 35.826826] cnss( 0): Start to wait for calibration to complete
01-01 08:00:42.560 I/[ 35.895737] binder( 0): 1224:1224 ioctl 40046210 ffe51578 returned -22
01-01 08:00:42.602 I/iorapd ( 1227): iorapd (the prefetchening) firing up
01-01 08:00:42.611 I/iorapd ( 1227): Opened existing database at '/data/misc/iorapd/sqlite.db'
01-01 08:00:42.613 W/iorapd ( 1227): Reconnect to package manager service: 1 times
01-01 08:00:42.614 I/[ 35.949394] binder( 0): 1227:1227 ioctl 40046210 7ff0db9004 returned -22
01-01 08:00:42.718 I/[ 36.053607] binder( 0): 1243:1243 ioctl 40046210 7febf263f4 returned -22
01-01 08:00:42.876 I/[ 36.211772] binder( 0): 1259:1259 ioctl 40046210 7fe777b7f4 returned -22
01-01 08:00:42.940 I/[ 36.273048] binder( 0): 1264:1264 ioctl 40046210 7fe50bd654 returned -22
01-01 08:00:42.963 I/installd( 1266): installd firing up
01-01 08:00:42.980 E/ ( 0): [ 36.307295] msm-dai-fe soc:qcom,msm-dai-fe: ASoC: no sink widget found for AUXPCM_DL_HL
01-01 08:00:42.980 I/[ 36.311677] binder( 0): 1266:1266 ioctl 40046210 7fce223f04 returned -22
01-01 08:00:42.992 E/ ( 0): [ 36.316673] msm-dai-fe soc:qcom,msm-dai-fe: ASoC: Failed to add route AUXPCM_HOSTLESS Playback -> direct -> AUXPCM_DL_HL
01-01 08:00:43.013 E/ ( 0): [ 36.328833] msm-dai-fe soc:qcom,msm-dai-fe: ASoC: no source widget found for AUXPCM_UL_HL
01-01 08:00:43.013 E/ ( 0): [ 36.337403] msm-dai-fe soc:qcom,msm-dai-fe: ASoC: Failed to add route AUXPCM_UL_HL -> direct -> AUXPCM_HOSTLESS Capture
01-01 08:00:43.061 E/ ( 0): [ 36.375085] msm-auxpcm-dev soc:qcom,msm-pri-auxpcm: ASoC: no source widget found for AUX_PCM_RX
01-01 08:00:43.061 E/ ( 0): [ 36.385310] msm-auxpcm-dev soc:qcom,msm-pri-auxpcm: ASoC: Failed to add route AUX_PCM_RX -> direct -> AUX PCM Playback
01-01 08:00:43.082 E/ ( 0): [ 36.397284] msm-auxpcm-dev soc:qcom,msm-pri-auxpcm: ASoC: no sink widget found for AUX_PCM_TX
01-01 08:00:43.082 E/ ( 0): [ 36.406394] msm-auxpcm-dev soc:qcom,msm-pri-auxpcm: ASoC: Failed to add route AUX PCM Capture -> direct -> AUX_PCM_TX
01-01 08:00:43.109 E/ ( 0): [ 36.420469] msm-auxpcm-dev soc:qcom,msm-sec-auxpcm: ASoC: no source widget found for SEC_AUX_PCM_RX
01-01 08:00:43.109 E/ ( 0): [ 36.432889] msm-auxpcm-dev soc:qcom,msm-sec-auxpcm: ASoC: Failed to add route SEC_AUX_PCM_RX -> direct -> Sec AUX PCM Playback
01-01 08:00:43.109 E/ ( 0): [ 36.445582] msm-auxpcm-dev soc:qcom,msm-sec-auxpcm: ASoC: no sink widget found for SEC_AUX_PCM_TX
01-01 08:00:43.132 E/ ( 0): [ 36.455164] msm-auxpcm-dev soc:qcom,msm-sec-auxpcm: ASoC: Failed to add route Sec AUX PCM Capture -> direct -> SEC_AUX_PCM_TX
01-01 08:00:43.134 D/SystemServerTiming( 1164): InitBeforeStartServices took to complete: 1249ms
01-01 08:00:43.134 I/SystemServerTiming( 1164): StartServices
01-01 08:00:43.134 I/SystemServerTiming( 1164): startBootstrapServices
01-01 08:00:43.134 I/SystemServerTiming( 1164): StartWatchdog
01-01 08:00:43.146 E/ ( 0): [ 36.470582] msm-auxpcm-dev soc:qcom,msm-tert-auxpcm: ASoC: no source widget found for TERT_AUX_PCM_RX
01-01 08:00:43.146 I/[ 36.480851] binder( 0): 1274:1274 ioctl 40046210 7ff265d394 returned -22
01-01 08:00:43.146 E/ ( 0): [ 36.481295] msm-auxpcm-dev soc:qcom,msm-tert-auxpcm: ASoC: Failed to add route TERT_AUX_PCM_RX -> direct -> Tert AUX PCM Playback
01-01 08:00:43.169 E/ ( 0): [ 36.494229] msm-auxpcm-dev soc:qcom,msm-tert-auxpcm: ASoC: no sink widget found for TERT_AUX_PCM_TX
01-01 08:00:43.169 E/ ( 0): [ 36.503764] msm-auxpcm-dev soc:qcom,msm-tert-auxpcm: ASoC: Failed to add route Tert AUX PCM Capture -> direct -> TERT_AUX_PCM_TX
01-01 08:00:43.181 D/SystemServerTiming( 1164): StartWatchdog took to complete: 47ms
01-01 08:00:43.181 I/SystemServer( 1164): Reading configuration...
01-01 08:00:43.181 I/SystemServerTiming( 1164): ReadingSystemConfig
01-01 08:00:43.182 D/SystemServerTiming( 1164): ReadingSystemConfig took to complete: 1ms
01-01 08:00:43.182 I/SystemServerTiming( 1164): PlatformCompat
01-01 08:00:43.192 E/ ( 0): [ 36.516849] msm-auxpcm-dev soc:qcom,msm-quat-auxpcm: ASoC: no source widget found for QUAT_AUX_PCM_RX
01-01 08:00:43.192 E/ ( 0): [ 36.526644] msm-auxpcm-dev soc:qcom,msm-quat-auxpcm: ASoC: Failed to add route QUAT_AUX_PCM_RX -> direct -> Quat AUX PCM Playback
01-01 08:00:43.191 D/CompatConfig( 1164): Found a config file: /system/etc/compatconfig/framework-platform-compat-config.xml
01-01 08:00:43.195 D/CompatConfig( 1164): Adding: com.android.server.compat.config.Change@4fcb40
01-01 08:00:43.196 I/SystemServerTimingAsync( 1164): InitThreadPoolExec:ReadingSystemConfig
01-01 08:00:43.196 D/SystemServerInitThreadPool( 1164): Started executing ReadingSystemConfig
01-01 08:00:43.197 D/CompatConfig( 1164): Adding: com.android.server.compat.config.Change@5673a79
01-01 08:00:43.213 E/ ( 0): [ 36.539565] msm-auxpcm-dev soc:qcom,msm-quat-auxpcm: ASoC: no sink widget found for QUAT_AUX_PCM_TX
01-01 08:00:43.199 D/CompatConfig( 1164): Adding: com.android.server.compat.config.Change@35af3be
01-01 08:00:43.199 I/SystemConfig( 1164): Reading permissions from /system/etc/sysconfig/preinstalled-packages-platform-full-base.xml
01-01 08:00:43.200 D/CompatConfig( 1164): Adding: com.android.server.compat.config.Change@5065b6c
01-01 08:00:43.201 D/CompatConfig( 1164): Adding: com.android.server.compat.config.Change@5180535
01-01 08:00:43.202 D/CompatConfig( 1164): Adding: com.android.server.compat.config.Change@8ce8dca
01-01 08:00:43.203 D/CompatConfig( 1164): Adding: com.android.server.compat.config.Change@3621b3b
01-01 08:00:43.204 D/CompatConfig( 1164): Adding: com.android.server.compat.config.Change@fb3c258
01-01 08:00:43.205 D/CompatConfig( 1164): Adding: com.android.server.compat.config.Change@cd0bfb1
01-01 08:00:43.207 D/CompatConfig( 1164): Adding: com.android.server.compat.config.Change@32fbc96
01-01 08:00:43.211 I/SystemConfig( 1164): Reading permissions from /system/etc/sysconfig/preinstalled-packages-com.android.providers.media.module.xml
01-01 08:00:43.212 D/CompatConfig( 1164): Adding: com.android.server.compat.config.Change@cceac04
01-01 08:00:43.221 I/SystemConfig( 1164): Reading permissions from /system/etc/sysconfig/framework-sysconfig.xml
01-01 08:00:43.222 D/CompatConfig( 1164): Adding: com.android.server.compat.config.Change@aa30c22
01-01 08:00:43.223 I/SystemConfig( 1164): Reading permissions from /system/etc/sysconfig/preinstalled-packages-platform.xml
01-01 08:00:43.224 D/CompatConfig( 1164): Adding: com.android.server.compat.config.Change@78c8470
01-01 08:00:43.225 D/CompatConfig( 1164): Adding: com.android.server.compat.config.Change@5ceb3e9
01-01 08:00:43.226 D/CompatConfig( 1164): Adding: com.android.server.compat.config.Change@309c86e
01-01 08:00:43.227 D/CompatConfig( 1164): Adding: com.android.server.compat.config.Change@9500b0f
01-01 08:00:43.228 D/CompatConfig( 1164): Adding: com.android.server.compat.config.Change@70d779c
01-01 08:00:43.233 E/ ( 0): [ 36.549405] msm-auxpcm-dev soc:qcom,msm-quat-auxpcm: ASoC: Failed to add route Quat AUX PCM Capture -> direct -> QUAT_AUX_PCM_TX
01-01 08:00:43.233 E/ ( 0): [ 36.562214] msm-auxpcm-dev soc:qcom,msm-quin-auxpcm: ASoC: no source widget found for QUIN_AUX_PCM_RX
01-01 08:00:43.255 E/ ( 0): [ 36.571942] msm-auxpcm-dev soc:qcom,msm-quin-auxpcm: ASoC: Failed to add route QUIN_AUX_PCM_RX -> direct -> Quin AUX PCM Playback
01-01 08:00:43.255 E/ ( 0): [ 36.585757] msm-auxpcm-dev soc:qcom,msm-quin-auxpcm: ASoC: no sink widget found for QUIN_AUX_PCM_TX
01-01 08:00:43.272 E/ ( 0): [ 36.595215] msm-auxpcm-dev soc:qcom,msm-quin-auxpcm: ASoC: Failed to add route Quin AUX PCM Capture -> direct -> QUIN_AUX_PCM_TX
01-01 08:00:43.272 I/[ 36.605894] binder( 0): 1285:1285 ioctl 40046210 7fd5482754 returned -22
01-01 08:00:43.272 E/ ( 0): [ 36.608295] msm-auxpcm-dev soc:qcom,msm-sen-auxpcm: ASoC: no source widget found for SEN_AUX_PCM_RX
01-01 08:00:43.230 I/SystemConfig( 1164): Reading permissions from /system/etc/sysconfig/qti_whitelist.xml
01-01 08:00:43.230 D/CompatConfig( 1164): Adding: com.android.server.compat.config.Change@b0dfd7a
01-01 08:00:43.231 D/CompatConfig( 1164): Adding: com.android.server.compat.config.Change@e8c492b
01-01 08:00:43.232 D/CompatConfig( 1164): Adding: com.android.server.compat.config.Change@2487188
01-01 08:00:43.233 I/SystemConfig( 1164): Reading permissions from /system/etc/sysconfig/hiddenapi-package-whitelist.xml
01-01 08:00:43.235 D/CompatConfig( 1164): Adding: com.android.server.compat.config.Change@fee7746
01-01 08:00:43.237 I/SystemConfig( 1164): Reading permissions from /system/etc/permissions/com.android.mediadrm.signer.xml
01-01 08:00:43.238 D/CompatConfig( 1164): Adding: com.android.server.compat.config.Change@6b71e34
01-01 08:00:43.240 I/SystemConfig( 1164): Reading permissions from /system/etc/permissions/android.test.base.xml
01-01 08:00:43.294 E/ ( 0): [ 36.618311] msm-auxpcm-dev soc:qcom,msm-sen-auxpcm: ASoC: Failed to add route SEN_AUX_PCM_RX -> direct -> Sen AUX PCM Playback
01-01 08:00:43.243 I/SystemConfig( 1164): Reading permissions from /system/etc/permissions/android.software.freeform_window_management.xml
01-01 08:00:43.245 I/SystemConfig( 1164): Reading permissions from /system/etc/permissions/uimremoteserver.xml
01-01 08:00:43.247 I/SystemConfig( 1164): Reading permissions from /system/etc/permissions/privapp-permissions-qti.xml
01-01 08:00:43.253 I/SystemConfig( 1164): Reading permissions from /system/etc/permissions/com.thundercomm.tcservice.xml
01-01 08:00:43.258 D/CompatConfig( 1164): Adding: com.android.server.compat.config.Change@62f291e
01-01 08:00:43.259 D/CompatConfig( 1164): Adding: com.android.server.compat.config.Change@bcfd5ff
01-01 08:00:43.260 D/CompatConfig( 1164): Adding: com.android.server.compat.config.Change@cebffcc
01-01 08:00:43.261 I/SystemConfig( 1164): Reading permissions from /system/etc/permissions/javax.obex.xml
01-01 08:00:43.261 D/CompatConfig( 1164): Adding: com.android.server.compat.config.Change@fa0b92a
01-01 08:00:43.262 D/CompatConfig( 1164): Adding: com.android.server.compat.config.Change@55d31b
01-01 08:00:43.263 D/CompatConfig( 1164): Adding: com.android.server.compat.config.Change@cbf4cb8
01-01 08:00:43.264 I/SystemConfig( 1164): Reading permissions from /system/etc/permissions/uimremoteclient.xml
01-01 08:00:43.265 D/CompatConfig( 1164): Adding: com.android.server.compat.config.Change@ee93df6
01-01 08:00:43.266 I/SystemConfig( 1164): Reading permissions from /system/etc/permissions/privapp-permissions-platform.xml
01-01 08:00:43.267 D/CompatConfig( 1164): Adding: com.android.server.compat.config.Change@2787c64
01-01 08:00:43.269 I/wificond( 1285): wificond is starting up...
01-01 08:00:43.269 D/CompatConfig( 1164): Adding: com.android.server.compat.config.Change@c8b9ecd
01-01 08:00:43.271 D/CompatConfig( 1164): Adding: com.android.server.compat.config.Change@1634382
01-01 08:00:43.322 I/[ 36.625026] binder( 0): 1285:1285 ioctl 40046210 7fd54826d4 returned -22
01-01 08:00:43.322 E/ ( 0): [ 36.631423] msm-auxpcm-dev soc:qcom,msm-sen-auxpcm: ASoC: no sink widget found for SEN_AUX_PCM_TX
01-01 08:00:43.322 E/ ( 0): [ 36.641008] msm-auxpcm-dev soc:qcom,msm-sen-auxpcm: ASoC: Failed to add route Sen AUX PCM Capture -> direct -> SEN_AUX_PCM_TX
01-01 08:00:43.322 W/ ( 0): [ 36.653554] msm-dai-q6-hdmi soc:qcom,msm-dai-q6-dp: DAI driver id is not set
01-01 08:00:43.333 I/[ 36.667146] binder( 0): 1283:1318 ioctl 40046210 6f45441fc4 returned -22
01-01 08:00:43.346 I/[ 36.676906] binder( 0): 1282:1282 ioctl 40046210 7ff29b9ab4 returned -22
01-01 08:00:43.278 D/CompatConfig( 1164): Adding: com.android.server.compat.config.Change@e618a93
01-01 08:00:43.280 D/CompatConfig( 1164): Adding: com.android.server.compat.config.Change@872fad0
01-01 08:00:43.280 I/SystemConfig( 1164): Reading permissions from /system/etc/permissions/org.apache.http.legacy.xml
01-01 08:00:43.298 I/SystemConfig( 1164): Reading permissions from /system/etc/permissions/android.test.runner.xml
01-01 08:00:43.302 I/SystemConfig( 1164): Reading permissions from /system/etc/permissions/com.android.documentsui.xml
01-01 08:00:43.302 D/CompatConfig( 1164): Adding: com.android.server.compat.config.Change@154f3fc
01-01 08:00:43.309 I/SystemConfig( 1164): Reading permissions from /system/etc/permissions/com.android.location.provider.xml
01-01 08:00:43.315 I/SystemConfig( 1164): Reading permissions from /system/etc/permissions/android.test.mock.xml
01-01 08:00:43.315 D/CompatConfig( 1164): Adding: com.android.server.compat.config.Change@d4db90b
01-01 08:00:43.317 I/SystemConfig( 1164): Reading permissions from /system/etc/permissions/com.android.future.usb.accessory.xml
01-01 08:00:43.319 D/CompatConfig( 1164): Adding: com.android.server.compat.config.Change@9039a01
01-01 08:00:43.323 D/CompatConfig( 1164): Adding: com.android.server.compat.config.Change@d3b10a6
01-01 08:00:43.325 D/CompatConfig( 1164): Adding: com.android.server.compat.config.Change@79cdae7
01-01 08:00:43.328 D/CompatConfig( 1164): Adding: com.android.server.compat.config.Change@e25c694
01-01 08:00:43.332 D/CompatConfig( 1164): Adding: com.android.server.compat.config.Change@30ed53d
01-01 08:00:43.337 I/HidlServiceManagement( 1285): Registered android.system.wifi.keystore@1.0::IKeystore/default
01-01 08:00:43.338 D/CompatConfig( 1164): Adding: com.android.server.compat.config.Change@c779132
01-01 08:00:43.342 I/SystemConfig( 1164): Reading permissions from /system/etc/permissions/com.android.networkstack.xml
01-01 08:00:43.344 I/SystemConfig( 1164): Reading permissions from /system/etc/permissions/com.android.networkstack.tethering.xml
01-01 08:00:43.348 I/SystemConfig( 1164): Reading permissions from /system/etc/permissions/com.android.media.remotedisplay.xml
01-01 08:00:43.352 I/SystemConfig( 1164): Reading permissions from /system/etc/permissions/com.baidu.input.xml
01-01 08:00:43.354 I/SystemConfig( 1164): Reading permissions from /system/etc/permissions/com.thundercomm.screensaver.xml
01-01 08:00:43.356 I/SystemConfig( 1164): Reading permissions from /system/etc/permissions/android.software.webview.xml
01-01 08:00:43.357 I/SystemConfig( 1164): Reading permissions from /system/etc/permissions/com.thundercomm.debugtools.xml
01-01 08:00:43.359 I/SystemConfig( 1164): Reading permissions from /system/etc/permissions/android.software.live_wallpaper.xml
01-01 08:00:43.362 I/SystemConfig( 1164): Reading permissions from /system/etc/permissions/com.android.nfc_extras.xml
01-01 08:00:43.363 D/CompatConfig( 1164): Adding: com.android.server.compat.config.Change@39f8718
01-01 08:00:43.365 D/CompatConfig( 1164): Adding: com.android.server.compat.config.Change@aa60571
01-01 08:00:43.366 D/CompatConfig( 1164): Adding: com.android.server.compat.config.Change@4beef56
01-01 08:00:43.367 D/CompatConfig( 1164): Adding: com.android.server.compat.config.Change@4bc4bd7
01-01 08:00:43.367 D/CompatConfig( 1164): Adding: com.android.server.compat.config.Change@291fcc4
01-01 08:00:43.368 D/CompatConfig( 1164): Adding: com.android.server.compat.config.Change@6c487ad
01-01 08:00:43.369 D/CompatConfig( 1164): Adding: com.android.server.compat.config.Change@fd2aae2
01-01 08:00:43.370 D/CompatConfig( 1164): Adding: com.android.server.compat.config.Change@98fce73
01-01 08:00:43.371 D/CompatConfig( 1164): Adding: com.android.server.compat.config.Change@3142130
01-01 08:00:43.373 D/CompatConfig( 1164): Adding: com.android.server.compat.config.Change@ccef1a9
01-01 08:00:43.374 D/CompatConfig( 1164): Adding: com.android.server.compat.config.Change@374932e
01-01 08:00:43.374 D/CompatConfig( 1164): Adding: com.android.server.compat.config.Change@10edecf
01-01 08:00:43.384 I/[ 36.716950] binder( 0): 1293:1293 ioctl 40046210 7fcb827c74 returned -22
01-01 08:00:43.376 I/SystemConfig( 1164): Reading permissions from /system/etc/permissions/platform.xml
01-01 08:00:43.376 D/CompatConfig( 1164): Adding: com.android.server.compat.config.Change@1fbff65
01-01 08:00:43.377 D/CompatConfig( 1164): Adding: com.android.server.compat.config.Change@d3ab43a
01-01 08:00:43.378 D/CompatConfig( 1164): Adding: com.android.server.compat.config.Change@3c498eb
01-01 08:00:43.379 D/CompatConfig( 1164): Adding: com.android.server.compat.config.Change@20ee648
01-01 08:00:43.381 D/CompatConfig( 1164): Found a config file: /system/etc/compatconfig/icu4j-platform-compat-config.xml
01-01 08:00:43.403 I/[ 36.738244] binder( 0): 1282:1282 ioctl 40046210 7ff29b99e4 returned -22
01-01 08:00:43.384 W/storaged( 1282): health: invalid battery status
