05-26 20:29:09.772 I/SystemServerTiming( 1164): OnBootPhase_480_com.android.server.os.BugreportManagerService
05-26 20:29:09.773 D/SystemServerTiming( 1164): OnBootPhase_480_com.android.server.os.BugreportManagerService took to complete: 0ms
05-26 20:29:09.773 I/SystemServerTiming( 1164): OnBootPhase_480_com.android.server.gpu.GpuService
05-26 20:29:09.773 D/SystemServerTiming( 1164): OnBootPhase_480_com.android.server.gpu.GpuService took to complete: 0ms
05-26 20:29:09.773 I/SystemServerTiming( 1164): OnBootPhase_480_com.android.server.security.KeyChainSystemService
05-26 20:29:09.773 D/SystemServerTiming( 1164): OnBootPhase_480_com.android.server.security.KeyChainSystemService took to complete: 0ms
05-26 20:29:09.773 I/SystemServerTiming( 1164): OnBootPhase_480_com.android.server.telecom.TelecomLoaderService
05-26 20:29:09.773 D/SystemServerTiming( 1164): OnBootPhase_480_com.android.server.telecom.TelecomLoaderService took to complete: 0ms
05-26 20:29:09.773 I/SystemServerTiming( 1164): OnBootPhase_480_com.android.server.accounts.AccountManagerService$Lifecycle
05-26 20:29:09.773 D/SystemServerTiming( 1164): OnBootPhase_480_com.android.server.accounts.AccountManagerService$Lifecycle took to complete: 0ms
05-26 20:29:09.773 I/SystemServerTiming( 1164): OnBootPhase_480_com.android.server.content.ContentService$Lifecycle
05-26 20:29:09.773 D/SystemServerTiming( 1164): OnBootPhase_480_com.android.server.content.ContentService$Lifecycle took to complete: 0ms
05-26 20:29:09.773 I/SystemServerTiming( 1164): OnBootPhase_480_com.android.server.DropBoxManagerService
05-26 20:29:09.774 D/SystemServerTiming( 1164): OnBootPhase_480_com.android.server.DropBoxManagerService took to complete: 0ms
05-26 20:29:09.774 I/SystemServerTiming( 1164): OnBootPhase_480_com.android.role.RoleService
05-26 20:29:09.774 D/SystemServerTiming( 1164): OnBootPhase_480_com.android.role.RoleService took to complete: 0ms
05-26 20:29:09.774 I/SystemServerTiming( 1164): OnBootPhase_480_com.android.server.vibrator.VibratorManagerService$Lifecycle
05-26 20:29:09.774 D/SystemServerTiming( 1164): OnBootPhase_480_com.android.server.vibrator.VibratorManagerService$Lifecycle took to complete: 0ms
05-26 20:29:09.774 I/SystemServerTiming( 1164): OnBootPhase_480_com.android.server.alarm.AlarmManagerService
05-26 20:29:09.774 D/SystemServerTiming( 1164): OnBootPhase_480_com.android.server.alarm.AlarmManagerService took to complete: 0ms
05-26 20:29:09.774 I/SystemServerTiming( 1164): OnBootPhase_480_com.android.server.devicestate.DeviceStateManagerService
05-26 20:29:09.774 D/SystemServerTiming( 1164): OnBootPhase_480_com.android.server.devicestate.DeviceStateManagerService took to complete: 0ms
05-26 20:29:09.774 I/SystemServerTiming( 1164): OnBootPhase_480_com.android.server.camera.CameraServiceProxy
05-26 20:29:09.775 D/SystemServerTiming( 1164): OnBootPhase_480_com.android.server.camera.CameraServiceProxy took to complete: 0ms
05-26 20:29:09.775 I/SystemServerTiming( 1164): OnBootPhase_480_com.android.server.BluetoothService
05-26 20:29:09.775 D/SystemServerTiming( 1164): OnBootPhase_480_com.android.server.BluetoothService took to complete: 0ms
05-26 20:29:09.775 I/SystemServerTiming( 1164): OnBootPhase_480_com.android.server.connectivity.IpConnectivityMetrics
05-26 20:29:09.775 D/SystemServerTiming( 1164): OnBootPhase_480_com.android.server.connectivity.IpConnectivityMetrics took to complete: 0ms
05-26 20:29:09.775 I/SystemServerTiming( 1164): OnBootPhase_480_com.android.server.net.watchlist.NetworkWatchlistService$Lifecycle
05-26 20:29:09.780 I/[ 46.501989] [kworke][0x3cc56022][20( 0): 29:09.777820] wlan: [283:I:HIF] hif_pm_runtime_start: Enabling RUNTIME PM, Delay: 500 ms
05-26 20:29:09.775 D/SystemServerTiming( 1164): OnBootPhase_480_com.android.server.net.watchlist.NetworkWatchlistService$Lifecycle took to complete: 0ms
05-26 20:29:09.775 I/SystemServerTiming( 1164): OnBootPhase_480_com.android.server.PinnerService
05-26 20:29:09.776 D/SystemServerTiming( 1164): OnBootPhase_480_com.android.server.PinnerService took to complete: 0ms
05-26 20:29:09.776 I/SystemServerTiming( 1164): OnBootPhase_480_com.google.android.startop.iorap.IorapForwardingService
05-26 20:29:09.776 D/SystemServerTiming( 1164): OnBootPhase_480_com.google.android.startop.iorap.IorapForwardingService took to complete: 0ms
05-26 20:29:09.776 I/SystemServerTiming( 1164): OnBootPhase_480_com.android.server.ActivityTriggerService
05-26 20:29:09.776 D/SystemServerTiming( 1164): OnBootPhase_480_com.android.server.ActivityTriggerService took to complete: 0ms
05-26 20:29:09.776 I/SystemServerTiming( 1164): OnBootPhase_480_com.android.server.integrity.AppIntegrityManagerService
05-26 20:29:09.776 D/SystemServerTiming( 1164): OnBootPhase_480_com.android.server.integrity.AppIntegrityManagerService took to complete: 0ms
05-26 20:29:09.776 I/SystemServerTiming( 1164): OnBootPhase_480_com.android.server.inputmethod.InputMethodManagerService$Lifecycle
05-26 20:29:09.776 D/SystemServerTiming( 1164): OnBootPhase_480_com.android.server.inputmethod.InputMethodManagerService$Lifecycle took to complete: 0ms
05-26 20:29:09.776 I/SystemServerTiming( 1164): OnBootPhase_480_com.android.server.accessibility.AccessibilityManagerService$Lifecycle
05-26 20:29:09.776 D/SystemServerTiming( 1164): OnBootPhase_480_com.android.server.accessibility.AccessibilityManagerService$Lifecycle took to complete: 0ms
05-26 20:29:09.777 I/SystemServerTiming( 1164): OnBootPhase_480_com.android.server.StorageManagerService$Lifecycle
05-26 20:29:09.777 D/SystemServerTiming( 1164): OnBootPhase_480_com.android.server.StorageManagerService$Lifecycle took to complete: 0ms
05-26 20:29:09.777 I/SystemServerTiming( 1164): OnBootPhase_480_com.android.server.usage.StorageStatsService$Lifecycle
05-26 20:29:09.777 D/SystemServerTiming( 1164): OnBootPhase_480_com.android.server.usage.StorageStatsService$Lifecycle took to complete: 0ms
05-26 20:29:09.777 I/SystemServerTiming( 1164): OnBootPhase_480_com.android.server.UiModeManagerService
05-26 20:29:09.777 D/SystemServerTiming( 1164): OnBootPhase_480_com.android.server.UiModeManagerService took to complete: 0ms
05-26 20:29:09.777 I/SystemServerTiming( 1164): OnBootPhase_480_com.android.server.locksettings.LockSettingsService$Lifecycle
05-26 20:29:09.777 D/SystemServerTiming( 1164): OnBootPhase_480_com.android.server.locksettings.LockSettingsService$Lifecycle took to complete: 0ms
05-26 20:29:09.777 I/SystemServerTiming( 1164): OnBootPhase_480_com.android.server.PersistentDataBlockService
05-26 20:29:09.777 D/SystemServerTiming( 1164): OnBootPhase_480_com.android.server.PersistentDataBlockService took to complete: 0ms
05-26 20:29:09.778 I/SystemServerTiming( 1164): OnBootPhase_480_com.android.server.testharness.TestHarnessModeService
05-26 20:29:09.778 D/SystemServerTiming( 1164): OnBootPhase_480_com.android.server.testharness.TestHarnessModeService took to complete: 0ms
05-26 20:29:09.778 I/SystemServerTiming( 1164): OnBootPhase_480_com.android.server.oemlock.OemLockService
05-26 20:29:09.778 D/SystemServerTiming( 1164): OnBootPhase_480_com.android.server.oemlock.OemLockService took to complete: 0ms
05-26 20:29:09.778 I/SystemServerTiming( 1164): OnBootPhase_480_com.android.server.DeviceIdleController
05-26 20:29:09.778 D/SystemServerTiming( 1164): OnBootPhase_480_com.android.server.DeviceIdleController took to complete: 0ms
05-26 20:29:09.778 I/SystemServerTiming( 1164): OnBootPhase_480_com.android.server.devicepolicy.DevicePolicyManagerService$Lifecycle
05-26 20:29:09.789 I/DevicePolicyManager( 1164): Current version 2, latest version 2, not upgrading.
05-26 20:29:09.807 D/SystemServerTiming( 1164): OnBootPhase_480_com.android.server.devicepolicy.DevicePolicyManagerService$Lifecycle took to complete: 29ms
05-26 20:29:09.808 I/SystemServerTimingAsync( 1164): InitThreadPoolExec:DevicePolicyManager
05-26 20:29:09.809 D/SystemServerInitThreadPool( 1164): Started executing DevicePolicyManager
05-26 20:29:09.810 D/SystemServerInitThreadPool( 1164): Finished executing DevicePolicyManager
05-26 20:29:09.810 D/SystemServerTimingAsync( 1164): InitThreadPoolExec:DevicePolicyManager took to complete: 1ms
05-26 20:29:09.811 I/SystemServerTiming( 1164): OnBootPhase_480_com.android.server.texttospeech.TextToSpeechManagerService
05-26 20:29:09.811 D/SystemServerTiming( 1164): OnBootPhase_480_com.android.server.texttospeech.TextToSpeechManagerService took to complete: 0ms
05-26 20:29:09.811 I/SystemServerTiming( 1164): OnBootPhase_480_com.android.server.speech.SpeechRecognitionManagerService
05-26 20:29:09.811 D/SystemServerTiming( 1164): OnBootPhase_480_com.android.server.speech.SpeechRecognitionManagerService took to complete: 0ms
05-26 20:29:09.811 I/SystemServerTiming( 1164): OnBootPhase_480_com.android.server.searchui.SearchUiManagerService
05-26 20:29:09.811 D/SystemServerTiming( 1164): OnBootPhase_480_com.android.server.searchui.SearchUiManagerService took to complete: 0ms
05-26 20:29:09.811 I/SystemServerTiming( 1164): OnBootPhase_480_com.android.server.smartspace.SmartspaceManagerService
05-26 20:29:09.812 D/SystemServerTiming( 1164): OnBootPhase_480_com.android.server.smartspace.SmartspaceManagerService took to complete: 0ms
05-26 20:29:09.812 I/SystemServerTiming( 1164): OnBootPhase_480_com.android.server.graphics.fonts.FontManagerService$Lifecycle
05-26 20:29:09.812 D/SystemServerTiming( 1164): OnBootPhase_480_com.android.server.graphics.fonts.FontManagerService$Lifecycle took to complete: 0ms
05-26 20:29:09.812 I/SystemServerTiming( 1164): OnBootPhase_480_com.android.server.textservices.TextServicesManagerService$Lifecycle
05-26 20:29:09.812 D/SystemServerTiming( 1164): OnBootPhase_480_com.android.server.textservices.TextServicesManagerService$Lifecycle took to complete: 0ms
05-26 20:29:09.812 I/SystemServerTiming( 1164): OnBootPhase_480_com.android.server.textclassifier.TextClassificationManagerService$Lifecycle
05-26 20:29:09.812 D/SystemServerTiming( 1164): OnBootPhase_480_com.android.server.textclassifier.TextClassificationManagerService$Lifecycle took to complete: 0ms
05-26 20:29:09.812 I/SystemServerTiming( 1164): OnBootPhase_480_com.android.server.NetworkScoreService$Lifecycle
05-26 20:29:09.812 D/SystemServerTiming( 1164): OnBootPhase_480_com.android.server.NetworkScoreService$Lifecycle took to complete: 0ms
05-26 20:29:09.812 I/SystemServerTiming( 1164): OnBootPhase_480_com.android.server.wifi.WifiService
05-26 20:29:09.812 D/SystemServerTiming( 1164): OnBootPhase_480_com.android.server.wifi.WifiService took to complete: 0ms
05-26 20:29:09.812 I/SystemServerTiming( 1164): OnBootPhase_480_com.android.server.wifi.scanner.WifiScanningService
05-26 20:29:09.812 D/SystemServerTiming( 1164): OnBootPhase_480_com.android.server.wifi.scanner.WifiScanningService took to complete: 0ms
05-26 20:29:09.813 I/SystemServerTiming( 1164): OnBootPhase_480_com.android.server.wifi.rtt.RttService
05-26 20:29:09.813 D/SystemServerTiming( 1164): OnBootPhase_480_com.android.server.wifi.rtt.RttService took to complete: 0ms
05-26 20:29:09.813 I/SystemServerTiming( 1164): OnBootPhase_480_com.android.server.wifi.aware.WifiAwareService
05-26 20:29:09.813 D/SystemServerTiming( 1164): OnBootPhase_480_com.android.server.wifi.aware.WifiAwareService took to complete: 0ms
05-26 20:29:09.813 I/SystemServerTiming( 1164): OnBootPhase_480_com.android.server.wifi.p2p.WifiP2pService
05-26 20:29:09.813 D/SystemServerTiming( 1164): OnBootPhase_480_com.android.server.wifi.p2p.WifiP2pService took to complete: 0ms
05-26 20:29:09.813 I/SystemServerTiming( 1164): OnBootPhase_480_com.android.server.ethernet.EthernetService
05-26 20:29:09.813 D/SystemServerTiming( 1164): OnBootPhase_480_com.android.server.ethernet.EthernetService took to complete: 0ms
05-26 20:29:09.813 I/SystemServerTiming( 1164): OnBootPhase_480_com.android.server.ConnectivityServiceInitializer
05-26 20:29:09.814 D/SystemServerTiming( 1164): OnBootPhase_480_com.android.server.ConnectivityServiceInitializer took to complete: 0ms
05-26 20:29:09.814 I/SystemServerTiming( 1164): OnBootPhase_480_com.android.server.notification.NotificationManagerService
05-26 20:29:09.814 D/SystemServerTiming( 1164): OnBootPhase_480_com.android.server.notification.NotificationManagerService took to complete: 0ms
05-26 20:29:09.814 I/SystemServerTiming( 1164): OnBootPhase_480_com.android.server.storage.DeviceStorageMonitorService
05-26 20:29:09.814 D/SystemServerTiming( 1164): OnBootPhase_480_com.android.server.storage.DeviceStorageMonitorService took to complete: 0ms
05-26 20:29:09.814 I/SystemServerTiming( 1164): OnBootPhase_480_com.android.server.location.LocationManagerService$Lifecycle
05-26 20:29:09.814 D/SystemServerTiming( 1164): OnBootPhase_480_com.android.server.location.LocationManagerService$Lifecycle took to complete: 0ms
05-26 20:29:09.814 I/SystemServerTiming( 1164): OnBootPhase_480_com.android.server.timedetector.TimeDetectorService$Lifecycle
05-26 20:29:09.814 D/SystemServerTiming( 1164): OnBootPhase_480_com.android.server.timedetector.TimeDetectorService$Lifecycle took to complete: 0ms
05-26 20:29:09.814 I/SystemServerTiming( 1164): OnBootPhase_480_com.android.server.timezonedetector.TimeZoneDetectorService$Lifecycle
05-26 20:29:09.815 D/SystemServerTiming( 1164): OnBootPhase_480_com.android.server.timezonedetector.TimeZoneDetectorService$Lifecycle took to complete: 0ms
05-26 20:29:09.815 I/SystemServerTiming( 1164): OnBootPhase_480_com.android.server.timezonedetector.location.LocationTimeZoneManagerService$Lifecycle
05-26 20:29:09.815 D/SystemServerTiming( 1164): OnBootPhase_480_com.android.server.timezonedetector.location.LocationTimeZoneManagerService$Lifecycle took to complete: 0ms
05-26 20:29:09.815 I/SystemServerTiming( 1164): OnBootPhase_480_com.android.server.search.SearchManagerService$Lifecycle
05-26 20:29:09.815 D/SystemServerTiming( 1164): OnBootPhase_480_com.android.server.search.SearchManagerService$Lifecycle took to complete: 0ms
05-26 20:29:09.815 I/SystemServerTiming( 1164): OnBootPhase_480_com.android.server.wallpaper.WallpaperManagerService$Lifecycle
05-26 20:29:09.815 D/SystemServerTiming( 1164): OnBootPhase_480_com.android.server.wallpaper.WallpaperManagerService$Lifecycle took to complete: 0ms
05-26 20:29:09.815 I/SystemServerTiming( 1164): OnBootPhase_480_com.android.server.audio.AudioService$Lifecycle
05-26 20:29:09.815 D/SystemServerTiming( 1164): OnBootPhase_480_com.android.server.audio.AudioService$Lifecycle took to complete: 0ms
05-26 20:29:09.815 I/SystemServerTiming( 1164): OnBootPhase_480_com.android.server.soundtrigger_middleware.SoundTriggerMiddlewareService$Lifecycle
05-26 20:29:09.816 D/SystemServerTiming( 1164): OnBootPhase_480_com.android.server.soundtrigger_middleware.SoundTriggerMiddlewareService$Lifecycle took to complete: 0ms
05-26 20:29:09.816 I/SystemServerTiming( 1164): OnBootPhase_480_com.android.server.DockObserver
05-26 20:29:09.816 D/SystemServerTiming( 1164): OnBootPhase_480_com.android.server.DockObserver took to complete: 0ms
05-26 20:29:09.816 I/SystemServerTiming( 1164): OnBootPhase_480_com.android.server.midi.MidiService$Lifecycle
05-26 20:29:09.816 D/SystemServerTiming( 1164): OnBootPhase_480_com.android.server.midi.MidiService$Lifecycle took to complete: 0ms
05-26 20:29:09.816 I/SystemServerTiming( 1164): OnBootPhase_480_com.android.server.adb.AdbService$Lifecycle
05-26 20:29:09.816 D/SystemServerTiming( 1164): OnBootPhase_480_com.android.server.adb.AdbService$Lifecycle took to complete: 0ms
05-26 20:29:09.816 I/SystemServerTiming( 1164): OnBootPhase_480_com.android.server.usb.UsbService$Lifecycle
05-26 20:29:09.816 D/SystemServerTiming( 1164): OnBootPhase_480_com.android.server.usb.UsbService$Lifecycle took to complete: 0ms
05-26 20:29:09.816 I/SystemServerTiming( 1164): OnBootPhase_480_com.android.server.twilight.TwilightService
05-26 20:29:09.816 D/SystemServerTiming( 1164): OnBootPhase_480_com.android.server.twilight.TwilightService took to complete: 0ms
05-26 20:29:09.816 I/SystemServerTiming( 1164): OnBootPhase_480_com.android.server.display.color.ColorDisplayService
05-26 20:29:09.816 D/SystemServerTiming( 1164): OnBootPhase_480_com.android.server.display.color.ColorDisplayService took to complete: 0ms
05-26 20:29:09.816 I/SystemServerTiming( 1164): OnBootPhase_480_com.android.server.job.JobSchedulerService
05-26 20:29:09.816 D/SystemServerTiming( 1164): OnBootPhase_480_com.android.server.job.JobSchedulerService took to complete: 0ms
05-26 20:29:09.817 I/SystemServerTiming( 1164): OnBootPhase_480_com.android.server.soundtrigger.SoundTriggerService
05-26 20:29:09.817 D/SoundTriggerService( 1164): onBootPhase: 480 : false
05-26 20:29:09.817 D/SystemServerTiming( 1164): OnBootPhase_480_com.android.server.soundtrigger.SoundTriggerService took to complete: 0ms
05-26 20:29:09.817 I/SystemServerTiming( 1164): OnBootPhase_480_com.android.server.trust.TrustManagerService
05-26 20:29:09.817 D/SystemServerTiming( 1164): OnBootPhase_480_com.android.server.trust.TrustManagerService took to complete: 0ms
05-26 20:29:09.817 I/SystemServerTiming( 1164): OnBootPhase_480_com.android.server.backup.BackupManagerService$Lifecycle
05-26 20:29:09.817 D/SystemServerTiming( 1164): OnBootPhase_480_com.android.server.backup.BackupManagerService$Lifecycle took to complete: 0ms
05-26 20:29:09.817 I/SystemServerTiming( 1164): OnBootPhase_480_com.android.server.appwidget.AppWidgetService
05-26 20:29:09.817 D/SystemServerTiming( 1164): OnBootPhase_480_com.android.server.appwidget.AppWidgetService took to complete: 0ms
05-26 20:29:09.817 I/SystemServerTiming( 1164): OnBootPhase_480_com.android.server.voiceinteraction.VoiceInteractionManagerService
05-26 20:29:09.817 D/SystemServerTiming( 1164): OnBootPhase_480_com.android.server.voiceinteraction.VoiceInteractionManagerService took to complete: 0ms
05-26 20:29:09.818 I/SystemServerTiming( 1164): OnBootPhase_480_com.android.server.apphibernation.AppHibernationService
05-26 20:29:09.818 D/SystemServerTiming( 1164): OnBootPhase_480_com.android.server.apphibernation.AppHibernationService took to complete: 0ms
05-26 20:29:09.818 I/SystemServerTiming( 1164): OnBootPhase_480_com.android.server.SensorNotificationService
05-26 20:29:09.818 D/SystemServerTiming( 1164): OnBootPhase_480_com.android.server.SensorNotificationService took to complete: 0ms
05-26 20:29:09.818 I/SystemServerTiming( 1164): OnBootPhase_480_com.android.server.emergency.EmergencyAffordanceService
05-26 20:29:09.818 D/SystemServerTiming( 1164): OnBootPhase_480_com.android.server.emergency.EmergencyAffordanceService took to complete: 0ms
05-26 20:29:09.818 I/SystemServerTiming( 1164): OnBootPhase_480_com.android.server.blob.BlobStoreManagerService
05-26 20:29:09.818 D/SystemServerTiming( 1164): OnBootPhase_480_com.android.server.blob.BlobStoreManagerService took to complete: 0ms
05-26 20:29:09.818 I/SystemServerTiming( 1164): OnBootPhase_480_com.android.server.dreams.DreamManagerService
05-26 20:29:09.818 D/SystemServerTiming( 1164): OnBootPhase_480_com.android.server.dreams.DreamManagerService took to complete: 0ms
05-26 20:29:09.819 I/SystemServerTiming( 1164): OnBootPhase_480_com.android.server.companion.CompanionDeviceManagerService
05-26 20:29:09.819 D/SystemServerTiming( 1164): OnBootPhase_480_com.android.server.companion.CompanionDeviceManagerService took to complete: 0ms
05-26 20:29:09.819 I/SystemServerTiming( 1164): OnBootPhase_480_com.android.server.restrictions.RestrictionsManagerService
05-26 20:29:09.819 D/SystemServerTiming( 1164): OnBootPhase_480_com.android.server.restrictions.RestrictionsManagerService took to complete: 0ms
05-26 20:29:09.819 I/SystemServerTiming( 1164): OnBootPhase_480_com.android.server.media.MediaSessionService
05-26 20:29:09.819 D/SystemServerTiming( 1164): OnBootPhase_480_com.android.server.media.MediaSessionService took to complete: 0ms
05-26 20:29:09.819 I/SystemServerTiming( 1164): OnBootPhase_480_com.android.server.media.MediaResourceMonitorService
05-26 20:29:09.819 D/SystemServerTiming( 1164): OnBootPhase_480_com.android.server.media.MediaResourceMonitorService took to complete: 0ms
05-26 20:29:09.820 I/SystemServerTiming( 1164): OnBootPhase_480_com.android.server.biometrics.sensors.fingerprint.FingerprintService
05-26 20:29:09.820 D/SystemServerTiming( 1164): OnBootPhase_480_com.android.server.biometrics.sensors.fingerprint.FingerprintService took to complete: 0ms
05-26 20:29:09.820 I/SystemServerTiming( 1164): OnBootPhase_480_com.android.server.biometrics.BiometricService
05-26 20:29:09.820 D/SystemServerTiming( 1164): OnBootPhase_480_com.android.server.biometrics.BiometricService took to complete: 0ms
05-26 20:29:09.820 I/SystemServerTiming( 1164): OnBootPhase_480_com.android.server.biometrics.AuthService
05-26 20:29:09.820 D/SystemServerTiming( 1164): OnBootPhase_480_com.android.server.biometrics.AuthService took to complete: 0ms
05-26 20:29:09.820 I/SystemServerTiming( 1164): OnBootPhase_480_com.android.server.pm.ShortcutService$Lifecycle
05-26 20:29:09.823 E/[ 46.537994] cnss_utils( 0): WLAN MAC address is not set, type 0
05-26 20:29:09.823 W/ ( 0): [ 46.544734] cnss_pci 0000:01:00.0: Falling back to syfs fallback for: wlan/qca_cld/qca6390/wlan_mac.bin
05-26 20:29:09.829 W/ShortcutService( 1164): Clock rewound
05-26 20:29:09.830 D/SystemServerTiming( 1164): OnBootPhase_480_com.android.server.pm.ShortcutService$Lifecycle took to complete: 10ms
05-26 20:29:09.831 I/SystemServerTiming( 1164): OnBootPhase_480_com.android.server.pm.LauncherAppsService
05-26 20:29:09.831 D/SystemServerTiming( 1164): OnBootPhase_480_com.android.server.pm.LauncherAppsService took to complete: 0ms
05-26 20:29:09.831 I/SystemServerTiming( 1164): OnBootPhase_480_com.android.server.pm.CrossProfileAppsService
05-26 20:29:09.831 D/SystemServerTiming( 1164): OnBootPhase_480_com.android.server.pm.CrossProfileAppsService took to complete: 0ms
05-26 20:29:09.831 I/SystemServerTiming( 1164): OnBootPhase_480_com.android.server.people.PeopleService
05-26 20:29:09.831 D/SystemServerTiming( 1164): OnBootPhase_480_com.android.server.people.PeopleService took to complete: 0ms
05-26 20:29:09.831 I/SystemServerTiming( 1164): OnBootPhase_480_com.android.server.media.metrics.MediaMetricsManagerService
05-26 20:29:09.831 D/SystemServerTiming( 1164): OnBootPhase_480_com.android.server.media.metrics.MediaMetricsManagerService took to complete: 0ms
05-26 20:29:09.832 I/SystemServerTiming( 1164): OnBootPhase_480_com.android.server.media.projection.MediaProjectionManagerService
05-26 20:29:09.833 D/SystemServerTiming( 1164): OnBootPhase_480_com.android.server.media.projection.MediaProjectionManagerService took to complete: 0ms
05-26 20:29:09.833 I/SystemServerTiming( 1164): OnBootPhase_480_com.android.server.slice.SliceManagerService$Lifecycle
05-26 20:29:09.833 D/SystemServerTiming( 1164): OnBootPhase_480_com.android.server.slice.SliceManagerService$Lifecycle took to complete: 0ms
05-26 20:29:09.833 I/SystemServerTiming( 1164): OnBootPhase_480_com.android.server.stats.StatsCompanion$Lifecycle
05-26 20:29:09.833 D/SystemServerTiming( 1164): OnBootPhase_480_com.android.server.stats.StatsCompanion$Lifecycle took to complete: 0ms
05-26 20:29:09.833 I/SystemServerTiming( 1164): OnBootPhase_480_com.android.server.scheduling.RebootReadinessManagerService$Lifecycle
05-26 20:29:09.833 D/SystemServerTiming( 1164): OnBootPhase_480_com.android.server.scheduling.RebootReadinessManagerService$Lifecycle took to complete: 0ms
05-26 20:29:09.833 I/SystemServerTiming( 1164): OnBootPhase_480_com.android.server.stats.pull.StatsPullAtomService
05-26 20:29:09.833 D/SystemServerTiming( 1164): OnBootPhase_480_com.android.server.stats.pull.StatsPullAtomService took to complete: 0ms
05-26 20:29:09.833 I/SystemServerTiming( 1164): OnBootPhase_480_com.android.server.incident.IncidentCompanionService
05-26 20:29:09.833 D/SystemServerTiming( 1164): OnBootPhase_480_com.android.server.incident.IncidentCompanionService took to complete: 0ms
05-26 20:29:09.834 I/SystemServerTiming( 1164): OnBootPhase_480_com.android.server.MmsServiceBroker
05-26 20:29:09.834 D/SystemServerTiming( 1164): OnBootPhase_480_com.android.server.MmsServiceBroker took to complete: 0ms
05-26 20:29:09.834 I/SystemServerTiming( 1164): OnBootPhase_480_com.android.server.autofill.AutofillManagerService
05-26 20:29:09.834 D/SystemServerTiming( 1164): OnBootPhase_480_com.android.server.autofill.AutofillManagerService took to complete: 0ms
05-26 20:29:09.834 I/SystemServerTiming( 1164): OnBootPhase_480_com.android.server.clipboard.ClipboardService
05-26 20:29:09.834 D/SystemServerTiming( 1164): OnBootPhase_480_com.android.server.clipboard.ClipboardService took to complete: 0ms
05-26 20:29:09.834 I/SystemServerTiming( 1164): OnBootPhase_480_com.android.server.appbinding.AppBindingService$Lifecycle
05-26 20:29:09.834 D/SystemServerTiming( 1164): OnBootPhase_480_com.android.server.appbinding.AppBindingService$Lifecycle took to complete: 0ms
05-26 20:29:09.834 I/SystemServerTiming( 1164): OnBootPhase_480_com.android.server.tracing.TracingServiceProxy
05-26 20:29:09.834 D/SystemServerTiming( 1164): OnBootPhase_480_com.android.server.tracing.TracingServiceProxy took to complete: 0ms
05-26 20:29:09.834 D/SystemServerTiming( 1164): OnBootPhase_480 took to complete: 67ms
05-26 20:29:09.834 D/SystemServerTiming( 1164): StartBootPhaseLockSettingsReady took to complete: 68ms
05-26 20:29:09.835 I/SystemServerTiming( 1164): StartBootPhaseSystemServicesReady
05-26 20:29:09.835 I/SystemServiceManager( 1164): Starting phase 500
05-26 20:29:09.835 I/SystemServerTiming( 1164): OnBootPhase_500
05-26 20:29:09.835 I/SystemServerTiming( 1164): OnBootPhase_500_com.android.server.security.FileIntegrityService
05-26 20:29:09.835 D/SystemServerTiming( 1164): OnBootPhase_500_com.android.server.security.FileIntegrityService took to complete: 0ms
05-26 20:29:09.835 I/SystemServerTiming( 1164): OnBootPhase_500_com.android.server.pm.Installer
05-26 20:29:09.835 D/SystemServerTiming( 1164): OnBootPhase_500_com.android.server.pm.Installer took to complete: 0ms
05-26 20:29:09.835 I/SystemServerTiming( 1164): OnBootPhase_500_com.android.server.os.DeviceIdentifiersPolicyService
05-26 20:29:09.836 D/SystemServerTiming( 1164): OnBootPhase_500_com.android.server.os.DeviceIdentifiersPolicyService took to complete: 0ms
05-26 20:29:09.836 I/SystemServerTiming( 1164): OnBootPhase_500_com.android.server.uri.UriGrantsManagerService$Lifecycle
05-26 20:29:09.836 D/SystemServerTiming( 1164): OnBootPhase_500_com.android.server.uri.UriGrantsManagerService$Lifecycle took to complete: 0ms
05-26 20:29:09.836 I/SystemServerTiming( 1164): OnBootPhase_500_com.android.server.powerstats.PowerStatsService
05-26 20:29:09.837 E/StatsPullAtomCallbackImpl( 1164): Failed to start PowerStatsService statsd pullers
05-26 20:29:09.837 D/SystemServerTiming( 1164): OnBootPhase_500_com.android.server.powerstats.PowerStatsService took to complete: 1ms
05-26 20:29:09.837 I/SystemServerTiming( 1164): OnBootPhase_500_com.android.server.wm.ActivityTaskManagerService$Lifecycle
05-26 20:29:09.837 D/SystemServerTiming( 1164): OnBootPhase_500_com.android.server.wm.ActivityTaskManagerService$Lifecycle took to complete: 0ms
05-26 20:29:09.837 I/SystemServerTiming( 1164): OnBootPhase_500_com.android.server.am.ActivityManagerService$Lifecycle
05-26 20:29:09.849 E/BatteryStatsService( 1164): Could not register PowerStatsInternal
05-26 20:29:09.856 I/[ 46.577369] ueventd( 0): firmware: loading 'wlan/qca_cld/qca6390/wlan_mac.bin' for '/devices/platform/soc/1c00000.qcom,pcie/pci0000:00/0000:00:00.0/0000:01:00.0/firmware/wlan!qca_cld!qca6390!wlan_mac.bin'
05-26 20:29:09.856 D/SystemServerTiming( 1164): OnBootPhase_500_com.android.server.am.ActivityManagerService$Lifecycle took to complete: 19ms
05-26 20:29:09.856 I/SystemServerTiming( 1164): OnBootPhase_500_com.android.server.pm.DataLoaderManagerService
05-26 20:29:09.856 D/SystemServerTiming( 1164): OnBootPhase_500_com.android.server.pm.DataLoaderManagerService took to complete: 0ms
05-26 20:29:09.856 I/SystemServerTiming( 1164): OnBootPhase_500_com.android.server.power.PowerManagerService
05-26 20:29:09.856 D/SystemServerTiming( 1164): OnBootPhase_500_com.android.server.power.PowerManagerService took to complete: 0ms
05-26 20:29:09.856 I/SystemServerTiming( 1164): OnBootPhase_500_com.android.server.power.ThermalManagerService
05-26 20:29:09.856 D/SystemServerTiming( 1164): OnBootPhase_500_com.android.server.power.ThermalManagerService took to complete: 0ms
05-26 20:29:09.856 I/SystemServerTiming( 1164): OnBootPhase_500_com.android.server.power.hint.HintManagerService
05-26 20:29:09.857 V/HintManagerService( 1164): Initializing HintManager service...
05-26 20:29:09.857 V/HistoricalRegistry( 1164): Interaction before persistence initialized
05-26 20:29:09.857 D/SystemServerTiming( 1164): OnBootPhase_500_com.android.server.power.hint.HintManagerService took to complete: 0ms
05-26 20:29:09.857 I/SystemServerTiming( 1164): OnBootPhase_500_com.android.server.recoverysystem.RecoverySystemService$Lifecycle
05-26 20:29:09.857 D/SystemServerTiming( 1164): OnBootPhase_500_com.android.server.recoverysystem.RecoverySystemService$Lifecycle took to complete: 0ms
05-26 20:29:09.857 I/SystemServerTiming( 1164): OnBootPhase_500_com.android.server.lights.LightsService
05-26 20:29:09.857 D/SystemServerTiming( 1164): OnBootPhase_500_com.android.server.lights.LightsService took to complete: 0ms
05-26 20:29:09.857 I/SystemServerTiming( 1164): OnBootPhase_500_com.android.server.display.DisplayManagerService
05-26 20:29:09.857 D/SystemServerTiming( 1164): OnBootPhase_500_com.android.server.display.DisplayManagerService took to complete: 0ms
05-26 20:29:09.857 I/SystemServerTiming( 1164): OnBootPhase_500_com.android.server.pm.verify.domain.DomainVerificationService
05-26 20:29:09.857 D/SystemServerTiming( 1164): OnBootPhase_500_com.android.server.pm.verify.domain.DomainVerificationService took to complete: 0ms
05-26 20:29:09.857 I/SystemServerTiming( 1164): OnBootPhase_500_com.android.server.pm.PackageInstallerService$Lifecycle
05-26 20:29:09.857 D/SystemServerTiming( 1164): OnBootPhase_500_com.android.server.pm.PackageInstallerService$Lifecycle took to complete: 0ms
05-26 20:29:09.858 I/SystemServerTiming( 1164): OnBootPhase_500_com.android.server.pm.UserManagerService$LifeCycle
05-26 20:29:09.858 D/SystemServerTiming( 1164): OnBootPhase_500_com.android.server.pm.UserManagerService$LifeCycle took to complete: 0ms
05-26 20:29:09.858 I/SystemServerTiming( 1164): OnBootPhase_500_com.android.server.om.OverlayManagerService
05-26 20:29:09.858 D/SystemServerTiming( 1164): OnBootPhase_500_com.android.server.om.OverlayManagerService took to complete: 0ms
05-26 20:29:09.858 I/SystemServerTiming( 1164): OnBootPhase_500_com.android.server.SensorPrivacyService
05-26 20:29:09.866 D/SystemServerTiming( 1164): OnBootPhase_500_com.android.server.SensorPrivacyService took to complete: 8ms
05-26 20:29:09.866 I/SystemServerTiming( 1164): OnBootPhase_500_com.android.server.thunderperf.ThunderBoostPerfService
05-26 20:29:09.866 D/SystemServerTiming( 1164): OnBootPhase_500_com.android.server.thunderperf.ThunderBoostPerfService took to complete: 0ms
05-26 20:29:09.866 I/SystemServerTiming( 1164): OnBootPhase_500_com.android.server.sensors.SensorService
05-26 20:29:09.866 D/SystemServerTiming( 1164): OnBootPhase_500_com.android.server.sensors.SensorService took to complete: 0ms
05-26 20:29:09.866 I/SystemServerTiming( 1164): OnBootPhase_500_com.android.server.SystemConfigService
05-26 20:29:09.866 D/SystemServerTiming( 1164): OnBootPhase_500_com.android.server.SystemConfigService took to complete: 0ms
05-26 20:29:09.866 I/SystemServerTiming( 1164): OnBootPhase_500_com.android.server.BatteryService
05-26 20:29:09.866 D/SystemServerTiming( 1164): OnBootPhase_500_com.android.server.BatteryService took to complete: 0ms
05-26 20:29:09.866 I/SystemServerTiming( 1164): OnBootPhase_500_com.android.server.usage.UsageStatsService
05-26 20:29:09.872 D/AppStandbyController( 1164): Setting app idle enabled state
05-26 20:29:09.874 V/HistoricalRegistry( 1164): Interaction before persistence initialized
05-26 20:29:09.875 D/SystemServerTiming( 1164): OnBootPhase_500_com.android.server.usage.UsageStatsService took to complete: 8ms
05-26 20:29:09.875 I/SystemServerTiming( 1164): OnBootPhase_500_com.android.server.webkit.WebViewUpdateService
05-26 20:29:09.875 D/SystemServerTiming( 1164): OnBootPhase_500_com.android.server.webkit.WebViewUpdateService took to complete: 0ms
05-26 20:29:09.875 I/SystemServerTiming( 1164): OnBootPhase_500_com.android.server.CachedDeviceStateService
05-26 20:29:09.875 D/SystemServerTiming( 1164): OnBootPhase_500_com.android.server.CachedDeviceStateService took to complete: 0ms
05-26 20:29:09.875 I/SystemServerTiming( 1164): OnBootPhase_500_com.android.server.BinderCallsStatsService$LifeCycle
05-26 20:29:09.878 D/SystemServerTiming( 1164): OnBootPhase_500_com.android.server.BinderCallsStatsService$LifeCycle took to complete: 3ms
05-26 20:29:09.878 I/SystemServerTiming( 1164): OnBootPhase_500_com.android.server.LooperStatsService$Lifecycle
05-26 20:29:09.878 D/SystemServerTiming( 1164): OnBootPhase_500_com.android.server.LooperStatsService$Lifecycle took to complete: 0ms
05-26 20:29:09.878 I/SystemServerTiming( 1164): OnBootPhase_500_com.android.server.rollback.RollbackManagerService
05-26 20:29:09.878 D/SystemServerTiming( 1164): OnBootPhase_500_com.android.server.rollback.RollbackManagerService took to complete: 0ms
05-26 20:29:09.878 I/SystemServerTiming( 1164): OnBootPhase_500_com.android.server.os.NativeTombstoneManagerService
05-26 20:29:09.878 D/SystemServerTiming( 1164): OnBootPhase_500_com.android.server.os.NativeTombstoneManagerService took to complete: 0ms
05-26 20:29:09.878 I/SystemServerTiming( 1164): OnBootPhase_500_com.android.server.os.BugreportManagerService
05-26 20:29:09.878 D/SystemServerTiming( 1164): OnBootPhase_500_com.android.server.os.BugreportManagerService took to complete: 0ms
05-26 20:29:09.879 I/SystemServerTiming( 1164): OnBootPhase_500_com.android.server.gpu.GpuService
05-26 20:29:09.879 D/SystemServerTiming( 1164): OnBootPhase_500_com.android.server.gpu.GpuService took to complete: 0ms
05-26 20:29:09.879 I/SystemServerTiming( 1164): OnBootPhase_500_com.android.server.security.KeyChainSystemService
05-26 20:29:09.879 D/SystemServerTiming( 1164): OnBootPhase_500_com.android.server.security.KeyChainSystemService took to complete: 0ms
05-26 20:29:09.879 I/SystemServerTiming( 1164): OnBootPhase_500_com.android.server.telecom.TelecomLoaderService
05-26 20:29:09.879 D/SystemServerTiming( 1164): OnBootPhase_500_com.android.server.telecom.TelecomLoaderService took to complete: 0ms
05-26 20:29:09.879 I/SystemServerTiming( 1164): OnBootPhase_500_com.android.server.accounts.AccountManagerService$Lifecycle
05-26 20:29:09.879 D/SystemServerTiming( 1164): OnBootPhase_500_com.android.server.accounts.AccountManagerService$Lifecycle took to complete: 0ms
05-26 20:29:09.879 I/SystemServerTiming( 1164): OnBootPhase_500_com.android.server.content.ContentService$Lifecycle
05-26 20:29:09.879 D/SystemServerTiming( 1164): OnBootPhase_500_com.android.server.content.ContentService$Lifecycle took to complete: 0ms
05-26 20:29:09.879 I/SystemServerTiming( 1164): OnBootPhase_500_com.android.server.DropBoxManagerService
05-26 20:29:09.880 D/SystemServerTiming( 1164): OnBootPhase_500_com.android.server.DropBoxManagerService took to complete: 1ms
05-26 20:29:09.880 I/SystemServerTiming( 1164): OnBootPhase_500_com.android.role.RoleService
05-26 20:29:09.881 D/SystemServerTiming( 1164): OnBootPhase_500_com.android.role.RoleService took to complete: 0ms
05-26 20:29:09.881 I/SystemServerTiming( 1164): OnBootPhase_500_com.android.server.vibrator.VibratorManagerService$Lifecycle
05-26 20:29:09.881 V/VibratorManagerService( 1164): Initializing VibratorManager service...
05-26 20:29:09.882 E/[ 46.582670] ueventd( 0): firmware: could not find firmware for wlan/qca_cld/qca6390/wlan_mac.bin
05-26 20:29:09.881 V/HistoricalRegistry( 1164): Interaction before persistence initialized
05-26 20:29:09.883 E/[ 46.594212] ueventd( 0): firmware: attempted /etc/firmware/wlan/qca_cld/qca6390/wlan_mac.bin, open failed: No such file or directory
05-26 20:29:09.883 E/[ 46.606204] ueventd( 0): firmware: attempted /odm/firmware/wlan/qca_cld/qca6390/wlan_mac.bin, open failed: No such file or directory
05-26 20:29:09.886 V/VibratorManagerService( 1164): VibratorManager service initialized
05-26 20:29:09.886 D/SystemServerTiming( 1164): OnBootPhase_500_com.android.server.vibrator.VibratorManagerService$Lifecycle took to complete: 5ms
05-26 20:29:09.886 I/SystemServerTiming( 1164): OnBootPhase_500_com.android.server.alarm.AlarmManagerService
05-26 20:29:09.887 E/LazyAlarmStore( 1164): Removed TIME_TICK alarm
05-26 20:29:09.890 I/DropBoxManagerService( 1164): add tag=system_server_wtf isTagEnabled=true flags=0x2
05-26 20:29:09.892 D/SystemServerTiming( 1164): OnBootPhase_500_com.android.server.alarm.AlarmManagerService took to complete: 4ms
05-26 20:29:09.892 I/SystemServerTiming( 1164): OnBootPhase_500_com.android.server.devicestate.DeviceStateManagerService
05-26 20:29:09.892 D/SystemServerTiming( 1164): OnBootPhase_500_com.android.server.devicestate.DeviceStateManagerService took to complete: 0ms
05-26 20:29:09.892 I/SystemServerTiming( 1164): OnBootPhase_500_com.android.server.camera.CameraServiceProxy
05-26 20:29:09.892 D/SystemServerTiming( 1164): OnBootPhase_500_com.android.server.camera.CameraServiceProxy took to complete: 0ms
05-26 20:29:09.894 I/SystemServerTiming( 1164): OnBootPhase_500_com.android.server.BluetoothService
05-26 20:29:09.895 D/SystemServerTiming( 1164): OnBootPhase_500_com.android.server.BluetoothService took to complete: 1ms
05-26 20:29:09.895 I/SystemServerTiming( 1164): OnBootPhase_500_com.android.server.connectivity.IpConnectivityMetrics
05-26 20:29:09.906 D/SystemServerTiming( 1164): OnBootPhase_500_com.android.server.connectivity.IpConnectivityMetrics took to complete: 11ms
05-26 20:29:09.906 I/SystemServerTiming( 1164): OnBootPhase_500_com.android.server.net.watchlist.NetworkWatchlistService$Lifecycle
05-26 20:29:09.906 D/SystemServerTiming( 1164): OnBootPhase_500_com.android.server.net.watchlist.NetworkWatchlistService$Lifecycle took to complete: 0ms
05-26 20:29:09.906 I/SystemServerTiming( 1164): OnBootPhase_500_com.android.server.PinnerService
05-26 20:29:09.907 E/[ 46.618147] ueventd( 0): firmware: attempted /vendor/firmware/wlan/qca_cld/qca6390/wlan_mac.bin, open failed: No such file or directory
05-26 20:29:09.907 E/[ 46.630370] ueventd( 0): firmware: attempted /firmware/image/wlan/qca_cld/qca6390/wlan_mac.bin, open failed: No such file or directory
05-26 20:29:09.908 D/SystemServerTiming( 1164): OnBootPhase_500_com.android.server.PinnerService took to complete: 1ms
05-26 20:29:09.908 I/SystemServerTiming( 1164): OnBootPhase_500_com.google.android.startop.iorap.IorapForwardingService
05-26 20:29:09.909 D/SystemServerTiming( 1164): OnBootPhase_500_com.google.android.startop.iorap.IorapForwardingService took to complete: 0ms
05-26 20:29:09.909 I/SystemServerTiming( 1164): OnBootPhase_500_com.android.server.ActivityTriggerService
05-26 20:29:09.909 D/SystemServerTiming( 1164): OnBootPhase_500_com.android.server.ActivityTriggerService took to complete: 0ms
05-26 20:29:09.909 I/SystemServerTiming( 1164): OnBootPhase_500_com.android.server.integrity.AppIntegrityManagerService
05-26 20:29:09.909 D/SystemServerTiming( 1164): OnBootPhase_500_com.android.server.integrity.AppIntegrityManagerService took to complete: 0ms
05-26 20:29:09.909 I/SystemServerTiming( 1164): OnBootPhase_500_com.android.server.inputmethod.InputMethodManagerService$Lifecycle
05-26 20:29:09.909 D/SystemServerTiming( 1164): OnBootPhase_500_com.android.server.inputmethod.InputMethodManagerService$Lifecycle took to complete: 0ms
05-26 20:29:09.909 I/SystemServerTiming( 1164): OnBootPhase_500_com.android.server.accessibility.AccessibilityManagerService$Lifecycle
05-26 20:29:09.909 D/SystemServerTiming( 1164): OnBootPhase_500_com.android.server.accessibility.AccessibilityManagerService$Lifecycle took to complete: 0ms
05-26 20:29:09.910 I/SystemServerTiming( 1164): OnBootPhase_500_com.android.server.StorageManagerService$Lifecycle
05-26 20:29:09.919 D/SystemServerTiming( 1164): OnBootPhase_500_com.android.server.StorageManagerService$Lifecycle took to complete: 9ms
05-26 20:29:09.919 I/SystemServerTiming( 1164): OnBootPhase_500_com.android.server.usage.StorageStatsService$Lifecycle
05-26 20:29:09.919 D/SystemServerTiming( 1164): OnBootPhase_500_com.android.server.usage.StorageStatsService$Lifecycle took to complete: 0ms
05-26 20:29:09.919 I/SystemServerTiming( 1164): OnBootPhase_500_com.android.server.UiModeManagerService
05-26 20:29:09.932 I/[ 46.646248] [kworke][0x3cefa4b9][20( 0): 29:09.922096] wlan: [283:I:HDD] hdd_initialize_mac_address: 12589: using default MAC address
05-26 20:29:09.932 I/ActivityTaskManager( 1164): Config changes=200 {1.0 ?mcc?mnc [zh_CN] ldltr sw720dp w1706dp h665dp 240dpi lrg long land finger -keyb/v/h -nav/h winConfig={ mBounds=Rect(0, 0 - 2560, 1080) mAppBounds=Rect(0, 0 - 2560, 1034) mMaxBounds=Rect(0, 0 - 2560, 1080) mWindowingMode=fullscreen mDisplayWindowingMode=fullscreen mActivityType=undefined mAlwaysOnTop=undefined mRotation=ROTATION_0} s.6 ?fontWeightAdjustment}
05-26 20:29:09.934 I/WindowManager( 1164): Override config changes=200 {1.0 ?mcc?mnc [zh_CN] ldltr sw720dp w1706dp h665dp 240dpi lrg long land finger -keyb/v/h -nav/h winConfig={ mBounds=Rect(0, 0 - 2560, 1080) mAppBounds=Rect(0, 0 - 2560, 1034) mMaxBounds=Rect(0, 0 - 2560, 1080) mWindowingMode=fullscreen mDisplayWindowingMode=fullscreen mActivityType=undefined mAlwaysOnTop=undefined mRotation=ROTATION_0} s.6 ?fontWeightAdjustment} for displayId=0
05-26 20:29:09.936 D/SystemServerTiming( 1164): OnBootPhase_500_com.android.server.UiModeManagerService took to complete: 16ms
05-26 20:29:09.936 I/SystemServerTiming( 1164): OnBootPhase_500_com.android.server.locksettings.LockSettingsService$Lifecycle
05-26 20:29:09.936 D/SystemServerTiming( 1164): OnBootPhase_500_com.android.server.locksettings.LockSettingsService$Lifecycle took to complete: 0ms
05-26 20:29:09.936 I/SystemServerTiming( 1164): OnBootPhase_500_com.android.server.PersistentDataBlockService
05-26 20:29:09.936 D/SystemServerTiming( 1164): OnBootPhase_500_com.android.server.PersistentDataBlockService took to complete: 0ms
05-26 20:29:09.936 I/SystemServerTiming( 1164): OnBootPhase_500_com.android.server.testharness.TestHarnessModeService
05-26 20:29:09.937 D/TestHarnessModeService( 1164): Setting up test harness mode
05-26 20:29:09.937 D/TestHarnessModeService( 1164): Getting PersistentDataBlockManagerInternal from LocalServices
05-26 20:29:09.954 D/SystemServerTiming( 1164): OnBootPhase_500_com.android.server.testharness.TestHarnessModeService took to complete: 17ms
05-26 20:29:09.954 I/SystemServerTiming( 1164): OnBootPhase_500_com.android.server.oemlock.OemLockService
05-26 20:29:09.954 D/SystemServerTiming( 1164): OnBootPhase_500_com.android.server.oemlock.OemLockService took to complete: 0ms
05-26 20:29:09.954 I/SystemServerTiming( 1164): OnBootPhase_500_com.android.server.DeviceIdleController
05-26 20:29:09.957 V/HistoricalRegistry( 1164): Interaction before persistence initialized
05-26 20:29:09.957 D/SystemServerTiming( 1164): OnBootPhase_500_com.android.server.DeviceIdleController took to complete: 3ms
05-26 20:29:09.957 I/SystemServerTiming( 1164): OnBootPhase_500_com.android.server.devicepolicy.DevicePolicyManagerService$Lifecycle
05-26 20:29:09.957 D/SystemServerTiming( 1164): OnBootPhase_500_com.android.server.devicepolicy.DevicePolicyManagerService$Lifecycle took to complete: 0ms
05-26 20:29:09.957 I/SystemServerTiming( 1164): OnBootPhase_500_com.android.server.texttospeech.TextToSpeechManagerService
05-26 20:29:09.957 D/SystemServerTiming( 1164): OnBootPhase_500_com.android.server.texttospeech.TextToSpeechManagerService took to complete: 0ms
05-26 20:29:09.957 I/SystemServerTiming( 1164): OnBootPhase_500_com.android.server.speech.SpeechRecognitionManagerService
05-26 20:29:09.957 D/SystemServerTiming( 1164): OnBootPhase_500_com.android.server.speech.SpeechRecognitionManagerService took to complete: 0ms
05-26 20:29:09.958 I/SystemServerTiming( 1164): OnBootPhase_500_com.android.server.searchui.SearchUiManagerService
05-26 20:29:09.958 D/SystemServerTiming( 1164): OnBootPhase_500_com.android.server.searchui.SearchUiManagerService took to complete: 0ms
05-26 20:29:09.958 I/SystemServerTiming( 1164): OnBootPhase_500_com.android.server.smartspace.SmartspaceManagerService
05-26 20:29:09.958 D/SystemServerTiming( 1164): OnBootPhase_500_com.android.server.smartspace.SmartspaceManagerService took to complete: 0ms
05-26 20:29:09.958 I/SystemServerTiming( 1164): OnBootPhase_500_com.android.server.graphics.fonts.FontManagerService$Lifecycle
05-26 20:29:09.958 D/SystemServerTiming( 1164): OnBootPhase_500_com.android.server.graphics.fonts.FontManagerService$Lifecycle took to complete: 0ms
05-26 20:29:09.958 I/SystemServerTiming( 1164): OnBootPhase_500_com.android.server.textservices.TextServicesManagerService$Lifecycle
05-26 20:29:09.958 D/SystemServerTiming( 1164): OnBootPhase_500_com.android.server.textservices.TextServicesManagerService$Lifecycle took to complete: 0ms
05-26 20:29:09.958 I/SystemServerTiming( 1164): OnBootPhase_500_com.android.server.textclassifier.TextClassificationManagerService$Lifecycle
05-26 20:29:09.958 D/SystemServerTiming( 1164): OnBootPhase_500_com.android.server.textclassifier.TextClassificationManagerService$Lifecycle took to complete: 0ms
05-26 20:29:09.958 I/SystemServerTiming( 1164): OnBootPhase_500_com.android.server.NetworkScoreService$Lifecycle
05-26 20:29:09.958 D/SystemServerTiming( 1164): OnBootPhase_500_com.android.server.NetworkScoreService$Lifecycle took to complete: 0ms
05-26 20:29:09.958 I/SystemServerTiming( 1164): OnBootPhase_500_com.android.server.wifi.WifiService
05-26 20:29:09.959 D/SystemServerTiming( 1164): OnBootPhase_500_com.android.server.wifi.WifiService took to complete: 0ms
05-26 20:29:09.959 I/SystemServerTiming( 1164): OnBootPhase_500_com.android.server.wifi.scanner.WifiScanningService
05-26 20:29:09.959 D/SystemServerTiming( 1164): OnBootPhase_500_com.android.server.wifi.scanner.WifiScanningService took to complete: 0ms
05-26 20:29:09.959 I/SystemServerTiming( 1164): OnBootPhase_500_com.android.server.wifi.rtt.RttService
05-26 20:29:09.972 D/SystemServerTiming( 1164): OnBootPhase_500_com.android.server.wifi.rtt.RttService took to complete: 13ms
05-26 20:29:09.974 I/SystemServerTiming( 1164): OnBootPhase_500_com.android.server.wifi.aware.WifiAwareService
05-26 20:29:09.986 D/SystemServerTiming( 1164): OnBootPhase_500_com.android.server.wifi.aware.WifiAwareService took to complete: 12ms
05-26 20:29:09.986 I/SystemServerTiming( 1164): OnBootPhase_500_com.android.server.wifi.p2p.WifiP2pService
05-26 20:29:09.986 D/SystemServerTiming( 1164): OnBootPhase_500_com.android.server.wifi.p2p.WifiP2pService took to complete: 0ms
05-26 20:29:09.986 I/SystemServerTiming( 1164): OnBootPhase_500_com.android.server.ethernet.EthernetService
05-26 20:29:09.996 E/[ 46.697612] [kworke][0x3cfeb064][20( 0): 29:09.973450] wlan: [283:E:QDF] qdf_mutex_create: already initialized lock
05-26 20:29:09.996 E/[ 46.708152] [kworke][0x3d01c867][20( 0): 29:09.984010] wlan: [283:E:HDD] hdd_open_adapter: 6512: Interface p2p0 wow debug_fs init failed
05-26 20:29:10.000 D/SystemServerTiming( 1164): OnBootPhase_500_com.android.server.ethernet.EthernetService took to complete: 13ms
05-26 20:29:10.000 I/SystemServerTiming( 1164): OnBootPhase_500_com.android.server.ConnectivityServiceInitializer
05-26 20:29:10.000 D/SystemServerTiming( 1164): OnBootPhase_500_com.android.server.ConnectivityServiceInitializer took to complete: 0ms
05-26 20:29:10.000 I/SystemServerTiming( 1164): OnBootPhase_500_com.android.server.notification.NotificationManagerService
05-26 20:29:10.012 E/[ 46.725699] [kworke][0x3d06ec54][20( 0): 29:10.001556] wlan: [283:E:QDF] qdf_mutex_create: already initialized lock
05-26 20:29:10.012 E/[ 46.736127] [kworke][0x3d09fa85][20( 0): 29:10.011985] wlan: [283:E:HDD] hdd_open_adapter: 6512: Interface wifi-aware0 wow debug_fs init failed
05-26 20:29:10.025 I/ ( 0): [ 46.741765] Wifi Turning On from UI
05-26 20:29:10.032 W/ ( 0): [ 46.755375] ------------[ cut here ]------------
05-26 20:29:10.032 I/ ( 0): [ 46.755381] IRQs not enabled as expected
05-26 20:29:10.032 W/[ 46.755395] WARNING( 0): CPU: 6 PID: 283 at kernel/softirq.c:161 __local_bh_enable_ip+0x140/0x158
05-26 20:29:10.032 I/ ( 0): [ 46.755397] Modules linked in: wlan(O) tsnv(O) machine_dlkm(O) wcd938x_slave_dlkm(O) wcd938x_dlkm(O) wcd9xxx_dlkm(O) mbhc_dlkm(O) tx_macro_dlkm(O) rx_macro_dlkm(O) va_macro_dlkm(O) wsa_macro_dlkm(O) swr_ctrl_dlkm(O) bolero_cdc_dlkm(O) wsa881x_dlkm(O) wcd_core_dlkm(O) stub_dlkm(O) hdmi_dlkm(O) swr_dlkm(O) pinctrl_lpi_dlkm(O) pinctrl_wcd_dlkm(O) usf_dlkm(O) native_dlkm(O) platform_dlkm(O) q6_dlkm(O) adsp_loader_dlkm(O) apr_dlkm(O) snd_event_dlkm(O) q6_notifier_dlkm(O) q6_pdr_dlkm(O) msm_11ad_proxy
05-26 20:29:10.032 I/[ 46.755421] CPU( 0): 6 PID: 283 Comm: kworker/u16:7 Tainted: G S O 4.19.157+ #1
05-26 20:29:10.032 I/ ( 0): [ 46.755424] Hardware name: Qualcomm Technologies, Inc. kona MTP-RmPM8150b. VC1(FSE) DVT2 (DT)
05-26 20:29:10.032 I/[ 46.755430] Workqueue( 0): cnss_driver_event cnss_driver_event_work
05-26 20:29:10.032 I/[ 46.755433] pstate( 0): 60c00085 (nZCv daIf +PAN +UAO)
05-26 20:29:10.032 I/[ 46.755436] pc( 0): __local_bh_enable_ip+0x140/0x158
05-26 20:29:10.032 I/[ 46.755438] lr( 0): __local_bh_enable_ip+0x140/0x158
05-26 20:29:10.032 I/[ 46.755440] sp( 0): ffffff801a01bb60
05-26 20:29:10.032 I/[ 46.755442] x29( 0): ffffff801a01bb60 x28: dead000000000100
05-26 20:29:10.032 I/[ 46.755445] x27( 0): ffffffa2a44274f4 x26: ffffffe548024670
