06-21 06:14:26.232 I/[ 517.154448] init( 0): Service 'tlogdshc' (pid 8776) exited with status 0 oneshot service took 0.294000 seconds in background
06-21 06:14:26.233 I/[ 517.165893] init( 0): Sending signal 9 to service 'tlogdshc' (pid 8776) process group...
06-21 06:14:26.253 I/[ 517.175256] libprocessgroup( 0): Successfully killed process cgroup uid 0 pid 8776 in 0ms
06-21 06:14:27.160 I/[ 518.087919] init( 0): starting service 'hht_ota_mgr_service'...
06-21 06:14:27.382 I/[ 518.294493] init( 0): Service 'hht_ota_mgr_service' (pid 8790) exited with status 0
06-21 06:14:27.395 I/[ 518.319717] init( 0): Sending signal 9 to service 'hht_ota_mgr_service' (pid 8790) process group...
06-21 06:14:27.405 I/[ 518.330042] libprocessgroup( 0): Successfully killed process cgroup uid 0 pid 8790 in 1ms
06-21 06:14:27.954 E/[ 518.880704] link_delay_work_func( 0): DTC_ETH: SQI=0, link=0
06-21 06:14:32.202 I/[ 523.129451] init( 0): starting service 'hht_ota_mgr_service'...
06-21 06:14:32.410 I/[ 523.320544] init( 0): Service 'hht_ota_mgr_service' (pid 8814) exited with status 0
06-21 06:14:32.420 I/[ 523.343520] init( 0): Sending signal 9 to service 'hht_ota_mgr_service' (pid 8814) process group...
06-21 06:14:32.421 I/[ 523.354098] libprocessgroup( 0): Successfully killed process cgroup uid 0 pid 8814 in 1ms
06-21 06:14:33.079 E/[ 524.000212] link_delay_work_func( 0): DTC_ETH: SQI=0, link=0
06-21 06:14:37.240 I/[ 528.166026] init( 0): starting service 'hht_ota_mgr_service'...
06-21 06:14:37.478 I/[ 528.392270] init( 0): Service 'hht_ota_mgr_service' (pid 8838) exited with status 0
06-21 06:14:37.491 I/[ 528.415376] init( 0): Sending signal 9 to service 'hht_ota_mgr_service' (pid 8838) process group...
06-21 06:14:37.500 I/[ 528.425601] libprocessgroup( 0): Successfully killed process cgroup uid 0 pid 8838 in 0ms
06-21 06:14:38.195 E/[ 529.120187] link_delay_work_func( 0): DTC_ETH: SQI=0, link=0
06-21 06:14:42.278 I/[ 533.205414] init( 0): starting service 'hht_ota_mgr_service'...
06-21 06:14:42.504 I/[ 533.407870] init( 0): Service 'hht_ota_mgr_service' (pid 8861) exited with status 0
06-21 06:14:42.504 I/[ 533.431982] init( 0): Sending signal 9 to service 'hht_ota_mgr_service' (pid 8861) process group...
06-21 06:14:42.516 I/[ 533.441691] libprocessgroup( 0): Successfully killed process cgroup uid 0 pid 8861 in 0ms
06-21 06:14:43.312 E/[ 534.240263] link_delay_work_func( 0): DTC_ETH: SQI=0, link=0
06-21 06:14:47.316 I/[ 538.242270] init( 0): starting service 'hht_ota_mgr_service'...
06-21 06:14:47.526 I/[ 538.440322] init( 0): Service 'hht_ota_mgr_service' (pid 8883) exited with status 0
06-21 06:14:47.540 I/[ 538.464255] init( 0): Sending signal 9 to service 'hht_ota_mgr_service' (pid 8883) process group...
06-21 06:14:47.540 I/[ 538.473533] libprocessgroup( 0): Successfully killed process cgroup uid 0 pid 8883 in 0ms
06-21 06:14:48.434 E/[ 539.360134] link_delay_work_func( 0): DTC_ETH: SQI=0, link=0
06-21 06:14:52.357 I/[ 543.282894] init( 0): starting service 'hht_ota_mgr_service'...
06-21 06:14:52.573 I/[ 543.483260] init( 0): Service 'hht_ota_mgr_service' (pid 8903) exited with status 0
06-21 06:14:52.573 I/[ 543.506636] init( 0): Sending signal 9 to service 'hht_ota_mgr_service' (pid 8903) process group...
06-21 06:14:52.590 I/[ 543.516001] libprocessgroup( 0): Successfully killed process cgroup uid 0 pid 8903 in 0ms
06-21 06:14:53.197 W/ActivityManager( 1164): Background start not allowed: service Intent { cmp=com.tencent.android.qqdownloader/com.tencent.assistant.sdk.SDKSupportService (has extras) } to com.tencent.android.qqdownloader/com.tencent.assistant.sdk.SDKSupportService from pid=3329 uid=10115 pkg=com.tencent.android.qqdownloader startFg?=false
06-21 06:14:53.213 W/ActivityManager( 1164): Background start not allowed: service Intent { cmp=com.tencent.android.qqdownloader/com.tencent.assistant.sdk.SDKSupportService (has extras) } to com.tencent.android.qqdownloader/com.tencent.assistant.sdk.SDKSupportService from pid=3329 uid=10115 pkg=com.tencent.android.qqdownloader startFg?=false
06-21 06:14:53.266 W/ActivityManager( 1164): Background start not allowed: service Intent { cmp=com.tencent.android.qqdownloader/com.tencent.assistant.sdk.SDKSupportService (has extras) } to com.tencent.android.qqdownloader/com.tencent.assistant.sdk.SDKSupportService from pid=3329 uid=10115 pkg=com.tencent.android.qqdownloader startFg?=false
06-21 06:14:53.279 W/ActivityManager( 1164): Background start not allowed: service Intent { cmp=com.tencent.android.qqdownloader/com.tencent.assistant.sdk.SDKSupportService (has extras) } to com.tencent.android.qqdownloader/com.tencent.assistant.sdk.SDKSupportService from pid=3329 uid=10115 pkg=com.tencent.android.qqdownloader startFg?=false
06-21 06:14:53.554 E/[ 544.480163] link_delay_work_func( 0): DTC_ETH: SQI=0, link=0
06-21 06:14:55.902 I/[ 546.825109] init( 0): processing action (sys.tlog.tlogdshc.active=1) from (/system/etc/init/tlogd.rc:195)
06-21 06:14:55.903 I/[ 546.836323] init( 0): starting service 'tlogdshc'...
06-21 06:14:56.263 I/[ 547.182875] init( 0): Service 'tlogdshc' (pid 8920) exited with status 0 oneshot service took 0.333000 seconds in background
06-21 06:14:56.263 I/[ 547.194151] init( 0): Sending signal 9 to service 'tlogdshc' (pid 8920) process group...
06-21 06:14:56.277 I/[ 547.202498] libprocessgroup( 0): Successfully killed process cgroup uid 0 pid 8920 in 0ms
06-21 06:14:57.385 I/[ 548.312513] init( 0): starting service 'hht_ota_mgr_service'...
06-21 06:14:57.594 I/[ 548.507444] init( 0): Service 'hht_ota_mgr_service' (pid 8936) exited with status 0
06-21 06:14:57.607 I/[ 548.531836] init( 0): Sending signal 9 to service 'hht_ota_mgr_service' (pid 8936) process group...
06-21 06:14:57.618 I/[ 548.542161] libprocessgroup( 0): Successfully killed process cgroup uid 0 pid 8936 in 0ms
06-21 06:14:58.674 E/[ 549.600498] link_delay_work_func( 0): DTC_ETH: SQI=0, link=0
06-21 06:14:59.442 E/[ 550.360470] [schedu][0x27d642b3d][06( 0): 14:59.427061] wlan: [1861:E:PE] lim_process_addba_req: 1716: Failed to process addba request
06-21 06:15:02.414 I/[ 553.338963] init( 0): starting service 'hht_ota_mgr_service'...
06-21 06:15:02.614 I/[ 553.527843] init( 0): Service 'hht_ota_mgr_service' (pid 8961) exited with status 0
06-21 06:15:02.627 I/[ 553.551285] init( 0): Sending signal 9 to service 'hht_ota_mgr_service' (pid 8961) process group...
06-21 06:15:02.639 I/[ 553.561351] libprocessgroup( 0): Successfully killed process cgroup uid 0 pid 8961 in 0ms
06-21 06:15:03.793 E/[ 554.720487] link_delay_work_func( 0): DTC_ETH: SQI=0, link=0
06-21 06:15:07.447 I/[ 558.374754] init( 0): starting service 'hht_ota_mgr_service'...
06-21 06:15:07.650 I/[ 558.567043] init( 0): Service 'hht_ota_mgr_service' (pid 8983) exited with status 0
06-21 06:15:07.666 I/[ 558.590645] init( 0): Sending signal 9 to service 'hht_ota_mgr_service' (pid 8983) process group...
06-21 06:15:07.679 I/[ 558.600458] libprocessgroup( 0): Successfully killed process cgroup uid 0 pid 8983 in 0ms
06-21 06:15:08.914 E/[ 559.840186] link_delay_work_func( 0): DTC_ETH: SQI=0, link=0
06-21 06:15:10.651 I/GameModeConfig( 1164): isGameModeOn = false
06-21 06:15:12.483 I/[ 563.406820] init( 0): starting service 'hht_ota_mgr_service'...
06-21 06:15:12.690 I/[ 563.607590] init( 0): Service 'hht_ota_mgr_service' (pid 9006) exited with status 0
06-21 06:15:12.707 I/[ 563.631364] init( 0): Sending signal 9 to service 'hht_ota_mgr_service' (pid 9006) process group...
06-21 06:15:12.716 I/[ 563.641260] libprocessgroup( 0): Successfully killed process cgroup uid 0 pid 9006 in 0ms
06-21 06:15:14.033 E/[ 564.960207] link_delay_work_func( 0): DTC_ETH: SQI=0, link=0
06-21 06:15:17.514 I/[ 568.438541] init( 0): starting service 'hht_ota_mgr_service'...
06-21 06:15:17.719 I/[ 568.636853] init( 0): Service 'hht_ota_mgr_service' (pid 9030) exited with status 0
06-21 06:15:17.726 I/[ 568.659648] init( 0): Sending signal 9 to service 'hht_ota_mgr_service' (pid 9030) process group...
06-21 06:15:17.743 I/[ 568.668804] libprocessgroup( 0): Successfully killed process cgroup uid 0 pid 9030 in 0ms
06-21 06:15:19.154 E/[ 570.080233] link_delay_work_func( 0): DTC_ETH: SQI=0, link=0
06-21 06:15:22.543 I/[ 573.470988] init( 0): starting service 'hht_ota_mgr_service'...
06-21 06:15:22.737 I/[ 573.655729] init( 0): Service 'hht_ota_mgr_service' (pid 9050) exited with status 0
06-21 06:15:22.744 I/[ 573.678319] init( 0): Sending signal 9 to service 'hht_ota_mgr_service' (pid 9050) process group...
06-21 06:15:22.762 I/[ 573.687602] libprocessgroup( 0): Successfully killed process cgroup uid 0 pid 9050 in 0ms
06-21 06:15:24.276 E/[ 575.200386] link_delay_work_func( 0): DTC_ETH: SQI=0, link=0
06-21 06:15:25.907 I/[ 576.829644] init( 0): processing action (sys.tlog.tlogdshc.active=1) from (/system/etc/init/tlogd.rc:195)
06-21 06:15:25.914 I/[ 576.841222] init( 0): starting service 'tlogdshc'...
06-21 06:15:26.271 I/[ 577.185146] init( 0): Service 'tlogdshc' (pid 9062) exited with status 0 oneshot service took 0.330000 seconds in background
06-21 06:15:26.272 I/[ 577.196668] init( 0): Sending signal 9 to service 'tlogdshc' (pid 9062) process group...
06-21 06:15:26.281 I/[ 577.206683] libprocessgroup( 0): Successfully killed process cgroup uid 0 pid 9062 in 1ms
06-21 06:15:27.559 I/[ 578.484824] init( 0): starting service 'hht_ota_mgr_service'...
06-21 06:15:27.763 I/[ 578.679953] init( 0): Service 'hht_ota_mgr_service' (pid 9083) exited with status 0
06-21 06:15:27.779 I/[ 578.703705] init( 0): Sending signal 9 to service 'hht_ota_mgr_service' (pid 9083) process group...
06-21 06:15:27.789 I/[ 578.713906] libprocessgroup( 0): Successfully killed process cgroup uid 0 pid 9083 in 1ms
06-21 06:15:29.399 E/[ 580.320195] link_delay_work_func( 0): DTC_ETH: SQI=0, link=0
06-21 06:15:32.598 I/[ 583.522727] init( 0): starting service 'hht_ota_mgr_service'...
06-21 06:15:32.788 I/[ 583.705662] init( 0): Service 'hht_ota_mgr_service' (pid 9107) exited with status 0
06-21 06:15:32.804 I/[ 583.728546] init( 0): Sending signal 9 to service 'hht_ota_mgr_service' (pid 9107) process group...
06-21 06:15:32.814 I/[ 583.738447] libprocessgroup( 0): Successfully killed process cgroup uid 0 pid 9107 in 0ms
06-21 06:15:34.512 E/[ 585.440224] link_delay_work_func( 0): DTC_ETH: SQI=0, link=0
06-21 06:15:37.631 I/[ 588.557710] init( 0): starting service 'hht_ota_mgr_service'...
06-21 06:15:37.849 I/[ 588.769576] init( 0): Service 'hht_ota_mgr_service' (pid 9125) exited with status 0
06-21 06:15:37.849 I/[ 588.783219] init( 0): Sending signal 9 to service 'hht_ota_mgr_service' (pid 9125) process group...
06-21 06:15:37.882 I/[ 588.813621] libprocessgroup( 0): Successfully killed process cgroup uid 0 pid 9125 in 0ms
06-21 06:15:39.634 E/[ 590.560180] link_delay_work_func( 0): DTC_ETH: SQI=0, link=0
06-21 06:15:40.242 V/DisplayPowerController[0]( 1164): Brightness [0.05] reason changing to: 'manual [ dim ]', previous reason: 'manual'.
06-21 06:15:40.244 W/PowerManagerService( 1164): Screen on took 311432 ms
06-21 06:15:40.245 E/DisplayDeviceConfig( 1164): requesting nits when no mapping exists.
06-21 06:15:40.246 E/DisplayDeviceConfig( 1164): requesting nits when no mapping exists.
06-21 06:15:40.249 I/DropBoxManagerService( 1164): add tag=system_server_wtf isTagEnabled=true flags=0x2
06-21 06:15:40.255 I/DropBoxManagerService( 1164): add tag=system_server_wtf isTagEnabled=true flags=0x2
06-21 06:15:40.257 E/DisplayDeviceConfig( 1164): requesting nits when no mapping exists.
06-21 06:15:40.258 E/DisplayDeviceConfig( 1164): requesting nits when no mapping exists.
06-21 06:15:40.259 I/DropBoxManagerService( 1164): add tag=system_server_wtf isTagEnabled=true flags=0x2
06-21 06:15:40.263 I/DropBoxManagerService( 1164): add tag=system_server_wtf isTagEnabled=true flags=0x2
06-21 06:15:40.274 E/DisplayDeviceConfig( 1164): requesting nits when no mapping exists.
06-21 06:15:40.274 E/DisplayDeviceConfig( 1164): requesting nits when no mapping exists.
06-21 06:15:40.279 I/DropBoxManagerService( 1164): add tag=system_server_wtf isTagEnabled=true flags=0x2
06-21 06:15:40.291 E/DisplayDeviceConfig( 1164): requesting nits when no mapping exists.
06-21 06:15:40.292 E/DisplayDeviceConfig( 1164): requesting nits when no mapping exists.
06-21 06:15:40.307 E/DisplayDeviceConfig( 1164): requesting nits when no mapping exists.
06-21 06:15:40.308 E/DisplayDeviceConfig( 1164): requesting nits when no mapping exists.
06-21 06:15:40.324 E/DisplayDeviceConfig( 1164): requesting nits when no mapping exists.
06-21 06:15:40.324 E/DisplayDeviceConfig( 1164): requesting nits when no mapping exists.
06-21 06:15:40.341 E/DisplayDeviceConfig( 1164): requesting nits when no mapping exists.
06-21 06:15:40.341 E/DisplayDeviceConfig( 1164): requesting nits when no mapping exists.
06-21 06:15:40.357 E/DisplayDeviceConfig( 1164): requesting nits when no mapping exists.
06-21 06:15:40.358 E/DisplayDeviceConfig( 1164): requesting nits when no mapping exists.
06-21 06:15:40.374 E/DisplayDeviceConfig( 1164): requesting nits when no mapping exists.
06-21 06:15:40.375 E/DisplayDeviceConfig( 1164): requesting nits when no mapping exists.
06-21 06:15:40.391 E/DisplayDeviceConfig( 1164): requesting nits when no mapping exists.
06-21 06:15:40.392 E/DisplayDeviceConfig( 1164): requesting nits when no mapping exists.
06-21 06:15:40.408 E/DisplayDeviceConfig( 1164): requesting nits when no mapping exists.
06-21 06:15:40.408 E/DisplayDeviceConfig( 1164): requesting nits when no mapping exists.
06-21 06:15:40.424 E/DisplayDeviceConfig( 1164): requesting nits when no mapping exists.
06-21 06:15:40.425 E/DisplayDeviceConfig( 1164): requesting nits when no mapping exists.
06-21 06:15:40.441 E/DisplayDeviceConfig( 1164): requesting nits when no mapping exists.
06-21 06:15:40.441 E/DisplayDeviceConfig( 1164): requesting nits when no mapping exists.
06-21 06:15:40.458 E/DisplayDeviceConfig( 1164): requesting nits when no mapping exists.
06-21 06:15:40.458 E/DisplayDeviceConfig( 1164): requesting nits when no mapping exists.
06-21 06:15:40.474 E/DisplayDeviceConfig( 1164): requesting nits when no mapping exists.
06-21 06:15:40.475 E/DisplayDeviceConfig( 1164): requesting nits when no mapping exists.
06-21 06:15:40.491 E/DisplayDeviceConfig( 1164): requesting nits when no mapping exists.
06-21 06:15:40.491 E/DisplayDeviceConfig( 1164): requesting nits when no mapping exists.
06-21 06:15:40.507 E/DisplayDeviceConfig( 1164): requesting nits when no mapping exists.
06-21 06:15:40.508 E/DisplayDeviceConfig( 1164): requesting nits when no mapping exists.
06-21 06:15:40.524 E/DisplayDeviceConfig( 1164): requesting nits when no mapping exists.
06-21 06:15:40.525 E/DisplayDeviceConfig( 1164): requesting nits when no mapping exists.
06-21 06:15:40.541 E/DisplayDeviceConfig( 1164): requesting nits when no mapping exists.
06-21 06:15:40.541 E/DisplayDeviceConfig( 1164): requesting nits when no mapping exists.
06-21 06:15:40.557 E/DisplayDeviceConfig( 1164): requesting nits when no mapping exists.
06-21 06:15:40.558 E/DisplayDeviceConfig( 1164): requesting nits when no mapping exists.
06-21 06:15:40.574 E/DisplayDeviceConfig( 1164): requesting nits when no mapping exists.
06-21 06:15:40.575 E/DisplayDeviceConfig( 1164): requesting nits when no mapping exists.
06-21 06:15:40.591 E/DisplayDeviceConfig( 1164): requesting nits when no mapping exists.
06-21 06:15:40.592 E/DisplayDeviceConfig( 1164): requesting nits when no mapping exists.
06-21 06:15:40.608 E/DisplayDeviceConfig( 1164): requesting nits when no mapping exists.
06-21 06:15:40.609 E/DisplayDeviceConfig( 1164): requesting nits when no mapping exists.
06-21 06:15:40.624 E/DisplayDeviceConfig( 1164): requesting nits when no mapping exists.
06-21 06:15:40.624 E/DisplayDeviceConfig( 1164): requesting nits when no mapping exists.
06-21 06:15:40.641 E/DisplayDeviceConfig( 1164): requesting nits when no mapping exists.
06-21 06:15:40.641 E/DisplayDeviceConfig( 1164): requesting nits when no mapping exists.
06-21 06:15:40.658 E/DisplayDeviceConfig( 1164): requesting nits when no mapping exists.
06-21 06:15:40.658 E/DisplayDeviceConfig( 1164): requesting nits when no mapping exists.
06-21 06:15:40.674 E/DisplayDeviceConfig( 1164): requesting nits when no mapping exists.
06-21 06:15:40.675 E/DisplayDeviceConfig( 1164): requesting nits when no mapping exists.
06-21 06:15:40.691 E/DisplayDeviceConfig( 1164): requesting nits when no mapping exists.
06-21 06:15:40.691 E/DisplayDeviceConfig( 1164): requesting nits when no mapping exists.
06-21 06:15:40.707 E/DisplayDeviceConfig( 1164): requesting nits when no mapping exists.
06-21 06:15:40.708 E/DisplayDeviceConfig( 1164): requesting nits when no mapping exists.
06-21 06:15:42.670 I/[ 593.597727] init( 0): starting service 'hht_ota_mgr_service'...
06-21 06:15:42.886 I/[ 593.797827] init( 0): Service 'hht_ota_mgr_service' (pid 9150) exited with status 0
06-21 06:15:42.896 I/[ 593.820961] init( 0): Sending signal 9 to service 'hht_ota_mgr_service' (pid 9150) process group...
06-21 06:15:42.905 I/[ 593.830173] libprocessgroup( 0): Successfully killed process cgroup uid 0 pid 9150 in 0ms
06-21 06:15:44.753 E/[ 595.680370] link_delay_work_func( 0): DTC_ETH: SQI=0, link=0
06-21 06:15:47.233 I/PowerManagerService( 1164): Napping display group (groupId=0, uid=1000)...
06-21 06:15:47.233 I/PowerManagerService( 1164): Nap time (uid 1000)...
06-21 06:15:47.237 I/DreamManagerService( 1164): Entering dreamland.
06-21 06:15:47.240 I/PowerManagerService( 1164): Dreaming...
06-21 06:15:47.249 I/DreamController( 1164): Starting dream: name=ComponentInfo{com.thundercomm.screensaver/com.thundercomm.screensaver.service.SystemDream}, isTest=false, canDoze=false, userId=0
06-21 06:15:47.259 D/AutofillManagerService( 1164): Close system dialogs
06-21 06:15:47.263 I/ActivityTaskManager( 1164): START u0 {flg=0x10000000 pkg=com.thundercomm.screensaver cmp=com.thundercomm.screensaver/android.service.dreams.DreamActivity (has extras)} from uid 1000
06-21 06:15:47.266 D/FreeFormWindowHelper( 1164): recentTask : null
06-21 06:15:47.266 W/ActivityTaskManager( 1164): Can't find TaskDisplayArea to determine support for multi window. Task id=1466 attached=false
06-21 06:15:47.288 I/ActivityTaskManager( 1164): FOREGROUND_APPLICATION_CHANGED to android.service.dreams.DreamActivity
06-21 06:15:47.290 I/ActivityTaskManager( 1164): The Process com.thundercomm.screensaver Already Exists in BG. So sending its PID: 6583
06-21 06:15:47.290 W/ActivityTaskManager( 1164): Tried to set launchTime (0) < mLastActivityLaunchTime (116507)
06-21 06:15:47.295 D/FreeFormWindowHelper( 1164): handleFreeformTask : Task{eb22e43 #1466 type=dream A=1000:android:com.thundercomm.screensaver/dream U=0 visible=true mode=fullscreen translucent=false sz=1 visible freeform task=true rootAffinity=1000:android:com.thundercomm.screensaver/dream isMini=false}
06-21 06:15:47.295 D/FreeFormWindowHelper( 1164): mFreeFormTask : null
06-21 06:15:47.295 D/FreeFormWindowHelper( 1164): mInRecent : false
06-21 06:15:47.295 D/FreeFormWindowHelper( 1164):
06-21 06:15:47.309 D/PhoneStartingWindowTypeAlgorithm( 1968): preferredStartingWindowType newTask:true taskSwitch:true processRunning:true allowTaskSnapshot:true activityCreated:false useEmptySplashScreen:true legacySplashScreen:false topIsHome:false
06-21 06:15:47.309 D/StartingSurfaceDrawer( 1968): addSplashScreen com.thundercomm.screensaver theme=103040d task=1466 suggestType=3
06-21 06:15:47.311 D/StartingSurfaceDrawer( 1968): window attributes color: 0 icon null duration 0 brandImage null
06-21 06:15:47.312 D/StartingSurfaceDrawer( 1968): fillViewWithIcon surfaceWindowView android.window.SplashScreenView{6ad1a45 V.E...... ......ID 0,0-0,0}
06-21 06:15:47.319 W/WindowManager( 1164): Failed looking up window session=Session{2fe3d30 6583:1000} callers=com.android.server.wm.WindowManagerService.windowForClientLocked:5628 com.android.server.wm.Session.insetsModified:629 android.view.IWindowSession$Stub.onTransact:1151
06-21 06:15:47.357 V/DisplayPowerController[0]( 1164): Brightness [0.5151515] reason changing to: 'manual', previous reason: 'manual [ dim ]'.
06-21 06:15:47.375 E/DisplayDeviceConfig( 1164): requesting nits when no mapping exists.
06-21 06:15:47.376 E/DisplayDeviceConfig( 1164): requesting nits when no mapping exists.
06-21 06:15:47.391 D/StartingSurfaceDrawer( 1968): Task start finish, remove starting surface for task 1466
06-21 06:15:47.391 V/StartingSurfaceDrawer( 1968): Removing splash screen window for task: 1466
06-21 06:15:47.393 E/DisplayDeviceConfig( 1164): requesting nits when no mapping exists.
06-21 06:15:47.393 E/DisplayDeviceConfig( 1164): requesting nits when no mapping exists.
06-21 06:15:47.401 D/FreeFormWindowHelper( 1164): Current Display FreeFormTask is null
06-21 06:15:47.401 D/ActivityTaskManager( 1164): Skipping, freeform mode : Task{eec8d7b #1451 type=undefined A=10113:com.tencent.mm U=0 visible=false mode=freeform translucent=true sz=0 visible freeform task=true rootAffinity=10113:com.tencent.mm isMini=false}
06-21 06:15:47.408 E/DisplayDeviceConfig( 1164): requesting nits when no mapping exists.
06-21 06:15:47.408 E/DisplayDeviceConfig( 1164): requesting nits when no mapping exists.
06-21 06:15:47.426 E/DisplayDeviceConfig( 1164): requesting nits when no mapping exists.
06-21 06:15:47.426 E/DisplayDeviceConfig( 1164): requesting nits when no mapping exists.
06-21 06:15:47.440 E/DisplayDeviceConfig( 1164): requesting nits when no mapping exists.
06-21 06:15:47.440 E/DisplayDeviceConfig( 1164): requesting nits when no mapping exists.
06-21 06:15:47.475 W/[ 598.383807] audit( 0): audit_lost=640 audit_rate_limit=5 audit_backlog_limit=64
06-21 06:15:47.473 E/DisplayDeviceConfig( 1164): requesting nits when no mapping exists.
06-21 06:15:47.474 E/DisplayDeviceConfig( 1164): requesting nits when no mapping exists.
06-21 06:15:47.506 E/[ 598.412780] audit( 0): rate limit exceeded
06-21 06:15:47.514 E/DisplayDeviceConfig( 1164): requesting nits when no mapping exists.
06-21 06:15:47.515 E/DisplayDeviceConfig( 1164): requesting nits when no mapping exists.
06-21 06:15:47.529 E/DisplayDeviceConfig( 1164): requesting nits when no mapping exists.
06-21 06:15:47.530 E/DisplayDeviceConfig( 1164): requesting nits when no mapping exists.
06-21 06:15:47.555 E/DisplayDeviceConfig( 1164): requesting nits when no mapping exists.
06-21 06:15:47.555 E/DisplayDeviceConfig( 1164): requesting nits when no mapping exists.
06-21 06:15:47.585 E/DisplayDeviceConfig( 1164): requesting nits when no mapping exists.
06-21 06:15:47.585 E/DisplayDeviceConfig( 1164): requesting nits when no mapping exists.
06-21 06:15:47.603 E/DisplayDeviceConfig( 1164): requesting nits when no mapping exists.
06-21 06:15:47.603 E/DisplayDeviceConfig( 1164): requesting nits when no mapping exists.
06-21 06:15:47.617 E/DisplayDeviceConfig( 1164): requesting nits when no mapping exists.
06-21 06:15:47.617 E/DisplayDeviceConfig( 1164): requesting nits when no mapping exists.
06-21 06:15:47.624 E/DisplayDeviceConfig( 1164): requesting nits when no mapping exists.
06-21 06:15:47.624 E/DisplayDeviceConfig( 1164): requesting nits when no mapping exists.
06-21 06:15:47.639 E/DisplayDeviceConfig( 1164): requesting nits when no mapping exists.
06-21 06:15:47.640 E/DisplayDeviceConfig( 1164): requesting nits when no mapping exists.
06-21 06:15:47.656 E/DisplayDeviceConfig( 1164): requesting nits when no mapping exists.
06-21 06:15:47.656 E/DisplayDeviceConfig( 1164): requesting nits when no mapping exists.
06-21 06:15:47.673 E/DisplayDeviceConfig( 1164): requesting nits when no mapping exists.
06-21 06:15:47.673 E/DisplayDeviceConfig( 1164): requesting nits when no mapping exists.
06-21 06:15:47.690 E/DisplayDeviceConfig( 1164): requesting nits when no mapping exists.
06-21 06:15:47.690 E/DisplayDeviceConfig( 1164): requesting nits when no mapping exists.
06-21 06:15:47.707 E/DisplayDeviceConfig( 1164): requesting nits when no mapping exists.
06-21 06:15:47.707 E/DisplayDeviceConfig( 1164): requesting nits when no mapping exists.
06-21 06:15:47.710 I/[ 598.633102] init( 0): starting service 'hht_ota_mgr_service'...
06-21 06:15:47.724 E/DisplayDeviceConfig( 1164): requesting nits when no mapping exists.
06-21 06:15:47.725 E/DisplayDeviceConfig( 1164): requesting nits when no mapping exists.
06-21 06:15:47.740 E/DisplayDeviceConfig( 1164): requesting nits when no mapping exists.
06-21 06:15:47.741 E/DisplayDeviceConfig( 1164): requesting nits when no mapping exists.
06-21 06:15:47.757 E/DisplayDeviceConfig( 1164): requesting nits when no mapping exists.
06-21 06:15:47.758 E/DisplayDeviceConfig( 1164): requesting nits when no mapping exists.
06-21 06:15:47.774 E/DisplayDeviceConfig( 1164): requesting nits when no mapping exists.
06-21 06:15:47.775 E/DisplayDeviceConfig( 1164): requesting nits when no mapping exists.
06-21 06:15:47.791 E/DisplayDeviceConfig( 1164): requesting nits when no mapping exists.
06-21 06:15:47.791 E/DisplayDeviceConfig( 1164): requesting nits when no mapping exists.
06-21 06:15:47.808 E/DisplayDeviceConfig( 1164): requesting nits when no mapping exists.
06-21 06:15:47.808 E/DisplayDeviceConfig( 1164): requesting nits when no mapping exists.
06-21 06:15:47.823 E/DisplayDeviceConfig( 1164): requesting nits when no mapping exists.
06-21 06:15:47.824 E/DisplayDeviceConfig( 1164): requesting nits when no mapping exists.
06-21 06:15:47.872 I/[ 598.788895] init( 0): Service 'hht_ota_mgr_service' (pid 9187) exited with status 0
06-21 06:15:47.872 I/[ 598.796467] init( 0): Sending signal 9 to service 'hht_ota_mgr_service' (pid 9187) process group...
06-21 06:15:47.872 I/[ 598.805624] libprocessgroup( 0): Successfully killed process cgroup uid 0 pid 9187 in 0ms
06-21 06:15:49.846 V/DreamService[SystemDream]( 6583): mActionDownY = 1064.0
06-21 06:15:49.846 V/DreamService[SystemDream]( 6583): mActionUpY = 618.0
06-21 06:15:49.863 I/DreamManagerService( 1164): Gently waking up from dream.
06-21 06:15:49.864 I/DreamManagerService( 1164): Performing gentle wake from dream.
06-21 06:15:49.868 I/ActivityTaskManager( 1164): FOREGROUND_APPLICATION_CHANGED to com.android.launcher3.uioverrides.QuickstepLauncher
06-21 06:15:49.871 D/FreeFormWindowHelper( 1164): handleFreeformTask : Task{7dd49bb #1 type=home ?? U=0 visible=true mode=fullscreen translucent=false sz=1 visible freeform task=true rootAffinity=null isMini=false}
06-21 06:15:49.871 D/FreeFormWindowHelper( 1164): mFreeFormTask : null
06-21 06:15:49.871 D/FreeFormWindowHelper( 1164): mInRecent : false
06-21 06:15:49.871 D/FreeFormWindowHelper( 1164):
06-21 06:15:49.878 E/[ 600.800243] link_delay_work_func( 0): DTC_ETH: SQI=0, link=0
06-21 06:15:49.913 I/PowerManagerService( 1164): Powering on display group fromDreaming (groupId=0, uid=1000, reason=WAKE_REASON_UNKNOWN, details=android.server.power:DREAM_FINISHED)...
06-21 06:15:49.913 I/PowerManagerService( 1164): Waking up from Dreaming (uid=1000, reason=WAKE_REASON_UNKNOWN, details=android.server.power:DREAM_FINISHED)...
06-21 06:15:49.972 D/FreeFormWindowHelper( 1164): Current Display FreeFormTask is null
06-21 06:15:49.994 W/[ 600.901613] audit( 0): audit_lost=646 audit_rate_limit=5 audit_backlog_limit=64
06-21 06:15:50.021 E/[ 600.930380] audit( 0): rate limit exceeded
06-21 06:15:50.199 I/DreamManagerService( 1164): Leaving dreamland.
06-21 06:15:50.202 I/DreamManagerService( 1164): Performing gentle wake from dream.
06-21 06:15:50.202 I/DreamController( 1164): Stopping dream: name=ComponentInfo{com.thundercomm.screensaver/com.thundercomm.screensaver.service.SystemDream}, isTest=false, canDoze=false, userId=0, reason='finished self'(from 'finished self')
06-21 06:15:50.208 D/FreeFormWindowHelper( 1164): handleFreeformTask : Task{7dd49bb #1 type=home ?? U=0 visible=true mode=fullscreen translucent=false sz=1 visible freeform task=true rootAffinity=null isMini=false}
06-21 06:15:50.208 D/FreeFormWindowHelper( 1164): mFreeFormTask : null
06-21 06:15:50.208 D/FreeFormWindowHelper( 1164): mInRecent : false
06-21 06:15:50.209 D/FreeFormWindowHelper( 1164):
06-21 06:15:50.210 W/ActivityTaskManager( 1164): Can't find TaskDisplayArea to determine support for multi window. Task id=1466 attached=false
06-21 06:15:50.337 W/ActivityManager( 1164): Background start not allowed: service Intent { cmp=com.tencent.android.qqdownloader/com.tencent.assistant.sdk.SDKSupportService (has extras) } to com.tencent.android.qqdownloader/com.tencent.assistant.sdk.SDKSupportService from pid=3329 uid=10115 pkg=com.tencent.android.qqdownloader startFg?=false
06-21 06:15:50.348 W/ActivityManager( 1164): Background start not allowed: service Intent { cmp=com.tencent.android.qqdownloader/com.tencent.assistant.sdk.SDKSupportService (has extras) } to com.tencent.android.qqdownloader/com.tencent.assistant.sdk.SDKSupportService from pid=3329 uid=10115 pkg=com.tencent.android.qqdownloader startFg?=false
06-21 06:15:50.365 W/ActivityManager( 1164): Background start not allowed: service Intent { cmp=com.tencent.android.qqdownloader/com.tencent.assistant.main.MainService } to com.tencent.android.qqdownloader/com.tencent.assistant.main.MainService from pid=3563 uid=10115 pkg=com.tencent.android.qqdownloader startFg?=false
06-21 06:15:50.366 W/ActivityManager( 1164): Background start not allowed: service Intent { cmp=com.tencent.android.qqdownloader/com.tencent.assistant.main.MainService } to com.tencent.android.qqdownloader/com.tencent.assistant.main.MainService from pid=3563 uid=10115 pkg=com.tencent.android.qqdownloader startFg?=false
06-21 06:15:50.367 W/ActivityManager( 1164): Background start not allowed: service Intent { cmp=com.tencent.android.qqdownloader/com.tencent.assistant.main.MainService } to com.tencent.android.qqdownloader/com.tencent.assistant.main.MainService from pid=3563 uid=10115 pkg=com.tencent.android.qqdownloader startFg?=false
06-21 06:15:50.368 W/ActivityManager( 1164): Background start not allowed: service Intent { cmp=com.tencent.android.qqdownloader/com.tencent.assistant.main.MainService } to com.tencent.android.qqdownloader/com.tencent.assistant.main.MainService from pid=3563 uid=10115 pkg=com.tencent.android.qqdownloader startFg?=false
06-21 06:15:50.370 W/ActivityManager( 1164): Background start not allowed: service Intent { cmp=com.tencent.android.qqdownloader/com.tencent.assistant.main.MainService } to com.tencent.android.qqdownloader/com.tencent.assistant.main.MainService from pid=3563 uid=10115 pkg=com.tencent.android.qqdownloader startFg?=false
06-21 06:15:50.371 W/ActivityManager( 1164): Background start not allowed: service Intent { cmp=com.tencent.android.qqdownloader/com.tencent.assistant.main.MainService } to com.tencent.android.qqdownloader/com.tencent.assistant.main.MainService from pid=3563 uid=10115 pkg=com.tencent.android.qqdownloader startFg?=false
06-21 06:15:50.384 W/ActivityManager( 1164): Background start not allowed: service Intent { cmp=com.tencent.android.qqdownloader/com.tencent.assistant.sdk.SDKSupportService (has extras) } to com.tencent.android.qqdownloader/com.tencent.assistant.sdk.SDKSupportService from pid=3329 uid=10115 pkg=com.tencent.android.qqdownloader startFg?=false
06-21 06:15:50.388 W/ActivityManager( 1164): Background start not allowed: service Intent { cmp=com.tencent.android.qqdownloader/com.tencent.assistant.sdk.SDKSupportService (has extras) } to com.tencent.android.qqdownloader/com.tencent.assistant.sdk.SDKSupportService from pid=3329 uid=10115 pkg=com.tencent.android.qqdownloader startFg?=false
06-21 06:15:51.902 W/ActivityManager( 1164): Background start not allowed: service Intent { cmp=com.tencent.android.qqdownloader/com.tencent.assistant.main.MainService } to com.tencent.android.qqdownloader/com.tencent.assistant.main.MainService from pid=3563 uid=10115 pkg=com.tencent.android.qqdownloader startFg?=false
06-21 06:15:51.905 W/ActivityManager( 1164): Background start not allowed: service Intent { cmp=com.tencent.android.qqdownloader/com.tencent.assistant.main.MainService } to com.tencent.android.qqdownloader/com.tencent.assistant.main.MainService from pid=3563 uid=10115 pkg=com.tencent.android.qqdownloader startFg?=false
06-21 06:15:52.723 I/[ 603.649719] init( 0): starting service 'hht_ota_mgr_service'...
06-21 06:15:52.936 I/[ 603.852720] init( 0): Service 'hht_ota_mgr_service' (pid 9222) exited with status 0
06-21 06:15:52.937 I/[ 603.860685] init( 0): Sending signal 9 to service 'hht_ota_mgr_service' (pid 9222) process group...
06-21 06:15:52.946 I/[ 603.870807] libprocessgroup( 0): Successfully killed process cgroup uid 0 pid 9222 in 0ms
06-21 06:15:54.994 E/[ 605.920159] link_delay_work_func( 0): DTC_ETH: SQI=0, link=0
06-21 06:15:55.917 I/[ 606.835121] init( 0): processing action (sys.tlog.tlogdshc.active=1) from (/system/etc/init/tlogd.rc:195)
06-21 06:15:55.917 I/[ 606.845533] init( 0): starting service 'tlogdshc'...
06-21 06:15:56.233 I/[ 607.147550] init( 0): Service 'tlogdshc' (pid 9234) exited with status 0 oneshot service took 0.286000 seconds in background
06-21 06:15:56.233 I/[ 607.159102] init( 0): Sending signal 9 to service 'tlogdshc' (pid 9234) process group...
06-21 06:15:56.246 I/[ 607.167916] libprocessgroup( 0): Successfully killed process cgroup uid 0 pid 9234 in 0ms
06-21 06:15:57.758 I/[ 608.682678] init( 0): starting service 'hht_ota_mgr_service'...
06-21 06:15:57.970 I/[ 608.887796] init( 0): Service 'hht_ota_mgr_service' (pid 9256) exited with status 0
06-21 06:15:57.978 I/[ 608.911120] init( 0): Sending signal 9 to service 'hht_ota_mgr_service' (pid 9256) process group...
06-21 06:15:57.995 I/[ 608.920931] libprocessgroup( 0): Successfully killed process cgroup uid 0 pid 9256 in 0ms
06-21 06:16:00.113 E/[ 611.040153] link_delay_work_func( 0): DTC_ETH: SQI=0, link=0
06-21 06:16:00.454 E/[ 611.373059] [schedu][0x2c336f36f][06( 0): 16:00.439650] wlan: [1861:E:PE] lim_process_addba_req: 1716: Failed to process addba request
06-21 06:16:02.798 I/[ 613.725133] init( 0): starting service 'hht_ota_mgr_service'...
06-21 06:16:02.999 I/[ 613.908615] init( 0): Service 'hht_ota_mgr_service' (pid 9280) exited with status 0
06-21 06:16:03.016 I/[ 613.932677] init( 0): Sending signal 9 to service 'hht_ota_mgr_service' (pid 9280) process group...
06-21 06:16:03.017 I/[ 613.942186] libprocessgroup( 0): Successfully killed process cgroup uid 0 pid 9280 in 0ms
06-21 06:16:05.234 E/[ 616.160273] link_delay_work_func( 0): DTC_ETH: SQI=0, link=0
06-21 06:16:07.824 I/[ 618.751701] init( 0): starting service 'hht_ota_mgr_service'...
06-21 06:16:08.019 I/[ 618.936188] init( 0): Service 'hht_ota_mgr_service' (pid 9302) exited with status 0
06-21 06:16:08.036 I/[ 618.960307] init( 0): Sending signal 9 to service 'hht_ota_mgr_service' (pid 9302) process group...
06-21 06:16:08.046 I/[ 618.970054] libprocessgroup( 0): Successfully killed process cgroup uid 0 pid 9302 in 0ms
06-21 06:16:10.363 E/[ 621.280473] link_delay_work_func( 0): DTC_ETH: SQI=0, link=0
06-21 06:16:12.108 I/GameModeConfig( 1164): isGameModeOn = false
06-21 06:16:12.850 I/[ 623.777704] init( 0): starting service 'hht_ota_mgr_service'...
06-21 06:16:13.070 I/[ 623.978777] init( 0): Service 'hht_ota_mgr_service' (pid 9323) exited with status 0
06-21 06:16:13.070 I/[ 624.003496] init( 0): Sending signal 9 to service 'hht_ota_mgr_service' (pid 9323) process group...
06-21 06:16:13.088 I/[ 624.013030] libprocessgroup( 0): Successfully killed process cgroup uid 0 pid 9323 in 0ms
06-21 06:16:15.474 E/[ 626.400217] link_delay_work_func( 0): DTC_ETH: SQI=0, link=0
06-21 06:16:17.882 I/[ 628.808562] init( 0): starting service 'hht_ota_mgr_service'...
06-21 06:16:18.102 I/[ 629.014272] init( 0): Service 'hht_ota_mgr_service' (pid 9348) exited with status 0
06-21 06:16:18.113 I/[ 629.037930] init( 0): Sending signal 9 to service 'hht_ota_mgr_service' (pid 9348) process group...
06-21 06:16:18.123 I/[ 629.047169] libprocessgroup( 0): Successfully killed process cgroup uid 0 pid 9348 in 0ms
06-21 06:16:20.595 E/[ 631.520251] link_delay_work_func( 0): DTC_ETH: SQI=0, link=0
06-21 06:16:22.908 I/[ 633.834930] init( 0): starting service 'hht_ota_mgr_service'...
06-21 06:16:23.126 I/[ 634.041207] init( 0): Service 'hht_ota_mgr_service' (pid 9370) exited with status 0
06-21 06:16:23.139 I/[ 634.063231] init( 0): Sending signal 9 to service 'hht_ota_mgr_service' (pid 9370) process group...
06-21 06:16:23.148 I/[ 634.073377] libprocessgroup( 0): Successfully killed process cgroup uid 0 pid 9370 in 0ms
06-21 06:16:25.715 E/[ 636.640496] link_delay_work_func( 0): DTC_ETH: SQI=0, link=0
06-21 06:16:25.925 I/[ 636.842732] init( 0): processing action (sys.tlog.tlogdshc.active=1) from (/system/etc/init/tlogd.rc:195)
06-21 06:16:25.925 I/[ 636.853946] init( 0): starting service 'tlogdshc'...
06-21 06:16:26.257 I/[ 637.178859] init( 0): Service 'tlogdshc' (pid 9379) exited with status 0 oneshot service took 0.299000 seconds in background
06-21 06:16:26.257 I/[ 637.190486] init( 0): Sending signal 9 to service 'tlogdshc' (pid 9379) process group...
06-21 06:16:26.274 I/[ 637.199750] libprocessgroup( 0): Successfully killed process cgroup uid 0 pid 9379 in 0ms
06-21 06:16:27.954 I/[ 638.877148] init( 0): starting service 'hht_ota_mgr_service'...
06-21 06:16:28.167 I/[ 639.083170] init( 0): Service 'hht_ota_mgr_service' (pid 9399) exited with status 0
06-21 06:16:28.183 I/[ 639.107395] init( 0): Sending signal 9 to service 'hht_ota_mgr_service' (pid 9399) process group...
06-21 06:16:28.197 I/[ 639.117148] libprocessgroup( 0): Successfully killed process cgroup uid 0 pid 9399 in 0ms
06-21 06:16:30.835 E/[ 641.760162] link_delay_work_func( 0): DTC_ETH: SQI=0, link=0
06-21 06:16:32.990 I/[ 643.917612] init( 0): starting service 'hht_ota_mgr_service'...
06-21 06:16:33.207 I/[ 644.118056] init( 0): Service 'hht_ota_mgr_service' (pid 9421) exited with status 0
06-21 06:16:33.207 I/[ 644.140248] init( 0): Sending signal 9 to service 'hht_ota_mgr_service' (pid 9421) process group...
06-21 06:16:33.227 I/[ 644.149939] libprocessgroup( 0): Successfully killed process cgroup uid 0 pid 9421 in 0ms
06-21 06:16:35.952 E/[ 646.880309] link_delay_work_func( 0): DTC_ETH: SQI=0, link=0
06-21 06:16:38.018 I/[ 648.945895] init( 0): starting service 'hht_ota_mgr_service'...
06-21 06:16:38.250 I/[ 649.163537] init( 0): Service 'hht_ota_mgr_service' (pid 9446) exited with status 0
06-21 06:16:38.262 I/[ 649.186949] init( 0): Sending signal 9 to service 'hht_ota_mgr_service' (pid 9446) process group...
06-21 06:16:38.272 I/[ 649.197303] libprocessgroup( 0): Successfully killed process cgroup uid 0 pid 9446 in 1ms
06-21 06:16:41.078 E/[ 652.000299] link_delay_work_func( 0): DTC_ETH: SQI=0, link=0
06-21 06:16:43.066 I/[ 653.988461] init( 0): starting service 'hht_ota_mgr_service'...
06-21 06:16:43.254 I/[ 654.166941] init( 0): Service 'hht_ota_mgr_service' (pid 9467) exited with status 0
06-21 06:16:43.268 I/[ 654.192278] init( 0): Sending signal 9 to service 'hht_ota_mgr_service' (pid 9467) process group...
06-21 06:16:43.280 I/[ 654.202076] libprocessgroup( 0): Successfully killed process cgroup uid 0 pid 9467 in 0ms
06-21 06:16:46.036 W/ActivityManager( 1164): Background start not allowed: service Intent { cmp=com.tencent.android.qqdownloader/com.tencent.assistant.sdk.SDKSupportService (has extras) } to com.tencent.android.qqdownloader/com.tencent.assistant.sdk.SDKSupportService from pid=3329 uid=10115 pkg=com.tencent.android.qqdownloader startFg?=false
06-21 06:16:46.056 W/ActivityManager( 1164): Background start not allowed: service Intent { cmp=com.tencent.android.qqdownloader/com.tencent.assistant.sdk.SDKSupportService (has extras) } to com.tencent.android.qqdownloader/com.tencent.assistant.sdk.SDKSupportService from pid=3329 uid=10115 pkg=com.tencent.android.qqdownloader startFg?=false
06-21 06:16:46.116 W/ActivityManager( 1164): Background start not allowed: service Intent { cmp=com.tencent.android.qqdownloader/com.tencent.assistant.sdk.SDKSupportService (has extras) } to com.tencent.android.qqdownloader/com.tencent.assistant.sdk.SDKSupportService from pid=3329 uid=10115 pkg=com.tencent.android.qqdownloader startFg?=false
06-21 06:16:46.129 W/ActivityManager( 1164): Background start not allowed: service Intent { cmp=com.tencent.android.qqdownloader/com.tencent.assistant.sdk.SDKSupportService (has extras) } to com.tencent.android.qqdownloader/com.tencent.assistant.sdk.SDKSupportService from pid=3329 uid=10115 pkg=com.tencent.android.qqdownloader startFg?=false
06-21 06:16:46.195 E/[ 657.120159] link_delay_work_func( 0): DTC_ETH: SQI=0, link=0
06-21 06:16:48.088 I/[ 659.011735] init( 0): starting service 'hht_ota_mgr_service'...
06-21 06:16:48.282 I/[ 659.199964] init( 0): Service 'hht_ota_mgr_service' (pid 9493) exited with status 0
06-21 06:16:48.298 I/[ 659.223218] init( 0): Sending signal 9 to service 'hht_ota_mgr_service' (pid 9493) process group...
06-21 06:16:48.307 I/[ 659.232998] libprocessgroup( 0): Successfully killed process cgroup uid 0 pid 9493 in 0ms
06-21 06:16:51.314 E/[ 662.240661] link_delay_work_func( 0): DTC_ETH: SQI=0, link=0
06-21 06:16:53.117 I/[ 664.044382] init( 0): starting service 'hht_ota_mgr_service'...
06-21 06:16:53.334 I/[ 664.247181] init( 0): Service 'hht_ota_mgr_service' (pid 9514) exited with status 0
06-21 06:16:53.346 I/[ 664.270965] init( 0): Sending signal 9 to service 'hht_ota_mgr_service' (pid 9514) process group...
06-21 06:16:53.356 I/[ 664.282025] libprocessgroup( 0): Successfully killed process cgroup uid 0 pid 9514 in 1ms
06-21 06:16:55.925 I/[ 666.848687] init( 0): processing action (sys.tlog.tlogdshc.active=1) from (/system/etc/init/tlogd.rc:195)
06-21 06:16:55.936 I/[ 666.859792] init( 0): starting service 'tlogdshc'...
06-21 06:16:56.311 I/[ 667.224615] init( 0): Service 'tlogdshc' (pid 9524) exited with status 0 oneshot service took 0.338000 seconds in background
06-21 06:16:56.311 I/[ 667.236333] init( 0): Sending signal 9 to service 'tlogdshc' (pid 9524) process group...
06-21 06:16:56.320 I/[ 667.245676] libprocessgroup( 0): Successfully killed process cgroup uid 0 pid 9524 in 0ms
06-21 06:16:56.432 E/[ 667.360217] link_delay_work_func( 0): DTC_ETH: SQI=0, link=0
06-21 06:16:58.157 I/[ 669.082966] init( 0): starting service 'hht_ota_mgr_service'...
06-21 06:16:58.354 I/[ 669.270893] init( 0): Service 'hht_ota_mgr_service' (pid 9546) exited with status 0
06-21 06:16:58.370 I/[ 669.294763] init( 0): Sending signal 9 to service 'hht_ota_mgr_service' (pid 9546) process group...
06-21 06:16:58.381 I/[ 669.304592] libprocessgroup( 0): Successfully killed process cgroup uid 0 pid 9546 in 0ms
06-21 06:16:59.638 D/ActivityManager( 1164): freezing 4366 com.android.dynsystem:dynsystem
06-21 06:16:59.647 I/[ 670.572382] binder( 0): 1164:1828 ioctl 400c620e 6f3e1fb5d8 returned -22
06-21 06:16:59.647 E/ActivityManager( 1164): Unable to freeze binder for 4366 com.android.dynsystem:dynsystem
06-21 06:16:59.651 D/ActivityManager( 1164): froze 4366 com.android.dynsystem:dynsystem
06-21 06:16:59.655 I/[ 670.585281] binder( 0): 1164:1828 ioctl c00c620f 6f3e1fb5b8 returned -22
06-21 06:16:59.658 E/ActivityManager( 1164): Unable to freeze binder for 4366 com.android.dynsystem:dynsystem
06-21 06:16:59.660 I/ActivityManager( 1164): Killing 4366:com.android.dynsystem:dynsystem/1000 (adj 985): Unable to freeze binder interface
06-21 06:17:01.027 I/[ 671.954246] binder( 0): 1164:1828 ioctl 400c620e 6f3e1fb5d8 returned -22
06-21 06:17:01.020 D/ActivityManager( 1164): freezing 4488 com.android.music
06-21 06:17:01.027 E/ActivityManager( 1164): Unable to freeze binder for 4488 com.android.music
06-21 06:17:01.030 D/ActivityManager( 1164): froze 4488 com.android.music
06-21 06:17:01.036 E/ActivityManager( 1164): Unable to freeze binder for 4488 com.android.music
06-21 06:17:01.038 I/[ 671.963645] binder( 0): 1164:1828 ioctl c00c620f 6f3e1fb5b8 returned -22
06-21 06:17:01.038 I/ActivityManager( 1164): Killing 4488:com.android.music/u0a85 (adj 985): Unable to freeze binder interface
06-21 06:17:01.487 E/[ 672.397553] [schedu][0x3090d3716][06( 0): 17:01.464128] wlan: [1861:E:PE] lim_process_addba_req: 1716: Failed to process addba request
06-21 06:17:01.555 E/[ 672.480397] link_delay_work_func( 0): DTC_ETH: SQI=0, link=0
06-21 06:17:01.580 D/ActivityManager( 1164): freezing 4531 com.android.onetimeinitializer
06-21 06:17:01.587 I/[ 672.513593] binder( 0): 1164:1828 ioctl 400c620e 6f3e1fb5d8 returned -22
06-21 06:17:01.586 E/ActivityManager( 1164): Unable to freeze binder for 4531 com.android.onetimeinitializer
06-21 06:17:01.589 D/ActivityManager( 1164): froze 4531 com.android.onetimeinitializer
06-21 06:17:01.596 I/[ 672.522677] binder( 0): 1164:1828 ioctl c00c620f 6f3e1fb5b8 returned -22
06-21 06:17:01.595 E/ActivityManager( 1164): Unable to freeze binder for 4531 com.android.onetimeinitializer
06-21 06:17:01.597 I/ActivityManager( 1164): Killing 4531:com.android.onetimeinitializer/u0a58 (adj 985): Unable to freeze binder interface
06-21 06:17:03.193 I/[ 674.119857] init( 0): starting service 'hht_ota_mgr_service'...
06-21 06:17:03.418 I/[ 674.327519] init( 0): Service 'hht_ota_mgr_service' (pid 9570) exited with status 0
06-21 06:17:03.418 I/[ 674.349448] init( 0): Sending signal 9 to service 'hht_ota_mgr_service' (pid 9570) process group...
06-21 06:17:03.434 I/[ 674.359086] libprocessgroup( 0): Successfully killed process cgroup uid 0 pid 9570 in 0ms
06-21 06:17:06.672 E/[ 677.600353] link_delay_work_func( 0): DTC_ETH: SQI=0, link=0
06-21 06:17:08.230 I/[ 679.154297] init( 0): starting service 'hht_ota_mgr_service'...
06-21 06:17:08.422 I/[ 679.338230] init( 0): Service 'hht_ota_mgr_service' (pid 9594) exited with status 0
06-21 06:17:08.437 I/[ 679.361613] init( 0): Sending signal 9 to service 'hht_ota_mgr_service' (pid 9594) process group...
06-21 06:17:08.445 I/[ 679.370913] libprocessgroup( 0): Successfully killed process cgroup uid 0 pid 9594 in 0ms
06-21 06:17:09.657 D/ActivityManager( 1164): freezing 4970 com.qualcomm.qti.qms.service.connectionsecurity
06-21 06:17:09.665 E/ActivityManager( 1164): Unable to freeze binder for 4970 com.qualcomm.qti.qms.service.connectionsecurity
06-21 06:17:09.665 I/[ 680.591504] binder( 0): 1164:1828 ioctl 400c620e 6f3e1fb5d8 returned -22
06-21 06:17:09.668 D/ActivityManager( 1164): froze 4970 com.qualcomm.qti.qms.service.connectionsecurity
06-21 06:17:09.675 E/ActivityManager( 1164): Unable to freeze binder for 4970 com.qualcomm.qti.qms.service.connectionsecurity
06-21 06:17:09.676 I/[ 680.602069] binder( 0): 1164:1828 ioctl c00c620f 6f3e1fb5b8 returned -22
06-21 06:17:09.677 I/ActivityManager( 1164): Killing 4970:com.qualcomm.qti.qms.service.connectionsecurity/u0a57 (adj 975): Unable to freeze binder interface
06-21 06:17:09.680 D/ActivityManager( 1164): freezing 2940 com.qualcomm.qtil.aptxui
06-21 06:17:09.688 I/[ 680.614110] binder( 0): 1164:1828 ioctl 400c620e 6f3e1fb5d8 returned -22
06-21 06:17:09.687 E/ActivityManager( 1164): Unable to freeze binder for 2940 com.qualcomm.qtil.aptxui
06-21 06:17:09.688 D/ActivityManager( 1164): froze 2940 com.qualcomm.qtil.aptxui
06-21 06:17:09.695 E/ActivityManager( 1164): Unable to freeze binder for 2940 com.qualcomm.qtil.aptxui
06-21 06:17:09.696 I/[ 680.622439] binder( 0): 1164:1828 ioctl c00c620f 6f3e1fb5b8 returned -22
06-21 06:17:09.697 I/ActivityManager( 1164): Killing 2940:com.qualcomm.qtil.aptxui/u0a81 (adj 975): Unable to freeze binder interface
06-21 06:17:11.795 E/[ 682.720250] link_delay_work_func( 0): DTC_ETH: SQI=0, link=0
06-21 06:17:12.128 I/GameModeConfig( 1164): isGameModeOn = false
06-21 06:17:13.258 I/[ 684.185725] init( 0): starting service 'hht_ota_mgr_service'...
06-21 06:17:13.463 I/[ 684.377707] init( 0): Service 'hht_ota_mgr_service' (pid 9613) exited with status 0
06-21 06:17:13.479 I/[ 684.400913] init( 0): Sending signal 9 to service 'hht_ota_mgr_service' (pid 9613) process group...
06-21 06:17:13.479 I/[ 684.410222] libprocessgroup( 0): Successfully killed process cgroup uid 0 pid 9613 in 0ms
06-21 06:17:16.927 E/[ 687.840301] link_delay_work_func( 0): DTC_ETH: SQI=0, link=0
06-21 06:17:18.288 I/[ 689.214654] init( 0): starting service 'hht_ota_mgr_service'...
06-21 06:17:18.502 I/[ 689.419543] init( 0): Service 'hht_ota_mgr_service' (pid 9639) exited with status 0
06-21 06:17:18.515 I/[ 689.439455] init( 0): Sending signal 9 to service 'hht_ota_mgr_service' (pid 9639) process group...
06-21 06:17:18.523 I/[ 689.448811] libprocessgroup( 0): Successfully killed process cgroup uid 0 pid 9639 in 0ms
06-21 06:17:22.033 E/[ 692.960320] link_delay_work_func( 0): DTC_ETH: SQI=0, link=0
06-21 06:17:23.336 I/[ 694.263022] init( 0): starting service 'hht_ota_mgr_service'...
06-21 06:17:23.542 I/[ 694.457170] init( 0): Service 'hht_ota_mgr_service' (pid 9661) exited with status 0
06-21 06:17:23.557 I/[ 694.481583] init( 0): Sending signal 9 to service 'hht_ota_mgr_service' (pid 9661) process group...
06-21 06:17:23.565 I/[ 694.490921] libprocessgroup( 0): Successfully killed process cgroup uid 0 pid 9661 in 0ms
06-21 06:17:25.937 I/[ 696.857576] init( 0): processing action (sys.tlog.tlogdshc.active=1) from (/system/etc/init/tlogd.rc:195)
06-21 06:17:25.937 I/[ 696.868158] init( 0): starting service 'tlogdshc'...
06-21 06:17:26.311 I/[ 697.230997] init( 0): Service 'tlogdshc' (pid 9673) exited with status 0 oneshot service took 0.349000 seconds in background
06-21 06:17:26.311 I/[ 697.242262] init( 0): Sending signal 9 to service 'tlogdshc' (pid 9673) process group...
06-21 06:17:26.325 I/[ 697.250563] libprocessgroup( 0): Successfully killed process cgroup uid 0 pid 9673 in 0ms
06-21 06:17:27.155 E/[ 698.080420] link_delay_work_func( 0): DTC_ETH: SQI=0, link=0
06-21 06:17:28.204 D/ActivityManager( 1164): freezing 5726 com.wandoujia.phoenix2:channel
06-21 06:17:28.211 I/[ 699.138302] binder( 0): 1164:1828 ioctl 400c620e 6f3e1fb5d8 returned -22
