06-21 06:20:39.850 I/[ 890.760952] init( 0): Service 'hht_ota_mgr_service' (pid 10735) exited with status 0
06-21 06:20:39.868 I/[ 890.784512] init( 0): Sending signal 9 to service 'hht_ota_mgr_service' (pid 10735) process group...
06-21 06:20:39.878 I/[ 890.810549] libprocessgroup( 0): Successfully killed process cgroup uid 0 pid 10735 in 0ms
06-21 06:20:41.712 E/[ 892.640336] link_delay_work_func( 0): DTC_ETH: SQI=0, link=0
06-21 06:20:43.569 V/DisplayPowerController[0]( 1164): Brightness [0.05] reason changing to: 'manual [ dim ]', previous reason: 'manual'.
06-21 06:20:43.569 W/PowerManagerService( 1164): Screen on took 293657 ms
06-21 06:20:43.580 E/DisplayDeviceConfig( 1164): requesting nits when no mapping exists.
06-21 06:20:43.580 E/DisplayDeviceConfig( 1164): requesting nits when no mapping exists.
06-21 06:20:43.583 I/DropBoxManagerService( 1164): add tag=system_server_wtf isTagEnabled=true flags=0x2
06-21 06:20:43.590 I/DropBoxManagerService( 1164): add tag=system_server_wtf isTagEnabled=true flags=0x2
06-21 06:20:43.596 E/DisplayDeviceConfig( 1164): requesting nits when no mapping exists.
06-21 06:20:43.596 E/DisplayDeviceConfig( 1164): requesting nits when no mapping exists.
06-21 06:20:43.598 I/DropBoxManagerService( 1164): add tag=system_server_wtf isTagEnabled=true flags=0x2
06-21 06:20:43.601 I/DropBoxManagerService( 1164): add tag=system_server_wtf isTagEnabled=true flags=0x2
06-21 06:20:43.613 E/DisplayDeviceConfig( 1164): requesting nits when no mapping exists.
06-21 06:20:43.614 E/DisplayDeviceConfig( 1164): requesting nits when no mapping exists.
06-21 06:20:43.618 I/DropBoxManagerService( 1164): add tag=system_server_wtf isTagEnabled=true flags=0x2
06-21 06:20:43.630 E/DisplayDeviceConfig( 1164): requesting nits when no mapping exists.
06-21 06:20:43.631 E/DisplayDeviceConfig( 1164): requesting nits when no mapping exists.
06-21 06:20:43.647 E/DisplayDeviceConfig( 1164): requesting nits when no mapping exists.
06-21 06:20:43.648 E/DisplayDeviceConfig( 1164): requesting nits when no mapping exists.
06-21 06:20:43.663 E/DisplayDeviceConfig( 1164): requesting nits when no mapping exists.
06-21 06:20:43.664 E/DisplayDeviceConfig( 1164): requesting nits when no mapping exists.
06-21 06:20:43.679 E/DisplayDeviceConfig( 1164): requesting nits when no mapping exists.
06-21 06:20:43.680 E/DisplayDeviceConfig( 1164): requesting nits when no mapping exists.
06-21 06:20:43.696 E/DisplayDeviceConfig( 1164): requesting nits when no mapping exists.
06-21 06:20:43.696 E/DisplayDeviceConfig( 1164): requesting nits when no mapping exists.
06-21 06:20:43.713 E/DisplayDeviceConfig( 1164): requesting nits when no mapping exists.
06-21 06:20:43.713 E/DisplayDeviceConfig( 1164): requesting nits when no mapping exists.
06-21 06:20:43.729 E/DisplayDeviceConfig( 1164): requesting nits when no mapping exists.
06-21 06:20:43.730 E/DisplayDeviceConfig( 1164): requesting nits when no mapping exists.
06-21 06:20:43.746 E/DisplayDeviceConfig( 1164): requesting nits when no mapping exists.
06-21 06:20:43.747 E/DisplayDeviceConfig( 1164): requesting nits when no mapping exists.
06-21 06:20:43.763 E/DisplayDeviceConfig( 1164): requesting nits when no mapping exists.
06-21 06:20:43.763 E/DisplayDeviceConfig( 1164): requesting nits when no mapping exists.
06-21 06:20:43.779 E/DisplayDeviceConfig( 1164): requesting nits when no mapping exists.
06-21 06:20:43.780 E/DisplayDeviceConfig( 1164): requesting nits when no mapping exists.
06-21 06:20:43.796 E/DisplayDeviceConfig( 1164): requesting nits when no mapping exists.
06-21 06:20:43.796 E/DisplayDeviceConfig( 1164): requesting nits when no mapping exists.
06-21 06:20:43.813 E/DisplayDeviceConfig( 1164): requesting nits when no mapping exists.
06-21 06:20:43.813 E/DisplayDeviceConfig( 1164): requesting nits when no mapping exists.
06-21 06:20:43.831 E/DisplayDeviceConfig( 1164): requesting nits when no mapping exists.
06-21 06:20:43.832 E/DisplayDeviceConfig( 1164): requesting nits when no mapping exists.
06-21 06:20:43.846 E/DisplayDeviceConfig( 1164): requesting nits when no mapping exists.
06-21 06:20:43.846 E/DisplayDeviceConfig( 1164): requesting nits when no mapping exists.
06-21 06:20:43.864 E/DisplayDeviceConfig( 1164): requesting nits when no mapping exists.
06-21 06:20:43.865 E/DisplayDeviceConfig( 1164): requesting nits when no mapping exists.
06-21 06:20:43.880 E/DisplayDeviceConfig( 1164): requesting nits when no mapping exists.
06-21 06:20:43.881 E/DisplayDeviceConfig( 1164): requesting nits when no mapping exists.
06-21 06:20:43.896 E/DisplayDeviceConfig( 1164): requesting nits when no mapping exists.
06-21 06:20:43.897 E/DisplayDeviceConfig( 1164): requesting nits when no mapping exists.
06-21 06:20:43.913 E/DisplayDeviceConfig( 1164): requesting nits when no mapping exists.
06-21 06:20:43.913 E/DisplayDeviceConfig( 1164): requesting nits when no mapping exists.
06-21 06:20:43.929 E/DisplayDeviceConfig( 1164): requesting nits when no mapping exists.
06-21 06:20:43.930 E/DisplayDeviceConfig( 1164): requesting nits when no mapping exists.
06-21 06:20:43.946 E/DisplayDeviceConfig( 1164): requesting nits when no mapping exists.
06-21 06:20:43.947 E/DisplayDeviceConfig( 1164): requesting nits when no mapping exists.
06-21 06:20:43.963 E/DisplayDeviceConfig( 1164): requesting nits when no mapping exists.
06-21 06:20:43.963 E/DisplayDeviceConfig( 1164): requesting nits when no mapping exists.
06-21 06:20:43.980 E/DisplayDeviceConfig( 1164): requesting nits when no mapping exists.
06-21 06:20:43.980 E/DisplayDeviceConfig( 1164): requesting nits when no mapping exists.
06-21 06:20:43.996 E/DisplayDeviceConfig( 1164): requesting nits when no mapping exists.
06-21 06:20:43.997 E/DisplayDeviceConfig( 1164): requesting nits when no mapping exists.
06-21 06:20:44.013 E/DisplayDeviceConfig( 1164): requesting nits when no mapping exists.
06-21 06:20:44.013 E/DisplayDeviceConfig( 1164): requesting nits when no mapping exists.
06-21 06:20:44.029 E/DisplayDeviceConfig( 1164): requesting nits when no mapping exists.
06-21 06:20:44.030 E/DisplayDeviceConfig( 1164): requesting nits when no mapping exists.
06-21 06:20:44.046 E/DisplayDeviceConfig( 1164): requesting nits when no mapping exists.
06-21 06:20:44.046 E/DisplayDeviceConfig( 1164): requesting nits when no mapping exists.
06-21 06:20:44.664 I/[ 895.591526] init( 0): starting service 'hht_ota_mgr_service'...
06-21 06:20:44.882 I/[ 895.797590] init( 0): Service 'hht_ota_mgr_service' (pid 10757) exited with status 0
06-21 06:20:44.896 I/[ 895.820851] init( 0): Sending signal 9 to service 'hht_ota_mgr_service' (pid 10757) process group...
06-21 06:20:44.905 I/[ 895.830177] libprocessgroup( 0): Successfully killed process cgroup uid 0 pid 10757 in 0ms
06-21 06:20:46.848 E/[ 897.775556] link_delay_work_func( 0): DTC_ETH: SQI=0, link=0
06-21 06:20:49.696 I/[ 900.622985] init( 0): starting service 'hht_ota_mgr_service'...
06-21 06:20:49.910 I/[ 900.824382] init( 0): Service 'hht_ota_mgr_service' (pid 10779) exited with status 0
06-21 06:20:49.925 I/[ 900.849500] init( 0): Sending signal 9 to service 'hht_ota_mgr_service' (pid 10779) process group...
06-21 06:20:49.939 I/[ 900.859381] libprocessgroup( 0): Successfully killed process cgroup uid 0 pid 10779 in 0ms
06-21 06:20:50.561 I/PowerManagerService( 1164): Napping display group (groupId=0, uid=1000)...
06-21 06:20:50.561 I/PowerManagerService( 1164): Nap time (uid 1000)...
06-21 06:20:50.566 I/DreamManagerService( 1164): Entering dreamland.
06-21 06:20:50.571 I/PowerManagerService( 1164): Dreaming...
06-21 06:20:50.573 I/DreamController( 1164): Starting dream: name=ComponentInfo{com.thundercomm.screensaver/com.thundercomm.screensaver.service.SystemDream}, isTest=false, canDoze=false, userId=0
06-21 06:20:50.587 D/AutofillManagerService( 1164): Close system dialogs
06-21 06:20:50.616 I/ActivityTaskManager( 1164): START u0 {flg=0x10000000 pkg=com.thundercomm.screensaver cmp=com.thundercomm.screensaver/android.service.dreams.DreamActivity (has extras)} from uid 1000
06-21 06:20:50.618 D/FreeFormWindowHelper( 1164): recentTask : null
06-21 06:20:50.619 W/ActivityTaskManager( 1164): Can't find TaskDisplayArea to determine support for multi window. Task id=1467 attached=false
06-21 06:20:50.636 I/ActivityTaskManager( 1164): FOREGROUND_APPLICATION_CHANGED to android.service.dreams.DreamActivity
06-21 06:20:50.638 I/ActivityTaskManager( 1164): The Process com.thundercomm.screensaver Already Exists in BG. So sending its PID: 6583
06-21 06:20:50.638 W/ActivityTaskManager( 1164): Tried to set launchTime (0) < mLastActivityLaunchTime (598227)
06-21 06:20:50.639 D/FreeFormWindowHelper( 1164): handleFreeformTask : Task{d059dc8 #1467 type=dream A=1000:android:com.thundercomm.screensaver/dream U=0 visible=true mode=fullscreen translucent=false sz=1 visible freeform task=true rootAffinity=1000:android:com.thundercomm.screensaver/dream isMini=false}
06-21 06:20:50.639 D/FreeFormWindowHelper( 1164): mFreeFormTask : null
06-21 06:20:50.640 D/FreeFormWindowHelper( 1164): mInRecent : false
06-21 06:20:50.640 D/FreeFormWindowHelper( 1164):
06-21 06:20:50.643 D/PhoneStartingWindowTypeAlgorithm( 1968): preferredStartingWindowType newTask:true taskSwitch:true processRunning:true allowTaskSnapshot:true activityCreated:false useEmptySplashScreen:true legacySplashScreen:false topIsHome:false
06-21 06:20:50.643 D/StartingSurfaceDrawer( 1968): addSplashScreen com.thundercomm.screensaver theme=103040d task=1467 suggestType=3
06-21 06:20:50.645 D/StartingSurfaceDrawer( 1968): window attributes color: 0 icon null duration 0 brandImage null
06-21 06:20:50.645 D/StartingSurfaceDrawer( 1968): fillViewWithIcon surfaceWindowView android.window.SplashScreenView{e14cdc5 V.E...... ......ID 0,0-0,0}
06-21 06:20:50.720 V/DisplayPowerController[0]( 1164): Brightness [0.5151515] reason changing to: 'manual', previous reason: 'manual [ dim ]'.
06-21 06:20:50.729 E/DisplayDeviceConfig( 1164): requesting nits when no mapping exists.
06-21 06:20:50.730 E/DisplayDeviceConfig( 1164): requesting nits when no mapping exists.
06-21 06:20:50.745 D/ActivityTaskManager( 1164): Skipping, freeform mode : Task{eec8d7b #1451 type=undefined A=10113:com.tencent.mm U=0 visible=false mode=freeform translucent=true sz=0 visible freeform task=true rootAffinity=10113:com.tencent.mm isMini=false}
06-21 06:20:50.749 E/DisplayDeviceConfig( 1164): requesting nits when no mapping exists.
06-21 06:20:50.749 E/DisplayDeviceConfig( 1164): requesting nits when no mapping exists.
06-21 06:20:50.751 D/FreeFormWindowHelper( 1164): Current Display FreeFormTask is null
06-21 06:20:50.753 D/StartingSurfaceDrawer( 1968): Task start finish, remove starting surface for task 1467
06-21 06:20:50.753 V/StartingSurfaceDrawer( 1968): Removing splash screen window for task: 1467
06-21 06:20:50.766 E/DisplayDeviceConfig( 1164): requesting nits when no mapping exists.
06-21 06:20:50.767 E/DisplayDeviceConfig( 1164): requesting nits when no mapping exists.
06-21 06:20:50.780 E/DisplayDeviceConfig( 1164): requesting nits when no mapping exists.
06-21 06:20:50.781 E/DisplayDeviceConfig( 1164): requesting nits when no mapping exists.
06-21 06:20:50.798 E/DisplayDeviceConfig( 1164): requesting nits when no mapping exists.
06-21 06:20:50.799 E/DisplayDeviceConfig( 1164): requesting nits when no mapping exists.
06-21 06:20:50.814 E/DisplayDeviceConfig( 1164): requesting nits when no mapping exists.
06-21 06:20:50.815 E/DisplayDeviceConfig( 1164): requesting nits when no mapping exists.
06-21 06:20:50.844 E/DisplayDeviceConfig( 1164): requesting nits when no mapping exists.
06-21 06:20:50.844 E/DisplayDeviceConfig( 1164): requesting nits when no mapping exists.
06-21 06:20:50.848 W/[ 901.766780] audit( 0): audit_lost=651 audit_rate_limit=5 audit_backlog_limit=64
06-21 06:20:50.848 E/[ 901.781753] audit( 0): rate limit exceeded
06-21 06:20:50.883 E/DisplayDeviceConfig( 1164): requesting nits when no mapping exists.
06-21 06:20:50.884 E/DisplayDeviceConfig( 1164): requesting nits when no mapping exists.
06-21 06:20:50.896 E/DisplayDeviceConfig( 1164): requesting nits when no mapping exists.
06-21 06:20:50.896 E/DisplayDeviceConfig( 1164): requesting nits when no mapping exists.
06-21 06:20:50.928 E/DisplayDeviceConfig( 1164): requesting nits when no mapping exists.
06-21 06:20:50.928 E/DisplayDeviceConfig( 1164): requesting nits when no mapping exists.
06-21 06:20:50.949 E/DisplayDeviceConfig( 1164): requesting nits when no mapping exists.
06-21 06:20:50.949 E/DisplayDeviceConfig( 1164): requesting nits when no mapping exists.
06-21 06:20:50.972 E/DisplayDeviceConfig( 1164): requesting nits when no mapping exists.
06-21 06:20:50.973 E/DisplayDeviceConfig( 1164): requesting nits when no mapping exists.
06-21 06:20:50.980 E/DisplayDeviceConfig( 1164): requesting nits when no mapping exists.
06-21 06:20:50.980 E/DisplayDeviceConfig( 1164): requesting nits when no mapping exists.
06-21 06:20:50.996 E/DisplayDeviceConfig( 1164): requesting nits when no mapping exists.
06-21 06:20:50.996 E/DisplayDeviceConfig( 1164): requesting nits when no mapping exists.
06-21 06:20:51.013 E/DisplayDeviceConfig( 1164): requesting nits when no mapping exists.
06-21 06:20:51.013 E/DisplayDeviceConfig( 1164): requesting nits when no mapping exists.
06-21 06:20:51.029 E/DisplayDeviceConfig( 1164): requesting nits when no mapping exists.
06-21 06:20:51.030 E/DisplayDeviceConfig( 1164): requesting nits when no mapping exists.
06-21 06:20:51.046 E/DisplayDeviceConfig( 1164): requesting nits when no mapping exists.
06-21 06:20:51.047 E/DisplayDeviceConfig( 1164): requesting nits when no mapping exists.
06-21 06:20:51.063 E/DisplayDeviceConfig( 1164): requesting nits when no mapping exists.
06-21 06:20:51.064 E/DisplayDeviceConfig( 1164): requesting nits when no mapping exists.
06-21 06:20:51.079 E/DisplayDeviceConfig( 1164): requesting nits when no mapping exists.
06-21 06:20:51.080 E/DisplayDeviceConfig( 1164): requesting nits when no mapping exists.
06-21 06:20:51.096 E/DisplayDeviceConfig( 1164): requesting nits when no mapping exists.
06-21 06:20:51.097 E/DisplayDeviceConfig( 1164): requesting nits when no mapping exists.
06-21 06:20:51.113 E/DisplayDeviceConfig( 1164): requesting nits when no mapping exists.
06-21 06:20:51.115 E/DisplayDeviceConfig( 1164): requesting nits when no mapping exists.
06-21 06:20:51.130 E/DisplayDeviceConfig( 1164): requesting nits when no mapping exists.
06-21 06:20:51.130 E/DisplayDeviceConfig( 1164): requesting nits when no mapping exists.
06-21 06:20:51.146 E/DisplayDeviceConfig( 1164): requesting nits when no mapping exists.
06-21 06:20:51.146 E/DisplayDeviceConfig( 1164): requesting nits when no mapping exists.
06-21 06:20:51.163 E/DisplayDeviceConfig( 1164): requesting nits when no mapping exists.
06-21 06:20:51.163 E/DisplayDeviceConfig( 1164): requesting nits when no mapping exists.
06-21 06:20:51.179 E/DisplayDeviceConfig( 1164): requesting nits when no mapping exists.
06-21 06:20:51.180 E/DisplayDeviceConfig( 1164): requesting nits when no mapping exists.
06-21 06:20:51.197 E/DisplayDeviceConfig( 1164): requesting nits when no mapping exists.
06-21 06:20:51.197 E/DisplayDeviceConfig( 1164): requesting nits when no mapping exists.
06-21 06:20:51.954 E/[ 902.880175] link_delay_work_func( 0): DTC_ETH: SQI=0, link=0
06-21 06:20:54.738 I/[ 905.664891] init( 0): starting service 'hht_ota_mgr_service'...
06-21 06:20:54.950 I/[ 905.865372] init( 0): Service 'hht_ota_mgr_service' (pid 10813) exited with status 0
06-21 06:20:54.964 I/[ 905.888628] init( 0): Sending signal 9 to service 'hht_ota_mgr_service' (pid 10813) process group...
06-21 06:20:54.973 I/[ 905.897952] libprocessgroup( 0): Successfully killed process cgroup uid 0 pid 10813 in 0ms
06-21 06:20:55.998 I/[ 906.921320] init( 0): processing action (sys.tlog.tlogdshc.active=1) from (/system/etc/init/tlogd.rc:195)
06-21 06:20:56.004 I/[ 906.932768] init( 0): starting service 'tlogdshc'...
06-21 06:20:56.414 I/[ 907.325826] init( 0): Service 'tlogdshc' (pid 10818) exited with status 0 oneshot service took 0.363000 seconds in background
06-21 06:20:56.415 I/[ 907.338293] init( 0): Sending signal 9 to service 'tlogdshc' (pid 10818) process group...
06-21 06:20:56.415 I/[ 907.347604] libprocessgroup( 0): Successfully killed process cgroup uid 0 pid 10818 in 0ms
06-21 06:20:57.075 E/[ 908.001334] link_delay_work_func( 0): DTC_ETH: SQI=0, link=0
06-21 06:20:57.092 W/ActivityManager( 1164): Background start not allowed: service Intent { cmp=com.tencent.android.qqdownloader/com.tencent.assistant.sdk.SDKSupportService (has extras) } to com.tencent.android.qqdownloader/com.tencent.assistant.sdk.SDKSupportService from pid=3329 uid=10115 pkg=com.tencent.android.qqdownloader startFg?=false
06-21 06:20:57.112 W/ActivityManager( 1164): Background start not allowed: service Intent { cmp=com.tencent.android.qqdownloader/com.tencent.assistant.sdk.SDKSupportService (has extras) } to com.tencent.android.qqdownloader/com.tencent.assistant.sdk.SDKSupportService from pid=3329 uid=10115 pkg=com.tencent.android.qqdownloader startFg?=false
06-21 06:20:57.160 W/ActivityManager( 1164): Background start not allowed: service Intent { cmp=com.tencent.android.qqdownloader/com.tencent.assistant.sdk.SDKSupportService (has extras) } to com.tencent.android.qqdownloader/com.tencent.assistant.sdk.SDKSupportService from pid=3329 uid=10115 pkg=com.tencent.android.qqdownloader startFg?=false
06-21 06:20:57.173 W/ActivityManager( 1164): Background start not allowed: service Intent { cmp=com.tencent.android.qqdownloader/com.tencent.assistant.sdk.SDKSupportService (has extras) } to com.tencent.android.qqdownloader/com.tencent.assistant.sdk.SDKSupportService from pid=3329 uid=10115 pkg=com.tencent.android.qqdownloader startFg?=false
06-21 06:20:59.783 I/[ 910.709866] init( 0): starting service 'hht_ota_mgr_service'...
06-21 06:21:00.021 I/[ 910.930471] init( 0): Service 'hht_ota_mgr_service' (pid 10846) exited with status 0
06-21 06:21:00.031 I/[ 910.954897] init( 0): Sending signal 9 to service 'hht_ota_mgr_service' (pid 10846) process group...
06-21 06:21:00.031 I/[ 910.964749] libprocessgroup( 0): Successfully killed process cgroup uid 0 pid 10846 in 0ms
06-21 06:21:02.192 E/[ 913.120383] link_delay_work_func( 0): DTC_ETH: SQI=0, link=0
06-21 06:21:04.832 I/[ 915.759939] init( 0): starting service 'hht_ota_mgr_service'...
06-21 06:21:05.046 I/[ 915.961104] init( 0): Service 'hht_ota_mgr_service' (pid 10869) exited with status 0
06-21 06:21:05.060 I/[ 915.984601] init( 0): Sending signal 9 to service 'hht_ota_mgr_service' (pid 10869) process group...
06-21 06:21:05.070 I/[ 915.994855] libprocessgroup( 0): Successfully killed process cgroup uid 0 pid 10869 in 0ms
06-21 06:21:05.609 E/[ 916.525994] [schedu][0x4206f398c][06( 0): 21:05.592585] wlan: [1861:E:PE] lim_process_addba_req: 1716: Failed to process addba request
06-21 06:21:07.313 E/[ 918.240356] link_delay_work_func( 0): DTC_ETH: SQI=0, link=0
06-21 06:21:09.878 I/[ 920.803377] init( 0): starting service 'hht_ota_mgr_service'...
06-21 06:21:10.086 I/[ 921.000642] init( 0): Service 'hht_ota_mgr_service' (pid 10892) exited with status 0
06-21 06:21:10.090 I/[ 921.024116] init( 0): Sending signal 9 to service 'hht_ota_mgr_service' (pid 10892) process group...
06-21 06:21:10.108 I/[ 921.033544] libprocessgroup( 0): Successfully killed process cgroup uid 0 pid 10892 in 0ms
06-21 06:21:12.432 E/[ 923.360179] link_delay_work_func( 0): DTC_ETH: SQI=0, link=0
06-21 06:21:14.922 I/[ 925.843608] init( 0): starting service 'hht_ota_mgr_service'...
06-21 06:21:15.117 I/[ 926.034812] init( 0): Service 'hht_ota_mgr_service' (pid 10912) exited with status 0
06-21 06:21:15.133 I/[ 926.057544] init( 0): Sending signal 9 to service 'hht_ota_mgr_service' (pid 10912) process group...
06-21 06:21:15.141 I/[ 926.066987] libprocessgroup( 0): Successfully killed process cgroup uid 0 pid 10912 in 0ms
06-21 06:21:17.554 E/[ 928.480156] link_delay_work_func( 0): DTC_ETH: SQI=0, link=0
06-21 06:21:18.119 I/GameModeConfig( 1164): isGameModeOn = false
06-21 06:21:19.945 I/[ 930.873054] init( 0): starting service 'hht_ota_mgr_service'...
06-21 06:21:20.158 I/[ 931.075123] init( 0): Service 'hht_ota_mgr_service' (pid 10939) exited with status 0
06-21 06:21:20.175 I/[ 931.099889] init( 0): Sending signal 9 to service 'hht_ota_mgr_service' (pid 10939) process group...
06-21 06:21:20.184 I/[ 931.109721] libprocessgroup( 0): Successfully killed process cgroup uid 0 pid 10939 in 0ms
06-21 06:21:22.675 E/[ 933.600348] link_delay_work_func( 0): DTC_ETH: SQI=0, link=0
06-21 06:21:24.976 I/[ 935.902603] init( 0): starting service 'hht_ota_mgr_service'...
06-21 06:21:25.198 I/[ 936.106501] init( 0): Service 'hht_ota_mgr_service' (pid 10958) exited with status 0
06-21 06:21:25.198 I/[ 936.130484] init( 0): Sending signal 9 to service 'hht_ota_mgr_service' (pid 10958) process group...
06-21 06:21:25.220 I/[ 936.140505] libprocessgroup( 0): Successfully killed process cgroup uid 0 pid 10958 in 0ms
06-21 06:21:26.007 I/[ 936.930320] init( 0): processing action (sys.tlog.tlogdshc.active=1) from (/system/etc/init/tlogd.rc:195)
06-21 06:21:26.015 I/[ 936.940809] init( 0): starting service 'tlogdshc'...
06-21 06:21:26.355 I/[ 937.277662] init( 0): Service 'tlogdshc' (pid 10963) exited with status 0 oneshot service took 0.319000 seconds in background
06-21 06:21:26.356 I/[ 937.289100] init( 0): Sending signal 9 to service 'tlogdshc' (pid 10963) process group...
06-21 06:21:26.372 I/[ 937.297482] libprocessgroup( 0): Successfully killed process cgroup uid 0 pid 10963 in 0ms
06-21 06:21:27.794 E/[ 938.720509] link_delay_work_func( 0): DTC_ETH: SQI=0, link=0
06-21 06:21:30.025 I/[ 940.951056] init( 0): starting service 'hht_ota_mgr_service'...
06-21 06:21:30.261 I/[ 941.180673] init( 0): Service 'hht_ota_mgr_service' (pid 10991) exited with status 0
06-21 06:21:30.286 I/[ 941.201002] init( 0): Sending signal 9 to service 'hht_ota_mgr_service' (pid 10991) process group...
06-21 06:21:30.286 I/[ 941.210927] libprocessgroup( 0): Successfully killed process cgroup uid 0 pid 10991 in 0ms
06-21 06:21:32.914 E/[ 943.840312] link_delay_work_func( 0): DTC_ETH: SQI=0, link=0
06-21 06:21:35.074 I/[ 945.998782] init( 0): starting service 'hht_ota_mgr_service'...
06-21 06:21:35.278 I/[ 946.193112] init( 0): Service 'hht_ota_mgr_service' (pid 11015) exited with status 0
06-21 06:21:35.292 I/[ 946.216392] init( 0): Sending signal 9 to service 'hht_ota_mgr_service' (pid 11015) process group...
06-21 06:21:35.301 I/[ 946.226202] libprocessgroup( 0): Successfully killed process cgroup uid 0 pid 11015 in 0ms
06-21 06:21:38.032 E/[ 948.960396] link_delay_work_func( 0): DTC_ETH: SQI=0, link=0
06-21 06:21:40.107 I/[ 951.033017] init( 0): starting service 'hht_ota_mgr_service'...
06-21 06:21:40.326 I/[ 951.242384] init( 0): Service 'hht_ota_mgr_service' (pid 11037) exited with status 0
06-21 06:21:40.346 I/[ 951.267026] init( 0): Sending signal 9 to service 'hht_ota_mgr_service' (pid 11037) process group...
06-21 06:21:40.347 I/[ 951.277044] libprocessgroup( 0): Successfully killed process cgroup uid 0 pid 11037 in 0ms
06-21 06:21:43.155 E/[ 954.080237] link_delay_work_func( 0): DTC_ETH: SQI=0, link=0
06-21 06:21:44.436 D/[ 955.361423] cnss( 0): Host time = 961961890 us, device time = 911291160 us, offset = 50670730 us
06-21 06:21:44.437 D/[ 955.370249] cnss( 0): Updated time sync regs [0x984] = 0x3052c8a, [0x988] = 0x0
06-21 06:21:45.153 I/[ 956.080732] init( 0): starting service 'hht_ota_mgr_service'...
06-21 06:21:45.366 I/[ 956.281490] init( 0): Service 'hht_ota_mgr_service' (pid 11057) exited with status 0
06-21 06:21:45.381 I/[ 956.305318] init( 0): Sending signal 9 to service 'hht_ota_mgr_service' (pid 11057) process group...
06-21 06:21:45.390 I/[ 956.315882] libprocessgroup( 0): Successfully killed process cgroup uid 0 pid 11057 in 0ms
06-21 06:21:48.279 E/[ 959.200286] link_delay_work_func( 0): DTC_ETH: SQI=0, link=0
06-21 06:21:50.186 I/[ 961.113695] init( 0): starting service 'hht_ota_mgr_service'...
06-21 06:21:50.402 I/[ 961.319984] init( 0): Service 'hht_ota_mgr_service' (pid 11083) exited with status 0
06-21 06:21:50.419 I/[ 961.343538] init( 0): Sending signal 9 to service 'hht_ota_mgr_service' (pid 11083) process group...
06-21 06:21:50.428 I/[ 961.352944] libprocessgroup( 0): Successfully killed process cgroup uid 0 pid 11083 in 0ms
06-21 06:21:51.595 W/ActivityManager( 1164): Background start not allowed: service Intent { cmp=com.tencent.android.qqdownloader/com.tencent.assistant.sdk.SDKSupportService (has extras) } to com.tencent.android.qqdownloader/com.tencent.assistant.sdk.SDKSupportService from pid=3329 uid=10115 pkg=com.tencent.android.qqdownloader startFg?=false
06-21 06:21:51.615 W/ActivityManager( 1164): Background start not allowed: service Intent { cmp=com.tencent.android.qqdownloader/com.tencent.assistant.sdk.SDKSupportService (has extras) } to com.tencent.android.qqdownloader/com.tencent.assistant.sdk.SDKSupportService from pid=3329 uid=10115 pkg=com.tencent.android.qqdownloader startFg?=false
06-21 06:21:51.675 W/ActivityManager( 1164): Background start not allowed: service Intent { cmp=com.tencent.android.qqdownloader/com.tencent.assistant.sdk.SDKSupportService (has extras) } to com.tencent.android.qqdownloader/com.tencent.assistant.sdk.SDKSupportService from pid=3329 uid=10115 pkg=com.tencent.android.qqdownloader startFg?=false
06-21 06:21:51.686 W/ActivityManager( 1164): Background start not allowed: service Intent { cmp=com.tencent.android.qqdownloader/com.tencent.assistant.sdk.SDKSupportService (has extras) } to com.tencent.android.qqdownloader/com.tencent.assistant.sdk.SDKSupportService from pid=3329 uid=10115 pkg=com.tencent.android.qqdownloader startFg?=false
06-21 06:21:53.394 E/[ 964.321262] link_delay_work_func( 0): DTC_ETH: SQI=0, link=0
06-21 06:21:55.229 I/[ 966.157097] init( 0): starting service 'hht_ota_mgr_service'...
06-21 06:21:55.442 I/[ 966.359048] init( 0): Service 'hht_ota_mgr_service' (pid 11103) exited with status 0
06-21 06:21:55.450 I/[ 966.383109] init( 0): Sending signal 9 to service 'hht_ota_mgr_service' (pid 11103) process group...
06-21 06:21:55.467 I/[ 966.392399] libprocessgroup( 0): Successfully killed process cgroup uid 0 pid 11103 in 0ms
06-21 06:21:56.020 I/[ 966.943820] init( 0): processing action (sys.tlog.tlogdshc.active=1) from (/system/etc/init/tlogd.rc:195)
06-21 06:21:56.026 I/[ 966.954934] init( 0): starting service 'tlogdshc'...
06-21 06:21:56.409 I/[ 967.331014] init( 0): Service 'tlogdshc' (pid 11106) exited with status 0 oneshot service took 0.353000 seconds in background
06-21 06:21:56.409 I/[ 967.342342] init( 0): Sending signal 9 to service 'tlogdshc' (pid 11106) process group...
06-21 06:21:56.419 I/[ 967.350700] libprocessgroup( 0): Successfully killed process cgroup uid 0 pid 11106 in 0ms
06-21 06:21:58.518 E/[ 969.440195] link_delay_work_func( 0): DTC_ETH: SQI=0, link=0
06-21 06:22:00.254 I/[ 971.181033] init( 0): starting service 'hht_ota_mgr_service'...
06-21 06:22:00.471 I/[ 971.382132] init( 0): Service 'hht_ota_mgr_service' (pid 11134) exited with status 0
06-21 06:22:00.481 I/[ 971.406109] init( 0): Sending signal 9 to service 'hht_ota_mgr_service' (pid 11134) process group...
06-21 06:22:00.491 I/[ 971.415478] libprocessgroup( 0): Successfully killed process cgroup uid 0 pid 11134 in 0ms
06-21 06:22:03.633 E/[ 974.560561] link_delay_work_func( 0): DTC_ETH: SQI=0, link=0
06-21 06:22:05.280 I/[ 976.206950] init( 0): starting service 'hht_ota_mgr_service'...
06-21 06:22:05.510 I/[ 976.414948] init( 0): Service 'hht_ota_mgr_service' (pid 11157) exited with status 0
06-21 06:22:05.511 I/[ 976.437599] init( 0): Sending signal 9 to service 'hht_ota_mgr_service' (pid 11157) process group...
06-21 06:22:05.522 I/[ 976.447400] libprocessgroup( 0): Successfully killed process cgroup uid 0 pid 11157 in 0ms
06-21 06:22:06.676 E/[ 977.597088] [schedu][0x46653241b][06( 0): 22:06.663661] wlan: [1861:E:PE] lim_process_addba_req: 1716: Failed to process addba request
06-21 06:22:08.754 E/[ 979.680156] link_delay_work_func( 0): DTC_ETH: SQI=0, link=0
06-21 06:22:10.320 I/[ 981.247587] init( 0): starting service 'hht_ota_mgr_service'...
06-21 06:22:10.518 I/[ 981.433199] init( 0): Service 'hht_ota_mgr_service' (pid 11180) exited with status 0
06-21 06:22:10.531 I/[ 981.455744] init( 0): Sending signal 9 to service 'hht_ota_mgr_service' (pid 11180) process group...
06-21 06:22:10.531 I/[ 981.465049] libprocessgroup( 0): Successfully killed process cgroup uid 0 pid 11180 in 0ms
06-21 06:22:13.875 E/[ 984.800273] link_delay_work_func( 0): DTC_ETH: SQI=0, link=0
06-21 06:22:15.347 I/[ 986.270791] init( 0): starting service 'hht_ota_mgr_service'...
06-21 06:22:15.566 I/[ 986.476588] init( 0): Service 'hht_ota_mgr_service' (pid 11202) exited with status 0
06-21 06:22:15.585 I/[ 986.500047] init( 0): Sending signal 9 to service 'hht_ota_mgr_service' (pid 11202) process group...
06-21 06:22:15.585 I/[ 986.510273] libprocessgroup( 0): Successfully killed process cgroup uid 0 pid 11202 in 0ms
06-21 06:22:18.995 E/[ 989.920341] link_delay_work_func( 0): DTC_ETH: SQI=0, link=0
06-21 06:22:19.618 I/GameModeConfig( 1164): isGameModeOn = false
06-21 06:22:20.392 I/[ 991.319092] init( 0): starting service 'hht_ota_mgr_service'...
06-21 06:22:20.613 I/[ 991.528687] init( 0): Service 'hht_ota_mgr_service' (pid 11227) exited with status 0
06-21 06:22:20.630 I/[ 991.554093] init( 0): Sending signal 9 to service 'hht_ota_mgr_service' (pid 11227) process group...
06-21 06:22:20.641 I/[ 991.564840] libprocessgroup( 0): Successfully killed process cgroup uid 0 pid 11227 in 1ms
06-21 06:22:24.114 E/[ 995.040167] link_delay_work_func( 0): DTC_ETH: SQI=0, link=0
06-21 06:22:25.439 I/[ 996.366217] init( 0): starting service 'hht_ota_mgr_service'...
06-21 06:22:25.670 I/[ 996.586794] init( 0): Service 'hht_ota_mgr_service' (pid 11243) exited with status 0
06-21 06:22:25.685 I/[ 996.609987] init( 0): Sending signal 9 to service 'hht_ota_mgr_service' (pid 11243) process group...
06-21 06:22:25.694 I/[ 996.619361] libprocessgroup( 0): Successfully killed process cgroup uid 0 pid 11243 in 0ms
06-21 06:22:26.034 I/[ 996.955268] init( 0): processing action (sys.tlog.tlogdshc.active=1) from (/system/etc/init/tlogd.rc:195)
06-21 06:22:26.034 I/[ 996.965854] init( 0): starting service 'tlogdshc'...
06-21 06:22:26.427 I/[ 997.340667] init( 0): Service 'tlogdshc' (pid 11251) exited with status 0 oneshot service took 0.360000 seconds in background
06-21 06:22:26.427 I/[ 997.352582] init( 0): Sending signal 9 to service 'tlogdshc' (pid 11251) process group...
06-21 06:22:26.437 I/[ 997.361668] libprocessgroup( 0): Successfully killed process cgroup uid 0 pid 11251 in 0ms
06-21 06:22:29.234 E/[ 1000.160298] link_delay_work_func( 0): DTC_ETH: SQI=0, link=0
06-21 06:22:30.486 I/[ 1001.406678] init( 0): starting service 'hht_ota_mgr_service'...
06-21 06:22:30.704 I/[ 1001.622222] init( 0): Service 'hht_ota_mgr_service' (pid 11279) exited with status 0
06-21 06:22:30.720 I/[ 1001.644839] init( 0): Sending signal 9 to service 'hht_ota_mgr_service' (pid 11279) process group...
06-21 06:22:30.730 I/[ 1001.654934] libprocessgroup( 0): Successfully killed process cgroup uid 0 pid 11279 in 0ms
06-21 06:22:34.355 E/[ 1005.280278] link_delay_work_func( 0): DTC_ETH: SQI=0, link=0
06-21 06:22:35.527 I/[ 1006.449304] init( 0): starting service 'hht_ota_mgr_service'...
06-21 06:22:35.738 I/[ 1006.652944] init( 0): Service 'hht_ota_mgr_service' (pid 11301) exited with status 0
06-21 06:22:35.761 I/[ 1006.676231] init( 0): Sending signal 9 to service 'hht_ota_mgr_service' (pid 11301) process group...
06-21 06:22:35.761 I/[ 1006.686607] libprocessgroup( 0): Successfully killed process cgroup uid 0 pid 11301 in 0ms
06-21 06:22:39.479 E/[ 1010.400201] link_delay_work_func( 0): DTC_ETH: SQI=0, link=0
06-21 06:22:40.558 I/[ 1011.485775] init( 0): starting service 'hht_ota_mgr_service'...
06-21 06:22:40.754 I/[ 1011.670949] init( 0): Service 'hht_ota_mgr_service' (pid 11323) exited with status 0
06-21 06:22:40.760 I/[ 1011.693975] init( 0): Sending signal 9 to service 'hht_ota_mgr_service' (pid 11323) process group...
06-21 06:22:40.778 I/[ 1011.703272] libprocessgroup( 0): Successfully killed process cgroup uid 0 pid 11323 in 0ms
06-21 06:22:44.593 E/[ 1015.520302] link_delay_work_func( 0): DTC_ETH: SQI=0, link=0
06-21 06:22:45.583 I/[ 1016.508538] init( 0): starting service 'hht_ota_mgr_service'...
06-21 06:22:45.795 I/[ 1016.711489] init( 0): Service 'hht_ota_mgr_service' (pid 11345) exited with status 0
06-21 06:22:45.805 I/[ 1016.734543] init( 0): Sending signal 9 to service 'hht_ota_mgr_service' (pid 11345) process group...
06-21 06:22:45.818 I/[ 1016.743880] libprocessgroup( 0): Successfully killed process cgroup uid 0 pid 11345 in 0ms
06-21 06:22:48.162 W/ActivityManager( 1164): Background start not allowed: service Intent { cmp=com.tencent.android.qqdownloader/com.tencent.assistant.sdk.SDKSupportService (has extras) } to com.tencent.android.qqdownloader/com.tencent.assistant.sdk.SDKSupportService from pid=3329 uid=10115 pkg=com.tencent.android.qqdownloader startFg?=false
06-21 06:22:48.177 W/ActivityManager( 1164): Background start not allowed: service Intent { cmp=com.tencent.android.qqdownloader/com.tencent.assistant.sdk.SDKSupportService (has extras) } to com.tencent.android.qqdownloader/com.tencent.assistant.sdk.SDKSupportService from pid=3329 uid=10115 pkg=com.tencent.android.qqdownloader startFg?=false
06-21 06:22:48.236 W/ActivityManager( 1164): Background start not allowed: service Intent { cmp=com.tencent.android.qqdownloader/com.tencent.assistant.sdk.SDKSupportService (has extras) } to com.tencent.android.qqdownloader/com.tencent.assistant.sdk.SDKSupportService from pid=3329 uid=10115 pkg=com.tencent.android.qqdownloader startFg?=false
06-21 06:22:48.245 W/ActivityManager( 1164): Background start not allowed: service Intent { cmp=com.tencent.android.qqdownloader/com.tencent.assistant.sdk.SDKSupportService (has extras) } to com.tencent.android.qqdownloader/com.tencent.assistant.sdk.SDKSupportService from pid=3329 uid=10115 pkg=com.tencent.android.qqdownloader startFg?=false
06-21 06:22:49.713 E/[ 1020.640391] link_delay_work_func( 0): DTC_ETH: SQI=0, link=0
06-21 06:22:50.610 I/[ 1021.538120] init( 0): starting service 'hht_ota_mgr_service'...
06-21 06:22:50.807 I/[ 1021.724608] init( 0): Service 'hht_ota_mgr_service' (pid 11369) exited with status 0
06-21 06:22:50.818 I/[ 1021.742380] init( 0): Sending signal 9 to service 'hht_ota_mgr_service' (pid 11369) process group...
06-21 06:22:50.827 I/[ 1021.751806] libprocessgroup( 0): Successfully killed process cgroup uid 0 pid 11369 in 0ms
06-21 06:22:54.842 E/[ 1025.760201] link_delay_work_func( 0): DTC_ETH: SQI=0, link=0
06-21 06:22:55.636 I/[ 1026.563708] init( 0): starting service 'hht_ota_mgr_service'...
06-21 06:22:55.850 I/[ 1026.763563] init( 0): Service 'hht_ota_mgr_service' (pid 11389) exited with status 0
06-21 06:22:55.862 I/[ 1026.786321] init( 0): Sending signal 9 to service 'hht_ota_mgr_service' (pid 11389) process group...
06-21 06:22:55.862 I/[ 1026.795610] libprocessgroup( 0): Successfully killed process cgroup uid 0 pid 11389 in 0ms
06-21 06:22:56.042 I/[ 1026.965901] init( 0): processing action (sys.tlog.tlogdshc.active=1) from (/system/etc/init/tlogd.rc:195)
06-21 06:22:56.051 I/[ 1026.976261] init( 0): starting service 'tlogdshc'...
06-21 06:22:56.436 I/[ 1027.350566] init( 0): Service 'tlogdshc' (pid 11392) exited with status 0 oneshot service took 0.358000 seconds in background
06-21 06:22:56.436 I/[ 1027.361896] init( 0): Sending signal 9 to service 'tlogdshc' (pid 11392) process group...
06-21 06:22:56.436 I/[ 1027.370305] libprocessgroup( 0): Successfully killed process cgroup uid 0 pid 11392 in 0ms
06-21 06:22:59.956 E/[ 1030.884183] link_delay_work_func( 0): DTC_ETH: SQI=0, link=0
06-21 06:23:00.670 I/[ 1031.597317] init( 0): starting service 'hht_ota_mgr_service'...
06-21 06:23:00.882 I/[ 1031.799668] init( 0): Service 'hht_ota_mgr_service' (pid 11420) exited with status 0
06-21 06:23:00.887 I/[ 1031.820603] init( 0): Sending signal 9 to service 'hht_ota_mgr_service' (pid 11420) process group...
06-21 06:23:00.904 I/[ 1031.829901] libprocessgroup( 0): Successfully killed process cgroup uid 0 pid 11420 in 0ms
06-21 06:23:05.074 E/[ 1036.000198] link_delay_work_func( 0): DTC_ETH: SQI=0, link=0
06-21 06:23:05.691 I/[ 1036.616382] init( 0): starting service 'hht_ota_mgr_service'...
06-21 06:23:05.908 I/[ 1036.820583] init( 0): Service 'hht_ota_mgr_service' (pid 11444) exited with status 0
06-21 06:23:05.929 I/[ 1036.844719] init( 0): Sending signal 9 to service 'hht_ota_mgr_service' (pid 11444) process group...
06-21 06:23:05.929 I/[ 1036.854103] libprocessgroup( 0): Successfully killed process cgroup uid 0 pid 11444 in 0ms
06-21 06:23:07.687 E/[ 1038.605480] [schedu][0x4ac24b193][06( 0): 23:07.672054] wlan: [1861:E:PE] lim_process_addba_req: 1716: Failed to process addba request
06-21 06:23:10.206 E/[ 1041.124318] link_delay_work_func( 0): DTC_ETH: SQI=0, link=0
06-21 06:23:10.721 I/[ 1041.648028] init( 0): starting service 'hht_ota_mgr_service'...
06-21 06:23:10.934 I/[ 1041.846964] init( 0): Service 'hht_ota_mgr_service' (pid 11465) exited with status 0
06-21 06:23:10.945 I/[ 1041.870114] init( 0): Sending signal 9 to service 'hht_ota_mgr_service' (pid 11465) process group...
06-21 06:23:10.955 I/[ 1041.879413] libprocessgroup( 0): Successfully killed process cgroup uid 0 pid 11465 in 0ms
06-21 06:23:15.315 E/[ 1046.240328] link_delay_work_func( 0): DTC_ETH: SQI=0, link=0
06-21 06:23:15.749 I/[ 1046.675301] init( 0): starting service 'hht_ota_mgr_service'...
06-21 06:23:15.946 I/[ 1046.860333] init( 0): Service 'hht_ota_mgr_service' (pid 11487) exited with status 0
06-21 06:23:15.950 I/[ 1046.883731] init( 0): Sending signal 9 to service 'hht_ota_mgr_service' (pid 11487) process group...
06-21 06:23:15.968 I/[ 1046.893107] libprocessgroup( 0): Successfully killed process cgroup uid 0 pid 11487 in 0ms
06-21 06:23:19.645 I/GameModeConfig( 1164): isGameModeOn = false
06-21 06:23:20.434 E/[ 1051.360317] link_delay_work_func( 0): DTC_ETH: SQI=0, link=0
06-21 06:23:20.777 I/[ 1051.701848] init( 0): starting service 'hht_ota_mgr_service'...
06-21 06:23:20.996 I/[ 1051.905187] init( 0): Service 'hht_ota_mgr_service' (pid 11513) exited with status 0
06-21 06:23:21.016 I/[ 1051.931744] init( 0): Sending signal 9 to service 'hht_ota_mgr_service' (pid 11513) process group...
06-21 06:23:21.016 I/[ 1051.940945] libprocessgroup( 0): Successfully killed process cgroup uid 0 pid 11513 in 0ms
06-21 06:23:25.555 E/[ 1056.480287] link_delay_work_func( 0): DTC_ETH: SQI=0, link=0
06-21 06:23:25.794 I/[ 1056.721038] init( 0): starting service 'hht_ota_mgr_service'...
06-21 06:23:26.010 I/[ 1056.920410] init( 0): Service 'hht_ota_mgr_service' (pid 11534) exited with status 0
06-21 06:23:26.010 I/[ 1056.943595] init( 0): Sending signal 9 to service 'hht_ota_mgr_service' (pid 11534) process group...
06-21 06:23:26.019 I/[ 1056.952805] libprocessgroup( 0): Successfully killed process cgroup uid 0 pid 11534 in 0ms
06-21 06:23:26.047 I/[ 1056.971342] init( 0): processing action (sys.tlog.tlogdshc.active=1) from (/system/etc/init/tlogd.rc:195)
06-21 06:23:26.047 I/[ 1056.981169] init( 0): starting service 'tlogdshc'...
06-21 06:23:26.412 I/[ 1057.334702] init( 0): Service 'tlogdshc' (pid 11537) exited with status 0 oneshot service took 0.344000 seconds in background
06-21 06:23:26.412 I/[ 1057.346109] init( 0): Sending signal 9 to service 'tlogdshc' (pid 11537) process group...
06-21 06:23:26.429 I/[ 1057.354634] libprocessgroup( 0): Successfully killed process cgroup uid 0 pid 11537 in 0ms
06-21 06:23:30.674 E/[ 1061.600136] link_delay_work_func( 0): DTC_ETH: SQI=0, link=0
06-21 06:23:30.830 I/[ 1061.756382] init( 0): starting service 'hht_ota_mgr_service'...
06-21 06:23:31.029 I/[ 1061.947231] init( 0): Service 'hht_ota_mgr_service' (pid 11567) exited with status 0
06-21 06:23:31.046 I/[ 1061.970710] init( 0): Sending signal 9 to service 'hht_ota_mgr_service' (pid 11567) process group...
06-21 06:23:31.060 I/[ 1061.981043] libprocessgroup( 0): Successfully killed process cgroup uid 0 pid 11567 in 1ms
06-21 06:23:35.794 E/[ 1066.720150] link_delay_work_func( 0): DTC_ETH: SQI=0, link=0
06-21 06:23:35.854 I/[ 1066.781335] init( 0): starting service 'hht_ota_mgr_service'...
06-21 06:23:36.062 I/[ 1066.975807] init( 0): Service 'hht_ota_mgr_service' (pid 11587) exited with status 0
06-21 06:23:36.069 I/[ 1066.999522] init( 0): Sending signal 9 to service 'hht_ota_mgr_service' (pid 11587) process group...
06-21 06:23:36.075 I/[ 1067.008889] libprocessgroup( 0): Successfully killed process cgroup uid 0 pid 11587 in 0ms
06-21 06:23:40.882 I/[ 1071.809681] init( 0): starting service 'hht_ota_mgr_service'...
06-21 06:23:40.918 E/[ 1071.840751] link_delay_work_func( 0): DTC_ETH: SQI=0, link=0
06-21 06:23:41.090 I/[ 1072.008851] init( 0): Service 'hht_ota_mgr_service' (pid 11615) exited with status 0
06-21 06:23:41.107 I/[ 1072.031969] init( 0): Sending signal 9 to service 'hht_ota_mgr_service' (pid 11615) process group...
06-21 06:23:41.118 I/[ 1072.043467] libprocessgroup( 0): Successfully killed process cgroup uid 0 pid 11615 in 0ms
06-21 06:23:42.445 W/ActivityManager( 1164): Background start not allowed: service Intent { cmp=com.tencent.android.qqdownloader/com.tencent.assistant.sdk.SDKSupportService (has extras) } to com.tencent.android.qqdownloader/com.tencent.assistant.sdk.SDKSupportService from pid=3329 uid=10115 pkg=com.tencent.android.qqdownloader startFg?=false
06-21 06:23:42.477 W/ActivityManager( 1164): Background start not allowed: service Intent { cmp=com.tencent.android.qqdownloader/com.tencent.assistant.sdk.SDKSupportService (has extras) } to com.tencent.android.qqdownloader/com.tencent.assistant.sdk.SDKSupportService from pid=3329 uid=10115 pkg=com.tencent.android.qqdownloader startFg?=false
06-21 06:23:42.522 W/ActivityManager( 1164): Background start not allowed: service Intent { cmp=com.tencent.android.qqdownloader/com.tencent.assistant.sdk.SDKSupportService (has extras) } to com.tencent.android.qqdownloader/com.tencent.assistant.sdk.SDKSupportService from pid=3329 uid=10115 pkg=com.tencent.android.qqdownloader startFg?=false
06-21 06:23:42.529 W/ActivityManager( 1164): Background start not allowed: service Intent { cmp=com.tencent.android.qqdownloader/com.tencent.assistant.sdk.SDKSupportService (has extras) } to com.tencent.android.qqdownloader/com.tencent.assistant.sdk.SDKSupportService from pid=3329 uid=10115 pkg=com.tencent.android.qqdownloader startFg?=false
06-21 06:23:45.914 I/[ 1076.837641] init( 0): starting service 'hht_ota_mgr_service'...
06-21 06:23:46.038 E/[ 1076.960145] link_delay_work_func( 0): DTC_ETH: SQI=0, link=0
06-21 06:23:46.136 I/[ 1077.047173] init( 0): Service 'hht_ota_mgr_service' (pid 11637) exited with status 0
06-21 06:23:46.146 I/[ 1077.070371] init( 0): Sending signal 9 to service 'hht_ota_mgr_service' (pid 11637) process group...
06-21 06:23:46.154 I/[ 1077.079729] libprocessgroup( 0): Successfully killed process cgroup uid 0 pid 11637 in 0ms
06-21 06:23:50.947 I/[ 1081.870946] init( 0): starting service 'hht_ota_mgr_service'...
06-21 06:23:51.166 I/[ 1082.073488] init( 0): Service 'hht_ota_mgr_service' (pid 11657) exited with status 0
06-21 06:23:51.166 E/[ 1082.089271] link_delay_work_func( 0): DTC_ETH: SQI=0, link=0
06-21 06:23:51.166 I/[ 1082.097046] init( 0): Sending signal 9 to service 'hht_ota_mgr_service' (pid 11657) process group...
06-21 06:23:51.186 I/[ 1082.111640] libprocessgroup( 0): Successfully killed process cgroup uid 0 pid 11657 in 0ms
06-21 06:23:55.980 I/[ 1086.907562] init( 0): starting service 'hht_ota_mgr_service'...
06-21 06:23:56.057 I/[ 1086.976234] init( 0): processing action (sys.tlog.tlogdshc.active=1) from (/system/etc/init/tlogd.rc:195)
06-21 06:23:56.057 I/[ 1086.986057] init( 0): starting service 'tlogdshc'...
06-21 06:23:56.182 I/[ 1087.097114] init( 0): Service 'hht_ota_mgr_service' (pid 11680) exited with status 0
06-21 06:23:56.196 I/[ 1087.120382] init( 0): Sending signal 9 to service 'hht_ota_mgr_service' (pid 11680) process group...
06-21 06:23:56.204 I/[ 1087.129612] libprocessgroup( 0): Successfully killed process cgroup uid 0 pid 11680 in 0ms
06-21 06:23:56.279 E/[ 1087.200266] link_delay_work_func( 0): DTC_ETH: SQI=0, link=0
06-21 06:23:56.346 I/[ 1087.260451] init( 0): Service 'tlogdshc' (pid 11684) exited with status 0 oneshot service took 0.264000 seconds in background
06-21 06:23:56.346 I/[ 1087.271754] init( 0): Sending signal 9 to service 'tlogdshc' (pid 11684) process group...
06-21 06:23:56.346 I/[ 1087.280020] libprocessgroup( 0): Successfully killed process cgroup uid 0 pid 11684 in 0ms
06-21 06:24:01.007 I/[ 1091.933467] init( 0): starting service 'hht_ota_mgr_service'...
06-21 06:24:01.215 I/[ 1092.131105] init( 0): Service 'hht_ota_mgr_service' (pid 11712) exited with status 0
06-21 06:24:01.229 I/[ 1092.153932] init( 0): Sending signal 9 to service 'hht_ota_mgr_service' (pid 11712) process group...
06-21 06:24:01.238 I/[ 1092.163291] libprocessgroup( 0): Successfully killed process cgroup uid 0 pid 11712 in 0ms
06-21 06:24:01.398 E/[ 1092.320299] link_delay_work_func( 0): DTC_ETH: SQI=0, link=0
06-21 06:24:06.034 I/[ 1096.959620] init( 0): starting service 'hht_ota_mgr_service'...
06-21 06:24:06.243 I/[ 1097.153036] init( 0): Service 'hht_ota_mgr_service' (pid 11732) exited with status 0
06-21 06:24:06.243 I/[ 1097.175672] init( 0): Sending signal 9 to service 'hht_ota_mgr_service' (pid 11732) process group...
06-21 06:24:06.252 I/[ 1097.185166] libprocessgroup( 0): Successfully killed process cgroup uid 0 pid 11732 in 0ms
06-21 06:24:06.514 E/[ 1097.440160] link_delay_work_func( 0): DTC_ETH: SQI=0, link=0
06-21 06:24:08.706 E/[ 1099.624930] [schedu][0x4f1f97db0][06( 0): 24:08.691520] wlan: [1861:E:PE] lim_process_addba_req: 1716: Failed to process addba request
06-21 06:24:11.067 I/[ 1101.994997] init( 0): starting service 'hht_ota_mgr_service'...
06-21 06:24:11.283 I/[ 1102.196589] init( 0): Service 'hht_ota_mgr_service' (pid 11754) exited with status 0
06-21 06:24:11.295 I/[ 1102.219805] init( 0): Sending signal 9 to service 'hht_ota_mgr_service' (pid 11754) process group...
06-21 06:24:11.303 I/[ 1102.229129] libprocessgroup( 0): Successfully killed process cgroup uid 0 pid 11754 in 0ms
06-21 06:24:11.634 E/[ 1102.560237] link_delay_work_func( 0): DTC_ETH: SQI=0, link=0
06-21 06:24:16.096 I/[ 1107.022741] init( 0): starting service 'hht_ota_mgr_service'...
06-21 06:24:16.314 I/[ 1107.230518] init( 0): Service 'hht_ota_mgr_service' (pid 11779) exited with status 0
06-21 06:24:16.330 I/[ 1107.253929] init( 0): Sending signal 9 to service 'hht_ota_mgr_service' (pid 11779) process group...
06-21 06:24:16.330 I/[ 1107.263559] libprocessgroup( 0): Successfully killed process cgroup uid 0 pid 11779 in 0ms
06-21 06:24:16.755 E/[ 1107.680286] link_delay_work_func( 0): DTC_ETH: SQI=0, link=0
06-21 06:24:21.134 I/[ 1112.061422] init( 0): starting service 'hht_ota_mgr_service'...
06-21 06:24:21.147 I/GameModeConfig( 1164): isGameModeOn = false
06-21 06:24:21.323 I/[ 1112.254187] init( 0): Service 'hht_ota_mgr_service' (pid 11803) exited with status 0
06-21 06:24:21.351 I/[ 1112.263576] init( 0): Sending signal 9 to service 'hht_ota_mgr_service' (pid 11803) process group...
06-21 06:24:21.371 I/[ 1112.294135] libprocessgroup( 0): Successfully killed process cgroup uid 0 pid 11803 in 0ms
06-21 06:24:21.874 E/[ 1112.800138] link_delay_work_func( 0): DTC_ETH: SQI=0, link=0
06-21 06:24:26.063 I/[ 1116.985916] init( 0): processing action (sys.tlog.tlogdshc.active=1) from (/system/etc/init/tlogd.rc:195)
06-21 06:24:26.069 I/[ 1116.997494] init( 0): starting service 'tlogdshc'...
06-21 06:24:26.155 I/[ 1117.080005] init( 0): starting service 'hht_ota_mgr_service'...
06-21 06:24:26.360 I/[ 1117.277451] init( 0): Service 'hht_ota_mgr_service' (pid 11827) exited with status 0
06-21 06:24:26.376 I/[ 1117.300736] init( 0): Sending signal 9 to service 'hht_ota_mgr_service' (pid 11827) process group...
06-21 06:24:26.385 I/[ 1117.310682] libprocessgroup( 0): Successfully killed process cgroup uid 0 pid 11827 in 0ms
06-21 06:24:26.407 I/[ 1117.321644] init( 0): Service 'tlogdshc' (pid 11823) exited with status 0 oneshot service took 0.294000 seconds in background
06-21 06:24:26.407 I/[ 1117.332932] init( 0): Sending signal 9 to service 'tlogdshc' (pid 11823) process group...
06-21 06:24:26.407 I/[ 1117.341147] libprocessgroup( 0): Successfully killed process cgroup uid 0 pid 11823 in 0ms
06-21 06:24:26.994 E/[ 1117.920172] link_delay_work_func( 0): DTC_ETH: SQI=0, link=0
06-21 06:24:31.186 I/[ 1122.109319] init( 0): starting service 'hht_ota_mgr_service'...
06-21 06:24:31.390 I/[ 1122.308262] init( 0): Service 'hht_ota_mgr_service' (pid 11855) exited with status 0
06-21 06:24:31.409 I/[ 1122.332729] init( 0): Sending signal 9 to service 'hht_ota_mgr_service' (pid 11855) process group...
06-21 06:24:31.417 I/[ 1122.342603] libprocessgroup( 0): Successfully killed process cgroup uid 0 pid 11855 in 0ms
06-21 06:24:32.113 E/[ 1123.040476] link_delay_work_func( 0): DTC_ETH: SQI=0, link=0
06-21 06:24:36.210 I/[ 1127.136720] init( 0): starting service 'hht_ota_mgr_service'...
06-21 06:24:36.442 I/[ 1127.355418] init( 0): Service 'hht_ota_mgr_service' (pid 11878) exited with status 0
06-21 06:24:36.458 I/[ 1127.382487] init( 0): Sending signal 9 to service 'hht_ota_mgr_service' (pid 11878) process group...
06-21 06:24:36.466 I/[ 1127.391826] libprocessgroup( 0): Successfully killed process cgroup uid 0 pid 11878 in 0ms
