06-21 06:45:07.511 I/[ 2358.429661] [schedu][0xa928ff084][06( 0): 45:07.496250] wlan: [1861:I:WMA] [06:45:07.410000] [ROAM_SCAN]: VDEV[0] Scan_type: PARTIAL next_rssi_threshold: 81 dBm {5200 }
06-21 06:45:07.530 I/[ 2358.445583] [schedu][0xa929497e0][06( 0): 45:07.512135] wlan: [1861:I:WMA] ============================================================================================================================
06-21 06:45:07.530 I/[ 2358.463379] [schedu][0xa9299d1dd][06( 0): 45:07.529974] wlan: [1861:I:WMA] AP BSSID TSTAMP CH TY ETP RSSI/SCR CU%/SCR TOT_SCR BL_RSN BL_SRC BL_TSTAMP BL_TIMEOUT(ms)
06-21 06:45:07.565 I/[ 2358.481148] [schedu][0xa929f06aa][06( 0): 45:07.547745] wlan: [1861:I:WMA] ============================================================================================================================
06-21 06:45:07.565 I/[ 2358.498912] [schedu][0xa92a43afd][06( 0): 45:07.565509] wlan: [1861:I:WMA] 04:d9:f5:fb:09:94 [06:45:07.410000] 5200 P_AP 0 76/0 0/0 1791 0 0 [00:00:00.000000] 0
06-21 06:45:07.596 I/[ 2358.516244] [schedu][0xa92a94ee6][06( 0): 45:07.582841] wlan: [1861:I:WMA] [06:45:07.467000] [ROAM_RESULT]: VDEV[0] FAILED Reason: NO AP FOUND
06-21 06:45:09.457 I/[ 2360.385230] init( 0): starting service 'hht_ota_mgr_service'...
06-21 06:45:09.642 I/[ 2360.557078] init( 0): Service 'hht_ota_mgr_service' (pid 17922) exited with status 0
06-21 06:45:09.646 I/[ 2360.579425] init( 0): Sending signal 9 to service 'hht_ota_mgr_service' (pid 17922) process group...
06-21 06:45:09.663 I/[ 2360.588657] libprocessgroup( 0): Successfully killed process cgroup uid 0 pid 17922 in 0ms
06-21 06:45:11.163 E/[ 2362.088900] link_delay_work_func( 0): DTC_ETH: SQI=0, link=0
06-21 06:45:14.478 I/[ 2365.405261] init( 0): starting service 'hht_ota_mgr_service'...
06-21 06:45:14.666 I/[ 2365.582780] init( 0): Service 'hht_ota_mgr_service' (pid 17945) exited with status 0
06-21 06:45:14.681 I/[ 2365.605881] init( 0): Sending signal 9 to service 'hht_ota_mgr_service' (pid 17945) process group...
06-21 06:45:14.690 I/[ 2365.615269] libprocessgroup( 0): Successfully killed process cgroup uid 0 pid 17945 in 0ms
06-21 06:45:14.927 W/ActivityManager( 1164): Background start not allowed: service Intent { cmp=com.tencent.android.qqdownloader/com.tencent.assistant.sdk.SDKSupportService (has extras) } to com.tencent.android.qqdownloader/com.tencent.assistant.sdk.SDKSupportService from pid=3329 uid=10115 pkg=com.tencent.android.qqdownloader startFg?=false
06-21 06:45:14.943 W/ActivityManager( 1164): Background start not allowed: service Intent { cmp=com.tencent.android.qqdownloader/com.tencent.assistant.sdk.SDKSupportService (has extras) } to com.tencent.android.qqdownloader/com.tencent.assistant.sdk.SDKSupportService from pid=3329 uid=10115 pkg=com.tencent.android.qqdownloader startFg?=false
06-21 06:45:14.989 W/ActivityManager( 1164): Background start not allowed: service Intent { cmp=com.tencent.android.qqdownloader/com.tencent.assistant.sdk.SDKSupportService (has extras) } to com.tencent.android.qqdownloader/com.tencent.assistant.sdk.SDKSupportService from pid=3329 uid=10115 pkg=com.tencent.android.qqdownloader startFg?=false
06-21 06:45:14.999 W/ActivityManager( 1164): Background start not allowed: service Intent { cmp=com.tencent.android.qqdownloader/com.tencent.assistant.sdk.SDKSupportService (has extras) } to com.tencent.android.qqdownloader/com.tencent.assistant.sdk.SDKSupportService from pid=3329 uid=10115 pkg=com.tencent.android.qqdownloader startFg?=false
06-21 06:45:16.274 E/[ 2367.200133] link_delay_work_func( 0): DTC_ETH: SQI=0, link=0
06-21 06:45:19.496 I/[ 2370.423525] init( 0): starting service 'hht_ota_mgr_service'...
06-21 06:45:19.705 I/[ 2370.615158] init( 0): Service 'hht_ota_mgr_service' (pid 17969) exited with status 0
06-21 06:45:19.705 I/[ 2370.639092] init( 0): Sending signal 9 to service 'hht_ota_mgr_service' (pid 17969) process group...
06-21 06:45:19.723 I/[ 2370.648843] libprocessgroup( 0): Successfully killed process cgroup uid 0 pid 17969 in 0ms
06-21 06:45:21.394 E/[ 2372.320154] link_delay_work_func( 0): DTC_ETH: SQI=0, link=0
06-21 06:45:24.520 I/[ 2375.445583] init( 0): starting service 'hht_ota_mgr_service'...
06-21 06:45:24.738 I/[ 2375.660597] init( 0): Service 'hht_ota_mgr_service' (pid 17993) exited with status 0
06-21 06:45:24.754 I/[ 2375.678569] init( 0): Sending signal 9 to service 'hht_ota_mgr_service' (pid 17993) process group...
06-21 06:45:24.764 I/[ 2375.687909] libprocessgroup( 0): Successfully killed process cgroup uid 0 pid 17993 in 0ms
06-21 06:45:26.485 I/[ 2377.402665] init( 0): processing action (sys.tlog.tlogdshc.active=1) from (/system/etc/init/tlogd.rc:195)
06-21 06:45:26.485 I/[ 2377.413787] init( 0): starting service 'tlogdshc'...
06-21 06:45:26.512 E/[ 2377.440156] link_delay_work_func( 0): DTC_ETH: SQI=0, link=0
06-21 06:45:26.865 I/[ 2377.778978] init( 0): Service 'tlogdshc' (pid 18002) exited with status 0 oneshot service took 0.336000 seconds in background
06-21 06:45:26.865 I/[ 2377.790587] init( 0): Sending signal 9 to service 'tlogdshc' (pid 18002) process group...
06-21 06:45:26.875 I/[ 2377.799930] libprocessgroup( 0): Successfully killed process cgroup uid 0 pid 18002 in 0ms
06-21 06:45:29.554 I/[ 2380.481632] init( 0): starting service 'hht_ota_mgr_service'...
06-21 06:45:29.766 I/[ 2380.681611] init( 0): Service 'hht_ota_mgr_service' (pid 18023) exited with status 0
06-21 06:45:29.781 I/[ 2380.705309] init( 0): Sending signal 9 to service 'hht_ota_mgr_service' (pid 18023) process group...
06-21 06:45:29.790 I/[ 2380.715580] libprocessgroup( 0): Successfully killed process cgroup uid 0 pid 18023 in 0ms
06-21 06:45:30.374 E/[ 2381.293579] [schedu][0xaacba5930][06( 0): 45:30.360154] wlan: [1861:E:PE] lim_process_addba_req: 1716: Failed to process addba request
06-21 06:45:31.635 E/[ 2382.560292] link_delay_work_func( 0): DTC_ETH: SQI=0, link=0
06-21 06:45:34.598 I/[ 2385.524879] init( 0): starting service 'hht_ota_mgr_service'...
06-21 06:45:34.807 I/[ 2385.724736] init( 0): Service 'hht_ota_mgr_service' (pid 18045) exited with status 0
06-21 06:45:34.824 I/[ 2385.747748] init( 0): Sending signal 9 to service 'hht_ota_mgr_service' (pid 18045) process group...
06-21 06:45:34.824 I/[ 2385.757475] libprocessgroup( 0): Successfully killed process cgroup uid 0 pid 18045 in 0ms
06-21 06:45:36.755 E/[ 2387.680451] link_delay_work_func( 0): DTC_ETH: SQI=0, link=0
06-21 06:45:39.638 I/[ 2390.565019] init( 0): starting service 'hht_ota_mgr_service'...
06-21 06:45:39.846 I/[ 2390.762213] init( 0): Service 'hht_ota_mgr_service' (pid 18069) exited with status 0
06-21 06:45:39.862 I/[ 2390.786406] init( 0): Sending signal 9 to service 'hht_ota_mgr_service' (pid 18069) process group...
06-21 06:45:39.872 I/[ 2390.796684] libprocessgroup( 0): Successfully killed process cgroup uid 0 pid 18069 in 0ms
06-21 06:45:41.873 E/[ 2392.800806] link_delay_work_func( 0): DTC_ETH: SQI=0, link=0
06-21 06:45:44.675 I/[ 2395.601893] init( 0): starting service 'hht_ota_mgr_service'...
06-21 06:45:44.898 I/[ 2395.815781] init( 0): Service 'hht_ota_mgr_service' (pid 18089) exited with status 0
06-21 06:45:44.924 I/[ 2395.839039] init( 0): Sending signal 9 to service 'hht_ota_mgr_service' (pid 18089) process group...
06-21 06:45:44.924 I/[ 2395.848927] libprocessgroup( 0): Successfully killed process cgroup uid 0 pid 18089 in 0ms
06-21 06:45:46.994 E/[ 2397.920269] link_delay_work_func( 0): DTC_ETH: SQI=0, link=0
06-21 06:45:49.623 I/GameModeConfig( 1164): isGameModeOn = false
06-21 06:45:49.725 I/[ 2400.652935] init( 0): starting service 'hht_ota_mgr_service'...
06-21 06:45:49.937 I/[ 2400.846782] init( 0): Service 'hht_ota_mgr_service' (pid 18113) exited with status 0
06-21 06:45:49.946 I/[ 2400.870914] init( 0): Sending signal 9 to service 'hht_ota_mgr_service' (pid 18113) process group...
06-21 06:45:49.956 I/[ 2400.881352] libprocessgroup( 0): Successfully killed process cgroup uid 0 pid 18113 in 0ms
06-21 06:45:51.955 I/[ 2402.855060] [schedu][0xac5673100][06( 0): 45:51.921644] wlan: [1861:I:WMA] [06:45:51.851000] [ROAM_TRIGGER]: VDEV[0] Reason: "LOW RSSI" Sub-Reason: FULL SCAN Cur_Rssi threshold:81 Current AP RSSI: 77
06-21 06:45:51.955 I/[ 2402.873131] [schedu][0xac56c7c9d][06( 0): 45:51.939718] wlan: [1861:I:WMA] [06:45:51.851000] [ROAM_SCAN]: VDEV[0] Scan_type: PARTIAL next_rssi_threshold: 81 dBm {5200 }
06-21 06:45:51.955 I/[ 2402.888287] [schedu][0xac570ece6][06( 0): 45:51.954869] wlan: [1861:I:WMA] ============================================================================================================================
06-21 06:45:51.991 I/[ 2402.906409] [schedu][0xac5763cbb][06( 0): 45:51.973000] wlan: [1861:I:WMA] AP BSSID TSTAMP CH TY ETP RSSI/SCR CU%/SCR TOT_SCR BL_RSN BL_SRC BL_TSTAMP BL_TIMEOUT(ms)
06-21 06:45:51.991 I/[ 2402.924236] [schedu][0xac57b763e][06( 0): 45:51.990832] wlan: [1861:I:WMA] ============================================================================================================================
06-21 06:45:52.026 I/[ 2402.942005] [schedu][0xac580aaf5][06( 0): 45:52.008602] wlan: [1861:I:WMA] 04:d9:f5:fb:09:94 [06:45:51.851000] 5200 P_AP 0 77/0 0/0 1791 0 0 [00:00:00.000000] 0
06-21 06:45:52.039 I/[ 2402.959931] [schedu][0xac585ea17][06( 0): 45:52.026512] wlan: [1861:I:WMA] [06:45:51.910000] [ROAM_RESULT]: VDEV[0] FAILED Reason: NO AP FOUND
06-21 06:45:52.113 E/[ 2403.040316] link_delay_work_func( 0): DTC_ETH: SQI=0, link=0
06-21 06:45:54.757 I/[ 2405.682475] init( 0): starting service 'hht_ota_mgr_service'...
06-21 06:45:54.975 I/[ 2405.884707] init( 0): Service 'hht_ota_mgr_service' (pid 18131) exited with status 0
06-21 06:45:54.984 I/[ 2405.908884] init( 0): Sending signal 9 to service 'hht_ota_mgr_service' (pid 18131) process group...
06-21 06:45:54.994 I/[ 2405.919342] libprocessgroup( 0): Successfully killed process cgroup uid 0 pid 18131 in 0ms
06-21 06:45:56.487 I/[ 2407.411329] init( 0): processing action (sys.tlog.tlogdshc.active=1) from (/system/etc/init/tlogd.rc:195)
06-21 06:45:56.494 I/[ 2407.421544] init( 0): starting service 'tlogdshc'...
06-21 06:45:56.826 I/[ 2407.739897] init( 0): Service 'tlogdshc' (pid 18145) exited with status 0 oneshot service took 0.301000 seconds in background
06-21 06:45:56.826 I/[ 2407.751389] init( 0): Sending signal 9 to service 'tlogdshc' (pid 18145) process group...
06-21 06:45:56.846 I/[ 2407.759846] libprocessgroup( 0): Successfully killed process cgroup uid 0 pid 18145 in 0ms
06-21 06:45:57.235 E/[ 2408.161741] link_delay_work_func( 0): DTC_ETH: SQI=0, link=0
06-21 06:45:59.800 I/[ 2410.726818] init( 0): starting service 'hht_ota_mgr_service'...
06-21 06:46:00.002 I/[ 2410.919033] init( 0): Service 'hht_ota_mgr_service' (pid 18164) exited with status 0
06-21 06:46:00.021 I/[ 2410.943340] init( 0): Sending signal 9 to service 'hht_ota_mgr_service' (pid 18164) process group...
06-21 06:46:00.021 I/[ 2410.953350] libprocessgroup( 0): Successfully killed process cgroup uid 0 pid 18164 in 0ms
06-21 06:46:02.353 E/[ 2413.280346] link_delay_work_func( 0): DTC_ETH: SQI=0, link=0
06-21 06:46:04.831 I/[ 2415.755859] init( 0): starting service 'hht_ota_mgr_service'...
06-21 06:46:05.046 I/[ 2415.961798] init( 0): Service 'hht_ota_mgr_service' (pid 18184) exited with status 0
06-21 06:46:05.062 I/[ 2415.986652] init( 0): Sending signal 9 to service 'hht_ota_mgr_service' (pid 18184) process group...
06-21 06:46:05.071 I/[ 2415.996959] libprocessgroup( 0): Successfully killed process cgroup uid 0 pid 18184 in 1ms
06-21 06:46:07.479 E/[ 2418.400400] link_delay_work_func( 0): DTC_ETH: SQI=0, link=0
06-21 06:46:09.873 I/[ 2420.800851] init( 0): starting service 'hht_ota_mgr_service'...
06-21 06:46:10.087 I/[ 2420.999213] init( 0): Service 'hht_ota_mgr_service' (pid 18211) exited with status 0
06-21 06:46:10.098 I/[ 2421.022557] init( 0): Sending signal 9 to service 'hht_ota_mgr_service' (pid 18211) process group...
06-21 06:46:10.108 I/[ 2421.031858] libprocessgroup( 0): Successfully killed process cgroup uid 0 pid 18211 in 0ms
06-21 06:46:12.427 W/ActivityManager( 1164): Background start not allowed: service Intent { cmp=com.tencent.android.qqdownloader/com.tencent.assistant.sdk.SDKSupportService (has extras) } to com.tencent.android.qqdownloader/com.tencent.assistant.sdk.SDKSupportService from pid=3329 uid=10115 pkg=com.tencent.android.qqdownloader startFg?=false
06-21 06:46:12.450 W/ActivityManager( 1164): Background start not allowed: service Intent { cmp=com.tencent.android.qqdownloader/com.tencent.assistant.sdk.SDKSupportService (has extras) } to com.tencent.android.qqdownloader/com.tencent.assistant.sdk.SDKSupportService from pid=3329 uid=10115 pkg=com.tencent.android.qqdownloader startFg?=false
06-21 06:46:12.492 W/ActivityManager( 1164): Background start not allowed: service Intent { cmp=com.tencent.android.qqdownloader/com.tencent.assistant.sdk.SDKSupportService (has extras) } to com.tencent.android.qqdownloader/com.tencent.assistant.sdk.SDKSupportService from pid=3329 uid=10115 pkg=com.tencent.android.qqdownloader startFg?=false
06-21 06:46:12.500 W/ActivityManager( 1164): Background start not allowed: service Intent { cmp=com.tencent.android.qqdownloader/com.tencent.assistant.sdk.SDKSupportService (has extras) } to com.tencent.android.qqdownloader/com.tencent.assistant.sdk.SDKSupportService from pid=3329 uid=10115 pkg=com.tencent.android.qqdownloader startFg?=false
06-21 06:46:12.594 E/[ 2423.520310] link_delay_work_func( 0): DTC_ETH: SQI=0, link=0
06-21 06:46:14.898 I/[ 2425.822755] init( 0): starting service 'hht_ota_mgr_service'...
06-21 06:46:15.106 I/[ 2426.024586] init( 0): Service 'hht_ota_mgr_service' (pid 18231) exited with status 0
06-21 06:46:15.113 I/[ 2426.046908] init( 0): Sending signal 9 to service 'hht_ota_mgr_service' (pid 18231) process group...
06-21 06:46:15.122 I/[ 2426.056214] libprocessgroup( 0): Successfully killed process cgroup uid 0 pid 18231 in 0ms
06-21 06:46:17.719 E/[ 2428.640516] link_delay_work_func( 0): DTC_ETH: SQI=0, link=0
06-21 06:46:19.934 I/[ 2430.861408] init( 0): starting service 'hht_ota_mgr_service'...
06-21 06:46:20.166 I/[ 2431.080827] init( 0): Service 'hht_ota_mgr_service' (pid 18254) exited with status 0
06-21 06:46:20.181 I/[ 2431.106137] init( 0): Sending signal 9 to service 'hht_ota_mgr_service' (pid 18254) process group...
06-21 06:46:20.192 I/[ 2431.117081] libprocessgroup( 0): Successfully killed process cgroup uid 0 pid 18254 in 0ms
06-21 06:46:22.843 E/[ 2433.760408] link_delay_work_func( 0): DTC_ETH: SQI=0, link=0
06-21 06:46:24.975 I/[ 2435.902235] init( 0): starting service 'hht_ota_mgr_service'...
06-21 06:46:25.194 I/[ 2436.109009] init( 0): Service 'hht_ota_mgr_service' (pid 18279) exited with status 0
06-21 06:46:25.199 I/[ 2436.132160] init( 0): Sending signal 9 to service 'hht_ota_mgr_service' (pid 18279) process group...
06-21 06:46:25.217 I/[ 2436.142316] libprocessgroup( 0): Successfully killed process cgroup uid 0 pid 18279 in 0ms
06-21 06:46:26.493 I/[ 2437.416965] init( 0): processing action (sys.tlog.tlogdshc.active=1) from (/system/etc/init/tlogd.rc:195)
06-21 06:46:26.499 I/[ 2437.427770] init( 0): starting service 'tlogdshc'...
06-21 06:46:26.846 I/[ 2437.741831] init( 0): Service 'tlogdshc' (pid 18284) exited with status 0 oneshot service took 0.287000 seconds in background
06-21 06:46:26.846 I/[ 2437.755241] init( 0): Sending signal 9 to service 'tlogdshc' (pid 18284) process group...
06-21 06:46:26.846 I/[ 2437.764169] libprocessgroup( 0): Successfully killed process cgroup uid 0 pid 18284 in 0ms
06-21 06:46:27.952 E/[ 2438.880170] link_delay_work_func( 0): DTC_ETH: SQI=0, link=0
06-21 06:46:30.012 I/[ 2440.939399] init( 0): starting service 'hht_ota_mgr_service'...
06-21 06:46:30.234 I/[ 2441.144716] init( 0): Service 'hht_ota_mgr_service' (pid 18310) exited with status 0
06-21 06:46:30.244 I/[ 2441.168722] init( 0): Sending signal 9 to service 'hht_ota_mgr_service' (pid 18310) process group...
06-21 06:46:30.254 I/[ 2441.178694] libprocessgroup( 0): Successfully killed process cgroup uid 0 pid 18310 in 0ms
06-21 06:46:31.326 E/[ 2442.243841] [schedu][0xaf27adf81][06( 0): 46:31.310424] wlan: [1861:E:PE] lim_process_addba_req: 1716: Failed to process addba request
06-21 06:46:33.074 E/[ 2444.000187] link_delay_work_func( 0): DTC_ETH: SQI=0, link=0
06-21 06:46:34.288 I/UsageStatsService( 1164): User[0] Flushing usage stats to disk
06-21 06:46:35.051 I/[ 2445.978186] init( 0): starting service 'hht_ota_mgr_service'...
06-21 06:46:35.274 I/[ 2446.187459] init( 0): Service 'hht_ota_mgr_service' (pid 18332) exited with status 0
06-21 06:46:35.287 I/[ 2446.211203] init( 0): Sending signal 9 to service 'hht_ota_mgr_service' (pid 18332) process group...
06-21 06:46:35.300 I/[ 2446.220538] libprocessgroup( 0): Successfully killed process cgroup uid 0 pid 18332 in 0ms
06-21 06:46:38.195 E/[ 2449.120381] link_delay_work_func( 0): DTC_ETH: SQI=0, link=0
06-21 06:46:40.095 I/[ 2451.021712] init( 0): starting service 'hht_ota_mgr_service'...
06-21 06:46:40.314 I/[ 2451.230190] init( 0): Service 'hht_ota_mgr_service' (pid 18356) exited with status 0
06-21 06:46:40.320 I/[ 2451.253657] init( 0): Sending signal 9 to service 'hht_ota_mgr_service' (pid 18356) process group...
06-21 06:46:40.338 I/[ 2451.262925] libprocessgroup( 0): Successfully killed process cgroup uid 0 pid 18356 in 0ms
06-21 06:46:43.312 E/[ 2454.240200] link_delay_work_func( 0): DTC_ETH: SQI=0, link=0
06-21 06:46:45.115 I/[ 2456.042345] init( 0): starting service 'hht_ota_mgr_service'...
06-21 06:46:45.334 I/[ 2456.247998] init( 0): Service 'hht_ota_mgr_service' (pid 18376) exited with status 0
06-21 06:46:45.347 I/[ 2456.271444] init( 0): Sending signal 9 to service 'hht_ota_mgr_service' (pid 18376) process group...
06-21 06:46:45.355 I/[ 2456.280718] libprocessgroup( 0): Successfully killed process cgroup uid 0 pid 18376 in 0ms
06-21 06:46:48.432 E/[ 2459.360399] link_delay_work_func( 0): DTC_ETH: SQI=0, link=0
06-21 06:46:49.659 I/GameModeConfig( 1164): isGameModeOn = false
06-21 06:46:50.143 I/[ 2461.069300] init( 0): starting service 'hht_ota_mgr_service'...
06-21 06:46:50.341 I/[ 2461.256999] init( 0): Service 'hht_ota_mgr_service' (pid 18398) exited with status 0
06-21 06:46:50.346 I/[ 2461.280299] init( 0): Sending signal 9 to service 'hht_ota_mgr_service' (pid 18398) process group...
06-21 06:46:50.364 I/[ 2461.289685] libprocessgroup( 0): Successfully killed process cgroup uid 0 pid 18398 in 0ms
06-21 06:46:52.356 I/[ 2463.271321] [schedu][0xb0a8b3ee6][06( 0): 46:52.337830] wlan: [1861:I:WMA] [06:46:52.271000] [ROAM_TRIGGER]: VDEV[0] Reason: "LOW RSSI" Sub-Reason: FULL SCAN Cur_Rssi threshold:81 Current AP RSSI: 77
06-21 06:46:52.356 I/[ 2463.289383] [schedu][0xb0a908f6a][06( 0): 46:52.355969] wlan: [1861:I:WMA] [06:46:52.271000] [ROAM_SCAN]: VDEV[0] Scan_type: PARTIAL next_rssi_threshold: 81 dBm {5200 }
06-21 06:46:52.388 I/[ 2463.304470] [schedu][0xb0a94fb20][06( 0): 46:52.371059] wlan: [1861:I:WMA] ============================================================================================================================
06-21 06:46:52.407 I/[ 2463.323070] [schedu][0xb0a9a6e43][06( 0): 46:52.389660] wlan: [1861:I:WMA] AP BSSID TSTAMP CH TY ETP RSSI/SCR CU%/SCR TOT_SCR BL_RSN BL_SRC BL_TSTAMP BL_TIMEOUT(ms)
06-21 06:46:52.407 I/[ 2463.340862] [schedu][0xb0a9fa52d][06( 0): 46:52.407458] wlan: [1861:I:WMA] ============================================================================================================================
06-21 06:46:52.442 I/[ 2463.358629] [schedu][0xb0aa4d9c3][06( 0): 46:52.425226] wlan: [1861:I:WMA] 04:d9:f5:fb:09:94 [06:46:52.271000] 5200 P_AP 0 77/0 0/0 1791 0 0 [00:00:00.000000] 0
06-21 06:46:52.456 I/[ 2463.376297] [schedu][0xb0aaa06b7][06( 0): 46:52.442892] wlan: [1861:I:WMA] [06:46:52.331000] [ROAM_RESULT]: VDEV[0] FAILED Reason: NO AP FOUND
06-21 06:46:53.554 E/[ 2464.480192] link_delay_work_func( 0): DTC_ETH: SQI=0, link=0
06-21 06:46:55.162 I/[ 2466.089784] init( 0): starting service 'hht_ota_mgr_service'...
06-21 06:46:55.361 I/[ 2466.278569] init( 0): Service 'hht_ota_mgr_service' (pid 18420) exited with status 0
06-21 06:46:55.377 I/[ 2466.301882] init( 0): Sending signal 9 to service 'hht_ota_mgr_service' (pid 18420) process group...
06-21 06:46:55.387 I/[ 2466.311271] libprocessgroup( 0): Successfully killed process cgroup uid 0 pid 18420 in 0ms
06-21 06:46:56.500 I/[ 2467.424409] init( 0): processing action (sys.tlog.tlogdshc.active=1) from (/system/etc/init/tlogd.rc:195)
06-21 06:46:56.506 I/[ 2467.434623] init( 0): starting service 'tlogdshc'...
06-21 06:46:56.881 I/[ 2467.795286] init( 0): Service 'tlogdshc' (pid 18425) exited with status 0 oneshot service took 0.345000 seconds in background
06-21 06:46:56.881 I/[ 2467.806667] init( 0): Sending signal 9 to service 'tlogdshc' (pid 18425) process group...
06-21 06:46:56.891 I/[ 2467.815249] libprocessgroup( 0): Successfully killed process cgroup uid 0 pid 18425 in 0ms
06-21 06:46:58.675 E/[ 2469.600269] link_delay_work_func( 0): DTC_ETH: SQI=0, link=0
06-21 06:47:00.187 I/[ 2471.114893] init( 0): starting service 'hht_ota_mgr_service'...
06-21 06:47:00.388 I/[ 2471.306751] init( 0): Service 'hht_ota_mgr_service' (pid 18451) exited with status 0
06-21 06:47:00.404 I/[ 2471.328519] init( 0): Sending signal 9 to service 'hht_ota_mgr_service' (pid 18451) process group...
06-21 06:47:00.404 I/[ 2471.337713] libprocessgroup( 0): Successfully killed process cgroup uid 0 pid 18451 in 0ms
06-21 06:47:03.792 E/[ 2474.720294] link_delay_work_func( 0): DTC_ETH: SQI=0, link=0
06-21 06:47:05.212 I/[ 2476.139813] init( 0): starting service 'hht_ota_mgr_service'...
06-21 06:47:05.414 I/[ 2476.329438] init( 0): Service 'hht_ota_mgr_service' (pid 18473) exited with status 0
06-21 06:47:05.428 I/[ 2476.352657] init( 0): Sending signal 9 to service 'hht_ota_mgr_service' (pid 18473) process group...
06-21 06:47:05.437 I/[ 2476.361861] libprocessgroup( 0): Successfully killed process cgroup uid 0 pid 18473 in 0ms
06-21 06:47:05.465 I/[ 2476.380116] [schedu][0xb198bbc76][06( 0): 47:05.446703] wlan: [1861:I:WMA] [06:47:05.380000] [ROAM_TRIGGER]: VDEV[0] Reason: "LOW RSSI" Sub-Reason: FULL SCAN Cur_Rssi threshold:81 Current AP RSSI: 77
06-21 06:47:05.465 I/[ 2476.398259] [schedu][0xb199109cc][06( 0): 47:05.464801] wlan: [1861:I:WMA] [06:47:05.380000] [ROAM_SCAN]: VDEV[0] Scan_type: PARTIAL next_rssi_threshold: 81 dBm {5200 }
06-21 06:47:05.497 I/[ 2476.413266] [schedu][0xb19957379][06( 0): 47:05.479862] wlan: [1861:I:WMA] ============================================================================================================================
06-21 06:47:05.497 I/[ 2476.431050] [schedu][0xb199aa94b][06( 0): 47:05.497646] wlan: [1861:I:WMA] AP BSSID TSTAMP CH TY ETP RSSI/SCR CU%/SCR TOT_SCR BL_RSN BL_SRC BL_TSTAMP BL_TIMEOUT(ms)
06-21 06:47:05.533 I/[ 2476.448803] [schedu][0xb199fdcd5][06( 0): 47:05.515400] wlan: [1861:I:WMA] ============================================================================================================================
06-21 06:47:05.533 I/[ 2476.466635] [schedu][0xb19a515f3][06( 0): 47:05.533228] wlan: [1861:I:WMA] 04:d9:f5:fb:09:94 [06:47:05.380000] 5200 P_AP 0 77/0 0/0 1791 0 0 [00:00:00.000000] 0
06-21 06:47:05.550 I/[ 2476.484002] [schedu][0xb19aa2cb2][06( 0): 47:05.550598] wlan: [1861:I:WMA] [06:47:05.437000] [ROAM_RESULT]: VDEV[0] FAILED Reason: NO AP FOUND
06-21 06:47:08.915 E/[ 2479.840334] link_delay_work_func( 0): DTC_ETH: SQI=0, link=0
06-21 06:47:09.556 W/ActivityManager( 1164): Background start not allowed: service Intent { cmp=com.tencent.android.qqdownloader/com.tencent.assistant.sdk.SDKSupportService (has extras) } to com.tencent.android.qqdownloader/com.tencent.assistant.sdk.SDKSupportService from pid=3329 uid=10115 pkg=com.tencent.android.qqdownloader startFg?=false
06-21 06:47:09.575 W/ActivityManager( 1164): Background start not allowed: service Intent { cmp=com.tencent.android.qqdownloader/com.tencent.assistant.sdk.SDKSupportService (has extras) } to com.tencent.android.qqdownloader/com.tencent.assistant.sdk.SDKSupportService from pid=3329 uid=10115 pkg=com.tencent.android.qqdownloader startFg?=false
06-21 06:47:09.629 W/ActivityManager( 1164): Background start not allowed: service Intent { cmp=com.tencent.android.qqdownloader/com.tencent.assistant.sdk.SDKSupportService (has extras) } to com.tencent.android.qqdownloader/com.tencent.assistant.sdk.SDKSupportService from pid=3329 uid=10115 pkg=com.tencent.android.qqdownloader startFg?=false
06-21 06:47:09.638 W/ActivityManager( 1164): Background start not allowed: service Intent { cmp=com.tencent.android.qqdownloader/com.tencent.assistant.sdk.SDKSupportService (has extras) } to com.tencent.android.qqdownloader/com.tencent.assistant.sdk.SDKSupportService from pid=3329 uid=10115 pkg=com.tencent.android.qqdownloader startFg?=false
06-21 06:47:10.234 I/[ 2481.161919] init( 0): starting service 'hht_ota_mgr_service'...
06-21 06:47:10.423 W/[ 2481.345006] audit( 0): audit_lost=725 audit_rate_limit=5 audit_backlog_limit=64
06-21 06:47:10.423 E/[ 2481.352204] audit( 0): rate limit exceeded
06-21 06:47:10.447 I/[ 2481.362655] init( 0): Service 'hht_ota_mgr_service' (pid 18498) exited with status 0
06-21 06:47:10.447 I/[ 2481.370527] init( 0): Sending signal 9 to service 'hht_ota_mgr_service' (pid 18498) process group...
06-21 06:47:10.457 I/[ 2481.382118] libprocessgroup( 0): Successfully killed process cgroup uid 0 pid 18498 in 0ms
06-21 06:47:14.039 E/[ 2484.960225] link_delay_work_func( 0): DTC_ETH: SQI=0, link=0
06-21 06:47:15.262 I/[ 2486.189178] init( 0): starting service 'hht_ota_mgr_service'...
06-21 06:47:15.483 I/[ 2486.399780] init( 0): Service 'hht_ota_mgr_service' (pid 18518) exited with status 0
06-21 06:47:15.489 I/[ 2486.422823] init( 0): Sending signal 9 to service 'hht_ota_mgr_service' (pid 18518) process group...
06-21 06:47:15.507 I/[ 2486.432228] libprocessgroup( 0): Successfully killed process cgroup uid 0 pid 18518 in 0ms
06-21 06:47:19.152 E/[ 2490.080251] link_delay_work_func( 0): DTC_ETH: SQI=0, link=0
06-21 06:47:20.286 I/[ 2491.214132] init( 0): starting service 'hht_ota_mgr_service'...
06-21 06:47:20.487 I/[ 2491.400531] init( 0): Service 'hht_ota_mgr_service' (pid 18540) exited with status 0
06-21 06:47:20.498 I/[ 2491.422862] init( 0): Sending signal 9 to service 'hht_ota_mgr_service' (pid 18540) process group...
06-21 06:47:20.507 I/[ 2491.432208] libprocessgroup( 0): Successfully killed process cgroup uid 0 pid 18540 in 0ms
06-21 06:47:24.279 E/[ 2495.200356] link_delay_work_func( 0): DTC_ETH: SQI=0, link=0
06-21 06:47:25.307 I/[ 2496.234266] init( 0): starting service 'hht_ota_mgr_service'...
06-21 06:47:25.526 I/[ 2496.437729] init( 0): Service 'hht_ota_mgr_service' (pid 18565) exited with status 0
06-21 06:47:25.527 I/[ 2496.460699] init( 0): Sending signal 9 to service 'hht_ota_mgr_service' (pid 18565) process group...
06-21 06:47:25.545 I/[ 2496.469989] libprocessgroup( 0): Successfully killed process cgroup uid 0 pid 18565 in 0ms
06-21 06:47:26.505 I/[ 2497.428595] init( 0): processing action (sys.tlog.tlogdshc.active=1) from (/system/etc/init/tlogd.rc:195)
06-21 06:47:26.510 I/[ 2497.438947] init( 0): starting service 'tlogdshc'...
06-21 06:47:26.883 I/[ 2497.804923] init( 0): Service 'tlogdshc' (pid 18570) exited with status 0 oneshot service took 0.349000 seconds in background
06-21 06:47:26.883 I/[ 2497.816280] init( 0): Sending signal 9 to service 'tlogdshc' (pid 18570) process group...
06-21 06:47:26.901 I/[ 2497.824647] libprocessgroup( 0): Successfully killed process cgroup uid 0 pid 18570 in 0ms
06-21 06:47:29.393 E/[ 2500.320191] link_delay_work_func( 0): DTC_ETH: SQI=0, link=0
06-21 06:47:30.351 I/[ 2501.278046] init( 0): starting service 'hht_ota_mgr_service'...
06-21 06:47:30.563 I/[ 2501.481047] init( 0): Service 'hht_ota_mgr_service' (pid 18600) exited with status 0
06-21 06:47:30.570 I/[ 2501.504161] init( 0): Sending signal 9 to service 'hht_ota_mgr_service' (pid 18600) process group...
06-21 06:47:30.589 I/[ 2501.514408] libprocessgroup( 0): Successfully killed process cgroup uid 0 pid 18600 in 0ms
06-21 06:47:32.439 E/[ 2503.360263] [schedu][0xb386c1320][06( 0): 47:32.426845] wlan: [1861:E:PE] lim_process_addba_req: 1716: Failed to process addba request
06-21 06:47:34.514 E/[ 2505.440154] link_delay_work_func( 0): DTC_ETH: SQI=0, link=0
06-21 06:47:35.397 I/[ 2506.323192] init( 0): starting service 'hht_ota_mgr_service'...
06-21 06:47:35.450 W/ActivityManager( 1164): Unable to start service Intent { act=android.intent.action.START_LEBO_SERVICE pkg=com.hpplay.happyplay.aw } U=0: not found
06-21 06:47:35.608 I/[ 2506.518331] init( 0): Service 'hht_ota_mgr_service' (pid 18630) exited with status 0
06-21 06:47:35.618 I/[ 2506.542736] init( 0): Sending signal 9 to service 'hht_ota_mgr_service' (pid 18630) process group...
06-21 06:47:35.630 I/[ 2506.552852] libprocessgroup( 0): Successfully killed process cgroup uid 0 pid 18630 in 0ms
06-21 06:47:39.634 E/[ 2510.560245] link_delay_work_func( 0): DTC_ETH: SQI=0, link=0
06-21 06:47:40.430 I/[ 2511.357591] init( 0): starting service 'hht_ota_mgr_service'...
06-21 06:47:40.630 I/[ 2511.545016] init( 0): Service 'hht_ota_mgr_service' (pid 18672) exited with status 0
06-21 06:47:40.644 I/[ 2511.568807] init( 0): Sending signal 9 to service 'hht_ota_mgr_service' (pid 18672) process group...
06-21 06:47:40.653 I/[ 2511.578184] libprocessgroup( 0): Successfully killed process cgroup uid 0 pid 18672 in 0ms
06-21 06:47:44.754 E/[ 2515.680474] link_delay_work_func( 0): DTC_ETH: SQI=0, link=0
06-21 06:47:45.454 I/[ 2516.380347] init( 0): starting service 'hht_ota_mgr_service'...
06-21 06:47:45.666 I/[ 2516.583341] init( 0): Service 'hht_ota_mgr_service' (pid 18696) exited with status 0
06-21 06:47:45.683 I/[ 2516.607454] init( 0): Sending signal 9 to service 'hht_ota_mgr_service' (pid 18696) process group...
06-21 06:47:45.692 I/[ 2516.617469] libprocessgroup( 0): Successfully killed process cgroup uid 0 pid 18696 in 0ms
06-21 06:47:49.876 E/[ 2520.800440] link_delay_work_func( 0): DTC_ETH: SQI=0, link=0
06-21 06:47:50.498 I/[ 2521.421390] init( 0): starting service 'hht_ota_mgr_service'...
06-21 06:47:50.710 I/[ 2521.621515] init( 0): Service 'hht_ota_mgr_service' (pid 18718) exited with status 0
06-21 06:47:50.720 I/[ 2521.644444] init( 0): Sending signal 9 to service 'hht_ota_mgr_service' (pid 18718) process group...
06-21 06:47:50.728 I/[ 2521.653778] libprocessgroup( 0): Successfully killed process cgroup uid 0 pid 18718 in 0ms
06-21 06:47:51.148 I/GameModeConfig( 1164): isGameModeOn = false
06-21 06:47:54.994 E/[ 2525.920155] link_delay_work_func( 0): DTC_ETH: SQI=0, link=0
06-21 06:47:55.524 I/[ 2526.451360] init( 0): starting service 'hht_ota_mgr_service'...
06-21 06:47:55.750 I/[ 2526.664511] init( 0): Service 'hht_ota_mgr_service' (pid 18742) exited with status 0
06-21 06:47:55.755 I/[ 2526.688666] init( 0): Sending signal 9 to service 'hht_ota_mgr_service' (pid 18742) process group...
06-21 06:47:55.773 I/[ 2526.698473] libprocessgroup( 0): Successfully killed process cgroup uid 0 pid 18742 in 0ms
06-21 06:47:56.517 I/[ 2527.433982] init( 0): processing action (sys.tlog.tlogdshc.active=1) from (/system/etc/init/tlogd.rc:195)
06-21 06:47:56.517 I/[ 2527.446002] init( 0): starting service 'tlogdshc'...
06-21 06:47:56.868 I/[ 2527.781216] init( 0): Service 'tlogdshc' (pid 18746) exited with status 0 oneshot service took 0.309000 seconds in background
06-21 06:47:56.868 I/[ 2527.793111] init( 0): Sending signal 9 to service 'tlogdshc' (pid 18746) process group...
06-21 06:47:56.877 I/[ 2527.802108] libprocessgroup( 0): Successfully killed process cgroup uid 0 pid 18746 in 0ms
06-21 06:48:00.114 E/[ 2531.040127] link_delay_work_func( 0): DTC_ETH: SQI=0, link=0
06-21 06:48:00.574 I/[ 2531.500007] init( 0): starting service 'hht_ota_mgr_service'...
06-21 06:48:00.790 I/[ 2531.705756] init( 0): Service 'hht_ota_mgr_service' (pid 18777) exited with status 0
06-21 06:48:00.805 I/[ 2531.729171] init( 0): Sending signal 9 to service 'hht_ota_mgr_service' (pid 18777) process group...
06-21 06:48:00.814 I/[ 2531.739190] libprocessgroup( 0): Successfully killed process cgroup uid 0 pid 18777 in 0ms
06-21 06:48:02.347 W/ActivityManager( 1164): Background start not allowed: service Intent { cmp=com.tencent.android.qqdownloader/com.tencent.assistant.sdk.SDKSupportService (has extras) } to com.tencent.android.qqdownloader/com.tencent.assistant.sdk.SDKSupportService from pid=3329 uid=10115 pkg=com.tencent.android.qqdownloader startFg?=false
06-21 06:48:02.361 W/ActivityManager( 1164): Background start not allowed: service Intent { cmp=com.tencent.android.qqdownloader/com.tencent.assistant.sdk.SDKSupportService (has extras) } to com.tencent.android.qqdownloader/com.tencent.assistant.sdk.SDKSupportService from pid=3329 uid=10115 pkg=com.tencent.android.qqdownloader startFg?=false
06-21 06:48:02.415 W/ActivityManager( 1164): Background start not allowed: service Intent { cmp=com.tencent.android.qqdownloader/com.tencent.assistant.sdk.SDKSupportService (has extras) } to com.tencent.android.qqdownloader/com.tencent.assistant.sdk.SDKSupportService from pid=3329 uid=10115 pkg=com.tencent.android.qqdownloader startFg?=false
06-21 06:48:02.425 W/ActivityManager( 1164): Background start not allowed: service Intent { cmp=com.tencent.android.qqdownloader/com.tencent.assistant.sdk.SDKSupportService (has extras) } to com.tencent.android.qqdownloader/com.tencent.assistant.sdk.SDKSupportService from pid=3329 uid=10115 pkg=com.tencent.android.qqdownloader startFg?=false
06-21 06:48:05.235 E/[ 2536.160260] link_delay_work_func( 0): DTC_ETH: SQI=0, link=0
06-21 06:48:05.602 I/[ 2536.526059] init( 0): starting service 'hht_ota_mgr_service'...
06-21 06:48:05.814 I/[ 2536.728611] init( 0): Service 'hht_ota_mgr_service' (pid 18799) exited with status 0
06-21 06:48:05.827 I/[ 2536.751678] init( 0): Sending signal 9 to service 'hht_ota_mgr_service' (pid 18799) process group...
06-21 06:48:05.847 I/[ 2536.761715] libprocessgroup( 0): Successfully killed process cgroup uid 0 pid 18799 in 0ms
06-21 06:48:10.355 E/[ 2541.280309] link_delay_work_func( 0): DTC_ETH: SQI=0, link=0
06-21 06:48:10.636 I/[ 2541.563633] init( 0): starting service 'hht_ota_mgr_service'...
06-21 06:48:10.863 I/[ 2541.776307] init( 0): Service 'hht_ota_mgr_service' (pid 18822) exited with status 0
06-21 06:48:10.880 I/[ 2541.805014] init( 0): Sending signal 9 to service 'hht_ota_mgr_service' (pid 18822) process group...
06-21 06:48:10.889 I/[ 2541.814953] libprocessgroup( 0): Successfully killed process cgroup uid 0 pid 18822 in 0ms
06-21 06:48:15.475 E/[ 2546.400265] link_delay_work_func( 0): DTC_ETH: SQI=0, link=0
06-21 06:48:15.687 I/[ 2546.610468] init( 0): starting service 'hht_ota_mgr_service'...
06-21 06:48:15.898 I/[ 2546.817115] init( 0): Service 'hht_ota_mgr_service' (pid 18846) exited with status 0
06-21 06:48:15.915 I/[ 2546.839429] init( 0): Sending signal 9 to service 'hht_ota_mgr_service' (pid 18846) process group...
06-21 06:48:15.924 I/[ 2546.849585] libprocessgroup( 0): Successfully killed process cgroup uid 0 pid 18846 in 0ms
06-21 06:48:20.594 E/[ 2551.520295] link_delay_work_func( 0): DTC_ETH: SQI=0, link=0
06-21 06:48:20.695 I/JobServiceContext( 1164): Letting d8fcdd9 #u0a105/539 com.smile.gifmaker/androidx.work.impl.background.systemjob.SystemJobService continue to run past min execution time
06-21 06:48:20.728 I/[ 2551.655548] init( 0): starting service 'hht_ota_mgr_service'...
06-21 06:48:20.951 I/[ 2551.865046] init( 0): Service 'hht_ota_mgr_service' (pid 18868) exited with status 0
06-21 06:48:20.964 I/[ 2551.888413] init( 0): Sending signal 9 to service 'hht_ota_mgr_service' (pid 18868) process group...
06-21 06:48:20.975 I/[ 2551.898272] libprocessgroup( 0): Successfully killed process cgroup uid 0 pid 18868 in 0ms
06-21 06:48:25.714 E/[ 2556.640254] link_delay_work_func( 0): DTC_ETH: SQI=0, link=0
06-21 06:48:25.779 I/[ 2556.703189] init( 0): starting service 'hht_ota_mgr_service'...
06-21 06:48:25.985 I/[ 2556.908590] init( 0): Service 'hht_ota_mgr_service' (pid 18889) exited with status 0
06-21 06:48:26.002 I/[ 2556.926289] init( 0): Sending signal 9 to service 'hht_ota_mgr_service' (pid 18889) process group...
06-21 06:48:26.002 I/[ 2556.935654] libprocessgroup( 0): Successfully killed process cgroup uid 0 pid 18889 in 0ms
06-21 06:48:26.514 I/[ 2557.437720] init( 0): processing action (sys.tlog.tlogdshc.active=1) from (/system/etc/init/tlogd.rc:195)
06-21 06:48:26.521 I/[ 2557.449501] init( 0): starting service 'tlogdshc'...
06-21 06:48:26.885 I/[ 2557.799568] init( 0): Service 'tlogdshc' (pid 18892) exited with status 0 oneshot service took 0.327000 seconds in background
06-21 06:48:26.885 I/[ 2557.810915] init( 0): Sending signal 9 to service 'tlogdshc' (pid 18892) process group...
06-21 06:48:26.896 I/[ 2557.819481] libprocessgroup( 0): Successfully killed process cgroup uid 0 pid 18892 in 0ms
06-21 06:48:30.822 I/[ 2561.749695] init( 0): starting service 'hht_ota_mgr_service'...
06-21 06:48:30.841 E/[ 2561.760176] link_delay_work_func( 0): DTC_ETH: SQI=0, link=0
06-21 06:48:31.018 I/[ 2561.936324] init( 0): Service 'hht_ota_mgr_service' (pid 18924) exited with status 0
06-21 06:48:31.034 I/[ 2561.959144] init( 0): Sending signal 9 to service 'hht_ota_mgr_service' (pid 18924) process group...
06-21 06:48:31.043 I/[ 2561.968495] libprocessgroup( 0): Successfully killed process cgroup uid 0 pid 18924 in 0ms
06-21 06:48:33.471 E/[ 2564.391550] [schedu][0xb7e445485][06( 0): 48:33.458119] wlan: [1861:E:PE] lim_process_addba_req: 1716: Failed to process addba request
06-21 06:48:35.852 I/[ 2566.779690] init( 0): starting service 'hht_ota_mgr_service'...
06-21 06:48:35.955 E/[ 2566.880311] link_delay_work_func( 0): DTC_ETH: SQI=0, link=0
06-21 06:48:36.070 I/[ 2566.985894] init( 0): Service 'hht_ota_mgr_service' (pid 18945) exited with status 0
06-21 06:48:36.084 I/[ 2567.009177] init( 0): Sending signal 9 to service 'hht_ota_mgr_service' (pid 18945) process group...
06-21 06:48:36.093 I/[ 2567.018487] libprocessgroup( 0): Successfully killed process cgroup uid 0 pid 18945 in 0ms
06-21 06:48:40.902 I/[ 2571.830076] init( 0): starting service 'hht_ota_mgr_service'...
06-21 06:48:41.078 E/[ 2572.000164] link_delay_work_func( 0): DTC_ETH: SQI=0, link=0
06-21 06:48:41.103 I/[ 2572.021770] init( 0): Service 'hht_ota_mgr_service' (pid 18966) exited with status 0
06-21 06:48:41.120 I/[ 2572.044351] init( 0): Sending signal 9 to service 'hht_ota_mgr_service' (pid 18966) process group...
06-21 06:48:41.128 I/[ 2572.053654] libprocessgroup( 0): Successfully killed process cgroup uid 0 pid 18966 in 0ms
06-21 06:48:42.791 D/ActivityManager( 1164): freezing 2610 com.thundercomm.gamemode.provider
06-21 06:48:42.799 E/ActivityManager( 1164): Unable to freeze binder for 2610 com.thundercomm.gamemode.provider
06-21 06:48:42.802 I/[ 2573.725409] binder( 0): 1164:1828 ioctl 400c620e 6f3e1fb5d8 returned -22
06-21 06:48:42.803 D/ActivityManager( 1164): froze 2610 com.thundercomm.gamemode.provider
06-21 06:48:42.810 I/[ 2573.736974] binder( 0): 1164:1828 ioctl c00c620f 6f3e1fb5b8 returned -22
06-21 06:48:42.810 E/ActivityManager( 1164): Unable to freeze binder for 2610 com.thundercomm.gamemode.provider
06-21 06:48:42.812 D/ActivityManager( 1164): freezing 4254 com.qti.diagservices
06-21 06:48:42.819 I/[ 2573.746372] binder( 0): 1164:1828 ioctl 400c620e 6f3e1fb5d8 returned -22
06-21 06:48:42.819 E/ActivityManager( 1164): Unable to freeze binder for 4254 com.qti.diagservices
06-21 06:48:42.821 D/ActivityManager( 1164): froze 4254 com.qti.diagservices
06-21 06:48:42.828 E/ActivityManager( 1164): Unable to freeze binder for 4254 com.qti.diagservices
06-21 06:48:42.829 I/ActivityManager( 1164): Killing 2610:com.thundercomm.gamemode.provider/u0a64 (adj 945): Unable to freeze binder interface
06-21 06:48:42.831 I/ActivityManager( 1164): Killing 4254:com.qti.diagservices/1000 (adj 999): Unable to freeze binder interface
06-21 06:48:42.833 I/[ 2573.754735] binder( 0): 1164:1828 ioctl c00c620f 6f3e1fb5b8 returned -22
06-21 06:48:42.950 W/ActivityManager( 1164): Scheduling restart of crashed service com.qti.diagservices/.QTIDiagServices in 1000ms for start-requested
06-21 06:48:43.954 D/CompatibilityChangeReporter( 1164): Compat change id reported: 135634846; UID 1000; state: DISABLED
06-21 06:48:43.955 D/CompatibilityChangeReporter( 1164): Compat change id reported: 177438394; UID 1000; state: DISABLED
06-21 06:48:43.955 D/CompatibilityChangeReporter( 1164): Compat change id reported: 135772972; UID 1000; state: DISABLED
06-21 06:48:43.955 D/CompatibilityChangeReporter( 1164): Compat change id reported: 135754954; UID 1000; state: ENABLED
06-21 06:48:44.020 W/ActivityManager( 1164): Slow operation: 68ms so far, now at startProcess: returned from zygote!
06-21 06:48:44.020 W/ActivityManager( 1164): Slow operation: 69ms so far, now at startProcess: done updating battery stats
06-21 06:48:44.020 W/ActivityManager( 1164): Slow operation: 69ms so far, now at startProcess: building log message
06-21 06:48:44.021 I/ActivityManager( 1164): Start proc 18982:com.qti.diagservices/1000 for service {com.qti.diagservices/com.qti.diagservices.QTIDiagServices}
06-21 06:48:44.021 W/ActivityManager( 1164): Slow operation: 69ms so far, now at startProcess: starting to update pids map
06-21 06:48:44.021 W/ActivityManager( 1164): Slow operation: 69ms so far, now at startProcess: done updating pids map
06-21 06:48:44.089 I/[ 2575.015926] binder( 0): 18982:18982 ioctl 40046210 7fd1008be4 returned -22
06-21 06:48:45.931 I/[ 2576.855400] init( 0): starting service 'hht_ota_mgr_service'...
06-21 06:48:46.154 I/[ 2577.081080] init( 0): Service 'hht_ota_mgr_service' (pid 19009) exited with status 0
06-21 06:48:46.165 I/[ 2577.089707] init( 0): Sending signal 9 to service 'hht_ota_mgr_service' (pid 19009) process group...
06-21 06:48:46.174 I/[ 2577.099638] libprocessgroup( 0): Successfully killed process cgroup uid 0 pid 19009 in 0ms
06-21 06:48:46.195 E/[ 2577.120147] link_delay_work_func( 0): DTC_ETH: SQI=0, link=0
06-21 06:48:50.979 I/[ 2581.905733] init( 0): starting service 'hht_ota_mgr_service'...
06-21 06:48:51.202 I/[ 2582.116730] init( 0): Service 'hht_ota_mgr_service' (pid 19032) exited with status 0
06-21 06:48:51.217 I/[ 2582.141305] init( 0): Sending signal 9 to service 'hht_ota_mgr_service' (pid 19032) process group...
06-21 06:48:51.227 I/[ 2582.151381] libprocessgroup( 0): Successfully killed process cgroup uid 0 pid 19032 in 0ms
06-21 06:48:51.318 E/[ 2582.243278] link_delay_work_func( 0): DTC_ETH: SQI=0, link=0
06-21 06:48:52.625 I/GameModeConfig( 1164): isGameModeOn = false
06-21 06:48:56.017 I/[ 2586.944690] init( 0): starting service 'hht_ota_mgr_service'...
06-21 06:48:56.226 I/[ 2587.144196] init( 0): Service 'hht_ota_mgr_service' (pid 19052) exited with status 0
06-21 06:48:56.243 I/[ 2587.167788] init( 0): Sending signal 9 to service 'hht_ota_mgr_service' (pid 19052) process group...
06-21 06:48:56.254 I/[ 2587.177705] libprocessgroup( 0): Successfully killed process cgroup uid 0 pid 19052 in 0ms
06-21 06:48:56.434 E/[ 2587.360171] link_delay_work_func( 0): DTC_ETH: SQI=0, link=0
06-21 06:48:56.520 I/[ 2587.443989] init( 0): processing action (sys.tlog.tlogdshc.active=1) from (/system/etc/init/tlogd.rc:195)
06-21 06:48:56.526 I/[ 2587.454876] init( 0): starting service 'tlogdshc'...
06-21 06:48:56.898 I/[ 2587.809563] init( 0): Service 'tlogdshc' (pid 19055) exited with status 0 oneshot service took 0.327000 seconds in background
06-21 06:48:56.898 I/[ 2587.821314] init( 0): Sending signal 9 to service 'tlogdshc' (pid 19055) process group...
06-21 06:48:56.898 I/[ 2587.830449] libprocessgroup( 0): Successfully killed process cgroup uid 0 pid 19055 in 0ms
06-21 06:48:59.069 W/ActivityManager( 1164): Background start not allowed: service Intent { cmp=com.tencent.android.qqdownloader/com.tencent.assistant.sdk.SDKSupportService (has extras) } to com.tencent.android.qqdownloader/com.tencent.assistant.sdk.SDKSupportService from pid=3329 uid=10115 pkg=com.tencent.android.qqdownloader startFg?=false
06-21 06:48:59.082 W/ActivityManager( 1164): Background start not allowed: service Intent { cmp=com.tencent.android.qqdownloader/com.tencent.assistant.sdk.SDKSupportService (has extras) } to com.tencent.android.qqdownloader/com.tencent.assistant.sdk.SDKSupportService from pid=3329 uid=10115 pkg=com.tencent.android.qqdownloader startFg?=false
06-21 06:48:59.133 W/ActivityManager( 1164): Background start not allowed: service Intent { cmp=com.tencent.android.qqdownloader/com.tencent.assistant.sdk.SDKSupportService (has extras) } to com.tencent.android.qqdownloader/com.tencent.assistant.sdk.SDKSupportService from pid=3329 uid=10115 pkg=com.tencent.android.qqdownloader startFg?=false
06-21 06:48:59.143 W/ActivityManager( 1164): Background start not allowed: service Intent { cmp=com.tencent.android.qqdownloader/com.tencent.assistant.sdk.SDKSupportService (has extras) } to com.tencent.android.qqdownloader/com.tencent.assistant.sdk.SDKSupportService from pid=3329 uid=10115 pkg=com.tencent.android.qqdownloader startFg?=false
06-21 06:49:01.062 I/[ 2591.987224] init( 0): starting service 'hht_ota_mgr_service'...
06-21 06:49:01.286 I/[ 2592.204637] init( 0): Service 'hht_ota_mgr_service' (pid 19086) exited with status 0
06-21 06:49:01.303 I/[ 2592.227696] init( 0): Sending signal 9 to service 'hht_ota_mgr_service' (pid 19086) process group...
06-21 06:49:01.312 I/[ 2592.237978] libprocessgroup( 0): Successfully killed process cgroup uid 0 pid 19086 in 0ms
06-21 06:49:01.555 E/[ 2592.480170] link_delay_work_func( 0): DTC_ETH: SQI=0, link=0
06-21 06:49:06.100 I/[ 2597.027947] init( 0): starting service 'hht_ota_mgr_service'...
06-21 06:49:06.310 I/[ 2597.225547] init( 0): Service 'hht_ota_mgr_service' (pid 19108) exited with status 0
06-21 06:49:06.324 I/[ 2597.248821] init( 0): Sending signal 9 to service 'hht_ota_mgr_service' (pid 19108) process group...
06-21 06:49:06.334 I/[ 2597.259015] libprocessgroup( 0): Successfully killed process cgroup uid 0 pid 19108 in 0ms
06-21 06:49:06.679 E/[ 2597.600504] link_delay_work_func( 0): DTC_ETH: SQI=0, link=0
06-21 06:49:11.127 I/[ 2602.053465] init( 0): starting service 'hht_ota_mgr_service'...
06-21 06:49:11.350 I/[ 2602.264972] init( 0): Service 'hht_ota_mgr_service' (pid 19132) exited with status 0
06-21 06:49:11.373 I/[ 2602.288612] init( 0): Sending signal 9 to service 'hht_ota_mgr_service' (pid 19132) process group...
06-21 06:49:11.373 I/[ 2602.298377] libprocessgroup( 0): Successfully killed process cgroup uid 0 pid 19132 in 0ms
06-21 06:49:11.792 E/[ 2602.720275] link_delay_work_func( 0): DTC_ETH: SQI=0, link=0
06-21 06:49:16.178 I/[ 2607.103918] init( 0): starting service 'hht_ota_mgr_service'...
06-21 06:49:16.391 I/[ 2607.309079] init( 0): Service 'hht_ota_mgr_service' (pid 19154) exited with status 0
06-21 06:49:16.407 I/[ 2607.331426] init( 0): Sending signal 9 to service 'hht_ota_mgr_service' (pid 19154) process group...
06-21 06:49:16.416 I/[ 2607.341257] libprocessgroup( 0): Successfully killed process cgroup uid 0 pid 19154 in 0ms
06-21 06:49:16.915 E/[ 2607.840176] link_delay_work_func( 0): DTC_ETH: SQI=0, link=0
06-21 06:49:21.211 I/[ 2612.138394] init( 0): starting service 'hht_ota_mgr_service'...
06-21 06:49:21.414 I/[ 2612.328465] init( 0): Service 'hht_ota_mgr_service' (pid 19176) exited with status 0
06-21 06:49:21.427 I/[ 2612.351805] init( 0): Sending signal 9 to service 'hht_ota_mgr_service' (pid 19176) process group...
06-21 06:49:21.436 I/[ 2612.361134] libprocessgroup( 0): Successfully killed process cgroup uid 0 pid 19176 in 0ms
06-21 06:49:22.033 E/[ 2612.960457] link_delay_work_func( 0): DTC_ETH: SQI=0, link=0
06-21 06:49:26.238 I/[ 2617.165638] init( 0): starting service 'hht_ota_mgr_service'...
06-21 06:49:26.462 I/[ 2617.377934] init( 0): Service 'hht_ota_mgr_service' (pid 19198) exited with status 0
06-21 06:49:26.476 I/[ 2617.400143] init( 0): Sending signal 9 to service 'hht_ota_mgr_service' (pid 19198) process group...
06-21 06:49:26.476 I/[ 2617.409445] libprocessgroup( 0): Successfully killed process cgroup uid 0 pid 19198 in 0ms
06-21 06:49:26.527 I/[ 2617.447494] init( 0): processing action (sys.tlog.tlogdshc.active=1) from (/system/etc/init/tlogd.rc:195)
06-21 06:49:26.527 I/[ 2617.458432] init( 0): starting service 'tlogdshc'...
06-21 06:49:26.882 I/[ 2617.795109] init( 0): Service 'tlogdshc' (pid 19199) exited with status 0 oneshot service took 0.318000 seconds in background
06-21 06:49:26.882 I/[ 2617.807833] init( 0): Sending signal 9 to service 'tlogdshc' (pid 19199) process group...
06-21 06:49:26.892 I/[ 2617.817252] libprocessgroup( 0): Successfully killed process cgroup uid 0 pid 19199 in 0ms
06-21 06:49:27.155 E/[ 2618.080366] link_delay_work_func( 0): DTC_ETH: SQI=0, link=0
06-21 06:49:31.266 I/[ 2622.189595] init( 0): starting service 'hht_ota_mgr_service'...
06-21 06:49:31.482 I/[ 2622.398163] init( 0): Service 'hht_ota_mgr_service' (pid 19229) exited with status 0
06-21 06:49:31.497 I/[ 2622.421315] init( 0): Sending signal 9 to service 'hht_ota_mgr_service' (pid 19229) process group...
06-21 06:49:31.505 I/[ 2622.430650] libprocessgroup( 0): Successfully killed process cgroup uid 0 pid 19229 in 0ms
06-21 06:49:32.274 E/[ 2623.200299] link_delay_work_func( 0): DTC_ETH: SQI=0, link=0
06-21 06:49:34.459 E/[ 2625.379494] [schedu][0xbc40fe598][06( 0): 49:34.446078] wlan: [1861:E:PE] lim_process_addba_req: 1716: Failed to process addba request
06-21 06:49:36.303 I/[ 2627.229693] init( 0): starting service 'hht_ota_mgr_service'...
06-21 06:49:36.499 I/[ 2627.417174] init( 0): Service 'hht_ota_mgr_service' (pid 19253) exited with status 0
