06-21 06:06:50.145 W/PackageParsing( 3329): Ignoring duplicate uses-permissions/uses-permissions-sdk-m: android.permission.ACCESS_COARSE_LOCATION in package: com.tencent.android.qqdownloader at: Binary XML file line #241
06-21 06:06:50.146 W/PackageParsing( 3329): Ignoring duplicate uses-permissions/uses-permissions-sdk-m: android.permission.ACCESS_FINE_LOCATION in package: com.tencent.android.qqdownloader at: Binary XML file line #242
06-21 06:06:50.146 W/PackageParsing( 3329): Ignoring duplicate uses-permissions/uses-permissions-sdk-m: android.permission.ACCESS_NETWORK_STATE in package: com.tencent.android.qqdownloader at: Binary XML file line #243
06-21 06:06:50.146 W/PackageParsing( 3329): Ignoring duplicate uses-permissions/uses-permissions-sdk-m: android.permission.ACCESS_WIFI_STATE in package: com.tencent.android.qqdownloader at: Binary XML file line #244
06-21 06:06:50.146 W/PackageParsing( 3329): Ignoring duplicate uses-permissions/uses-permissions-sdk-m: android.permission.CAMERA in package: com.tencent.android.qqdownloader at: Binary XML file line #246
06-21 06:06:50.146 W/PackageParsing( 3329): Ignoring duplicate uses-permissions/uses-permissions-sdk-m: android.permission.WRITE_EXTERNAL_STORAGE in package: com.tencent.android.qqdownloader at: Binary XML file line #247
06-21 06:06:50.148 W/PackageParsing( 3329): No actions in intent-filter at /data/user/0/com.tencent.android.qqdownloader/files/shell/8_8444130_923/base.apk Binary XML file line #444
06-21 06:06:50.148 W/PackageParsing( 3329): No actions in intent-filter at /data/user/0/com.tencent.android.qqdownloader/files/shell/8_8444130_923/base.apk Binary XML file line #464
06-21 06:06:50.148 W/PackageParsing( 3329): No actions in intent-filter at /data/user/0/com.tencent.android.qqdownloader/files/shell/8_8444130_923/base.apk Binary XML file line #501
06-21 06:06:50.149 W/PackageParsing( 3329): No actions in intent-filter at /data/user/0/com.tencent.android.qqdownloader/files/shell/8_8444130_923/base.apk Binary XML file line #537
06-21 06:06:50.149 W/PackageParsing( 3329): No actions in intent-filter at /data/user/0/com.tencent.android.qqdownloader/files/shell/8_8444130_923/base.apk Binary XML file line #573
06-21 06:06:50.149 W/PackageParsing( 3329): No actions in intent-filter at /data/user/0/com.tencent.android.qqdownloader/files/shell/8_8444130_923/base.apk Binary XML file line #609
06-21 06:06:50.154 W/PackageParsing( 3329): No actions in intent-filter at /data/user/0/com.tencent.android.qqdownloader/files/shell/8_8444130_923/base.apk Binary XML file line #1712
06-21 06:06:50.175 W/ActivityManager( 1164): Background start not allowed: service Intent { cmp=com.tencent.android.qqdownloader/com.live.sync.YYBLiveAuthService } to com.tencent.android.qqdownloader/com.live.sync.YYBLiveAuthService from pid=3329 uid=10115 pkg=com.tencent.android.qqdownloader startFg?=false
06-21 06:06:50.195 I/[ 61.127461] binder( 0): 3563:3563 ioctl 40046210 7fd1008be4 returned -22
06-21 06:06:50.219 E/[ 61.136676] [schedu][0x4d84e338][06( 0): 06:50.203274] wlan: [1861:E:PE] lim_process_addba_req: 1716: Failed to process addba request
06-21 06:06:50.634 D/CompatibilityChangeReporter( 1164): Compat change id reported: 172100307; UID 10090; state: DISABLED
06-21 06:06:50.851 D/CompatibilityChangeReporter( 1164): Compat change id reported: 171306433; UID 10035; state: DISABLED
06-21 06:06:51.134 E/[ 62.044560] [schedu][0x4e8ede66][06( 0): 06:51.111156] wlan: [1861:E:PE] lim_process_addba_req: 1716: Failed to process addba request
06-21 06:06:51.339 W/ActivityTaskManager( 1164): Current config: {1.0 ?mcc?mnc [zh_CN] ldltr sw720dp w1706dp h665dp 240dpi lrg long hdr land finger -keyb/v/h -nav/h winConfig={ mBounds=Rect(0, 0 - 2560, 1080) mAppBounds=Rect(0, 0 - 2560, 1034) mMaxBounds=Rect(0, 0 - 2560, 1080) mWindowingMode=fullscreen mDisplayWindowingMode=fullscreen mActivityType=undefined mAlwaysOnTop=undefined mRotation=ROTATION_0} s.10 fontWeightAdjustment=0} unchanged for IME proc com.baidu.input
06-21 06:06:51.340 W/ActivityTaskManager( 1164): Current config: {1.0 ?mcc?mnc [zh_CN] ldltr sw720dp w1706dp h665dp 240dpi lrg long hdr land finger -keyb/v/h -nav/h winConfig={ mBounds=Rect(0, 0 - 2560, 1080) mAppBounds=Rect(0, 0 - 2560, 1034) mMaxBounds=Rect(0, 0 - 2560, 1080) mWindowingMode=fullscreen mDisplayWindowingMode=fullscreen mActivityType=undefined mAlwaysOnTop=undefined mRotation=ROTATION_0} s.10 fontWeightAdjustment=0} unchanged for IME proc com.baidu.input
06-21 06:06:51.392 D/CompatibilityChangeReporter( 1164): Compat change id reported: 135634846; UID 10115; state: DISABLED
06-21 06:06:51.393 D/CompatibilityChangeReporter( 1164): Compat change id reported: 177438394; UID 10115; state: DISABLED
06-21 06:06:51.393 D/CompatibilityChangeReporter( 1164): Compat change id reported: 135772972; UID 10115; state: DISABLED
06-21 06:06:51.394 D/CompatibilityChangeReporter( 1164): Compat change id reported: 135754954; UID 10115; state: DISABLED
06-21 06:06:51.395 D/CompatibilityChangeReporter( 1164): Compat change id reported: 143937733; UID 10115; state: DISABLED
06-21 06:06:51.450 W/[ 62.378930] audit( 0): audit_lost=1 audit_rate_limit=5 audit_backlog_limit=64
06-21 06:06:51.450 E/[ 62.378941] audit( 0): rate limit exceeded
06-21 06:06:51.452 W/ActivityManager( 1164): Background start not allowed: service Intent { cmp=com.tencent.android.qqdownloader/com.tencent.assistant.sdk.SDKSupportService (has extras) } to com.tencent.android.qqdownloader/com.tencent.assistant.sdk.SDKSupportService from pid=3329 uid=10115 pkg=com.tencent.android.qqdownloader startFg?=false
06-21 06:06:51.490 W/ActivityManager( 1164): Slow operation: 98ms so far, now at startProcess: returned from zygote!
06-21 06:06:51.490 W/ActivityManager( 1164): Slow operation: 99ms so far, now at startProcess: done updating battery stats
06-21 06:06:51.490 W/ActivityManager( 1164): Slow operation: 99ms so far, now at startProcess: building log message
06-21 06:06:51.490 I/ActivityManager( 1164): Start proc 3687:com.tencent.android.qqdownloader/u0a115 for content provider {com.tencent.android.qqdownloader/com.tencent.assistant.db.contentprovider.WallpaperProvider}
06-21 06:06:51.491 W/ActivityManager( 1164): Slow operation: 99ms so far, now at startProcess: starting to update pids map
06-21 06:06:51.491 W/PackageParsing( 3563): Ignoring duplicate uses-permissions/uses-permissions-sdk-m: android.permission.CAMERA in package: com.tencent.android.qqdownloader at: Binary XML file line #170
06-21 06:06:51.491 W/PackageParsing( 3563): Ignoring duplicate uses-permissions/uses-permissions-sdk-m: android.permission.ACCESS_NETWORK_STATE in package: com.tencent.android.qqdownloader at: Binary XML file line #171
06-21 06:06:51.491 W/PackageParsing( 3563): Ignoring duplicate uses-permissions/uses-permissions-sdk-m: android.permission.ACCESS_WIFI_STATE in package: com.tencent.android.qqdownloader at: Binary XML file line #172
06-21 06:06:51.491 W/PackageParsing( 3563): Ignoring duplicate uses-permissions/uses-permissions-sdk-m: android.permission.CHANGE_WIFI_STATE in package: com.tencent.android.qqdownloader at: Binary XML file line #173
06-21 06:06:51.491 W/PackageParsing( 3563): Ignoring duplicate uses-permissions/uses-permissions-sdk-m: android.permission.CHANGE_NETWORK_STATE in package: com.tencent.android.qqdownloader at: Binary XML file line #177
06-21 06:06:51.492 W/PackageParsing( 3563): Ignoring duplicate uses-permissions/uses-permissions-sdk-m: android.permission.INTERNET in package: com.tencent.android.qqdownloader at: Binary XML file line #178
06-21 06:06:51.492 W/PackageParsing( 3563): Ignoring duplicate uses-permissions/uses-permissions-sdk-m: android.permission.WRITE_EXTERNAL_STORAGE in package: com.tencent.android.qqdownloader at: Binary XML file line #182
06-21 06:06:51.492 W/PackageParsing( 3563): Ignoring duplicate uses-permissions/uses-permissions-sdk-m: android.permission.INTERNET in package: com.tencent.android.qqdownloader at: Binary XML file line #240
06-21 06:06:51.493 W/PackageParsing( 3563): Ignoring duplicate uses-permissions/uses-permissions-sdk-m: android.permission.ACCESS_COARSE_LOCATION in package: com.tencent.android.qqdownloader at: Binary XML file line #241
06-21 06:06:51.493 W/PackageParsing( 3563): Ignoring duplicate uses-permissions/uses-permissions-sdk-m: android.permission.ACCESS_FINE_LOCATION in package: com.tencent.android.qqdownloader at: Binary XML file line #242
06-21 06:06:51.493 W/PackageParsing( 3563): Ignoring duplicate uses-permissions/uses-permissions-sdk-m: android.permission.ACCESS_NETWORK_STATE in package: com.tencent.android.qqdownloader at: Binary XML file line #243
06-21 06:06:51.493 W/PackageParsing( 3563): Ignoring duplicate uses-permissions/uses-permissions-sdk-m: android.permission.ACCESS_WIFI_STATE in package: com.tencent.android.qqdownloader at: Binary XML file line #244
06-21 06:06:51.493 W/PackageParsing( 3563): Ignoring duplicate uses-permissions/uses-permissions-sdk-m: android.permission.CAMERA in package: com.tencent.android.qqdownloader at: Binary XML file line #246
06-21 06:06:51.493 W/PackageParsing( 3563): Ignoring duplicate uses-permissions/uses-permissions-sdk-m: android.permission.WRITE_EXTERNAL_STORAGE in package: com.tencent.android.qqdownloader at: Binary XML file line #247
06-21 06:06:51.494 W/ActivityManager( 1164): Slow operation: 102ms so far, now at startProcess: done updating pids map
06-21 06:06:51.523 W/PackageParsing( 3563): No actions in intent-filter at /data/user/0/com.tencent.android.qqdownloader/files/shell/8_8444130_923/base.apk Binary XML file line #444
06-21 06:06:51.523 W/PackageParsing( 3563): No actions in intent-filter at /data/user/0/com.tencent.android.qqdownloader/files/shell/8_8444130_923/base.apk Binary XML file line #464
06-21 06:06:51.523 W/PackageParsing( 3563): No actions in intent-filter at /data/user/0/com.tencent.android.qqdownloader/files/shell/8_8444130_923/base.apk Binary XML file line #501
06-21 06:06:51.524 W/PackageParsing( 3563): No actions in intent-filter at /data/user/0/com.tencent.android.qqdownloader/files/shell/8_8444130_923/base.apk Binary XML file line #537
06-21 06:06:51.524 W/PackageParsing( 3563): No actions in intent-filter at /data/user/0/com.tencent.android.qqdownloader/files/shell/8_8444130_923/base.apk Binary XML file line #573
06-21 06:06:51.524 W/PackageParsing( 3563): No actions in intent-filter at /data/user/0/com.tencent.android.qqdownloader/files/shell/8_8444130_923/base.apk Binary XML file line #609
06-21 06:06:51.529 W/PackageParsing( 3563): No actions in intent-filter at /data/user/0/com.tencent.android.qqdownloader/files/shell/8_8444130_923/base.apk Binary XML file line #1712
06-21 06:06:51.557 W/ActivityManager( 1164): Background start not allowed: service Intent { cmp=com.tencent.android.qqdownloader/com.tencent.assistant.daemon.CoreService } to com.tencent.android.qqdownloader/com.tencent.assistant.daemon.CoreService from pid=3563 uid=10115 pkg=com.tencent.android.qqdownloader startFg?=false
06-21 06:06:51.603 I/[ 62.535526] binder( 0): 3687:3687 ioctl 40046210 7fd1008be4 returned -22
06-21 06:06:51.635 W/ActivityManager( 1164): Background start not allowed: service Intent { cmp=com.tencent.android.qqdownloader/com.tencent.assistant.main.MainService } to com.tencent.android.qqdownloader/com.tencent.assistant.main.MainService from pid=3563 uid=10115 pkg=com.tencent.android.qqdownloader startFg?=false
06-21 06:06:51.662 D/CompatibilityChangeReporter( 1164): Compat change id reported: 149924527; UID 10115; state: ENABLED
06-21 06:06:51.662 D/CompatibilityChangeReporter( 1164): Compat change id reported: 132649864; UID 10115; state: DISABLED
06-21 06:06:51.665 W/ActivityManager( 1164): Background start not allowed: service Intent { cmp=com.tencent.android.qqdownloader/com.tencent.assistant.main.MainService } to com.tencent.android.qqdownloader/com.tencent.assistant.main.MainService from pid=3563 uid=10115 pkg=com.tencent.android.qqdownloader startFg?=false
06-21 06:06:51.685 W/ActivityManager( 1164): Background start not allowed: service Intent { cmp=com.tencent.android.qqdownloader/com.tencent.assistant.main.MainService } to com.tencent.android.qqdownloader/com.tencent.assistant.main.MainService from pid=3563 uid=10115 pkg=com.tencent.android.qqdownloader startFg?=false
06-21 06:06:51.688 W/ActivityManager( 1164): Background start not allowed: service Intent { cmp=com.tencent.android.qqdownloader/com.tencent.assistant.main.MainService } to com.tencent.android.qqdownloader/com.tencent.assistant.main.MainService from pid=3563 uid=10115 pkg=com.tencent.android.qqdownloader startFg?=false
06-21 06:06:51.691 W/ActivityManager( 1164): Background start not allowed: service Intent { cmp=com.tencent.android.qqdownloader/com.tencent.assistant.main.MainService } to com.tencent.android.qqdownloader/com.tencent.assistant.main.MainService from pid=3563 uid=10115 pkg=com.tencent.android.qqdownloader startFg?=false
06-21 06:06:51.696 W/ActivityManager( 1164): Background start not allowed: service Intent { cmp=com.tencent.android.qqdownloader/com.tencent.assistant.main.MainService } to com.tencent.android.qqdownloader/com.tencent.assistant.main.MainService from pid=3563 uid=10115 pkg=com.tencent.android.qqdownloader startFg?=false
06-21 06:06:51.701 W/ActivityManager( 1164): Background start not allowed: service Intent { cmp=com.tencent.android.qqdownloader/com.tencent.assistant.main.MainService } to com.tencent.android.qqdownloader/com.tencent.assistant.main.MainService from pid=3563 uid=10115 pkg=com.tencent.android.qqdownloader startFg?=false
06-21 06:06:51.707 W/ActivityManager( 1164): Background start not allowed: service Intent { cmp=com.tencent.android.qqdownloader/com.tencent.assistant.main.MainService } to com.tencent.android.qqdownloader/com.tencent.assistant.main.MainService from pid=3563 uid=10115 pkg=com.tencent.android.qqdownloader startFg?=false
06-21 06:06:51.713 W/ActivityManager( 1164): Background start not allowed: service Intent { cmp=com.tencent.android.qqdownloader/com.tencent.assistant.main.MainService } to com.tencent.android.qqdownloader/com.tencent.assistant.main.MainService from pid=3563 uid=10115 pkg=com.tencent.android.qqdownloader startFg?=false
06-21 06:06:51.718 W/ActivityManager( 1164): Background start not allowed: service Intent { cmp=com.tencent.android.qqdownloader/com.tencent.assistant.main.MainService } to com.tencent.android.qqdownloader/com.tencent.assistant.main.MainService from pid=3563 uid=10115 pkg=com.tencent.android.qqdownloader startFg?=false
06-21 06:06:51.720 I/GameModeConfig( 1164): isGameModeOn = false
06-21 06:06:51.721 W/ActivityManager( 1164): Background start not allowed: service Intent { cmp=com.tencent.android.qqdownloader/com.tencent.assistant.main.MainService } to com.tencent.android.qqdownloader/com.tencent.assistant.main.MainService from pid=3563 uid=10115 pkg=com.tencent.android.qqdownloader startFg?=false
06-21 06:06:51.726 W/ActivityManager( 1164): Background start not allowed: service Intent { cmp=com.tencent.android.qqdownloader/com.tencent.assistant.main.MainService } to com.tencent.android.qqdownloader/com.tencent.assistant.main.MainService from pid=3563 uid=10115 pkg=com.tencent.android.qqdownloader startFg?=false
06-21 06:06:51.730 W/ActivityManager( 1164): Background start not allowed: service Intent { cmp=com.tencent.android.qqdownloader/com.tencent.assistant.main.MainService } to com.tencent.android.qqdownloader/com.tencent.assistant.main.MainService from pid=3563 uid=10115 pkg=com.tencent.android.qqdownloader startFg?=false
06-21 06:06:51.737 W/ActivityManager( 1164): Background start not allowed: service Intent { cmp=com.tencent.android.qqdownloader/com.tencent.assistant.main.MainService } to com.tencent.android.qqdownloader/com.tencent.assistant.main.MainService from pid=3563 uid=10115 pkg=com.tencent.android.qqdownloader startFg?=false
06-21 06:06:51.740 W/ActivityManager( 1164): Background start not allowed: service Intent { cmp=com.tencent.android.qqdownloader/com.tencent.assistant.main.MainService } to com.tencent.android.qqdownloader/com.tencent.assistant.main.MainService from pid=3563 uid=10115 pkg=com.tencent.android.qqdownloader startFg?=false
06-21 06:06:51.743 W/ActivityManager( 1164): Background start not allowed: service Intent { cmp=com.tencent.android.qqdownloader/com.tencent.assistant.main.MainService } to com.tencent.android.qqdownloader/com.tencent.assistant.main.MainService from pid=3563 uid=10115 pkg=com.tencent.android.qqdownloader startFg?=false
06-21 06:06:51.745 W/ActivityManager( 1164): Background start not allowed: service Intent { cmp=com.tencent.android.qqdownloader/com.tencent.assistant.main.MainService } to com.tencent.android.qqdownloader/com.tencent.assistant.main.MainService from pid=3563 uid=10115 pkg=com.tencent.android.qqdownloader startFg?=false
06-21 06:06:51.747 W/ActivityManager( 1164): Background start not allowed: service Intent { cmp=com.tencent.android.qqdownloader/com.tencent.assistant.main.MainService } to com.tencent.android.qqdownloader/com.tencent.assistant.main.MainService from pid=3563 uid=10115 pkg=com.tencent.android.qqdownloader startFg?=false
06-21 06:06:51.749 W/ActivityManager( 1164): Background start not allowed: service Intent { cmp=com.tencent.android.qqdownloader/com.tencent.assistant.main.MainService } to com.tencent.android.qqdownloader/com.tencent.assistant.main.MainService from pid=3563 uid=10115 pkg=com.tencent.android.qqdownloader startFg?=false
06-21 06:06:51.752 W/ActivityManager( 1164): Background start not allowed: service Intent { cmp=com.tencent.android.qqdownloader/com.tencent.assistant.main.MainService } to com.tencent.android.qqdownloader/com.tencent.assistant.main.MainService from pid=3563 uid=10115 pkg=com.tencent.android.qqdownloader startFg?=false
06-21 06:06:51.754 W/ActivityManager( 1164): Background start not allowed: service Intent { cmp=com.tencent.android.qqdownloader/com.tencent.assistant.main.MainService } to com.tencent.android.qqdownloader/com.tencent.assistant.main.MainService from pid=3563 uid=10115 pkg=com.tencent.android.qqdownloader startFg?=false
06-21 06:06:51.756 W/ActivityManager( 1164): Background start not allowed: service Intent { cmp=com.tencent.android.qqdownloader/com.tencent.assistant.main.MainService } to com.tencent.android.qqdownloader/com.tencent.assistant.main.MainService from pid=3563 uid=10115 pkg=com.tencent.android.qqdownloader startFg?=false
06-21 06:06:51.759 W/ActivityManager( 1164): Background start not allowed: service Intent { cmp=com.tencent.android.qqdownloader/com.tencent.assistant.main.MainService } to com.tencent.android.qqdownloader/com.tencent.assistant.main.MainService from pid=3563 uid=10115 pkg=com.tencent.android.qqdownloader startFg?=false
06-21 06:06:51.762 W/ActivityManager( 1164): Background start not allowed: service Intent { cmp=com.tencent.android.qqdownloader/com.tencent.assistant.main.MainService } to com.tencent.android.qqdownloader/com.tencent.assistant.main.MainService from pid=3563 uid=10115 pkg=com.tencent.android.qqdownloader startFg?=false
06-21 06:06:51.763 W/ActivityManager( 1164): Background start not allowed: service Intent { cmp=com.tencent.android.qqdownloader/com.tencent.assistant.main.MainService } to com.tencent.android.qqdownloader/com.tencent.assistant.main.MainService from pid=3563 uid=10115 pkg=com.tencent.android.qqdownloader startFg?=false
06-21 06:06:51.766 W/ActivityManager( 1164): Background start not allowed: service Intent { cmp=com.tencent.android.qqdownloader/com.tencent.assistant.main.MainService } to com.tencent.android.qqdownloader/com.tencent.assistant.main.MainService from pid=3563 uid=10115 pkg=com.tencent.android.qqdownloader startFg?=false
06-21 06:06:51.767 W/ActivityManager( 1164): Background start not allowed: service Intent { cmp=com.tencent.android.qqdownloader/com.tencent.assistant.main.MainService } to com.tencent.android.qqdownloader/com.tencent.assistant.main.MainService from pid=3563 uid=10115 pkg=com.tencent.android.qqdownloader startFg?=false
06-21 06:06:51.770 W/ActivityManager( 1164): Background start not allowed: service Intent { cmp=com.tencent.android.qqdownloader/com.tencent.assistant.main.MainService } to com.tencent.android.qqdownloader/com.tencent.assistant.main.MainService from pid=3563 uid=10115 pkg=com.tencent.android.qqdownloader startFg?=false
06-21 06:06:51.779 D/CompatibilityChangeReporter( 1164): Compat change id reported: 135634846; UID 10115; state: DISABLED
06-21 06:06:51.779 D/CompatibilityChangeReporter( 1164): Compat change id reported: 177438394; UID 10115; state: DISABLED
06-21 06:06:51.779 D/CompatibilityChangeReporter( 1164): Compat change id reported: 135772972; UID 10115; state: DISABLED
06-21 06:06:51.779 D/CompatibilityChangeReporter( 1164): Compat change id reported: 135754954; UID 10115; state: DISABLED
06-21 06:06:51.780 D/CompatibilityChangeReporter( 1164): Compat change id reported: 143937733; UID 10115; state: DISABLED
06-21 06:06:51.851 W/ActivityManager( 1164): Slow operation: 74ms so far, now at startProcess: returned from zygote!
06-21 06:06:51.852 W/ActivityManager( 1164): Slow operation: 74ms so far, now at startProcess: done updating battery stats
06-21 06:06:51.852 W/ActivityManager( 1164): Slow operation: 74ms so far, now at startProcess: building log message
06-21 06:06:51.852 I/ActivityManager( 1164): Start proc 3744:com.tencent.android.qqdownloader:cloud/u0a115 for service {com.tencent.android.qqdownloader/com.live.watermelon.service.SentryAlphaService}
06-21 06:06:51.852 W/ActivityManager( 1164): Slow operation: 74ms so far, now at startProcess: starting to update pids map
06-21 06:06:51.853 W/ActivityManager( 1164): Slow operation: 75ms so far, now at startProcess: done updating pids map
06-21 06:06:51.924 I/[ 62.852798] binder( 0): 3744:3744 ioctl 40046210 7fd1008be4 returned -22
06-21 06:06:52.114 I/GameModeConfig( 1164): isGameModeOn = false
06-21 06:06:52.239 E/ActivityThread( 3409): Failed to find provider info for telephony
06-21 06:06:52.278 E/[ 63.200219] link_delay_work_func( 0): DTC_ETH: SQI=0, link=0
06-21 06:06:52.278 I/[ 63.210009] binder( 0): 3786:3786 ioctl 40046210 7fdf09d2f4 returned -22
06-21 06:06:52.763 W/[ 63.692667] audit( 0): audit_lost=192 audit_rate_limit=5 audit_backlog_limit=64
06-21 06:06:52.763 E/[ 63.692679] audit( 0): rate limit exceeded
06-21 06:06:52.930 W/ActivityManager( 1164): Background start not allowed: service Intent { cmp=com.tencent.android.qqdownloader/com.tencent.assistant.sdk.SDKSupportService (has extras) } to com.tencent.android.qqdownloader/com.tencent.assistant.sdk.SDKSupportService from pid=3329 uid=10115 pkg=com.tencent.android.qqdownloader startFg?=false
06-21 06:06:52.943 W/ActivityManager( 1164): Background start not allowed: service Intent { cmp=com.tencent.android.qqdownloader/com.tencent.assistant.sdk.SDKSupportService (has extras) } to com.tencent.android.qqdownloader/com.tencent.assistant.sdk.SDKSupportService from pid=3329 uid=10115 pkg=com.tencent.android.qqdownloader startFg?=false
06-21 06:06:52.998 W/PackageParsing( 3687): Ignoring duplicate uses-permissions/uses-permissions-sdk-m: android.permission.CAMERA in package: com.tencent.android.qqdownloader at: Binary XML file line #170
06-21 06:06:52.998 W/PackageParsing( 3687): Ignoring duplicate uses-permissions/uses-permissions-sdk-m: android.permission.ACCESS_NETWORK_STATE in package: com.tencent.android.qqdownloader at: Binary XML file line #171
06-21 06:06:52.998 W/PackageParsing( 3687): Ignoring duplicate uses-permissions/uses-permissions-sdk-m: android.permission.ACCESS_WIFI_STATE in package: com.tencent.android.qqdownloader at: Binary XML file line #172
06-21 06:06:52.998 W/PackageParsing( 3687): Ignoring duplicate uses-permissions/uses-permissions-sdk-m: android.permission.CHANGE_WIFI_STATE in package: com.tencent.android.qqdownloader at: Binary XML file line #173
06-21 06:06:52.998 W/PackageParsing( 3687): Ignoring duplicate uses-permissions/uses-permissions-sdk-m: android.permission.CHANGE_NETWORK_STATE in package: com.tencent.android.qqdownloader at: Binary XML file line #177
06-21 06:06:52.998 W/PackageParsing( 3687): Ignoring duplicate uses-permissions/uses-permissions-sdk-m: android.permission.INTERNET in package: com.tencent.android.qqdownloader at: Binary XML file line #178
06-21 06:06:52.999 W/PackageParsing( 3687): Ignoring duplicate uses-permissions/uses-permissions-sdk-m: android.permission.WRITE_EXTERNAL_STORAGE in package: com.tencent.android.qqdownloader at: Binary XML file line #182
06-21 06:06:53.000 W/PackageParsing( 3687): Ignoring duplicate uses-permissions/uses-permissions-sdk-m: android.permission.INTERNET in package: com.tencent.android.qqdownloader at: Binary XML file line #240
06-21 06:06:53.000 W/PackageParsing( 3687): Ignoring duplicate uses-permissions/uses-permissions-sdk-m: android.permission.ACCESS_COARSE_LOCATION in package: com.tencent.android.qqdownloader at: Binary XML file line #241
06-21 06:06:53.000 W/PackageParsing( 3687): Ignoring duplicate uses-permissions/uses-permissions-sdk-m: android.permission.ACCESS_FINE_LOCATION in package: com.tencent.android.qqdownloader at: Binary XML file line #242
06-21 06:06:53.000 W/PackageParsing( 3687): Ignoring duplicate uses-permissions/uses-permissions-sdk-m: android.permission.ACCESS_NETWORK_STATE in package: com.tencent.android.qqdownloader at: Binary XML file line #243
06-21 06:06:53.000 W/PackageParsing( 3687): Ignoring duplicate uses-permissions/uses-permissions-sdk-m: android.permission.ACCESS_WIFI_STATE in package: com.tencent.android.qqdownloader at: Binary XML file line #244
06-21 06:06:53.000 W/PackageParsing( 3687): Ignoring duplicate uses-permissions/uses-permissions-sdk-m: android.permission.CAMERA in package: com.tencent.android.qqdownloader at: Binary XML file line #246
06-21 06:06:53.000 W/PackageParsing( 3687): Ignoring duplicate uses-permissions/uses-permissions-sdk-m: android.permission.WRITE_EXTERNAL_STORAGE in package: com.tencent.android.qqdownloader at: Binary XML file line #247
06-21 06:06:53.002 W/PackageParsing( 3687): No actions in intent-filter at /data/user/0/com.tencent.android.qqdownloader/files/shell/8_8444130_923/base.apk Binary XML file line #444
06-21 06:06:53.002 W/PackageParsing( 3687): No actions in intent-filter at /data/user/0/com.tencent.android.qqdownloader/files/shell/8_8444130_923/base.apk Binary XML file line #464
06-21 06:06:53.005 W/PackageParsing( 3687): No actions in intent-filter at /data/user/0/com.tencent.android.qqdownloader/files/shell/8_8444130_923/base.apk Binary XML file line #501
06-21 06:06:53.005 W/PackageParsing( 3687): No actions in intent-filter at /data/user/0/com.tencent.android.qqdownloader/files/shell/8_8444130_923/base.apk Binary XML file line #537
06-21 06:06:53.006 W/PackageParsing( 3687): No actions in intent-filter at /data/user/0/com.tencent.android.qqdownloader/files/shell/8_8444130_923/base.apk Binary XML file line #573
06-21 06:06:53.007 W/PackageParsing( 3687): No actions in intent-filter at /data/user/0/com.tencent.android.qqdownloader/files/shell/8_8444130_923/base.apk Binary XML file line #609
06-21 06:06:53.031 W/PackageParsing( 3687): No actions in intent-filter at /data/user/0/com.tencent.android.qqdownloader/files/shell/8_8444130_923/base.apk Binary XML file line #1712
06-21 06:06:53.122 W/ActivityManager( 1164): Background start not allowed: service Intent { cmp=com.tencent.android.qqdownloader/com.tencent.assistant.sdk.SDKSupportService (has extras) } to com.tencent.android.qqdownloader/com.tencent.assistant.sdk.SDKSupportService from pid=3329 uid=10115 pkg=com.tencent.android.qqdownloader startFg?=false
06-21 06:06:53.155 W/ActivityManager( 1164): Background start not allowed: service Intent { cmp=com.tencent.android.qqdownloader/com.tencent.assistant.sdk.SDKSupportService (has extras) } to com.tencent.android.qqdownloader/com.tencent.assistant.sdk.SDKSupportService from pid=3329 uid=10115 pkg=com.tencent.android.qqdownloader startFg?=false
06-21 06:06:53.340 W/PackageParsing( 3744): Ignoring duplicate uses-permissions/uses-permissions-sdk-m: android.permission.CAMERA in package: com.tencent.android.qqdownloader at: Binary XML file line #170
06-21 06:06:53.341 W/PackageParsing( 3744): Ignoring duplicate uses-permissions/uses-permissions-sdk-m: android.permission.ACCESS_NETWORK_STATE in package: com.tencent.android.qqdownloader at: Binary XML file line #171
06-21 06:06:53.341 W/PackageParsing( 3744): Ignoring duplicate uses-permissions/uses-permissions-sdk-m: android.permission.ACCESS_WIFI_STATE in package: com.tencent.android.qqdownloader at: Binary XML file line #172
06-21 06:06:53.341 W/PackageParsing( 3744): Ignoring duplicate uses-permissions/uses-permissions-sdk-m: android.permission.CHANGE_WIFI_STATE in package: com.tencent.android.qqdownloader at: Binary XML file line #173
06-21 06:06:53.341 W/PackageParsing( 3744): Ignoring duplicate uses-permissions/uses-permissions-sdk-m: android.permission.CHANGE_NETWORK_STATE in package: com.tencent.android.qqdownloader at: Binary XML file line #177
06-21 06:06:53.341 W/PackageParsing( 3744): Ignoring duplicate uses-permissions/uses-permissions-sdk-m: android.permission.INTERNET in package: com.tencent.android.qqdownloader at: Binary XML file line #178
06-21 06:06:53.341 W/PackageParsing( 3744): Ignoring duplicate uses-permissions/uses-permissions-sdk-m: android.permission.WRITE_EXTERNAL_STORAGE in package: com.tencent.android.qqdownloader at: Binary XML file line #182
06-21 06:06:53.343 W/PackageParsing( 3744): Ignoring duplicate uses-permissions/uses-permissions-sdk-m: android.permission.INTERNET in package: com.tencent.android.qqdownloader at: Binary XML file line #240
06-21 06:06:53.343 W/PackageParsing( 3744): Ignoring duplicate uses-permissions/uses-permissions-sdk-m: android.permission.ACCESS_COARSE_LOCATION in package: com.tencent.android.qqdownloader at: Binary XML file line #241
06-21 06:06:53.343 W/PackageParsing( 3744): Ignoring duplicate uses-permissions/uses-permissions-sdk-m: android.permission.ACCESS_FINE_LOCATION in package: com.tencent.android.qqdownloader at: Binary XML file line #242
06-21 06:06:53.343 W/PackageParsing( 3744): Ignoring duplicate uses-permissions/uses-permissions-sdk-m: android.permission.ACCESS_NETWORK_STATE in package: com.tencent.android.qqdownloader at: Binary XML file line #243
06-21 06:06:53.343 W/PackageParsing( 3744): Ignoring duplicate uses-permissions/uses-permissions-sdk-m: android.permission.ACCESS_WIFI_STATE in package: com.tencent.android.qqdownloader at: Binary XML file line #244
06-21 06:06:53.343 W/PackageParsing( 3744): Ignoring duplicate uses-permissions/uses-permissions-sdk-m: android.permission.CAMERA in package: com.tencent.android.qqdownloader at: Binary XML file line #246
06-21 06:06:53.343 W/PackageParsing( 3744): Ignoring duplicate uses-permissions/uses-permissions-sdk-m: android.permission.WRITE_EXTERNAL_STORAGE in package: com.tencent.android.qqdownloader at: Binary XML file line #247
06-21 06:06:53.350 W/PackageParsing( 3744): No actions in intent-filter at /data/user/0/com.tencent.android.qqdownloader/files/shell/8_8444130_923/base.apk Binary XML file line #444
06-21 06:06:53.351 W/PackageParsing( 3744): No actions in intent-filter at /data/user/0/com.tencent.android.qqdownloader/files/shell/8_8444130_923/base.apk Binary XML file line #464
06-21 06:06:53.352 W/PackageParsing( 3744): No actions in intent-filter at /data/user/0/com.tencent.android.qqdownloader/files/shell/8_8444130_923/base.apk Binary XML file line #501
06-21 06:06:53.353 W/PackageParsing( 3744): No actions in intent-filter at /data/user/0/com.tencent.android.qqdownloader/files/shell/8_8444130_923/base.apk Binary XML file line #537
06-21 06:06:53.353 W/PackageParsing( 3744): No actions in intent-filter at /data/user/0/com.tencent.android.qqdownloader/files/shell/8_8444130_923/base.apk Binary XML file line #573
06-21 06:06:53.353 W/PackageParsing( 3744): No actions in intent-filter at /data/user/0/com.tencent.android.qqdownloader/files/shell/8_8444130_923/base.apk Binary XML file line #609
06-21 06:06:53.361 W/PackageParsing( 3744): No actions in intent-filter at /data/user/0/com.tencent.android.qqdownloader/files/shell/8_8444130_923/base.apk Binary XML file line #1712
06-21 06:06:53.590 W/ActivityManager( 1164): Background start not allowed: service Intent { cmp=com.tencent.android.qqdownloader/com.tencent.assistant.main.MainService } to com.tencent.android.qqdownloader/com.tencent.assistant.main.MainService from pid=3687 uid=10115 pkg=com.tencent.android.qqdownloader startFg?=false
06-21 06:06:53.600 W/ActivityManager( 1164): Background start not allowed: service Intent { cmp=com.tencent.android.qqdownloader/com.tencent.assistant.main.MainService } to com.tencent.android.qqdownloader/com.tencent.assistant.main.MainService from pid=3687 uid=10115 pkg=com.tencent.android.qqdownloader startFg?=false
06-21 06:06:53.635 I/[ 64.564868] [schedu][0x51713d8c][06( 0): 06:53.631465] wlan: [1861:I:WMA] [20:29:27.780000] [ROAM_TRIGGER]: VDEV[0] Reason: "LOW RSSI" Cur_Rssi threshold:81 Current AP RSSI: 76
06-21 06:06:53.635 I/[ 64.564927] [schedu][0x5171424d][06( 0): 06:53.631528] wlan: [1861:I:WMA] [20:29:27.780000] [ROAM_SCAN]: VDEV[0] Scan_type: PARTIAL next_rssi_threshold: 81 dBm {5200 }
06-21 06:06:53.635 I/[ 64.564944] [schedu][0x51714392][06( 0): 06:53.631545] wlan: [1861:I:WMA] ============================================================================================================================
06-21 06:06:53.635 I/[ 64.564962] [schedu][0x517144f3][06( 0): 06:53.631563] wlan: [1861:I:WMA] AP BSSID TSTAMP CH TY ETP RSSI/SCR CU%/SCR TOT_SCR BL_RSN BL_SRC BL_TSTAMP BL_TIMEOUT(ms)
06-21 06:06:53.635 I/[ 64.564978] [schedu][0x51714626][06( 0): 06:53.631579] wlan: [1861:I:WMA] ============================================================================================================================
06-21 06:06:53.635 I/[ 64.564998] [schedu][0x517147a1][06( 0): 06:53.631599] wlan: [1861:I:WMA] 04:d9:f5:fb:09:94 [20:29:27.780000] 5200 P_AP 0 76/0 0/0 1791 0 0 [00:00:00.000000] 0
06-21 06:06:53.635 I/[ 64.565048] [schedu][0x51714b66][06( 0): 06:53.631649] wlan: [1861:I:WMA] [20:29:27.838000] [ROAM_RESULT]: VDEV[0] FAILED Reason: NO AP FOUND
06-21 06:06:53.635 I/[ 64.565089] [schedu][0x51714e7b][06( 0): 06:53.631690] wlan: [1861:I:WMA] [20:29:20.806000] [BTM_QUERY] VDEV[0]
06-21 06:06:53.635 I/[ 64.565104] [schedu][0x51714f9b][06( 0): 06:53.631705] wlan: [1861:I:WMA] BTM No response received from AP
06-21 06:06:53.682 D/CompatibilityChangeReporter( 1164): Compat change id reported: 135634846; UID 10117; state: DISABLED
06-21 06:06:53.682 D/CompatibilityChangeReporter( 1164): Compat change id reported: 177438394; UID 10117; state: DISABLED
06-21 06:06:53.682 D/CompatibilityChangeReporter( 1164): Compat change id reported: 135772972; UID 10117; state: DISABLED
06-21 06:06:53.683 D/CompatibilityChangeReporter( 1164): Compat change id reported: 135754954; UID 10117; state: DISABLED
06-21 06:06:53.683 D/CompatibilityChangeReporter( 1164): Compat change id reported: 143937733; UID 10117; state: DISABLED
06-21 06:06:53.729 W/ActivityManager( 1164): Background start not allowed: service Intent { cmp=com.tencent.android.qqdownloader/com.tencent.assistant.tools.ToolService } to com.tencent.android.qqdownloader/com.tencent.assistant.tools.ToolService from pid=3563 uid=10115 pkg=com.tencent.android.qqdownloader startFg?=false
06-21 06:06:53.738 W/ActivityManager( 1164): Slow operation: 56ms so far, now at startProcess: returned from zygote!
06-21 06:06:53.738 W/ActivityManager( 1164): Slow operation: 57ms so far, now at startProcess: done updating battery stats
06-21 06:06:53.738 W/ActivityManager( 1164): Slow operation: 57ms so far, now at startProcess: building log message
06-21 06:06:53.738 I/ActivityManager( 1164): Start proc 3946:com.tencent.mobileqq/u0a117 for content provider {com.tencent.mobileqq/com.tencent.mqq.shared_file_accessor.ContentProviderImpl}
06-21 06:06:53.739 W/ActivityManager( 1164): Slow operation: 57ms so far, now at startProcess: starting to update pids map
06-21 06:06:53.739 W/ActivityManager( 1164): Slow operation: 57ms so far, now at startProcess: done updating pids map
06-21 06:06:53.770 W/[ 64.698253] audit( 0): audit_lost=377 audit_rate_limit=5 audit_backlog_limit=64
06-21 06:06:53.770 E/[ 64.698279] audit( 0): rate limit exceeded
06-21 06:06:53.799 I/[ 64.730252] binder( 0): 3946:3946 ioctl 40046210 7fd1008be4 returned -22
06-21 06:06:53.887 I/[ 64.811883] binder( 0): 3973:3973 ioctl 40046210 7fdb6982c4 returned -22
06-21 06:06:53.984 I/GameModeConfig( 1164): isGameModeOn = false
06-21 06:06:54.104 I/[ 65.034559] init( 0): Service 'ethernet' (pid 3092) exited with status 1 oneshot service took 8.067000 seconds in background
06-21 06:06:54.104 I/[ 65.034591] init( 0): Sending signal 9 to service 'ethernet' (pid 3092) process group...
06-21 06:06:54.104 I/[ 65.034980] libprocessgroup( 0): Successfully killed process cgroup uid 0 pid 3092 in 0ms
06-21 06:06:54.350 I/[ 65.280608] init( 0): starting service 'hht_ota_mgr_service'...
06-21 06:06:54.602 I/[ 65.533874] init( 0): Service 'hht_ota_mgr_service' (pid 4013) exited with status 0
06-21 06:06:54.602 I/[ 65.533903] init( 0): Sending signal 9 to service 'hht_ota_mgr_service' (pid 4013) process group...
06-21 06:06:54.602 I/[ 65.534192] libprocessgroup( 0): Successfully killed process cgroup uid 0 pid 4013 in 0ms
06-21 06:06:55.772 I/[ 66.704462] init( 0): processing action (sys.tlog.tlogdshc.active=1) from (/system/etc/init/tlogd.rc:195)
06-21 06:06:55.772 I/[ 66.705934] init( 0): starting service 'tlogdshc'...
06-21 06:06:56.002 I/[ 66.935069] init( 0): Service 'tlogdshc' (pid 4072) exited with status 0 oneshot service took 0.212000 seconds in background
06-21 06:06:56.003 I/[ 66.935098] init( 0): Sending signal 9 to service 'tlogdshc' (pid 4072) process group...
06-21 06:06:56.003 I/[ 66.935341] libprocessgroup( 0): Successfully killed process cgroup uid 0 pid 4072 in 0ms
06-21 06:06:56.072 E/PackageDexUsage( 1164): Unsupported context?
06-21 06:06:56.181 W/ActivityManager( 1164): Background start not allowed: service Intent { cmp=com.tencent.android.qqdownloader/com.live.sync.YYBLiveAuthService } to com.tencent.android.qqdownloader/com.live.sync.YYBLiveAuthService from pid=3687 uid=10115 pkg=com.tencent.android.qqdownloader startFg?=false
06-21 06:06:56.380 E/PackageDexUsage( 1164): Unsupported context?
06-21 06:06:56.463 D/CompatibilityChangeReporter( 1164): Compat change id reported: 168419799; UID 10061; state: DISABLED --------- beginning of crash
06-21 06:06:56.472 E/AndroidRuntime( 2516): FATAL EXCEPTION: main
06-21 06:06:56.472 E/AndroidRuntime( 2516): Process: com.qualcomm.qti.devicestatisticsservice, PID: 2516
06-21 06:06:56.472 E/AndroidRuntime( 2516): java.lang.NoClassDefFoundError: Failed resolution of: Landroid/hidl/manager/V1_0/IServiceNotification$Stub;
06-21 06:06:56.472 E/AndroidRuntime( 2516): at com.qualcomm.qti.devicestatisticsservice.DeviceStatisticsService.onStartCommand(DeviceStatisticsService.java:83)
06-21 06:06:56.472 E/AndroidRuntime( 2516): at android.app.ActivityThread.handleServiceArgs(ActivityThread.java:4640)
06-21 06:06:56.472 E/AndroidRuntime( 2516): at android.app.ActivityThread.access$2000(ActivityThread.java:248)
06-21 06:06:56.472 E/AndroidRuntime( 2516): at android.app.ActivityThread$H.handleMessage(ActivityThread.java:2092)
06-21 06:06:56.472 E/AndroidRuntime( 2516): at android.os.Handler.dispatchMessage(Handler.java:106)
06-21 06:06:56.472 E/AndroidRuntime( 2516): at android.os.Looper.loopOnce(Looper.java:201)
06-21 06:06:56.472 E/AndroidRuntime( 2516): at android.os.Looper.loop(Looper.java:288)
06-21 06:06:56.472 E/AndroidRuntime( 2516): at android.app.ActivityThread.main(ActivityThread.java:7880)
06-21 06:06:56.472 E/AndroidRuntime( 2516): at java.lang.reflect.Method.invoke(Native Method)
06-21 06:06:56.472 E/AndroidRuntime( 2516): at com.android.internal.os.RuntimeInit$MethodAndArgsCaller.run(RuntimeInit.java:548)
06-21 06:06:56.472 E/AndroidRuntime( 2516): at com.android.internal.os.ZygoteInit.main(ZygoteInit.java:1009)
06-21 06:06:56.472 E/AndroidRuntime( 2516): Caused by: java.lang.ClassNotFoundException: android.hidl.manager.V1_0.IServiceNotification$Stub
06-21 06:06:56.472 E/AndroidRuntime( 2516): ... 11 more
06-21 06:06:56.482 I/DropBoxManagerService( 1164): add tag=system_app_crash isTagEnabled=true flags=0x2
06-21 06:06:56.484 E/BootReceiver( 1164): Could not open /sys/kernel/tracing/instances/bootreceiver/trace_pipe
06-21 06:06:56.484 E/BootReceiver( 1164): android.system.ErrnoException: open failed: ENOENT (No such file or directory)
06-21 06:06:56.484 E/BootReceiver( 1164): at libcore.io.Linux.open(Native Method)
06-21 06:06:56.484 E/BootReceiver( 1164): at libcore.io.ForwardingOs.open(ForwardingOs.java:567)
06-21 06:06:56.484 E/BootReceiver( 1164): at libcore.io.BlockGuardOs.open(BlockGuardOs.java:273)
06-21 06:06:56.484 E/BootReceiver( 1164): at android.system.Os.open(Os.java:501)
06-21 06:06:56.484 E/BootReceiver( 1164): at com.android.server.BootReceiver.onReceive(BootReceiver.java:167)
06-21 06:06:56.484 E/BootReceiver( 1164): at android.app.ActivityThread.handleReceiver(ActivityThread.java:4309)
06-21 06:06:56.484 E/BootReceiver( 1164): at android.app.ActivityThread.access$1600(ActivityThread.java:248)
06-21 06:06:56.484 E/BootReceiver( 1164): at android.app.ActivityThread$H.handleMessage(ActivityThread.java:2065)
06-21 06:06:56.484 E/BootReceiver( 1164): at android.os.Handler.dispatchMessage(Handler.java:106)
06-21 06:06:56.484 E/BootReceiver( 1164): at android.os.Looper.loopOnce(Looper.java:201)
06-21 06:06:56.484 E/BootReceiver( 1164): at android.os.Looper.loop(Looper.java:288)
06-21 06:06:56.484 E/BootReceiver( 1164): at com.android.server.SystemServer.run(SystemServer.java:909)
06-21 06:06:56.484 E/BootReceiver( 1164): at com.android.server.SystemServer.main(SystemServer.java:616)
06-21 06:06:56.484 E/BootReceiver( 1164): at java.lang.reflect.Method.invoke(Native Method)
06-21 06:06:56.484 E/BootReceiver( 1164): at com.android.internal.os.RuntimeInit$MethodAndArgsCaller.run(RuntimeInit.java:548)
06-21 06:06:56.484 E/BootReceiver( 1164): at com.android.internal.os.ZygoteInit.main(ZygoteInit.java:987)
06-21 06:06:56.488 I/DropBoxManagerService( 1164): add tag=system_server_wtf isTagEnabled=true flags=0x2
06-21 06:06:56.511 I/DropBoxManagerService( 1164): add tag=SYSTEM_BOOT isTagEnabled=true flags=0x2
06-21 06:06:56.517 I/BootReceiver( 1164): Copying audit failures to DropBox
06-21 06:06:56.518 I/BootReceiver( 1164): Checking for fsck errors
06-21 06:06:56.519 I/BootReceiver( 1164): fs_stat, partition:dsp_a stat:0x3
06-21 06:06:56.519 I/BootReceiver( 1164): fs_stat, partition:persist stat:0x40b
06-21 06:06:56.524 I/ActivityManager( 1164): Process com.qualcomm.qti.devicestatisticsservice (pid 2516) has died: pers PER
06-21 06:06:56.527 W/ActivityManager( 1164): Scheduling restart of crashed service com.qualcomm.qti.devicestatisticsservice/.DeviceStatisticsService in 0ms for persistent
06-21 06:06:56.529 W/ActivityManager( 1164): Re-adding persistent process ProcessRecord{a788841 2516:com.qualcomm.qti.devicestatisticsservice/u0a61}
06-21 06:06:56.531 D/CompatibilityChangeReporter( 1164): Compat change id reported: 135634846; UID 10061; state: DISABLED
06-21 06:06:56.531 D/CompatibilityChangeReporter( 1164): Compat change id reported: 177438394; UID 10061; state: DISABLED
06-21 06:06:56.531 D/CompatibilityChangeReporter( 1164): Compat change id reported: 135772972; UID 10061; state: DISABLED
06-21 06:06:56.532 D/CompatibilityChangeReporter( 1164): Compat change id reported: 135754954; UID 10061; state: ENABLED
06-21 06:06:56.532 D/CompatibilityChangeReporter( 1164): Compat change id reported: 143937733; UID 10061; state: ENABLED
06-21 06:06:56.552 D/CompatibilityChangeReporter( 1164): Compat change id reported: 168419799; UID 10073; state: DISABLED
06-21 06:06:56.569 I/GameModeConfig( 1164): isGameModeOn = false
06-21 06:06:56.569 I/GameModeConfig( 1164): isGameModeOn = false
06-21 06:06:56.569 I/GameModeConfig( 1164): isGameModeOn = false
06-21 06:06:56.569 I/GameModeConfig( 1164): isGameModeOn = false
06-21 06:06:56.569 I/GameModeConfig( 1164): isGameModeOn = false
06-21 06:06:56.569 I/GameModeConfig( 1164): isGameModeOn = false
06-21 06:06:56.570 I/GameModeConfig( 1164): isGameModeOn = false
06-21 06:06:56.570 I/GameModeConfig( 1164): isGameModeOn = false
06-21 06:06:56.574 I/ActivityManager( 1164): Start proc 4124:com.qualcomm.qti.devicestatisticsservice/u0a61 for restart com.qualcomm.qti.devicestatisticsservice
06-21 06:06:56.587 I/[ 67.518339] binder( 0): 3059:4125 ioctl 40046210 6fea5ff604 returned -22
06-21 06:06:56.584 D/CompatibilityChangeReporter( 1164): Compat change id reported: 135634846; UID 10104; state: DISABLED
06-21 06:06:56.584 D/CompatibilityChangeReporter( 1164): Compat change id reported: 177438394; UID 10104; state: DISABLED
06-21 06:06:56.584 D/CompatibilityChangeReporter( 1164): Compat change id reported: 135772972; UID 10104; state: DISABLED
06-21 06:06:56.585 D/CompatibilityChangeReporter( 1164): Compat change id reported: 135754954; UID 10104; state: DISABLED
06-21 06:06:56.585 D/CompatibilityChangeReporter( 1164): Compat change id reported: 143937733; UID 10104; state: DISABLED
06-21 06:06:56.627 I/[ 67.558072] binder( 0): 4124:4124 ioctl 40046210 7fd1008be4 returned -22
06-21 06:06:56.629 I/ActivityManager( 1164): Start proc 4141:com.kugou.android.auto/u0a104 for broadcast {com.kugou.android.auto/com.kugou.android.auto.receiver.AutoStartReceiver}
06-21 06:06:56.658 W/[ 67.582617] audit( 0): audit_lost=406 audit_rate_limit=5 audit_backlog_limit=64
06-21 06:06:56.658 E/[ 67.582671] audit( 0): rate limit exceeded
06-21 06:06:56.681 W/ActivityManager( 1164): Background start not allowed: service Intent { cmp=com.tencent.android.qqdownloader/com.tencent.assistant.main.MainService } to com.tencent.android.qqdownloader/com.tencent.assistant.main.MainService from pid=3563 uid=10115 pkg=com.tencent.android.qqdownloader startFg?=false
06-21 06:06:56.683 W/ActivityManager( 1164): Background start not allowed: service Intent { cmp=com.tencent.android.qqdownloader/com.tencent.assistant.daemon.CoreService (has extras) } to com.tencent.android.qqdownloader/com.tencent.assistant.daemon.CoreService from pid=3563 uid=10115 pkg=com.tencent.android.qqdownloader startFg?=false
06-21 06:06:56.688 W/ActivityManager( 1164): Background start not allowed: service Intent { cmp=com.tencent.android.qqdownloader/com.tencent.assistant.main.MainService } to com.tencent.android.qqdownloader/com.tencent.assistant.main.MainService from pid=3563 uid=10115 pkg=com.tencent.android.qqdownloader startFg?=false
06-21 06:06:56.692 W/ActivityManager( 1164): Background start not allowed: service Intent { cmp=com.tencent.android.qqdownloader/com.tencent.assistant.main.MainService } to com.tencent.android.qqdownloader/com.tencent.assistant.main.MainService from pid=3563 uid=10115 pkg=com.tencent.android.qqdownloader startFg?=false
06-21 06:06:56.701 W/ActivityManager( 1164): Background start not allowed: service Intent { cmp=com.tencent.android.qqdownloader/com.tencent.assistant.main.MainService } to com.tencent.android.qqdownloader/com.tencent.assistant.main.MainService from pid=3563 uid=10115 pkg=com.tencent.android.qqdownloader startFg?=false
06-21 06:06:56.714 I/[ 67.642770] binder( 0): 4141:4141 ioctl 40046210 7fd1008be4 returned -22
06-21 06:06:56.716 W/ActivityManager( 1164): Background start not allowed: service Intent { cmp=com.tencent.android.qqdownloader/com.tencent.assistant.main.MainService } to com.tencent.android.qqdownloader/com.tencent.assistant.main.MainService from pid=3563 uid=10115 pkg=com.tencent.android.qqdownloader startFg?=false
06-21 06:06:56.722 D/CompatibilityChangeReporter( 1164): Compat change id reported: 168419799; UID 10104; state: DISABLED
06-21 06:06:56.737 W/ActivityManager( 1164): Background start not allowed: service Intent { cmp=com.tencent.android.qqdownloader/com.tencent.assistant.main.MainService } to com.tencent.android.qqdownloader/com.tencent.assistant.main.MainService from pid=3563 uid=10115 pkg=com.tencent.android.qqdownloader startFg?=false
06-21 06:06:56.739 W/ActivityManager( 1164): Background start not allowed: service Intent { cmp=com.tencent.android.qqdownloader/com.tencent.assistant.main.MainService } to com.tencent.android.qqdownloader/com.tencent.assistant.main.MainService from pid=3563 uid=10115 pkg=com.tencent.android.qqdownloader startFg?=false
06-21 06:06:56.743 W/ActivityManager( 1164): Background start not allowed: service Intent { cmp=com.tencent.android.qqdownloader/com.tencent.assistant.main.MainService } to com.tencent.android.qqdownloader/com.tencent.assistant.main.MainService from pid=3563 uid=10115 pkg=com.tencent.android.qqdownloader startFg?=false
06-21 06:06:56.746 W/ActivityManager( 1164): Background start not allowed: service Intent { cmp=com.tencent.android.qqdownloader/com.tencent.assistant.main.MainService } to com.tencent.android.qqdownloader/com.tencent.assistant.main.MainService from pid=3563 uid=10115 pkg=com.tencent.android.qqdownloader startFg?=false
06-21 06:06:56.751 W/ActivityManager( 1164): Background start not allowed: service Intent { cmp=com.tencent.android.qqdownloader/com.tencent.assistant.main.MainService } to com.tencent.android.qqdownloader/com.tencent.assistant.main.MainService from pid=3563 uid=10115 pkg=com.tencent.android.qqdownloader startFg?=false
