06-21 06:29:18.238 I/[ 1409.161790] init( 0): Sending signal 9 to service 'hht_ota_mgr_service' (pid 13318) process group...
06-21 06:29:18.238 I/[ 1409.172104] libprocessgroup( 0): Successfully killed process cgroup uid 0 pid 13318 in 0ms
06-21 06:29:18.842 E/[ 1409.774985] link_delay_work_func( 0): DTC_ETH: SQI=0, link=0
06-21 06:29:21.911 I/[ 1412.814082] [schedu][0x658641ffd][06( 0): 29:21.880670] wlan: [1861:I:WMA] [06:29:21.811000] [ROAM_TRIGGER]: VDEV[0] Reason: "LOW RSSI" Cur_Rssi threshold:81 Current AP RSSI: 76
06-21 06:29:21.911 I/[ 1412.830120] [schedu][0x65868d32d][06( 0): 29:21.896713] wlan: [1861:I:WMA] [06:29:21.811000] [ROAM_SCAN]: VDEV[0] Scan_type: PARTIAL next_rssi_threshold: 81 dBm {5200 }
06-21 06:29:21.912 I/[ 1412.845496] [schedu][0x6586d52d0][06( 0): 29:21.912067] wlan: [1861:I:WMA] ============================================================================================================================
06-21 06:29:21.931 I/[ 1412.863277] [schedu][0x658728995][06( 0): 29:21.929864] wlan: [1861:I:WMA] AP BSSID TSTAMP CH TY ETP RSSI/SCR CU%/SCR TOT_SCR BL_RSN BL_SRC BL_TSTAMP BL_TIMEOUT(ms)
06-21 06:29:21.948 I/[ 1412.881044] [schedu][0x65877bf1f][06( 0): 29:21.947644] wlan: [1861:I:WMA] ============================================================================================================================
06-21 06:29:21.983 I/[ 1412.899269] [schedu][0x6587d12d0][06( 0): 29:21.965833] wlan: [1861:I:WMA] 04:d9:f5:fb:09:94 [06:29:21.811000] 5200 P_AP 0 76/0 0/0 1791 0 0 [00:00:00.000000] 0
06-21 06:29:21.983 I/[ 1412.916647] [schedu][0x658822d5c][06( 0): 29:21.983247] wlan: [1861:I:WMA] [06:29:21.870000] [ROAM_RESULT]: VDEV[0] FAILED Reason: NO AP FOUND
06-21 06:29:23.039 I/[ 1413.964960] init( 0): starting service 'hht_ota_mgr_service'...
06-21 06:29:23.246 I/[ 1414.159775] init( 0): Service 'hht_ota_mgr_service' (pid 13344) exited with status 0
06-21 06:29:23.258 I/[ 1414.182554] init( 0): Sending signal 9 to service 'hht_ota_mgr_service' (pid 13344) process group...
06-21 06:29:23.266 I/[ 1414.191872] libprocessgroup( 0): Successfully killed process cgroup uid 0 pid 13344 in 0ms
06-21 06:29:23.955 E/[ 1414.880354] link_delay_work_func( 0): DTC_ETH: SQI=0, link=0
06-21 06:29:26.171 I/[ 1417.094635] init( 0): processing action (sys.tlog.tlogdshc.active=1) from (/system/etc/init/tlogd.rc:195)
06-21 06:29:26.178 I/[ 1417.104967] init( 0): starting service 'tlogdshc'...
06-21 06:29:26.561 I/[ 1417.475000] init( 0): Service 'tlogdshc' (pid 13359) exited with status 0 oneshot service took 0.354000 seconds in background
06-21 06:29:26.561 I/[ 1417.486314] init( 0): Sending signal 9 to service 'tlogdshc' (pid 13359) process group...
06-21 06:29:26.569 I/[ 1417.494633] libprocessgroup( 0): Successfully killed process cgroup uid 0 pid 13359 in 0ms
06-21 06:29:27.157 I/GameModeConfig( 1164): isGameModeOn = false
06-21 06:29:28.066 I/[ 1418.990456] init( 0): starting service 'hht_ota_mgr_service'...
06-21 06:29:28.274 I/[ 1419.189649] init( 0): Service 'hht_ota_mgr_service' (pid 13374) exited with status 0
06-21 06:29:28.288 I/[ 1419.212793] init( 0): Sending signal 9 to service 'hht_ota_mgr_service' (pid 13374) process group...
06-21 06:29:28.296 I/[ 1419.222131] libprocessgroup( 0): Successfully killed process cgroup uid 0 pid 13374 in 0ms
06-21 06:29:29.079 E/[ 1420.000349] link_delay_work_func( 0): DTC_ETH: SQI=0, link=0
06-21 06:29:33.090 I/[ 1424.015301] init( 0): starting service 'hht_ota_mgr_service'...
06-21 06:29:33.302 I/[ 1424.218662] init( 0): Service 'hht_ota_mgr_service' (pid 13396) exited with status 0
06-21 06:29:33.307 I/[ 1424.241230] init( 0): Sending signal 9 to service 'hht_ota_mgr_service' (pid 13396) process group...
06-21 06:29:33.325 I/[ 1424.250541] libprocessgroup( 0): Successfully killed process cgroup uid 0 pid 13396 in 0ms
06-21 06:29:34.193 E/[ 1425.120276] link_delay_work_func( 0): DTC_ETH: SQI=0, link=0
06-21 06:29:34.904 I/[ 1425.820251] [schedu][0x667468558][06( 0): 29:34.886824] wlan: [1861:I:WMA] [06:29:34.813000] [ROAM_TRIGGER]: VDEV[0] Reason: "LOW RSSI" Sub-Reason: FULL SCAN Cur_Rssi threshold:81 Current AP RSSI: 77
06-21 06:29:34.905 I/[ 1425.838249] [schedu][0x6674bcc7d][06( 0): 29:34.904838] wlan: [1861:I:WMA] [06:29:34.813000] [ROAM_SCAN]: VDEV[0] Scan_type: PARTIAL next_rssi_threshold: 81 dBm {5200 }
06-21 06:29:34.920 I/[ 1425.853339] [schedu][0x667503893][06( 0): 29:34.919932] wlan: [1861:I:WMA] ============================================================================================================================
06-21 06:29:34.956 I/[ 1425.872102] [schedu][0x66755b7e1][06( 0): 29:34.938695] wlan: [1861:I:WMA] AP BSSID TSTAMP CH TY ETP RSSI/SCR CU%/SCR TOT_SCR BL_RSN BL_SRC BL_TSTAMP BL_TIMEOUT(ms)
06-21 06:29:34.956 I/[ 1425.889896] [schedu][0x6675aeedc][06( 0): 29:34.956495] wlan: [1861:I:WMA] ============================================================================================================================
06-21 06:29:34.991 I/[ 1425.907690] [schedu][0x66760243a][06( 0): 29:34.974273] wlan: [1861:I:WMA] 04:d9:f5:fb:09:94 [06:29:34.813000] 5200 P_AP 0 77/0 0/0 1791 0 0 [00:00:00.000000] 0
06-21 06:29:34.991 I/[ 1425.925041] [schedu][0x667653ade][06( 0): 29:34.991641] wlan: [1861:I:WMA] [06:29:34.873000] [ROAM_RESULT]: VDEV[0] FAILED Reason: NO AP FOUND
06-21 06:29:38.124 I/[ 1429.051583] init( 0): starting service 'hht_ota_mgr_service'...
06-21 06:29:38.314 I/[ 1429.235208] [schedu][0x66b2eff62][06( 0): 29:38.301785] wlan: [1861:I:WMA] [06:29:34.918000] [ROAM_TRIGGER]: VDEV[0] Reason: "LOW RSSI" Sub-Reason: FULL SCAN Cur_Rssi threshold:81 Current AP RSSI: 77
06-21 06:29:38.314 I/[ 1429.244557] init( 0): Service 'hht_ota_mgr_service' (pid 13418) exited with status 0
06-21 06:29:38.314 I/[ 1429.244626] init( 0): Sending signal 9 to service 'hht_ota_mgr_service' (pid 13418) process group...
06-21 06:29:38.314 I/[ 1429.245177] libprocessgroup( 0): Successfully killed process cgroup uid 0 pid 13418 in 0ms
06-21 06:29:38.380 I/[ 1429.298727] [schedu][0x66b419ca1][06( 0): 29:38.365318] wlan: [1861:I:WMA] [06:29:34.918000] [ROAM_SCAN]: VDEV[0] Scan_type: FULL next_rssi_threshold: 82 dBm
06-21 06:29:38.380 I/[ 1429.312854] [schedu][0x66b45c0c2][06( 0): 29:38.379453] wlan: [1861:I:WMA] ============================================================================================================================
06-21 06:29:38.397 I/[ 1429.330652] [schedu][0x66b4af621][06( 0): 29:38.397231] wlan: [1861:I:WMA] AP BSSID TSTAMP CH TY ETP RSSI/SCR CU%/SCR TOT_SCR BL_RSN BL_SRC BL_TSTAMP BL_TIMEOUT(ms)
06-21 06:29:38.434 I/[ 1429.348409] [schedu][0x66b502b8d][06( 0): 29:38.415010] wlan: [1861:I:WMA] ============================================================================================================================
06-21 06:29:38.434 I/[ 1429.366169] [schedu][0x66b555f83][06( 0): 29:38.432769] wlan: [1861:I:WMA] 04:d9:f5:fb:09:94 [06:29:34.918000] 5200 P_AP 0 77/0 0/0 1791 0 0 [00:00:00.000000] 0
06-21 06:29:38.450 I/[ 1429.383492] [schedu][0x66b5a72b0][06( 0): 29:38.450092] wlan: [1861:I:WMA] [06:29:38.288000] [ROAM_RESULT]: VDEV[0] FAILED Reason: NO AP FOUND
06-21 06:29:39.313 E/[ 1430.240247] link_delay_work_func( 0): DTC_ETH: SQI=0, link=0
06-21 06:29:41.142 W/ActivityManager( 1164): Background start not allowed: service Intent { cmp=com.tencent.android.qqdownloader/com.tencent.assistant.sdk.SDKSupportService (has extras) } to com.tencent.android.qqdownloader/com.tencent.assistant.sdk.SDKSupportService from pid=3329 uid=10115 pkg=com.tencent.android.qqdownloader startFg?=false
06-21 06:29:41.165 W/ActivityManager( 1164): Background start not allowed: service Intent { cmp=com.tencent.android.qqdownloader/com.tencent.assistant.sdk.SDKSupportService (has extras) } to com.tencent.android.qqdownloader/com.tencent.assistant.sdk.SDKSupportService from pid=3329 uid=10115 pkg=com.tencent.android.qqdownloader startFg?=false
06-21 06:29:41.216 W/ActivityManager( 1164): Background start not allowed: service Intent { cmp=com.tencent.android.qqdownloader/com.tencent.assistant.sdk.SDKSupportService (has extras) } to com.tencent.android.qqdownloader/com.tencent.assistant.sdk.SDKSupportService from pid=3329 uid=10115 pkg=com.tencent.android.qqdownloader startFg?=false
06-21 06:29:41.226 W/ActivityManager( 1164): Background start not allowed: service Intent { cmp=com.tencent.android.qqdownloader/com.tencent.assistant.sdk.SDKSupportService (has extras) } to com.tencent.android.qqdownloader/com.tencent.assistant.sdk.SDKSupportService from pid=3329 uid=10115 pkg=com.tencent.android.qqdownloader startFg?=false
06-21 06:29:43.150 I/[ 1434.077938] init( 0): starting service 'hht_ota_mgr_service'...
06-21 06:29:43.362 I/[ 1434.279611] init( 0): Service 'hht_ota_mgr_service' (pid 13442) exited with status 0
06-21 06:29:43.378 I/[ 1434.302990] init( 0): Sending signal 9 to service 'hht_ota_mgr_service' (pid 13442) process group...
06-21 06:29:43.391 I/[ 1434.312887] libprocessgroup( 0): Successfully killed process cgroup uid 0 pid 13442 in 0ms
06-21 06:29:44.439 E/[ 1435.360290] link_delay_work_func( 0): DTC_ETH: SQI=0, link=0
06-21 06:29:48.193 I/[ 1439.118790] init( 0): starting service 'hht_ota_mgr_service'...
06-21 06:29:48.411 I/[ 1439.321273] init( 0): Service 'hht_ota_mgr_service' (pid 13462) exited with status 0
06-21 06:29:48.429 I/[ 1439.344654] init( 0): Sending signal 9 to service 'hht_ota_mgr_service' (pid 13462) process group...
06-21 06:29:48.429 I/[ 1439.354773] libprocessgroup( 0): Successfully killed process cgroup uid 0 pid 13462 in 0ms
06-21 06:29:49.555 E/[ 1440.480263] link_delay_work_func( 0): DTC_ETH: SQI=0, link=0
06-21 06:29:53.235 I/[ 1444.162648] init( 0): starting service 'hht_ota_mgr_service'...
06-21 06:29:53.442 I/[ 1444.358729] init( 0): Service 'hht_ota_mgr_service' (pid 13484) exited with status 0
06-21 06:29:53.457 I/[ 1444.382229] init( 0): Sending signal 9 to service 'hht_ota_mgr_service' (pid 13484) process group...
06-21 06:29:53.467 I/[ 1444.391560] libprocessgroup( 0): Successfully killed process cgroup uid 0 pid 13484 in 0ms
06-21 06:29:54.675 E/[ 1445.600352] link_delay_work_func( 0): DTC_ETH: SQI=0, link=0
06-21 06:29:56.186 I/[ 1447.109090] init( 0): processing action (sys.tlog.tlogdshc.active=1) from (/system/etc/init/tlogd.rc:195)
06-21 06:29:56.193 I/[ 1447.121052] init( 0): starting service 'tlogdshc'...
06-21 06:29:56.595 I/[ 1447.517254] init( 0): Service 'tlogdshc' (pid 13498) exited with status 0 oneshot service took 0.363000 seconds in background
06-21 06:29:56.595 I/[ 1447.528855] init( 0): Sending signal 9 to service 'tlogdshc' (pid 13498) process group...
06-21 06:29:56.605 I/[ 1447.537887] libprocessgroup( 0): Successfully killed process cgroup uid 0 pid 13498 in 0ms
06-21 06:29:58.278 I/[ 1449.201013] init( 0): starting service 'hht_ota_mgr_service'...
06-21 06:29:58.493 I/[ 1449.403751] init( 0): Service 'hht_ota_mgr_service' (pid 13515) exited with status 0
06-21 06:29:58.503 I/[ 1449.427543] init( 0): Sending signal 9 to service 'hht_ota_mgr_service' (pid 13515) process group...
06-21 06:29:58.512 I/[ 1449.437230] libprocessgroup( 0): Successfully killed process cgroup uid 0 pid 13515 in 0ms
06-21 06:29:59.794 E/[ 1450.720427] link_delay_work_func( 0): DTC_ETH: SQI=0, link=0
06-21 06:30:03.311 I/[ 1454.237275] init( 0): starting service 'hht_ota_mgr_service'...
06-21 06:30:03.511 I/[ 1454.426652] init( 0): Service 'hht_ota_mgr_service' (pid 13535) exited with status 0
06-21 06:30:03.525 I/[ 1454.449771] init( 0): Sending signal 9 to service 'hht_ota_mgr_service' (pid 13535) process group...
06-21 06:30:03.525 I/[ 1454.459096] libprocessgroup( 0): Successfully killed process cgroup uid 0 pid 13535 in 0ms
06-21 06:30:04.926 E/[ 1455.840327] link_delay_work_func( 0): DTC_ETH: SQI=0, link=0
06-21 06:30:08.336 I/[ 1459.262555] init( 0): starting service 'hht_ota_mgr_service'...
06-21 06:30:08.535 I/[ 1459.450018] init( 0): Service 'hht_ota_mgr_service' (pid 13557) exited with status 0
06-21 06:30:08.549 I/[ 1459.473580] init( 0): Sending signal 9 to service 'hht_ota_mgr_service' (pid 13557) process group...
06-21 06:30:08.559 I/[ 1459.482873] libprocessgroup( 0): Successfully killed process cgroup uid 0 pid 13557 in 0ms
06-21 06:30:10.035 E/[ 1460.960272] link_delay_work_func( 0): DTC_ETH: SQI=0, link=0
06-21 06:30:12.696 I/[ 1463.613827] [schedu][0x69286db82][06( 0): 30:12.680400] wlan: [1861:I:WMA] [06:30:12.611000] [ROAM_TRIGGER]: VDEV[0] Reason: "LOW RSSI" Cur_Rssi threshold:81 Current AP RSSI: 76
06-21 06:30:12.696 I/[ 1463.629983] [schedu][0x6928b987d][06( 0): 30:12.696571] wlan: [1861:I:WMA] [06:30:12.611000] [ROAM_SCAN]: VDEV[0] Scan_type: PARTIAL next_rssi_threshold: 81 dBm {5200 }
06-21 06:30:12.743 I/[ 1463.645240] [schedu][0x69290110c][06( 0): 30:12.711832] wlan: [1861:I:WMA] ============================================================================================================================
06-21 06:30:12.743 I/[ 1463.663134] [schedu][0x692954f29][06( 0): 30:12.729726] wlan: [1861:I:WMA] AP BSSID TSTAMP CH TY ETP RSSI/SCR CU%/SCR TOT_SCR BL_RSN BL_SRC BL_TSTAMP BL_TIMEOUT(ms)
06-21 06:30:12.747 I/[ 1463.681203] [schedu][0x6929a9a58][06( 0): 30:12.747795] wlan: [1861:I:WMA] ============================================================================================================================
06-21 06:30:12.783 I/[ 1463.699016] [schedu][0x6929fd2eb][06( 0): 30:12.765615] wlan: [1861:I:WMA] 04:d9:f5:fb:09:94 [06:30:12.611000] 5200 P_AP 0 76/0 0/0 1791 0 0 [00:00:00.000000] 0
06-21 06:30:12.783 I/[ 1463.716381] [schedu][0x692a4e958][06( 0): 30:12.782981] wlan: [1861:I:WMA] [06:30:12.676000] [ROAM_RESULT]: VDEV[0] FAILED Reason: NO AP FOUND
06-21 06:30:13.356 I/[ 1464.283494] init( 0): starting service 'hht_ota_mgr_service'...
06-21 06:30:13.570 I/[ 1464.487003] init( 0): Service 'hht_ota_mgr_service' (pid 13582) exited with status 0
06-21 06:30:13.586 I/[ 1464.510794] init( 0): Sending signal 9 to service 'hht_ota_mgr_service' (pid 13582) process group...
06-21 06:30:13.586 I/[ 1464.520238] libprocessgroup( 0): Successfully killed process cgroup uid 0 pid 13582 in 0ms
06-21 06:30:14.861 E/[ 1465.782402] [schedu][0x695023041][06( 0): 30:14.848994] wlan: [1861:E:PE] lim_process_addba_req: 1716: Failed to process addba request
06-21 06:30:15.154 E/[ 1466.080144] link_delay_work_func( 0): DTC_ETH: SQI=0, link=0
06-21 06:30:18.386 I/[ 1469.310994] init( 0): starting service 'hht_ota_mgr_service'...
06-21 06:30:18.586 I/[ 1469.499510] init( 0): Service 'hht_ota_mgr_service' (pid 13602) exited with status 0
06-21 06:30:18.599 I/[ 1469.523907] init( 0): Sending signal 9 to service 'hht_ota_mgr_service' (pid 13602) process group...
06-21 06:30:18.609 I/[ 1469.534266] libprocessgroup( 0): Successfully killed process cgroup uid 0 pid 13602 in 0ms
06-21 06:30:20.274 E/[ 1471.200481] link_delay_work_func( 0): DTC_ETH: SQI=0, link=0
06-21 06:30:23.421 I/[ 1474.348636] init( 0): starting service 'hht_ota_mgr_service'...
06-21 06:30:23.623 I/[ 1474.537956] init( 0): Service 'hht_ota_mgr_service' (pid 13628) exited with status 0
06-21 06:30:23.637 I/[ 1474.561476] init( 0): Sending signal 9 to service 'hht_ota_mgr_service' (pid 13628) process group...
06-21 06:30:23.646 I/[ 1474.571306] libprocessgroup( 0): Successfully killed process cgroup uid 0 pid 13628 in 0ms
06-21 06:30:25.399 E/[ 1476.320176] link_delay_work_func( 0): DTC_ETH: SQI=0, link=0
06-21 06:30:26.198 I/[ 1477.121871] init( 0): processing action (sys.tlog.tlogdshc.active=1) from (/system/etc/init/tlogd.rc:195)
06-21 06:30:26.204 I/[ 1477.132972] init( 0): starting service 'tlogdshc'...
06-21 06:30:26.599 I/[ 1477.512479] init( 0): Service 'tlogdshc' (pid 13643) exited with status 0 oneshot service took 0.348000 seconds in background
06-21 06:30:26.599 I/[ 1477.524492] init( 0): Sending signal 9 to service 'tlogdshc' (pid 13643) process group...
06-21 06:30:26.610 I/[ 1477.534320] libprocessgroup( 0): Successfully killed process cgroup uid 0 pid 13643 in 0ms
06-21 06:30:28.442 I/[ 1479.369281] init( 0): starting service 'hht_ota_mgr_service'...
06-21 06:30:28.657 I/GameModeConfig( 1164): isGameModeOn = false
06-21 06:30:28.665 I/[ 1479.573904] init( 0): Service 'hht_ota_mgr_service' (pid 13656) exited with status 0
06-21 06:30:28.665 I/[ 1479.598382] init( 0): Sending signal 9 to service 'hht_ota_mgr_service' (pid 13656) process group...
06-21 06:30:28.686 I/[ 1479.608164] libprocessgroup( 0): Successfully killed process cgroup uid 0 pid 13656 in 0ms
06-21 06:30:30.519 E/[ 1481.440196] link_delay_work_func( 0): DTC_ETH: SQI=0, link=0
06-21 06:30:33.478 I/[ 1484.397336] init( 0): starting service 'hht_ota_mgr_service'...
06-21 06:30:33.686 I/[ 1484.601141] init( 0): Service 'hht_ota_mgr_service' (pid 13678) exited with status 0
06-21 06:30:33.699 I/[ 1484.624245] init( 0): Sending signal 9 to service 'hht_ota_mgr_service' (pid 13678) process group...
06-21 06:30:33.710 I/[ 1484.634170] libprocessgroup( 0): Successfully killed process cgroup uid 0 pid 13678 in 0ms
06-21 06:30:35.633 E/[ 1486.560449] link_delay_work_func( 0): DTC_ETH: SQI=0, link=0
06-21 06:30:37.051 W/ActivityManager( 1164): Background start not allowed: service Intent { cmp=com.tencent.android.qqdownloader/com.tencent.assistant.sdk.SDKSupportService (has extras) } to com.tencent.android.qqdownloader/com.tencent.assistant.sdk.SDKSupportService from pid=3329 uid=10115 pkg=com.tencent.android.qqdownloader startFg?=false
06-21 06:30:37.065 W/ActivityManager( 1164): Background start not allowed: service Intent { cmp=com.tencent.android.qqdownloader/com.tencent.assistant.sdk.SDKSupportService (has extras) } to com.tencent.android.qqdownloader/com.tencent.assistant.sdk.SDKSupportService from pid=3329 uid=10115 pkg=com.tencent.android.qqdownloader startFg?=false
06-21 06:30:37.120 W/ActivityManager( 1164): Background start not allowed: service Intent { cmp=com.tencent.android.qqdownloader/com.tencent.assistant.sdk.SDKSupportService (has extras) } to com.tencent.android.qqdownloader/com.tencent.assistant.sdk.SDKSupportService from pid=3329 uid=10115 pkg=com.tencent.android.qqdownloader startFg?=false
06-21 06:30:37.129 W/ActivityManager( 1164): Background start not allowed: service Intent { cmp=com.tencent.android.qqdownloader/com.tencent.assistant.sdk.SDKSupportService (has extras) } to com.tencent.android.qqdownloader/com.tencent.assistant.sdk.SDKSupportService from pid=3329 uid=10115 pkg=com.tencent.android.qqdownloader startFg?=false
06-21 06:30:38.521 I/[ 1489.437776] init( 0): starting service 'hht_ota_mgr_service'...
06-21 06:30:38.716 I/[ 1489.632665] init( 0): Service 'hht_ota_mgr_service' (pid 13702) exited with status 0
06-21 06:30:38.733 I/[ 1489.657305] init( 0): Sending signal 9 to service 'hht_ota_mgr_service' (pid 13702) process group...
06-21 06:30:38.741 I/[ 1489.666516] libprocessgroup( 0): Successfully killed process cgroup uid 0 pid 13702 in 0ms
06-21 06:30:40.755 E/[ 1491.680362] link_delay_work_func( 0): DTC_ETH: SQI=0, link=0
06-21 06:30:43.539 I/[ 1494.466207] init( 0): starting service 'hht_ota_mgr_service'...
06-21 06:30:43.734 I/[ 1494.650114] init( 0): Service 'hht_ota_mgr_service' (pid 13724) exited with status 0
06-21 06:30:43.740 I/[ 1494.673633] init( 0): Sending signal 9 to service 'hht_ota_mgr_service' (pid 13724) process group...
06-21 06:30:43.758 I/[ 1494.682812] libprocessgroup( 0): Successfully killed process cgroup uid 0 pid 13724 in 0ms
06-21 06:30:45.875 E/[ 1496.800243] link_delay_work_func( 0): DTC_ETH: SQI=0, link=0
06-21 06:30:48.572 I/[ 1499.498856] init( 0): starting service 'hht_ota_mgr_service'...
06-21 06:30:48.778 I/[ 1499.691191] init( 0): Service 'hht_ota_mgr_service' (pid 13746) exited with status 0
06-21 06:30:48.790 I/[ 1499.714803] init( 0): Sending signal 9 to service 'hht_ota_mgr_service' (pid 13746) process group...
06-21 06:30:48.798 I/[ 1499.724008] libprocessgroup( 0): Successfully killed process cgroup uid 0 pid 13746 in 0ms
06-21 06:30:50.992 E/[ 1501.920148] link_delay_work_func( 0): DTC_ETH: SQI=0, link=0
06-21 06:30:53.597 I/[ 1504.524681] init( 0): starting service 'hht_ota_mgr_service'...
06-21 06:30:53.806 I/[ 1504.722891] init( 0): Service 'hht_ota_mgr_service' (pid 13770) exited with status 0
06-21 06:30:53.820 I/[ 1504.745117] init( 0): Sending signal 9 to service 'hht_ota_mgr_service' (pid 13770) process group...
06-21 06:30:53.845 I/[ 1504.754313] libprocessgroup( 0): Successfully killed process cgroup uid 0 pid 13770 in 0ms
06-21 06:30:56.114 E/[ 1507.040174] link_delay_work_func( 0): DTC_ETH: SQI=0, link=0
06-21 06:30:56.213 I/[ 1507.136804] init( 0): processing action (sys.tlog.tlogdshc.active=1) from (/system/etc/init/tlogd.rc:195)
06-21 06:30:56.219 I/[ 1507.147499] init( 0): starting service 'tlogdshc'...
06-21 06:30:56.587 I/[ 1507.509164] init( 0): Service 'tlogdshc' (pid 13784) exited with status 0 oneshot service took 0.341000 seconds in background
06-21 06:30:56.587 I/[ 1507.520581] init( 0): Sending signal 9 to service 'tlogdshc' (pid 13784) process group...
06-21 06:30:56.604 I/[ 1507.529111] libprocessgroup( 0): Successfully killed process cgroup uid 0 pid 13784 in 0ms
06-21 06:30:58.614 I/[ 1509.540640] init( 0): starting service 'hht_ota_mgr_service'...
06-21 06:30:58.830 I/[ 1509.740028] init( 0): Service 'hht_ota_mgr_service' (pid 13799) exited with status 0
06-21 06:30:58.847 I/[ 1509.763804] init( 0): Sending signal 9 to service 'hht_ota_mgr_service' (pid 13799) process group...
06-21 06:30:58.865 I/[ 1509.790163] libprocessgroup( 0): Successfully killed process cgroup uid 0 pid 13799 in 0ms
06-21 06:31:01.232 E/[ 1512.160166] link_delay_work_func( 0): DTC_ETH: SQI=0, link=0
06-21 06:31:03.659 I/[ 1514.584304] init( 0): starting service 'hht_ota_mgr_service'...
06-21 06:31:03.866 I/[ 1514.779199] init( 0): Service 'hht_ota_mgr_service' (pid 13821) exited with status 0
06-21 06:31:03.883 I/[ 1514.807092] init( 0): Sending signal 9 to service 'hht_ota_mgr_service' (pid 13821) process group...
06-21 06:31:03.894 I/[ 1514.817287] libprocessgroup( 0): Successfully killed process cgroup uid 0 pid 13821 in 0ms
06-21 06:31:06.354 E/[ 1517.280313] link_delay_work_func( 0): DTC_ETH: SQI=0, link=0
06-21 06:31:08.688 I/[ 1519.612728] init( 0): starting service 'hht_ota_mgr_service'...
06-21 06:31:08.898 I/[ 1519.813377] init( 0): Service 'hht_ota_mgr_service' (pid 13843) exited with status 0
06-21 06:31:08.913 I/[ 1519.838108] init( 0): Sending signal 9 to service 'hht_ota_mgr_service' (pid 13843) process group...
06-21 06:31:08.924 I/[ 1519.848313] libprocessgroup( 0): Successfully killed process cgroup uid 0 pid 13843 in 0ms
06-21 06:31:11.479 E/[ 1522.400852] link_delay_work_func( 0): DTC_ETH: SQI=0, link=0
06-21 06:31:13.729 I/[ 1524.654657] init( 0): starting service 'hht_ota_mgr_service'...
06-21 06:31:13.923 I/[ 1524.839601] init( 0): Service 'hht_ota_mgr_service' (pid 13866) exited with status 0
06-21 06:31:13.940 I/[ 1524.865115] init( 0): Sending signal 9 to service 'hht_ota_mgr_service' (pid 13866) process group...
06-21 06:31:13.950 I/[ 1524.875135] libprocessgroup( 0): Successfully killed process cgroup uid 0 pid 13866 in 0ms
06-21 06:31:15.922 E/[ 1526.838509] [schedu][0x6dae1b6bd][06( 0): 31:15.905083] wlan: [1861:E:PE] lim_process_addba_req: 1716: Failed to process addba request
06-21 06:31:16.594 E/[ 1527.520327] link_delay_work_func( 0): DTC_ETH: SQI=0, link=0
06-21 06:31:18.765 I/[ 1529.691945] init( 0): starting service 'hht_ota_mgr_service'...
06-21 06:31:18.978 I/[ 1529.894487] init( 0): Service 'hht_ota_mgr_service' (pid 13886) exited with status 0
06-21 06:31:18.994 I/[ 1529.918163] init( 0): Sending signal 9 to service 'hht_ota_mgr_service' (pid 13886) process group...
06-21 06:31:19.006 I/[ 1529.928425] libprocessgroup( 0): Successfully killed process cgroup uid 0 pid 13886 in 0ms
06-21 06:31:21.715 E/[ 1532.640296] link_delay_work_func( 0): DTC_ETH: SQI=0, link=0
06-21 06:31:23.815 I/[ 1534.740636] init( 0): starting service 'hht_ota_mgr_service'...
06-21 06:31:24.027 I/[ 1534.943750] init( 0): Service 'hht_ota_mgr_service' (pid 13912) exited with status 0
06-21 06:31:24.043 I/[ 1534.967448] init( 0): Sending signal 9 to service 'hht_ota_mgr_service' (pid 13912) process group...
06-21 06:31:24.052 I/[ 1534.977744] libprocessgroup( 0): Successfully killed process cgroup uid 0 pid 13912 in 0ms
06-21 06:31:26.222 I/[ 1537.146015] init( 0): processing action (sys.tlog.tlogdshc.active=1) from (/system/etc/init/tlogd.rc:195)
06-21 06:31:26.230 I/[ 1537.157780] init( 0): starting service 'tlogdshc'...
06-21 06:31:26.581 I/[ 1537.494682] init( 0): Service 'tlogdshc' (pid 13926) exited with status 0 oneshot service took 0.303000 seconds in background
06-21 06:31:26.582 I/[ 1537.506191] init( 0): Sending signal 9 to service 'tlogdshc' (pid 13926) process group...
06-21 06:31:26.582 I/[ 1537.515226] libprocessgroup( 0): Successfully killed process cgroup uid 0 pid 13926 in 0ms
06-21 06:31:26.843 E/[ 1537.760298] link_delay_work_func( 0): DTC_ETH: SQI=0, link=0
06-21 06:31:28.852 I/[ 1539.779716] init( 0): starting service 'hht_ota_mgr_service'...
06-21 06:31:29.070 I/[ 1539.988413] init( 0): Service 'hht_ota_mgr_service' (pid 13943) exited with status 0
06-21 06:31:29.087 I/[ 1540.011024] init( 0): Sending signal 9 to service 'hht_ota_mgr_service' (pid 13943) process group...
06-21 06:31:29.087 I/[ 1540.020347] libprocessgroup( 0): Successfully killed process cgroup uid 0 pid 13943 in 0ms
06-21 06:31:30.151 I/GameModeConfig( 1164): isGameModeOn = false
06-21 06:31:31.954 E/[ 1542.880154] link_delay_work_func( 0): DTC_ETH: SQI=0, link=0
06-21 06:31:33.892 I/[ 1544.820008] init( 0): starting service 'hht_ota_mgr_service'...
06-21 06:31:34.114 I/[ 1545.031931] init( 0): Service 'hht_ota_mgr_service' (pid 13967) exited with status 0
06-21 06:31:34.131 I/[ 1545.055353] init( 0): Sending signal 9 to service 'hht_ota_mgr_service' (pid 13967) process group...
06-21 06:31:34.143 I/[ 1545.065423] libprocessgroup( 0): Successfully killed process cgroup uid 0 pid 13967 in 0ms
06-21 06:31:34.290 W/ActivityManager( 1164): Background start not allowed: service Intent { cmp=com.tencent.android.qqdownloader/com.tencent.assistant.sdk.SDKSupportService (has extras) } to com.tencent.android.qqdownloader/com.tencent.assistant.sdk.SDKSupportService from pid=3329 uid=10115 pkg=com.tencent.android.qqdownloader startFg?=false
06-21 06:31:34.322 W/ActivityManager( 1164): Background start not allowed: service Intent { cmp=com.tencent.android.qqdownloader/com.tencent.assistant.sdk.SDKSupportService (has extras) } to com.tencent.android.qqdownloader/com.tencent.assistant.sdk.SDKSupportService from pid=3329 uid=10115 pkg=com.tencent.android.qqdownloader startFg?=false
06-21 06:31:34.367 W/ActivityManager( 1164): Background start not allowed: service Intent { cmp=com.tencent.android.qqdownloader/com.tencent.assistant.sdk.SDKSupportService (has extras) } to com.tencent.android.qqdownloader/com.tencent.assistant.sdk.SDKSupportService from pid=3329 uid=10115 pkg=com.tencent.android.qqdownloader startFg?=false
06-21 06:31:34.398 W/ActivityManager( 1164): Background start not allowed: service Intent { cmp=com.tencent.android.qqdownloader/com.tencent.assistant.sdk.SDKSupportService (has extras) } to com.tencent.android.qqdownloader/com.tencent.assistant.sdk.SDKSupportService from pid=3329 uid=10115 pkg=com.tencent.android.qqdownloader startFg?=false
06-21 06:31:37.075 E/[ 1548.000295] link_delay_work_func( 0): DTC_ETH: SQI=0, link=0
06-21 06:31:38.943 I/[ 1549.870707] init( 0): starting service 'hht_ota_mgr_service'...
06-21 06:31:39.158 I/[ 1550.073938] init( 0): Service 'hht_ota_mgr_service' (pid 13989) exited with status 0
06-21 06:31:39.173 I/[ 1550.097413] init( 0): Sending signal 9 to service 'hht_ota_mgr_service' (pid 13989) process group...
06-21 06:31:39.191 I/[ 1550.107985] libprocessgroup( 0): Successfully killed process cgroup uid 0 pid 13989 in 0ms
06-21 06:31:39.856 I/[ 1550.754130] [schedu][0x6f6403e08][06( 0): 31:39.820700] wlan: [1861:I:WMA] [06:31:39.752000] [ROAM_TRIGGER]: VDEV[0] Reason: "LOW RSSI" Sub-Reason: FULL SCAN Cur_Rssi threshold:81 Current AP RSSI: 76
06-21 06:31:39.856 I/[ 1550.772677] [schedu][0x6f645aebc][06( 0): 31:39.839267] wlan: [1861:I:WMA] [06:31:39.752000] [ROAM_SCAN]: VDEV[0] Scan_type: PARTIAL next_rssi_threshold: 81 dBm {5200 }
06-21 06:31:39.889 I/[ 1550.804605] [schedu][0x6f64f0985][06( 0): 31:39.871197] wlan: [1861:I:WMA] ============================================================================================================================
06-21 06:31:39.889 I/[ 1550.822431] [schedu][0x6f65442ce][06( 0): 31:39.889027] wlan: [1861:I:WMA] AP BSSID TSTAMP CH TY ETP RSSI/SCR CU%/SCR TOT_SCR BL_RSN BL_SRC BL_TSTAMP BL_TIMEOUT(ms)
06-21 06:31:39.925 I/[ 1550.840721] [schedu][0x6f6599ea3][06( 0): 31:39.907318] wlan: [1861:I:WMA] ============================================================================================================================
06-21 06:31:39.925 I/[ 1550.858740] [schedu][0x6f65ee592][06( 0): 31:39.925330] wlan: [1861:I:WMA] 04:d9:f5:fb:09:94 [06:31:39.752000] 5200 P_AP 0 76/0 0/0 1791 0 0 [00:00:00.000000] 0
06-21 06:31:39.956 I/[ 1550.876653] [schedu][0x6f664247c][06( 0): 31:39.943238] wlan: [1861:I:WMA] [06:31:39.812000] [ROAM_RESULT]: VDEV[0] FAILED Reason: NO AP FOUND
06-21 06:31:42.197 E/[ 1553.120342] link_delay_work_func( 0): DTC_ETH: SQI=0, link=0
06-21 06:31:43.990 I/[ 1554.913897] init( 0): starting service 'hht_ota_mgr_service'...
06-21 06:31:44.198 I/[ 1555.114996] init( 0): Service 'hht_ota_mgr_service' (pid 14011) exited with status 0
06-21 06:31:44.214 I/[ 1555.138924] init( 0): Sending signal 9 to service 'hht_ota_mgr_service' (pid 14011) process group...
06-21 06:31:44.224 I/[ 1555.149472] libprocessgroup( 0): Successfully killed process cgroup uid 0 pid 14011 in 0ms
06-21 06:31:47.315 E/[ 1558.240287] link_delay_work_func( 0): DTC_ETH: SQI=0, link=0
06-21 06:31:49.021 I/[ 1559.948743] init( 0): starting service 'hht_ota_mgr_service'...
06-21 06:31:49.226 I/[ 1560.142688] init( 0): Service 'hht_ota_mgr_service' (pid 14035) exited with status 0
06-21 06:31:49.242 I/[ 1560.166316] init( 0): Sending signal 9 to service 'hht_ota_mgr_service' (pid 14035) process group...
06-21 06:31:49.251 I/[ 1560.176538] libprocessgroup( 0): Successfully killed process cgroup uid 0 pid 14035 in 0ms
06-21 06:31:51.615 I/[ 1562.515461] [schedu][0x703b5f370][06( 0): 31:51.582050] wlan: [1861:I:WMA] [06:31:51.513000] [ROAM_TRIGGER]: VDEV[0] Reason: "LOW RSSI" Sub-Reason: FULL SCAN Cur_Rssi threshold:81 Current AP RSSI: 76
06-21 06:31:51.615 I/[ 1562.533407] [schedu][0x703bb35b4][06( 0): 31:51.600000] wlan: [1861:I:WMA] [06:31:51.513000] [ROAM_SCAN]: VDEV[0] Scan_type: PARTIAL next_rssi_threshold: 81 dBm {5200 }
06-21 06:31:51.636 I/[ 1562.549394] [schedu][0x703bfe46f][06( 0): 31:51.615984] wlan: [1861:I:WMA] ============================================================================================================================
06-21 06:31:51.636 I/[ 1562.567203] [schedu][0x703c51ce6][06( 0): 31:51.633802] wlan: [1861:I:WMA] AP BSSID TSTAMP CH TY ETP RSSI/SCR CU%/SCR TOT_SCR BL_RSN BL_SRC BL_TSTAMP BL_TIMEOUT(ms)
06-21 06:31:51.672 I/[ 1562.584967] [schedu][0x703ca5143][06( 0): 31:51.651566] wlan: [1861:I:WMA] ============================================================================================================================
06-21 06:31:51.672 I/[ 1562.602724] [schedu][0x703cf851f][06( 0): 31:51.669324] wlan: [1861:I:WMA] 04:d9:f5:fb:09:94 [06:31:51.513000] 5200 P_AP 0 76/0 0/0 1791 0 0 [00:00:00.000000] 0
06-21 06:31:51.699 I/[ 1562.620294] [schedu][0x703d4aab5][06( 0): 31:51.686892] wlan: [1861:I:WMA] [06:31:51.572000] [ROAM_RESULT]: VDEV[0] FAILED Reason: NO AP FOUND
06-21 06:31:52.434 E/[ 1563.360158] link_delay_work_func( 0): DTC_ETH: SQI=0, link=0
06-21 06:31:54.047 I/[ 1564.974589] init( 0): starting service 'hht_ota_mgr_service'...
06-21 06:31:54.262 I/[ 1565.175340] init( 0): Service 'hht_ota_mgr_service' (pid 14057) exited with status 0
06-21 06:31:54.275 I/[ 1565.199164] init( 0): Sending signal 9 to service 'hht_ota_mgr_service' (pid 14057) process group...
06-21 06:31:54.275 I/[ 1565.209017] libprocessgroup( 0): Successfully killed process cgroup uid 0 pid 14057 in 0ms
06-21 06:31:56.238 I/[ 1567.161048] init( 0): processing action (sys.tlog.tlogdshc.active=1) from (/system/etc/init/tlogd.rc:195)
06-21 06:31:56.244 I/[ 1567.172645] init( 0): starting service 'tlogdshc'...
06-21 06:31:56.619 I/[ 1567.532842] init( 0): Service 'tlogdshc' (pid 14067) exited with status 0 oneshot service took 0.329000 seconds in background
06-21 06:31:56.619 I/[ 1567.544578] init( 0): Sending signal 9 to service 'tlogdshc' (pid 14067) process group...
06-21 06:31:56.628 I/[ 1567.553477] libprocessgroup( 0): Successfully killed process cgroup uid 0 pid 14067 in 0ms
06-21 06:31:57.552 E/[ 1568.480210] link_delay_work_func( 0): DTC_ETH: SQI=0, link=0
06-21 06:31:59.082 I/[ 1570.008844] init( 0): starting service 'hht_ota_mgr_service'...
06-21 06:31:59.298 I/[ 1570.216327] init( 0): Service 'hht_ota_mgr_service' (pid 14086) exited with status 0
06-21 06:31:59.315 I/[ 1570.239640] init( 0): Sending signal 9 to service 'hht_ota_mgr_service' (pid 14086) process group...
06-21 06:31:59.324 I/[ 1570.249725] libprocessgroup( 0): Successfully killed process cgroup uid 0 pid 14086 in 0ms
06-21 06:32:02.675 E/[ 1573.600473] link_delay_work_func( 0): DTC_ETH: SQI=0, link=0
06-21 06:32:04.123 I/[ 1575.048773] init( 0): starting service 'hht_ota_mgr_service'...
06-21 06:32:04.339 I/[ 1575.255602] init( 0): Service 'hht_ota_mgr_service' (pid 14110) exited with status 0
06-21 06:32:04.355 I/[ 1575.279157] init( 0): Sending signal 9 to service 'hht_ota_mgr_service' (pid 14110) process group...
06-21 06:32:04.364 I/[ 1575.289296] libprocessgroup( 0): Successfully killed process cgroup uid 0 pid 14110 in 0ms
06-21 06:32:07.793 E/[ 1578.720445] link_delay_work_func( 0): DTC_ETH: SQI=0, link=0
06-21 06:32:09.171 I/[ 1580.097001] init( 0): starting service 'hht_ota_mgr_service'...
06-21 06:32:09.390 I/[ 1580.308322] init( 0): Service 'hht_ota_mgr_service' (pid 14132) exited with status 0
06-21 06:32:09.411 I/[ 1580.323925] init( 0): Sending signal 9 to service 'hht_ota_mgr_service' (pid 14132) process group...
06-21 06:32:09.429 I/[ 1580.354524] libprocessgroup( 0): Successfully killed process cgroup uid 0 pid 14132 in 0ms
06-21 06:32:12.918 E/[ 1583.840402] link_delay_work_func( 0): DTC_ETH: SQI=0, link=0
06-21 06:32:14.212 I/[ 1585.137214] init( 0): starting service 'hht_ota_mgr_service'...
06-21 06:32:14.405 I/[ 1585.321864] init( 0): Service 'hht_ota_mgr_service' (pid 14154) exited with status 0
06-21 06:32:14.426 I/[ 1585.346832] init( 0): Sending signal 9 to service 'hht_ota_mgr_service' (pid 14154) process group...
06-21 06:32:14.426 I/[ 1585.356939] libprocessgroup( 0): Successfully killed process cgroup uid 0 pid 14154 in 0ms
06-21 06:32:16.922 E/[ 1587.839805] [schedu][0x720b13135][06( 0): 32:16.906393] wlan: [1861:E:PE] lim_process_addba_req: 1716: Failed to process addba request
06-21 06:32:18.034 E/[ 1588.960261] link_delay_work_func( 0): DTC_ETH: SQI=0, link=0
06-21 06:32:19.239 I/[ 1590.165523] init( 0): starting service 'hht_ota_mgr_service'...
06-21 06:32:19.446 I/[ 1590.360965] init( 0): Service 'hht_ota_mgr_service' (pid 14178) exited with status 0
06-21 06:32:19.454 I/[ 1590.385521] init( 0): Sending signal 9 to service 'hht_ota_mgr_service' (pid 14178) process group...
06-21 06:32:19.469 I/[ 1590.394843] libprocessgroup( 0): Successfully killed process cgroup uid 0 pid 14178 in 0ms
06-21 06:32:23.153 E/[ 1594.080316] link_delay_work_func( 0): DTC_ETH: SQI=0, link=0
06-21 06:32:24.279 I/[ 1595.205974] init( 0): starting service 'hht_ota_mgr_service'...
06-21 06:32:24.486 I/[ 1595.400783] init( 0): Service 'hht_ota_mgr_service' (pid 14203) exited with status 0
06-21 06:32:24.500 I/[ 1595.424379] init( 0): Sending signal 9 to service 'hht_ota_mgr_service' (pid 14203) process group...
06-21 06:32:24.508 I/[ 1595.433742] libprocessgroup( 0): Successfully killed process cgroup uid 0 pid 14203 in 0ms
06-21 06:32:26.254 I/[ 1597.177496] init( 0): processing action (sys.tlog.tlogdshc.active=1) from (/system/etc/init/tlogd.rc:195)
06-21 06:32:26.260 I/[ 1597.188804] init( 0): starting service 'tlogdshc'...
06-21 06:32:26.622 I/[ 1597.535148] init( 0): Service 'tlogdshc' (pid 14213) exited with status 0 oneshot service took 0.316000 seconds in background
06-21 06:32:26.622 I/[ 1597.547405] init( 0): Sending signal 9 to service 'tlogdshc' (pid 14213) process group...
06-21 06:32:26.632 I/[ 1597.557661] libprocessgroup( 0): Successfully killed process cgroup uid 0 pid 14213 in 0ms
06-21 06:32:27.049 I/[ 1597.964701] [schedu][0x72c477746][06( 0): 32:27.031276] wlan: [1861:I:WMA] [06:32:26.960000] [ROAM_TRIGGER]: VDEV[0] Reason: "LOW RSSI" Sub-Reason: FULL SCAN Cur_Rssi threshold:81 Current AP RSSI: 76
06-21 06:32:27.049 I/[ 1597.982802] [schedu][0x72c4cc5dd][06( 0): 32:27.049389] wlan: [1861:I:WMA] [06:32:26.960000] [ROAM_SCAN]: VDEV[0] Scan_type: PARTIAL next_rssi_threshold: 81 dBm {5200 }
06-21 06:32:27.082 I/[ 1597.998103] [schedu][0x72c5141d2][06( 0): 32:27.064695] wlan: [1861:I:WMA] ============================================================================================================================
06-21 06:32:27.101 I/[ 1598.016226] [schedu][0x72c569134][06( 0): 32:27.082819] wlan: [1861:I:WMA] AP BSSID TSTAMP CH TY ETP RSSI/SCR CU%/SCR TOT_SCR BL_RSN BL_SRC BL_TSTAMP BL_TIMEOUT(ms)
06-21 06:32:27.101 I/[ 1598.034767] [schedu][0x72c5c0028][06( 0): 32:27.101365] wlan: [1861:I:WMA] ============================================================================================================================
06-21 06:32:27.136 I/[ 1598.052668] [schedu][0x72c613e2d][06( 0): 32:27.119258] wlan: [1861:I:WMA] 04:d9:f5:fb:09:94 [06:32:26.960000] 5200 P_AP 0 76/0 0/0 1791 0 0 [00:00:00.000000] 0
06-21 06:32:27.149 I/[ 1598.070451] [schedu][0x72c6672c0][06( 0): 32:27.137028] wlan: [1861:I:WMA] [06:32:27.024000] [ROAM_RESULT]: VDEV[0] FAILED Reason: NO AP FOUND
06-21 06:32:27.200 W/ActivityManager( 1164): Background start not allowed: service Intent { cmp=com.tencent.android.qqdownloader/com.tencent.assistant.sdk.SDKSupportService (has extras) } to com.tencent.android.qqdownloader/com.tencent.assistant.sdk.SDKSupportService from pid=3329 uid=10115 pkg=com.tencent.android.qqdownloader startFg?=false
06-21 06:32:27.219 W/ActivityManager( 1164): Background start not allowed: service Intent { cmp=com.tencent.android.qqdownloader/com.tencent.assistant.sdk.SDKSupportService (has extras) } to com.tencent.android.qqdownloader/com.tencent.assistant.sdk.SDKSupportService from pid=3329 uid=10115 pkg=com.tencent.android.qqdownloader startFg?=false
06-21 06:32:27.272 W/ActivityManager( 1164): Background start not allowed: service Intent { cmp=com.tencent.android.qqdownloader/com.tencent.assistant.sdk.SDKSupportService (has extras) } to com.tencent.android.qqdownloader/com.tencent.assistant.sdk.SDKSupportService from pid=3329 uid=10115 pkg=com.tencent.android.qqdownloader startFg?=false
06-21 06:32:27.282 W/ActivityManager( 1164): Background start not allowed: service Intent { cmp=com.tencent.android.qqdownloader/com.tencent.assistant.sdk.SDKSupportService (has extras) } to com.tencent.android.qqdownloader/com.tencent.assistant.sdk.SDKSupportService from pid=3329 uid=10115 pkg=com.tencent.android.qqdownloader startFg?=false
06-21 06:32:28.274 E/[ 1599.200249] link_delay_work_func( 0): DTC_ETH: SQI=0, link=0
06-21 06:32:29.308 I/[ 1600.234384] init( 0): starting service 'hht_ota_mgr_service'...
06-21 06:32:29.530 I/[ 1600.444972] init( 0): Service 'hht_ota_mgr_service' (pid 14230) exited with status 0
06-21 06:32:29.540 I/[ 1600.464910] init( 0): Sending signal 9 to service 'hht_ota_mgr_service' (pid 14230) process group...
06-21 06:32:29.549 I/[ 1600.474223] libprocessgroup( 0): Successfully killed process cgroup uid 0 pid 14230 in 0ms
06-21 06:32:31.658 I/GameModeConfig( 1164): isGameModeOn = false
06-21 06:32:33.393 E/[ 1604.320297] link_delay_work_func( 0): DTC_ETH: SQI=0, link=0
06-21 06:32:34.355 I/[ 1605.282441] init( 0): starting service 'hht_ota_mgr_service'...
06-21 06:32:34.546 I/[ 1605.461608] init( 0): Service 'hht_ota_mgr_service' (pid 14254) exited with status 0
06-21 06:32:34.560 I/[ 1605.484328] init( 0): Sending signal 9 to service 'hht_ota_mgr_service' (pid 14254) process group...
06-21 06:32:34.568 I/[ 1605.493623] libprocessgroup( 0): Successfully killed process cgroup uid 0 pid 14254 in 0ms
06-21 06:32:38.514 E/[ 1609.440148] link_delay_work_func( 0): DTC_ETH: SQI=0, link=0
06-21 06:32:39.383 I/[ 1610.306863] init( 0): starting service 'hht_ota_mgr_service'...
06-21 06:32:39.603 I/[ 1610.519246] init( 0): Service 'hht_ota_mgr_service' (pid 14276) exited with status 0
06-21 06:32:39.609 I/[ 1610.542394] init( 0): Sending signal 9 to service 'hht_ota_mgr_service' (pid 14276) process group...
06-21 06:32:39.628 I/[ 1610.552712] libprocessgroup( 0): Successfully killed process cgroup uid 0 pid 14276 in 0ms
06-21 06:32:43.635 E/[ 1614.560257] link_delay_work_func( 0): DTC_ETH: SQI=0, link=0
06-21 06:32:44.430 I/[ 1615.355076] init( 0): starting service 'hht_ota_mgr_service'...
06-21 06:32:44.646 I/[ 1615.556611] init( 0): Service 'hht_ota_mgr_service' (pid 14297) exited with status 0
06-21 06:32:44.648 I/[ 1615.579966] init( 0): Sending signal 9 to service 'hht_ota_mgr_service' (pid 14297) process group...
06-21 06:32:44.664 I/[ 1615.589561] libprocessgroup( 0): Successfully killed process cgroup uid 0 pid 14297 in 0ms
06-21 06:32:48.755 E/[ 1619.680482] link_delay_work_func( 0): DTC_ETH: SQI=0, link=0
06-21 06:32:49.469 I/[ 1620.396857] init( 0): starting service 'hht_ota_mgr_service'...
06-21 06:32:49.682 I/[ 1620.591794] init( 0): Service 'hht_ota_mgr_service' (pid 14319) exited with status 0
06-21 06:32:49.692 I/[ 1620.616252] init( 0): Sending signal 9 to service 'hht_ota_mgr_service' (pid 14319) process group...
06-21 06:32:49.704 I/[ 1620.626138] libprocessgroup( 0): Successfully killed process cgroup uid 0 pid 14319 in 0ms
06-21 06:32:53.874 E/[ 1624.800331] link_delay_work_func( 0): DTC_ETH: SQI=0, link=0
06-21 06:32:54.510 I/[ 1625.433223] init( 0): starting service 'hht_ota_mgr_service'...
06-21 06:32:54.710 I/[ 1625.620552] init( 0): Service 'hht_ota_mgr_service' (pid 14346) exited with status 0
06-21 06:32:54.714 I/[ 1625.644731] init( 0): Sending signal 9 to service 'hht_ota_mgr_service' (pid 14346) process group...
06-21 06:32:54.730 I/[ 1625.654986] libprocessgroup( 0): Successfully killed process cgroup uid 0 pid 14346 in 0ms
06-21 06:32:56.269 I/[ 1627.191791] init( 0): processing action (sys.tlog.tlogdshc.active=1) from (/system/etc/init/tlogd.rc:195)
06-21 06:32:56.275 I/[ 1627.203288] init( 0): starting service 'tlogdshc'...
06-21 06:32:56.649 I/[ 1627.561908] init( 0): Service 'tlogdshc' (pid 14358) exited with status 0 oneshot service took 0.328000 seconds in background
06-21 06:32:56.649 I/[ 1627.574712] init( 0): Sending signal 9 to service 'tlogdshc' (pid 14358) process group...
06-21 06:32:56.659 I/[ 1627.583928] libprocessgroup( 0): Successfully killed process cgroup uid 0 pid 14358 in 0ms
06-21 06:32:58.998 E/[ 1629.920258] link_delay_work_func( 0): DTC_ETH: SQI=0, link=0
06-21 06:32:59.530 I/[ 1630.457095] init( 0): starting service 'hht_ota_mgr_service'...
06-21 06:32:59.746 I/[ 1630.662624] init( 0): Service 'hht_ota_mgr_service' (pid 14379) exited with status 0
06-21 06:32:59.761 I/[ 1630.685536] init( 0): Sending signal 9 to service 'hht_ota_mgr_service' (pid 14379) process group...
06-21 06:32:59.769 I/[ 1630.694865] libprocessgroup( 0): Successfully killed process cgroup uid 0 pid 14379 in 0ms
06-21 06:33:01.149 I/[ 1632.064242] [schedu][0x7534d83d5][06( 0): 33:01.130644] wlan: [1861:I:WMA] [06:33:01.055000] [ROAM_TRIGGER]: VDEV[0] Reason: "LOW RSSI" Sub-Reason: FULL SCAN Cur_Rssi threshold:81 Current AP RSSI: 77
06-21 06:33:01.149 I/[ 1632.082584] [schedu][0x75352f175][06( 0): 33:01.149171] wlan: [1861:I:WMA] [06:33:01.055000] [ROAM_SCAN]: VDEV[0] Scan_type: PARTIAL next_rssi_threshold: 81 dBm {5200 }
06-21 06:33:01.200 I/[ 1632.097791] [schedu][0x753576648][06( 0): 33:01.164381] wlan: [1861:I:WMA] ============================================================================================================================
06-21 06:33:01.200 I/[ 1632.115748] [schedu][0x7535ca926][06( 0): 33:01.182339] wlan: [1861:I:WMA] AP BSSID TSTAMP CH TY ETP RSSI/SCR CU%/SCR TOT_SCR BL_RSN BL_SRC BL_TSTAMP BL_TIMEOUT(ms)
06-21 06:33:01.218 I/[ 1632.134345] [schedu][0x753621c06][06( 0): 33:01.200937] wlan: [1861:I:WMA] ============================================================================================================================
06-21 06:33:01.219 I/[ 1632.152153] [schedu][0x753675422][06( 0): 33:01.218751] wlan: [1861:I:WMA] 04:d9:f5:fb:09:94 [06:33:01.055000] 5200 P_AP 0 77/0 0/0 1791 0 0 [00:00:00.000000] 0
06-21 06:33:01.236 I/[ 1632.169506] [schedu][0x7536c69ae][06( 0): 33:01.236105] wlan: [1861:I:WMA] [06:33:01.117000] [ROAM_RESULT]: VDEV[0] FAILED Reason: NO AP FOUND
06-21 06:33:04.113 E/[ 1635.040518] link_delay_work_func( 0): DTC_ETH: SQI=0, link=0
06-21 06:33:04.337 I/[ 1635.248974] [schedu][0x756f29615][06( 0): 33:04.315528] wlan: [1861:I:WMA] [06:33:01.163000] [ROAM_TRIGGER]: VDEV[0] Reason: "LOW RSSI" Sub-Reason: FULL SCAN Cur_Rssi threshold:81 Current AP RSSI: 77
06-21 06:33:04.337 I/[ 1635.267431] [schedu][0x756f7fff6][06( 0): 33:04.334006] wlan: [1861:I:WMA] [06:33:01.163000] [ROAM_SCAN]: VDEV[0] Scan_type: FULL next_rssi_threshold: 82 dBm
06-21 06:33:04.366 I/[ 1635.281845] [schedu][0x756fc39f6][06( 0): 33:04.348431] wlan: [1861:I:WMA] ============================================================================================================================
06-21 06:33:04.366 I/[ 1635.299743] [schedu][0x7570178c1][06( 0): 33:04.366334] wlan: [1861:I:WMA] AP BSSID TSTAMP CH TY ETP RSSI/SCR CU%/SCR TOT_SCR BL_RSN BL_SRC BL_TSTAMP BL_TIMEOUT(ms)
06-21 06:33:04.402 I/[ 1635.317917] [schedu][0x75706cbb2][06( 0): 33:04.384507] wlan: [1861:I:WMA] ============================================================================================================================
06-21 06:33:04.402 I/[ 1635.335749] [schedu][0x7570c0455][06( 0): 33:04.402331] wlan: [1861:I:WMA] 04:d9:f5:fb:09:94 [06:33:01.163000] 5200 P_AP 0 77/0 0/0 1791 0 0 [00:00:00.000000] 0
06-21 06:33:04.419 I/[ 1635.353129] [schedu][0x757111d5d][06( 0): 33:04.419727] wlan: [1861:I:WMA] [06:33:04.301000] [ROAM_RESULT]: VDEV[0] FAILED Reason: NO AP FOUND
06-21 06:33:04.563 I/[ 1635.489800] init( 0): starting service 'hht_ota_mgr_service'...
06-21 06:33:04.790 I/[ 1635.705968] init( 0): Service 'hht_ota_mgr_service' (pid 14401) exited with status 0
06-21 06:33:04.806 I/[ 1635.730475] init( 0): Sending signal 9 to service 'hht_ota_mgr_service' (pid 14401) process group...
06-21 06:33:04.816 I/[ 1635.741465] libprocessgroup( 0): Successfully killed process cgroup uid 0 pid 14401 in 1ms
06-21 06:33:09.235 E/[ 1640.160251] link_delay_work_func( 0): DTC_ETH: SQI=0, link=0
06-21 06:33:09.600 I/[ 1640.527905] init( 0): starting service 'hht_ota_mgr_service'...
06-21 06:33:09.822 I/[ 1640.737660] init( 0): Service 'hht_ota_mgr_service' (pid 14422) exited with status 0
06-21 06:33:09.844 I/[ 1640.761240] init( 0): Sending signal 9 to service 'hht_ota_mgr_service' (pid 14422) process group...
06-21 06:33:09.863 I/[ 1640.786967] libprocessgroup( 0): Successfully killed process cgroup uid 0 pid 14422 in 0ms
06-21 06:33:14.352 E/[ 1645.280241] link_delay_work_func( 0): DTC_ETH: SQI=0, link=0
06-21 06:33:14.640 I/[ 1645.566978] init( 0): starting service 'hht_ota_mgr_service'...
06-21 06:33:14.851 I/[ 1645.768463] init( 0): Service 'hht_ota_mgr_service' (pid 14448) exited with status 0
06-21 06:33:14.851 I/[ 1645.784371] init( 0): Sending signal 9 to service 'hht_ota_mgr_service' (pid 14448) process group...
06-21 06:33:14.890 I/[ 1645.815215] libprocessgroup( 0): Successfully killed process cgroup uid 0 pid 14448 in 0ms
06-21 06:33:17.948 E/[ 1648.868178] [schedu][0x7668898a8][06( 0): 33:17.934760] wlan: [1861:E:PE] lim_process_addba_req: 1716: Failed to process addba request
06-21 06:33:19.474 E/[ 1650.400146] link_delay_work_func( 0): DTC_ETH: SQI=0, link=0
06-21 06:33:19.686 I/[ 1650.613305] init( 0): starting service 'hht_ota_mgr_service'...
06-21 06:33:19.908 I/[ 1650.825534] init( 0): Service 'hht_ota_mgr_service' (pid 14468) exited with status 0
06-21 06:33:19.933 I/[ 1650.849198] init( 0): Sending signal 9 to service 'hht_ota_mgr_service' (pid 14468) process group...
06-21 06:33:19.934 I/[ 1650.859123] libprocessgroup( 0): Successfully killed process cgroup uid 0 pid 14468 in 0ms
06-21 06:33:22.909 W/ActivityManager( 1164): Background start not allowed: service Intent { cmp=com.tencent.android.qqdownloader/com.tencent.assistant.sdk.SDKSupportService (has extras) } to com.tencent.android.qqdownloader/com.tencent.assistant.sdk.SDKSupportService from pid=3329 uid=10115 pkg=com.tencent.android.qqdownloader startFg?=false
06-21 06:33:22.932 W/ActivityManager( 1164): Background start not allowed: service Intent { cmp=com.tencent.android.qqdownloader/com.tencent.assistant.sdk.SDKSupportService (has extras) } to com.tencent.android.qqdownloader/com.tencent.assistant.sdk.SDKSupportService from pid=3329 uid=10115 pkg=com.tencent.android.qqdownloader startFg?=false
