06-21 06:08:35.115 I/[ 166.039637] libprocessgroup( 0): Successfully killed process cgroup uid 0 pid 6949 in 0ms
06-21 06:08:37.151 W/ActivityManager( 1164): Stopping service due to app idle: u0a113 -1m12s504ms com.tencent.mm/com.tencent.matrix.lifecycle.supervisor.SupervisorService
06-21 06:08:37.162 W/ActivityManager( 1164): Receiver with filter android.content.IntentFilter@25e009 already registered for pid 5275, callerPackage is com.tencent.mm
06-21 06:08:39.799 E/[ 170.722646] link_delay_work_func( 0): DTC_ETH: SQI=0, link=0
06-21 06:08:39.920 I/[ 170.846115] init( 0): starting service 'hht_ota_mgr_service'...
06-21 06:08:40.120 I/[ 171.036947] init( 0): Service 'hht_ota_mgr_service' (pid 6971) exited with status 0
06-21 06:08:40.135 I/[ 171.059703] init( 0): Sending signal 9 to service 'hht_ota_mgr_service' (pid 6971) process group...
06-21 06:08:40.143 I/[ 171.068932] libprocessgroup( 0): Successfully killed process cgroup uid 0 pid 6971 in 0ms
06-21 06:08:44.912 E/[ 175.840190] link_delay_work_func( 0): DTC_ETH: SQI=0, link=0
06-21 06:08:44.955 I/[ 175.882985] init( 0): starting service 'hht_ota_mgr_service'...
06-21 06:08:45.156 I/[ 176.072502] init( 0): Service 'hht_ota_mgr_service' (pid 6997) exited with status 0
06-21 06:08:45.172 I/[ 176.096299] init( 0): Sending signal 9 to service 'hht_ota_mgr_service' (pid 6997) process group...
06-21 06:08:45.181 I/[ 176.106515] libprocessgroup( 0): Successfully killed process cgroup uid 0 pid 6997 in 0ms
06-21 06:08:49.982 I/[ 180.909195] init( 0): starting service 'hht_ota_mgr_service'...
06-21 06:08:50.046 E/[ 180.960785] link_delay_work_func( 0): DTC_ETH: SQI=0, link=0
06-21 06:08:50.182 I/[ 181.097842] init( 0): Service 'hht_ota_mgr_service' (pid 7019) exited with status 0
06-21 06:08:50.187 I/[ 181.120905] init( 0): Sending signal 9 to service 'hht_ota_mgr_service' (pid 7019) process group...
06-21 06:08:50.206 I/[ 181.130596] libprocessgroup( 0): Successfully killed process cgroup uid 0 pid 7019 in 0ms
06-21 06:08:53.230 E/[ 184.147984] [schedu][0xda4b5aaf][06( 0): 08:53.214574] wlan: [1861:E:PE] lim_process_addba_req: 1716: Failed to process addba request
06-21 06:08:55.022 I/[ 185.947345] init( 0): starting service 'hht_ota_mgr_service'...
06-21 06:08:55.154 E/[ 186.080220] link_delay_work_func( 0): DTC_ETH: SQI=0, link=0
06-21 06:08:55.223 I/[ 186.136454] init( 0): Service 'hht_ota_mgr_service' (pid 7041) exited with status 0
06-21 06:08:55.235 I/[ 186.159393] init( 0): Sending signal 9 to service 'hht_ota_mgr_service' (pid 7041) process group...
06-21 06:08:55.246 I/[ 186.169141] libprocessgroup( 0): Successfully killed process cgroup uid 0 pid 7041 in 0ms
06-21 06:08:55.818 I/[ 186.741398] init( 0): processing action (sys.tlog.tlogdshc.active=1) from (/system/etc/init/tlogd.rc:195)
06-21 06:08:55.826 I/[ 186.752885] init( 0): starting service 'tlogdshc'...
06-21 06:08:56.191 I/[ 187.111523] init( 0): Service 'tlogdshc' (pid 7043) exited with status 0 oneshot service took 0.333000 seconds in background
06-21 06:08:56.191 I/[ 187.124353] init( 0): Sending signal 9 to service 'tlogdshc' (pid 7043) process group...
06-21 06:08:56.209 I/[ 187.134215] libprocessgroup( 0): Successfully killed process cgroup uid 0 pid 7043 in 0ms
06-21 06:09:00.064 I/[ 190.985221] init( 0): starting service 'hht_ota_mgr_service'...
06-21 06:09:00.262 I/[ 191.175171] init( 0): Service 'hht_ota_mgr_service' (pid 7072) exited with status 0
06-21 06:09:00.275 I/[ 191.199357] init( 0): Sending signal 9 to service 'hht_ota_mgr_service' (pid 7072) process group...
06-21 06:09:00.275 E/[ 191.200135] link_delay_work_func( 0): DTC_ETH: SQI=0, link=0
06-21 06:09:00.282 I/[ 191.208618] libprocessgroup( 0): Successfully killed process cgroup uid 0 pid 7072 in 0ms
06-21 06:09:03.114 I/GameModeConfig( 1164): isGameModeOn = false
06-21 06:09:05.088 I/[ 196.014465] init( 0): starting service 'hht_ota_mgr_service'...
06-21 06:09:05.283 I/[ 196.200838] init( 0): Service 'hht_ota_mgr_service' (pid 7097) exited with status 0
06-21 06:09:05.289 I/[ 196.223288] init( 0): Sending signal 9 to service 'hht_ota_mgr_service' (pid 7097) process group...
06-21 06:09:05.300 I/[ 196.232529] libprocessgroup( 0): Successfully killed process cgroup uid 0 pid 7097 in 0ms
06-21 06:09:05.406 E/[ 196.321175] link_delay_work_func( 0): DTC_ETH: SQI=0, link=0
06-21 06:09:10.104 I/[ 201.030485] init( 0): starting service 'hht_ota_mgr_service'...
06-21 06:09:10.326 I/[ 201.239758] init( 0): Service 'hht_ota_mgr_service' (pid 7118) exited with status 0
06-21 06:09:10.338 I/[ 201.262986] init( 0): Sending signal 9 to service 'hht_ota_mgr_service' (pid 7118) process group...
06-21 06:09:10.350 I/[ 201.273002] libprocessgroup( 0): Successfully killed process cgroup uid 0 pid 7118 in 0ms
06-21 06:09:10.513 E/[ 201.440135] link_delay_work_func( 0): DTC_ETH: SQI=0, link=0
06-21 06:09:13.186 W/ActivityManager( 1164): Background start not allowed: service Intent { cmp=com.tencent.android.qqdownloader/com.tencent.assistant.sdk.SDKSupportService (has extras) } to com.tencent.android.qqdownloader/com.tencent.assistant.sdk.SDKSupportService from pid=3329 uid=10115 pkg=com.tencent.android.qqdownloader startFg?=false
06-21 06:09:13.209 W/ActivityManager( 1164): Background start not allowed: service Intent { cmp=com.tencent.android.qqdownloader/com.tencent.assistant.sdk.SDKSupportService (has extras) } to com.tencent.android.qqdownloader/com.tencent.assistant.sdk.SDKSupportService from pid=3329 uid=10115 pkg=com.tencent.android.qqdownloader startFg?=false
06-21 06:09:13.263 W/ActivityManager( 1164): Background start not allowed: service Intent { cmp=com.tencent.android.qqdownloader/com.tencent.assistant.sdk.SDKSupportService (has extras) } to com.tencent.android.qqdownloader/com.tencent.assistant.sdk.SDKSupportService from pid=3329 uid=10115 pkg=com.tencent.android.qqdownloader startFg?=false
06-21 06:09:13.272 W/ActivityManager( 1164): Background start not allowed: service Intent { cmp=com.tencent.android.qqdownloader/com.tencent.assistant.sdk.SDKSupportService (has extras) } to com.tencent.android.qqdownloader/com.tencent.assistant.sdk.SDKSupportService from pid=3329 uid=10115 pkg=com.tencent.android.qqdownloader startFg?=false
06-21 06:09:15.155 I/[ 206.080576] init( 0): starting service 'hht_ota_mgr_service'...
06-21 06:09:15.374 I/[ 206.288865] init( 0): Service 'hht_ota_mgr_service' (pid 7148) exited with status 0
06-21 06:09:15.389 I/[ 206.313850] init( 0): Sending signal 9 to service 'hht_ota_mgr_service' (pid 7148) process group...
06-21 06:09:15.402 I/[ 206.324176] libprocessgroup( 0): Successfully killed process cgroup uid 0 pid 7148 in 0ms
06-21 06:09:15.635 E/[ 206.560469] link_delay_work_func( 0): DTC_ETH: SQI=0, link=0
06-21 06:09:15.948 I/[ 206.871638] perf( 0): interrupt took too long (3940 > 3937), lowering kernel.perf_event_max_sample_rate to 50750
06-21 06:09:20.196 I/[ 211.122171] init( 0): starting service 'hht_ota_mgr_service'...
06-21 06:09:20.410 I/[ 211.322263] init( 0): Service 'hht_ota_mgr_service' (pid 7170) exited with status 0
06-21 06:09:20.410 I/[ 211.344248] init( 0): Sending signal 9 to service 'hht_ota_mgr_service' (pid 7170) process group...
06-21 06:09:20.428 I/[ 211.353763] libprocessgroup( 0): Successfully killed process cgroup uid 0 pid 7170 in 0ms
06-21 06:09:20.754 E/[ 211.680265] link_delay_work_func( 0): DTC_ETH: SQI=0, link=0
06-21 06:09:25.235 I/[ 216.162385] init( 0): starting service 'hht_ota_mgr_service'...
06-21 06:09:25.450 I/[ 216.359516] init( 0): Service 'hht_ota_mgr_service' (pid 7190) exited with status 0
06-21 06:09:25.461 I/[ 216.385372] init( 0): Sending signal 9 to service 'hht_ota_mgr_service' (pid 7190) process group...
06-21 06:09:25.469 I/[ 216.394572] libprocessgroup( 0): Successfully killed process cgroup uid 0 pid 7190 in 0ms
06-21 06:09:25.825 I/[ 216.748596] init( 0): processing action (sys.tlog.tlogdshc.active=1) from (/system/etc/init/tlogd.rc:195)
06-21 06:09:25.825 I/[ 216.758618] init( 0): starting service 'tlogdshc'...
06-21 06:09:25.882 E/[ 216.800171] link_delay_work_func( 0): DTC_ETH: SQI=0, link=0
06-21 06:09:26.198 I/[ 217.112824] init( 0): Service 'tlogdshc' (pid 7193) exited with status 0 oneshot service took 0.344000 seconds in background
06-21 06:09:26.199 I/[ 217.124120] init( 0): Sending signal 9 to service 'tlogdshc' (pid 7193) process group...
06-21 06:09:26.199 I/[ 217.132510] libprocessgroup( 0): Successfully killed process cgroup uid 0 pid 7193 in 0ms
06-21 06:09:30.273 I/[ 221.200787] init( 0): starting service 'hht_ota_mgr_service'...
06-21 06:09:30.490 I/[ 221.407541] init( 0): Service 'hht_ota_mgr_service' (pid 7221) exited with status 0
06-21 06:09:30.506 I/[ 221.430792] init( 0): Sending signal 9 to service 'hht_ota_mgr_service' (pid 7221) process group...
06-21 06:09:30.506 I/[ 221.439918] libprocessgroup( 0): Successfully killed process cgroup uid 0 pid 7221 in 0ms
06-21 06:09:30.994 E/[ 221.920246] link_delay_work_func( 0): DTC_ETH: SQI=0, link=0
06-21 06:09:35.293 I/[ 226.221109] init( 0): starting service 'hht_ota_mgr_service'...
06-21 06:09:35.490 I/[ 226.407893] init( 0): Service 'hht_ota_mgr_service' (pid 7244) exited with status 0
06-21 06:09:35.506 I/[ 226.431175] init( 0): Sending signal 9 to service 'hht_ota_mgr_service' (pid 7244) process group...
06-21 06:09:35.506 I/[ 226.440293] libprocessgroup( 0): Successfully killed process cgroup uid 0 pid 7244 in 0ms
06-21 06:09:35.622 I/[ 226.544674] [schedu][0x10ad042ac][06( 0): 09:35.611267] wlan: [1861:I:OSIF] scan start scan id 40965
06-21 06:09:36.114 E/[ 227.040176] link_delay_work_func( 0): DTC_ETH: SQI=0, link=0
06-21 06:09:37.754 I/[ 228.671918] [schedu][0x10d3f7985][06( 0): 09:37.738506] wlan: [1861:I:OSIF] vdev 0, scan id 40965 type COMPLETED(1) reason COMPLETED(1) scan found 11 bss
06-21 06:09:40.310 I/[ 231.238081] init( 0): starting service 'hht_ota_mgr_service'...
06-21 06:09:40.513 I/[ 231.430837] init( 0): Service 'hht_ota_mgr_service' (pid 7265) exited with status 0
06-21 06:09:40.520 I/[ 231.453873] init( 0): Sending signal 9 to service 'hht_ota_mgr_service' (pid 7265) process group...
06-21 06:09:40.537 I/[ 231.462966] libprocessgroup( 0): Successfully killed process cgroup uid 0 pid 7265 in 0ms
06-21 06:09:41.235 E/[ 232.161144] link_delay_work_func( 0): DTC_ETH: SQI=0, link=0
06-21 06:09:45.335 I/[ 236.263134] init( 0): starting service 'hht_ota_mgr_service'...
06-21 06:09:45.401 I/[ 236.301849] [schedu][0x115facec6][06( 0): 09:45.368441] wlan: [1861:I:WMA] [06:09:45.293000] [ROAM_TRIGGER]: VDEV[0] Reason: "LOW RSSI" Cur_Rssi threshold:81 Current AP RSSI: 76
06-21 06:09:45.401 I/[ 236.317928] [schedu][0x115ff8502][06( 0): 09:45.384524] wlan: [1861:I:WMA] [06:09:45.293000] [ROAM_SCAN]: VDEV[0] Scan_type: PARTIAL next_rssi_threshold: 81 dBm {5200 }
06-21 06:09:45.401 I/[ 236.333379] [schedu][0x116040c44][06( 0): 09:45.399980] wlan: [1861:I:WMA] ============================================================================================================================
06-21 06:09:45.436 I/[ 236.351737] [schedu][0x116096c91][06( 0): 09:45.418331] wlan: [1861:I:WMA] AP BSSID TSTAMP CH TY ETP RSSI/SCR CU%/SCR TOT_SCR BL_RSN BL_SRC BL_TSTAMP BL_TIMEOUT(ms)
06-21 06:09:45.436 I/[ 236.369512] [schedu][0x1160ea282][06( 0): 09:45.436117] wlan: [1861:I:WMA] ============================================================================================================================
06-21 06:09:45.471 I/[ 236.387557] [schedu][0x11613ebdc][06( 0): 09:45.454161] wlan: [1861:I:WMA] 04:d9:f5:fb:09:94 [06:09:45.293000] 5200 P_AP 0 76/0 0/0 1791 0 0 [00:00:00.000000] 0
06-21 06:09:45.472 I/[ 236.405290] [schedu][0x116191dd4][06( 0): 09:45.471894] wlan: [1861:I:WMA] [06:09:45.352000] [ROAM_RESULT]: VDEV[0] FAILED Reason: NO AP FOUND
06-21 06:09:45.484 I/[ 236.417989] [schedu][0x1161cd641][06( 0): 09:45.484593] wlan: [1861:I:WMA] [20:29:50.699000] [BTM_QUERY] VDEV[0]
06-21 06:09:45.504 I/[ 236.427999] [schedu][0x1161fc50a][06( 0): 09:45.494604] wlan: [1861:I:WMA] BTM No response received from AP
06-21 06:09:45.539 I/[ 236.457399] init( 0): Service 'hht_ota_mgr_service' (pid 7285) exited with status 0
06-21 06:09:45.555 I/[ 236.480368] init( 0): Sending signal 9 to service 'hht_ota_mgr_service' (pid 7285) process group...
06-21 06:09:45.564 I/[ 236.489462] libprocessgroup( 0): Successfully killed process cgroup uid 0 pid 7285 in 0ms
06-21 06:09:46.353 E/[ 237.280229] link_delay_work_func( 0): DTC_ETH: SQI=0, link=0
06-21 06:09:48.612 I/[ 239.512382] [schedu][0x119a7644e][06( 0): 09:48.578968] wlan: [1861:I:WMA] [06:09:45.399000] [ROAM_TRIGGER]: VDEV[0] Reason: "LOW RSSI" Sub-Reason: FULL SCAN Cur_Rssi threshold:81 Current AP RSSI: 76
06-21 06:09:48.612 I/[ 239.531355] [schedu][0x119acf401][06( 0): 09:48.597952] wlan: [1861:I:WMA] [06:09:45.399000] [ROAM_SCAN]: VDEV[0] Scan_type: FULL next_rssi_threshold: 81 dBm
06-21 06:09:48.612 I/[ 239.545901] [schedu][0x119b136f6][06( 0): 09:48.612497] wlan: [1861:I:WMA] ============================================================================================================================
06-21 06:09:48.649 I/[ 239.564665] [schedu][0x119b6b6b8][06( 0): 09:48.631267] wlan: [1861:I:WMA] AP BSSID TSTAMP CH TY ETP RSSI/SCR CU%/SCR TOT_SCR BL_RSN BL_SRC BL_TSTAMP BL_TIMEOUT(ms)
06-21 06:09:48.667 I/[ 239.582910] [schedu][0x119bc0c1b][06( 0): 09:48.649477] wlan: [1861:I:WMA] ============================================================================================================================
06-21 06:09:48.667 I/[ 239.600715] [schedu][0x119c14643][06( 0): 09:48.667313] wlan: [1861:I:WMA] 04:d9:f5:fb:09:94 [06:09:45.399000] 5200 P_AP 0 76/0 0/0 1791 0 0 [00:00:00.000000] 0
06-21 06:09:48.684 I/[ 239.618050] [schedu][0x119c65ae2][06( 0): 09:48.684655] wlan: [1861:I:WMA] [06:09:48.563000] [ROAM_RESULT]: VDEV[0] FAILED Reason: NO AP FOUND
06-21 06:09:50.357 I/[ 241.285265] init( 0): starting service 'hht_ota_mgr_service'...
06-21 06:09:50.571 I/[ 241.484566] init( 0): Service 'hht_ota_mgr_service' (pid 7309) exited with status 0
06-21 06:09:50.571 I/[ 241.502202] init( 0): Sending signal 9 to service 'hht_ota_mgr_service' (pid 7309) process group...
06-21 06:09:50.586 I/[ 241.511453] libprocessgroup( 0): Successfully killed process cgroup uid 0 pid 7309 in 0ms
06-21 06:09:51.474 E/[ 242.400205] link_delay_work_func( 0): DTC_ETH: SQI=0, link=0
06-21 06:09:54.243 E/[ 245.164321] [schedu][0x1201f3bc4][06( 0): 09:54.230909] wlan: [1861:E:PE] lim_process_addba_req: 1716: Failed to process addba request
06-21 06:09:55.390 I/[ 246.310501] init( 0): starting service 'hht_ota_mgr_service'...
06-21 06:09:55.594 I/[ 246.508479] init( 0): Service 'hht_ota_mgr_service' (pid 7336) exited with status 0
06-21 06:09:55.608 I/[ 246.532740] init( 0): Sending signal 9 to service 'hht_ota_mgr_service' (pid 7336) process group...
06-21 06:09:55.608 I/[ 246.541937] libprocessgroup( 0): Successfully killed process cgroup uid 0 pid 7336 in 0ms
06-21 06:09:55.828 I/[ 246.752262] init( 0): processing action (sys.tlog.tlogdshc.active=1) from (/system/etc/init/tlogd.rc:195)
06-21 06:09:55.828 I/[ 246.762176] init( 0): starting service 'tlogdshc'...
06-21 06:09:56.142 I/[ 247.056978] init( 0): Service 'tlogdshc' (pid 7337) exited with status 0 oneshot service took 0.267000 seconds in background
06-21 06:09:56.143 I/[ 247.068243] init( 0): Sending signal 9 to service 'tlogdshc' (pid 7337) process group...
06-21 06:09:56.151 I/[ 247.076683] libprocessgroup( 0): Successfully killed process cgroup uid 0 pid 7337 in 0ms
06-21 06:09:56.598 E/[ 247.520252] link_delay_work_func( 0): DTC_ETH: SQI=0, link=0
06-21 06:10:00.415 I/[ 251.342002] init( 0): starting service 'hht_ota_mgr_service'...
06-21 06:10:00.627 I/[ 251.544898] init( 0): Service 'hht_ota_mgr_service' (pid 7363) exited with status 0
06-21 06:10:00.638 I/[ 251.568947] init( 0): Sending signal 9 to service 'hht_ota_mgr_service' (pid 7363) process group...
06-21 06:10:00.653 I/[ 251.578703] libprocessgroup( 0): Successfully killed process cgroup uid 0 pid 7363 in 0ms
06-21 06:10:01.719 E/[ 252.640342] link_delay_work_func( 0): DTC_ETH: SQI=0, link=0
06-21 06:10:03.153 I/GameModeConfig( 1164): isGameModeOn = false
06-21 06:10:05.451 I/[ 256.378620] init( 0): starting service 'hht_ota_mgr_service'...
06-21 06:10:05.673 I/[ 256.583079] init( 0): Service 'hht_ota_mgr_service' (pid 7387) exited with status 0
06-21 06:10:05.684 I/[ 256.607237] init( 0): Sending signal 9 to service 'hht_ota_mgr_service' (pid 7387) process group...
06-21 06:10:05.684 I/[ 256.616542] libprocessgroup( 0): Successfully killed process cgroup uid 0 pid 7387 in 0ms
06-21 06:10:05.704 W/ActivityManager( 1164): Background start not allowed: service Intent { cmp=com.tencent.android.qqdownloader/com.tencent.assistant.sdk.SDKSupportService (has extras) } to com.tencent.android.qqdownloader/com.tencent.assistant.sdk.SDKSupportService from pid=3329 uid=10115 pkg=com.tencent.android.qqdownloader startFg?=false
06-21 06:10:05.723 W/ActivityManager( 1164): Background start not allowed: service Intent { cmp=com.tencent.android.qqdownloader/com.tencent.assistant.sdk.SDKSupportService (has extras) } to com.tencent.android.qqdownloader/com.tencent.assistant.sdk.SDKSupportService from pid=3329 uid=10115 pkg=com.tencent.android.qqdownloader startFg?=false
06-21 06:10:05.767 W/ActivityManager( 1164): Background start not allowed: service Intent { cmp=com.tencent.android.qqdownloader/com.tencent.assistant.sdk.SDKSupportService (has extras) } to com.tencent.android.qqdownloader/com.tencent.assistant.sdk.SDKSupportService from pid=3329 uid=10115 pkg=com.tencent.android.qqdownloader startFg?=false
06-21 06:10:05.775 W/ActivityManager( 1164): Background start not allowed: service Intent { cmp=com.tencent.android.qqdownloader/com.tencent.assistant.sdk.SDKSupportService (has extras) } to com.tencent.android.qqdownloader/com.tencent.assistant.sdk.SDKSupportService from pid=3329 uid=10115 pkg=com.tencent.android.qqdownloader startFg?=false
06-21 06:10:06.846 E/[ 257.760239] link_delay_work_func( 0): DTC_ETH: SQI=0, link=0
06-21 06:10:08.836 W/[ 259.757564] audit( 0): audit_lost=602 audit_rate_limit=5 audit_backlog_limit=64
06-21 06:10:08.836 E/[ 259.764757] audit( 0): rate limit exceeded
06-21 06:10:10.495 I/[ 261.422322] init( 0): starting service 'hht_ota_mgr_service'...
06-21 06:10:10.707 I/[ 261.619436] init( 0): Service 'hht_ota_mgr_service' (pid 7409) exited with status 0
06-21 06:10:10.716 I/[ 261.641273] init( 0): Sending signal 9 to service 'hht_ota_mgr_service' (pid 7409) process group...
06-21 06:10:10.725 I/[ 261.651014] libprocessgroup( 0): Successfully killed process cgroup uid 0 pid 7409 in 0ms
06-21 06:10:11.954 E/[ 262.880271] link_delay_work_func( 0): DTC_ETH: SQI=0, link=0
06-21 06:10:15.530 I/[ 266.457713] init( 0): starting service 'hht_ota_mgr_service'...
06-21 06:10:15.753 I/[ 266.663535] init( 0): Service 'hht_ota_mgr_service' (pid 7434) exited with status 0
06-21 06:10:15.762 I/[ 266.686988] init( 0): Sending signal 9 to service 'hht_ota_mgr_service' (pid 7434) process group...
06-21 06:10:15.772 I/[ 266.696886] libprocessgroup( 0): Successfully killed process cgroup uid 0 pid 7434 in 0ms
06-21 06:10:17.074 E/[ 268.000325] link_delay_work_func( 0): DTC_ETH: SQI=0, link=0
06-21 06:10:20.567 I/[ 271.494141] init( 0): starting service 'hht_ota_mgr_service'...
06-21 06:10:20.775 I/[ 271.690404] init( 0): Service 'hht_ota_mgr_service' (pid 7454) exited with status 0
06-21 06:10:20.788 I/[ 271.713174] init( 0): Sending signal 9 to service 'hht_ota_mgr_service' (pid 7454) process group...
06-21 06:10:20.798 I/[ 271.723272] libprocessgroup( 0): Successfully killed process cgroup uid 0 pid 7454 in 0ms
06-21 06:10:22.195 E/[ 273.120246] link_delay_work_func( 0): DTC_ETH: SQI=0, link=0
06-21 06:10:25.606 I/[ 276.532735] init( 0): starting service 'hht_ota_mgr_service'...
06-21 06:10:25.815 I/[ 276.728669] init( 0): Service 'hht_ota_mgr_service' (pid 7476) exited with status 0
06-21 06:10:25.827 I/[ 276.751708] init( 0): Sending signal 9 to service 'hht_ota_mgr_service' (pid 7476) process group...
06-21 06:10:25.846 I/[ 276.761642] libprocessgroup( 0): Successfully killed process cgroup uid 0 pid 7476 in 0ms
06-21 06:10:25.867 I/[ 276.790331] init( 0): processing action (sys.tlog.tlogdshc.active=1) from (/system/etc/init/tlogd.rc:195)
06-21 06:10:25.868 I/[ 276.801417] init( 0): starting service 'tlogdshc'...
06-21 06:10:26.261 I/[ 277.183215] init( 0): Service 'tlogdshc' (pid 7479) exited with status 0 oneshot service took 0.369000 seconds in background
06-21 06:10:26.261 I/[ 277.194532] init( 0): Sending signal 9 to service 'tlogdshc' (pid 7479) process group...
06-21 06:10:26.277 I/[ 277.202977] libprocessgroup( 0): Successfully killed process cgroup uid 0 pid 7479 in 0ms
06-21 06:10:27.314 E/[ 278.240260] link_delay_work_func( 0): DTC_ETH: SQI=0, link=0
06-21 06:10:28.741 V/DreamService[SystemDream]( 6583): mActionDownY = 820.0
06-21 06:10:28.741 V/DreamService[SystemDream]( 6583): mActionUpY = 355.0
06-21 06:10:28.758 I/DreamManagerService( 1164): Gently waking up from dream.
06-21 06:10:28.761 I/DreamManagerService( 1164): Performing gentle wake from dream.
06-21 06:10:28.763 I/ActivityTaskManager( 1164): FOREGROUND_APPLICATION_CHANGED to com.android.launcher3.uioverrides.QuickstepLauncher
06-21 06:10:28.770 D/FreeFormWindowHelper( 1164): handleFreeformTask : Task{7dd49bb #1 type=home ?? U=0 visible=true mode=fullscreen translucent=false sz=1 visible freeform task=true rootAffinity=null isMini=false}
06-21 06:10:28.770 D/FreeFormWindowHelper( 1164): mFreeFormTask : null
06-21 06:10:28.770 D/FreeFormWindowHelper( 1164): mInRecent : false
06-21 06:10:28.770 D/FreeFormWindowHelper( 1164):
06-21 06:10:28.813 I/PowerManagerService( 1164): Powering on display group fromDreaming (groupId=0, uid=1000, reason=WAKE_REASON_UNKNOWN, details=android.server.power:DREAM_FINISHED)...
06-21 06:10:28.813 I/PowerManagerService( 1164): Waking up from Dreaming (uid=1000, reason=WAKE_REASON_UNKNOWN, details=android.server.power:DREAM_FINISHED)...
06-21 06:10:28.872 W/[ 279.795932] audit( 0): audit_lost=603 audit_rate_limit=5 audit_backlog_limit=64
06-21 06:10:28.872 E/[ 279.803205] audit( 0): rate limit exceeded
06-21 06:10:28.872 D/FreeFormWindowHelper( 1164): Current Display FreeFormTask is null
06-21 06:10:29.074 I/DreamManagerService( 1164): Leaving dreamland.
06-21 06:10:29.076 I/DreamManagerService( 1164): Performing gentle wake from dream.
06-21 06:10:29.076 I/DreamController( 1164): Stopping dream: name=ComponentInfo{com.thundercomm.screensaver/com.thundercomm.screensaver.service.SystemDream}, isTest=false, canDoze=false, userId=0, reason='finished self'(from 'finished self')
06-21 06:10:29.081 D/FreeFormWindowHelper( 1164): handleFreeformTask : Task{7dd49bb #1 type=home ?? U=0 visible=true mode=fullscreen translucent=false sz=1 visible freeform task=true rootAffinity=null isMini=false}
06-21 06:10:29.081 D/FreeFormWindowHelper( 1164): mFreeFormTask : null
06-21 06:10:29.081 D/FreeFormWindowHelper( 1164): mInRecent : false
06-21 06:10:29.081 D/FreeFormWindowHelper( 1164):
06-21 06:10:29.082 W/ActivityTaskManager( 1164): Can't find TaskDisplayArea to determine support for multi window. Task id=1464 attached=false
06-21 06:10:29.328 W/ActivityManager( 1164): Background start not allowed: service Intent { cmp=com.tencent.android.qqdownloader/com.tencent.assistant.main.MainService } to com.tencent.android.qqdownloader/com.tencent.assistant.main.MainService from pid=3563 uid=10115 pkg=com.tencent.android.qqdownloader startFg?=false
06-21 06:10:29.331 W/ActivityManager( 1164): Background start not allowed: service Intent { cmp=com.tencent.android.qqdownloader/com.tencent.assistant.main.MainService } to com.tencent.android.qqdownloader/com.tencent.assistant.main.MainService from pid=3563 uid=10115 pkg=com.tencent.android.qqdownloader startFg?=false
06-21 06:10:29.334 W/ActivityManager( 1164): Background start not allowed: service Intent { cmp=com.tencent.android.qqdownloader/com.tencent.assistant.main.MainService } to com.tencent.android.qqdownloader/com.tencent.assistant.main.MainService from pid=3563 uid=10115 pkg=com.tencent.android.qqdownloader startFg?=false
06-21 06:10:29.336 W/ActivityManager( 1164): Background start not allowed: service Intent { cmp=com.tencent.android.qqdownloader/com.tencent.assistant.main.MainService } to com.tencent.android.qqdownloader/com.tencent.assistant.main.MainService from pid=3563 uid=10115 pkg=com.tencent.android.qqdownloader startFg?=false
06-21 06:10:29.340 W/ActivityManager( 1164): Background start not allowed: service Intent { cmp=com.tencent.android.qqdownloader/com.tencent.assistant.main.MainService } to com.tencent.android.qqdownloader/com.tencent.assistant.main.MainService from pid=3563 uid=10115 pkg=com.tencent.android.qqdownloader startFg?=false
06-21 06:10:29.342 W/ActivityManager( 1164): Background start not allowed: service Intent { cmp=com.tencent.android.qqdownloader/com.tencent.assistant.main.MainService } to com.tencent.android.qqdownloader/com.tencent.assistant.main.MainService from pid=3563 uid=10115 pkg=com.tencent.android.qqdownloader startFg?=false
06-21 06:10:30.638 I/[ 281.563515] init( 0): starting service 'hht_ota_mgr_service'...
06-21 06:10:30.801 W/ActivityManager( 1164): Background start not allowed: service Intent { cmp=com.tencent.android.qqdownloader/com.tencent.assistant.main.MainService } to com.tencent.android.qqdownloader/com.tencent.assistant.main.MainService from pid=3563 uid=10115 pkg=com.tencent.android.qqdownloader startFg?=false
06-21 06:10:30.804 W/ActivityManager( 1164): Background start not allowed: service Intent { cmp=com.tencent.android.qqdownloader/com.tencent.assistant.main.MainService } to com.tencent.android.qqdownloader/com.tencent.assistant.main.MainService from pid=3563 uid=10115 pkg=com.tencent.android.qqdownloader startFg?=false
06-21 06:10:30.838 I/[ 281.750533] init( 0): Service 'hht_ota_mgr_service' (pid 7523) exited with status 0
06-21 06:10:30.849 I/[ 281.773862] init( 0): Sending signal 9 to service 'hht_ota_mgr_service' (pid 7523) process group...
06-21 06:10:30.857 I/[ 281.783099] libprocessgroup( 0): Successfully killed process cgroup uid 0 pid 7523 in 0ms
06-21 06:10:31.847 I/DropBoxManagerService( 1164): add tag=system_app_strictmode isTagEnabled=true flags=0x2
06-21 06:10:31.847 I/thunderperf( 1164): PlatormCompat.setOverrides: Uid1=10071 Pid1=2649 Uid2=10071 Pid2=2649
06-21 06:10:31.847 I/thunderperf( 1164): PlatormCompat.setOverrides: needCheck:false
06-21 06:10:31.848 I/thunderperf( 1164): CompatConfig.addOverrideUnsafe: bef-state=0
06-21 06:10:31.848 I/thunderperf( 1164): CompatConfig.addOverrideUnsafe: aft-state=0
06-21 06:10:31.849 I/thunderperf( 1164): CompatConfig.addOverrideUnsafe: bef-state=0
06-21 06:10:31.849 I/thunderperf( 1164): CompatConfig.addOverrideUnsafe: aft-state=0
06-21 06:10:31.851 I/thunderperf( 1164): CompatConfig.addOverrideUnsafe: bef-state=0
06-21 06:10:31.851 I/thunderperf( 1164): CompatConfig.addOverrideUnsafe: aft-state=0
06-21 06:10:31.852 I/thunderperf( 1164): CompatConfig.addOverrideUnsafe: bef-state=0
06-21 06:10:31.852 I/thunderperf( 1164): CompatConfig.addOverrideUnsafe: aft-state=0
06-21 06:10:31.854 I/thunderperf( 1164): CompatConfig.addOverrideUnsafe: bef-state=0
06-21 06:10:31.854 I/thunderperf( 1164): CompatConfig.addOverrideUnsafe: aft-state=0
06-21 06:10:31.855 I/thunderperf( 1164): CompatConfig.addOverrideUnsafe: bef-state=0
06-21 06:10:31.855 I/thunderperf( 1164): CompatConfig.addOverrideUnsafe: aft-state=0
06-21 06:10:31.857 I/thunderperf( 1164): CompatConfig.addOverrideUnsafe: bef-state=0
06-21 06:10:31.857 I/thunderperf( 1164): CompatConfig.addOverrideUnsafe: aft-state=0
06-21 06:10:31.858 I/thunderperf( 1164): CompatConfig.addOverrideUnsafe: bef-state=0
06-21 06:10:31.858 I/thunderperf( 1164): CompatConfig.addOverrideUnsafe: aft-state=0
06-21 06:10:31.860 I/thunderperf( 1164): CompatConfig.addOverrideUnsafe: bef-state=0
06-21 06:10:31.860 I/thunderperf( 1164): CompatConfig.addOverrideUnsafe: aft-state=0
06-21 06:10:31.861 I/thunderperf( 1164): CompatConfig.addOverrideUnsafe: bef-state=0
06-21 06:10:31.861 I/thunderperf( 1164): CompatConfig.addOverrideUnsafe: aft-state=0
06-21 06:10:31.863 I/thunderperf( 1164): CompatConfig.addOverrideUnsafe: bef-state=0
06-21 06:10:31.863 I/thunderperf( 1164): CompatConfig.addOverrideUnsafe: aft-state=0
06-21 06:10:31.864 I/thunderperf( 1164): CompatConfig.addOverrideUnsafe: bef-state=0
06-21 06:10:31.864 I/thunderperf( 1164): CompatConfig.addOverrideUnsafe: aft-state=0
06-21 06:10:31.865 I/thunderperf( 1164): CompatConfig.addOverrideUnsafe: bef-state=0
06-21 06:10:31.865 I/thunderperf( 1164): CompatConfig.addOverrideUnsafe: aft-state=0
06-21 06:10:31.866 I/thunderperf( 1164): CompatConfig.addOverrideUnsafe: bef-state=0
06-21 06:10:31.867 I/thunderperf( 1164): CompatConfig.addOverrideUnsafe: aft-state=0
06-21 06:10:31.877 I/ActivityTaskManager( 1164): START u0 {act=android.intent.action.MAIN cat=[android.intent.category.LAUNCHER] flg=0x10200000 cmp=com.android.settings/.Settings bnds=[2306,440][2508,640]} from uid 10071
06-21 06:10:31.886 D/FreeFormWindowHelper( 1164): recentTask : null
06-21 06:10:31.887 W/ActivityTaskManager( 1164): Can't find TaskDisplayArea to determine support for multi window. Task id=1465 attached=false
06-21 06:10:31.892 D/CompatibilityChangeReporter( 1164): Compat change id reported: 168419799; UID 1000; state: DISABLED
06-21 06:10:31.896 D/PhoneStartingWindowTypeAlgorithm( 1968): preferredStartingWindowType newTask:true taskSwitch:true processRunning:true allowTaskSnapshot:true activityCreated:false useEmptySplashScreen:false legacySplashScreen:false topIsHome:false
06-21 06:10:31.896 D/StartingSurfaceDrawer( 1968): addSplashScreen com.android.settings theme=7f140479 task=1465 suggestType=1
06-21 06:10:31.900 I/ActivityTaskManager( 1164): FOREGROUND_APPLICATION_CHANGED to com.android.settings.homepage.SettingsHomepageActivity
06-21 06:10:31.900 D/StartingSurfaceDrawer( 1968): window attributes color: 0 icon null duration 0 brandImage null
06-21 06:10:31.901 W/StartingSurfaceDrawer( 1968): Window background is transparent, fill background with black color
06-21 06:10:31.901 I/ActivityTaskManager( 1164): The Process com.android.settings Already Exists in BG. So sending its PID: 2561
06-21 06:10:31.901 W/ActivityTaskManager( 1164): Tried to set launchTime (0) < mLastActivityLaunchTime (51734)
06-21 06:10:31.902 D/StartingSurfaceDrawer( 1968): The icon is not an AdaptiveIconDrawable
06-21 06:10:31.904 D/FreeFormWindowHelper( 1164): handleFreeformTask : Task{12cd143 #1465 type=standard A=1000:com.android.settings.root U=0 visible=true mode=fullscreen translucent=false sz=1 visible freeform task=true rootAffinity=1000:com.android.settings.root isMini=false}
06-21 06:10:31.904 D/FreeFormWindowHelper( 1164): mFreeFormTask : null
06-21 06:10:31.904 D/FreeFormWindowHelper( 1164): mInRecent : false
06-21 06:10:31.904 D/FreeFormWindowHelper( 1164):
06-21 06:10:31.907 D/StartingSurfaceDrawer( 1968): fillViewWithIcon surfaceWindowView android.window.SplashScreenView{d69a9d3 V.E...... ......ID 0,0-0,0}
06-21 06:10:32.007 D/FreeFormWindowHelper( 1164): Current Display FreeFormTask is null
06-21 06:10:32.007 D/ActivityTaskManager( 1164): Skipping, freeform mode : Task{eec8d7b #1451 type=undefined A=10113:com.tencent.mm U=0 visible=false mode=freeform translucent=true sz=0 visible freeform task=true rootAffinity=10113:com.tencent.mm isMini=false}
06-21 06:10:32.177 E/UserRestrictionsUtils( 1164): Unknown restriction queried by uid 1000 (com.android.provision et al): null
06-21 06:10:32.177 E/UserRestrictionsUtils( 1164): Unknown restriction queried by uid 1000 (com.android.provision et al): null
06-21 06:10:32.178 E/UserRestrictionsUtils( 1164): Unknown restriction queried by uid 1000 (com.android.provision et al): null
06-21 06:10:32.181 E/UserRestrictionsUtils( 1164): Unknown restriction queried by uid 1000 (com.android.provision et al): null
06-21 06:10:32.182 E/UserRestrictionsUtils( 1164): Unknown restriction queried by uid 1000 (com.android.provision et al): null
06-21 06:10:32.182 E/UserRestrictionsUtils( 1164): Unknown restriction queried by uid 1000 (com.android.provision et al): null
06-21 06:10:32.182 E/UserRestrictionsUtils( 1164): Unknown restriction queried by uid 1000 (com.android.provision et al): null
06-21 06:10:32.183 E/UserRestrictionsUtils( 1164): Unknown restriction queried by uid 1000 (com.android.provision et al): null
06-21 06:10:32.183 E/UserRestrictionsUtils( 1164): Unknown restriction queried by uid 1000 (com.android.provision et al): null
06-21 06:10:32.183 E/UserRestrictionsUtils( 1164): Unknown restriction queried by uid 1000 (com.android.provision et al): null
06-21 06:10:32.184 E/UserRestrictionsUtils( 1164): Unknown restriction queried by uid 1000 (com.android.provision et al): null
06-21 06:10:32.184 E/UserRestrictionsUtils( 1164): Unknown restriction queried by uid 1000 (com.android.provision et al): null
06-21 06:10:32.185 E/UserRestrictionsUtils( 1164): Unknown restriction queried by uid 1000 (com.android.provision et al): null
06-21 06:10:32.185 E/UserRestrictionsUtils( 1164): Unknown restriction queried by uid 1000 (com.android.provision et al): null
06-21 06:10:32.185 E/UserRestrictionsUtils( 1164): Unknown restriction queried by uid 1000 (com.android.provision et al): null
06-21 06:10:32.186 E/UserRestrictionsUtils( 1164): Unknown restriction queried by uid 1000 (com.android.provision et al): null
06-21 06:10:32.186 E/UserRestrictionsUtils( 1164): Unknown restriction queried by uid 1000 (com.android.provision et al): null
06-21 06:10:32.186 E/UserRestrictionsUtils( 1164): Unknown restriction queried by uid 1000 (com.android.provision et al): null
06-21 06:10:32.395 D/StartingSurfaceDrawer( 1968): Task start finish, remove starting surface for task 1465
06-21 06:10:32.395 V/StartingSurfaceDrawer( 1968): Removing splash screen window for task: 1465
06-21 06:10:32.425 E/UserRestrictionsUtils( 1164): Unknown restriction queried by uid 1000 (com.android.provision et al): null
06-21 06:10:32.434 E/[ 283.360192] link_delay_work_func( 0): DTC_ETH: SQI=0, link=0
06-21 06:10:32.552 I/[ 283.475861] [schedu][0x14bf75276][06( 0): 10:32.542463] wlan: [1861:I:OSIF] scan start scan id 40966
06-21 06:10:32.620 W/[ 283.532554] audit( 0): audit_lost=612 audit_rate_limit=5 audit_backlog_limit=64
06-21 06:10:32.650 E/[ 283.560813] audit( 0): rate limit exceeded
06-21 06:10:34.521 I/[ 285.440652] [schedu][0x14e36f18d][06( 0): 10:34.507251] wlan: [1861:I:OSIF] vdev 0, scan id 40966 type COMPLETED(1) reason COMPLETED(1) scan found 12 bss
06-21 06:10:35.504 E/UserRestrictionsUtils( 1164): Unknown restriction queried by uid 1000 (com.android.provision et al): null
06-21 06:10:35.505 E/UserRestrictionsUtils( 1164): Unknown restriction queried by uid 1000 (com.android.provision et al): null
06-21 06:10:35.505 E/UserRestrictionsUtils( 1164): Unknown restriction queried by uid 1000 (com.android.provision et al): null
06-21 06:10:35.507 E/UserRestrictionsUtils( 1164): Unknown restriction queried by uid 1000 (com.android.provision et al): null
06-21 06:10:35.508 E/UserRestrictionsUtils( 1164): Unknown restriction queried by uid 1000 (com.android.provision et al): null
06-21 06:10:35.658 I/[ 286.585749] init( 0): starting service 'hht_ota_mgr_service'...
06-21 06:10:35.850 I/[ 286.775970] init( 0): Service 'hht_ota_mgr_service' (pid 7599) exited with status 0
06-21 06:10:35.850 I/[ 286.783770] init( 0): Sending signal 9 to service 'hht_ota_mgr_service' (pid 7599) process group...
06-21 06:10:35.889 I/[ 286.814575] libprocessgroup( 0): Successfully killed process cgroup uid 0 pid 7599 in 0ms
06-21 06:10:36.876 D/FreeFormWindowHelper( 1164): Current Display FreeFormTask is null
06-21 06:10:36.887 D/ActivityTaskManager( 1164): Skipping, freeform mode : Task{eec8d7b #1451 type=undefined A=10113:com.tencent.mm U=0 visible=false mode=freeform translucent=true sz=0 visible freeform task=true rootAffinity=10113:com.tencent.mm isMini=false}
06-21 06:10:36.890 D/FreeFormWindowHelper( 1164): Current Display FreeFormTask is null
06-21 06:10:36.892 D/FreeFormWindowHelper( 1164): Current Display FreeFormTask is null
06-21 06:10:36.902 D/FreeFormWindowHelper( 1164): Current Display FreeFormTask is null
06-21 06:10:36.906 D/FreeFormWindowHelper( 1164): Current Display FreeFormTask is null
06-21 06:10:36.906 D/FreeFormWindowHelper( 1164): Current Display FreeFormTask is null
06-21 06:10:36.907 D/FreeFormWindowHelper( 1164): Current Display FreeFormTask is null
06-21 06:10:36.997 D/FreeFormWindowHelper( 1164): Current Display FreeFormTask is null
06-21 06:10:36.998 D/AutofillManagerService( 1164): Close system dialogs
06-21 06:10:37.009 D/FreeFormWindowHelper( 1164): Current Display FreeFormTask is null
06-21 06:10:37.009 D/FreeFormWindowHelper( 1164): Current Display FreeFormTask is null
06-21 06:10:37.032 W/ActivityTaskManager( 1164): getTaskSnapshot: taskId=-426 not found
06-21 06:10:37.034 W/ActivityTaskManager( 1164): getTaskSnapshot: taskId=-425 not found
06-21 06:10:37.036 W/ActivityTaskManager( 1164): getTaskSnapshot: taskId=-425 not found
06-21 06:10:37.039 D/FreeFormWindowHelper( 1164): Current Display FreeFormTask is null
06-21 06:10:37.041 D/FreeFormWindowHelper( 1164): Current Display FreeFormTask is null
06-21 06:10:37.044 D/FreeFormWindowHelper( 1164): Current Display FreeFormTask is null
06-21 06:10:37.044 D/FreeFormWindowHelper( 1164): Current Display FreeFormTask is null
06-21 06:10:37.119 D/FreeFormWindowHelper( 1164): Current Display FreeFormTask is null
06-21 06:10:37.120 D/FreeFormWindowHelper( 1164): Current Display FreeFormTask is null
06-21 06:10:37.151 W/ActivityTaskManager( 1164): getTaskSnapshot: taskId=-287 not found
06-21 06:10:37.159 W/ActivityTaskManager( 1164): getTaskSnapshot: taskId=-286 not found
06-21 06:10:37.161 W/ActivityTaskManager( 1164): getTaskSnapshot: taskId=-286 not found
06-21 06:10:37.221 D/FreeFormWindowHelper( 1164): Current Display FreeFormTask is null
06-21 06:10:37.221 D/FreeFormWindowHelper( 1164): Current Display FreeFormTask is null
06-21 06:10:37.437 W/ActivityManager( 1164): Background start not allowed: service Intent { cmp=com.tencent.android.qqdownloader/com.tencent.assistant.main.MainService } to com.tencent.android.qqdownloader/com.tencent.assistant.main.MainService from pid=3563 uid=10115 pkg=com.tencent.android.qqdownloader startFg?=false
06-21 06:10:37.441 W/ActivityManager( 1164): Background start not allowed: service Intent { cmp=com.tencent.android.qqdownloader/com.tencent.assistant.main.MainService } to com.tencent.android.qqdownloader/com.tencent.assistant.main.MainService from pid=3563 uid=10115 pkg=com.tencent.android.qqdownloader startFg?=false
06-21 06:10:37.444 W/ActivityManager( 1164): Background start not allowed: service Intent { cmp=com.tencent.android.qqdownloader/com.tencent.assistant.main.MainService } to com.tencent.android.qqdownloader/com.tencent.assistant.main.MainService from pid=3563 uid=10115 pkg=com.tencent.android.qqdownloader startFg?=false
06-21 06:10:37.447 W/ActivityManager( 1164): Background start not allowed: service Intent { cmp=com.tencent.android.qqdownloader/com.tencent.assistant.main.MainService } to com.tencent.android.qqdownloader/com.tencent.assistant.main.MainService from pid=3563 uid=10115 pkg=com.tencent.android.qqdownloader startFg?=false
06-21 06:10:37.453 W/ActivityManager( 1164): Background start not allowed: service Intent { cmp=com.tencent.android.qqdownloader/com.tencent.assistant.main.MainService } to com.tencent.android.qqdownloader/com.tencent.assistant.main.MainService from pid=3563 uid=10115 pkg=com.tencent.android.qqdownloader startFg?=false
06-21 06:10:37.456 W/ActivityManager( 1164): Background start not allowed: service Intent { cmp=com.tencent.android.qqdownloader/com.tencent.assistant.main.MainService } to com.tencent.android.qqdownloader/com.tencent.assistant.main.MainService from pid=3563 uid=10115 pkg=com.tencent.android.qqdownloader startFg?=false
06-21 06:10:37.558 E/[ 288.481450] link_delay_work_func( 0): DTC_ETH: SQI=0, link=0
06-21 06:10:37.773 D/FreeFormWindowHelper( 1164): Current Display FreeFormTask is null
06-21 06:10:37.774 D/FreeFormWindowHelper( 1164): Current Display FreeFormTask is null
06-21 06:10:37.775 D/FreeFormWindowHelper( 1164): Current Display FreeFormTask is null
06-21 06:10:38.118 D/FreeFormWindowHelper( 1164): Current Display FreeFormTask is null
06-21 06:10:38.127 I/ActivityTaskManager( 1164): FOREGROUND_APPLICATION_CHANGED to com.android.launcher3.uioverrides.QuickstepLauncher
06-21 06:10:38.132 D/FreeFormWindowHelper( 1164): handleFreeformTask : Task{7dd49bb #1 type=home ?? U=0 visible=true mode=fullscreen translucent=false sz=1 visible freeform task=true rootAffinity=null isMini=false}
06-21 06:10:38.132 D/FreeFormWindowHelper( 1164): mFreeFormTask : null
06-21 06:10:38.133 D/FreeFormWindowHelper( 1164): mInRecent : false
06-21 06:10:38.133 D/FreeFormWindowHelper( 1164):
06-21 06:10:38.136 D/FreeFormWindowHelper( 1164): handleFreeformTask : Task{7dd49bb #1 type=home ?? U=0 visible=true mode=fullscreen translucent=false sz=1 visible freeform task=true rootAffinity=null isMini=false}
06-21 06:10:38.136 D/FreeFormWindowHelper( 1164): mFreeFormTask : null
06-21 06:10:38.136 D/FreeFormWindowHelper( 1164): mInRecent : false
06-21 06:10:38.136 D/FreeFormWindowHelper( 1164):
06-21 06:10:38.144 D/FreeFormWindowHelper( 1164): enterRecentTasks
06-21 06:10:38.144 D/FreeFormWindowHelper( 1164): Current Display FreeFormTask is null
06-21 06:10:38.145 D/FreeFormWindowHelper( 1164): Current Display FreeFormTask is null
06-21 06:10:38.145 D/FreeFormWindowHelper( 1164): Current Display FreeFormTask is null
06-21 06:10:38.146 D/FreeFormWindowHelper( 1164): Current Display FreeFormTask is null
06-21 06:10:38.174 I/DropBoxManagerService( 1164): add tag=system_app_strictmode isTagEnabled=true flags=0x2
06-21 06:10:38.179 D/FreeFormWindowHelper( 1164): Current Display FreeFormTask is null
06-21 06:10:38.179 D/FreeFormWindowHelper( 1164): Current Display FreeFormTask is null
06-21 06:10:38.255 D/FreeFormWindowHelper( 1164): Current Display FreeFormTask is null
06-21 06:10:38.255 D/ActivityTaskManager( 1164): Skipping, freeform mode : Task{eec8d7b #1451 type=undefined A=10113:com.tencent.mm U=0 visible=false mode=freeform translucent=true sz=0 visible freeform task=true rootAffinity=10113:com.tencent.mm isMini=false}
06-21 06:10:38.262 W/[ 289.170717] audit( 0): audit_lost=617 audit_rate_limit=5 audit_backlog_limit=64
06-21 06:10:38.296 E/[ 289.200484] audit( 0): rate limit exceeded
06-21 06:10:38.890 D/FreeFormWindowHelper( 1164): recentTask : null
06-21 06:10:38.897 D/PhoneStartingWindowTypeAlgorithm( 1968): preferredStartingWindowType newTask:false taskSwitch:true processRunning:true allowTaskSnapshot:true activityCreated:true useEmptySplashScreen:false legacySplashScreen:false topIsHome:false
06-21 06:10:38.897 D/PhoneStartingWindowTypeAlgorithm( 1968): isSnapshotCompatible rotation 0 snapshot 0
06-21 06:10:38.910 I/ActivityTaskManager( 1164): FOREGROUND_APPLICATION_CHANGED to com.android.settings.homepage.SettingsHomepageActivity
06-21 06:10:38.918 D/FreeFormWindowHelper( 1164): handleFreeformTask : Task{12cd143 #1465 type=standard A=1000:com.android.settings.root U=0 visible=true mode=fullscreen translucent=false sz=1 visible freeform task=true rootAffinity=1000:com.android.settings.root isMini=false}
06-21 06:10:38.918 D/FreeFormWindowHelper( 1164): mFreeFormTask : null
06-21 06:10:38.918 D/FreeFormWindowHelper( 1164): mInRecent : false
06-21 06:10:38.918 D/FreeFormWindowHelper( 1164):
06-21 06:10:38.936 W/ActivityManager( 1164): Background start not allowed: service Intent { cmp=com.tencent.android.qqdownloader/com.tencent.assistant.main.MainService } to com.tencent.android.qqdownloader/com.tencent.assistant.main.MainService from pid=3563 uid=10115 pkg=com.tencent.android.qqdownloader startFg?=false
06-21 06:10:38.938 W/ActivityManager( 1164): Background start not allowed: service Intent { cmp=com.tencent.android.qqdownloader/com.tencent.assistant.main.MainService } to com.tencent.android.qqdownloader/com.tencent.assistant.main.MainService from pid=3563 uid=10115 pkg=com.tencent.android.qqdownloader startFg?=false
06-21 06:10:38.986 D/StartingSurfaceDrawer( 1968): Task start finish, remove starting surface for task 1465
06-21 06:10:39.023 D/ActivityTaskManager( 1164): Skipping, freeform mode : Task{eec8d7b #1451 type=undefined A=10113:com.tencent.mm U=0 visible=false mode=freeform translucent=true sz=0 visible freeform task=true rootAffinity=10113:com.tencent.mm isMini=false}
06-21 06:10:39.024 D/FreeFormWindowHelper( 1164): Current Display FreeFormTask is null
06-21 06:10:39.327 D/FreeFormWindowHelper( 1164): exitRecentTasks
06-21 06:10:40.694 I/[ 291.621802] init( 0): starting service 'hht_ota_mgr_service'...
06-21 06:10:40.898 I/[ 291.816765] init( 0): Service 'hht_ota_mgr_service' (pid 7664) exited with status 0
06-21 06:10:40.915 I/[ 291.839588] init( 0): Sending signal 9 to service 'hht_ota_mgr_service' (pid 7664) process group...
06-21 06:10:40.923 I/[ 291.849254] libprocessgroup( 0): Successfully killed process cgroup uid 0 pid 7664 in 0ms
06-21 06:10:42.681 E/[ 293.600212] link_delay_work_func( 0): DTC_ETH: SQI=0, link=0
06-21 06:10:43.259 E/UserRestrictionsUtils( 1164): Unknown restriction queried by uid 1000 (com.android.provision et al): null
06-21 06:10:43.260 E/UserRestrictionsUtils( 1164): Unknown restriction queried by uid 1000 (com.android.provision et al): null
06-21 06:10:45.576 D/CompatibilityChangeReporter( 1164): Compat change id reported: 168419799; UID 10115; state: DISABLED
06-21 06:10:45.585 W/ActivityManager( 1164): Background start not allowed: service Intent { cmp=com.tencent.android.qqdownloader/com.tencent.assistant.sdk.SDKSupportService (has extras) } to com.tencent.android.qqdownloader/com.tencent.assistant.sdk.SDKSupportService from pid=3329 uid=10115 pkg=com.tencent.android.qqdownloader startFg?=false
06-21 06:10:45.617 W/ActivityManager( 1164): Background start not allowed: service Intent { cmp=com.tencent.android.qqdownloader/com.tencent.assistant.sdk.SDKSupportService (has extras) } to com.tencent.android.qqdownloader/com.tencent.assistant.sdk.SDKSupportService from pid=3329 uid=10115 pkg=com.tencent.android.qqdownloader startFg?=false
06-21 06:10:45.627 I/[ 296.545180] [schedu][0x15aec38b3][06( 0): 10:45.611774] wlan: [1861:I:OSIF] scan start scan id 40967
06-21 06:10:45.675 W/ActivityManager( 1164): Background start not allowed: service Intent { cmp=com.tencent.android.qqdownloader/com.tencent.assistant.sdk.SDKSupportService (has extras) } to com.tencent.android.qqdownloader/com.tencent.assistant.sdk.SDKSupportService from pid=3329 uid=10115 pkg=com.tencent.android.qqdownloader startFg?=false
06-21 06:10:45.686 W/ActivityManager( 1164): Background start not allowed: service Intent { cmp=com.tencent.android.qqdownloader/com.tencent.assistant.sdk.SDKSupportService (has extras) } to com.tencent.android.qqdownloader/com.tencent.assistant.sdk.SDKSupportService from pid=3329 uid=10115 pkg=com.tencent.android.qqdownloader startFg?=false
06-21 06:10:45.726 I/[ 296.648219] init( 0): starting service 'hht_ota_mgr_service'...
06-21 06:10:45.946 I/[ 296.861703] init( 0): Service 'hht_ota_mgr_service' (pid 7689) exited with status 0
06-21 06:10:45.960 I/[ 296.884950] init( 0): Sending signal 9 to service 'hht_ota_mgr_service' (pid 7689) process group...
06-21 06:10:45.961 I/[ 296.894122] libprocessgroup( 0): Successfully killed process cgroup uid 0 pid 7689 in 0ms
06-21 06:10:46.510 D/FreeFormWindowHelper( 1164): Current Display FreeFormTask is null
06-21 06:10:46.523 D/ActivityTaskManager( 1164): Skipping, freeform mode : Task{eec8d7b #1451 type=undefined A=10113:com.tencent.mm U=0 visible=false mode=freeform translucent=true sz=0 visible freeform task=true rootAffinity=10113:com.tencent.mm isMini=false}
06-21 06:10:46.535 D/FreeFormWindowHelper( 1164): Current Display FreeFormTask is null
06-21 06:10:46.537 D/FreeFormWindowHelper( 1164): Current Display FreeFormTask is null
06-21 06:10:46.539 D/FreeFormWindowHelper( 1164): Current Display FreeFormTask is null
06-21 06:10:46.540 D/FreeFormWindowHelper( 1164): Current Display FreeFormTask is null
06-21 06:10:46.540 D/FreeFormWindowHelper( 1164): Current Display FreeFormTask is null
06-21 06:10:46.543 D/AutofillManagerService( 1164): Close system dialogs
06-21 06:10:46.592 D/FreeFormWindowHelper( 1164): Current Display FreeFormTask is null
06-21 06:10:46.594 D/FreeFormWindowHelper( 1164): exitRecentTasks
06-21 06:10:46.606 W/ActivityTaskManager( 1164): getTaskSnapshot: taskId=-791 not found
06-21 06:10:46.608 D/FreeFormWindowHelper( 1164): Current Display FreeFormTask is null
06-21 06:10:46.608 D/FreeFormWindowHelper( 1164): Current Display FreeFormTask is null
06-21 06:10:46.608 W/ActivityTaskManager( 1164): getTaskSnapshot: taskId=-790 not found
06-21 06:10:46.611 W/ActivityTaskManager( 1164): getTaskSnapshot: taskId=-790 not found
06-21 06:10:46.616 D/FreeFormWindowHelper( 1164): Current Display FreeFormTask is null
06-21 06:10:46.618 D/FreeFormWindowHelper( 1164): Current Display FreeFormTask is null
06-21 06:10:46.621 D/FreeFormWindowHelper( 1164): Current Display FreeFormTask is null
06-21 06:10:46.622 D/FreeFormWindowHelper( 1164): Current Display FreeFormTask is null
06-21 06:10:47.064 W/ActivityManager( 1164): Background start not allowed: service Intent { cmp=com.tencent.android.qqdownloader/com.tencent.assistant.main.MainService } to com.tencent.android.qqdownloader/com.tencent.assistant.main.MainService from pid=3563 uid=10115 pkg=com.tencent.android.qqdownloader startFg?=false
