01-01 08:00:51.333 I/SystemServerTiming( 1164): StartDynamicSystemService
01-01 08:00:51.336 D/SystemServerTiming( 1164): StartDynamicSystemService took to complete: 3ms
01-01 08:00:51.337 I/SystemServerTiming( 1164): StartConsumerIrService
01-01 08:00:51.342 D/SystemServerTiming( 1164): StartConsumerIrService took to complete: 6ms
01-01 08:00:51.343 I/SystemServerTiming( 1164): StartAlarmManagerService
01-01 08:00:51.344 I/SystemServiceManager( 1164): Starting com.android.server.alarm.AlarmManagerService
01-01 08:00:51.364 D/[ 44.698362] cnss( 0): Sending M3 information message, state: 0x13
01-01 08:00:51.364 D/[ 44.698440] cnss( 0): M3 memory, va: 0xffffff802131d000, pa: 0x00000000a1800000, size: 0x411bc
01-01 08:00:51.378 D/[ 44.702428] cnss( 0): PM relax, state: 0x13, count: 0
01-01 08:00:51.379 D/[ 44.702531] cnss( 0): Received QMI WLFW FW initialization done indication
01-01 08:00:51.379 D/[ 44.702552] cnss( 0): Posting event: FW_READY(4), state: 0x13 flags: 0x0
01-01 08:00:51.379 D/[ 44.702579] cnss( 0): PM stay awake, state: 0x13, count: 1
01-01 08:00:51.379 D/[ 44.702629] cnss( 0): PM relax, state: 0x13, count: 0
01-01 08:00:51.379 D/[ 44.702655] cnss( 0): PM stay awake, state: 0x13, count: 1
01-01 08:00:51.379 D/[ 44.702687] cnss( 0): Processing driver event: FW_READY(4), state: 0x13
01-01 08:00:51.379 D/[ 44.702715] cnss( 0): PCIE Gen speed not setup
01-01 08:00:51.388 I/AlarmManager( 1164): Current time only 51388, advancing to build time 1685104148000
05-26 20:29:08.006 D/SystemServerTiming( 1164): StartAlarmManagerService took to complete: 51ms
05-26 20:29:08.006 I/SystemServerTiming( 1164): StartInputManagerService
05-26 20:29:08.006 I/InputManager( 1164): Initializing input manager, mUseDevInputEventForAudioJack=true
05-26 20:29:08.022 D/SystemServerTiming( 1164): StartInputManagerService took to complete: 16ms
05-26 20:29:08.023 I/SystemServerTiming( 1164): DeviceStateManagerService
05-26 20:29:08.023 I/SystemServiceManager( 1164): Starting com.android.server.devicestate.DeviceStateManagerService
05-26 20:29:08.032 D/SystemServerTiming( 1164): DeviceStateManagerService took to complete: 9ms
05-26 20:29:08.032 I/SystemServerTiming( 1164): StartCameraServiceProxy
05-26 20:29:08.032 I/SystemServiceManager( 1164): Starting com.android.server.camera.CameraServiceProxy
05-26 20:29:08.041 D/SystemServerTiming( 1164): StartCameraServiceProxy took to complete: 8ms
05-26 20:29:08.041 I/SystemServerTiming( 1164): StartWindowManagerService
05-26 20:29:08.041 I/SystemServiceManager( 1164): Starting phase 200
05-26 20:29:08.041 I/SystemServerTiming( 1164): OnBootPhase_200
05-26 20:29:08.041 I/SystemServerTiming( 1164): OnBootPhase_200_com.android.server.security.FileIntegrityService
05-26 20:29:08.041 D/SystemServerTiming( 1164): OnBootPhase_200_com.android.server.security.FileIntegrityService took to complete: 0ms
05-26 20:29:08.041 I/SystemServerTiming( 1164): OnBootPhase_200_com.android.server.pm.Installer
05-26 20:29:08.042 D/SystemServerTiming( 1164): OnBootPhase_200_com.android.server.pm.Installer took to complete: 0ms
05-26 20:29:08.042 I/SystemServerTiming( 1164): OnBootPhase_200_com.android.server.os.DeviceIdentifiersPolicyService
05-26 20:29:08.042 D/SystemServerTiming( 1164): OnBootPhase_200_com.android.server.os.DeviceIdentifiersPolicyService took to complete: 0ms
05-26 20:29:08.042 I/SystemServerTiming( 1164): OnBootPhase_200_com.android.server.uri.UriGrantsManagerService$Lifecycle
05-26 20:29:08.042 D/SystemServerTiming( 1164): OnBootPhase_200_com.android.server.uri.UriGrantsManagerService$Lifecycle took to complete: 0ms
05-26 20:29:08.042 I/SystemServerTiming( 1164): OnBootPhase_200_com.android.server.powerstats.PowerStatsService
05-26 20:29:08.042 D/SystemServerTiming( 1164): OnBootPhase_200_com.android.server.powerstats.PowerStatsService took to complete: 0ms
05-26 20:29:08.042 I/SystemServerTiming( 1164): OnBootPhase_200_com.android.server.wm.ActivityTaskManagerService$Lifecycle
05-26 20:29:08.042 D/SystemServerTiming( 1164): OnBootPhase_200_com.android.server.wm.ActivityTaskManagerService$Lifecycle took to complete: 0ms
05-26 20:29:08.042 I/SystemServerTiming( 1164): OnBootPhase_200_com.android.server.am.ActivityManagerService$Lifecycle
05-26 20:29:08.042 D/SystemServerTiming( 1164): OnBootPhase_200_com.android.server.am.ActivityManagerService$Lifecycle took to complete: 0ms
05-26 20:29:08.042 I/SystemServerTiming( 1164): OnBootPhase_200_com.android.server.pm.DataLoaderManagerService
05-26 20:29:08.042 D/SystemServerTiming( 1164): OnBootPhase_200_com.android.server.pm.DataLoaderManagerService took to complete: 0ms
05-26 20:29:08.042 I/SystemServerTiming( 1164): OnBootPhase_200_com.android.server.power.PowerManagerService
05-26 20:29:08.043 D/SystemServerTiming( 1164): OnBootPhase_200_com.android.server.power.PowerManagerService took to complete: 0ms
05-26 20:29:08.043 I/SystemServerTiming( 1164): OnBootPhase_200_com.android.server.power.ThermalManagerService
05-26 20:29:08.043 D/SystemServerTiming( 1164): OnBootPhase_200_com.android.server.power.ThermalManagerService took to complete: 0ms
05-26 20:29:08.043 I/SystemServerTiming( 1164): OnBootPhase_200_com.android.server.power.hint.HintManagerService
05-26 20:29:08.043 D/SystemServerTiming( 1164): OnBootPhase_200_com.android.server.power.hint.HintManagerService took to complete: 0ms
05-26 20:29:08.043 I/SystemServerTiming( 1164): OnBootPhase_200_com.android.server.recoverysystem.RecoverySystemService$Lifecycle
05-26 20:29:08.043 D/SystemServerTiming( 1164): OnBootPhase_200_com.android.server.recoverysystem.RecoverySystemService$Lifecycle took to complete: 0ms
05-26 20:29:08.043 I/SystemServerTiming( 1164): OnBootPhase_200_com.android.server.lights.LightsService
05-26 20:29:08.043 D/SystemServerTiming( 1164): OnBootPhase_200_com.android.server.lights.LightsService took to complete: 0ms
05-26 20:29:08.043 I/SystemServerTiming( 1164): OnBootPhase_200_com.android.server.display.DisplayManagerService
05-26 20:29:08.043 D/SystemServerTiming( 1164): OnBootPhase_200_com.android.server.display.DisplayManagerService took to complete: 0ms
05-26 20:29:08.043 I/SystemServerTiming( 1164): OnBootPhase_200_com.android.server.pm.verify.domain.DomainVerificationService
05-26 20:29:08.043 D/SystemServerTiming( 1164): OnBootPhase_200_com.android.server.pm.verify.domain.DomainVerificationService took to complete: 0ms
05-26 20:29:08.044 I/SystemServerTiming( 1164): OnBootPhase_200_com.android.server.pm.PackageInstallerService$Lifecycle
05-26 20:29:08.044 D/SystemServerTiming( 1164): OnBootPhase_200_com.android.server.pm.PackageInstallerService$Lifecycle took to complete: 0ms
05-26 20:29:08.044 I/SystemServerTiming( 1164): OnBootPhase_200_com.android.server.pm.UserManagerService$LifeCycle
05-26 20:29:08.044 D/SystemServerTiming( 1164): OnBootPhase_200_com.android.server.pm.UserManagerService$LifeCycle took to complete: 0ms
05-26 20:29:08.044 I/SystemServerTiming( 1164): OnBootPhase_200_com.android.server.om.OverlayManagerService
05-26 20:29:08.044 D/SystemServerTiming( 1164): OnBootPhase_200_com.android.server.om.OverlayManagerService took to complete: 0ms
05-26 20:29:08.044 I/SystemServerTiming( 1164): OnBootPhase_200_com.android.server.SensorPrivacyService
05-26 20:29:08.044 D/SystemServerTiming( 1164): OnBootPhase_200_com.android.server.SensorPrivacyService took to complete: 0ms
05-26 20:29:08.044 I/SystemServerTiming( 1164): OnBootPhase_200_com.android.server.thunderperf.ThunderBoostPerfService
05-26 20:29:08.044 D/SystemServerTiming( 1164): OnBootPhase_200_com.android.server.thunderperf.ThunderBoostPerfService took to complete: 0ms
05-26 20:29:08.044 I/SystemServerTiming( 1164): OnBootPhase_200_com.android.server.sensors.SensorService
05-26 20:29:08.044 D/SystemServerTiming( 1164): OnBootPhase_200_com.android.server.sensors.SensorService took to complete: 0ms
05-26 20:29:08.044 I/SystemServerTiming( 1164): OnBootPhase_200_com.android.server.SystemConfigService
05-26 20:29:08.044 D/SystemServerTiming( 1164): OnBootPhase_200_com.android.server.SystemConfigService took to complete: 0ms
05-26 20:29:08.045 I/SystemServerTiming( 1164): OnBootPhase_200_com.android.server.BatteryService
05-26 20:29:08.045 D/SystemServerTiming( 1164): OnBootPhase_200_com.android.server.BatteryService took to complete: 0ms
05-26 20:29:08.045 I/SystemServerTiming( 1164): OnBootPhase_200_com.android.server.usage.UsageStatsService
05-26 20:29:08.045 D/SystemServerTiming( 1164): OnBootPhase_200_com.android.server.usage.UsageStatsService took to complete: 0ms
05-26 20:29:08.045 I/SystemServerTiming( 1164): OnBootPhase_200_com.android.server.webkit.WebViewUpdateService
05-26 20:29:08.045 D/SystemServerTiming( 1164): OnBootPhase_200_com.android.server.webkit.WebViewUpdateService took to complete: 0ms
05-26 20:29:08.045 I/SystemServerTiming( 1164): OnBootPhase_200_com.android.server.CachedDeviceStateService
05-26 20:29:08.045 D/SystemServerTiming( 1164): OnBootPhase_200_com.android.server.CachedDeviceStateService took to complete: 0ms
05-26 20:29:08.045 I/SystemServerTiming( 1164): OnBootPhase_200_com.android.server.BinderCallsStatsService$LifeCycle
05-26 20:29:08.045 D/SystemServerTiming( 1164): OnBootPhase_200_com.android.server.BinderCallsStatsService$LifeCycle took to complete: 0ms
05-26 20:29:08.045 I/SystemServerTiming( 1164): OnBootPhase_200_com.android.server.LooperStatsService$Lifecycle
05-26 20:29:08.045 D/SystemServerTiming( 1164): OnBootPhase_200_com.android.server.LooperStatsService$Lifecycle took to complete: 0ms
05-26 20:29:08.045 I/SystemServerTiming( 1164): OnBootPhase_200_com.android.server.rollback.RollbackManagerService
05-26 20:29:08.045 D/SystemServerTiming( 1164): OnBootPhase_200_com.android.server.rollback.RollbackManagerService took to complete: 0ms
05-26 20:29:08.045 I/SystemServerTiming( 1164): OnBootPhase_200_com.android.server.os.NativeTombstoneManagerService
05-26 20:29:08.046 D/SystemServerTiming( 1164): OnBootPhase_200_com.android.server.os.NativeTombstoneManagerService took to complete: 0ms
05-26 20:29:08.046 I/SystemServerTiming( 1164): OnBootPhase_200_com.android.server.os.BugreportManagerService
05-26 20:29:08.046 D/SystemServerTiming( 1164): OnBootPhase_200_com.android.server.os.BugreportManagerService took to complete: 0ms
05-26 20:29:08.046 I/SystemServerTiming( 1164): OnBootPhase_200_com.android.server.gpu.GpuService
05-26 20:29:08.046 D/SystemServerTiming( 1164): OnBootPhase_200_com.android.server.gpu.GpuService took to complete: 0ms
05-26 20:29:08.046 I/SystemServerTiming( 1164): OnBootPhase_200_com.android.server.security.KeyChainSystemService
05-26 20:29:08.046 D/SystemServerTiming( 1164): OnBootPhase_200_com.android.server.security.KeyChainSystemService took to complete: 0ms
05-26 20:29:08.046 I/SystemServerTiming( 1164): OnBootPhase_200_com.android.server.telecom.TelecomLoaderService
05-26 20:29:08.046 D/SystemServerTiming( 1164): OnBootPhase_200_com.android.server.telecom.TelecomLoaderService took to complete: 0ms
05-26 20:29:08.046 I/SystemServerTiming( 1164): OnBootPhase_200_com.android.server.accounts.AccountManagerService$Lifecycle
05-26 20:29:08.046 D/SystemServerTiming( 1164): OnBootPhase_200_com.android.server.accounts.AccountManagerService$Lifecycle took to complete: 0ms
05-26 20:29:08.046 I/SystemServerTiming( 1164): OnBootPhase_200_com.android.server.content.ContentService$Lifecycle
05-26 20:29:08.046 D/SystemServerTiming( 1164): OnBootPhase_200_com.android.server.content.ContentService$Lifecycle took to complete: 0ms
05-26 20:29:08.046 I/SystemServerTiming( 1164): OnBootPhase_200_com.android.server.DropBoxManagerService
05-26 20:29:08.046 D/SystemServerTiming( 1164): OnBootPhase_200_com.android.server.DropBoxManagerService took to complete: 0ms
05-26 20:29:08.047 I/SystemServerTiming( 1164): OnBootPhase_200_com.android.role.RoleService
05-26 20:29:08.047 D/SystemServerTiming( 1164): OnBootPhase_200_com.android.role.RoleService took to complete: 0ms
05-26 20:29:08.047 I/SystemServerTiming( 1164): OnBootPhase_200_com.android.server.vibrator.VibratorManagerService$Lifecycle
05-26 20:29:08.047 D/SystemServerTiming( 1164): OnBootPhase_200_com.android.server.vibrator.VibratorManagerService$Lifecycle took to complete: 0ms
05-26 20:29:08.047 I/SystemServerTiming( 1164): OnBootPhase_200_com.android.server.alarm.AlarmManagerService
05-26 20:29:08.047 D/SystemServerTiming( 1164): OnBootPhase_200_com.android.server.alarm.AlarmManagerService took to complete: 0ms
05-26 20:29:08.047 I/SystemServerTiming( 1164): OnBootPhase_200_com.android.server.devicestate.DeviceStateManagerService
05-26 20:29:08.047 D/SystemServerTiming( 1164): OnBootPhase_200_com.android.server.devicestate.DeviceStateManagerService took to complete: 0ms
05-26 20:29:08.047 I/SystemServerTiming( 1164): OnBootPhase_200_com.android.server.camera.CameraServiceProxy
05-26 20:29:08.047 D/SystemServerTiming( 1164): OnBootPhase_200_com.android.server.camera.CameraServiceProxy took to complete: 0ms
05-26 20:29:08.047 D/SystemServerTiming( 1164): OnBootPhase_200 took to complete: 6ms
05-26 20:29:08.048 I/WindowManager( 1164): No existing display settings, starting empty
05-26 20:29:08.049 I/WindowManager( 1164): No existing display settings, starting empty
05-26 20:29:08.073 D/SystemServerTiming( 1164): StartWindowManagerService took to complete: 32ms
05-26 20:29:08.073 I/SystemServerTiming( 1164): SetWindowManagerService
05-26 20:29:08.126 W/iorapd ( 1227): Readahead disabled by system property
05-26 20:29:08.138 W/iorapd ( 1227): Reconnect to package manager service: 1 times
05-26 20:29:08.145 I/ActivityTaskManager( 1164): Loaded persisted task ids for user 0
05-26 20:29:08.153 D/SystemServerTiming( 1164): SetWindowManagerService took to complete: 80ms
05-26 20:29:08.153 I/SystemServerTiming( 1164): WindowManagerServiceOnInitReady
05-26 20:29:08.171 D/SystemServerTiming( 1164): WindowManagerServiceOnInitReady took to complete: 17ms
05-26 20:29:08.172 I/SystemServerTiming( 1164): StartInputManager
05-26 20:29:08.172 I/InputManager( 1164): Starting input manager
05-26 20:29:08.201 I/[ 44.918894] init( 0): Service 'exec 23 (/vendor/bin/modprobe -a -d /vendor/lib/modules/ qca_cld3_qca6390 qca_cld3_qca6490)' (pid 1197) exited with status 0 oneshot service took 9.613000 seconds in background
05-26 20:29:08.201 I/[ 44.919030] init( 0): Sending signal 9 to service 'exec 23 (/vendor/bin/modprobe -a -d /vendor/lib/modules/ qca_cld3_qca6390 qca_cld3_qca6490)' (pid 1197) process group...
05-26 20:29:08.201 I/[ 44.920922] libprocessgroup( 0): Successfully killed process cgroup uid 0 pid 1197 in 1ms
05-26 20:29:08.177 D/SystemServerTiming( 1164): StartInputManager took to complete: 5ms
05-26 20:29:08.177 I/SystemServerTiming( 1164): DisplayManagerWindowManagerAndInputReady
05-26 20:29:08.178 D/SystemServerTiming( 1164): DisplayManagerWindowManagerAndInputReady took to complete: 1ms
05-26 20:29:08.178 I/SystemServerTiming( 1164): StartBluetoothService
05-26 20:29:08.178 I/SystemServiceManager( 1164): Starting com.android.server.BluetoothService
05-26 20:29:08.178 I/LogicalDisplayMapper( 1164): Requesting Transition to state: 0
05-26 20:29:08.178 I/LogicalDisplayMapper( 1164): Applying layout: [{addr: {port=129, model=0x40446d97fee5e6}, dispId: 0(ON)}], Previous layout: [{addr: {port=129, model=0x40446d97fee5e6}, dispId: 0(ON)}]
05-26 20:29:08.181 I/SystemServerTimingAsync( 1164): InitThreadPoolExec:StartHidlServices
05-26 20:29:08.181 D/SystemServerInitThreadPool( 1164): Started executing StartHidlServices
05-26 20:29:08.181 I/SystemServerTimingAsync( 1164): StartHidlServices
05-26 20:29:08.184 D/BluetoothManagerService( 1164): Loading stored name and address
05-26 20:29:08.184 D/BluetoothManagerService( 1164): Stored bluetooth Name=高合娱乐副屏,Address=22:22:50:32:36:1B
05-26 20:29:08.184 D/BluetoothManagerService( 1164): Bluetooth persisted state: 1
05-26 20:29:08.184 D/BluetoothManagerService( 1164): Startup: Bluetooth persisted state is ON.
05-26 20:29:08.185 D/BluetoothManagerService( 1164): Detected SystemUiUid: 10077
05-26 20:29:08.185 D/SystemServerTiming( 1164): StartBluetoothService took to complete: 7ms
05-26 20:29:08.185 I/SystemServerTiming( 1164): IpConnectivityMetrics
05-26 20:29:08.185 I/SystemServiceManager( 1164): Starting com.android.server.connectivity.IpConnectivityMetrics
05-26 20:29:08.186 D/SystemServerTiming( 1164): IpConnectivityMetrics took to complete: 1ms
05-26 20:29:08.186 I/SystemServerTiming( 1164): NetworkWatchlistService
05-26 20:29:08.186 I/SystemServiceManager( 1164): Starting com.android.server.net.watchlist.NetworkWatchlistService$Lifecycle
05-26 20:29:08.206 D/iorap.prefetcherd( 1838): Installing minijail
05-26 20:29:08.209 W/iorap.prefetcherd( 1838): No seccomp filter defined for this architecture.
05-26 20:29:08.210 D/SystemServerTimingAsync( 1164): StartHidlServices took to complete: 29ms
05-26 20:29:08.210 D/SystemServerInitThreadPool( 1164): Finished executing StartHidlServices
05-26 20:29:08.211 D/SystemServerTimingAsync( 1164): InitThreadPoolExec:StartHidlServices took to complete: 30ms
05-26 20:29:08.225 I/WatchlistSettings( 1164): Reload watchlist settings done
05-26 20:29:08.227 D/SystemServerTiming( 1164): NetworkWatchlistService took to complete: 41ms
05-26 20:29:08.227 I/SystemServerTiming( 1164): PinnerService
05-26 20:29:08.227 I/SystemServiceManager( 1164): Starting com.android.server.PinnerService
05-26 20:29:08.228 V/HistoricalRegistry( 1164): Interaction before persistence initialized
05-26 20:29:08.229 D/SystemServerTiming( 1164): PinnerService took to complete: 2ms
05-26 20:29:08.229 I/SystemServerTiming( 1164): IorapForwardingService
05-26 20:29:08.229 I/SystemServiceManager( 1164): Starting com.google.android.startop.iorap.IorapForwardingService
05-26 20:29:08.229 D/PinnerService( 1164): pinRangeStream: null
05-26 20:29:08.230 I/WatchlistLoggingHandler( 1164): Last report time is larger than current time, reset report
05-26 20:29:08.230 D/SystemServerTiming( 1164): IorapForwardingService took to complete: 1ms
05-26 20:29:08.230 I/SystemServiceManager( 1164): Starting com.android.server.ActivityTriggerService
05-26 20:29:08.230 I/ActivityTriggerService( 1164): Starting ActivityTriggerService
05-26 20:29:08.271 D/PinnerService( 1164): pinRangeStream: null
05-26 20:29:08.273 D/PinnerService( 1164): pinRangeStream: null
05-26 20:29:08.274 I/SystemServerTiming( 1164): SignedConfigService
05-26 20:29:08.274 D/SystemServerTiming( 1164): SignedConfigService took to complete: 0ms
05-26 20:29:08.274 I/SystemServerTiming( 1164): AppIntegrityService
05-26 20:29:08.274 I/SystemServiceManager( 1164): Starting com.android.server.integrity.AppIntegrityManagerService
05-26 20:29:08.275 D/PinnerService( 1164): pinRangeStream: null
05-26 20:29:08.287 W/ ( 0): [ 45.011041] (NULL device *): Falling back to syfs fallback for: wlan/qca_cld/qca6390/WCNSS_qcom_cfg.ini
05-26 20:29:08.301 E/IntegrityFileManager( 1164): Error creating staging and rules directory
05-26 20:29:08.308 I/[ 45.029681] ueventd( 0): firmware: loading 'wlan/qca_cld/qca6390/WCNSS_qcom_cfg.ini' for '/devices/virtual/firmware/wlan!qca_cld!qca6390!WCNSS_qcom_cfg.ini'
05-26 20:29:08.312 D/SystemServerTiming( 1164): AppIntegrityService took to complete: 37ms
05-26 20:29:08.321 I/WatchlistLoggingHandler( 1164): No need to aggregate record yet.
05-26 20:29:08.321 I/WatchlistLoggingHandler( 1164): Milliseconds spent on tryAggregateRecords(): 91
05-26 20:29:08.326 I/WindowManager( 1164): SAFE MODE not enabled
05-26 20:29:08.326 I/SystemServerTiming( 1164): StartInputMethodManagerLifecycle
05-26 20:29:08.327 I/SystemServiceManager( 1164): Starting com.android.server.inputmethod.InputMethodManagerService$Lifecycle
05-26 20:29:08.332 D/SystemServerTiming( 1164): StartInputMethodManagerLifecycle took to complete: 5ms
05-26 20:29:08.332 I/SystemServerTiming( 1164): StartAccessibilityManagerService
05-26 20:29:08.332 I/SystemServiceManager( 1164): Starting com.android.server.accessibility.AccessibilityManagerService$Lifecycle
05-26 20:29:08.334 I/DropBoxManagerService( 1164): add tag=system_server_strictmode isTagEnabled=true flags=0x2
05-26 20:29:08.340 D/SystemServerTiming( 1164): StartAccessibilityManagerService took to complete: 8ms
05-26 20:29:08.340 I/SystemServerTiming( 1164): MakeDisplayReady
05-26 20:29:08.345 I/ActivityTaskManager( 1164): Config changes=20005df8 {1.0 ?mcc?mnc [zh_CN] ldltr sw720dp w1706dp h665dp 240dpi lrg long land ?uimode ?night -touch -keyb/v/h -nav/h winConfig={ mBounds=Rect(0, 0 - 2560, 1080) mAppBounds=Rect(0, 0 - 2560, 1034) mMaxBounds=Rect(0, 0 - 2560, 1080) mWindowingMode=fullscreen mDisplayWindowingMode=fullscreen mActivityType=undefined mAlwaysOnTop=undefined mRotation=ROTATION_0} s.2 ?fontWeightAdjustment}
05-26 20:29:08.348 I/WindowManager( 1164): Override config changes=60007dfc {1.0 ?mcc?mnc [zh_CN] ldltr sw720dp w1706dp h665dp 240dpi lrg long land ?uimode ?night -touch -keyb/v/h -nav/h winConfig={ mBounds=Rect(0, 0 - 2560, 1080) mAppBounds=Rect(0, 0 - 2560, 1034) mMaxBounds=Rect(0, 0 - 2560, 1080) mWindowingMode=fullscreen mDisplayWindowingMode=fullscreen mActivityType=undefined mAlwaysOnTop=undefined mRotation=ROTATION_0} s.2 ?fontWeightAdjustment} for displayId=0
05-26 20:29:08.356 I/[ 45.076391] ueventd( 0): loading /devices/virtual/firmware/wlan!qca_cld!qca6390!WCNSS_qcom_cfg.ini took 47ms
05-26 20:29:08.368 I/[ 45.091966] init( 0): processing action (sys.sysctl.extra_free_kbytes=*) from (/system/etc/init/hw/init.rc:1175)
05-26 20:29:08.393 I/[ 45.114038] [kworke][0x3b2ec0a0][20( 0): 29:08.389883] wlan: [283:I:HDD] hdd_pm_qos_add_request: 9360: Set cpu_mask 0f for affine_cores
05-26 20:29:08.393 I/[ 45.114079] [kworke][0x3b2ec428][20( 0): 29:08.389929] wlan: [283:I:HDD] hdd_pm_qos_add_request: 9362: Set cpu_mask 0f for affine_cores
05-26 20:29:08.393 D/[ 45.116730] cnss( 0): Sending ini sync request, state: 0x17, fw_log_mode: 1
05-26 20:29:08.399 I/ActivityTaskManager( 1164): Config changes=8 {1.0 ?mcc?mnc [zh_CN] ldltr sw720dp w1706dp h665dp 240dpi lrg long land ?uimode ?night finger -keyb/v/h -nav/h winConfig={ mBounds=Rect(0, 0 - 2560, 1080) mAppBounds=Rect(0, 0 - 2560, 1034) mMaxBounds=Rect(0, 0 - 2560, 1080) mWindowingMode=fullscreen mDisplayWindowingMode=fullscreen mActivityType=undefined mAlwaysOnTop=undefined mRotation=ROTATION_0} s.4 ?fontWeightAdjustment}
05-26 20:29:08.401 I/[ 45.123686] [kworke][0x3b319387][20( 0): 29:08.399522] wlan: [283:I:HIF] Initializing Runtime PM wakelock &sc->prevent_linkdown_lock
05-26 20:29:08.401 I/WindowManager( 1164): Override config changes=8 {1.0 ?mcc?mnc [zh_CN] ldltr sw720dp w1706dp h665dp 240dpi lrg long land ?uimode ?night finger -keyb/v/h -nav/h winConfig={ mBounds=Rect(0, 0 - 2560, 1080) mAppBounds=Rect(0, 0 - 2560, 1034) mMaxBounds=Rect(0, 0 - 2560, 1080) mWindowingMode=fullscreen mDisplayWindowingMode=fullscreen mActivityType=undefined mAlwaysOnTop=undefined mRotation=ROTATION_0} s.4 ?fontWeightAdjustment} for displayId=0
05-26 20:29:08.402 I/[ 45.124028] [kworke][0x3b31ae11][20( 0): 29:08.399875] wlan: [283:I:HIF] hif_pci_enable_bus: con_mode = 0x0, WLAN_SOC_device_id = 0x1101
05-26 20:29:08.402 I/[ 45.124392] [kworke][0x3b31bea8][20( 0): 29:08.400096] wlan: [283:I:HIF] hif_pci_enable_bus: hif_enable_pci done
05-26 20:29:08.402 I/[ 45.124814] [kworke][0x3b31e911][20( 0): 29:08.400662] wlan: [283:I:HIF] *********** QCA6390 *************
05-26 20:29:08.402 I/ ( 0): [ 45.124814]
05-26 20:29:08.402 I/[ 45.124849] [kworke][0x3b31ebe3][20( 0): 29:08.400699] wlan: [283:I:HIF] hif_pci_enable_bus: hif_type = 0x12, target_type = 0x17
05-26 20:29:08.402 I/[ 45.124886] [kworke][0x3b31ee93][20( 0): 29:08.400735] wlan: [283:I:HIF] hif_register_tbl_attach: HIF_TYPE_QCA6390
05-26 20:29:08.402 I/[ 45.124920] [kworke][0x3b31f125][20( 0): 29:08.400769] wlan: [283:I:HIF] hif_target_register_tbl_attach: TARGET_TYPE_QCA6390
05-26 20:29:08.402 I/[ 45.124952] [kworke][0x3b31f3b1][20( 0): 29:08.400803] wlan: [283:I:HIF] hif_pci_enable_bus:Skip tgt_wake up for srng devices
05-26 20:29:08.402 I/ ( 0): [ 45.124952]
05-26 20:29:08.404 D/SystemServerTiming( 1164): MakeDisplayReady took to complete: 64ms
05-26 20:29:08.404 I/SystemServerTiming( 1164): StartStorageManagerService
05-26 20:29:08.405 I/SystemServiceManager( 1164): Starting com.android.server.StorageManagerService$Lifecycle
05-26 20:29:08.417 E/[ 45.127531] [kworke][0x3b32b48a][20( 0): 29:08.403375] wlan: [283:E:TXRX] hif_print_hal_shadow_register_cfg: num_config 28
05-26 20:29:08.417 I/[ 45.138614] [kworke][0x3b35f3e5][20( 0): 29:08.414460] wlan: [283:I:TXRX] hif_print_hal_shadow_register_cfg: i 0, val a3b034
05-26 20:29:08.417 I/[ 45.138648] [kworke][0x3b35f6d6][20( 0): 29:08.414499] wlan: [283:I:TXRX] hif_print_hal_shadow_register_cfg: i 1, val a3b03c
05-26 20:29:08.417 I/[ 45.138677] [kworke][0x3b35f928][20( 0): 29:08.414529] wlan: [283:I:TXRX] hif_print_hal_shadow_register_cfg: i 2, val a3b044
05-26 20:29:08.417 I/[ 45.138706] [kworke][0x3b35fb42][20( 0): 29:08.414557] wlan: [283:I:TXRX] hif_print_hal_shadow_register_cfg: i 3, val a3b04c
05-26 20:29:08.417 I/[ 45.138737] [kworke][0x3b35fd77][20( 0): 29:08.414586] wlan: [283:I:TXRX] hif_print_hal_shadow_register_cfg: i 4, val a3b054
05-26 20:29:08.417 I/[ 45.138768] [kworke][0x3b360003][20( 0): 29:08.414620] wlan: [283:I:TXRX] hif_print_hal_shadow_register_cfg: i 5, val a3b028
05-26 20:29:08.417 I/[ 45.138800] [kworke][0x3b36024d][20( 0): 29:08.414652] wlan: [283:I:TXRX] hif_print_hal_shadow_register_cfg: i 6, val a3b020
05-26 20:29:08.417 I/[ 45.138827] [kworke][0x3b360472][20( 0): 29:08.414679] wlan: [283:I:TXRX] hif_print_hal_shadow_register_cfg: i 7, val a3b06c
05-26 20:29:08.417 I/[ 45.138855] [kworke][0x3b36067e][20( 0): 29:08.414707] wlan: [283:I:TXRX] hif_print_hal_shadow_register_cfg: i 8, val a46000
05-26 20:29:08.417 I/[ 45.138885] [kworke][0x3b3608ab][20( 0): 29:08.414736] wlan: [283:I:TXRX] hif_print_hal_shadow_register_cfg: i 9, val a46008
05-26 20:29:08.417 I/[ 45.138913] [kworke][0x3b360acf][20( 0): 29:08.414764] wlan: [283:I:TXRX] hif_print_hal_shadow_register_cfg: i 10, val a46010
05-26 20:29:08.417 I/[ 45.138941] [kworke][0x3b360cec][20( 0): 29:08.414792] wlan: [283:I:TXRX] hif_print_hal_shadow_register_cfg: i 11, val a46018
05-26 20:29:08.417 I/[ 45.138973] [kworke][0x3b360f19][20( 0): 29:08.414823] wlan: [283:I:TXRX] hif_print_hal_shadow_register_cfg: i 12, val a46034
05-26 20:29:08.418 I/[ 45.139004] [kworke][0x3b361192][20( 0): 29:08.414855] wlan: [283:I:TXRX] hif_print_hal_shadow_register_cfg: i 13, val a370b0
05-26 20:29:08.418 I/[ 45.139034] [kworke][0x3b3613d1][20( 0): 29:08.414885] wlan: [283:I:TXRX] hif_print_hal_shadow_register_cfg: i 14, val a37018
05-26 20:29:08.418 I/[ 45.139065] [kworke][0x3b361615][20( 0): 29:08.414915] wlan: [283:I:TXRX] hif_print_hal_shadow_register_cfg: i 15, val a370c4
05-26 20:29:08.418 I/[ 45.139097] [kworke][0x3b361875][20( 0): 29:08.414946] wlan: [283:I:TXRX] hif_print_hal_shadow_register_cfg: i 16, val a370cc
05-26 20:29:08.418 I/[ 45.139213] [kworke][0x3b361ae4][20( 0): 29:08.414979] wlan: [283:I:TXRX] hif_print_hal_shadow_register_cfg: i 17, val a370d4
05-26 20:29:08.418 I/[ 45.139245] [kworke][0x3b3623b3][20( 0): 29:08.415096] wlan: [283:I:TXRX] hif_print_hal_shadow_register_cfg: i 18, val a370dc
05-26 20:29:08.418 I/[ 45.139279] [kworke][0x3b3625f9][20( 0): 29:08.415127] wlan: [283:I:TXRX] hif_print_hal_shadow_register_cfg: i 19, val a00400
05-26 20:29:08.418 I/[ 45.139308] [kworke][0x3b362866][20( 0): 29:08.415159] wlan: [283:I:TXRX] hif_print_hal_shadow_register_cfg: i 20, val a03400
05-26 20:29:08.418 I/[ 45.139335] [kworke][0x3b362a76][20( 0): 29:08.415186] wlan: [283:I:TXRX] hif_print_hal_shadow_register_cfg: i 21, val a0340c
05-26 20:29:08.418 I/[ 45.139365] [kworke][0x3b362ca0][20( 0): 29:08.415215] wlan: [283:I:TXRX] hif_print_hal_shadow_register_cfg: i 22, val a05400
05-26 20:29:08.418 I/[ 45.139399] [kworke][0x3b362f36][20( 0): 29:08.415251] wlan: [283:I:TXRX] hif_print_hal_shadow_register_cfg: i 23, val a0540c
05-26 20:29:08.418 I/[ 45.139428] [kworke][0x3b363163][20( 0): 29:08.415279] wlan: [283:I:TXRX] hif_print_hal_shadow_register_cfg: i 24, val a06400
05-26 20:29:08.418 I/[ 45.139460] [kworke][0x3b3633c8][20( 0): 29:08.415310] wlan: [283:I:TXRX] hif_print_hal_shadow_register_cfg: i 25, val a08400
05-26 20:29:08.418 I/[ 45.139491] [kworke][0x3b363639][20( 0): 29:08.415343] wlan: [283:I:TXRX] hif_print_hal_shadow_register_cfg: i 26, val a0b400
05-26 20:29:08.418 I/[ 45.139519] [kworke][0x3b36384c][20( 0): 29:08.415370] wlan: [283:I:TXRX] hif_print_hal_shadow_register_cfg: i 27, val a0b40c
05-26 20:29:08.418 D/[ 45.139550] cnss( 0): Mode: 0, config: ffffff801a01b7b8, host_version: 5.2.022.10G
05-26 20:29:08.418 D/[ 45.139588] cnss( 0): Sending WLAN config message, state: 0x17
05-26 20:29:08.422 D/[ 45.143131] cnss( 0): Sending mode message, mode: MISSION(0), state: 0x17
05-26 20:29:08.436 D/StorageManagerService( 1164): Thinking about init, mBootCompleted=false, mDaemonConnected=true
05-26 20:29:08.436 D/StorageManagerService( 1164): Thinking about reset, mBootCompleted=false, mDaemonConnected=true
05-26 20:29:08.439 D/SystemServerTiming( 1164): StartStorageManagerService took to complete: 33ms
05-26 20:29:08.439 I/SystemServerTiming( 1164): StartStorageStatsService
05-26 20:29:08.439 I/SystemServiceManager( 1164): Starting com.android.server.usage.StorageStatsService$Lifecycle
05-26 20:29:08.442 D/PinnerService( 1164): pinRangeStream: null
05-26 20:29:08.443 D/PinnerService( 1164): pinRangeStream: null
05-26 20:29:08.444 D/[ 45.166832] cnss( 0): Received QMI WLFW pin connect result indication
05-26 20:29:08.444 D/[ 45.166847] cnss( 0): Pin connect Result: pwr_pin: 0x1 phy_io_pin: 0x0 rf_io_pin: 0x0
05-26 20:29:08.444 D/[ 45.168994] cnss( 0): Assign MSI to user: CE, num_vectors: 10, user_base_data: 803, base_vector: 3
05-26 20:29:08.444 D/StorageManagerService( 1164): Thinking about init, mBootCompleted=false, mDaemonConnected=true
05-26 20:29:08.444 D/StorageManagerService( 1164): Thinking about reset, mBootCompleted=false, mDaemonConnected=true
05-26 20:29:08.449 D/PinnerService( 1164): pinRangeStream: null
05-26 20:29:08.464 D/SystemServerTiming( 1164): StartStorageStatsService took to complete: 25ms
05-26 20:29:08.464 I/SystemServerTiming( 1164): StartUiModeManager
05-26 20:29:08.464 I/SystemServiceManager( 1164): Starting com.android.server.UiModeManagerService
05-26 20:29:08.484 I/[ 45.204336] [kworke][0x3b492dae][20( 0): 29:08.480083] wlan: [283:I:HIF] ce_srng_dest_ring_setup: ce_id 1
05-26 20:29:08.484 D/[ 45.204371] cnss( 0): Assign MSI to user: CE, num_vectors: 10, user_base_data: 803, base_vector: 3
05-26 20:29:08.484 I/[ 45.204780] [kworke][0x3b4956c7][20( 0): 29:08.480631] wlan: [283:I:HIF] ce_srng_status_ring_setup: ce_id 1
05-26 20:29:08.484 D/[ 45.204804] cnss( 0): Assign MSI to user: CE, num_vectors: 10, user_base_data: 803, base_vector: 3
05-26 20:29:08.484 I/[ 45.205236] [kworke][0x3b4978e5][20( 0): 29:08.481085] wlan: [283:I:HIF] ce_srng_dest_ring_setup: ce_id 2
05-26 20:29:08.484 D/[ 45.205259] cnss( 0): Assign MSI to user: CE, num_vectors: 10, user_base_data: 803, base_vector: 3
05-26 20:29:08.484 I/[ 45.205651] [kworke][0x3b499814][20( 0): 29:08.481501] wlan: [283:I:HIF] ce_srng_status_ring_setup: ce_id 2
05-26 20:29:08.484 D/[ 45.205675] cnss( 0): Assign MSI to user: CE, num_vectors: 10, user_base_data: 803, base_vector: 3
05-26 20:29:08.484 D/[ 45.206198] cnss( 0): Assign MSI to user: CE, num_vectors: 10, user_base_data: 803, base_vector: 3
05-26 20:29:08.527 I/SystemServerTimingAsync( 1164): InitThreadPoolExec:UiModeManager.onStart
05-26 20:29:08.527 W/SystemServiceManager( 1164): Service com.android.server.UiModeManagerService took 62 ms in onStart
05-26 20:29:08.528 D/SystemServerTiming( 1164): StartUiModeManager took to complete: 64ms
05-26 20:29:08.528 I/SystemServerTiming( 1164): UpdatePackagesIfNeeded
05-26 20:29:08.528 I/Watchdog( 1164): Pausing HandlerChecker: main thread for reason: dexopt. Pause count: 1
05-26 20:29:08.529 D/SystemServerInitThreadPool( 1164): Started executing UiModeManager.onStart
05-26 20:29:08.530 I/Watchdog( 1164): Resuming HandlerChecker: main thread for reason: dexopt. Pause count: 0
05-26 20:29:08.530 D/SystemServerTiming( 1164): UpdatePackagesIfNeeded took to complete: 2ms
05-26 20:29:08.530 I/SystemServerTiming( 1164): PerformFstrimIfNeeded
05-26 20:29:08.531 D/SystemServerTiming( 1164): PerformFstrimIfNeeded took to complete: 0ms
05-26 20:29:08.531 I/SystemServerTiming( 1164): StartLockSettingsService
05-26 20:29:08.531 I/SystemServiceManager( 1164): Starting com.android.server.locksettings.LockSettingsService$Lifecycle
05-26 20:29:08.539 D/PinnerService( 1164): pinRangeStream: null
05-26 20:29:08.542 D/SystemServerInitThreadPool( 1164): Finished executing UiModeManager.onStart
05-26 20:29:08.542 D/SystemServerTimingAsync( 1164): InitThreadPoolExec:UiModeManager.onStart took to complete: 15ms
05-26 20:29:08.549 I/[ 45.271478] [kworke][0x3b5ce08f][20( 0): 29:08.547322] wlan: [283:I:HIF] ce_srng_dest_ring_setup: ce_id 5
05-26 20:29:08.549 D/[ 45.271514] cnss( 0): Assign MSI to user: CE, num_vectors: 10, user_base_data: 803, base_vector: 3
05-26 20:29:08.549 I/[ 45.271925] [kworke][0x3b5d029a][20( 0): 29:08.547775] wlan: [283:I:HIF] ce_srng_status_ring_setup: ce_id 5
05-26 20:29:08.549 D/[ 45.271955] cnss( 0): Assign MSI to user: CE, num_vectors: 10, user_base_data: 803, base_vector: 3
05-26 20:29:08.549 I/[ 45.273187] [kworke][0x3b5d610d][20( 0): 29:08.549035] wlan: [283:I:HIF] hif_configure_irq: E
05-26 20:29:08.549 D/[ 45.273219] cnss( 0): Assign MSI to user: WAKE, num_vectors: 1, user_base_data: 813, base_vector: 13
05-26 20:29:08.549 D/[ 45.273255] cnss( 0): Get IRQ number 365 for vector index 13
05-26 20:29:08.554 D/[ 45.274167] cnss( 0): Assign MSI to user: CE, num_vectors: 10, user_base_data: 803, base_vector: 3
05-26 20:29:08.554 D/[ 45.274204] cnss( 0): Get IRQ number 355 for vector index 3
05-26 20:29:08.554 D/[ 45.274813] cnss( 0): Get IRQ number 356 for vector index 4
05-26 20:29:08.556 D/[ 45.278877] cnss( 0): Get IRQ number 357 for vector index 5
05-26 20:29:08.557 D/[ 45.280481] cnss( 0): Get IRQ number 358 for vector index 6
05-26 20:29:08.560 D/[ 45.282622] cnss( 0): Get IRQ number 360 for vector index 8
05-26 20:29:08.560 D/[ 45.282862] cnss( 0): Get IRQ number 361 for vector index 9
05-26 20:29:08.560 D/[ 45.283023] cnss( 0): Get IRQ number 363 for vector index 11
05-26 20:29:08.587 E/[ 45.291415] [kworke][0x3b62b852][20( 0): 29:08.567264] wlan: [283:E:mlme] mlme_init_reg_cfg: 2374: null pdev
05-26 20:29:08.590 E/[ 45.303241] [kworke][0x3b663009][20( 0): 29:08.579099] wlan: [283:E:WMI] WMI handle is NULL
05-26 20:29:08.590 I/[ 45.311836] [kworke][0x3b68b4b1][20( 0): 29:08.587694] wlan: [283:I:HIF] Initializing Runtime PM wakelock &p2p_soc_obj->roc_runtime_lock
05-26 20:29:08.590 D/[ 45.311873] cnss( 0): Platform cap_flag is 0x4
05-26 20:29:08.590 E/[ 45.311890] [kworke][0x3b68b8c8][20( 0): 29:08.587749] wlan: [283:E:QDF] cds_get_context: 1486: Module ID 66 context is Null
05-26 20:29:08.597 W/SystemServiceManager( 1164): Service com.android.server.locksettings.LockSettingsService$Lifecycle took 65 ms in onStart
05-26 20:29:08.598 D/SystemServerTiming( 1164): StartLockSettingsService took to complete: 66ms
05-26 20:29:08.598 I/SystemServerTiming( 1164): StartPersistentDataBlock
05-26 20:29:08.598 I/SystemServiceManager( 1164): Starting com.android.server.PersistentDataBlockService
05-26 20:29:08.600 D/SystemServerTiming( 1164): StartPersistentDataBlock took to complete: 2ms
05-26 20:29:08.600 I/SystemServerTiming( 1164): StartTestHarnessMode
05-26 20:29:08.600 I/SystemServiceManager( 1164): Starting com.android.server.testharness.TestHarnessModeService
05-26 20:29:08.600 I/SystemServerTimingAsync( 1164): InitThreadPoolExec:PersistentDataBlockService.onStart
05-26 20:29:08.601 D/SystemServerInitThreadPool( 1164): Started executing PersistentDataBlockService.onStart
05-26 20:29:08.605 D/SystemServerTiming( 1164): StartTestHarnessMode took to complete: 5ms
05-26 20:29:08.605 I/SystemServerTiming( 1164): StartOemLockService
05-26 20:29:08.605 I/SystemServiceManager( 1164): Starting com.android.server.oemlock.OemLockService
05-26 20:29:08.607 I/OemLock ( 1164): OemLock HAL not present on device
05-26 20:29:08.607 I/OemLock ( 1164): Using persistent data block based lock
05-26 20:29:08.609 D/SystemServerTiming( 1164): StartOemLockService took to complete: 4ms
05-26 20:29:08.609 I/SystemServerTiming( 1164): StartDeviceIdleController
05-26 20:29:08.609 I/SystemServiceManager( 1164): Starting com.android.server.DeviceIdleController
05-26 20:29:08.613 E/PersistentDataBlockService( 1164): not able to find package com.google.android.gms
05-26 20:29:08.613 E/PersistentDataBlockService( 1164): android.content.pm.PackageManager$NameNotFoundException: com.google.android.gms
05-26 20:29:08.613 E/PersistentDataBlockService( 1164): at android.app.ApplicationPackageManager.getPackageUidAsUser(ApplicationPackageManager.java:364)
05-26 20:29:08.613 E/PersistentDataBlockService( 1164): at com.android.server.PersistentDataBlockService.getAllowedUid(PersistentDataBlockService.java:162)
05-26 20:29:08.613 E/PersistentDataBlockService( 1164): at com.android.server.PersistentDataBlockService.lambda$onStart$0$PersistentDataBlockService(PersistentDataBlockService.java:176)
05-26 20:29:08.613 E/PersistentDataBlockService( 1164): at com.android.server.PersistentDataBlockService$$ExternalSyntheticLambda0.run(Unknown Source:2)
05-26 20:29:08.613 E/PersistentDataBlockService( 1164): at com.android.server.SystemServerInitThreadPool.lambda$submitTask$0$SystemServerInitThreadPool(SystemServerInitThreadPool.java:105)
05-26 20:29:08.613 E/PersistentDataBlockService( 1164): at com.android.server.SystemServerInitThreadPool$$ExternalSyntheticLambda0.run(Unknown Source:6)
05-26 20:29:08.613 E/PersistentDataBlockService( 1164): at java.util.concurrent.Executors$RunnableAdapter.call(Executors.java:462)
05-26 20:29:08.613 E/PersistentDataBlockService( 1164): at java.util.concurrent.FutureTask.run(FutureTask.java:266)
05-26 20:29:08.613 E/PersistentDataBlockService( 1164): at java.util.concurrent.ThreadPoolExecutor.runWorker(ThreadPoolExecutor.java:1167)
05-26 20:29:08.613 E/PersistentDataBlockService( 1164): at java.util.concurrent.ThreadPoolExecutor$Worker.run(ThreadPoolExecutor.java:641)
05-26 20:29:08.613 E/PersistentDataBlockService( 1164): at com.android.internal.util.ConcurrentUtils$1$1.run(ConcurrentUtils.java:65)
05-26 20:29:08.613 D/PinnerService( 1164): pinRangeStream: null
05-26 20:29:08.615 D/PinnerService( 1164): pinRangeStream: null
05-26 20:29:08.615 D/SystemServerTiming( 1164): StartDeviceIdleController took to complete: 6ms
05-26 20:29:08.615 I/SystemServerTiming( 1164): StartDevicePolicyManager
05-26 20:29:08.615 I/SystemServiceManager( 1164): Starting com.android.server.devicepolicy.DevicePolicyManagerService$Lifecycle
05-26 20:29:08.634 D/SystemServerInitThreadPool( 1164): Finished executing PersistentDataBlockService.onStart
05-26 20:29:08.635 D/SystemServerTimingAsync( 1164): InitThreadPoolExec:PersistentDataBlockService.onStart took to complete: 34ms
05-26 20:29:08.669 D/PinnerService( 1164): pinRangeStream: null
05-26 20:29:08.673 D/PinnerService( 1164): pinRangeStream: null
05-26 20:29:08.675 D/SLog ( 1164): static_init took to complete: 6ms
05-26 20:29:08.675 I/DevicePolicyManager( 1164): Set ro.organization_owned property to false
05-26 20:29:08.677 E/PinnerService( 1164): Could not pin file /system/lib64/libsurfaceflinger.so
05-26 20:29:08.677 E/PinnerService( 1164): android.system.ErrnoException: open failed: ENOENT (No such file or directory)
05-26 20:29:08.677 E/PinnerService( 1164): at libcore.io.Linux.open(Native Method)
05-26 20:29:08.677 E/PinnerService( 1164): at libcore.io.ForwardingOs.open(ForwardingOs.java:567)
05-26 20:29:08.677 E/PinnerService( 1164): at libcore.io.BlockGuardOs.open(BlockGuardOs.java:273)
05-26 20:29:08.677 E/PinnerService( 1164): at android.system.Os.open(Os.java:501)
05-26 20:29:08.677 E/PinnerService( 1164): at com.android.server.PinnerService.pinFileRanges(PinnerService.java:939)
05-26 20:29:08.677 E/PinnerService( 1164): at com.android.server.PinnerService.pinFile(PinnerService.java:814)
05-26 20:29:08.677 E/PinnerService( 1164): at com.android.server.PinnerService.handlePinOnStart(PinnerService.java:273)
05-26 20:29:08.677 E/PinnerService( 1164): at com.android.server.PinnerService.access$1600(PinnerService.java:91)
05-26 20:29:08.677 E/PinnerService( 1164): at com.android.server.PinnerService$PinnerHandler.handleMessage(PinnerService.java:1183)
05-26 20:29:08.677 E/PinnerService( 1164): at android.os.Handler.dispatchMessage(Handler.java:106)
05-26 20:29:08.677 E/PinnerService( 1164): at android.os.Looper.loopOnce(Looper.java:201)
05-26 20:29:08.677 E/PinnerService( 1164): at android.os.Looper.loop(Looper.java:288)
05-26 20:29:08.677 E/PinnerService( 1164): at android.os.HandlerThread.run(HandlerThread.java:67)
05-26 20:29:08.677 E/PinnerService( 1164): Failed to pin file = /system/lib64/libsurfaceflinger.so
05-26 20:29:08.685 D/SystemServerTiming( 1164): StartDevicePolicyManager took to complete: 70ms
05-26 20:29:08.685 I/SystemServerTiming( 1164): StartStatusBarManagerService
05-26 20:29:08.686 D/SystemServerTiming( 1164): StartStatusBarManagerService took to complete: 1ms
05-26 20:29:08.687 D/SystemServer( 1164): MusicRecognitionManagerService not defined by OEM or disabled by flag
05-26 20:29:08.687 D/SystemServer( 1164): ContentCaptureService disabled because resource is not overlaid
05-26 20:29:08.687 D/SystemServer( 1164): AttentionService is not configured on this device
05-26 20:29:08.688 D/SystemServer( 1164): RotationResolverService is not configured on this device
05-26 20:29:08.688 D/SystemServer( 1164): SystemCaptionsManagerService disabled because resource is not overlaid
05-26 20:29:08.688 I/SystemServerTiming( 1164): StartTextToSpeechManagerService
05-26 20:29:08.688 I/SystemServiceManager( 1164): Starting com.android.server.texttospeech.TextToSpeechManagerService
05-26 20:29:08.689 D/SystemServerTiming( 1164): StartTextToSpeechManagerService took to complete: 1ms
05-26 20:29:08.689 I/SystemServerTiming( 1164): StartSpeechRecognitionManagerService
05-26 20:29:08.689 I/SystemServiceManager( 1164): Starting com.android.server.speech.SpeechRecognitionManagerService
05-26 20:29:08.690 D/SystemServerTiming( 1164): StartSpeechRecognitionManagerService took to complete: 2ms
05-26 20:29:08.696 E/[ 45.408603] [kworke][0x3b850d2a][20( 0): 29:08.684449] wlan: [283:E:QDF] cds_get_context: 1486: Module ID 66 context is Null
05-26 20:29:08.691 D/SystemServer( 1164): AppPredictionService not defined by OEM
05-26 20:29:08.691 D/SystemServer( 1164): ContentSuggestionsService not defined by OEM
05-26 20:29:08.691 I/SystemServerTiming( 1164): StartSearchUiService
05-26 20:29:08.691 I/SystemServiceManager( 1164): Starting com.android.server.searchui.SearchUiManagerService
05-26 20:29:08.698 D/SystemServerTiming( 1164): StartSearchUiService took to complete: 1ms
05-26 20:29:08.698 I/SystemServerTiming( 1164): StartSmartspaceService
05-26 20:29:08.699 I/SystemServiceManager( 1164): Starting com.android.server.smartspace.SmartspaceManagerService
05-26 20:29:08.702 D/SystemServerTiming( 1164): StartSmartspaceService took to complete: 4ms
05-26 20:29:08.703 I/SystemServerTiming( 1164): InitConnectivityModuleConnector
05-26 20:29:08.703 D/ConnectivityModuleConnector( 1164): Network stack init
05-26 20:29:08.704 D/SystemServerTiming( 1164): InitConnectivityModuleConnector took to complete: 1ms
05-26 20:29:08.704 I/SystemServerTiming( 1164): InitNetworkStackClient
05-26 20:29:08.704 D/SystemServerTiming( 1164): InitNetworkStackClient took to complete: 0ms
05-26 20:29:08.704 I/SystemServerTiming( 1164): StartNetworkManagementService
05-26 20:29:08.720 D/SystemServerTiming( 1164): StartNetworkManagementService took to complete: 16ms
05-26 20:29:08.720 I/SystemServerTiming( 1164): StartIpSecService
05-26 20:29:08.722 D/SystemServerTiming( 1164): StartIpSecService took to complete: 2ms
05-26 20:29:08.722 I/SystemServerTiming( 1164): StartFontManagerService
05-26 20:29:08.733 I/[ 45.456984] [kworke][0x3b933924][20( 0): 29:08.732824] wlan: [283:I:HIF] Initializing Runtime PM wakelock &psoc_wakelock->wmi_cmd_rsp_runtime_lock
05-26 20:29:08.746 I/DropBoxManagerService( 1164): add tag=system_server_strictmode isTagEnabled=true flags=0x2
05-26 20:29:08.748 I/DropBoxManagerService( 1164): add tag=system_server_strictmode isTagEnabled=true flags=0x2
05-26 20:29:08.750 I/DropBoxManagerService( 1164): add tag=system_server_strictmode isTagEnabled=true flags=0x2
05-26 20:29:08.751 I/DropBoxManagerService( 1164): add tag=system_server_strictmode isTagEnabled=true flags=0x2
05-26 20:29:08.753 I/DropBoxManagerService( 1164): add tag=system_server_strictmode isTagEnabled=true flags=0x2
05-26 20:29:08.754 I/DropBoxManagerService( 1164): add tag=system_server_strictmode isTagEnabled=true flags=0x2
05-26 20:29:08.756 I/DropBoxManagerService( 1164): add tag=system_server_strictmode isTagEnabled=true flags=0x2
05-26 20:29:08.757 I/DropBoxManagerService( 1164): add tag=system_server_strictmode isTagEnabled=true flags=0x2
05-26 20:29:08.759 I/DropBoxManagerService( 1164): add tag=system_server_strictmode isTagEnabled=true flags=0x2
05-26 20:29:08.764 F/[ 45.474052] [kworke][0x3b98392b][20( 0): 29:08.749891] wlan: [283:F:WMA] WMA --> wmi_unified_attach - success
05-26 20:29:08.764 I/[ 45.487808] [kworke][0x3b9c327d][20( 0): 29:08.763454] wlan: [283:I:HIF] Initializing Runtime PM wakelock &vdev->vdev_set_key_runtime_wakelock
05-26 20:29:08.768 I/[ 45.490404] [kworke][0x3b9d040f][20( 0): 29:08.766248] wlan: [283:I:HIF] Initializing Runtime PM wakelock &vdev->vdev_set_key_runtime_wakelock
05-26 20:29:08.768 I/[ 45.491885] [kworke][0x3b9d7374][20( 0): 29:08.767733] wlan: [283:I:HIF] Initializing Runtime PM wakelock &vdev->vdev_set_key_runtime_wakelock
05-26 20:29:08.774 I/[ 45.494576] [kworke][0x3b9e3d1f][20( 0): 29:08.770423] wlan: [283:I:HIF] Initializing Runtime PM wakelock &vdev->vdev_set_key_runtime_wakelock
05-26 20:29:08.774 I/[ 45.496701] [kworke][0x3b9edca3][20( 0): 29:08.772549] wlan: [283:I:HIF] Initializing Runtime PM wakelock &vdev->vdev_set_key_runtime_wakelock
05-26 20:29:08.774 I/[ 45.498395] [kworke][0x3b9f5ba0][20( 0): 29:08.774242] wlan: [283:I:HIF] Initializing Runtime PM wakelock &vdev->vdev_set_key_runtime_wakelock
05-26 20:29:08.780 I/[ 45.503453] [kworke][0x3ba0d6dc][20( 0): 29:08.779298] wlan: [283:I:HIF] Initializing Runtime PM wakelock &wma_handle->wmi_cmd_rsp_runtime_lock
05-26 20:29:08.780 I/[ 45.503540] [kworke][0x3ba0dd8b][20( 0): 29:08.779388] wlan: [283:I:HIF] Initializing Runtime PM wakelock &wma_handle->sap_prevent_runtime_pm_lock
05-26 20:29:08.895 E/[ 45.591489] [kworke][0x3bbaa21e][20( 0): 29:08.867340] wlan: [283:E:QDF] htc_wait_target: 684: Target Ready! TX resource : 1 size:2176, MaxMsgsPerHTCBundle = 1
05-26 20:29:08.895 E/[ 45.605897] [kworke][0x3bbedb21][20( 0): 29:08.881754] wlan: [283:E:QDF] htc_setup_target_buffer_assignments: 576: SVS Index : 1 TX : 0x100 : alloc:1
05-26 20:29:08.896 D/[ 45.619883] cnss( 0): Assign MSI to user: DP, num_vectors: 18, user_base_data: 814, base_vector: 14
05-26 20:29:08.902 I/[ 45.621940] [kworke][0x3bc38d93][20( 0): 29:08.897788] wlan: [283:I:HIF] +hif_update_pipe_callback pipeid 5
05-26 20:29:08.902 I/ ( 0): [ 45.621940]
05-26 20:29:08.902 I/[ 45.621969] [kworke][0x3bc39010][20( 0): 29:08.897821] wlan: [283:I:HIF] -hif_update_pipe_callback
05-26 20:29:08.902 I/ ( 0): [ 45.621969]
05-26 20:29:08.902 D/[ 45.621994] cnss( 0): Assign MSI to user: DP, num_vectors: 18, user_base_data: 814, base_vector: 14
05-26 20:29:08.906 D/SystemServerTimingAsync( 1164): AppDataPrepare took to complete: 1318ms
05-26 20:29:08.907 I/PackageManager( 1164): Deferred reconcileAppsData finished 142 packages
05-26 20:29:08.907 D/SystemServerInitThreadPool( 1164): Finished executing prepareAppData
05-26 20:29:08.907 D/SystemServerTimingAsync( 1164): InitThreadPoolExec:prepareAppData took to complete: 2180ms
05-26 20:29:08.913 D/SystemServerTiming( 1164): StartFontManagerService took to complete: 191ms
05-26 20:29:08.913 I/SystemServerTiming( 1164): StartTextServicesManager
05-26 20:29:08.913 I/SystemServiceManager( 1164): Starting com.android.server.textservices.TextServicesManagerService$Lifecycle
05-26 20:29:08.914 D/SystemServerTiming( 1164): StartTextServicesManager took to complete: 1ms
05-26 20:29:08.914 I/SystemServerTiming( 1164): StartTextClassificationManagerService
05-26 20:29:08.914 I/SystemServiceManager( 1164): Starting com.android.server.textclassifier.TextClassificationManagerService$Lifecycle
05-26 20:29:08.916 D/SystemServerTiming( 1164): StartTextClassificationManagerService took to complete: 2ms
05-26 20:29:08.916 I/SystemServerTiming( 1164): StartNetworkScoreService
05-26 20:29:08.916 I/SystemServiceManager( 1164): Starting com.android.server.NetworkScoreService$Lifecycle
05-26 20:29:08.921 E/[ 45.630764] [kworke][0x3bc62409][20( 0): 29:08.906619] wlan: [283:E:DP] dp_srng_get_str_from_hal_ring_type: 7726: Invalid ring type
05-26 20:29:08.921 D/[ 45.642525] cnss( 0): Assign MSI to user: DP, num_vectors: 18, user_base_data: 814, base_vector: 14
05-26 20:29:08.921 D/[ 45.642912] cnss( 0): Assign MSI to user: DP, num_vectors: 18, user_base_data: 814, base_vector: 14
05-26 20:29:08.921 D/[ 45.643151] cnss( 0): Assign MSI to user: DP, num_vectors: 18, user_base_data: 814, base_vector: 14
05-26 20:29:08.921 D/[ 45.643269] cnss( 0): Assign MSI to user: DP, num_vectors: 18, user_base_data: 814, base_vector: 14
05-26 20:29:08.921 D/[ 45.643411] cnss( 0): Assign MSI to user: DP, num_vectors: 18, user_base_data: 814, base_vector: 14
05-26 20:29:08.921 D/[ 45.643508] cnss( 0): Assign MSI to user: DP, num_vectors: 18, user_base_data: 814, base_vector: 14
