06-29 03:40:30.928 I/GameModeConfig( 1522): isGameModeOn = false
06-29 03:40:31.418 W/ActivityManager( 1522): Background start not allowed: service Intent { act=android.net.conn.CONNECTIVITY_CHANGE cmp=com.qiyi.video/com.ss.android.socialbase.downloader.notification.DownloadNotificationService } to com.qiyi.video/com.ss.android.socialbase.downloader.notification.DownloadNotificationService from pid=14860 uid=10123 pkg=com.qiyi.video startFg?=false
06-29 03:40:31.622 D/PowerManagerService( 1522): acquireWakeLockInternal: lock=218282209, flags=0x1, tag="*alarm*", ws=WorkSource{1000}, uid=1000, pid=1522
06-29 03:40:31.622 D/PowerManagerService( 1522): updateWakeLockSummaryLocked: mWakefulness=Awake, mWakeLockSummary=0x1
06-29 03:40:31.622 D/PowerManagerService( 1522): updateUserActivitySummaryLocked: groupId=0, mWakefulness=Awake, mUserActivitySummary=0x1, nextTimeout=2497861 (in 52688 ms)
06-29 03:40:31.622 D/PowerManagerNotifier( 1522): onScreenPolicyUpdate: newPolicy=3
06-29 03:40:31.623 D/PowerManagerService( 1522): updateDisplayPowerStateLocked: displayReady=true, groupId=0, policy=BRIGHT, mWakefulness=Awake, mWakeLockSummary=0x1, mUserActivitySummary=0x1, mBootCompleted=true, screenBrightnessOverride=NaN, useAutoBrightness=false, mScreenBrightnessBoostInProgress=false, mIsVrModeEnabled= false, sQuiescent=false
06-29 03:40:31.623 D/PowerManagerNotifier( 1522): onWakeLockAcquired: flags=1, tag="*alarm*", packageName=android, ownerUid=1000, ownerPid=1522, workSource=WorkSource{1000}
06-29 03:40:31.630 D/PowerManagerService( 1522): releaseWakeLockInternal: lock=218282209 [*alarm*], flags=0x0
06-29 03:40:31.630 D/PowerManagerNotifier( 1522): onWakeLockReleased: flags=1, tag="*alarm*", packageName=android, ownerUid=1000, ownerPid=1522, workSource=WorkSource{1000}
06-29 03:40:31.631 D/PowerManagerService( 1522): updateWakeLockSummaryLocked: mWakefulness=Awake, mWakeLockSummary=0x1
06-29 03:40:31.631 D/PowerManagerService( 1522): updateUserActivitySummaryLocked: groupId=0, mWakefulness=Awake, mUserActivitySummary=0x1, nextTimeout=2497861 (in 52679 ms)
06-29 03:40:31.631 D/PowerManagerNotifier( 1522): onScreenPolicyUpdate: newPolicy=3
06-29 03:40:31.631 D/PowerManagerService( 1522): updateDisplayPowerStateLocked: displayReady=true, groupId=0, policy=BRIGHT, mWakefulness=Awake, mWakeLockSummary=0x1, mUserActivitySummary=0x1, mBootCompleted=true, screenBrightnessOverride=NaN, useAutoBrightness=false, mScreenBrightnessBoostInProgress=false, mIsVrModeEnabled= false, sQuiescent=false
06-29 03:40:32.053 I/[ 2445.600299] [schedu][0xaf1d241e7][03( 0): 40:32.049212] wlan: [3371:I:OSIF] vdev 0, scan id 41262 type COMPLETED(1) reason COMPLETED(1) scan found 28 bss
06-29 03:40:32.177 I/[ 2445.725563] [schedu][0xaf1f6f78e][03( 0): 40:32.174514] wlan: [3371:I:HIF] Deinitializing Runtime PM wakelock &vdev->vdev_set_key_runtime_wakelock
06-29 03:40:32.177 I/[ 2445.727010] [schedu][0xaf1f7649d][03( 0): 40:32.175968] wlan: [3371:I:HIF] Initializing Runtime PM wakelock &vdev->vdev_set_key_runtime_wakelock
06-29 03:40:32.185 D/android.hardware.wifi@1.0-service( 828): Successfully SetMacAddress.
06-29 03:40:32.189 I/[ 2445.736595] [wifi@1][0xaf1fa3404][03( 0): 40:32.185560] wlan: [828:I:DP] dp_vdev_attach_wifi3: wlan_cfg_ap_bridge_enabled 0
06-29 03:40:32.197 W/wificond( 1206): Scan is not started. Ignore abort request
06-29 03:40:32.201 E/[ 2445.749242] [wifi@1][0xaf1fde6ed][03( 0): 40:32.198185] wlan: [3455:E:wifipos] wifi_pos_process_app_reg_req: 608: Received App Req Req pid(-398458052), len(16)
06-29 03:40:32.201 I/[ 2445.749874] [wifi@1][0xaf1fe17ea][03( 0): 40:32.198838] wlan: [3455:I:wifipos] wifi_pos_get_ch_info: 461: num channels: 26
06-29 03:40:32.201 I/[ 2445.750258] [wifi@1][0xaf1fe34b5][03( 0): 40:32.199222] wlan: [3455:I:wifipos] wifi_pos_get_ch_info: 461: num channels: 26
06-29 03:40:32.217 I/[ 2445.766177] [wpa_su][0xaf202dea3][03( 0): 40:32.215141] wlan: [3475:I:SME] vdev-0: Connecting to 200M_5G 98:97:cc:03:15:36 rssi: -63 freq: 5200 akm 9 cipher: uc 6 mc 6, CC:
06-29 03:40:32.217 E/[ 2445.766264] [wpa_su][0xaf202e552][03( 0): 40:32.215230] wlan: [3475:E:QDF] Cannot malloc 0 bytes @ csr_get_cfg_max_tx_power:14199
06-29 03:40:32.217 I/[ 2445.767042] [schedu][0xaf2031f71][03( 0): 40:32.216005] wlan: [3371:I:WMI] send_vdev_start_cmd_tlv: 1062: send_vdev_start_cmd_tlv: vdev_id 0 freq 5200 chanmode 6 ch_info: 0x6 is_dfs 0 beacon interval 100 dtim 0 center_chan 5190 center_freq2 0 reg_info_1: 0x170000 reg_info_2: 0x1700, req->max_txpow: 0x17 Tx SS 1, Rx SS 1, ldpc_rx: 0, cac 0, regd 4, HE ops: 0req->dis_hw_ack: 0
06-29 03:40:32.269 I/[ 2445.817928] [wpa_su][0xaf21207a9][03( 0): 40:32.266888] wlan: [3475:I:HDD] wlan0(vdevid-0): Received Disconnect reason:3 WLAN_REASON_DEAUTH_LEAVING
06-29 03:40:32.381 I/[ 2445.931999] [soft_i][0xaf233722f][03( 0): 40:32.380949] wlan: [0:I:TXRX] HTT_T2H_MSG_TYPE_PEER_MAP msg for peer id 5 vdev id 0 n
06-29 03:40:32.381 E/[ 2445.932163] [soft_i][0xaf2337f2a][03( 0): 40:32.381122] wlan: [0:E:DP] dp_peer_find_add_id: peer 0000000000000000 ID 5 vid 0 mac 98:97:cc:03:15:36
06-29 03:40:32.381 I/[ 2445.932193] [soft_i][0xaf2338191][03( 0): 40:32.381154] wlan: [0:I:DP] dp_peer_find_add_id: ref_cnt: 2
06-29 03:40:32.381 E/[ 2445.932220] [soft_i][0xaf23383a1][03( 0): 40:32.381181] wlan: [0:E:DP] dp_peer_map_ast: peer 0000000000000000 ID 113 vid 0 mac 98:97:cc:03:15:36
06-29 03:40:32.465 I/[ 2446.012364] [schedu][0xaf24afde7][03( 0): 40:32.461318] wlan: [3371:I:PE] Auth TX: seq 1 seq num 3621 status 0 WEP 0 to 98:97:cc:03:15:36
06-29 03:40:32.469 I/[ 2446.018402] [schedu][0xaf24cc316][03( 0): 40:32.467361] wlan: [3371:I:PE] Auth TX: success
06-29 03:40:32.477 I/[ 2446.026611] [schedu][0xaf24f2abb][03( 0): 40:32.475569] wlan: [3371:I:PE] Auth RX: vdev 0 sys role 3 lim_state 5 from 98:97:cc:03:15:36 rssi -59 auth_alg 0 seq 2906
06-29 03:40:32.477 I/[ 2446.026969] [schedu][0xaf24f459c][03( 0): 40:32.475928] wlan: [3371:I:PE] Assoc req TX: vdev 0 to 98:97:cc:03:15:36 seq num 3622
06-29 03:40:32.485 I/[ 2446.033266] [schedu][0xaf2511ddf][03( 0): 40:32.482225] wlan: [3371:I:PE] Assoc req TX: success
06-29 03:40:32.497 I/[ 2446.045348] [schedu][0xaf254a7ed][03( 0): 40:32.494305] wlan: [3371:I:PE] Assoc rsp RX: subtype 0 vdev 0 sys role 3 lim state 10 rssi -58 from 98:97:cc:03:15:36
06-29 03:40:32.505 E/[ 2446.055674] [schedu][0xaf257ae74][03( 0): 40:32.504632] wlan: [3371:E:QDF] Cannot malloc 0 bytes @ csr_get_cfg_max_tx_power:14199
06-29 03:40:32.505 E/[ 2446.055707] [schedu][0xaf257b113][03( 0): 40:32.504667] wlan: [3371:E:QDF] Cannot malloc 0 bytes @ csr_get_cfg_max_tx_power:14199
06-29 03:40:32.509 I/[ 2446.056730] [schedu][0xaf257fda9][03( 0): 40:32.505688] wlan: [3371:I:HDD] hdd_association_completion_handler: 3187: hddDisconInProgress state=5, result=2, status=7
06-29 03:40:32.509 I/[ 2446.056915] [schedu][0xaf2580bbb][03( 0): 40:32.505876] wlan: [3371:I:HDD] wlan0(vdevid-0): disconnected
06-29 03:40:32.509 E/[ 2446.058525] [schedu][0xaf2588440][03( 0): 40:32.507483] wlan: [3371:E:POLICY_MGR] policy_mgr_is_mcc_in_24G: 2881: unexpected num_connections value 0
06-29 03:40:32.565 W/[ 2446.116107] [schedu][0xaf26962a7][03( 0): 40:32.565062] wlan: [3371:W:HDD] hdd_association_completion_handler: 3291: Warning:ASSOC_LINKUP_TIMEOUT
06-29 03:40:32.569 E/[ 2446.117969] [schedu][0xaf269ecc8][03( 0): 40:32.566903] wlan: [3371:E:HDD] hdd_association_completion_handler: 3686: STA register with TL failed status: 16 [00000010]
06-29 03:40:32.569 I/[ 2446.119485] [schedu][0xaf26a60a5][03( 0): 40:32.568448] wlan: [3371:I:PE] Deauth TX: vdev 0 seq_num 3623 reason 3 waitForAck 1 to 98:97:cc:03:15:36 from 6e:37:ae:b7:f4:a8
06-29 03:40:32.585 E/[ 2446.134456] [schedu][0xaf26ec326][03( 0): 40:32.583415] wlan: [3371:E:HDD] hdd_get_roam_scan_ch_cb: 4213: Invalid len
06-29 03:40:32.614 I/[ 2446.162097] [schedu][0xaf276dc6a][03( 0): 40:32.611058] wlan: [3371:I:HDD] wlan0(vdevid-0): disconnected
06-29 03:40:32.614 I/[ 2446.162694] [wpa_su][0xaf27708e7][03( 0): 40:32.611652] wlan: [3475:I:HDD] Disconnect reason: 3 WLAN_REASON_DEAUTH_LEAVING vendor: 0 LG: 1
06-29 03:40:32.661 I/[ 2446.211030] [schedu][0xaf2853214][03( 0): 40:32.659987] wlan: [3371:I:HIF] Deinitializing Runtime PM wakelock &vdev->vdev_set_key_runtime_wakelock
06-29 03:40:32.667 I/[ 2446.212538] [schedu][0xaf285a37e][03( 0): 40:32.661500] wlan: [3371:I:HIF] Initializing Runtime PM wakelock &vdev->vdev_set_key_runtime_wakelock
06-29 03:40:32.672 D/android.hardware.wifi@1.0-service( 828): Successfully SetMacAddress.
06-29 03:40:32.675 I/[ 2446.224111] [wifi@1][0xaf28907a3][03( 0): 40:32.673075] wlan: [828:I:DP] dp_vdev_attach_wifi3: wlan_cfg_ap_bridge_enabled 0
06-29 03:40:32.681 E/[ 2446.231984] [wifi@1][0xaf28b561a][03( 0): 40:32.680948] wlan: [3455:E:wifipos] wifi_pos_process_app_reg_req: 608: Received App Req Req pid(-398458052), len(16)
06-29 03:40:32.678 W/wificond( 1206): Scan is not started. Ignore abort request
06-29 03:40:32.687 I/[ 2446.232616] [wifi@1][0xaf28b859e][03( 0): 40:32.681581] wlan: [3455:I:wifipos] wifi_pos_get_ch_info: 461: num channels: 26
06-29 03:40:32.687 I/[ 2446.232973] [wifi@1][0xaf28ba062][03( 0): 40:32.681938] wlan: [3455:I:wifipos] wifi_pos_get_ch_info: 461: num channels: 26
06-29 03:40:32.713 I/[ 2446.260974] [wpa_su][0xaf293d465][03( 0): 40:32.709938] wlan: [3475:I:SME] vdev-0: Connecting to hht_test_wifi_fc4318c9 04:d9:f5:fb:09:94 rssi: -72 freq: 5300 akm 3 cipher: uc 6 mc 6, CC:
06-29 03:40:32.713 E/[ 2446.261079] [wpa_su][0xaf293dc5f][03( 0): 40:32.710045] wlan: [3475:E:QDF] Cannot malloc 0 bytes @ csr_get_cfg_max_tx_power:14199
06-29 03:40:32.713 I/[ 2446.261971] [schedu][0xaf2941f21][03( 0): 40:32.710935] wlan: [3371:I:WMI] send_vdev_start_cmd_tlv: 1062: send_vdev_start_cmd_tlv: vdev_id 0 freq 5300 chanmode 18 ch_info: 0x12 is_dfs 0 beacon interval 100 dtim 0 center_chan 5290 center_freq2 0 reg_info_1: 0x170000 reg_info_2: 0x1700, req->max_txpow: 0x17 Tx SS 1, Rx SS 1, ldpc_rx: 0, cac 0, regd 4, HE ops: 0req->dis_hw_ack: 1
06-29 03:40:32.726 E/wificond( 1206): NL80211_CMD_TRIGGER_SCAN failed: Device or resource busy
06-29 03:40:32.729 E/[ 2446.277029] [wifico][0xaf2987f0e][03( 0): 40:32.725867] wlan: [1206:E:HDD] __wlan_hdd_cfg80211_scan: 572: Scan not allowed. scan_ebusy_cnt: 448 Session 0 Reason 1
06-29 03:40:32.881 E/wificond( 1206): NL80211_CMD_TRIGGER_SCAN failed: Device or resource busy
06-29 03:40:32.912 I/[ 2446.462285] [soft_i][0xaf2cecdce][03( 0): 40:32.911238] wlan: [0:I:TXRX] HTT_T2H_MSG_TYPE_PEER_MAP msg for peer id 2 vdev id 0 n
06-29 03:40:32.912 E/[ 2446.462310] [soft_i][0xaf2ced0ba][03( 0): 40:32.911276] wlan: [0:E:DP] dp_peer_find_add_id: peer 0000000000000000 ID 2 vid 0 mac 04:d9:f5:fb:09:94
06-29 03:40:32.912 I/[ 2446.462325] [soft_i][0xaf2ced1ec][03( 0): 40:32.911292] wlan: [0:I:DP] dp_peer_find_add_id: ref_cnt: 2
06-29 03:40:32.912 E/[ 2446.462337] [soft_i][0xaf2ced2c6][03( 0): 40:32.911303] wlan: [0:E:DP] dp_peer_map_ast: peer 0000000000000000 ID 3 vid 0 mac 04:d9:f5:fb:09:94
06-29 03:40:32.985 I/[ 2446.534834] [schedu][0xaf2e40f60][03( 0): 40:32.983791] wlan: [3371:I:PE] Auth TX: seq 1 seq num 3625 status 0 WEP 0 to 04:d9:f5:fb:09:94
06-29 03:40:32.997 I/[ 2446.544591] [schedu][0xaf2e6eb46][03( 0): 40:32.993550] wlan: [3371:I:PE] Auth TX: fail
06-29 03:40:33.045 I/[ 2446.592185] [schedu][0xaf2f4dc99][03( 0): 40:33.041141] wlan: [3371:I:PE] Auth TX: seq 1 seq num 3626 status 0 WEP 0 to 04:d9:f5:fb:09:94
06-29 03:40:33.101 I/[ 2446.652358] [schedu][0xaf3067daf][03( 0): 40:33.101315] wlan: [3371:I:PE] Auth TX: seq 1 seq num 3627 status 0 WEP 0 to 04:d9:f5:fb:09:94
06-29 03:40:33.166 I/[ 2446.712223] [schedu][0xaf3180789][03( 0): 40:33.161180] wlan: [3371:I:PE] Auth TX: seq 1 seq num 3628 status 0 WEP 0 to 04:d9:f5:fb:09:94
06-29 03:40:33.225 I/[ 2446.772321] [schedu][0xaf329a2e1][03( 0): 40:33.221278] wlan: [3371:I:PE] Auth TX: seq 1 seq num 3629 status 0 WEP 0 to 04:d9:f5:fb:09:94
06-29 03:40:33.285 I/[ 2446.832780] [schedu][0xaf33b5918][03( 0): 40:33.281734] wlan: [3371:I:PE] Auth TX: seq 1 seq num 3630 status 0 WEP 0 to 04:d9:f5:fb:09:94
06-29 03:40:33.342 I/[ 2446.892281] [schedu][0xaf34cc806][03( 0): 40:33.341240] wlan: [3371:I:PE] Auth TX: seq 1 seq num 3631 status 0 WEP 0 to 04:d9:f5:fb:09:94
06-29 03:40:33.405 I/[ 2446.952216] [schedu][0xaf35e573f][03( 0): 40:33.401176] wlan: [3371:I:PE] Auth TX: seq 1 seq num 3632 status 0 WEP 0 to 04:d9:f5:fb:09:94
06-29 03:40:33.461 I/[ 2447.012209] [schedu][0xaf36fea79][03( 0): 40:33.461166] wlan: [3371:I:PE] Auth TX: seq 1 seq num 3633 status 0 WEP 0 to 04:d9:f5:fb:09:94
06-29 03:40:33.525 I/[ 2447.072313] [schedu][0xaf381864f][03( 0): 40:33.521270] wlan: [3371:I:PE] Auth TX: seq 1 seq num 3634 status 0 WEP 0 to 04:d9:f5:fb:09:94
06-29 03:40:33.529 I/[ 2447.078949] [schedu][0xaf383785c][03( 0): 40:33.527911] wlan: [3371:I:PE] Auth TX: fail
06-29 03:40:33.581 I/[ 2447.132358] [schedu][0xaf3931d6b][03( 0): 40:33.581312] wlan: [3371:I:PE] Auth TX: seq 1 seq num 3635 status 0 WEP 0 to 04:d9:f5:fb:09:94
06-29 03:40:33.645 I/[ 2447.192241] [schedu][0xaf3a4a897][03( 0): 40:33.641194] wlan: [3371:I:PE] Auth TX: seq 1 seq num 3636 status 0 WEP 0 to 04:d9:f5:fb:09:94
06-29 03:40:33.705 I/[ 2447.252994] [schedu][0xaf3b6751d][03( 0): 40:33.701948] wlan: [3371:I:PE] Auth TX: seq 1 seq num 3637 status 0 WEP 0 to 04:d9:f5:fb:09:94
06-29 03:40:33.765 I/[ 2447.312796] [schedu][0xaf3c7fa6b][03( 0): 40:33.761752] wlan: [3371:I:PE] Auth TX: seq 1 seq num 3638 status 0 WEP 0 to 04:d9:f5:fb:09:94
06-29 03:40:33.825 I/[ 2447.372396] [schedu][0xaf3d96fa9][03( 0): 40:33.821342] wlan: [3371:I:PE] Auth TX: seq 1 seq num 3639 status 0 WEP 0 to 04:d9:f5:fb:09:94
06-29 03:40:33.885 I/[ 2447.432406] [schedu][0xaf3eb0524][03( 0): 40:33.881361] wlan: [3371:I:PE] Auth TX: seq 1 seq num 3640 status 0 WEP 0 to 04:d9:f5:fb:09:94
06-29 03:40:33.945 I/[ 2447.492478] [schedu][0xaf3fc9e6f][03( 0): 40:33.941432] wlan: [3371:I:PE] Auth TX: seq 1 seq num 3641 status 0 WEP 0 to 04:d9:f5:fb:09:94
06-29 03:40:34.006 W/[ 2447.552300] [schedu][0xaf40e251d][03( 0): 40:34.001254] wlan: [3371:W:PE] lim_process_auth_failure_timeout: 1777: received AUTH failure timeout in sessionid 0 limMlmstate 5 limSmeState 4
06-29 03:40:34.006 E/[ 2447.552433] [schedu][0xaf40e2f84][03( 0): 40:34.001393] wlan: [3371:E:PE] lim_process_mlm_auth_cnf: 558: Auth Failure occurred
06-29 03:40:34.006 I/[ 2447.552520] [schedu][0xaf40e3618][03( 0): 40:34.001481] wlan: [3371:I:PE] Deauth TX: vdev 0 seq_num 3642 reason 65530 waitForAck 0 to 04:d9:f5:fb:09:94 from a2:d7:5b:b4:b7:af
06-29 03:40:34.016 I/wificond( 1206): Connect timeout
06-29 03:40:34.017 W/[ 2447.564913] [schedu][0xaf411d770][03( 0): 40:34.013872] wlan: [3371:W:SME] csr_roam_join_rsp_processor: 9876: SmeJoinReq failed with status_code= 0x000001FD [509] reason:65530
06-29 03:40:34.017 W/[ 2447.565121] [schedu][0xaf411e768][03( 0): 40:34.014085] wlan: [3371:W:HDD] hdd_get_rssi_snr_by_bssid: 17749: sme_get_rssi_snr_by_bssid failed
06-29 03:40:34.017 E/[ 2447.565141] [schedu][0xaf411e8f8][03( 0): 40:34.014106] wlan: [3371:E:HDD] hdd_association_completion_handler: 3712: wlan0(vdevid-0): connection failed with 04:d9:f5:fb:09:94 result: 3 and Status: 7
06-29 03:40:34.017 W/[ 2447.565313] [schedu][0xaf411f5d7][03( 0): 40:34.014277] wlan: [3371:W:HDD] hdd_get_rssi_snr_by_bssid: 17749: sme_get_rssi_snr_by_bssid failed
06-29 03:40:34.017 E/[ 2447.565334] [schedu][0xaf411f775][03( 0): 40:34.014299] wlan: [3371:E:HDD] hdd_association_completion_handler: 3712: wlan0(vdevid-0): connection failed with 04:d9:f5:fb:09:94 result: 1 and Status: 9
06-29 03:40:34.017 E/[ 2447.565446] [schedu][0xaf411ffbd][03( 0): 40:34.014409] wlan: [3371:E:HDD] hdd_association_completion_handler: 3784: send connect failure to nl80211: for bssid 04:d9:f5:fb:09:94 result: 1 and Status: 9 reasoncode: 65530
06-29 03:40:34.045 I/[ 2447.592535] logd( 0): logdr: UID=1000 GID=1000 PID=14234 n tail=127 logMask=19 pid=0 start=0ns deadline=0ns
06-29 03:40:34.069 I/[ 2447.620073] [schedu][0xaf4220089][03( 0): 40:34.069033] wlan: [3371:I:HIF] Deinitializing Runtime PM wakelock &vdev->vdev_set_key_runtime_wakelock
06-29 03:40:34.073 I/[ 2447.620570] [schedu][0xaf4222628][03( 0): 40:34.069535] wlan: [3371:I:HIF] Initializing Runtime PM wakelock &vdev->vdev_set_key_runtime_wakelock
06-29 03:40:34.077 I/[ 2447.627441] [wifi@1][0xaf4242981][03( 0): 40:34.076406] wlan: [828:I:DP] dp_vdev_attach_wifi3: wlan_cfg_ap_bridge_enabled 0
06-29 03:40:34.076 D/android.hardware.wifi@1.0-service( 828): Successfully SetMacAddress.
06-29 03:40:34.093 E/[ 2447.640158] [wifi@1][0xaf427e2e8][03( 0): 40:34.089118] wlan: [3455:E:wifipos] wifi_pos_process_app_reg_req: 608: Received App Req Req pid(-398458052), len(16)
06-29 03:40:34.093 I/[ 2447.640591] [wifi@1][0xaf42803a0][03( 0): 40:34.089555] wlan: [3455:I:wifipos] wifi_pos_get_ch_info: 461: num channels: 26
06-29 03:40:34.093 I/[ 2447.640935] [wifi@1][0xaf4281d6f][03( 0): 40:34.089899] wlan: [3455:I:wifipos] wifi_pos_get_ch_info: 461: num channels: 26
06-29 03:40:34.161 I/[ 2447.709250] logd( 0): logdr: UID=1000 GID=1000 PID=14238 n tail=127 logMask=80 pid=0 start=0ns deadline=0ns
06-29 03:40:34.223 I/GameModeConfig( 1522): isGameModeOn = false
06-29 03:40:34.245 E/android.hardware.wifi@1.0-service( 828): create file failed: Permission denied
06-29 03:40:34.245 E/android.hardware.wifi@1.0-service( 828): Error writing files to flash
06-29 03:40:34.253 I/[ 2447.801769] [schedu][0xaf4573bda][03( 0): 40:34.250731] wlan: [3371:I:OSIF] scan start scan id 41263
06-29 03:40:34.387 I/GameModeConfig( 1522): isGameModeOn = false
06-29 03:40:34.509 D/PowerManagerService( 1522): userActivityNoUpdateLocked: groupId=0, eventTime=2448059, event=2, flags=0x0, uid=1000
06-29 03:40:34.509 D/PowerManagerNotifier( 1522): onUserActivity: event=2, uid=1000
06-29 03:40:34.510 D/PowerManagerService( 1522): updateUserActivitySummaryLocked: groupId=0, mWakefulness=Awake, mUserActivitySummary=0x1, nextTimeout=2508059 (in 59998 ms)
06-29 03:40:34.510 D/PowerManagerNotifier( 1522): onScreenPolicyUpdate: newPolicy=3
06-29 03:40:34.510 D/PowerManagerService( 1522): updateDisplayPowerStateLocked: displayReady=true, groupId=0, policy=BRIGHT, mWakefulness=Awake, mWakeLockSummary=0x1, mUserActivitySummary=0x1, mBootCompleted=true, screenBrightnessOverride=NaN, useAutoBrightness=false, mScreenBrightnessBoostInProgress=false, mIsVrModeEnabled= false, sQuiescent=false
06-29 03:40:34.658 D/PowerManagerService( 1522): userActivityNoUpdateLocked: groupId=0, eventTime=2448208, event=2, flags=0x0, uid=1000
06-29 03:40:34.658 D/PowerManagerNotifier( 1522): onUserActivity: event=2, uid=1000
06-29 03:40:34.658 D/PowerManagerService( 1522): updateUserActivitySummaryLocked: groupId=0, mWakefulness=Awake, mUserActivitySummary=0x1, nextTimeout=2508208 (in 59999 ms)
06-29 03:40:34.658 D/PowerManagerNotifier( 1522): onScreenPolicyUpdate: newPolicy=3
06-29 03:40:34.658 D/PowerManagerService( 1522): updateDisplayPowerStateLocked: displayReady=true, groupId=0, policy=BRIGHT, mWakefulness=Awake, mWakeLockSummary=0x1, mUserActivitySummary=0x1, mBootCompleted=true, screenBrightnessOverride=NaN, useAutoBrightness=false, mScreenBrightnessBoostInProgress=false, mIsVrModeEnabled= false, sQuiescent=false
06-29 03:40:34.726 D/PowerManagerService( 1522): acquireWakeLockInternal: lock=218282209, flags=0x1, tag="*alarm*", ws=WorkSource{1000}, uid=1000, pid=1522
06-29 03:40:34.726 D/PowerManagerService( 1522): updateWakeLockSummaryLocked: mWakefulness=Awake, mWakeLockSummary=0x1
06-29 03:40:34.726 D/PowerManagerService( 1522): updateUserActivitySummaryLocked: groupId=0, mWakefulness=Awake, mUserActivitySummary=0x1, nextTimeout=2508208 (in 59931 ms)
06-29 03:40:34.726 D/PowerManagerNotifier( 1522): onScreenPolicyUpdate: newPolicy=3
06-29 03:40:34.726 D/PowerManagerService( 1522): updateDisplayPowerStateLocked: displayReady=true, groupId=0, policy=BRIGHT, mWakefulness=Awake, mWakeLockSummary=0x1, mUserActivitySummary=0x1, mBootCompleted=true, screenBrightnessOverride=NaN, useAutoBrightness=false, mScreenBrightnessBoostInProgress=false, mIsVrModeEnabled= false, sQuiescent=false
06-29 03:40:34.726 D/PowerManagerNotifier( 1522): onWakeLockAcquired: flags=1, tag="*alarm*", packageName=android, ownerUid=1000, ownerPid=1522, workSource=WorkSource{1000}
06-29 03:40:34.733 I/[ 2448.282563] [schedu][0xaf4e41769][03( 0): 40:34.731525] wlan: [3371:I:OSIF] vdev 0, scan id 41263 type COMPLETED(1) reason CANCELLED(2) scan found 13 bss
06-29 03:40:34.803 E/[ 2448.352118] link_delay_work_func( 0): DTC_ETH: SQI=0, link=0
06-29 03:40:34.822 I/[ 2448.368529] [schedu][0xaf4fd4688][03( 0): 40:34.817487] wlan: [3371:I:HIF] Deinitializing Runtime PM wakelock &vdev->vdev_set_key_runtime_wakelock
06-29 03:40:34.822 I/[ 2448.369305] [schedu][0xaf4fd80c0][03( 0): 40:34.818263] wlan: [3371:I:HIF] Initializing Runtime PM wakelock &vdev->vdev_set_key_runtime_wakelock
06-29 03:40:34.830 W/wificond( 1206): Scan aborted
06-29 03:40:34.831 D/android.hardware.wifi@1.0-service( 828): Successfully SetMacAddress.
06-29 03:40:34.835 I/[ 2448.382831] [wifi@1][0xaf5017784][03( 0): 40:34.831793] wlan: [828:I:DP] dp_vdev_attach_wifi3: wlan_cfg_ap_bridge_enabled 0
06-29 03:40:34.844 W/wificond( 1206): Scan is not started. Ignore abort request
06-29 03:40:34.849 E/[ 2448.397107] [wifi@1][0xaf505a4e8][03( 0): 40:34.846052] wlan: [3455:E:wifipos] wifi_pos_process_app_reg_req: 608: Received App Req Req pid(-398458052), len(16)
06-29 03:40:34.849 I/[ 2448.397619] [wifi@1][0xaf505ccee][03( 0): 40:34.846585] wlan: [3455:I:wifipos] wifi_pos_get_ch_info: 461: num channels: 26
06-29 03:40:34.849 I/[ 2448.397950] [wifi@1][0xaf505e5b9][03( 0): 40:34.846916] wlan: [3455:I:wifipos] wifi_pos_get_ch_info: 461: num channels: 26
06-29 03:40:34.864 I/[ 2448.413905] [wpa_su][0xaf50a9208][03( 0): 40:34.862867] wlan: [3475:I:SME] vdev-0: Connecting to 200M_5G 98:97:cc:03:15:36 rssi: -65 freq: 5200 akm 9 cipher: uc 6 mc 6, CC:
06-29 03:40:34.864 E/[ 2448.413984] [wpa_su][0xaf50a9848][03( 0): 40:34.862950] wlan: [3475:E:QDF] Cannot malloc 0 bytes @ csr_get_cfg_max_tx_power:14199
06-29 03:40:34.864 I/[ 2448.414766] [schedu][0xaf50ad1f4][03( 0): 40:34.863719] wlan: [3371:I:WMI] send_vdev_start_cmd_tlv: 1062: send_vdev_start_cmd_tlv: vdev_id 0 freq 5200 chanmode 6 ch_info: 0x6 is_dfs 0 beacon interval 100 dtim 0 center_chan 5190 center_freq2 0 reg_info_1: 0x170000 reg_info_2: 0x1700, req->max_txpow: 0x17 Tx SS 1, Rx SS 1, ldpc_rx: 0, cac 0, regd 4, HE ops: 0req->dis_hw_ack: 0
06-29 03:40:34.861 D/PowerManagerService( 1522): releaseWakeLockInternal: lock=218282209 [*alarm*], flags=0x0
06-29 03:40:34.861 D/PowerManagerNotifier( 1522): onWakeLockReleased: flags=1, tag="*alarm*", packageName=android, ownerUid=1000, ownerPid=1522, workSource=WorkSource{1000}
06-29 03:40:34.861 D/PowerManagerService( 1522): updateWakeLockSummaryLocked: mWakefulness=Awake, mWakeLockSummary=0x1
06-29 03:40:34.862 D/PowerManagerService( 1522): updateUserActivitySummaryLocked: groupId=0, mWakefulness=Awake, mUserActivitySummary=0x1, nextTimeout=2508208 (in 59795 ms)
06-29 03:40:34.862 D/PowerManagerNotifier( 1522): onScreenPolicyUpdate: newPolicy=3
06-29 03:40:34.862 D/PowerManagerService( 1522): updateDisplayPowerStateLocked: displayReady=true, groupId=0, policy=BRIGHT, mWakefulness=Awake, mWakeLockSummary=0x1, mUserActivitySummary=0x1, mBootCompleted=true, screenBrightnessOverride=NaN, useAutoBrightness=false, mScreenBrightnessBoostInProgress=false, mIsVrModeEnabled= false, sQuiescent=false
06-29 03:40:34.870 E/wificond( 1206): NL80211_CMD_TRIGGER_SCAN failed: Device or resource busy
06-29 03:40:34.873 E/[ 2448.421224] [wifico][0xaf50cb70f][03( 0): 40:34.870187] wlan: [1206:E:HDD] __wlan_hdd_cfg80211_scan: 572: Scan not allowed. scan_ebusy_cnt: 450 Session 0 Reason 1
06-29 03:40:35.030 I/[ 2448.581302] [soft_i][0xaf53b9a10][03( 0): 40:35.030228] wlan: [0:I:TXRX] HTT_T2H_MSG_TYPE_PEER_MAP msg for peer id 0 vdev id 0 n
06-29 03:40:35.030 E/[ 2448.581367] [soft_i][0xaf53ba1c1][03( 0): 40:35.030330] wlan: [0:E:DP] dp_peer_find_add_id: peer 0000000000000000 ID 0 vid 0 mac 98:97:cc:03:15:36
06-29 03:40:35.030 I/[ 2448.581389] [soft_i][0xaf53ba380][03( 0): 40:35.030353] wlan: [0:I:DP] dp_peer_find_add_id: ref_cnt: 2
06-29 03:40:35.030 E/[ 2448.581407] [soft_i][0xaf53ba4e1][03( 0): 40:35.030371] wlan: [0:E:DP] dp_peer_map_ast: peer 0000000000000000 ID 113 vid 0 mac 98:97:cc:03:15:36
06-29 03:40:35.109 I/[ 2448.657087] [schedu][0xaf551d068][03( 0): 40:35.106045] wlan: [3371:I:PE] Auth TX: seq 1 seq num 3644 status 0 WEP 0 to 98:97:cc:03:15:36
06-29 03:40:35.109 I/[ 2448.660449] [schedu][0xaf552cce1][03( 0): 40:35.109411] wlan: [3371:I:PE] Auth TX: success
06-29 03:40:35.121 I/[ 2448.668560] [schedu][0xaf5552d4b][03( 0): 40:35.117523] wlan: [3371:I:PE] Auth RX: vdev 0 sys role 3 lim_state 5 from 98:97:cc:03:15:36 rssi -57 auth_alg 0 seq 2909
06-29 03:40:35.121 I/[ 2448.668788] [schedu][0xaf5553e77][03( 0): 40:35.117752] wlan: [3371:I:PE] Assoc req TX: vdev 0 to 98:97:cc:03:15:36 seq num 3645
06-29 03:40:35.134 I/[ 2448.681398] [schedu][0xaf558f03a][03( 0): 40:35.130363] wlan: [3371:I:PE] Assoc req TX: success
06-29 03:40:35.141 I/[ 2448.690420] [schedu][0xaf55b94eb][03( 0): 40:35.139385] wlan: [3371:I:PE] Assoc rsp RX: subtype 0 vdev 0 sys role 3 lim state 10 rssi -57 from 98:97:cc:03:15:36
06-29 03:40:35.151 E/[ 2448.698544] [schedu][0xaf55df637][03( 0): 40:35.147509] wlan: [3371:E:QDF] Cannot malloc 0 bytes @ csr_get_cfg_max_tx_power:14199
06-29 03:40:35.151 E/[ 2448.698560] [schedu][0xaf55df780][03( 0): 40:35.147526] wlan: [3371:E:QDF] Cannot malloc 0 bytes @ csr_get_cfg_max_tx_power:14199
06-29 03:40:35.151 E/[ 2448.699607] [soft_i][0xaf55e45f7][03( 0): 40:35.148572] wlan: [0:E:DP] dp_tx_initialize_threshold: tx flow control threshold is set, pool size is 4096
06-29 03:40:35.151 I/[ 2448.699700] [schedu][0xaf55e4d02][03( 0): 40:35.148666] wlan: [3371:I:HDD] wlan0(vdevid-0): 6e:37:ae:b7:f4:a8 connected to 98:97:cc:03:15:36
06-29 03:40:35.161 I/[ 2448.711055] [dp_rx_][0xaf561a058][03( 0): 40:35.160018] wlan: [3376:I:QDF] EAPOL-1 RX: SA:98:97:cc:03:15:36 DA:6e:37:ae:b7:f4:a8
06-29 03:40:35.174 I/[ 2448.725542] [soft_i][0xaf565de5f][03( 0): 40:35.174499] wlan: [0:I:QDF] EAPOL-2 TX: SA:6e:37:ae:b7:f4:a8 DA:98:97:cc:03:15:36 msdu_id:0 status: succ
06-29 03:40:35.187 I/[ 2448.734708] [dp_rx_][0xaf5688de7][03( 0): 40:35.183665] wlan: [3376:I:QDF] EAPOL-3 RX: SA:98:97:cc:03:15:36 DA:6e:37:ae:b7:f4:a8
06-29 03:40:35.198 E/[ 2448.745972] [schedu][0xaf56bdaf3][03( 0): 40:35.194932] wlan: [3371:E:QDF] Cannot malloc 0 bytes @ csr_get_cfg_max_tx_power:14199
06-29 03:40:35.207 I/[ 2448.757400] [schedu][0xaf56f3384][03( 0): 40:35.206353] wlan: [3371:I:WMI] LFR3:OKC enabled
06-29 03:40:35.207 I/[ 2448.757411] [schedu][0xaf56f3543][03( 0): 40:35.206376] wlan: [3371:I:WMI] LFR3:PMKSA caching enabled
06-29 03:40:35.222 I/[ 2448.773956] [soft_i][0xaf5740d72][03( 0): 40:35.222913] wlan: [0:I:QDF] EAPOL-4 TX: SA:6e:37:ae:b7:f4:a8 DA:98:97:cc:03:15:36 msdu_id:0 status: succ
06-29 03:40:35.261 I/[ 2448.809656] [soft_i][0xaf57e834d][03( 0): 40:35.258617] wlan: [0:I:DP] dp_addba_requestprocess_wifi3 restore BA win 64 based on addba req
06-29 03:40:35.290 D/PowerManagerService( 1522): acquireWakeLockInternal: lock=110234629, flags=0x1, tag="NetworkStats", ws=null, uid=1000, pid=1522
06-29 03:40:35.290 D/PowerManagerService( 1522): updateWakeLockSummaryLocked: mWakefulness=Awake, mWakeLockSummary=0x1
06-29 03:40:35.290 D/PowerManagerService( 1522): updateUserActivitySummaryLocked: groupId=0, mWakefulness=Awake, mUserActivitySummary=0x1, nextTimeout=2508208 (in 59367 ms)
06-29 03:40:35.290 D/PowerManagerNotifier( 1522): onScreenPolicyUpdate: newPolicy=3
06-29 03:40:35.290 D/PowerManagerService( 1522): updateDisplayPowerStateLocked: displayReady=true, groupId=0, policy=BRIGHT, mWakefulness=Awake, mWakeLockSummary=0x1, mUserActivitySummary=0x1, mBootCompleted=true, screenBrightnessOverride=NaN, useAutoBrightness=false, mScreenBrightnessBoostInProgress=false, mIsVrModeEnabled= false, sQuiescent=false
06-29 03:40:35.290 D/PowerManagerNotifier( 1522): onWakeLockAcquired: flags=1, tag="NetworkStats", packageName=android, ownerUid=1000, ownerPid=1522, workSource=null
06-29 03:40:35.298 D/PowerManagerService( 1522): releaseWakeLockInternal: lock=110234629 [NetworkStats], flags=0x0
06-29 03:40:35.298 D/PowerManagerNotifier( 1522): onWakeLockReleased: flags=1, tag="NetworkStats", packageName=android, ownerUid=1000, ownerPid=1522, workSource=null
06-29 03:40:35.299 D/PowerManagerService( 1522): updateWakeLockSummaryLocked: mWakefulness=Awake, mWakeLockSummary=0x1
06-29 03:40:35.299 D/PowerManagerService( 1522): updateUserActivitySummaryLocked: groupId=0, mWakefulness=Awake, mUserActivitySummary=0x1, nextTimeout=2508208 (in 59358 ms)
06-29 03:40:35.299 D/PowerManagerNotifier( 1522): onScreenPolicyUpdate: newPolicy=3
06-29 03:40:35.300 D/PowerManagerService( 1522): updateDisplayPowerStateLocked: displayReady=true, groupId=0, policy=BRIGHT, mWakefulness=Awake, mWakeLockSummary=0x1, mUserActivitySummary=0x1, mBootCompleted=true, screenBrightnessOverride=NaN, useAutoBrightness=false, mScreenBrightnessBoostInProgress=false, mIsVrModeEnabled= false, sQuiescent=false
06-29 03:40:35.442 I/[ 2448.993759] [soft_i][0xaf5b4723f][03( 0): 40:35.442710] wlan: [0:I:QDF] DHCP-R TX: SA:6e:37:ae:b7:f4:a8 DA:ff:ff:ff:ff:ff:ff msdu_id:2 status: succ
06-29 03:40:35.461 I/[ 2449.008755] [dp_rx_][0xaf5b8d759][03( 0): 40:35.457711] wlan: [3376:I:QDF] DHCP-R RX: SA:6e:37:ae:b7:f4:a8 DA:ff:ff:ff:ff:ff:ff
06-29 03:40:35.473 I/[ 2449.022425] [soft_i][0xaf5bcd8d0][03( 0): 40:35.471384] wlan: [0:I:DP] dp_addba_requestprocess_wifi3 restore BA win 64 based on addba req
06-29 03:40:35.493 I/[ 2449.043633] [dp_rx_][0xaf5c30f2d][03( 0): 40:35.492589] wlan: [3376:I:QDF] DHCP-A RX: SA:98:97:cc:03:15:34 DA:6e:37:ae:b7:f4:a8
06-29 03:40:35.512 D/PowerManagerService( 1522): acquireWakeLockInternal: lock=110234629, flags=0x1, tag="NetworkStats", ws=null, uid=1000, pid=1522
06-29 03:40:35.512 D/PowerManagerService( 1522): updateWakeLockSummaryLocked: mWakefulness=Awake, mWakeLockSummary=0x1
06-29 03:40:35.512 D/PowerManagerService( 1522): updateUserActivitySummaryLocked: groupId=0, mWakefulness=Awake, mUserActivitySummary=0x1, nextTimeout=2508208 (in 59145 ms)
06-29 03:40:35.512 D/PowerManagerNotifier( 1522): onScreenPolicyUpdate: newPolicy=3
06-29 03:40:35.513 D/PowerManagerService( 1522): updateDisplayPowerStateLocked: displayReady=true, groupId=0, policy=BRIGHT, mWakefulness=Awake, mWakeLockSummary=0x1, mUserActivitySummary=0x1, mBootCompleted=true, screenBrightnessOverride=NaN, useAutoBrightness=false, mScreenBrightnessBoostInProgress=false, mIsVrModeEnabled= false, sQuiescent=false
06-29 03:40:35.513 D/PowerManagerNotifier( 1522): onWakeLockAcquired: flags=1, tag="NetworkStats", packageName=android, ownerUid=1000, ownerPid=1522, workSource=null
06-29 03:40:35.527 D/PowerManagerService( 1522): releaseWakeLockInternal: lock=110234629 [NetworkStats], flags=0x0
06-29 03:40:35.527 D/PowerManagerNotifier( 1522): onWakeLockReleased: flags=1, tag="NetworkStats", packageName=android, ownerUid=1000, ownerPid=1522, workSource=null
06-29 03:40:35.527 D/PowerManagerService( 1522): updateWakeLockSummaryLocked: mWakefulness=Awake, mWakeLockSummary=0x1
06-29 03:40:35.527 D/PowerManagerService( 1522): updateUserActivitySummaryLocked: groupId=0, mWakefulness=Awake, mUserActivitySummary=0x1, nextTimeout=2508208 (in 59130 ms)
06-29 03:40:35.527 D/PowerManagerNotifier( 1522): onScreenPolicyUpdate: newPolicy=3
06-29 03:40:35.527 D/PowerManagerService( 1522): updateDisplayPowerStateLocked: displayReady=true, groupId=0, policy=BRIGHT, mWakefulness=Awake, mWakeLockSummary=0x1, mUserActivitySummary=0x1, mBootCompleted=true, screenBrightnessOverride=NaN, useAutoBrightness=false, mScreenBrightnessBoostInProgress=false, mIsVrModeEnabled= false, sQuiescent=false
06-29 03:40:35.530 D/PowerManagerService( 1522): acquireWakeLockInternal: lock=110234629, flags=0x1, tag="NetworkStats", ws=null, uid=1000, pid=1522
06-29 03:40:35.531 D/PowerManagerService( 1522): updateWakeLockSummaryLocked: mWakefulness=Awake, mWakeLockSummary=0x1
06-29 03:40:35.531 D/PowerManagerService( 1522): updateUserActivitySummaryLocked: groupId=0, mWakefulness=Awake, mUserActivitySummary=0x1, nextTimeout=2508208 (in 59126 ms)
06-29 03:40:35.531 D/PowerManagerNotifier( 1522): onScreenPolicyUpdate: newPolicy=3
06-29 03:40:35.531 D/PowerManagerService( 1522): updateDisplayPowerStateLocked: displayReady=true, groupId=0, policy=BRIGHT, mWakefulness=Awake, mWakeLockSummary=0x1, mUserActivitySummary=0x1, mBootCompleted=true, screenBrightnessOverride=NaN, useAutoBrightness=false, mScreenBrightnessBoostInProgress=false, mIsVrModeEnabled= false, sQuiescent=false
06-29 03:40:35.531 D/PowerManagerNotifier( 1522): onWakeLockAcquired: flags=1, tag="NetworkStats", packageName=android, ownerUid=1000, ownerPid=1522, workSource=null
06-29 03:40:35.539 D/PowerManagerService( 1522): releaseWakeLockInternal: lock=110234629 [NetworkStats], flags=0x0
06-29 03:40:35.539 D/PowerManagerNotifier( 1522): onWakeLockReleased: flags=1, tag="NetworkStats", packageName=android, ownerUid=1000, ownerPid=1522, workSource=null
06-29 03:40:35.539 D/PowerManagerService( 1522): updateWakeLockSummaryLocked: mWakefulness=Awake, mWakeLockSummary=0x1
06-29 03:40:35.539 D/PowerManagerService( 1522): updateUserActivitySummaryLocked: groupId=0, mWakefulness=Awake, mUserActivitySummary=0x1, nextTimeout=2508208 (in 59118 ms)
06-29 03:40:35.539 D/PowerManagerNotifier( 1522): onScreenPolicyUpdate: newPolicy=3
06-29 03:40:35.539 D/PowerManagerService( 1522): updateDisplayPowerStateLocked: displayReady=true, groupId=0, policy=BRIGHT, mWakefulness=Awake, mWakeLockSummary=0x1, mUserActivitySummary=0x1, mBootCompleted=true, screenBrightnessOverride=NaN, useAutoBrightness=false, mScreenBrightnessBoostInProgress=false, mIsVrModeEnabled= false, sQuiescent=false
06-29 03:40:35.545 D/PowerManagerService( 1522): acquireWakeLockInternal: lock=110234629, flags=0x1, tag="NetworkStats", ws=null, uid=1000, pid=1522
06-29 03:40:35.545 D/PowerManagerService( 1522): updateWakeLockSummaryLocked: mWakefulness=Awake, mWakeLockSummary=0x1
06-29 03:40:35.545 D/PowerManagerService( 1522): updateUserActivitySummaryLocked: groupId=0, mWakefulness=Awake, mUserActivitySummary=0x1, nextTimeout=2508208 (in 59112 ms)
06-29 03:40:35.545 D/PowerManagerNotifier( 1522): onScreenPolicyUpdate: newPolicy=3
06-29 03:40:35.545 D/PowerManagerService( 1522): updateDisplayPowerStateLocked: displayReady=true, groupId=0, policy=BRIGHT, mWakefulness=Awake, mWakeLockSummary=0x1, mUserActivitySummary=0x1, mBootCompleted=true, screenBrightnessOverride=NaN, useAutoBrightness=false, mScreenBrightnessBoostInProgress=false, mIsVrModeEnabled= false, sQuiescent=false
06-29 03:40:35.545 D/PowerManagerNotifier( 1522): onWakeLockAcquired: flags=1, tag="NetworkStats", packageName=android, ownerUid=1000, ownerPid=1522, workSource=null
06-29 03:40:35.550 D/PowerManagerService( 1522): releaseWakeLockInternal: lock=110234629 [NetworkStats], flags=0x0
06-29 03:40:35.551 D/PowerManagerNotifier( 1522): onWakeLockReleased: flags=1, tag="NetworkStats", packageName=android, ownerUid=1000, ownerPid=1522, workSource=null
06-29 03:40:35.551 D/PowerManagerService( 1522): updateWakeLockSummaryLocked: mWakefulness=Awake, mWakeLockSummary=0x1
06-29 03:40:35.551 D/PowerManagerService( 1522): updateUserActivitySummaryLocked: groupId=0, mWakefulness=Awake, mUserActivitySummary=0x1, nextTimeout=2508208 (in 59106 ms)
06-29 03:40:35.551 D/PowerManagerNotifier( 1522): onScreenPolicyUpdate: newPolicy=3
06-29 03:40:35.551 D/PowerManagerService( 1522): updateDisplayPowerStateLocked: displayReady=true, groupId=0, policy=BRIGHT, mWakefulness=Awake, mWakeLockSummary=0x1, mUserActivitySummary=0x1, mBootCompleted=true, screenBrightnessOverride=NaN, useAutoBrightness=false, mScreenBrightnessBoostInProgress=false, mIsVrModeEnabled= false, sQuiescent=false
06-29 03:40:35.553 E/NetlinkEvent( 675): NetlinkEvent::FindParam(): Parameter 'INTERFACE' not found
06-29 03:40:35.553 E/NetlinkEvent( 675): NetlinkEvent::FindParam(): Parameter 'STATE' not found
06-29 03:40:35.553 E/NetlinkEvent( 675): NetlinkEvent::FindParam(): Parameter 'TIME_NS' not found
06-29 03:40:35.553 E/NetlinkEvent( 675): NetlinkEvent::FindParam(): Parameter 'UID' not found
06-29 03:40:35.557 D/PowerManagerService( 1522): acquireWakeLockInternal: lock=110234629, flags=0x1, tag="NetworkStats", ws=null, uid=1000, pid=1522
06-29 03:40:35.557 D/PowerManagerService( 1522): updateWakeLockSummaryLocked: mWakefulness=Awake, mWakeLockSummary=0x1
06-29 03:40:35.557 D/PowerManagerService( 1522): updateUserActivitySummaryLocked: groupId=0, mWakefulness=Awake, mUserActivitySummary=0x1, nextTimeout=2508208 (in 59100 ms)
06-29 03:40:35.557 D/PowerManagerNotifier( 1522): onScreenPolicyUpdate: newPolicy=3
06-29 03:40:35.557 D/PowerManagerService( 1522): updateDisplayPowerStateLocked: displayReady=true, groupId=0, policy=BRIGHT, mWakefulness=Awake, mWakeLockSummary=0x1, mUserActivitySummary=0x1, mBootCompleted=true, screenBrightnessOverride=NaN, useAutoBrightness=false, mScreenBrightnessBoostInProgress=false, mIsVrModeEnabled= false, sQuiescent=false
06-29 03:40:35.558 D/PowerManagerNotifier( 1522): onWakeLockAcquired: flags=1, tag="NetworkStats", packageName=android, ownerUid=1000, ownerPid=1522, workSource=null
06-29 03:40:35.563 D/PowerManagerService( 1522): releaseWakeLockInternal: lock=110234629 [NetworkStats], flags=0x0
06-29 03:40:35.563 D/PowerManagerNotifier( 1522): onWakeLockReleased: flags=1, tag="NetworkStats", packageName=android, ownerUid=1000, ownerPid=1522, workSource=null
06-29 03:40:35.563 D/PowerManagerService( 1522): updateWakeLockSummaryLocked: mWakefulness=Awake, mWakeLockSummary=0x1
06-29 03:40:35.563 D/PowerManagerService( 1522): updateUserActivitySummaryLocked: groupId=0, mWakefulness=Awake, mUserActivitySummary=0x1, nextTimeout=2508208 (in 59094 ms)
06-29 03:40:35.563 D/PowerManagerNotifier( 1522): onScreenPolicyUpdate: newPolicy=3
06-29 03:40:35.563 D/PowerManagerService( 1522): updateDisplayPowerStateLocked: displayReady=true, groupId=0, policy=BRIGHT, mWakefulness=Awake, mWakeLockSummary=0x1, mUserActivitySummary=0x1, mBootCompleted=true, screenBrightnessOverride=NaN, useAutoBrightness=false, mScreenBrightnessBoostInProgress=false, mIsVrModeEnabled= false, sQuiescent=false
06-29 03:40:35.568 W/ContextImpl( 1522): Calling a method in the system process without a qualified user: android.app.ContextImpl.sendStickyBroadcast:1559 com.android.server.ConnectivityService.sendStickyBroadcast:2811 com.android.server.ConnectivityService.sendGeneralBroadcast:2786 com.android.server.ConnectivityService.sendConnectedBroadcast:2759 com.android.server.ConnectivityService.sendLegacyNetworkBroadcast:8704
06-29 03:40:35.572 D/PowerManagerService( 1522): acquireWakeLockInternal: lock=207078643, flags=0x1, tag="SyncLoopWakeLock", ws=null, uid=1000, pid=1522
06-29 03:40:35.577 W/BroadcastQueue( 1522): Target SDK mismatch: receiver ActivityInfo{ab7963 org.qiyi.android.commonphonepad.pushmessage.QYPushMsgBootReceiver} targets 33 but delivery restricted to [0, 23] broadcasting Intent { act=android.net.conn.CONNECTIVITY_CHANGE flg=0x4200010 (has extras) } from android (pid=1522, uid=1000) to com.qiyi.video/org.qiyi.android.commonphonepad.pushmessage.QYPushMsgBootReceiver
06-29 03:40:35.577 W/BroadcastQueue( 1522): Target SDK mismatch: receiver ActivityInfo{d910960 com.xiaomi.push.service.receivers.NetworkStatusReceiver} targets 29 but delivery restricted to [0, 23] broadcasting Intent { act=android.net.conn.CONNECTIVITY_CHANGE flg=0x4200010 (has extras) } from android (pid=1522, uid=1000) to com.ss.android.article.video.landscape/com.xiaomi.push.service.receivers.NetworkStatusReceiver
06-29 03:40:35.577 W/BroadcastQueue( 1522): Target SDK mismatch: receiver ActivityInfo{7dc6e19 com.xiaomi.push.service.receivers.NetworkStatusReceiver} targets 30 but delivery restricted to [0, 23] broadcasting Intent { act=android.net.conn.CONNECTIVITY_CHANGE flg=0x4200010 (has extras) } from android (pid=1522, uid=1000) to com.hunantv.imgo.activity/com.xiaomi.push.service.receivers.NetworkStatusReceiver
06-29 03:40:35.577 W/BroadcastQueue( 1522): Target SDK mismatch: receiver ActivityInfo{2bcaede com.xiaomi.push.service.receivers.NetworkStatusReceiver} targets 31 but delivery restricted to [0, 23] broadcasting Intent { act=android.net.conn.CONNECTIVITY_CHANGE flg=0x4200010 (has extras) } from android (pid=1522, uid=1000) to com.netease.newsreader.activity/com.xiaomi.push.service.receivers.NetworkStatusReceiver
06-29 03:40:35.577 W/BroadcastQueue( 1522): Target SDK mismatch: receiver ActivityInfo{55248bf com.xiaomi.push.service.receivers.NetworkStatusReceiver} targets 33 but delivery restricted to [0, 23] broadcasting Intent { act=android.net.conn.CONNECTIVITY_CHANGE flg=0x4200010 (has extras) } from android (pid=1522, uid=1000) to com.qiyi.video/com.xiaomi.push.service.receivers.NetworkStatusReceiver
06-29 03:40:35.578 W/BroadcastQueue( 1522): Target SDK mismatch: receiver ActivityInfo{8ed5b8c com.tencent.pandora.libtcloudupload.videoupload.impl.TVCNetWorkStateReceiver} targets 29 but delivery restricted to [0, 23] broadcasting Intent { act=android.net.conn.CONNECTIVITY_CHANGE flg=0x4200010 (has extras) } from android (pid=1522, uid=1000) to com.tencent.tmgp.sgame/com.tencent.pandora.libtcloudupload.videoupload.impl.TVCNetWorkStateReceiver
06-29 03:40:35.578 W/BroadcastQueue( 1522): Target SDK mismatch: receiver ActivityInfo{93cd2d5 com.xiaomi.push.service.receivers.NetworkStatusReceiver} targets 33 but delivery restricted to [0, 23] broadcasting Intent { act=android.net.conn.CONNECTIVITY_CHANGE flg=0x4200010 (has extras) } from android (pid=1522, uid=1000) to com.xingin.xhs/com.xiaomi.push.service.receivers.NetworkStatusReceiver
06-29 03:40:35.578 W/BroadcastQueue( 1522): Target SDK mismatch: receiver ActivityInfo{ce0daea com.taobao.accs.EventReceiver} targets 29 but delivery restricted to [0, 23] broadcasting Intent { act=android.net.conn.CONNECTIVITY_CHANGE flg=0x4200010 (has extras) } from android (pid=1522, uid=1000) to com.ss.android.article.video.landscape/com.taobao.accs.EventReceiver
06-29 03:40:35.578 W/BroadcastQueue( 1522): Target SDK mismatch: receiver ActivityInfo{96cb1db com.douyu.module.miuiwidget.widgetprovider.DYMIUIWidgetMatch44Provider} targets 28 but delivery restricted to [0, 23] broadcasting Intent { act=android.net.conn.CONNECTIVITY_CHANGE flg=0x4200010 (has extras) } from android (pid=1522, uid=1000) to air.tv.douyu.android/com.douyu.module.miuiwidget.widgetprovider.DYMIUIWidgetMatch44Provider
06-29 03:40:35.578 W/BroadcastQueue( 1522): Target SDK mismatch: receiver ActivityInfo{bdaa478 com.douyu.module.miuiwidget.widgetprovider.DYMIUIWidgetMatch42Provider} targets 28 but delivery restricted to [0, 23] broadcasting Intent { act=android.net.conn.CONNECTIVITY_CHANGE flg=0x4200010 (has extras) } from android (pid=1522, uid=1000) to air.tv.douyu.android/com.douyu.module.miuiwidget.widgetprovider.DYMIUIWidgetMatch42Provider
06-29 03:40:35.578 W/BroadcastQueue( 1522): Target SDK mismatch: receiver ActivityInfo{704c751 com.douyu.module.miuiwidget.widgetprovider.DYMIUIWidgetFollow42Provider} targets 28 but delivery restricted to [0, 23] broadcasting Intent { act=android.net.conn.CONNECTIVITY_CHANGE flg=0x4200010 (has extras) } from android (pid=1522, uid=1000) to air.tv.douyu.android/com.douyu.module.miuiwidget.widgetprovider.DYMIUIWidgetFollow42Provider
06-29 03:40:35.578 W/BroadcastQueue( 1522): Target SDK mismatch: receiver ActivityInfo{b69bbb6 com.douyu.module.miuiwidget.widgetprovider.DYMIUIWidgetFollow22Provider} targets 28 but delivery restricted to [0, 23] broadcasting Intent { act=android.net.conn.CONNECTIVITY_CHANGE flg=0x4200010 (has extras) } from android (pid=1522, uid=1000) to air.tv.douyu.android/com.douyu.module.miuiwidget.widgetprovider.DYMIUIWidgetFollow22Provider
06-29 03:40:35.578 W/BroadcastQueue( 1522): Target SDK mismatch: receiver ActivityInfo{7fa90b7 com.douyu.sdk.apkdownload.receiver.BroadcastReceiverNetworkChange} targets 28 but delivery restricted to [0, 23] broadcasting Intent { act=android.net.conn.CONNECTIVITY_CHANGE flg=0x4200010 (has extras) } from android (pid=1522, uid=1000) to air.tv.douyu.android/com.douyu.sdk.apkdownload.receiver.BroadcastReceiverNetworkChange
06-29 03:40:35.578 W/BroadcastQueue( 1522): Target SDK mismatch: receiver ActivityInfo{2519024 com.igexin.sdk.PushReceiver} targets 28 but delivery restricted to [0, 23] broadcasting Intent { act=android.net.conn.CONNECTIVITY_CHANGE flg=0x4200010 (has extras) } from android (pid=1522, uid=1000) to air.tv.douyu.android/com.igexin.sdk.PushReceiver
06-29 03:40:35.579 W/BroadcastQueue( 1522): Target SDK mismatch: receiver ActivityInfo{67d878d com.happyelements.gsp.android.notification.gcn.GcnBroadcastReceiver} targets 26 but delivery restricted to [0, 23] broadcasting Intent { act=android.net.conn.CONNECTIVITY_CHANGE flg=0x4200010 (has extras) } from android (pid=1522, uid=1000) to com.happyelements.AndroidAnimal/com.happyelements.gsp.android.notification.gcn.GcnBroadcastReceiver
06-29 03:40:35.579 W/BroadcastQueue( 1522): Target SDK mismatch: receiver ActivityInfo{6cddd42 com.igexin.sdk.PushReceiver} targets 30 but delivery restricted to [0, 23] broadcasting Intent { act=android.net.conn.CONNECTIVITY_CHANGE flg=0x4200010 (has extras) } from android (pid=1522, uid=1000) to com.hunantv.imgo.activity/com.igexin.sdk.PushReceiver
06-29 03:40:35.579 W/BroadcastQueue( 1522): Target SDK mismatch: receiver ActivityInfo{21d8153 cn.jpush.android.service.PushReceiver} targets 31 but delivery restricted to [0, 23] broadcasting Intent { act=android.net.conn.CONNECTIVITY_CHANGE flg=0x4200010 (has extras) } from android (pid=1522, uid=1000) to com.miHoYo.Yuanshen/cn.jpush.android.service.PushReceiver
06-29 03:40:35.579 W/BroadcastQueue( 1522): Target SDK mismatch: receiver ActivityInfo{d298a90 com.netease.galaxy.GalaxyReceiver} targets 31 but delivery restricted to [0, 23] broadcasting Intent { act=android.net.conn.CONNECTIVITY_CHANGE flg=0x4200010 (has extras) } from android (pid=1522, uid=1000) to com.netease.newsreader.activity/com.netease.galaxy.GalaxyReceiver
06-29 03:40:35.579 W/BroadcastQueue( 1522): Target SDK mismatch: receiver ActivityInfo{e480f89 org.qiyi.android.video.ui.phone.traffic.receiver.TrafficReceiver} targets 33 but delivery restricted to [0, 23] broadcasting Intent { act=android.net.conn.CONNECTIVITY_CHANGE flg=0x4200010 (has extras) } from android (pid=1522, uid=1000) to com.qiyi.video/org.qiyi.android.video.ui.phone.traffic.receiver.TrafficReceiver
06-29 03:40:35.579 W/BroadcastQueue( 1522): Target SDK mismatch: receiver ActivityInfo{6608b8e com.iqiyi.hcim.service.BroadcastCenter} targets 33 but delivery restricted to [0, 23] broadcasting Intent { act=android.net.conn.CONNECTIVITY_CHANGE flg=0x4200010 (has extras) } from android (pid=1522, uid=1000) to com.qiyi.video/com.iqiyi.hcim.service.BroadcastCenter
06-29 03:40:35.579 W/BroadcastQueue( 1522): Target SDK mismatch: receiver ActivityInfo{f74dfaf com.tencent.mobileqq.msf.core.NetConnInfoCenter} targets 26 but delivery restricted to [0, 23] broadcasting Intent { act=android.net.conn.CONNECTIVITY_CHANGE flg=0x4200010 (has extras) } from android (pid=1522, uid=1000) to com.tencent.mobileqq/.msf.core.NetConnInfoCenter
06-29 03:40:35.579 W/BroadcastQueue( 1522): Target SDK mismatch: receiver ActivityInfo{144bfbc com.tencent.msdk.dns.HttpDnsCache$ConnectivityChangeReceiver} targets 29 but delivery restricted to [0, 23] broadcasting Intent { act=android.net.conn.CONNECTIVITY_CHANGE flg=0x4200010 (has extras) } from android (pid=1522, uid=1000) to com.tencent.tmgp.sgame/com.tencent.msdk.dns.HttpDnsCache$ConnectivityChangeReceiver
06-29 03:40:35.579 W/BroadcastQueue( 1522): Target SDK mismatch: receiver ActivityInfo{4191b45 com.tencent.special.httpdns.Cache$ConnectReceiver} targets 29 but delivery restricted to [0, 23] broadcasting Intent { act=android.net.conn.CONNECTIVITY_CHANGE flg=0x4200010 (has extras) } from android (pid=1522, uid=1000) to com.tencent.tmgp.sgame/com.tencent.special.httpdns.Cache$ConnectReceiver
06-29 03:40:35.579 W/BroadcastQueue( 1522): Target SDK mismatch: receiver ActivityInfo{15dd29a cn.jpush.android.service.PushReceiver} targets 33 but delivery restricted to [0, 23] broadcasting Intent { act=android.net.conn.CONNECTIVITY_CHANGE flg=0x4200010 (has extras) } from android (pid=1522, uid=1000) to com.xingin.xhs/cn.jpush.android.service.PushReceiver
06-29 03:40:35.579 W/BroadcastQueue( 1522): Target SDK mismatch: receiver ActivityInfo{839c7cb com.igexin.sdk.PushReceiver} targets 33 but delivery restricted to [0, 23] broadcasting Intent { act=android.net.conn.CONNECTIVITY_CHANGE flg=0x4200010 (has extras) } from android (pid=1522, uid=1000) to com.xingin.xhs/com.igexin.sdk.PushReceiver
06-29 03:40:35.583 W/ProcessStats( 1522): Tracking association SourceState{562fd4e com.tencent.android.qqdownloader:live/10115 BTopFgs #11421} whose proc state 2 is better than process ProcessState{7d9de82 com.tencent.android.qqdownloader:daemon/10115 pkg=com.tencent.android.qqdownloader} proc state 3 (19 skipped)
06-29 03:40:35.586 D/PowerManagerService( 1522): updateWakeLockSummaryLocked: mWakefulness=Awake, mWakeLockSummary=0x1
06-29 03:40:35.587 D/PowerManagerService( 1522): updateUserActivitySummaryLocked: groupId=0, mWakefulness=Awake, mUserActivitySummary=0x1, nextTimeout=2508208 (in 59070 ms)
06-29 03:40:35.587 D/PowerManagerNotifier( 1522): onScreenPolicyUpdate: newPolicy=3
