06-29 03:41:20.309 W/BroadcastQueue( 1522): Target SDK mismatch: receiver ActivityInfo{f34632c com.tencent.special.httpdns.Cache$ConnectReceiver} targets 29 but delivery restricted to [0, 23] broadcasting Intent { act=android.net.conn.CONNECTIVITY_CHANGE flg=0x4200010 (has extras) } from android (pid=1522, uid=1000) to com.tencent.tmgp.sgame/com.tencent.special.httpdns.Cache$ConnectReceiver
06-29 03:41:20.309 W/BroadcastQueue( 1522): Target SDK mismatch: receiver ActivityInfo{f8dd1f5 cn.jpush.android.service.PushReceiver} targets 33 but delivery restricted to [0, 23] broadcasting Intent { act=android.net.conn.CONNECTIVITY_CHANGE flg=0x4200010 (has extras) } from android (pid=1522, uid=1000) to com.xingin.xhs/cn.jpush.android.service.PushReceiver
06-29 03:41:20.309 W/BroadcastQueue( 1522): Target SDK mismatch: receiver ActivityInfo{dd93b8a com.igexin.sdk.PushReceiver} targets 33 but delivery restricted to [0, 23] broadcasting Intent { act=android.net.conn.CONNECTIVITY_CHANGE flg=0x4200010 (has extras) } from android (pid=1522, uid=1000) to com.xingin.xhs/com.igexin.sdk.PushReceiver
06-29 03:41:20.413 I/[ 2493.960048] [soft_i][0xb292a2a45][03( 0): 41:20.409003] wlan: [0:I:TXRX] HTT_T2H_MSG_TYPE_PEER_MAP msg for peer id 9 vdev id 0 n
06-29 03:41:20.413 E/[ 2493.960074] [soft_i][0xb292a2d0b][03( 0): 41:20.409040] wlan: [0:E:DP] dp_peer_find_add_id: peer 0000000000000000 ID 9 vid 0 mac 04:d9:f5:fb:09:94
06-29 03:41:20.413 I/[ 2493.960089] [soft_i][0xb292a2e30][03( 0): 41:20.409055] wlan: [0:I:DP] dp_peer_find_add_id: ref_cnt: 2
06-29 03:41:20.413 E/[ 2493.960100] [soft_i][0xb292a2f00][03( 0): 41:20.409066] wlan: [0:E:DP] dp_peer_map_ast: peer 0000000000000000 ID 3 vid 0 mac 04:d9:f5:fb:09:94
06-29 03:41:20.481 E/[ 2494.031556] [wifico][0xb293f1dea][03( 0): 41:20.480518] wlan: [1206:E:HDD] __wlan_hdd_cfg80211_scan: 572: Scan not allowed. scan_ebusy_cnt: 467 Session 0 Reason 1
06-29 03:41:20.480 E/wificond( 1206): NL80211_CMD_TRIGGER_SCAN failed: Device or resource busy
06-29 03:41:20.512 I/[ 2494.062900] [schedu][0xb29484cfc][03( 0): 41:20.511866] wlan: [3371:I:PE] Auth TX: fail
06-29 03:41:20.885 E/[ 2494.432118] link_delay_work_func( 0): DTC_ETH: SQI=0, link=0
06-29 03:41:21.537 I/[ 2495.084765] [schedu][0xb2a73abed][03( 0): 41:21.533719] wlan: [3371:I:PE] Auth TX: fail
06-29 03:41:22.317 W/ActivityManager( 1522): Background start not allowed: service Intent { act=android.net.conn.CONNECTIVITY_CHANGE cmp=com.qiyi.video/com.ss.android.socialbase.downloader.notification.DownloadNotificationService } to com.qiyi.video/com.ss.android.socialbase.downloader.notification.DownloadNotificationService from pid=14860 uid=10123 pkg=com.qiyi.video startFg?=false
06-29 03:41:22.482 D/PowerManagerService( 1522): acquireWakeLockInternal: lock=218282209, flags=0x1, tag="*alarm*", ws=WorkSource{1000}, uid=1000, pid=1522
06-29 03:41:22.482 D/PowerManagerService( 1522): updateWakeLockSummaryLocked: mWakefulness=Awake, mWakeLockSummary=0x1
06-29 03:41:22.482 D/PowerManagerService( 1522): updateUserActivitySummaryLocked: groupId=0, mWakefulness=Awake, mUserActivitySummary=0x1, nextTimeout=2550924 (in 54891 ms)
06-29 03:41:22.482 D/PowerManagerNotifier( 1522): onScreenPolicyUpdate: newPolicy=3
06-29 03:41:22.483 D/PowerManagerService( 1522): updateDisplayPowerStateLocked: displayReady=true, groupId=0, policy=BRIGHT, mWakefulness=Awake, mWakeLockSummary=0x1, mUserActivitySummary=0x1, mBootCompleted=true, screenBrightnessOverride=NaN, useAutoBrightness=false, mScreenBrightnessBoostInProgress=false, mIsVrModeEnabled= false, sQuiescent=false
06-29 03:41:22.483 D/PowerManagerNotifier( 1522): onWakeLockAcquired: flags=1, tag="*alarm*", packageName=android, ownerUid=1000, ownerPid=1522, workSource=WorkSource{1000}
06-29 03:41:22.484 D/PowerManagerService( 1522): releaseWakeLockInternal: lock=218282209 [*alarm*], flags=0x0
06-29 03:41:22.485 D/PowerManagerNotifier( 1522): onWakeLockReleased: flags=1, tag="*alarm*", packageName=android, ownerUid=1000, ownerPid=1522, workSource=WorkSource{1000}
06-29 03:41:22.485 D/PowerManagerService( 1522): updateWakeLockSummaryLocked: mWakefulness=Awake, mWakeLockSummary=0x1
06-29 03:41:22.485 D/PowerManagerService( 1522): updateUserActivitySummaryLocked: groupId=0, mWakefulness=Awake, mUserActivitySummary=0x1, nextTimeout=2550924 (in 54888 ms)
06-29 03:41:22.485 D/PowerManagerNotifier( 1522): onScreenPolicyUpdate: newPolicy=3
06-29 03:41:22.485 D/PowerManagerService( 1522): updateDisplayPowerStateLocked: displayReady=true, groupId=0, policy=BRIGHT, mWakefulness=Awake, mWakeLockSummary=0x1, mUserActivitySummary=0x1, mBootCompleted=true, screenBrightnessOverride=NaN, useAutoBrightness=false, mScreenBrightnessBoostInProgress=false, mIsVrModeEnabled= false, sQuiescent=false
06-29 03:41:22.492 E/wificond( 1206): NL80211_CMD_TRIGGER_SCAN failed: Device or resource busy
06-29 03:41:22.493 E/[ 2496.043113] [wifico][0xb2b8c7041][03( 0): 41:22.492070] wlan: [1206:E:HDD] __wlan_hdd_cfg80211_scan: 572: Scan not allowed. scan_ebusy_cnt: 468 Session 0 Reason 1
06-29 03:41:22.507 D/PowerManagerService( 1522): acquireWakeLockInternal: lock=218282209, flags=0x1, tag="*alarm*", ws=WorkSource{1073}, uid=1000, pid=1522
06-29 03:41:22.507 D/PowerManagerService( 1522): updateWakeLockSummaryLocked: mWakefulness=Awake, mWakeLockSummary=0x1
06-29 03:41:22.507 D/PowerManagerService( 1522): updateUserActivitySummaryLocked: groupId=0, mWakefulness=Awake, mUserActivitySummary=0x1, nextTimeout=2550924 (in 54866 ms)
06-29 03:41:22.507 D/PowerManagerNotifier( 1522): onScreenPolicyUpdate: newPolicy=3
06-29 03:41:22.508 D/PowerManagerService( 1522): updateDisplayPowerStateLocked: displayReady=true, groupId=0, policy=BRIGHT, mWakefulness=Awake, mWakeLockSummary=0x1, mUserActivitySummary=0x1, mBootCompleted=true, screenBrightnessOverride=NaN, useAutoBrightness=false, mScreenBrightnessBoostInProgress=false, mIsVrModeEnabled= false, sQuiescent=false
06-29 03:41:22.508 D/PowerManagerNotifier( 1522): onWakeLockAcquired: flags=1, tag="*alarm*", packageName=android, ownerUid=1000, ownerPid=1522, workSource=WorkSource{1073}
06-29 03:41:22.508 D/PowerManagerService( 1522): releaseWakeLockInternal: lock=218282209 [*alarm*], flags=0x0
06-29 03:41:22.508 D/PowerManagerNotifier( 1522): onWakeLockReleased: flags=1, tag="*alarm*", packageName=android, ownerUid=1000, ownerPid=1522, workSource=WorkSource{1073}
06-29 03:41:22.509 D/PowerManagerService( 1522): updateWakeLockSummaryLocked: mWakefulness=Awake, mWakeLockSummary=0x1
06-29 03:41:22.509 D/PowerManagerService( 1522): updateUserActivitySummaryLocked: groupId=0, mWakefulness=Awake, mUserActivitySummary=0x1, nextTimeout=2550924 (in 54864 ms)
06-29 03:41:22.509 D/PowerManagerNotifier( 1522): onScreenPolicyUpdate: newPolicy=3
06-29 03:41:22.509 D/PowerManagerService( 1522): updateDisplayPowerStateLocked: displayReady=true, groupId=0, policy=BRIGHT, mWakefulness=Awake, mWakeLockSummary=0x1, mUserActivitySummary=0x1, mBootCompleted=true, screenBrightnessOverride=NaN, useAutoBrightness=false, mScreenBrightnessBoostInProgress=false, mIsVrModeEnabled= false, sQuiescent=false
06-29 03:41:22.602 D/PowerManagerService( 1522): userActivityNoUpdateLocked: groupId=0, eventTime=2496150, event=2, flags=0x0, uid=1000
06-29 03:41:22.602 D/PowerManagerNotifier( 1522): onUserActivity: event=2, uid=1000
06-29 03:41:22.602 D/PowerManagerService( 1522): updateUserActivitySummaryLocked: groupId=0, mWakefulness=Awake, mUserActivitySummary=0x1, nextTimeout=2556150 (in 59997 ms)
06-29 03:41:22.602 D/PowerManagerNotifier( 1522): onScreenPolicyUpdate: newPolicy=3
06-29 03:41:22.602 D/PowerManagerService( 1522): updateDisplayPowerStateLocked: displayReady=true, groupId=0, policy=BRIGHT, mWakefulness=Awake, mWakeLockSummary=0x1, mUserActivitySummary=0x1, mBootCompleted=true, screenBrightnessOverride=NaN, useAutoBrightness=false, mScreenBrightnessBoostInProgress=false, mIsVrModeEnabled= false, sQuiescent=false
06-29 03:41:22.706 D/PowerManagerService( 1522): userActivityNoUpdateLocked: groupId=0, eventTime=2496257, event=2, flags=0x0, uid=1000
06-29 03:41:22.706 D/PowerManagerNotifier( 1522): onUserActivity: event=2, uid=1000
06-29 03:41:22.706 D/PowerManagerService( 1522): updateUserActivitySummaryLocked: groupId=0, mWakefulness=Awake, mUserActivitySummary=0x1, nextTimeout=2556257 (in 60000 ms)
06-29 03:41:22.706 D/PowerManagerNotifier( 1522): onScreenPolicyUpdate: newPolicy=3
06-29 03:41:22.706 D/PowerManagerService( 1522): updateDisplayPowerStateLocked: displayReady=true, groupId=0, policy=BRIGHT, mWakefulness=Awake, mWakeLockSummary=0x1, mUserActivitySummary=0x1, mBootCompleted=true, screenBrightnessOverride=NaN, useAutoBrightness=false, mScreenBrightnessBoostInProgress=false, mIsVrModeEnabled= false, sQuiescent=false
06-29 03:41:22.804 D/PowerManagerService( 1522): releaseWakeLockInternal: lock=86012356 [NetworkTimeUpdateService], flags=0x0
06-29 03:41:22.804 D/PowerManagerNotifier( 1522): onWakeLockReleased: flags=1, tag="NetworkTimeUpdateService", packageName=android, ownerUid=1000, ownerPid=1522, workSource=null
06-29 03:41:22.804 D/PowerManagerService( 1522): updateWakeLockSummaryLocked: mWakefulness=Awake, mWakeLockSummary=0x1
06-29 03:41:22.804 D/PowerManagerService( 1522): updateUserActivitySummaryLocked: groupId=0, mWakefulness=Awake, mUserActivitySummary=0x1, nextTimeout=2556257 (in 59902 ms)
06-29 03:41:22.804 D/PowerManagerNotifier( 1522): onScreenPolicyUpdate: newPolicy=3
06-29 03:41:22.805 D/PowerManagerService( 1522): updateDisplayPowerStateLocked: displayReady=true, groupId=0, policy=BRIGHT, mWakefulness=Awake, mWakeLockSummary=0x1, mUserActivitySummary=0x1, mBootCompleted=true, screenBrightnessOverride=NaN, useAutoBrightness=false, mScreenBrightnessBoostInProgress=false, mIsVrModeEnabled= false, sQuiescent=false
06-29 03:41:23.387 D/PowerManagerService( 1522): acquireWakeLockInternal: lock=258975204, flags=0x1, tag="*launch*", ws=WorkSource{10072}, uid=1000, pid=1522
06-29 03:41:23.387 D/PowerManagerService( 1522): updateWakeLockSummaryLocked: mWakefulness=Awake, mWakeLockSummary=0x1
06-29 03:41:23.387 D/PowerManagerService( 1522): updateUserActivitySummaryLocked: groupId=0, mWakefulness=Awake, mUserActivitySummary=0x1, nextTimeout=2556257 (in 59319 ms)
06-29 03:41:23.387 D/PowerManagerNotifier( 1522): onScreenPolicyUpdate: newPolicy=3
06-29 03:41:23.387 D/PowerManagerService( 1522): updateDisplayPowerStateLocked: displayReady=true, groupId=0, policy=BRIGHT, mWakefulness=Awake, mWakeLockSummary=0x1, mUserActivitySummary=0x1, mBootCompleted=true, screenBrightnessOverride=NaN, useAutoBrightness=false, mScreenBrightnessBoostInProgress=false, mIsVrModeEnabled= false, sQuiescent=false
06-29 03:41:23.388 D/PowerManagerNotifier( 1522): onWakeLockAcquired: flags=1, tag="*launch*", packageName=android, ownerUid=1000, ownerPid=1522, workSource=WorkSource{10072}
06-29 03:41:23.388 I/ActivityTaskManager( 1522): FOREGROUND_APPLICATION_CHANGED to com.android.launcher3.uioverrides.QuickstepLauncher
06-29 03:41:23.403 D/PowerManagerService( 1522): releaseWakeLockInternal: lock=258975204 [*launch*], flags=0x0
06-29 03:41:23.403 D/PowerManagerNotifier( 1522): onWakeLockReleased: flags=1, tag="*launch*", packageName=android, ownerUid=1000, ownerPid=1522, workSource=WorkSource{10072}
06-29 03:41:23.403 D/PowerManagerService( 1522): updateWakeLockSummaryLocked: mWakefulness=Awake, mWakeLockSummary=0x1
06-29 03:41:23.403 D/PowerManagerService( 1522): updateUserActivitySummaryLocked: groupId=0, mWakefulness=Awake, mUserActivitySummary=0x1, nextTimeout=2556257 (in 59303 ms)
06-29 03:41:23.403 D/PowerManagerNotifier( 1522): onScreenPolicyUpdate: newPolicy=3
06-29 03:41:23.403 D/PowerManagerService( 1522): updateDisplayPowerStateLocked: displayReady=true, groupId=0, policy=BRIGHT, mWakefulness=Awake, mWakeLockSummary=0x1, mUserActivitySummary=0x1, mBootCompleted=true, screenBrightnessOverride=NaN, useAutoBrightness=false, mScreenBrightnessBoostInProgress=false, mIsVrModeEnabled= false, sQuiescent=false
06-29 03:41:23.411 D/CompatibilityChangeReporter( 1522): Compat change id reported: 135634846; UID 10122; state: DISABLED
06-29 03:41:23.411 D/CompatibilityChangeReporter( 1522): Compat change id reported: 177438394; UID 10122; state: DISABLED
06-29 03:41:23.411 D/CompatibilityChangeReporter( 1522): Compat change id reported: 135772972; UID 10122; state: DISABLED
06-29 03:41:23.412 D/CompatibilityChangeReporter( 1522): Compat change id reported: 143937733; UID 10122; state: ENABLED
06-29 03:41:23.412 D/CompatibilityChangeReporter( 1522): Compat change id reported: 135634846; UID 10026; state: DISABLED
06-29 03:41:23.412 D/CompatibilityChangeReporter( 1522): Compat change id reported: 177438394; UID 10026; state: DISABLED
06-29 03:41:23.412 D/CompatibilityChangeReporter( 1522): Compat change id reported: 135772972; UID 10026; state: DISABLED
06-29 03:41:23.412 D/CompatibilityChangeReporter( 1522): Compat change id reported: 135754954; UID 10026; state: ENABLED
06-29 03:41:23.413 D/CompatibilityChangeReporter( 1522): Compat change id reported: 135634846; UID 10104; state: DISABLED
06-29 03:41:23.413 D/CompatibilityChangeReporter( 1522): Compat change id reported: 177438394; UID 10104; state: DISABLED
06-29 03:41:23.413 D/CompatibilityChangeReporter( 1522): Compat change id reported: 135772972; UID 10104; state: DISABLED
06-29 03:41:23.413 D/CompatibilityChangeReporter( 1522): Compat change id reported: 135754954; UID 10104; state: DISABLED
06-29 03:41:23.422 D/CompatibilityChangeReporter( 1522): Compat change id reported: 135634846; UID 10105; state: DISABLED
06-29 03:41:23.422 I/ActivityManager( 1522): Start proc 15177:com.xingin.xhs/u0a122 for null
06-29 03:41:23.423 D/CompatibilityChangeReporter( 1522): Compat change id reported: 143937733; UID 10026; state: ENABLED
06-29 03:41:23.431 I/ActivityManager( 1522): Start proc 15179:com.microsoft.emmx/u0a26 for null
06-29 03:41:23.431 D/CompatibilityChangeReporter( 1522): Compat change id reported: 143937733; UID 10104; state: DISABLED
06-29 03:41:23.437 I/ActivityManager( 1522): Start proc 15187:com.kugou.android.auto/u0a104 for null
06-29 03:41:23.440 I/[ 2496.990953] binder( 0): 15177:15177 ioctl 40046210 7fdcc9b894 returned -22
06-29 03:41:23.437 D/CompatibilityChangeReporter( 1522): Compat change id reported: 143937733; UID 10105; state: DISABLED
06-29 03:41:23.442 I/ActivityManager( 1522): Start proc 15225:com.smile.gifmaker/u0a105 for null
06-29 03:41:23.445 I/[ 2496.995929] binder( 0): 15179:15179 ioctl 40046210 7fdcc9b894 returned -22
06-29 03:41:23.449 D/CompatibilityChangeReporter( 1522): Compat change id reported: 168419799; UID 10026; state: DISABLED
06-29 03:41:23.449 I/[ 2496.999302] binder( 0): 15187:15187 ioctl 40046210 7fdcc9b894 returned -22
06-29 03:41:23.454 D/CompatibilityChangeReporter( 1522): Compat change id reported: 168419799; UID 10122; state: DISABLED
06-29 03:41:23.458 D/CompatibilityChangeReporter( 1522): Compat change id reported: 168419799; UID 10104; state: DISABLED
06-29 03:41:23.460 I/[ 2497.009472] binder( 0): 15225:15225 ioctl 40046210 ffb15498 returned -22
06-29 03:41:23.462 D/CompatibilityChangeReporter( 1522): Compat change id reported: 168419799; UID 10105; state: DISABLED
06-29 03:41:23.503 I/ActivityManager( 1522): Killing 15187:com.kugou.android.auto/u0a104 (adj 915): empty #2
06-29 03:41:23.504 I/ActivityManager( 1522): Killing 15177:com.xingin.xhs/u0a122 (adj 925): empty #3
06-29 03:41:23.504 I/ActivityManager( 1522): Killing 15179:com.microsoft.emmx/u0a26 (adj 935): empty #4
06-29 03:41:23.505 I/ActivityManager( 1522): Killing 10837:com.tencent.tmgp.sgame:xg_vip_service/u0a92 (adj 945): empty #5
06-29 03:41:23.511 D/CompatibilityChangeReporter( 1522): Compat change id reported: 135634846; UID 10064; state: DISABLED
06-29 03:41:23.511 D/CompatibilityChangeReporter( 1522): Compat change id reported: 177438394; UID 10064; state: DISABLED
06-29 03:41:23.512 D/CompatibilityChangeReporter( 1522): Compat change id reported: 135772972; UID 10064; state: DISABLED
06-29 03:41:23.512 D/CompatibilityChangeReporter( 1522): Compat change id reported: 135754954; UID 10064; state: ENABLED
06-29 03:41:23.512 D/CompatibilityChangeReporter( 1522): Compat change id reported: 143937733; UID 10064; state: ENABLED
06-29 03:41:23.519 I/ActivityManager( 1522): Start proc 15283:com.thundercomm.gamemode.provider/u0a64 for content provider {com.thundercomm.gamemode.provider/com.thundercomm.gamemode.provider.SettingsProvider}
06-29 03:41:23.529 I/[ 2497.077102] binder( 0): undelivered TRANSACTION_COMPLETE
06-29 03:41:23.529 I/[ 2497.077109] binder( 0): undelivered transaction 1932489, process died.
06-29 03:41:23.529 I/[ 2497.080348] binder( 0): 15283:15283 ioctl 40046210 7fdcc9b894 returned -22
06-29 03:41:23.534 D/CompatibilityChangeReporter( 1522): Compat change id reported: 168419799; UID 10064; state: DISABLED
06-29 03:41:23.748 D/PowerManagerService( 1522): userActivityNoUpdateLocked: groupId=0, eventTime=2497298, event=2, flags=0x0, uid=1000
06-29 03:41:23.748 D/PowerManagerNotifier( 1522): onUserActivity: event=2, uid=1000
06-29 03:41:23.748 D/PowerManagerService( 1522): updateUserActivitySummaryLocked: groupId=0, mWakefulness=Awake, mUserActivitySummary=0x1, nextTimeout=2557298 (in 59999 ms)
06-29 03:41:23.748 D/PowerManagerNotifier( 1522): onScreenPolicyUpdate: newPolicy=3
06-29 03:41:23.748 D/PowerManagerService( 1522): updateDisplayPowerStateLocked: displayReady=true, groupId=0, policy=BRIGHT, mWakefulness=Awake, mWakeLockSummary=0x1, mUserActivitySummary=0x1, mBootCompleted=true, screenBrightnessOverride=NaN, useAutoBrightness=false, mScreenBrightnessBoostInProgress=false, mIsVrModeEnabled= false, sQuiescent=false
06-29 03:41:23.856 I/thunderperf( 1522): PlatormCompat.setOverrides: Uid1=10072 Pid1=2563 Uid2=10072 Pid2=2563
06-29 03:41:23.856 I/thunderperf( 1522): PlatormCompat.setOverrides: needCheck:false
06-29 03:41:23.856 I/thunderperf( 1522): CompatConfig.addOverrideUnsafe: bef-state=1
06-29 03:41:23.856 E/thunderperf( 1522): CompatConfig.addOverrideUnsafe: exception:java.lang.SecurityException: Cannot override a change on a non-debuggable app and user build.
06-29 03:41:23.856 I/thunderperf( 1522): CompatConfig.addOverrideUnsafe: aft-state=1
06-29 03:41:23.857 I/thunderperf( 1522): CompatConfig.addOverrideUnsafe: bef-state=1
06-29 03:41:23.858 E/thunderperf( 1522): CompatConfig.addOverrideUnsafe: exception:java.lang.SecurityException: Cannot override a change on a non-debuggable app and user build.
06-29 03:41:23.858 I/thunderperf( 1522): CompatConfig.addOverrideUnsafe: aft-state=1
06-29 03:41:23.858 I/thunderperf( 1522): CompatConfig.addOverrideUnsafe: bef-state=1
06-29 03:41:23.858 E/thunderperf( 1522): CompatConfig.addOverrideUnsafe: exception:java.lang.SecurityException: Cannot override a change on a non-debuggable app and user build.
06-29 03:41:23.858 I/thunderperf( 1522): CompatConfig.addOverrideUnsafe: aft-state=1
06-29 03:41:23.859 I/thunderperf( 1522): CompatConfig.addOverrideUnsafe: bef-state=1
06-29 03:41:23.859 E/thunderperf( 1522): CompatConfig.addOverrideUnsafe: exception:java.lang.SecurityException: Cannot override a change on a non-debuggable app and user build.
06-29 03:41:23.859 I/thunderperf( 1522): CompatConfig.addOverrideUnsafe: aft-state=1
06-29 03:41:23.859 I/thunderperf( 1522): CompatConfig.addOverrideUnsafe: bef-state=1
06-29 03:41:23.859 E/thunderperf( 1522): CompatConfig.addOverrideUnsafe: exception:java.lang.SecurityException: Cannot override a change on a non-debuggable app and user build.
06-29 03:41:23.860 I/thunderperf( 1522): CompatConfig.addOverrideUnsafe: aft-state=1
06-29 03:41:23.860 I/thunderperf( 1522): CompatConfig.addOverrideUnsafe: bef-state=1
06-29 03:41:23.860 E/thunderperf( 1522): CompatConfig.addOverrideUnsafe: exception:java.lang.SecurityException: Cannot override a change on a non-debuggable app and user build.
06-29 03:41:23.860 I/thunderperf( 1522): CompatConfig.addOverrideUnsafe: aft-state=1
06-29 03:41:23.861 I/thunderperf( 1522): CompatConfig.addOverrideUnsafe: bef-state=1
06-29 03:41:23.861 E/thunderperf( 1522): CompatConfig.addOverrideUnsafe: exception:java.lang.SecurityException: Cannot override a change on a non-debuggable app and user build.
06-29 03:41:23.861 I/thunderperf( 1522): CompatConfig.addOverrideUnsafe: aft-state=1
06-29 03:41:23.861 I/thunderperf( 1522): CompatConfig.addOverrideUnsafe: bef-state=1
06-29 03:41:23.861 E/thunderperf( 1522): CompatConfig.addOverrideUnsafe: exception:java.lang.SecurityException: Cannot override a change on a non-debuggable app and user build.
06-29 03:41:23.861 I/thunderperf( 1522): CompatConfig.addOverrideUnsafe: aft-state=1
06-29 03:41:23.862 I/thunderperf( 1522): CompatConfig.addOverrideUnsafe: bef-state=1
06-29 03:41:23.862 E/thunderperf( 1522): CompatConfig.addOverrideUnsafe: exception:java.lang.SecurityException: Cannot override a change on a non-debuggable app and user build.
06-29 03:41:23.862 I/thunderperf( 1522): CompatConfig.addOverrideUnsafe: aft-state=1
06-29 03:41:23.862 I/thunderperf( 1522): CompatConfig.addOverrideUnsafe: bef-state=1
06-29 03:41:23.863 E/thunderperf( 1522): CompatConfig.addOverrideUnsafe: exception:java.lang.SecurityException: Cannot override a change on a non-debuggable app and user build.
06-29 03:41:23.863 I/thunderperf( 1522): CompatConfig.addOverrideUnsafe: aft-state=1
06-29 03:41:23.863 I/thunderperf( 1522): CompatConfig.addOverrideUnsafe: bef-state=1
06-29 03:41:23.863 E/thunderperf( 1522): CompatConfig.addOverrideUnsafe: exception:java.lang.SecurityException: Cannot override a change on a non-debuggable app and user build.
06-29 03:41:23.863 I/thunderperf( 1522): CompatConfig.addOverrideUnsafe: aft-state=1
06-29 03:41:23.864 I/thunderperf( 1522): CompatConfig.addOverrideUnsafe: bef-state=1
06-29 03:41:23.864 E/thunderperf( 1522): CompatConfig.addOverrideUnsafe: exception:java.lang.SecurityException: Cannot override a change on a non-debuggable app and user build.
06-29 03:41:23.864 I/thunderperf( 1522): CompatConfig.addOverrideUnsafe: aft-state=1
06-29 03:41:23.864 I/thunderperf( 1522): CompatConfig.addOverrideUnsafe: bef-state=1
06-29 03:41:23.865 E/thunderperf( 1522): CompatConfig.addOverrideUnsafe: exception:java.lang.SecurityException: Cannot override a change on a non-debuggable app and user build.
06-29 03:41:23.865 I/thunderperf( 1522): CompatConfig.addOverrideUnsafe: aft-state=1
06-29 03:41:23.865 I/thunderperf( 1522): CompatConfig.addOverrideUnsafe: bef-state=1
06-29 03:41:23.865 E/thunderperf( 1522): CompatConfig.addOverrideUnsafe: exception:java.lang.SecurityException: Cannot override a change on a non-debuggable app and user build.
06-29 03:41:23.865 I/thunderperf( 1522): CompatConfig.addOverrideUnsafe: aft-state=1
06-29 03:41:23.872 I/ActivityTaskManager( 1522): START u0 {act=android.intent.action.MAIN cat=[android.intent.category.LAUNCHER] flg=0x10200000 cmp=com.tencent.tmgp.sgame/.SGameActivity bnds=[1026,96][1326,394]} from uid 10072
06-29 03:41:23.872 D/ActivityTaskManager( 1522): TaskLaunchParamsModifier:task=null activity=ActivityRecord{1fde269 u0 com.tencent.tmgp.sgame/.SGameActivity taskAffinity=10092:com.tencent.tmgp.sgame display-area-from-source=DefaultTaskDisplayArea@3626345 display-id=0 display-windowing-mode=1 suggested-display-area=DefaultTaskDisplayArea@3626345
06-29 03:41:23.874 D/ActivityTaskManager( 1522): TaskLaunchParamsModifier:task=null activity=ActivityRecord{1fde269 u0 com.tencent.tmgp.sgame/.SGameActivity taskAffinity=10092:com.tencent.tmgp.sgame t-1} display-area-from-source=DefaultTaskDisplayArea@3626345 display-id=0 display-windowing-mode=1 suggested-display-area=DefaultTaskDisplayArea@3626345 inherit-from-source=fullscreen activity-options-fullscreen=Rect(0, 0 - 0, 0) non-freeform-display display-area=DefaultTaskDisplayArea@3626345
06-29 03:41:23.874 W/ActivityTaskManager( 1522): Can't find TaskDisplayArea to determine support for multi window. Task id=82 attached=false
06-29 03:41:23.875 D/ActivityTaskManager( 1522): TaskLaunchParamsModifier:task=Task{f0f581c #82 type=standard A=10092:com.tencent.tmgp.sgame U=0 visible=false mode=fullscreen translucent=true sz=0 visible freeform task=true rootAffinity=10092:com.tencent.tmgp.sgame isMini=false} activity=ActivityRecord{1fde269 u0 com.tencent.tmgp.sgame/.SGameActivity taskAffinity=10092:com.tencent.tmgp.sgame t-1} display-area-from-source=DefaultTaskDisplayArea@3626345 display-id=0 display-windowing-mode=1 suggested-display-area=DefaultTaskDisplayArea@3626345 inherit-from-source=fullscreen activity-options-fullscreen=Rect(0, 0 - 0, 0) non-freeform-display display-area=DefaultTaskDisplayArea@3626345
06-29 03:41:23.875 D/CompatibilityChangeReporter( 1522): Compat change id reported: 174042980; UID 10092; state: DISABLED
06-29 03:41:23.875 D/CompatibilityChangeReporter( 1522): Compat change id reported: 184838306; UID 10092; state: DISABLED
06-29 03:41:23.876 D/CompatibilityChangeReporter( 1522): Compat change id reported: 185004937; UID 10092; state: DISABLED
06-29 03:41:23.876 D/CompatibilityChangeReporter( 1522): Compat change id reported: 181136395; UID 10092; state: DISABLED
06-29 03:41:23.876 D/CompatibilityChangeReporter( 1522): Compat change id reported: 174042936; UID 10092; state: DISABLED
06-29 03:41:23.877 D/CompatibilityChangeReporter( 1522): Compat change id reported: 168419799; UID 10092; state: DISABLED
06-29 03:41:23.878 D/PowerManagerService( 1522): acquireWakeLockInternal: lock=258975204, flags=0x1, tag="*launch*", ws=WorkSource{10092}, uid=1000, pid=1522
06-29 03:41:23.878 D/PowerManagerService( 1522): updateWakeLockSummaryLocked: mWakefulness=Awake, mWakeLockSummary=0x1
06-29 03:41:23.878 D/PowerManagerService( 1522): updateUserActivitySummaryLocked: groupId=0, mWakefulness=Awake, mUserActivitySummary=0x1, nextTimeout=2557298 (in 59869 ms)
06-29 03:41:23.878 D/PowerManagerNotifier( 1522): onScreenPolicyUpdate: newPolicy=3
06-29 03:41:23.878 D/PowerManagerService( 1522): updateDisplayPowerStateLocked: displayReady=true, groupId=0, policy=BRIGHT, mWakefulness=Awake, mWakeLockSummary=0x1, mUserActivitySummary=0x1, mBootCompleted=true, screenBrightnessOverride=NaN, useAutoBrightness=false, mScreenBrightnessBoostInProgress=false, mIsVrModeEnabled= false, sQuiescent=false
06-29 03:41:23.878 D/PowerManagerNotifier( 1522): onWakeLockAcquired: flags=1, tag="*launch*", packageName=android, ownerUid=1000, ownerPid=1522, workSource=WorkSource{10092}
06-29 03:41:23.883 D/CompatibilityChangeReporter( 1522): Compat change id reported: 135634846; UID 10092; state: DISABLED
06-29 03:41:23.883 D/CompatibilityChangeReporter( 1522): Compat change id reported: 177438394; UID 10092; state: DISABLED
06-29 03:41:23.883 D/CompatibilityChangeReporter( 1522): Compat change id reported: 135772972; UID 10092; state: DISABLED
06-29 03:41:23.883 D/CompatibilityChangeReporter( 1522): Compat change id reported: 135754954; UID 10092; state: DISABLED
06-29 03:41:23.883 D/CompatibilityChangeReporter( 1522): Compat change id reported: 143937733; UID 10092; state: DISABLED
06-29 03:41:23.885 I/ActivityTaskManager( 1522): FOREGROUND_APPLICATION_CHANGED to com.tencent.tmgp.sgame.SGameActivity
06-29 03:41:23.889 I/ActivityManager( 1522): Start proc 15349:com.tencent.tmgp.sgame/u0a92 for pre-top-activity {com.tencent.tmgp.sgame/com.tencent.tmgp.sgame.SGameActivity}
06-29 03:41:23.890 W/ContextImpl( 1522): Calling a method in the system process without a qualified user: android.app.ContextImpl.sendBroadcast:1173 com.qualcomm.qti.Performance$SendGameLaunchBroadcast.run:217 java.lang.Thread.run:920
06-29 03:41:23.901 I/[ 2497.448836] binder( 0): 15349:15349 ioctl 40046210 7fdcc9b894 returned -22
06-29 03:41:23.909 W/ContextImpl( 2050): Calling a method in the system process without a qualified user: android.app.ContextImpl.startService:1816 android.content.ContextWrapper.startService:774 com.thundercomm.gamemode.ingame.services.GameModeActionUtils.startGameModeService:118 com.thundercomm.gamemode.ingame.services.GameModeActionUtils.startGameModeEntry:29 com.thundercomm.gamemode.ingame.services.ActivityMonitoringService$1.onActivityLaunch:140
06-29 03:41:23.911 I/GameModeConfig( 1522): Current uri is uri = content://com.thundercomm.gamemode.api/gamemode_settings/gamemode_isgaming
06-29 03:41:23.913 W/Looper (15225): Loop again would have the queued messages be executed before this one completed.
06-29 03:41:23.914 I/GameModeConfig( 1522): isGameModeOn = false
06-29 03:41:23.915 I/GameModeConfig( 1522): isGameModeOn = false
06-29 03:41:23.915 I/GameModeConfig( 1522): isDisableVoice = true
06-29 03:41:23.934 D/ActivityThread(15349): Loading provider com.tencent.tmgp.sgame.XG_SETTINGS_PROVIDER: com.tencent.tpns.baseapi.base.SettingsContentProvider
06-29 03:41:23.941 D/CompatibilityChangeReporter( 1522): Compat change id reported: 135634846; UID 10092; state: DISABLED
06-29 03:41:23.941 D/CompatibilityChangeReporter( 1522): Compat change id reported: 177438394; UID 10092; state: DISABLED
06-29 03:41:23.941 D/CompatibilityChangeReporter( 1522): Compat change id reported: 135772972; UID 10092; state: DISABLED
06-29 03:41:23.941 D/CompatibilityChangeReporter( 1522): Compat change id reported: 135754954; UID 10092; state: DISABLED
06-29 03:41:23.941 D/CompatibilityChangeReporter( 1522): Compat change id reported: 143937733; UID 10092; state: DISABLED
06-29 03:41:23.948 I/ActivityManager( 1522): Start proc 15400:com.tencent.tmgp.sgame:xg_vip_service/u0a92 for service {com.tencent.tmgp.sgame/com.tencent.android.tpush.service.XGVipPushService}
06-29 03:41:23.961 I/[ 2497.511939] binder( 0): 15400:15400 ioctl 40046210 7fdcc9b894 returned -22
06-29 03:41:24.273 W/WindowManager( 1522): Failed looking up window session=Session{3bbd90c 15349:u0a10092} callers=com.android.server.wm.WindowManagerService.windowForClientLocked:5628 com.android.server.wm.Session.insetsModified:629 android.view.IWindowSession$Stub.onTransact:1151
06-29 03:41:24.280 W/WindowManager( 1522): Failed looking up window session=Session{3bbd90c 15349:u0a10092} callers=com.android.server.wm.WindowManagerService.windowForClientLocked:5628 com.android.server.wm.Session.insetsModified:629 android.view.IWindowSession$Stub.onTransact:1151
06-29 03:41:24.291 D/PowerManagerService( 1522): acquireWakeLockInternal: lock=112693264, flags=0x1, tag="AudioMix", ws=null, uid=1041, pid=0
06-29 03:41:24.291 D/PowerManagerService( 1522): updateWakeLockSummaryLocked: mWakefulness=Awake, mWakeLockSummary=0x1
06-29 03:41:24.291 D/PowerManagerService( 1522): updateUserActivitySummaryLocked: groupId=0, mWakefulness=Awake, mUserActivitySummary=0x1, nextTimeout=2557298 (in 59456 ms)
06-29 03:41:24.291 D/PowerManagerNotifier( 1522): onScreenPolicyUpdate: newPolicy=3
06-29 03:41:24.291 D/PowerManagerService( 1522): updateDisplayPowerStateLocked: displayReady=true, groupId=0, policy=BRIGHT, mWakefulness=Awake, mWakeLockSummary=0x1, mUserActivitySummary=0x1, mBootCompleted=true, screenBrightnessOverride=NaN, useAutoBrightness=false, mScreenBrightnessBoostInProgress=false, mIsVrModeEnabled= false, sQuiescent=false
06-29 03:41:24.291 D/PowerManagerNotifier( 1522): onWakeLockAcquired: flags=1, tag="AudioMix", packageName=audioserver, ownerUid=1041, ownerPid=0, workSource=null
06-29 03:41:24.291 D/PowerManagerService( 1522): acquireWakeLockInternal: lock=107833097, flags=0x1, tag="AudioMix", ws=null, uid=1041, pid=0
06-29 03:41:24.291 D/PowerManagerService( 1522): updateWakeLockSummaryLocked: mWakefulness=Awake, mWakeLockSummary=0x1
06-29 03:41:24.291 D/PowerManagerService( 1522): updateUserActivitySummaryLocked: groupId=0, mWakefulness=Awake, mUserActivitySummary=0x1, nextTimeout=2557298 (in 59456 ms)
06-29 03:41:24.291 D/PowerManagerNotifier( 1522): onScreenPolicyUpdate: newPolicy=3
06-29 03:41:24.291 D/PowerManagerService( 1522): updateDisplayPowerStateLocked: displayReady=true, groupId=0, policy=BRIGHT, mWakefulness=Awake, mWakeLockSummary=0x1, mUserActivitySummary=0x1, mBootCompleted=true, screenBrightnessOverride=NaN, useAutoBrightness=false, mScreenBrightnessBoostInProgress=false, mIsVrModeEnabled= false, sQuiescent=false
06-29 03:41:24.291 D/PowerManagerNotifier( 1522): onWakeLockAcquired: flags=1, tag="AudioMix", packageName=audioserver, ownerUid=1041, ownerPid=0, workSource=null
06-29 03:41:24.292 D/PowerManagerService( 1522): acquireWakeLockInternal: lock=200264974, flags=0x1, tag="AudioMix", ws=null, uid=1041, pid=0
06-29 03:41:24.292 D/PowerManagerService( 1522): updateWakeLockSummaryLocked: mWakefulness=Awake, mWakeLockSummary=0x1
06-29 03:41:24.292 D/PowerManagerService( 1522): updateUserActivitySummaryLocked: groupId=0, mWakefulness=Awake, mUserActivitySummary=0x1, nextTimeout=2557298 (in 59455 ms)
06-29 03:41:24.292 D/PowerManagerNotifier( 1522): onScreenPolicyUpdate: newPolicy=3
06-29 03:41:24.292 D/PowerManagerService( 1522): updateDisplayPowerStateLocked: displayReady=true, groupId=0, policy=BRIGHT, mWakefulness=Awake, mWakeLockSummary=0x1, mUserActivitySummary=0x1, mBootCompleted=true, screenBrightnessOverride=NaN, useAutoBrightness=false, mScreenBrightnessBoostInProgress=false, mIsVrModeEnabled= false, sQuiescent=false
06-29 03:41:24.292 D/PowerManagerNotifier( 1522): onWakeLockAcquired: flags=1, tag="AudioMix", packageName=audioserver, ownerUid=1041, ownerPid=0, workSource=null
06-29 03:41:24.292 D/PowerManagerService( 1522): updateWakeLockWorkSourceInternal: lock=112693264 [AudioMix], ws=null
06-29 03:41:24.292 D/PowerManagerService( 1522): updateWakeLockWorkSourceInternal: lock=107833097 [AudioMix], ws=null
06-29 03:41:24.292 D/PowerManagerService( 1522): updateWakeLockWorkSourceInternal: lock=200264974 [AudioMix], ws=null
06-29 03:41:24.292 D/PowerManagerService( 1522): acquireWakeLockInternal: lock=208192303, flags=0x1, tag="AudioMix", ws=null, uid=1041, pid=0
06-29 03:41:24.292 D/PowerManagerService( 1522): updateWakeLockSummaryLocked: mWakefulness=Awake, mWakeLockSummary=0x1
06-29 03:41:24.292 D/PowerManagerService( 1522): updateUserActivitySummaryLocked: groupId=0, mWakefulness=Awake, mUserActivitySummary=0x1, nextTimeout=2557298 (in 59455 ms)
06-29 03:41:24.292 D/PowerManagerNotifier( 1522): onScreenPolicyUpdate: newPolicy=3
06-29 03:41:24.292 D/PowerManagerService( 1522): updateDisplayPowerStateLocked: displayReady=true, groupId=0, policy=BRIGHT, mWakefulness=Awake, mWakeLockSummary=0x1, mUserActivitySummary=0x1, mBootCompleted=true, screenBrightnessOverride=NaN, useAutoBrightness=false, mScreenBrightnessBoostInProgress=false, mIsVrModeEnabled= false, sQuiescent=false
06-29 03:41:24.292 D/PowerManagerNotifier( 1522): onWakeLockAcquired: flags=1, tag="AudioMix", packageName=audioserver, ownerUid=1041, ownerPid=0, workSource=null
06-29 03:41:24.292 D/PowerManagerService( 1522): updateWakeLockWorkSourceInternal: lock=208192303 [AudioMix], ws=null
06-29 03:41:24.292 D/PowerManagerService( 1522): acquireWakeLockInternal: lock=158178620, flags=0x1, tag="AudioMix", ws=null, uid=1041, pid=0
06-29 03:41:24.292 D/PowerManagerService( 1522): updateWakeLockSummaryLocked: mWakefulness=Awake, mWakeLockSummary=0x1
06-29 03:41:24.292 D/PowerManagerService( 1522): updateUserActivitySummaryLocked: groupId=0, mWakefulness=Awake, mUserActivitySummary=0x1, nextTimeout=2557298 (in 59455 ms)
06-29 03:41:24.292 D/PowerManagerNotifier( 1522): onScreenPolicyUpdate: newPolicy=3
06-29 03:41:24.292 D/PowerManagerService( 1522): updateDisplayPowerStateLocked: displayReady=true, groupId=0, policy=BRIGHT, mWakefulness=Awake, mWakeLockSummary=0x1, mUserActivitySummary=0x1, mBootCompleted=true, screenBrightnessOverride=NaN, useAutoBrightness=false, mScreenBrightnessBoostInProgress=false, mIsVrModeEnabled= false, sQuiescent=false
06-29 03:41:24.292 D/PowerManagerNotifier( 1522): onWakeLockAcquired: flags=1, tag="AudioMix", packageName=audioserver, ownerUid=1041, ownerPid=0, workSource=null
06-29 03:41:24.293 D/PowerManagerService( 1522): updateWakeLockWorkSourceInternal: lock=158178620 [AudioMix], ws=null
06-29 03:41:24.298 I/[ 2497.849082] binder( 0): 15349:15398 ioctl 40046210 7239bff1f4 returned -22
06-29 03:41:24.323 I/MicroServiceManager( 1522): requestResult(requestAudioFocus) parameters is{"functionInfo":{"IDCM_AudioFocus":"AudioFocus_Media"}}.
06-29 03:41:24.332 I/[ 2497.882287] msm_vidc( 0): high: 00000001: ....d: Opening video instance: 0000000000000000, 1
06-29 03:41:24.332 I/[ 2497.882351] msm_vidc( 0): err : 00000001: ....d: Failed to create debugfs for msm_vidc
06-29 03:41:24.373 D/PowerManagerService( 1522): updateWakeLockWorkSourceInternal: lock=200264974 [AudioMix], ws=WorkSource{10092}
06-29 03:41:24.373 D/PowerManagerNotifier( 1522): onWakeLockReleased: flags=1, tag="AudioMix", packageName=audioserver, ownerUid=1041, ownerPid=0, workSource=null
06-29 03:41:24.373 D/PowerManagerNotifier( 1522): onWakeLockAcquired: flags=1, tag="AudioMix", packageName=audioserver, ownerUid=1041, ownerPid=0, workSource=WorkSource{10092}
06-29 03:41:24.377 I/[ 2497.928875] afe_find_cal_topo_id_by_port( 0): port id: 0x9000, dev_acdb_id: 15
06-29 03:41:24.377 I/[ 2497.928877] afe_find_cal_topo_id_by_port( 0): top_id:112fc acdb_id:15 afe_port_id:0x9000
06-29 03:41:24.377 I/[ 2497.928879] afe_get_cal_topology_id( 0): port_id = 0x9000 acdb_id = 15 topology_id = 0x112fc cal_type_index=8 ret=0
06-29 03:41:24.381 I/[ 2497.929095] afe_send_port_topology_id( 0): AFE set topology id 0x112fc enable for port 0x9000 ret 0
06-29 03:41:24.381 I/[ 2497.929096] send_afe_cal_type( 0): cal_index is 0
06-29 03:41:24.381 I/[ 2497.929097] send_afe_cal_type( 0): dev_acdb_id[55] is 15
06-29 03:41:24.381 I/[ 2497.929098] afe_find_cal( 0): cal_index 0 port_id 0x9000 port_index 55
06-29 03:41:24.381 I/[ 2497.929099] afe_find_cal( 0): acdb_id 15 dev_acdb_id 15 sample_rate 48000 afe_sample_rates 48000
06-29 03:41:24.381 I/[ 2497.929100] afe_find_cal( 0): cal block is a match, size is 0
06-29 03:41:24.381 I/[ 2497.929100] send_afe_cal_type( 0): Sending cal_index cal 0
06-29 03:41:24.381 E/[ 2497.929101] send_afe_cal_type( 0): No cal sent for cal_index 0, port_id = 0x9000! ret -22
06-29 03:41:24.381 I/[ 2497.929296] afe_send_hw_delay( 0): port_id 0x9000 rate 48000 delay_usec 474 status 0
06-29 03:41:24.460 W/FileUtils(15349): Failed to chmod(/data/user/0/com.tencent.mm/app_tbs): android.system.ErrnoException: chmod failed: EACCES (Permission denied)
06-29 03:41:24.460 W/FileUtils(15349): Failed to chmod(/data/user/0/com.tencent.mm/app_tbs_common_share): android.system.ErrnoException: chmod failed: EACCES (Permission denied)
06-29 03:41:24.467 W/FileUtils(15349): Failed to chmod(/data/user/0/com.tencent.mobileqq/app_tbs): android.system.ErrnoException: chmod failed: EACCES (Permission denied)
06-29 03:41:24.467 W/FileUtils(15349): Failed to chmod(/data/user/0/com.tencent.mobileqq/app_tbs_common_share): android.system.ErrnoException: chmod failed: EACCES (Permission denied)
06-29 03:41:24.493 D/PowerManagerService( 1522): acquireWakeLockInternal: lock=218282209, flags=0x1, tag="*alarm*", ws=WorkSource{1000}, uid=1000, pid=1522
06-29 03:41:24.493 D/PowerManagerService( 1522): updateWakeLockSummaryLocked: mWakefulness=Awake, mWakeLockSummary=0x1
06-29 03:41:24.493 D/PowerManagerService( 1522): updateUserActivitySummaryLocked: groupId=0, mWakefulness=Awake, mUserActivitySummary=0x1, nextTimeout=2557298 (in 59254 ms)
06-29 03:41:24.493 D/PowerManagerNotifier( 1522): onScreenPolicyUpdate: newPolicy=3
06-29 03:41:24.493 D/PowerManagerService( 1522): updateDisplayPowerStateLocked: displayReady=true, groupId=0, policy=BRIGHT, mWakefulness=Awake, mWakeLockSummary=0x1, mUserActivitySummary=0x1, mBootCompleted=true, screenBrightnessOverride=NaN, useAutoBrightness=false, mScreenBrightnessBoostInProgress=false, mIsVrModeEnabled= false, sQuiescent=false
06-29 03:41:24.493 D/PowerManagerNotifier( 1522): onWakeLockAcquired: flags=1, tag="*alarm*", packageName=android, ownerUid=1000, ownerPid=1522, workSource=WorkSource{1000}
06-29 03:41:24.494 D/PowerManagerService( 1522): releaseWakeLockInternal: lock=218282209 [*alarm*], flags=0x0
06-29 03:41:24.494 D/PowerManagerNotifier( 1522): onWakeLockReleased: flags=1, tag="*alarm*", packageName=android, ownerUid=1000, ownerPid=1522, workSource=WorkSource{1000}
06-29 03:41:24.494 D/PowerManagerService( 1522): updateWakeLockSummaryLocked: mWakefulness=Awake, mWakeLockSummary=0x1
06-29 03:41:24.494 D/PowerManagerService( 1522): updateUserActivitySummaryLocked: groupId=0, mWakefulness=Awake, mUserActivitySummary=0x1, nextTimeout=2557298 (in 59253 ms)
06-29 03:41:24.494 D/PowerManagerNotifier( 1522): onScreenPolicyUpdate: newPolicy=3
06-29 03:41:24.494 D/PowerManagerService( 1522): updateDisplayPowerStateLocked: displayReady=true, groupId=0, policy=BRIGHT, mWakefulness=Awake, mWakeLockSummary=0x1, mUserActivitySummary=0x1, mBootCompleted=true, screenBrightnessOverride=NaN, useAutoBrightness=false, mScreenBrightnessBoostInProgress=false, mIsVrModeEnabled= false, sQuiescent=false
06-29 03:41:24.497 E/wificond( 1206): NL80211_CMD_TRIGGER_SCAN failed: Device or resource busy
06-29 03:41:24.502 E/[ 2498.048353] [wifico][0xb2dd7e9c0][03( 0): 41:24.497316] wlan: [1206:E:HDD] __wlan_hdd_cfg80211_scan: 572: Scan not allowed. scan_ebusy_cnt: 469 Session 0 Reason 1
06-29 03:41:24.709 W/Looper (15225): Loop again would have the queued messages be executed before this one completed.
06-29 03:41:24.789 W/[ 2498.333820] audit( 0): audit_lost=22002 audit_rate_limit=5 audit_backlog_limit=64
06-29 03:41:24.789 E/[ 2498.333824] audit( 0): rate limit exceeded
06-29 03:41:24.905 E/PackageDexUsage( 1522): Unsupported context?
06-29 03:41:24.924 W/BroadcastQueue( 1522): Background execution not allowed: receiving Intent { act=android.media.AUDIO_BECOMING_NOISY flg=0x14000010 } to com.kugou.android.auto/.receiver.AutoStartReceiver
06-29 03:41:24.925 D/PowerManagerService( 1522): acquireWakeLockInternal: lock=126465943, flags=0x2000000a, tag="WindowManager", ws=WorkSource{10092}, uid=1000, pid=1522
06-29 03:41:24.925 D/PowerManagerService( 1522): updateWakeLockSummaryLocked: mWakefulness=Awake, mWakeLockSummary=0x23
06-29 03:41:24.925 D/PowerManagerService( 1522): updateUserActivitySummaryLocked: groupId=0, mWakefulness=Awake, mUserActivitySummary=0x1, nextTimeout=2557298 (in 58822 ms)
06-29 03:41:24.925 D/PowerManagerNotifier( 1522): onScreenPolicyUpdate: newPolicy=3
06-29 03:41:24.925 D/PowerManagerService( 1522): updateDisplayPowerStateLocked: displayReady=true, groupId=0, policy=BRIGHT, mWakefulness=Awake, mWakeLockSummary=0x23, mUserActivitySummary=0x1, mBootCompleted=true, screenBrightnessOverride=NaN, useAutoBrightness=false, mScreenBrightnessBoostInProgress=false, mIsVrModeEnabled= false, sQuiescent=false
06-29 03:41:24.925 D/PowerManagerNotifier( 1522): onWakeLockAcquired: flags=536870922, tag="WindowManager", packageName=android, ownerUid=1000, ownerPid=1522, workSource=WorkSource{10092}
06-29 03:41:24.927 I/MicroServiceManager( 1522): requestResult(requestAudioFocus) parameters is{"functionInfo":{"IDCM_AudioFocus":"AudioFocus_Media"}}.
06-29 03:41:24.975 D/PowerManagerService( 1522): releaseWakeLockInternal: lock=258975204 [*launch*], flags=0x0
06-29 03:41:24.975 D/PowerManagerNotifier( 1522): onWakeLockReleased: flags=1, tag="*launch*", packageName=android, ownerUid=1000, ownerPid=1522, workSource=WorkSource{10092}
06-29 03:41:24.975 D/PowerManagerService( 1522): updateWakeLockSummaryLocked: mWakefulness=Awake, mWakeLockSummary=0x23
06-29 03:41:24.975 D/PowerManagerService( 1522): updateUserActivitySummaryLocked: groupId=0, mWakefulness=Awake, mUserActivitySummary=0x1, nextTimeout=2557298 (in 58772 ms)
06-29 03:41:24.975 D/PowerManagerNotifier( 1522): onScreenPolicyUpdate: newPolicy=3
06-29 03:41:24.975 D/PowerManagerService( 1522): updateDisplayPowerStateLocked: displayReady=true, groupId=0, policy=BRIGHT, mWakefulness=Awake, mWakeLockSummary=0x23, mUserActivitySummary=0x1, mBootCompleted=true, screenBrightnessOverride=NaN, useAutoBrightness=false, mScreenBrightnessBoostInProgress=false, mIsVrModeEnabled= false, sQuiescent=false
06-29 03:41:25.376 I/GameModeConfig( 1522): isGameModeOn = false
06-29 03:41:25.376 I/GameModeConfig( 1522): isGameModeOn = false
06-29 03:41:25.376 I/GameModeConfig( 1522): isGameModeOn = false
06-29 03:41:25.376 I/GameModeConfig( 1522): isGameModeOn = false
06-29 03:41:25.377 I/GameModeConfig( 1522): isGameModeOn = false
06-29 03:41:25.377 I/GameModeConfig( 1522): isGameModeOn = false
06-29 03:41:25.381 I/GameModeConfig( 1522): isGameModeOn = false
06-29 03:41:25.381 I/GameModeConfig( 1522): isGameModeOn = false
06-29 03:41:25.381 I/GameModeConfig( 1522): isGameModeOn = false
06-29 03:41:25.381 I/GameModeConfig( 1522): isGameModeOn = false
06-29 03:41:25.381 I/GameModeConfig( 1522): isGameModeOn = false
06-29 03:41:25.381 I/GameModeConfig( 1522): isGameModeOn = false
06-29 03:41:25.528 W/BroadcastQueue( 1522): Background execution not allowed: receiving Intent { act=android.media.AUDIO_BECOMING_NOISY flg=0x14000010 } to com.kugou.android.auto/.receiver.AutoStartReceiver
06-29 03:41:25.620 I/GameModeConfig( 1522): isGameModeOn = false
06-29 03:41:25.620 I/GameModeConfig( 1522): isGameModeOn = false
06-29 03:41:25.620 I/GameModeConfig( 1522): isGameModeOn = false
06-29 03:41:25.620 I/GameModeConfig( 1522): isGameModeOn = false
06-29 03:41:25.620 I/GameModeConfig( 1522): isGameModeOn = false
06-29 03:41:25.620 I/GameModeConfig( 1522): isGameModeOn = false
06-29 03:41:25.624 W/ActivityManager( 1522): Receiver with filter android.content.IntentFilter@7cd2f71 already registered for pid 15225, callerPackage is com.smile.gifmaker
06-29 03:41:25.657 W/ActivityManager( 1522): Background start not allowed: service Intent { pkg=com.smile.gifmaker cmp=com.smile.gifmaker/com.kwai.chat.kwailink.service.NewKwaiLinkService } to com.smile.gifmaker/com.kwai.chat.kwailink.service.NewKwaiLinkService from pid=15225 uid=10105 pkg=com.smile.gifmaker startFg?=false
06-29 03:41:25.659 D/CompatibilityChangeReporter( 1522): Compat change id reported: 135634846; UID 10105; state: DISABLED
06-29 03:41:25.660 D/CompatibilityChangeReporter( 1522): Compat change id reported: 143937733; UID 10105; state: DISABLED
06-29 03:41:25.663 I/ActivityManager( 1522): Start proc 15836:com.smile.gifmaker:messagesdk/u0a105 for service {com.smile.gifmaker/com.kwai.chat.kwailink.service.NewKwaiLinkService}
06-29 03:41:25.672 I/[ 2499.221045] binder( 0): 15836:15836 ioctl 40046210 ffb15498 returned -22
06-29 03:41:25.673 D/CompatibilityChangeReporter( 1522): Compat change id reported: 168419799; UID 10105; state: DISABLED
06-29 03:41:25.752 W/[ 2499.296057] [schedu][0xb2f4573ac][03( 0): 41:25.745022] wlan: [3371:W:PE] lim_process_sae_auth_timeout: 112: SAE auth timeout sessionid 0 mlmstate 1D SmeState 4
06-29 03:41:25.752 E/[ 2499.296090] [schedu][0xb2f457665][03( 0): 41:25.745058] wlan: [3371:E:PE] lim_process_mlm_auth_cnf: 558: Auth Failure occurred
06-29 03:41:25.752 I/[ 2499.296108] [schedu][0xb2f4577ce][03( 0): 41:25.745077] wlan: [3371:I:PE] Deauth TX: vdev 0 seq_num 3782 reason 65530 waitForAck 0 to 04:d9:f5:fb:09:94 from a2:d7:5b:b4:b7:af
06-29 03:41:25.758 W/[ 2499.308460] [schedu][0xb2f491619][03( 0): 41:25.757428] wlan: [3371:W:SME] csr_roam_join_rsp_processor: 9876: SmeJoinReq failed with status_code= 0x000001FD [509] reason:65530
06-29 03:41:25.758 W/[ 2499.308517] [schedu][0xb2f491a75][03( 0): 41:25.757486] wlan: [3371:W:HDD] hdd_get_rssi_snr_by_bssid: 17749: sme_get_rssi_snr_by_bssid failed
06-29 03:41:25.758 E/[ 2499.308521] [schedu][0xb2f491ac1][03( 0): 41:25.757490] wlan: [3371:E:HDD] hdd_association_completion_handler: 3712: wlan0(vdevid-0): connection failed with 04:d9:f5:fb:09:94 result: 3 and Status: 7
06-29 03:41:25.758 W/[ 2499.308558] [schedu][0xb2f491d8f][03( 0): 41:25.757527] wlan: [3371:W:HDD] hdd_get_rssi_snr_by_bssid: 17749: sme_get_rssi_snr_by_bssid failed
06-29 03:41:25.758 E/[ 2499.308566] [schedu][0xb2f491ddc][03( 0): 41:25.757531] wlan: [3371:E:HDD] hdd_association_completion_handler: 3712: wlan0(vdevid-0): connection failed with 04:d9:f5:fb:09:94 result: 1 and Status: 9
06-29 03:41:25.758 E/[ 2499.308590] [schedu][0xb2f491fef][03( 0): 41:25.757559] wlan: [3371:E:HDD] hdd_association_completion_handler: 3784: send connect failure to nl80211: for bssid 04:d9:f5:fb:09:94 result: 1 and Status: 9 reasoncode: 65530
06-29 03:41:25.757 I/wificond( 1206): Connect timeout
06-29 03:41:25.793 I/[ 2499.333060] logd( 0): logdr: UID=1000 GID=1000 PID=15854 n tail=127 logMask=19 pid=0 start=0ns deadline=0ns
06-29 03:41:25.800 D/android.hardware.wifi@1.0-service( 828): Successfully SetMacAddress.
06-29 03:41:25.942 I/[ 2499.348327] [schedu][0xb2f54c420][03( 0): 41:25.797295] wlan: [3371:I:HIF] Deinitializing Runtime PM wakelock &vdev->vdev_set_key_runtime_wakelock
06-29 03:41:25.942 I/[ 2499.348511] [schedu][0xb2f54d1e7][03( 0): 41:25.797478] wlan: [3371:I:HIF] Initializing Runtime PM wakelock &vdev->vdev_set_key_runtime_wakelock
06-29 03:41:25.942 I/[ 2499.351938] [wifi@1][0xb2f55d2f6][03( 0): 41:25.800906] wlan: [828:I:DP] dp_vdev_attach_wifi3: wlan_cfg_ap_bridge_enabled 0
06-29 03:41:25.942 E/[ 2499.357397] [wifi@1][0xb2f576c2b][03( 0): 41:25.806362] wlan: [3455:E:wifipos] wifi_pos_process_app_reg_req: 608: Received App Req Req pid(-398458052), len(16)
06-29 03:41:25.942 I/[ 2499.357620] [wifi@1][0xb2f577d10][03( 0): 41:25.806587] wlan: [3455:I:wifipos] wifi_pos_get_ch_info: 461: num channels: 26
06-29 03:41:25.942 I/[ 2499.357778] [wifi@1][0xb2f5788eb][03( 0): 41:25.806745] wlan: [3455:I:wifipos] wifi_pos_get_ch_info: 461: num channels: 26
06-29 03:41:26.009 E/[ 2499.552084] link_delay_work_func( 0): DTC_ETH: SQI=0, link=0
06-29 03:41:26.038 I/[ 2499.552966] [schedu][0xb2f90b7c8][03( 0): 41:26.001930] wlan: [3371:I:OSIF] scan start scan id 41274
06-29 03:41:25.964 I/GameModeConfig( 1522): isGameModeOn = false
06-29 03:41:26.073 E/android.hardware.wifi@1.0-service( 828): create file failed: Permission denied
