06-29 03:39:23.356 D/PowerManagerNotifier( 1522): onScreenPolicyUpdate: newPolicy=3
06-29 03:39:23.356 D/PowerManagerService( 1522): updateDisplayPowerStateLocked: displayReady=true, groupId=0, policy=BRIGHT, mWakefulness=Awake, mWakeLockSummary=0x1, mUserActivitySummary=0x1, mBootCompleted=true, screenBrightnessOverride=NaN, useAutoBrightness=false, mScreenBrightnessBoostInProgress=false, mIsVrModeEnabled= false, sQuiescent=false
06-29 03:39:23.357 I/[ 2376.908142] [schedu][0xaa3359e20][03( 0): 39:23.357108] wlan: [3371:I:PE] Auth TX: seq 1 seq num 3287 status 0 WEP 0 to 04:d9:f5:fb:09:94
06-29 03:39:23.359 D/PowerManagerService( 1522): updateWakeLockWorkSourceInternal: lock=258975204 [*launch*], ws=WorkSource{10072}
06-29 03:39:23.359 D/PowerManagerNotifier( 1522): onWakeLockChanging: flags=1, tag="*launch*", packageName=android, ownerUid=1000, ownerPid=1522, workSource=WorkSource{10072}
06-29 03:39:23.359 I/ActivityTaskManager( 1522): FOREGROUND_APPLICATION_CHANGED to com.android.launcher3.uioverrides.QuickstepLauncher
06-29 03:39:23.362 W/ActivityTaskManager( 1522): Can't find TaskDisplayArea to determine support for multi window. Task id=78 attached=false
06-29 03:39:23.362 W/ActivityTaskManager( 1522): Can't find TaskDisplayArea to determine support for multi window. Task id=78 attached=false
06-29 03:39:23.363 W/ProcessStats( 1522): Tracking association SourceState{562fd4e com.tencent.android.qqdownloader:live/10115 BTopFgs #11091} whose proc state 2 is better than process ProcessState{7d9de82 com.tencent.android.qqdownloader:daemon/10115 pkg=com.tencent.android.qqdownloader} proc state 3 (51 skipped)
06-29 03:39:23.363 W/ActivityManager( 1522): setHasOverlayUi called on unknown pid: 10797
06-29 03:39:23.365 I/[ 2376.914809] [schedu][0xaa337923f][03( 0): 39:23.363776] wlan: [3371:I:PE] Auth TX: fail
06-29 03:39:23.366 D/CompatibilityChangeReporter( 1522): Compat change id reported: 135634846; UID 10122; state: DISABLED
06-29 03:39:23.366 D/CompatibilityChangeReporter( 1522): Compat change id reported: 177438394; UID 10122; state: DISABLED
06-29 03:39:23.366 D/CompatibilityChangeReporter( 1522): Compat change id reported: 135772972; UID 10122; state: DISABLED
06-29 03:39:23.366 W/ContextImpl( 2050): Calling a method in the system process without a qualified user: android.app.ContextImpl.startService:1816 android.content.ContextWrapper.startService:774 com.thundercomm.gamemode.ingame.services.GameModeActionUtils.startGameModeService:118 com.thundercomm.gamemode.ingame.services.GameModeActionUtils.startGameModeEntry:29 com.thundercomm.gamemode.ingame.services.ActivityMonitoringService$1.onActivityLaunch:140
06-29 03:39:23.366 D/CompatibilityChangeReporter( 1522): Compat change id reported: 143937733; UID 10122; state: ENABLED
06-29 03:39:23.366 D/CompatibilityChangeReporter( 1522): Compat change id reported: 135634846; UID 10026; state: DISABLED
06-29 03:39:23.366 D/CompatibilityChangeReporter( 1522): Compat change id reported: 177438394; UID 10026; state: DISABLED
06-29 03:39:23.366 D/CompatibilityChangeReporter( 1522): Compat change id reported: 135772972; UID 10026; state: DISABLED
06-29 03:39:23.366 D/CompatibilityChangeReporter( 1522): Compat change id reported: 135754954; UID 10026; state: ENABLED
06-29 03:39:23.367 D/CompatibilityChangeReporter( 1522): Compat change id reported: 135634846; UID 10104; state: DISABLED
06-29 03:39:23.367 D/CompatibilityChangeReporter( 1522): Compat change id reported: 177438394; UID 10104; state: DISABLED
06-29 03:39:23.367 D/CompatibilityChangeReporter( 1522): Compat change id reported: 135772972; UID 10104; state: DISABLED
06-29 03:39:23.367 D/CompatibilityChangeReporter( 1522): Compat change id reported: 135754954; UID 10104; state: DISABLED
06-29 03:39:23.367 D/CompatibilityChangeReporter( 1522): Compat change id reported: 135634846; UID 10105; state: DISABLED
06-29 03:39:23.371 I/ActivityManager( 1522): Start proc 11520:com.xingin.xhs/u0a122 for null
06-29 03:39:23.372 I/GameModeConfig( 1522): Current uri is uri = content://com.thundercomm.gamemode.api/gamemode_settings/gamemode_isgaming
06-29 03:39:23.373 D/CompatibilityChangeReporter( 1522): Compat change id reported: 143937733; UID 10026; state: ENABLED
06-29 03:39:23.374 I/GameModeConfig( 1522): isGameModeOn = true
06-29 03:39:23.374 I/GameModeConfig( 1522): isGaming = false
06-29 03:39:23.374 I/GameModeConfig( 1522): isGameModeOn = true
06-29 03:39:23.374 I/GameModeConfig( 1522): isGaming = false
06-29 03:39:23.374 I/GameModeConfig( 1522): isDisableVoice = true
06-29 03:39:23.378 I/ActivityManager( 1522): Start proc 11521:com.microsoft.emmx/u0a26 for null
06-29 03:39:23.378 D/CompatibilityChangeReporter( 1522): Compat change id reported: 143937733; UID 10104; state: DISABLED
06-29 03:39:23.381 W/[ 2376.932058] ALERT( 0): changing window size from 8000000 to 16000000 at 2376932037789
06-29 03:39:23.384 I/ActivityManager( 1522): Start proc 11528:com.kugou.android.auto/u0a104 for null
06-29 03:39:23.384 I/[ 2376.935497] binder( 0): 11520:11520 ioctl 40046210 7fdcc9b894 returned -22
06-29 03:39:23.384 D/CompatibilityChangeReporter( 1522): Compat change id reported: 143937733; UID 10105; state: DISABLED
06-29 03:39:23.388 I/ActivityManager( 1522): Start proc 11547:com.smile.gifmaker/u0a105 for null
06-29 03:39:23.389 I/[ 2376.938475] binder( 0): 11521:11521 ioctl 40046210 7fdcc9b894 returned -22
06-29 03:39:23.391 D/CompatibilityChangeReporter( 1522): Compat change id reported: 168419799; UID 10026; state: DISABLED
06-29 03:39:23.398 D/CompatibilityChangeReporter( 1522): Compat change id reported: 168419799; UID 10122; state: DISABLED
06-29 03:39:23.401 I/[ 2376.950864] binder( 0): 11547:11547 ioctl 40046210 ffb15498 returned -22
06-29 03:39:23.401 I/[ 2376.950873] binder( 0): 11528:11528 ioctl 40046210 7fdcc9b894 returned -22
06-29 03:39:23.407 D/CompatibilityChangeReporter( 1522): Compat change id reported: 168419799; UID 10104; state: DISABLED
06-29 03:39:23.409 D/PowerManagerService( 1522): releaseWakeLockInternal: lock=258975204 [*launch*], flags=0x0
06-29 03:39:23.409 D/PowerManagerNotifier( 1522): onWakeLockReleased: flags=1, tag="*launch*", packageName=android, ownerUid=1000, ownerPid=1522, workSource=WorkSource{10072}
06-29 03:39:23.409 D/PowerManagerService( 1522): updateWakeLockSummaryLocked: mWakefulness=Awake, mWakeLockSummary=0x1
06-29 03:39:23.409 D/PowerManagerService( 1522): updateUserActivitySummaryLocked: groupId=0, mWakefulness=Awake, mUserActivitySummary=0x1, nextTimeout=2436804 (in 59844 ms)
06-29 03:39:23.409 D/PowerManagerNotifier( 1522): onScreenPolicyUpdate: newPolicy=3
06-29 03:39:23.409 D/PowerManagerService( 1522): updateDisplayPowerStateLocked: displayReady=true, groupId=0, policy=BRIGHT, mWakefulness=Awake, mWakeLockSummary=0x1, mUserActivitySummary=0x1, mBootCompleted=true, screenBrightnessOverride=NaN, useAutoBrightness=false, mScreenBrightnessBoostInProgress=false, mIsVrModeEnabled= false, sQuiescent=false
06-29 03:39:23.412 D/CompatibilityChangeReporter( 1522): Compat change id reported: 168419799; UID 10105; state: DISABLED
06-29 03:39:23.413 I/ActivityManager( 1522): Killing 11528:com.kugou.android.auto/u0a104 (adj 915): empty #2
06-29 03:39:23.414 I/ActivityManager( 1522): Killing 11520:com.xingin.xhs/u0a122 (adj 925): empty #3
06-29 03:39:23.414 I/ActivityManager( 1522): Killing 11521:com.microsoft.emmx/u0a26 (adj 935): empty #4
06-29 03:39:23.414 I/ActivityManager( 1522): Killing 11256:com.smile.gifmaker:messagesdk/u0a105 (adj 945): empty #5
06-29 03:39:23.429 I/[ 2376.968088] [schedu][0xaa3472e37][03( 0): 39:23.417056] wlan: [3371:I:PE] Auth TX: seq 1 seq num 3288 status 0 WEP 0 to 04:d9:f5:fb:09:94
06-29 03:39:23.477 I/[ 2377.028085] [schedu][0xaa358c1e0][03( 0): 39:23.477051] wlan: [3371:I:PE] Auth TX: seq 1 seq num 3289 status 0 WEP 0 to 04:d9:f5:fb:09:94
06-29 03:39:23.537 I/[ 2377.088059] [schedu][0xaa36a53fd][03( 0): 39:23.537026] wlan: [3371:I:PE] Auth TX: seq 1 seq num 3290 status 0 WEP 0 to 04:d9:f5:fb:09:94
06-29 03:39:23.597 I/[ 2377.148068] [schedu][0xaa37be8b2][03( 0): 39:23.597035] wlan: [3371:I:PE] Auth TX: seq 1 seq num 3291 status 0 WEP 0 to 04:d9:f5:fb:09:94
06-29 03:39:23.663 I/[ 2377.208069] [schedu][0xaa38d7ccf][03( 0): 39:23.657037] wlan: [3371:I:PE] Auth TX: seq 1 seq num 3292 status 0 WEP 0 to 04:d9:f5:fb:09:94
06-29 03:39:23.721 I/[ 2377.268072] [schedu][0xaa39f10f2][03( 0): 39:23.717039] wlan: [3371:I:PE] Auth TX: seq 1 seq num 3293 status 0 WEP 0 to 04:d9:f5:fb:09:94
06-29 03:39:23.779 I/[ 2377.328062] [schedu][0xaa3b0a439][03( 0): 39:23.777029] wlan: [3371:I:PE] Auth TX: seq 1 seq num 3294 status 0 WEP 0 to 04:d9:f5:fb:09:94
06-29 03:39:23.833 W/Looper (11547): Loop again would have the queued messages be executed before this one completed.
06-29 03:39:23.837 I/[ 2377.388061] [schedu][0xaa3c23822][03( 0): 39:23.837028] wlan: [3371:I:PE] Auth TX: seq 1 seq num 3295 status 0 WEP 0 to 04:d9:f5:fb:09:94
06-29 03:39:23.904 I/[ 2377.448067] [schedu][0xaa3d3cc97][03( 0): 39:23.897034] wlan: [3371:I:PE] Auth TX: seq 1 seq num 3296 status 0 WEP 0 to 04:d9:f5:fb:09:94
06-29 03:39:23.904 I/[ 2377.454211] [schedu][0xaa3d5997b][03( 0): 39:23.903179] wlan: [3371:I:PE] Auth TX: fail
06-29 03:39:23.959 I/[ 2377.508069] [schedu][0xaa3e560b9][03( 0): 39:23.957036] wlan: [3371:I:PE] Auth TX: seq 1 seq num 3297 status 0 WEP 0 to 04:d9:f5:fb:09:94
06-29 03:39:24.021 I/[ 2377.568062] [schedu][0xaa3f6f43b][03( 0): 39:24.017029] wlan: [3371:I:PE] Auth TX: seq 1 seq num 3298 status 0 WEP 0 to 04:d9:f5:fb:09:94
06-29 03:39:24.085 I/[ 2377.628049] [schedu][0xaa4088740][03( 0): 39:24.077016] wlan: [3371:I:PE] Auth TX: seq 1 seq num 3299 status 0 WEP 0 to 04:d9:f5:fb:09:94
06-29 03:39:24.137 I/[ 2377.688059] [schedu][0xaa41a1ba4][03( 0): 39:24.137021] wlan: [3371:I:PE] Auth TX: seq 1 seq num 3300 status 0 WEP 0 to 04:d9:f5:fb:09:94
06-29 03:39:24.209 I/[ 2377.748155] [schedu][0xaa42bb72a][03( 0): 39:24.197122] wlan: [3371:I:PE] Auth TX: seq 1 seq num 3301 status 0 WEP 0 to 04:d9:f5:fb:09:94
06-29 03:39:24.242 W/[ 2377.792103] [schedu][0xaa4389733][03( 0): 39:24.241069] wlan: [3371:W:PE] lim_process_auth_failure_timeout: 1777: received AUTH failure timeout in sessionid 0 limMlmstate 5 limSmeState 4
06-29 03:39:24.242 E/[ 2377.792130] [schedu][0xaa4389976][03( 0): 39:24.241099] wlan: [3371:E:PE] lim_process_mlm_auth_cnf: 558: Auth Failure occurred
06-29 03:39:24.242 I/[ 2377.792147] [schedu][0xaa4389ac8][03( 0): 39:24.241117] wlan: [3371:I:PE] Deauth TX: vdev 0 seq_num 3302 reason 65530 waitForAck 0 to 04:d9:f5:fb:09:94 from a2:d7:5b:b4:b7:af
06-29 03:39:24.253 W/[ 2377.803774] [schedu][0xaa43c02ad][03( 0): 39:24.252742] wlan: [3371:W:SME] csr_roam_join_rsp_processor: 9876: SmeJoinReq failed with status_code= 0x000001FD [509] reason:65530
06-29 03:39:24.253 W/[ 2377.803852] [schedu][0xaa43c08a9][03( 0): 39:24.252822] wlan: [3371:W:HDD] hdd_get_rssi_snr_by_bssid: 17749: sme_get_rssi_snr_by_bssid failed
06-29 03:39:24.253 E/[ 2377.803856] [schedu][0xaa43c08f0][03( 0): 39:24.252825] wlan: [3371:E:HDD] hdd_association_completion_handler: 3712: wlan0(vdevid-0): connection failed with 04:d9:f5:fb:09:94 result: 3 and Status: 7
06-29 03:39:24.253 W/[ 2377.803892] [schedu][0xaa43c0ba0][03( 0): 39:24.252861] wlan: [3371:W:HDD] hdd_get_rssi_snr_by_bssid: 17749: sme_get_rssi_snr_by_bssid failed
06-29 03:39:24.253 E/[ 2377.803896] [schedu][0xaa43c0be5][03( 0): 39:24.252865] wlan: [3371:E:HDD] hdd_association_completion_handler: 3712: wlan0(vdevid-0): connection failed with 04:d9:f5:fb:09:94 result: 1 and Status: 9
06-29 03:39:24.253 E/[ 2377.803921] [schedu][0xaa43c0dce][03( 0): 39:24.252890] wlan: [3371:E:HDD] hdd_association_completion_handler: 3784: send connect failure to nl80211: for bssid 04:d9:f5:fb:09:94 result: 1 and Status: 9 reasoncode: 65530
06-29 03:39:24.253 I/wificond( 1206): Connect timeout
06-29 03:39:24.293 I/[ 2377.837525] logd( 0): logdr: UID=1000 GID=1000 PID=11663 n tail=127 logMask=19 pid=0 start=0ns deadline=0ns
06-29 03:39:24.333 I/[ 2377.844233] [schedu][0xaa447dd10][03( 0): 39:24.293200] wlan: [3371:I:HIF] Deinitializing Runtime PM wakelock &vdev->vdev_set_key_runtime_wakelock
06-29 03:39:24.333 I/[ 2377.844434] [schedu][0xaa447ec2f][03( 0): 39:24.293402] wlan: [3371:I:HIF] Initializing Runtime PM wakelock &vdev->vdev_set_key_runtime_wakelock
06-29 03:39:24.333 I/[ 2377.847348] [wifi@1][0xaa448c6b2][03( 0): 39:24.296316] wlan: [828:I:DP] dp_vdev_attach_wifi3: wlan_cfg_ap_bridge_enabled 0
06-29 03:39:24.333 E/[ 2377.854578] [wifi@1][0xaa44ae4d8][03( 0): 39:24.303544] wlan: [3455:E:wifipos] wifi_pos_process_app_reg_req: 608: Received App Req Req pid(-398458052), len(16)
06-29 03:39:24.333 I/[ 2377.854768] [wifi@1][0xaa44af33f][03( 0): 39:24.303736] wlan: [3455:I:wifipos] wifi_pos_get_ch_info: 461: num channels: 26
06-29 03:39:24.333 I/[ 2377.854910] [wifi@1][0xaa44afdd7][03( 0): 39:24.303877] wlan: [3455:I:wifipos] wifi_pos_get_ch_info: 461: num channels: 26
06-29 03:39:24.296 D/android.hardware.wifi@1.0-service( 828): Successfully SetMacAddress.
06-29 03:39:24.361 W/Looper (11547): Loop again would have the queued messages be executed before this one completed.
06-29 03:39:24.397 I/[ 2377.944391] logd( 0): logdr: UID=1000 GID=1000 PID=11672 n tail=127 logMask=80 pid=0 start=0ns deadline=0ns
06-29 03:39:24.454 I/GameModeConfig( 1522): isGameModeOn = true
06-29 03:39:24.454 I/GameModeConfig( 1522): isGaming = false
06-29 03:39:24.461 E/android.hardware.wifi@1.0-service( 828): create file failed: Permission denied
06-29 03:39:24.461 E/android.hardware.wifi@1.0-service( 828): Error writing files to flash
06-29 03:39:24.479 I/[ 2378.028870] [schedu][0xaa47df4d5][03( 0): 39:24.477837] wlan: [3371:I:OSIF] scan start scan id 41246
06-29 03:39:24.636 E/PackageDexUsage( 1522): Unsupported context?
06-29 03:39:24.861 I/GameModeConfig( 1522): isGameModeOn = true
06-29 03:39:24.861 I/GameModeConfig( 1522): isGaming = false
06-29 03:39:24.998 D/PowerManagerService( 1522): acquireWakeLockInternal: lock=218282209, flags=0x1, tag="*alarm*", ws=WorkSource{1000}, uid=1000, pid=1522
06-29 03:39:24.998 D/PowerManagerService( 1522): updateWakeLockSummaryLocked: mWakefulness=Awake, mWakeLockSummary=0x1
06-29 03:39:24.998 D/PowerManagerService( 1522): updateUserActivitySummaryLocked: groupId=0, mWakefulness=Awake, mUserActivitySummary=0x1, nextTimeout=2436804 (in 58255 ms)
06-29 03:39:24.998 D/PowerManagerNotifier( 1522): onScreenPolicyUpdate: newPolicy=3
06-29 03:39:24.998 D/PowerManagerService( 1522): updateDisplayPowerStateLocked: displayReady=true, groupId=0, policy=BRIGHT, mWakefulness=Awake, mWakeLockSummary=0x1, mUserActivitySummary=0x1, mBootCompleted=true, screenBrightnessOverride=NaN, useAutoBrightness=false, mScreenBrightnessBoostInProgress=false, mIsVrModeEnabled= false, sQuiescent=false
06-29 03:39:24.998 D/PowerManagerNotifier( 1522): onWakeLockAcquired: flags=1, tag="*alarm*", packageName=android, ownerUid=1000, ownerPid=1522, workSource=WorkSource{1000}
06-29 03:39:24.998 D/PowerManagerService( 1522): releaseWakeLockInternal: lock=218282209 [*alarm*], flags=0x0
06-29 03:39:24.998 D/PowerManagerNotifier( 1522): onWakeLockReleased: flags=1, tag="*alarm*", packageName=android, ownerUid=1000, ownerPid=1522, workSource=WorkSource{1000}
06-29 03:39:24.998 D/PowerManagerService( 1522): updateWakeLockSummaryLocked: mWakefulness=Awake, mWakeLockSummary=0x1
06-29 03:39:24.998 D/PowerManagerService( 1522): updateUserActivitySummaryLocked: groupId=0, mWakefulness=Awake, mUserActivitySummary=0x1, nextTimeout=2436804 (in 58255 ms)
06-29 03:39:24.998 D/PowerManagerNotifier( 1522): onScreenPolicyUpdate: newPolicy=3
06-29 03:39:24.998 D/PowerManagerService( 1522): updateDisplayPowerStateLocked: displayReady=true, groupId=0, policy=BRIGHT, mWakefulness=Awake, mWakeLockSummary=0x1, mUserActivitySummary=0x1, mBootCompleted=true, screenBrightnessOverride=NaN, useAutoBrightness=false, mScreenBrightnessBoostInProgress=false, mIsVrModeEnabled= false, sQuiescent=false
06-29 03:39:25.065 I/GameModeConfig( 1522): isGameModeOn = true
06-29 03:39:25.065 I/GameModeConfig( 1522): isGaming = false
06-29 03:39:25.065 I/GameModeConfig( 1522): isGameModeOn = true
06-29 03:39:25.065 I/GameModeConfig( 1522): isGaming = false
06-29 03:39:25.065 I/GameModeConfig( 1522): isGameModeOn = true
06-29 03:39:25.065 I/GameModeConfig( 1522): isGaming = false
06-29 03:39:25.065 I/GameModeConfig( 1522): isGameModeOn = true
06-29 03:39:25.065 I/GameModeConfig( 1522): isGaming = false
06-29 03:39:25.065 I/GameModeConfig( 1522): isGameModeOn = true
06-29 03:39:25.065 I/GameModeConfig( 1522): isGaming = false
06-29 03:39:25.065 I/GameModeConfig( 1522): isGameModeOn = true
06-29 03:39:25.065 I/GameModeConfig( 1522): isGaming = false
06-29 03:39:25.065 I/GameModeConfig( 1522): isGameModeOn = true
06-29 03:39:25.065 I/GameModeConfig( 1522): isGaming = false
06-29 03:39:25.066 I/GameModeConfig( 1522): isGameModeOn = true
06-29 03:39:25.066 I/GameModeConfig( 1522): isGaming = false
06-29 03:39:25.066 I/GameModeConfig( 1522): isGameModeOn = true
06-29 03:39:25.066 I/GameModeConfig( 1522): isGaming = false
06-29 03:39:25.066 I/GameModeConfig( 1522): isGameModeOn = true
06-29 03:39:25.066 I/GameModeConfig( 1522): isGaming = false
06-29 03:39:25.066 I/GameModeConfig( 1522): isGameModeOn = true
06-29 03:39:25.066 I/GameModeConfig( 1522): isGaming = false
06-29 03:39:25.067 I/GameModeConfig( 1522): isGameModeOn = true
06-29 03:39:25.067 I/GameModeConfig( 1522): isGaming = false
06-29 03:39:25.067 I/GameModeConfig( 1522): isGameModeOn = true
06-29 03:39:25.067 I/GameModeConfig( 1522): isGaming = false
06-29 03:39:25.067 I/GameModeConfig( 1522): isGameModeOn = true
06-29 03:39:25.067 I/GameModeConfig( 1522): isGaming = false
06-29 03:39:25.173 E/[ 2378.720034] msm_pcm_playback_close( 0): CMD_EOS failed, cmd_pending 0x8
06-29 03:39:25.181 I/[ 2378.725998] afe_close( 0): port_id = 0x9000
06-29 03:39:25.233 W/ActivityManager( 1522): Receiver with filter android.content.IntentFilter@a685789 already registered for pid 11547, callerPackage is com.smile.gifmaker
06-29 03:39:25.245 W/ActivityManager( 1522): Background start not allowed: service Intent { pkg=com.smile.gifmaker cmp=com.smile.gifmaker/com.kwai.chat.kwailink.service.NewKwaiLinkService } to com.smile.gifmaker/com.kwai.chat.kwailink.service.NewKwaiLinkService from pid=11547 uid=10105 pkg=com.smile.gifmaker startFg?=false
06-29 03:39:25.249 D/CompatibilityChangeReporter( 1522): Compat change id reported: 135634846; UID 10105; state: DISABLED
06-29 03:39:25.261 I/[ 2378.796120] afe_find_cal_topo_id_by_port( 0): port id: 0x9000, dev_acdb_id: 15
06-29 03:39:25.261 I/[ 2378.796122] afe_find_cal_topo_id_by_port( 0): top_id:112fc acdb_id:15 afe_port_id:0x9000
06-29 03:39:25.261 I/[ 2378.796123] afe_get_cal_topology_id( 0): port_id = 0x9000 acdb_id = 15 topology_id = 0x112fc cal_type_index=8 ret=0
06-29 03:39:25.261 I/[ 2378.796365] afe_send_port_topology_id( 0): AFE set topology id 0x112fc enable for port 0x9000 ret 0
06-29 03:39:25.261 I/[ 2378.796367] send_afe_cal_type( 0): cal_index is 0
06-29 03:39:25.261 I/[ 2378.796368] send_afe_cal_type( 0): dev_acdb_id[55] is 15
06-29 03:39:25.261 I/[ 2378.796369] afe_find_cal( 0): cal_index 0 port_id 0x9000 port_index 55
06-29 03:39:25.261 I/[ 2378.796370] afe_find_cal( 0): acdb_id 15 dev_acdb_id 15 sample_rate 48000 afe_sample_rates 48000
06-29 03:39:25.261 I/[ 2378.796371] afe_find_cal( 0): cal block is a match, size is 0
06-29 03:39:25.261 I/[ 2378.796372] send_afe_cal_type( 0): Sending cal_index cal 0
06-29 03:39:25.261 E/[ 2378.796373] send_afe_cal_type( 0): No cal sent for cal_index 0, port_id = 0x9000! ret -22
06-29 03:39:25.261 I/[ 2378.796559] afe_send_hw_delay( 0): port_id 0x9000 rate 48000 delay_usec 474 status 0
06-29 03:39:25.261 I/[ 2378.810977] binder( 0): 11721:11721 ioctl 40046210 ffb15498 returned -22
06-29 03:39:25.250 D/CompatibilityChangeReporter( 1522): Compat change id reported: 143937733; UID 10105; state: DISABLED
06-29 03:39:25.253 I/ActivityManager( 1522): Start proc 11721:com.smile.gifmaker:messagesdk/u0a105 for service {com.smile.gifmaker/com.kwai.chat.kwailink.service.NewKwaiLinkService}
06-29 03:39:25.287 D/PowerManagerService( 1522): updateWakeLockWorkSourceInternal: lock=10567494 [AudioMix], ws=null
06-29 03:39:25.287 D/PowerManagerNotifier( 1522): onWakeLockReleased: flags=1, tag="AudioMix", packageName=audioserver, ownerUid=1041, ownerPid=0, workSource=WorkSource{10092}
06-29 03:39:25.287 D/PowerManagerNotifier( 1522): onWakeLockAcquired: flags=1, tag="AudioMix", packageName=audioserver, ownerUid=1041, ownerPid=0, workSource=null
06-29 03:39:25.404 I/GameModeConfig( 1522): isGameModeOn = true
06-29 03:39:25.404 I/GameModeConfig( 1522): isGaming = false
06-29 03:39:25.404 I/GameModeConfig( 1522): isGameModeOn = true
06-29 03:39:25.404 I/GameModeConfig( 1522): isGaming = false
06-29 03:39:25.404 I/GameModeConfig( 1522): isGameModeOn = true
06-29 03:39:25.404 I/GameModeConfig( 1522): isGaming = false
06-29 03:39:25.404 I/GameModeConfig( 1522): isGameModeOn = true
06-29 03:39:25.404 I/GameModeConfig( 1522): isGaming = false
06-29 03:39:25.404 I/GameModeConfig( 1522): isGameModeOn = true
06-29 03:39:25.404 I/GameModeConfig( 1522): isGaming = false
06-29 03:39:25.404 I/GameModeConfig( 1522): isGameModeOn = true
06-29 03:39:25.404 I/GameModeConfig( 1522): isGaming = false
06-29 03:39:25.404 I/GameModeConfig( 1522): isGameModeOn = true
06-29 03:39:25.404 I/GameModeConfig( 1522): isGaming = false
06-29 03:39:25.497 W/[ 2379.043340] audit( 0): audit_lost=21844 audit_rate_limit=5 audit_backlog_limit=64
06-29 03:39:25.497 E/[ 2379.043344] audit( 0): rate limit exceeded
06-29 03:39:25.667 I/[ 2379.218035] [schedu][0xaa5da5833][03( 0): 39:25.667002] wlan: [3371:I:OSIF] vdev 0, scan id 41246 type COMPLETED(1) reason COMPLETED(1) scan found 27 bss
06-29 03:39:25.762 I/[ 2379.313299] [schedu][0xaa5f640fb][03( 0): 39:25.762266] wlan: [3371:I:HIF] Deinitializing Runtime PM wakelock &vdev->vdev_set_key_runtime_wakelock
06-29 03:39:25.764 D/android.hardware.wifi@1.0-service( 828): Successfully SetMacAddress.
06-29 03:39:25.769 W/wificond( 1206): Scan is not started. Ignore abort request
06-29 03:39:25.773 I/[ 2379.313494] [schedu][0xaa5f64f9c][03( 0): 39:25.762461] wlan: [3371:I:HIF] Initializing Runtime PM wakelock &vdev->vdev_set_key_runtime_wakelock
06-29 03:39:25.773 I/[ 2379.315273] [wifi@1][0xaa5f6d527][03( 0): 39:25.764242] wlan: [828:I:DP] dp_vdev_attach_wifi3: wlan_cfg_ap_bridge_enabled 0
06-29 03:39:25.773 E/[ 2379.319873] [wifi@1][0xaa5f82e0d][03( 0): 39:25.768840] wlan: [3455:E:wifipos] wifi_pos_process_app_reg_req: 608: Received App Req Req pid(-398458052), len(16)
06-29 03:39:25.773 I/[ 2379.320069] [wifi@1][0xaa5f83cc2][03( 0): 39:25.769036] wlan: [3455:I:wifipos] wifi_pos_get_ch_info: 461: num channels: 26
06-29 03:39:25.773 I/[ 2379.320238] [wifi@1][0xaa5f84974][03( 0): 39:25.769206] wlan: [3455:I:wifipos] wifi_pos_get_ch_info: 461: num channels: 26
06-29 03:39:25.781 I/[ 2379.327199] [wpa_su][0xaa5fa537b][03( 0): 39:25.776166] wlan: [3475:I:SME] vdev-0: Connecting to 200M_5G 98:97:cc:03:15:36 rssi: -61 freq: 5200 akm 9 cipher: uc 6 mc 6, CC:
06-29 03:39:25.781 E/[ 2379.327236] [wpa_su][0xaa5fa566b][03( 0): 39:25.776205] wlan: [3475:E:QDF] Cannot malloc 0 bytes @ csr_get_cfg_max_tx_power:14199
06-29 03:39:25.781 I/[ 2379.327478] [schedu][0xaa5fa687f][03( 0): 39:25.776446] wlan: [3371:I:WMI] send_vdev_start_cmd_tlv: 1062: send_vdev_start_cmd_tlv: vdev_id 0 freq 5200 chanmode 6 ch_info: 0x6 is_dfs 0 beacon interval 100 dtim 0 center_chan 5190 center_freq2 0 reg_info_1: 0x170000 reg_info_2: 0x1700, req->max_txpow: 0x17 Tx SS 1, Rx SS 1, ldpc_rx: 0, cac 0, regd 4, HE ops: 0req->dis_hw_ack: 0
06-29 03:39:25.802 I/[ 2379.350892] [wpa_su][0xaa6014484][03( 0): 39:25.799860] wlan: [3475:I:HDD] wlan0(vdevid-0): Received Disconnect reason:3 WLAN_REASON_DEAUTH_LEAVING
06-29 03:39:25.815 E/[ 2379.360053] msm_pcm_playback_close( 0): CMD_EOS failed, cmd_pending 0x8
06-29 03:39:25.815 I/[ 2379.365886] afe_close( 0): port_id = 0x9000
06-29 03:39:25.821 D/PowerManagerService( 1522): releaseWakeLockInternal: lock=10567494 [AudioMix], flags=0x0
06-29 03:39:25.821 D/PowerManagerNotifier( 1522): onWakeLockReleased: flags=1, tag="AudioMix", packageName=audioserver, ownerUid=1041, ownerPid=0, workSource=null
06-29 03:39:25.821 D/PowerManagerService( 1522): updateWakeLockSummaryLocked: mWakefulness=Awake, mWakeLockSummary=0x1
06-29 03:39:25.821 D/PowerManagerService( 1522): updateUserActivitySummaryLocked: groupId=0, mWakefulness=Awake, mUserActivitySummary=0x1, nextTimeout=2436804 (in 57432 ms)
06-29 03:39:25.821 D/PowerManagerNotifier( 1522): onScreenPolicyUpdate: newPolicy=3
06-29 03:39:25.821 D/PowerManagerService( 1522): updateDisplayPowerStateLocked: displayReady=true, groupId=0, policy=BRIGHT, mWakefulness=Awake, mWakeLockSummary=0x1, mUserActivitySummary=0x1, mBootCompleted=true, screenBrightnessOverride=NaN, useAutoBrightness=false, mScreenBrightnessBoostInProgress=false, mIsVrModeEnabled= false, sQuiescent=false
06-29 03:39:25.913 I/[ 2379.461382] [soft_i][0xaa621a2b2][03( 0): 39:25.910342] wlan: [0:I:TXRX] HTT_T2H_MSG_TYPE_PEER_MAP msg for peer id 0 vdev id 0 n
06-29 03:39:25.913 E/[ 2379.461402] [soft_i][0xaa621a4ad][03( 0): 39:25.910369] wlan: [0:E:DP] dp_peer_find_add_id: peer 0000000000000000 ID 0 vid 0 mac 98:97:cc:03:15:36
06-29 03:39:25.913 I/[ 2379.461414] [soft_i][0xaa621a5a0][03( 0): 39:25.910381] wlan: [0:I:DP] dp_peer_find_add_id: ref_cnt: 2
06-29 03:39:25.913 E/[ 2379.461425] [soft_i][0xaa621a66b][03( 0): 39:25.910392] wlan: [0:E:DP] dp_peer_map_ast: peer 0000000000000000 ID 113 vid 0 mac 98:97:cc:03:15:36
06-29 03:39:25.978 I/[ 2379.529704] [schedu][0xaa635a768][03( 0): 39:25.978672] wlan: [3371:I:PE] Auth TX: seq 1 seq num 3304 status 0 WEP 0 to 98:97:cc:03:15:36
06-29 03:39:25.980 I/[ 2379.531143] [schedu][0xaa6361360][03( 0): 39:25.980111] wlan: [3371:I:PE] Auth TX: success
06-29 03:39:25.983 I/[ 2379.533992] [schedu][0xaa636e8f9][03( 0): 39:25.982959] wlan: [3371:I:PE] Auth RX: vdev 0 sys role 3 lim_state 5 from 98:97:cc:03:15:36 rssi -57 auth_alg 0 seq 2681
06-29 03:39:25.983 I/[ 2379.534059] [schedu][0xaa636edcc][03( 0): 39:25.983023] wlan: [3371:I:PE] Assoc req TX: vdev 0 to 98:97:cc:03:15:36 seq num 3305
06-29 03:39:25.996 I/[ 2379.537936] [schedu][0xaa63810d1][03( 0): 39:25.986904] wlan: [3371:I:PE] Assoc req TX: success
06-29 03:39:25.996 I/[ 2379.542954] [schedu][0xaa6398925][03( 0): 39:25.991922] wlan: [3371:I:PE] Assoc rsp RX: subtype 0 vdev 0 sys role 3 lim state 10 rssi -57 from 98:97:cc:03:15:36
06-29 03:39:25.999 E/[ 2379.549890] [schedu][0xaa63b917a][03( 0): 39:25.998859] wlan: [3371:E:QDF] Cannot malloc 0 bytes @ csr_get_cfg_max_tx_power:14199
06-29 03:39:25.999 E/[ 2379.549896] [schedu][0xaa63b91e9][03( 0): 39:25.998865] wlan: [3371:E:QDF] Cannot malloc 0 bytes @ csr_get_cfg_max_tx_power:14199
06-29 03:39:25.999 I/[ 2379.550014] [schedu][0xaa63b9a97][03( 0): 39:25.998981] wlan: [3371:I:HDD] hdd_association_completion_handler: 3187: hddDisconInProgress state=5, result=2, status=7
06-29 03:39:25.999 I/[ 2379.550028] [schedu][0xaa63b9bd2][03( 0): 39:25.998997] wlan: [3371:I:HDD] wlan0(vdevid-0): disconnected
06-29 03:39:25.999 E/[ 2379.550083] [schedu][0xaa63b9fcd][03( 0): 39:25.999050] wlan: [3371:E:POLICY_MGR] policy_mgr_is_mcc_in_24G: 2881: unexpected num_connections value 0
06-29 03:39:26.061 W/[ 2379.608044] [schedu][0xaa64c9a9e][03( 0): 39:26.057008] wlan: [3371:W:HDD] hdd_association_completion_handler: 3291: Warning:ASSOC_LINKUP_TIMEOUT
06-29 03:39:26.061 E/[ 2379.608486] [schedu][0xaa64cbc25][03( 0): 39:26.057455] wlan: [3371:E:HDD] hdd_association_completion_handler: 3686: STA register with TL failed status: 16 [00000010]
06-29 03:39:26.061 I/[ 2379.608769] [schedu][0xaa64cd15a][03( 0): 39:26.057738] wlan: [3371:I:PE] Deauth TX: vdev 0 seq_num 3306 reason 3 waitForAck 1 to 98:97:cc:03:15:36 from 6e:37:ae:b7:f4:a8
06-29 03:39:26.077 E/[ 2379.623112] [schedu][0xaa6510505][03( 0): 39:26.072080] wlan: [3371:E:HDD] hdd_get_roam_scan_ch_cb: 4213: Invalid len
06-29 03:39:26.096 I/[ 2379.643817] [schedu][0xaa65715ec][03( 0): 39:26.092785] wlan: [3371:I:HDD] wlan0(vdevid-0): disconnected
06-29 03:39:26.096 I/[ 2379.643913] [wpa_su][0xaa6571d04][03( 0): 39:26.092880] wlan: [3475:I:HDD] Disconnect reason: 3 WLAN_REASON_DEAUTH_LEAVING vendor: 0 LG: 1
06-29 03:39:26.142 I/[ 2379.692894] [schedu][0xaa6657693][03( 0): 39:26.141861] wlan: [3371:I:HIF] Deinitializing Runtime PM wakelock &vdev->vdev_set_key_runtime_wakelock
06-29 03:39:26.142 I/[ 2379.693098] [schedu][0xaa6658546][03( 0): 39:26.142057] wlan: [3371:I:HIF] Initializing Runtime PM wakelock &vdev->vdev_set_key_runtime_wakelock
06-29 03:39:26.144 I/[ 2379.694984] [wifi@1][0xaa6661385][03( 0): 39:26.143953] wlan: [828:I:DP] dp_vdev_attach_wifi3: wlan_cfg_ap_bridge_enabled 0
06-29 03:39:26.148 E/[ 2379.698178] [wifi@1][0xaa66702c2][03( 0): 39:26.147143] wlan: [3455:E:wifipos] wifi_pos_process_app_reg_req: 608: Received App Req Req pid(-398458052), len(16)
06-29 03:39:26.148 I/[ 2379.698335] [wifi@1][0xaa6670ec7][03( 0): 39:26.147303] wlan: [3455:I:wifipos] wifi_pos_get_ch_info: 461: num channels: 26
06-29 03:39:26.148 I/[ 2379.698496] [wifi@1][0xaa6671ae8][03( 0): 39:26.147465] wlan: [3455:I:wifipos] wifi_pos_get_ch_info: 461: num channels: 26
06-29 03:39:26.143 D/android.hardware.wifi@1.0-service( 828): Successfully SetMacAddress.
06-29 03:39:26.147 W/wificond( 1206): Scan is not started. Ignore abort request
06-29 03:39:26.165 I/[ 2379.708253] [wpa_su][0xaa669f692][03( 0): 39:26.157221] wlan: [3475:I:SME] vdev-0: Connecting to hht_test_wifi_fc4318c9 04:d9:f5:fb:09:94 rssi: -74 freq: 5300 akm 3 cipher: uc 6 mc 6, CC:
06-29 03:39:26.165 E/[ 2379.708283] [wpa_su][0xaa669f8fb][03( 0): 39:26.157253] wlan: [3475:E:QDF] Cannot malloc 0 bytes @ csr_get_cfg_max_tx_power:14199
06-29 03:39:26.165 I/[ 2379.708585] [schedu][0xaa66a0f90][03( 0): 39:26.157554] wlan: [3371:I:WMI] send_vdev_start_cmd_tlv: 1062: send_vdev_start_cmd_tlv: vdev_id 0 freq 5300 chanmode 18 ch_info: 0x12 is_dfs 0 beacon interval 100 dtim 0 center_chan 5290 center_freq2 0 reg_info_1: 0x170000 reg_info_2: 0x1700, req->max_txpow: 0x17 Tx SS 1, Rx SS 1, ldpc_rx: 0, cac 0, regd 4, HE ops: 0req->dis_hw_ack: 1
06-29 03:39:26.165 E/[ 2379.714198] [wifico][0xaa66bb45f][03( 0): 39:26.163165] wlan: [1206:E:HDD] __wlan_hdd_cfg80211_scan: 572: Scan not allowed. scan_ebusy_cnt: 423 Session 0 Reason 1
06-29 03:39:26.163 E/wificond( 1206): NL80211_CMD_TRIGGER_SCAN failed: Device or resource busy
06-29 03:39:26.297 W/ActivityManager( 1522): Background start not allowed: service Intent { pkg=com.smile.gifmaker cmp=com.smile.gifmaker/com.kwai.chat.kwailink.service.NewKwaiLinkService } to com.smile.gifmaker/com.kwai.chat.kwailink.service.NewKwaiLinkService from pid=11547 uid=10105 pkg=com.smile.gifmaker startFg?=false
06-29 03:39:26.341 I/[ 2379.886429] [soft_i][0xaa69e292a][03( 0): 39:26.335389] wlan: [0:I:TXRX] HTT_T2H_MSG_TYPE_PEER_MAP msg for peer id 12 vdev id 0 n
06-29 03:39:26.341 E/[ 2379.886448] [soft_i][0xaa69e2b25][03( 0): 39:26.335415] wlan: [0:E:DP] dp_peer_find_add_id: peer 0000000000000000 ID 12 vid 0 mac 04:d9:f5:fb:09:94
06-29 03:39:26.341 I/[ 2379.886460] [soft_i][0xaa69e2c11][03( 0): 39:26.335427] wlan: [0:I:DP] dp_peer_find_add_id: ref_cnt: 2
06-29 03:39:26.341 E/[ 2379.886471] [soft_i][0xaa69e2cdf][03( 0): 39:26.335438] wlan: [0:E:DP] dp_peer_map_ast: peer 0000000000000000 ID 3 vid 0 mac 04:d9:f5:fb:09:94
06-29 03:39:26.340 I/GameModeConfig( 1522): isGameModeOn = true
06-29 03:39:26.340 I/GameModeConfig( 1522): isGaming = false
06-29 03:39:26.340 I/GameModeConfig( 1522): isGameModeOn = true
06-29 03:39:26.340 I/GameModeConfig( 1522): isGaming = false
06-29 03:39:26.340 I/GameModeConfig( 1522): isGameModeOn = true
06-29 03:39:26.340 I/GameModeConfig( 1522): isGaming = false
06-29 03:39:26.340 I/GameModeConfig( 1522): isGameModeOn = true
06-29 03:39:26.340 I/GameModeConfig( 1522): isGaming = false
06-29 03:39:26.340 I/GameModeConfig( 1522): isGameModeOn = true
06-29 03:39:26.340 I/GameModeConfig( 1522): isGaming = false
06-29 03:39:26.340 I/GameModeConfig( 1522): isGameModeOn = true
06-29 03:39:26.340 I/GameModeConfig( 1522): isGaming = false
06-29 03:39:26.341 I/GameModeConfig( 1522): isGameModeOn = true
06-29 03:39:26.341 I/GameModeConfig( 1522): isGaming = false
06-29 03:39:26.341 I/GameModeConfig( 1522): isGameModeOn = true
06-29 03:39:26.341 I/GameModeConfig( 1522): isGaming = false
06-29 03:39:26.341 I/GameModeConfig( 1522): isGameModeOn = true
06-29 03:39:26.341 I/GameModeConfig( 1522): isGaming = false
06-29 03:39:26.341 I/GameModeConfig( 1522): isGameModeOn = true
06-29 03:39:26.341 I/GameModeConfig( 1522): isGaming = false
06-29 03:39:26.341 I/GameModeConfig( 1522): isGameModeOn = true
06-29 03:39:26.341 I/GameModeConfig( 1522): isGaming = false
06-29 03:39:26.341 I/GameModeConfig( 1522): isGameModeOn = true
06-29 03:39:26.341 I/GameModeConfig( 1522): isGaming = false
06-29 03:39:26.417 I/[ 2379.965656] [schedu][0xaa6b55fce][03( 0): 39:26.414624] wlan: [3371:I:PE] Auth TX: seq 1 seq num 3308 status 0 WEP 0 to 04:d9:f5:fb:09:94
06-29 03:39:26.438 I/ActivityManager( 1522): Killing 11547:com.smile.gifmaker/u0a105 (adj 915): empty #2
06-29 03:39:26.473 I/[ 2380.024063] [schedu][0xaa6c67c45][03( 0): 39:26.473030] wlan: [3371:I:PE] Auth TX: seq 1 seq num 3309 status 0 WEP 0 to 04:d9:f5:fb:09:94
06-29 03:39:26.474 D/CompatibilityChangeReporter( 1522): Compat change id reported: 171306433; UID 10105; state: DISABLED
06-29 03:39:26.477 W/BroadcastQueue( 1522): Skipping deliver [background] BroadcastRecord{aabe8e4 u0 com.kwai.chat.kwailink.ACTION_LINK_SERVICE_CREATED} to ReceiverList{3628953 11547 com.smile.gifmaker/10105/u0 remote:d620542}: process gone or crashing
06-29 03:39:26.496 E/FrameworkListener( 675): read() failed (Connection reset by peer)
06-29 03:39:26.533 I/[ 2380.084076] [schedu][0xaa6d81142][03( 0): 39:26.533043] wlan: [3371:I:PE] Auth TX: seq 1 seq num 3310 status 0 WEP 0 to 04:d9:f5:fb:09:94
06-29 03:39:26.541 I/[ 2380.090517] [schedu][0xaa6d9f45b][03( 0): 39:26.539484] wlan: [3371:I:PE] Auth TX: fail
06-29 03:39:26.580 W/ActivityManager( 1522): Background start not allowed: service Intent { pkg=com.smile.gifmaker cmp=com.smile.gifmaker/com.kwai.chat.kwailink.service.NewKwaiLinkService } to com.smile.gifmaker/com.kwai.chat.kwailink.service.NewKwaiLinkService from pid=11721 uid=10105 pkg=com.smile.gifmaker startFg?=false
06-29 03:39:26.593 I/[ 2380.144066] [schedu][0xaa6e9a476][03( 0): 39:26.593032] wlan: [3371:I:PE] Auth TX: seq 1 seq num 3311 status 0 WEP 0 to 04:d9:f5:fb:09:94
06-29 03:39:26.594 W/ActivityManager( 1522): Receiver with filter android.content.IntentFilter@b4dd15a already registered for pid 11721, callerPackage is com.smile.gifmaker
06-29 03:39:26.653 I/[ 2380.204087] [schedu][0xaa6fb3a22][03( 0): 39:26.653055] wlan: [3371:I:PE] Auth TX: seq 1 seq num 3312 status 0 WEP 0 to 04:d9:f5:fb:09:94
06-29 03:39:26.685 W/[ 2380.232088] audit( 0): audit_lost=21888 audit_rate_limit=5 audit_backlog_limit=64
06-29 03:39:26.685 E/[ 2380.232092] audit( 0): rate limit exceeded
06-29 03:39:26.714 I/[ 2380.264068] [schedu][0xaa70cccab][03( 0): 39:26.713035] wlan: [3371:I:PE] Auth TX: seq 1 seq num 3313 status 0 WEP 0 to 04:d9:f5:fb:09:94
06-29 03:39:26.767 D/PowerManagerService( 1522): userActivityNoUpdateLocked: groupId=0, eventTime=2380317, event=2, flags=0x0, uid=1000
06-29 03:39:26.767 D/PowerManagerNotifier( 1522): onUserActivity: event=2, uid=1000
06-29 03:39:26.767 D/PowerManagerService( 1522): updateUserActivitySummaryLocked: groupId=0, mWakefulness=Awake, mUserActivitySummary=0x1, nextTimeout=2440317 (in 59999 ms)
06-29 03:39:26.767 D/PowerManagerNotifier( 1522): onScreenPolicyUpdate: newPolicy=3
06-29 03:39:26.767 D/PowerManagerService( 1522): updateDisplayPowerStateLocked: displayReady=true, groupId=0, policy=BRIGHT, mWakefulness=Awake, mWakeLockSummary=0x1, mUserActivitySummary=0x1, mBootCompleted=true, screenBrightnessOverride=NaN, useAutoBrightness=false, mScreenBrightnessBoostInProgress=false, mIsVrModeEnabled= false, sQuiescent=false
06-29 03:39:26.777 I/[ 2380.324111] [schedu][0xaa71e63d4][03( 0): 39:26.773077] wlan: [3371:I:PE] Auth TX: seq 1 seq num 3314 status 0 WEP 0 to 04:d9:f5:fb:09:94
06-29 03:39:26.833 I/[ 2380.384058] [schedu][0xaa72ff3e4][03( 0): 39:26.833025] wlan: [3371:I:PE] Auth TX: seq 1 seq num 3315 status 0 WEP 0 to 04:d9:f5:fb:09:94
06-29 03:39:26.870 I/thunderperf( 1522): PlatormCompat.setOverrides: Uid1=10072 Pid1=2563 Uid2=10072 Pid2=2563
06-29 03:39:26.870 I/thunderperf( 1522): PlatormCompat.setOverrides: needCheck:false
06-29 03:39:26.870 I/thunderperf( 1522): CompatConfig.addOverrideUnsafe: bef-state=1
06-29 03:39:26.870 I/thunderperf( 1522): CompatConfig.addOverrideUnsafe: aft-state=0
06-29 03:39:26.870 I/thunderperf( 1522): CompatConfig.addOverrideUnsafe: bef-state=1
06-29 03:39:26.870 I/thunderperf( 1522): CompatConfig.addOverrideUnsafe: aft-state=0
06-29 03:39:26.870 I/thunderperf( 1522): CompatConfig.addOverrideUnsafe: bef-state=1
06-29 03:39:26.870 I/thunderperf( 1522): CompatConfig.addOverrideUnsafe: aft-state=0
06-29 03:39:26.871 I/thunderperf( 1522): CompatConfig.addOverrideUnsafe: bef-state=1
06-29 03:39:26.871 I/thunderperf( 1522): CompatConfig.addOverrideUnsafe: aft-state=0
06-29 03:39:26.871 I/thunderperf( 1522): CompatConfig.addOverrideUnsafe: bef-state=1
06-29 03:39:26.871 I/thunderperf( 1522): CompatConfig.addOverrideUnsafe: aft-state=0
06-29 03:39:26.871 I/thunderperf( 1522): CompatConfig.addOverrideUnsafe: bef-state=1
06-29 03:39:26.871 I/thunderperf( 1522): CompatConfig.addOverrideUnsafe: aft-state=0
06-29 03:39:26.871 I/thunderperf( 1522): CompatConfig.addOverrideUnsafe: bef-state=1
06-29 03:39:26.871 I/thunderperf( 1522): CompatConfig.addOverrideUnsafe: aft-state=0
06-29 03:39:26.872 I/thunderperf( 1522): CompatConfig.addOverrideUnsafe: bef-state=1
06-29 03:39:26.872 I/thunderperf( 1522): CompatConfig.addOverrideUnsafe: aft-state=0
06-29 03:39:26.872 I/thunderperf( 1522): CompatConfig.addOverrideUnsafe: bef-state=1
06-29 03:39:26.872 I/thunderperf( 1522): CompatConfig.addOverrideUnsafe: aft-state=0
06-29 03:39:26.872 I/thunderperf( 1522): CompatConfig.addOverrideUnsafe: bef-state=1
06-29 03:39:26.872 I/thunderperf( 1522): CompatConfig.addOverrideUnsafe: aft-state=0
06-29 03:39:26.872 I/thunderperf( 1522): CompatConfig.addOverrideUnsafe: bef-state=1
06-29 03:39:26.872 I/thunderperf( 1522): CompatConfig.addOverrideUnsafe: aft-state=0
06-29 03:39:26.873 I/thunderperf( 1522): CompatConfig.addOverrideUnsafe: bef-state=1
06-29 03:39:26.873 I/thunderperf( 1522): CompatConfig.addOverrideUnsafe: aft-state=0
06-29 03:39:26.873 I/thunderperf( 1522): CompatConfig.addOverrideUnsafe: bef-state=1
06-29 03:39:26.873 I/thunderperf( 1522): CompatConfig.addOverrideUnsafe: aft-state=0
06-29 03:39:26.873 I/thunderperf( 1522): CompatConfig.addOverrideUnsafe: bef-state=1
06-29 03:39:26.873 I/thunderperf( 1522): CompatConfig.addOverrideUnsafe: aft-state=0
06-29 03:39:26.877 I/ActivityTaskManager( 1522): START u0 {act=android.intent.action.MAIN cat=[android.intent.category.LAUNCHER] flg=0x10200000 cmp=com.tencent.tmgp.sgame/.SGameActivity bnds=[1026,96][1326,394]} from uid 10072
06-29 03:39:26.878 D/ActivityTaskManager( 1522): TaskLaunchParamsModifier:task=null activity=ActivityRecord{587a926 u0 com.tencent.tmgp.sgame/.SGameActivity taskAffinity=10092:com.tencent.tmgp.sgame display-area-from-source=DefaultTaskDisplayArea@3626345 display-id=0 display-windowing-mode=1 suggested-display-area=DefaultTaskDisplayArea@3626345
06-29 03:39:26.879 D/ActivityTaskManager( 1522): TaskLaunchParamsModifier:task=null activity=ActivityRecord{587a926 u0 com.tencent.tmgp.sgame/.SGameActivity taskAffinity=10092:com.tencent.tmgp.sgame t-1} display-area-from-source=DefaultTaskDisplayArea@3626345 display-id=0 display-windowing-mode=1 suggested-display-area=DefaultTaskDisplayArea@3626345 inherit-from-source=fullscreen activity-options-fullscreen=Rect(0, 0 - 0, 0) non-freeform-display display-area=DefaultTaskDisplayArea@3626345
06-29 03:39:26.879 W/ActivityTaskManager( 1522): Can't find TaskDisplayArea to determine support for multi window. Task id=79 attached=false
06-29 03:39:26.880 D/ActivityTaskManager( 1522): TaskLaunchParamsModifier:task=Task{9b0c967 #79 type=standard A=10092:com.tencent.tmgp.sgame U=0 visible=false mode=fullscreen translucent=true sz=0 visible freeform task=true rootAffinity=10092:com.tencent.tmgp.sgame isMini=false} activity=ActivityRecord{587a926 u0 com.tencent.tmgp.sgame/.SGameActivity taskAffinity=10092:com.tencent.tmgp.sgame t-1} display-area-from-source=DefaultTaskDisplayArea@3626345 display-id=0 display-windowing-mode=1 suggested-display-area=DefaultTaskDisplayArea@3626345 inherit-from-source=fullscreen activity-options-fullscreen=Rect(0, 0 - 0, 0) non-freeform-display display-area=DefaultTaskDisplayArea@3626345
06-29 03:39:26.881 D/CompatibilityChangeReporter( 1522): Compat change id reported: 181136395; UID 10092; state: DISABLED
06-29 03:39:26.881 D/CompatibilityChangeReporter( 1522): Compat change id reported: 174042936; UID 10092; state: DISABLED
06-29 03:39:26.882 D/CompatibilityChangeReporter( 1522): Compat change id reported: 168419799; UID 10092; state: ENABLED
06-29 03:39:26.882 D/CompatibilityChangeReporter( 1522): Compat change id reported: 182811243; UID 10092; state: DISABLED
06-29 03:39:26.882 D/CompatibilityChangeReporter( 1522): Compat change id reported: 189969734; UID 10092; state: DISABLED
06-29 03:39:26.882 D/CompatibilityChangeReporter( 1522): Compat change id reported: 176926753; UID 10092; state: DISABLED
06-29 03:39:26.882 D/CompatibilityChangeReporter( 1522): Compat change id reported: 189969779; UID 10092; state: DISABLED
06-29 03:39:26.883 D/CompatibilityChangeReporter( 1522): Compat change id reported: 176926829; UID 10092; state: DISABLED
06-29 03:39:26.883 D/CompatibilityChangeReporter( 1522): Compat change id reported: 189969744; UID 10092; state: DISABLED
06-29 03:39:26.883 D/CompatibilityChangeReporter( 1522): Compat change id reported: 176926771; UID 10092; state: DISABLED
06-29 03:39:26.883 D/CompatibilityChangeReporter( 1522): Compat change id reported: 189970036; UID 10092; state: DISABLED
06-29 03:39:26.883 D/CompatibilityChangeReporter( 1522): Compat change id reported: 176926741; UID 10092; state: DISABLED
06-29 03:39:26.883 D/CompatibilityChangeReporter( 1522): Compat change id reported: 189969782; UID 10092; state: DISABLED
06-29 03:39:26.883 D/CompatibilityChangeReporter( 1522): Compat change id reported: 189970038; UID 10092; state: DISABLED
06-29 03:39:26.884 D/CompatibilityChangeReporter( 1522): Compat change id reported: 189969749; UID 10092; state: ENABLED
06-29 03:39:26.884 D/PowerManagerService( 1522): acquireWakeLockInternal: lock=258975204, flags=0x1, tag="*launch*", ws=WorkSource{10092}, uid=1000, pid=1522
06-29 03:39:26.884 D/PowerManagerService( 1522): updateWakeLockSummaryLocked: mWakefulness=Awake, mWakeLockSummary=0x1
06-29 03:39:26.884 D/PowerManagerService( 1522): updateUserActivitySummaryLocked: groupId=0, mWakefulness=Awake, mUserActivitySummary=0x1, nextTimeout=2440317 (in 59882 ms)
06-29 03:39:26.884 D/PowerManagerNotifier( 1522): onScreenPolicyUpdate: newPolicy=3
06-29 03:39:26.884 D/PowerManagerService( 1522): updateDisplayPowerStateLocked: displayReady=true, groupId=0, policy=BRIGHT, mWakefulness=Awake, mWakeLockSummary=0x1, mUserActivitySummary=0x1, mBootCompleted=true, screenBrightnessOverride=NaN, useAutoBrightness=false, mScreenBrightnessBoostInProgress=false, mIsVrModeEnabled= false, sQuiescent=false
06-29 03:39:26.884 D/PowerManagerNotifier( 1522): onWakeLockAcquired: flags=1, tag="*launch*", packageName=android, ownerUid=1000, ownerPid=1522, workSource=WorkSource{10092}
06-29 03:39:26.889 I/ActivityTaskManager( 1522): FOREGROUND_APPLICATION_CHANGED to com.tencent.tmgp.sgame.SGameActivity
06-29 03:39:26.892 D/CompatibilityChangeReporter( 1522): Compat change id reported: 135634846; UID 10092; state: DISABLED
06-29 03:39:26.892 D/CompatibilityChangeReporter( 1522): Compat change id reported: 177438394; UID 10092; state: DISABLED
06-29 03:39:26.893 D/CompatibilityChangeReporter( 1522): Compat change id reported: 135772972; UID 10092; state: DISABLED
06-29 03:39:26.893 D/CompatibilityChangeReporter( 1522): Compat change id reported: 135754954; UID 10092; state: DISABLED
06-29 03:39:26.893 I/[ 2380.444090] [schedu][0xaa7418a44][03( 0): 39:26.893056] wlan: [3371:I:PE] Auth TX: seq 1 seq num 3316 status 0 WEP 0 to 04:d9:f5:fb:09:94
06-29 03:39:26.893 D/CompatibilityChangeReporter( 1522): Compat change id reported: 143937733; UID 10092; state: DISABLED
06-29 03:39:26.897 I/ActivityManager( 1522): Start proc 11867:com.tencent.tmgp.sgame/u0a92 for pre-top-activity {com.tencent.tmgp.sgame/com.tencent.tmgp.sgame.SGameActivity}
06-29 03:39:26.897 W/ContextImpl( 1522): Calling a method in the system process without a qualified user: android.app.ContextImpl.sendBroadcast:1173 com.qualcomm.qti.Performance$SendGameLaunchBroadcast.run:217 java.lang.Thread.run:920
06-29 03:39:26.907 I/[ 2380.458724] binder( 0): 11867:11867 ioctl 40046210 7fdcc9b894 returned -22
06-29 03:39:26.923 W/ContextImpl( 2050): Calling a method in the system process without a qualified user: android.app.ContextImpl.startService:1816 android.content.ContextWrapper.startService:774 com.thundercomm.gamemode.ingame.services.GameModeActionUtils.startGameModeService:118 com.thundercomm.gamemode.ingame.services.GameModeActionUtils.startGameModeEntry:29 com.thundercomm.gamemode.ingame.services.ActivityMonitoringService$1.onActivityLaunch:140
06-29 03:39:26.929 I/GameModeConfig( 1522): Current uri is uri = content://com.thundercomm.gamemode.api/gamemode_settings/gamemode_isgaming
06-29 03:39:26.930 I/GameModeConfig( 1522): isGameModeOn = true
06-29 03:39:26.930 I/GameModeConfig( 1522): isGaming = true
06-29 03:39:26.930 I/GameModeConfig( 1522): isDisableNotification = true
06-29 03:39:26.930 I/GameModeConfig( 1522): isGameModeOn = true
06-29 03:39:26.930 I/GameModeConfig( 1522): isGaming = true
06-29 03:39:26.930 I/GameModeConfig( 1522): isDisableNotification = true
06-29 03:39:26.933 W/[ 2380.484038] ALERT( 0): changing window size from 16000000 to 8000000 at 2380484018673
06-29 03:39:26.943 D/ActivityThread(11867): Loading provider com.tencent.tmgp.sgame.XG_SETTINGS_PROVIDER: com.tencent.tpns.baseapi.base.SettingsContentProvider
06-29 03:39:26.953 I/[ 2380.504205] [schedu][0xaa75326a0][03( 0): 39:26.953168] wlan: [3371:I:PE] Auth TX: seq 1 seq num 3317 status 0 WEP 0 to 04:d9:f5:fb:09:94
06-29 03:39:27.013 I/[ 2380.564080] [schedu][0xaa764b174][03( 0): 39:27.013046] wlan: [3371:I:PE] Auth TX: seq 1 seq num 3318 status 0 WEP 0 to 04:d9:f5:fb:09:94
06-29 03:39:27.077 I/[ 2380.624063] [schedu][0xaa776445b][03( 0): 39:27.073031] wlan: [3371:I:PE] Auth TX: seq 1 seq num 3319 status 0 WEP 0 to 04:d9:f5:fb:09:94
06-29 03:39:27.081 I/[ 2380.630370] [schedu][0xaa7781d62][03( 0): 39:27.079338] wlan: [3371:I:PE] Auth TX: fail
06-29 03:39:27.133 I/[ 2380.684082] [schedu][0xaa787d91f][03( 0): 39:27.133041] wlan: [3371:I:PE] Auth TX: seq 1 seq num 3320 status 0 WEP 0 to 04:d9:f5:fb:09:94
06-29 03:39:27.197 I/[ 2380.744075] [schedu][0xaa7996d26][03( 0): 39:27.193042] wlan: [3371:I:PE] Auth TX: seq 1 seq num 3321 status 0 WEP 0 to 04:d9:f5:fb:09:94
06-29 03:39:27.253 I/[ 2380.804091] [schedu][0xaa7ab026a][03( 0): 39:27.253058] wlan: [3371:I:PE] Auth TX: seq 1 seq num 3322 status 0 WEP 0 to 04:d9:f5:fb:09:94
06-29 03:39:27.254 W/WindowManager( 1522): Failed looking up window session=Session{e5c9079 11867:u0a10092} callers=com.android.server.wm.WindowManagerService.windowForClientLocked:5628 com.android.server.wm.Session.insetsModified:629 android.view.IWindowSession$Stub.onTransact:1151
06-29 03:39:27.261 W/WindowManager( 1522): Failed looking up window session=Session{e5c9079 11867:u0a10092} callers=com.android.server.wm.WindowManagerService.windowForClientLocked:5628 com.android.server.wm.Session.insetsModified:629 android.view.IWindowSession$Stub.onTransact:1151
06-29 03:39:27.276 D/PowerManagerService( 1522): acquireWakeLockInternal: lock=137632947, flags=0x1, tag="AudioMix", ws=null, uid=1041, pid=0
06-29 03:39:27.276 D/PowerManagerService( 1522): updateWakeLockSummaryLocked: mWakefulness=Awake, mWakeLockSummary=0x1
06-29 03:39:27.276 D/PowerManagerService( 1522): updateUserActivitySummaryLocked: groupId=0, mWakefulness=Awake, mUserActivitySummary=0x1, nextTimeout=2440317 (in 59490 ms)
06-29 03:39:27.276 D/PowerManagerNotifier( 1522): onScreenPolicyUpdate: newPolicy=3
06-29 03:39:27.276 D/PowerManagerService( 1522): updateDisplayPowerStateLocked: displayReady=true, groupId=0, policy=BRIGHT, mWakefulness=Awake, mWakeLockSummary=0x1, mUserActivitySummary=0x1, mBootCompleted=true, screenBrightnessOverride=NaN, useAutoBrightness=false, mScreenBrightnessBoostInProgress=false, mIsVrModeEnabled= false, sQuiescent=false
06-29 03:39:27.276 D/PowerManagerNotifier( 1522): onWakeLockAcquired: flags=1, tag="AudioMix", packageName=audioserver, ownerUid=1041, ownerPid=0, workSource=null
06-29 03:39:27.277 D/PowerManagerService( 1522): acquireWakeLockInternal: lock=73462384, flags=0x1, tag="AudioMix", ws=null, uid=1041, pid=0
06-29 03:39:27.277 D/PowerManagerService( 1522): updateWakeLockSummaryLocked: mWakefulness=Awake, mWakeLockSummary=0x1
06-29 03:39:27.277 D/PowerManagerService( 1522): updateUserActivitySummaryLocked: groupId=0, mWakefulness=Awake, mUserActivitySummary=0x1, nextTimeout=2440317 (in 59489 ms)
06-29 03:39:27.277 D/PowerManagerNotifier( 1522): onScreenPolicyUpdate: newPolicy=3
