06-29 03:40:50.599 D/PowerManagerService( 1522): updateDisplayPowerStateLocked: displayReady=true, groupId=0, policy=BRIGHT, mWakefulness=Awake, mWakeLockSummary=0x1, mUserActivitySummary=0x1, mBootCompleted=true, screenBrightnessOverride=NaN, useAutoBrightness=false, mScreenBrightnessBoostInProgress=false, mIsVrModeEnabled= false, sQuiescent=false
06-29 03:40:50.685 I/[ 2464.232647] [schedu][0xb0724f779][03( 0): 40:50.681606] wlan: [3371:I:PE] Auth TX: fail
06-29 03:40:50.699 D/PowerManagerService( 1522): userActivityNoUpdateLocked: groupId=0, eventTime=2464250, event=2, flags=0x0, uid=1000
06-29 03:40:50.699 D/PowerManagerNotifier( 1522): onUserActivity: event=2, uid=1000
06-29 03:40:50.700 D/PowerManagerService( 1522): updateUserActivitySummaryLocked: groupId=0, mWakefulness=Awake, mUserActivitySummary=0x1, nextTimeout=2524250 (in 59999 ms)
06-29 03:40:50.700 D/PowerManagerNotifier( 1522): onScreenPolicyUpdate: newPolicy=3
06-29 03:40:50.700 D/PowerManagerService( 1522): updateDisplayPowerStateLocked: displayReady=true, groupId=0, policy=BRIGHT, mWakefulness=Awake, mWakeLockSummary=0x1, mUserActivitySummary=0x1, mBootCompleted=true, screenBrightnessOverride=NaN, useAutoBrightness=false, mScreenBrightnessBoostInProgress=false, mIsVrModeEnabled= false, sQuiescent=false
06-29 03:40:50.809 D/PowerManagerService( 1522): userActivityNoUpdateLocked: groupId=0, eventTime=2464359, event=2, flags=0x0, uid=1000
06-29 03:40:50.809 D/PowerManagerNotifier( 1522): onUserActivity: event=2, uid=1000
06-29 03:40:50.809 D/PowerManagerService( 1522): updateUserActivitySummaryLocked: groupId=0, mWakefulness=Awake, mUserActivitySummary=0x1, nextTimeout=2524359 (in 59999 ms)
06-29 03:40:50.810 D/PowerManagerNotifier( 1522): onScreenPolicyUpdate: newPolicy=3
06-29 03:40:50.810 D/PowerManagerService( 1522): updateDisplayPowerStateLocked: displayReady=true, groupId=0, policy=BRIGHT, mWakefulness=Awake, mWakeLockSummary=0x1, mUserActivitySummary=0x1, mBootCompleted=true, screenBrightnessOverride=NaN, useAutoBrightness=false, mScreenBrightnessBoostInProgress=false, mIsVrModeEnabled= false, sQuiescent=false
06-29 03:40:51.393 D/PowerManagerService( 1522): acquireWakeLockInternal: lock=218282209, flags=0x1, tag="*alarm*", ws=WorkSource{1000}, uid=1000, pid=1522
06-29 03:40:51.393 D/PowerManagerService( 1522): updateWakeLockSummaryLocked: mWakefulness=Awake, mWakeLockSummary=0x1
06-29 03:40:51.393 D/PowerManagerService( 1522): updateUserActivitySummaryLocked: groupId=0, mWakefulness=Awake, mUserActivitySummary=0x1, nextTimeout=2524359 (in 59415 ms)
06-29 03:40:51.393 D/PowerManagerNotifier( 1522): onScreenPolicyUpdate: newPolicy=3
06-29 03:40:51.393 D/PowerManagerService( 1522): updateDisplayPowerStateLocked: displayReady=true, groupId=0, policy=BRIGHT, mWakefulness=Awake, mWakeLockSummary=0x1, mUserActivitySummary=0x1, mBootCompleted=true, screenBrightnessOverride=NaN, useAutoBrightness=false, mScreenBrightnessBoostInProgress=false, mIsVrModeEnabled= false, sQuiescent=false
06-29 03:40:51.393 D/PowerManagerNotifier( 1522): onWakeLockAcquired: flags=1, tag="*alarm*", packageName=android, ownerUid=1000, ownerPid=1522, workSource=WorkSource{1000}
06-29 03:40:51.394 D/PowerManagerService( 1522): releaseWakeLockInternal: lock=218282209 [*alarm*], flags=0x0
06-29 03:40:51.394 D/PowerManagerNotifier( 1522): onWakeLockReleased: flags=1, tag="*alarm*", packageName=android, ownerUid=1000, ownerPid=1522, workSource=WorkSource{1000}
06-29 03:40:51.394 D/PowerManagerService( 1522): updateWakeLockSummaryLocked: mWakefulness=Awake, mWakeLockSummary=0x1
06-29 03:40:51.394 D/PowerManagerService( 1522): updateUserActivitySummaryLocked: groupId=0, mWakefulness=Awake, mUserActivitySummary=0x1, nextTimeout=2524359 (in 59414 ms)
06-29 03:40:51.394 D/PowerManagerNotifier( 1522): onScreenPolicyUpdate: newPolicy=3
06-29 03:40:51.394 D/PowerManagerService( 1522): updateDisplayPowerStateLocked: displayReady=true, groupId=0, policy=BRIGHT, mWakefulness=Awake, mWakeLockSummary=0x1, mUserActivitySummary=0x1, mBootCompleted=true, screenBrightnessOverride=NaN, useAutoBrightness=false, mScreenBrightnessBoostInProgress=false, mIsVrModeEnabled= false, sQuiescent=false
06-29 03:40:51.402 E/wificond( 1206): NL80211_CMD_TRIGGER_SCAN failed: Device or resource busy
06-29 03:40:51.405 E/[ 2464.953055] [wifico][0xb07f805c7][03( 0): 40:51.402010] wlan: [1206:E:HDD] __wlan_hdd_cfg80211_scan: 572: Scan not allowed. scan_ebusy_cnt: 457 Session 0 Reason 1
06-29 03:40:53.404 D/PowerManagerService( 1522): acquireWakeLockInternal: lock=218282209, flags=0x1, tag="*alarm*", ws=WorkSource{1000}, uid=1000, pid=1522
06-29 03:40:53.404 D/PowerManagerService( 1522): updateWakeLockSummaryLocked: mWakefulness=Awake, mWakeLockSummary=0x1
06-29 03:40:53.404 D/PowerManagerService( 1522): updateUserActivitySummaryLocked: groupId=0, mWakefulness=Awake, mUserActivitySummary=0x1, nextTimeout=2524359 (in 57404 ms)
06-29 03:40:53.404 D/PowerManagerNotifier( 1522): onScreenPolicyUpdate: newPolicy=3
06-29 03:40:53.404 D/PowerManagerService( 1522): updateDisplayPowerStateLocked: displayReady=true, groupId=0, policy=BRIGHT, mWakefulness=Awake, mWakeLockSummary=0x1, mUserActivitySummary=0x1, mBootCompleted=true, screenBrightnessOverride=NaN, useAutoBrightness=false, mScreenBrightnessBoostInProgress=false, mIsVrModeEnabled= false, sQuiescent=false
06-29 03:40:53.405 D/PowerManagerNotifier( 1522): onWakeLockAcquired: flags=1, tag="*alarm*", packageName=android, ownerUid=1000, ownerPid=1522, workSource=WorkSource{1000}
06-29 03:40:53.406 D/PowerManagerService( 1522): releaseWakeLockInternal: lock=218282209 [*alarm*], flags=0x0
06-29 03:40:53.406 D/PowerManagerNotifier( 1522): onWakeLockReleased: flags=1, tag="*alarm*", packageName=android, ownerUid=1000, ownerPid=1522, workSource=WorkSource{1000}
06-29 03:40:53.406 D/PowerManagerService( 1522): updateWakeLockSummaryLocked: mWakefulness=Awake, mWakeLockSummary=0x1
06-29 03:40:53.406 D/PowerManagerService( 1522): updateUserActivitySummaryLocked: groupId=0, mWakefulness=Awake, mUserActivitySummary=0x1, nextTimeout=2524359 (in 57402 ms)
06-29 03:40:53.406 D/PowerManagerNotifier( 1522): onScreenPolicyUpdate: newPolicy=3
06-29 03:40:53.406 D/PowerManagerService( 1522): updateDisplayPowerStateLocked: displayReady=true, groupId=0, policy=BRIGHT, mWakefulness=Awake, mWakeLockSummary=0x1, mUserActivitySummary=0x1, mBootCompleted=true, screenBrightnessOverride=NaN, useAutoBrightness=false, mScreenBrightnessBoostInProgress=false, mIsVrModeEnabled= false, sQuiescent=false
06-29 03:40:53.416 E/wificond( 1206): NL80211_CMD_TRIGGER_SCAN failed: Device or resource busy
06-29 03:40:53.417 E/[ 2466.967304] [wifico][0xb0a46202c][03( 0): 40:53.416229] wlan: [1206:E:HDD] __wlan_hdd_cfg80211_scan: 572: Scan not allowed. scan_ebusy_cnt: 458 Session 0 Reason 1
06-29 03:40:54.772 W/[ 2468.320896] [schedu][0xb0bd2b171][03( 0): 40:54.769846] wlan: [3371:W:PE] lim_process_sae_auth_timeout: 112: SAE auth timeout sessionid 0 mlmstate 1D SmeState 4
06-29 03:40:54.772 E/[ 2468.321054] [schedu][0xb0bd2be11][03( 0): 40:54.770014] wlan: [3371:E:PE] lim_process_mlm_auth_cnf: 558: Auth Failure occurred
06-29 03:40:54.772 I/[ 2468.321231] [schedu][0xb0bd2cb54][03( 0): 40:54.770191] wlan: [3371:I:PE] Deauth TX: vdev 0 seq_num 3675 reason 65530 waitForAck 0 to 04:d9:f5:fb:09:94 from a2:d7:5b:b4:b7:af
06-29 03:40:54.783 I/wificond( 1206): Connect timeout
06-29 03:40:54.785 W/[ 2468.333576] [schedu][0xb0bd66961][03( 0): 40:54.782538] wlan: [3371:W:SME] csr_roam_join_rsp_processor: 9876: SmeJoinReq failed with status_code= 0x000001FD [509] reason:65530
06-29 03:40:54.785 W/[ 2468.333781] [schedu][0xb0bd678f1][03( 0): 40:54.782745] wlan: [3371:W:HDD] hdd_get_rssi_snr_by_bssid: 17749: sme_get_rssi_snr_by_bssid failed
06-29 03:40:54.785 E/[ 2468.333813] [schedu][0xb0bd67b51][03( 0): 40:54.782777] wlan: [3371:E:HDD] hdd_association_completion_handler: 3712: wlan0(vdevid-0): connection failed with 04:d9:f5:fb:09:94 result: 3 and Status: 7
06-29 03:40:54.785 W/[ 2468.333994] [schedu][0xb0bd6881f][03( 0): 40:54.782948] wlan: [3371:W:HDD] hdd_get_rssi_snr_by_bssid: 17749: sme_get_rssi_snr_by_bssid failed
06-29 03:40:54.785 E/[ 2468.334017] [schedu][0xb0bd68aa3][03( 0): 40:54.782981] wlan: [3371:E:HDD] hdd_association_completion_handler: 3712: wlan0(vdevid-0): connection failed with 04:d9:f5:fb:09:94 result: 1 and Status: 9
06-29 03:40:54.785 E/[ 2468.334137] [schedu][0xb0bd69399][03( 0): 40:54.783101] wlan: [3371:E:HDD] hdd_association_completion_handler: 3784: send connect failure to nl80211: for bssid 04:d9:f5:fb:09:94 result: 1 and Status: 9 reasoncode: 65530
06-29 03:40:54.817 I/[ 2468.365121] logd( 0): logdr: UID=1000 GID=1000 PID=14474 n tail=127 logMask=19 pid=0 start=0ns deadline=0ns
06-29 03:40:54.840 I/[ 2468.391132] [schedu][0xb0be74603][03( 0): 40:54.840093] wlan: [3371:I:HIF] Deinitializing Runtime PM wakelock &vdev->vdev_set_key_runtime_wakelock
06-29 03:40:54.841 I/[ 2468.391808] [schedu][0xb0be778e6][03( 0): 40:54.840772] wlan: [3371:I:HIF] Initializing Runtime PM wakelock &vdev->vdev_set_key_runtime_wakelock
06-29 03:40:54.847 D/android.hardware.wifi@1.0-service( 828): Successfully SetMacAddress.
06-29 03:40:54.849 I/[ 2468.399159] [wifi@1][0xb0be9a014][03( 0): 40:54.848121] wlan: [828:I:DP] dp_vdev_attach_wifi3: wlan_cfg_ap_bridge_enabled 0
06-29 03:40:54.861 E/[ 2468.410033] [wifi@1][0xb0beccfa4][03( 0): 40:54.858995] wlan: [3455:E:wifipos] wifi_pos_process_app_reg_req: 608: Received App Req Req pid(-398458052), len(16)
06-29 03:40:54.861 I/[ 2468.410440] [wifi@1][0xb0becee71][03( 0): 40:54.859405] wlan: [3455:I:wifipos] wifi_pos_get_ch_info: 461: num channels: 26
06-29 03:40:54.861 I/[ 2468.410782] [wifi@1][0xb0bed06fe][03( 0): 40:54.859733] wlan: [3455:I:wifipos] wifi_pos_get_ch_info: 461: num channels: 26
06-29 03:40:54.921 I/[ 2468.468738] logd( 0): logdr: UID=1000 GID=1000 PID=14478 n tail=127 logMask=80 pid=0 start=0ns deadline=0ns
06-29 03:40:54.992 I/GameModeConfig( 1522): isGameModeOn = false
06-29 03:40:55.010 E/android.hardware.wifi@1.0-service( 828): create file failed: Permission denied
06-29 03:40:55.010 E/android.hardware.wifi@1.0-service( 828): Error writing files to flash
06-29 03:40:55.041 I/[ 2468.591434] [schedu][0xb0c21f49e][03( 0): 40:55.040394] wlan: [3371:I:OSIF] scan start scan id 41267
06-29 03:40:55.240 D/PowerManagerService( 1522): userActivityNoUpdateLocked: groupId=0, eventTime=2468790, event=2, flags=0x0, uid=1000
06-29 03:40:55.240 D/PowerManagerNotifier( 1522): onUserActivity: event=2, uid=1000
06-29 03:40:55.240 D/PowerManagerService( 1522): updateUserActivitySummaryLocked: groupId=0, mWakefulness=Awake, mUserActivitySummary=0x1, nextTimeout=2528790 (in 59999 ms)
06-29 03:40:55.241 D/PowerManagerNotifier( 1522): onScreenPolicyUpdate: newPolicy=3
06-29 03:40:55.241 D/PowerManagerService( 1522): updateDisplayPowerStateLocked: displayReady=true, groupId=0, policy=BRIGHT, mWakefulness=Awake, mWakeLockSummary=0x1, mUserActivitySummary=0x1, mBootCompleted=true, screenBrightnessOverride=NaN, useAutoBrightness=false, mScreenBrightnessBoostInProgress=false, mIsVrModeEnabled= false, sQuiescent=false
06-29 03:40:55.281 E/[ 2468.832145] link_delay_work_func( 0): DTC_ETH: SQI=0, link=0
06-29 03:40:55.347 D/PowerManagerService( 1522): userActivityNoUpdateLocked: groupId=0, eventTime=2468897, event=2, flags=0x0, uid=1000
06-29 03:40:55.347 D/PowerManagerNotifier( 1522): onUserActivity: event=2, uid=1000
06-29 03:40:55.347 D/PowerManagerService( 1522): updateUserActivitySummaryLocked: groupId=0, mWakefulness=Awake, mUserActivitySummary=0x1, nextTimeout=2528897 (in 59999 ms)
06-29 03:40:55.347 D/PowerManagerNotifier( 1522): onScreenPolicyUpdate: newPolicy=3
06-29 03:40:55.347 D/PowerManagerService( 1522): updateDisplayPowerStateLocked: displayReady=true, groupId=0, policy=BRIGHT, mWakefulness=Awake, mWakeLockSummary=0x1, mUserActivitySummary=0x1, mBootCompleted=true, screenBrightnessOverride=NaN, useAutoBrightness=false, mScreenBrightnessBoostInProgress=false, mIsVrModeEnabled= false, sQuiescent=false
06-29 03:40:55.418 D/PowerManagerService( 1522): acquireWakeLockInternal: lock=218282209, flags=0x1, tag="*alarm*", ws=WorkSource{1000}, uid=1000, pid=1522
06-29 03:40:55.418 D/PowerManagerService( 1522): updateWakeLockSummaryLocked: mWakefulness=Awake, mWakeLockSummary=0x1
06-29 03:40:55.418 D/PowerManagerService( 1522): updateUserActivitySummaryLocked: groupId=0, mWakefulness=Awake, mUserActivitySummary=0x1, nextTimeout=2528897 (in 59928 ms)
06-29 03:40:55.418 D/PowerManagerNotifier( 1522): onScreenPolicyUpdate: newPolicy=3
06-29 03:40:55.418 D/PowerManagerService( 1522): updateDisplayPowerStateLocked: displayReady=true, groupId=0, policy=BRIGHT, mWakefulness=Awake, mWakeLockSummary=0x1, mUserActivitySummary=0x1, mBootCompleted=true, screenBrightnessOverride=NaN, useAutoBrightness=false, mScreenBrightnessBoostInProgress=false, mIsVrModeEnabled= false, sQuiescent=false
06-29 03:40:55.418 D/PowerManagerNotifier( 1522): onWakeLockAcquired: flags=1, tag="*alarm*", packageName=android, ownerUid=1000, ownerPid=1522, workSource=WorkSource{1000}
06-29 03:40:55.424 D/PowerManagerService( 1522): releaseWakeLockInternal: lock=218282209 [*alarm*], flags=0x0
06-29 03:40:55.424 D/PowerManagerNotifier( 1522): onWakeLockReleased: flags=1, tag="*alarm*", packageName=android, ownerUid=1000, ownerPid=1522, workSource=WorkSource{1000}
06-29 03:40:55.424 D/PowerManagerService( 1522): updateWakeLockSummaryLocked: mWakefulness=Awake, mWakeLockSummary=0x1
06-29 03:40:55.424 D/PowerManagerService( 1522): updateUserActivitySummaryLocked: groupId=0, mWakefulness=Awake, mUserActivitySummary=0x1, nextTimeout=2528897 (in 59922 ms)
06-29 03:40:55.424 D/PowerManagerNotifier( 1522): onScreenPolicyUpdate: newPolicy=3
06-29 03:40:55.424 D/PowerManagerService( 1522): updateDisplayPowerStateLocked: displayReady=true, groupId=0, policy=BRIGHT, mWakefulness=Awake, mWakeLockSummary=0x1, mUserActivitySummary=0x1, mBootCompleted=true, screenBrightnessOverride=NaN, useAutoBrightness=false, mScreenBrightnessBoostInProgress=false, mIsVrModeEnabled= false, sQuiescent=false
06-29 03:40:56.241 I/[ 2469.788966] [schedu][0xb0d80caba][03( 0): 40:56.237916] wlan: [3371:I:OSIF] vdev 0, scan id 41267 type COMPLETED(1) reason COMPLETED(1) scan found 24 bss
06-29 03:40:56.369 I/[ 2469.913423] [schedu][0xb0da541b4][03( 0): 40:56.362382] wlan: [3371:I:HIF] Deinitializing Runtime PM wakelock &vdev->vdev_set_key_runtime_wakelock
06-29 03:40:56.369 I/[ 2469.914138] [schedu][0xb0da577aa][03( 0): 40:56.363102] wlan: [3371:I:HIF] Initializing Runtime PM wakelock &vdev->vdev_set_key_runtime_wakelock
06-29 03:40:56.378 D/android.hardware.wifi@1.0-service( 828): Successfully SetMacAddress.
06-29 03:40:56.381 I/[ 2469.930216] [wifi@1][0xb0daa2d0f][03( 0): 40:56.379174] wlan: [828:I:DP] dp_vdev_attach_wifi3: wlan_cfg_ap_bridge_enabled 0
06-29 03:40:56.389 W/wificond( 1206): Scan is not started. Ignore abort request
06-29 03:40:56.393 E/[ 2469.940794] [wifi@1][0xb0dad46cd][03( 0): 40:56.389757] wlan: [3455:E:wifipos] wifi_pos_process_app_reg_req: 608: Received App Req Req pid(-398458052), len(16)
06-29 03:40:56.393 I/[ 2469.941276] [wifi@1][0xb0dad6b24][03( 0): 40:56.390241] wlan: [3455:I:wifipos] wifi_pos_get_ch_info: 461: num channels: 26
06-29 03:40:56.393 I/[ 2469.941699] [wifi@1][0xb0dad8ae0][03( 0): 40:56.390665] wlan: [3455:I:wifipos] wifi_pos_get_ch_info: 461: num channels: 26
06-29 03:40:56.417 I/[ 2469.964482] [wpa_su][0xb0db43763][03( 0): 40:56.413445] wlan: [3475:I:SME] vdev-0: Connecting to 200M_5G 98:97:cc:03:15:36 rssi: -62 freq: 5200 akm 9 cipher: uc 6 mc 6, CC:
06-29 03:40:56.417 E/[ 2469.964570] [wpa_su][0xb0db43e42][03( 0): 40:56.413536] wlan: [3475:E:QDF] Cannot malloc 0 bytes @ csr_get_cfg_max_tx_power:14199
06-29 03:40:56.417 I/[ 2469.965366] [schedu][0xb0db479a3][03( 0): 40:56.414328] wlan: [3371:I:WMI] send_vdev_start_cmd_tlv: 1062: send_vdev_start_cmd_tlv: vdev_id 0 freq 5200 chanmode 6 ch_info: 0x6 is_dfs 0 beacon interval 100 dtim 0 center_chan 5190 center_freq2 0 reg_info_1: 0x170000 reg_info_2: 0x1700, req->max_txpow: 0x17 Tx SS 1, Rx SS 1, ldpc_rx: 0, cac 0, regd 4, HE ops: 0req->dis_hw_ack: 0
06-29 03:40:56.461 I/[ 2470.009566] [wpa_su][0xb0dc16c92][03( 0): 40:56.458527] wlan: [3475:I:HDD] wlan0(vdevid-0): Received Disconnect reason:3 WLAN_REASON_DEAUTH_LEAVING
06-29 03:40:56.609 I/[ 2470.158086] [soft_i][0xb0deceeda][03( 0): 40:56.607038] wlan: [0:I:TXRX] HTT_T2H_MSG_TYPE_PEER_MAP msg for peer id 6 vdev id 0 n
06-29 03:40:56.609 E/[ 2470.158133] [soft_i][0xb0decf308][03( 0): 40:56.607093] wlan: [0:E:DP] dp_peer_find_add_id: peer 0000000000000000 ID 6 vid 0 mac 98:97:cc:03:15:36
06-29 03:40:56.609 I/[ 2470.158163] [soft_i][0xb0decf552][03( 0): 40:56.607124] wlan: [0:I:DP] dp_peer_find_add_id: ref_cnt: 2
06-29 03:40:56.609 E/[ 2470.158226] [soft_i][0xb0decf759][03( 0): 40:56.607151] wlan: [0:E:DP] dp_peer_map_ast: peer 0000000000000000 ID 113 vid 0 mac 98:97:cc:03:15:36
06-29 03:40:56.701 I/[ 2470.250020] [schedu][0xb0e07de4b][03( 0): 40:56.698977] wlan: [3371:I:PE] Auth TX: seq 1 seq num 3677 status 0 WEP 0 to 98:97:cc:03:15:36
06-29 03:40:56.705 I/[ 2470.252276] [schedu][0xb0e088746][03( 0): 40:56.701230] wlan: [3371:I:PE] Auth TX: success
06-29 03:40:56.705 I/[ 2470.253784] [schedu][0xb0e08f8c1][03( 0): 40:56.702743] wlan: [3371:I:PE] Auth RX: vdev 0 sys role 3 lim_state 5 from 98:97:cc:03:15:36 rssi -57 auth_alg 0 seq 2955
06-29 03:40:56.705 I/[ 2470.254133] [schedu][0xb0e0912ef][03( 0): 40:56.703092] wlan: [3371:I:PE] Assoc req TX: vdev 0 to 98:97:cc:03:15:36 seq num 3678
06-29 03:40:56.713 I/[ 2470.260747] [schedu][0xb0e0b02f6][03( 0): 40:56.709706] wlan: [3371:I:PE] Assoc req TX: success
06-29 03:40:56.721 I/[ 2470.268883] [schedu][0xb0e0d64c6][03( 0): 40:56.717837] wlan: [3371:I:PE] Assoc rsp RX: subtype 0 vdev 0 sys role 3 lim state 10 rssi -58 from 98:97:cc:03:15:36
06-29 03:40:56.733 E/[ 2470.280581] [schedu][0xb0e10d26f][03( 0): 40:56.729539] wlan: [3371:E:QDF] Cannot malloc 0 bytes @ csr_get_cfg_max_tx_power:14199
06-29 03:40:56.733 E/[ 2470.283549] [schedu][0xb0e10d4e3][03( 0): 40:56.729571] wlan: [3371:E:QDF] Cannot malloc 0 bytes @ csr_get_cfg_max_tx_power:14199
06-29 03:40:56.737 I/[ 2470.285458] [schedu][0xb0e12404b][03( 0): 40:56.734417] wlan: [3371:I:HDD] hdd_association_completion_handler: 3187: hddDisconInProgress state=5, result=2, status=7
06-29 03:40:56.737 I/[ 2470.285564] [schedu][0xb0e12486c][03( 0): 40:56.734525] wlan: [3371:I:HDD] wlan0(vdevid-0): disconnected
06-29 03:40:56.737 E/[ 2470.286964] [schedu][0xb0e12b18b][03( 0): 40:56.735927] wlan: [3371:E:POLICY_MGR] policy_mgr_is_mcc_in_24G: 2881: unexpected num_connections value 0
06-29 03:40:56.797 W/[ 2470.344146] [schedu][0xb0e2371a1][03( 0): 40:56.793102] wlan: [3371:W:HDD] hdd_association_completion_handler: 3291: Warning:ASSOC_LINKUP_TIMEOUT
06-29 03:40:56.797 E/[ 2470.345742] [schedu][0xb0e23e986][03( 0): 40:56.794700] wlan: [3371:E:HDD] hdd_association_completion_handler: 3686: STA register with TL failed status: 16 [00000010]
06-29 03:40:56.797 I/[ 2470.347842] [schedu][0xb0e248721][03( 0): 40:56.796801] wlan: [3371:I:PE] Deauth TX: vdev 0 seq_num 3679 reason 3 waitForAck 1 to 98:97:cc:03:15:36 from 6e:37:ae:b7:f4:a8
06-29 03:40:56.813 E/[ 2470.362997] [schedu][0xb0e28f7c1][03( 0): 40:56.811956] wlan: [3371:E:HDD] hdd_get_roam_scan_ch_cb: 4213: Invalid len
06-29 03:40:56.841 I/[ 2470.388467] [schedu][0xb0e306e0b][03( 0): 40:56.837427] wlan: [3371:I:HDD] wlan0(vdevid-0): disconnected
06-29 03:40:56.841 I/[ 2470.390160] [wpa_su][0xb0e30ecc1][03( 0): 40:56.839117] wlan: [3475:I:HDD] Disconnect reason: 3 WLAN_REASON_DEAUTH_LEAVING vendor: 0 LG: 1
06-29 03:40:56.885 I/[ 2470.436092] [schedu][0xb0e3e5cfc][03( 0): 40:56.884986] wlan: [3371:I:HIF] Deinitializing Runtime PM wakelock &vdev->vdev_set_key_runtime_wakelock
06-29 03:40:56.889 I/[ 2470.438634] [schedu][0xb0e3f205c][03( 0): 40:56.887591] wlan: [3371:I:HIF] Initializing Runtime PM wakelock &vdev->vdev_set_key_runtime_wakelock
06-29 03:40:56.917 I/[ 2470.464993] [wifi@1][0xb0e46d78e][03( 0): 40:56.913927] wlan: [828:I:DP] dp_vdev_attach_wifi3: wlan_cfg_ap_bridge_enabled 0
06-29 03:40:56.913 D/android.hardware.wifi@1.0-service( 828): Successfully SetMacAddress.
06-29 03:40:56.922 W/wificond( 1206): Scan is not started. Ignore abort request
06-29 03:40:56.929 E/[ 2470.477308] [wifi@1][0xb0e4a7540][03( 0): 40:56.926270] wlan: [3455:E:wifipos] wifi_pos_process_app_reg_req: 608: Received App Req Req pid(-398458052), len(16)
06-29 03:40:56.929 I/[ 2470.477704] [wifi@1][0xb0e4a9347][03( 0): 40:56.926670] wlan: [3455:I:wifipos] wifi_pos_get_ch_info: 461: num channels: 26
06-29 03:40:56.929 I/[ 2470.478063] [wifi@1][0xb0e4aae27][03( 0): 40:56.927028] wlan: [3455:I:wifipos] wifi_pos_get_ch_info: 461: num channels: 26
06-29 03:40:56.959 I/[ 2470.509035] [wpa_su][0xb0e53c123][03( 0): 40:56.958001] wlan: [3475:I:SME] vdev-0: Connecting to hht_test_wifi_fc4318c9 04:d9:f5:fb:09:94 rssi: -73 freq: 5300 akm 3 cipher: uc 6 mc 6, CC:
06-29 03:40:56.959 E/[ 2470.509095] [wpa_su][0xb0e53c5c5][03( 0): 40:56.958063] wlan: [3475:E:QDF] Cannot malloc 0 bytes @ csr_get_cfg_max_tx_power:14199
06-29 03:40:56.961 I/[ 2470.510532] [schedu][0xb0e5430d6][03( 0): 40:56.959491] wlan: [3371:I:WMI] send_vdev_start_cmd_tlv: 1062: send_vdev_start_cmd_tlv: vdev_id 0 freq 5300 chanmode 18 ch_info: 0x12 is_dfs 0 beacon interval 100 dtim 0 center_chan 5290 center_freq2 0 reg_info_1: 0x170000 reg_info_2: 0x1700, req->max_txpow: 0x17 Tx SS 1, Rx SS 1, ldpc_rx: 0, cac 0, regd 4, HE ops: 0req->dis_hw_ack: 1
06-29 03:40:56.981 E/wificond( 1206): NL80211_CMD_TRIGGER_SCAN failed: Device or resource busy
06-29 03:40:56.985 E/[ 2470.532546] [wifico][0xb0e5aa3f1][03( 0): 40:56.981505] wlan: [1206:E:HDD] __wlan_hdd_cfg80211_scan: 572: Scan not allowed. scan_ebusy_cnt: 459 Session 0 Reason 1
06-29 03:40:57.114 I/[ 2470.665421] [soft_i][0xb0e8190fb][03( 0): 40:57.114373] wlan: [0:I:TXRX] HTT_T2H_MSG_TYPE_PEER_MAP msg for peer id 14 vdev id 0 n
06-29 03:40:57.114 E/[ 2470.665479] [soft_i][0xb0e819638][03( 0): 40:57.114443] wlan: [0:E:DP] dp_peer_find_add_id: peer 0000000000000000 ID 14 vid 0 mac 04:d9:f5:fb:09:94
06-29 03:40:57.114 I/[ 2470.665503] [soft_i][0xb0e819819][03( 0): 40:57.114468] wlan: [0:I:DP] dp_peer_find_add_id: ref_cnt: 2
06-29 03:40:57.114 E/[ 2470.665522] [soft_i][0xb0e819973][03( 0): 40:57.114486] wlan: [0:E:DP] dp_peer_map_ast: peer 0000000000000000 ID 3 vid 0 mac 04:d9:f5:fb:09:94
06-29 03:40:57.249 I/[ 2470.799165] [schedu][0xb0ea8c026][03( 0): 40:57.248122] wlan: [3371:I:PE] Auth TX: seq 1 seq num 3681 status 0 WEP 0 to 04:d9:f5:fb:09:94
06-29 03:40:57.257 I/[ 2470.805899] [schedu][0xb0eaab97c][03( 0): 40:57.254859] wlan: [3371:I:PE] Auth TX: fail
06-29 03:40:57.309 I/[ 2470.856503] [schedu][0xb0eb98c78][03( 0): 40:57.305459] wlan: [3371:I:PE] Auth TX: seq 1 seq num 3682 status 0 WEP 0 to 04:d9:f5:fb:09:94
06-29 03:40:57.365 I/[ 2470.916196] [schedu][0xb0ecb0970][03( 0): 40:57.365152] wlan: [3371:I:PE] Auth TX: seq 1 seq num 3683 status 0 WEP 0 to 04:d9:f5:fb:09:94
06-29 03:40:57.429 I/[ 2470.976245] [schedu][0xb0edca116][03( 0): 40:57.425201] wlan: [3371:I:PE] Auth TX: seq 1 seq num 3684 status 0 WEP 0 to 04:d9:f5:fb:09:94
06-29 03:40:57.489 I/[ 2471.036248] [schedu][0xb0eee352f][03( 0): 40:57.485202] wlan: [3371:I:PE] Auth TX: seq 1 seq num 3685 status 0 WEP 0 to 04:d9:f5:fb:09:94
06-29 03:40:57.549 I/[ 2471.096320] [schedu][0xb0effcec1][03( 0): 40:57.545276] wlan: [3371:I:PE] Auth TX: seq 1 seq num 3686 status 0 WEP 0 to 04:d9:f5:fb:09:94
06-29 03:40:57.605 I/[ 2471.156317] [schedu][0xb0f116287][03( 0): 40:57.605273] wlan: [3371:I:PE] Auth TX: seq 1 seq num 3687 status 0 WEP 0 to 04:d9:f5:fb:09:94
06-29 03:40:57.669 I/[ 2471.217038] [schedu][0xb0f232cb5][03( 0): 40:57.665996] wlan: [3371:I:PE] Auth TX: seq 1 seq num 3688 status 0 WEP 0 to 04:d9:f5:fb:09:94
06-29 03:40:57.727 I/[ 2471.277512] [schedu][0xb0f34e442][03( 0): 40:57.726470] wlan: [3371:I:PE] Auth TX: seq 1 seq num 3689 status 0 WEP 0 to 04:d9:f5:fb:09:94
06-29 03:40:57.785 I/[ 2471.336406] [schedu][0xb0f462559][03( 0): 40:57.785364] wlan: [3371:I:PE] Auth TX: seq 1 seq num 3690 status 0 WEP 0 to 04:d9:f5:fb:09:94
06-29 03:40:57.793 I/[ 2471.343168] [schedu][0xb0f48208c][03( 0): 40:57.792127] wlan: [3371:I:PE] Auth TX: fail
06-29 03:40:57.849 I/[ 2471.396756] [schedu][0xb0f57d390][03( 0): 40:57.845714] wlan: [3371:I:PE] Auth TX: seq 1 seq num 3691 status 0 WEP 0 to 04:d9:f5:fb:09:94
06-29 03:40:57.909 I/[ 2471.456557] [schedu][0xb0f6958a6][03( 0): 40:57.905515] wlan: [3371:I:PE] Auth TX: seq 1 seq num 3692 status 0 WEP 0 to 04:d9:f5:fb:09:94
06-29 03:40:57.969 I/[ 2471.516454] [schedu][0xb0f7ae4e2][03( 0): 40:57.965411] wlan: [3371:I:PE] Auth TX: seq 1 seq num 3693 status 0 WEP 0 to 04:d9:f5:fb:09:94
06-29 03:40:58.029 I/[ 2471.578992] [schedu][0xb0f8d3756][03( 0): 40:58.027951] wlan: [3371:I:PE] Auth TX: seq 1 seq num 3694 status 0 WEP 0 to 04:d9:f5:fb:09:94
06-29 03:40:58.085 I/[ 2471.636459] [schedu][0xb0f9e0c6d][03( 0): 40:58.085405] wlan: [3371:I:PE] Auth TX: seq 1 seq num 3695 status 0 WEP 0 to 04:d9:f5:fb:09:94
06-29 03:40:58.146 I/[ 2471.697378] [schedu][0xb0fafe63d][03( 0): 40:58.146336] wlan: [3371:I:PE] Auth TX: seq 1 seq num 3696 status 0 WEP 0 to 04:d9:f5:fb:09:94
06-29 03:40:58.209 I/[ 2471.756519] [schedu][0xb0fc139d0][03( 0): 40:58.205477] wlan: [3371:I:PE] Auth TX: seq 1 seq num 3697 status 0 WEP 0 to 04:d9:f5:fb:09:94
06-29 03:40:58.263 W/[ 2471.813525] [schedu][0xb0fd1ed21][03( 0): 40:58.262481] wlan: [3371:W:PE] lim_process_auth_failure_timeout: 1777: received AUTH failure timeout in sessionid 0 limMlmstate 5 limSmeState 4
06-29 03:40:58.264 E/[ 2471.814354] [schedu][0xb0fd22b77][03( 0): 40:58.263313] wlan: [3371:E:PE] lim_process_mlm_auth_cnf: 558: Auth Failure occurred
06-29 03:40:58.264 I/[ 2471.814451] [schedu][0xb0fd232de][03( 0): 40:58.263411] wlan: [3371:I:PE] Deauth TX: vdev 0 seq_num 3698 reason 65530 waitForAck 0 to 04:d9:f5:fb:09:94 from a2:d7:5b:b4:b7:af
06-29 03:40:58.280 I/wificond( 1206): Connect timeout
06-29 03:40:58.281 W/[ 2471.830449] [schedu][0xb0fd6e284][03( 0): 40:58.279407] wlan: [3371:W:SME] csr_roam_join_rsp_processor: 9876: SmeJoinReq failed with status_code= 0x000001FD [509] reason:65530
06-29 03:40:58.281 W/[ 2471.830742] [schedu][0xb0fd6f8ae][03( 0): 40:58.279702] wlan: [3371:W:HDD] hdd_get_rssi_snr_by_bssid: 17749: sme_get_rssi_snr_by_bssid failed
06-29 03:40:58.281 E/[ 2471.830807] [schedu][0xb0fd6fd64][03( 0): 40:58.279765] wlan: [3371:E:HDD] hdd_association_completion_handler: 3712: wlan0(vdevid-0): connection failed with 04:d9:f5:fb:09:94 result: 3 and Status: 7
06-29 03:40:58.281 W/[ 2471.831124] [schedu][0xb0fd71343][03( 0): 40:58.280056] wlan: [3371:W:HDD] hdd_get_rssi_snr_by_bssid: 17749: sme_get_rssi_snr_by_bssid failed
06-29 03:40:58.281 E/[ 2471.831164] [schedu][0xb0fd71859][03( 0): 40:58.280124] wlan: [3371:E:HDD] hdd_association_completion_handler: 3712: wlan0(vdevid-0): connection failed with 04:d9:f5:fb:09:94 result: 1 and Status: 9
06-29 03:40:58.281 E/[ 2471.831340] [schedu][0xb0fd72584][03( 0): 40:58.280300] wlan: [3371:E:HDD] hdd_association_completion_handler: 3784: send connect failure to nl80211: for bssid 04:d9:f5:fb:09:94 result: 1 and Status: 9 reasoncode: 65530
06-29 03:40:58.311 I/[ 2471.860775] logd( 0): logdr: UID=1000 GID=1000 PID=14487 n tail=127 logMask=19 pid=0 start=0ns deadline=0ns
06-29 03:40:58.347 I/[ 2471.894089] [schedu][0xb0fe987e9][03( 0): 40:58.343052] wlan: [3371:I:HIF] Deinitializing Runtime PM wakelock &vdev->vdev_set_key_runtime_wakelock
06-29 03:40:58.347 I/[ 2471.894722] [schedu][0xb0fe9b787][03( 0): 40:58.343687] wlan: [3371:I:HIF] Initializing Runtime PM wakelock &vdev->vdev_set_key_runtime_wakelock
06-29 03:40:58.355 D/android.hardware.wifi@1.0-service( 828): Successfully SetMacAddress.
06-29 03:40:58.359 I/[ 2471.906473] [wifi@1][0xb0fed28b8][03( 0): 40:58.355436] wlan: [828:I:DP] dp_vdev_attach_wifi3: wlan_cfg_ap_bridge_enabled 0
06-29 03:40:58.369 E/[ 2471.916401] [wifi@1][0xb0ff01168][03( 0): 40:58.365365] wlan: [3455:E:wifipos] wifi_pos_process_app_reg_req: 608: Received App Req Req pid(-398458052), len(16)
06-29 03:40:58.369 I/[ 2471.916811] [wifi@1][0xb0ff03040][03( 0): 40:58.365776] wlan: [3455:I:wifipos] wifi_pos_get_ch_info: 461: num channels: 26
06-29 03:40:58.369 I/[ 2471.918678] [wifi@1][0xb0ff0bc4e][03( 0): 40:58.367644] wlan: [3455:I:wifipos] wifi_pos_get_ch_info: 461: num channels: 26
06-29 03:40:58.417 I/[ 2471.966470] logd( 0): logdr: UID=1000 GID=1000 PID=14491 n tail=127 logMask=80 pid=0 start=0ns deadline=0ns
06-29 03:40:58.488 I/GameModeConfig( 1522): isGameModeOn = false
06-29 03:40:58.513 E/android.hardware.wifi@1.0-service( 828): create file failed: Permission denied
06-29 03:40:58.513 E/android.hardware.wifi@1.0-service( 828): Error writing files to flash
06-29 03:40:58.521 I/[ 2472.071922] [schedu][0xb101da16c][03( 0): 40:58.520885] wlan: [3371:I:OSIF] scan start scan id 41268
06-29 03:40:58.989 D/PowerManagerService( 1522): acquireWakeLockInternal: lock=218282209, flags=0x1, tag="*alarm*", ws=WorkSource{1000}, uid=1000, pid=1522
06-29 03:40:58.990 D/PowerManagerService( 1522): updateWakeLockSummaryLocked: mWakefulness=Awake, mWakeLockSummary=0x1
06-29 03:40:58.990 D/PowerManagerService( 1522): updateUserActivitySummaryLocked: groupId=0, mWakefulness=Awake, mUserActivitySummary=0x1, nextTimeout=2528897 (in 56356 ms)
06-29 03:40:58.990 D/PowerManagerNotifier( 1522): onScreenPolicyUpdate: newPolicy=3
06-29 03:40:58.990 D/PowerManagerService( 1522): updateDisplayPowerStateLocked: displayReady=true, groupId=0, policy=BRIGHT, mWakefulness=Awake, mWakeLockSummary=0x1, mUserActivitySummary=0x1, mBootCompleted=true, screenBrightnessOverride=NaN, useAutoBrightness=false, mScreenBrightnessBoostInProgress=false, mIsVrModeEnabled= false, sQuiescent=false
06-29 03:40:58.990 D/PowerManagerNotifier( 1522): onWakeLockAcquired: flags=1, tag="*alarm*", packageName=android, ownerUid=1000, ownerPid=1522, workSource=WorkSource{1000}
06-29 03:40:58.991 D/PowerManagerService( 1522): releaseWakeLockInternal: lock=218282209 [*alarm*], flags=0x0
06-29 03:40:58.991 D/PowerManagerNotifier( 1522): onWakeLockReleased: flags=1, tag="*alarm*", packageName=android, ownerUid=1000, ownerPid=1522, workSource=WorkSource{1000}
06-29 03:40:58.991 D/PowerManagerService( 1522): updateWakeLockSummaryLocked: mWakefulness=Awake, mWakeLockSummary=0x1
06-29 03:40:58.991 D/PowerManagerService( 1522): updateUserActivitySummaryLocked: groupId=0, mWakefulness=Awake, mUserActivitySummary=0x1, nextTimeout=2528897 (in 56355 ms)
06-29 03:40:58.991 D/PowerManagerNotifier( 1522): onScreenPolicyUpdate: newPolicy=3
06-29 03:40:58.991 D/PowerManagerService( 1522): updateDisplayPowerStateLocked: displayReady=true, groupId=0, policy=BRIGHT, mWakefulness=Awake, mWakeLockSummary=0x1, mUserActivitySummary=0x1, mBootCompleted=true, screenBrightnessOverride=NaN, useAutoBrightness=false, mScreenBrightnessBoostInProgress=false, mIsVrModeEnabled= false, sQuiescent=false
06-29 03:40:59.713 I/[ 2473.263690] [schedu][0xb117ac71a][03( 0): 40:59.712641] wlan: [3371:I:OSIF] vdev 0, scan id 41268 type COMPLETED(1) reason COMPLETED(1) scan found 26 bss
06-29 03:40:59.817 I/[ 2473.367098] [schedu][0xb119912af][03( 0): 40:59.816049] wlan: [3371:I:HIF] Deinitializing Runtime PM wakelock &vdev->vdev_set_key_runtime_wakelock
06-29 03:40:59.821 I/[ 2473.368663] [schedu][0xb119988b4][03( 0): 40:59.817623] wlan: [3371:I:HIF] Initializing Runtime PM wakelock &vdev->vdev_set_key_runtime_wakelock
06-29 03:40:59.832 D/android.hardware.wifi@1.0-service( 828): Successfully SetMacAddress.
06-29 03:40:59.833 I/[ 2473.383821] [wifi@1][0xb119df473][03( 0): 40:59.832712] wlan: [828:I:DP] dp_vdev_attach_wifi3: wlan_cfg_ap_bridge_enabled 0
06-29 03:40:59.850 E/[ 2473.399197] [wifi@1][0xb11a27aef][03( 0): 40:59.848159] wlan: [3455:E:wifipos] wifi_pos_process_app_reg_req: 608: Received App Req Req pid(-398458052), len(16)
06-29 03:40:59.850 I/[ 2473.399671] [wifi@1][0xb11a29ebc][03( 0): 40:59.848636] wlan: [3455:I:wifipos] wifi_pos_get_ch_info: 461: num channels: 26
06-29 03:40:59.850 I/[ 2473.400100] [wifi@1][0xb11a2bef0][03( 0): 40:59.849065] wlan: [3455:I:wifipos] wifi_pos_get_ch_info: 461: num channels: 26
06-29 03:40:59.847 W/wificond( 1206): Scan is not started. Ignore abort request
06-29 03:40:59.865 I/[ 2473.415997] [wpa_su][0xb11a76712][03( 0): 40:59.864961] wlan: [3475:I:SME] vdev-0: Connecting to 200M_5G 98:97:cc:03:15:36 rssi: -61 freq: 5200 akm 9 cipher: uc 6 mc 6, CC:
06-29 03:40:59.869 E/[ 2473.416470] [wpa_su][0xb11a78a9e][03( 0): 40:59.865435] wlan: [3475:E:QDF] Cannot malloc 0 bytes @ csr_get_cfg_max_tx_power:14199
06-29 03:40:59.869 I/[ 2473.417274] [schedu][0xb11a7c6dd][03( 0): 40:59.866238] wlan: [3371:I:WMI] send_vdev_start_cmd_tlv: 1062: send_vdev_start_cmd_tlv: vdev_id 0 freq 5200 chanmode 6 ch_info: 0x6 is_dfs 0 beacon interval 100 dtim 0 center_chan 5190 center_freq2 0 reg_info_1: 0x170000 reg_info_2: 0x1700, req->max_txpow: 0x17 Tx SS 1, Rx SS 1, ldpc_rx: 0, cac 0, regd 4, HE ops: 0req->dis_hw_ack: 0
06-29 03:40:59.917 I/[ 2473.465534] [wpa_su][0xb11b5ea17][03( 0): 40:59.914494] wlan: [3475:I:HDD] wlan0(vdevid-0): Received Disconnect reason:3 WLAN_REASON_DEAUTH_LEAVING
06-29 03:41:00.001 D/PowerManagerService( 1522): acquireWakeLockInternal: lock=218282209, flags=0x1, tag="*alarm*", ws=WorkSource{1000}, uid=1000, pid=1522
06-29 03:41:00.001 D/PowerManagerService( 1522): updateWakeLockSummaryLocked: mWakefulness=Awake, mWakeLockSummary=0x1
06-29 03:41:00.001 D/PowerManagerService( 1522): updateUserActivitySummaryLocked: groupId=0, mWakefulness=Awake, mUserActivitySummary=0x1, nextTimeout=2528897 (in 55345 ms)
06-29 03:41:00.001 D/PowerManagerNotifier( 1522): onScreenPolicyUpdate: newPolicy=3
06-29 03:41:00.002 D/PowerManagerService( 1522): updateDisplayPowerStateLocked: displayReady=true, groupId=0, policy=BRIGHT, mWakefulness=Awake, mWakeLockSummary=0x1, mUserActivitySummary=0x1, mBootCompleted=true, screenBrightnessOverride=NaN, useAutoBrightness=false, mScreenBrightnessBoostInProgress=false, mIsVrModeEnabled= false, sQuiescent=false
06-29 03:41:00.002 D/PowerManagerNotifier( 1522): onWakeLockAcquired: flags=1, tag="*alarm*", packageName=android, ownerUid=1000, ownerPid=1522, workSource=WorkSource{1000}
06-29 03:41:00.003 D/PowerManagerService( 1522): releaseWakeLockInternal: lock=218282209 [*alarm*], flags=0x0
06-29 03:41:00.003 D/PowerManagerNotifier( 1522): onWakeLockReleased: flags=1, tag="*alarm*", packageName=android, ownerUid=1000, ownerPid=1522, workSource=WorkSource{1000}
06-29 03:41:00.003 D/PowerManagerService( 1522): updateWakeLockSummaryLocked: mWakefulness=Awake, mWakeLockSummary=0x1
06-29 03:41:00.003 D/PowerManagerService( 1522): updateUserActivitySummaryLocked: groupId=0, mWakefulness=Awake, mUserActivitySummary=0x1, nextTimeout=2528897 (in 55343 ms)
06-29 03:41:00.003 D/PowerManagerNotifier( 1522): onScreenPolicyUpdate: newPolicy=3
06-29 03:41:00.003 D/PowerManagerService( 1522): updateDisplayPowerStateLocked: displayReady=true, groupId=0, policy=BRIGHT, mWakefulness=Awake, mWakeLockSummary=0x1, mUserActivitySummary=0x1, mBootCompleted=true, screenBrightnessOverride=NaN, useAutoBrightness=false, mScreenBrightnessBoostInProgress=false, mIsVrModeEnabled= false, sQuiescent=false
06-29 03:41:00.053 I/[ 2473.600364] [soft_i][0xb11dd6a02][03( 0): 41:00.049320] wlan: [0:I:TXRX] HTT_T2H_MSG_TYPE_PEER_MAP msg for peer id 9 vdev id 0 n
06-29 03:41:00.053 E/[ 2473.600415] [soft_i][0xb11dd6cf6][03( 0): 41:00.049359] wlan: [0:E:DP] dp_peer_find_add_id: peer 0000000000000000 ID 9 vid 0 mac 98:97:cc:03:15:36
06-29 03:41:00.053 I/[ 2473.600436] [soft_i][0xb11dd700a][03( 0): 41:00.049400] wlan: [0:I:DP] dp_peer_find_add_id: ref_cnt: 2
06-29 03:41:00.053 E/[ 2473.600452] [soft_i][0xb11dd7148][03( 0): 41:00.049417] wlan: [0:E:DP] dp_peer_map_ast: peer 0000000000000000 ID 113 vid 0 mac 98:97:cc:03:15:36
06-29 03:41:00.125 I/[ 2473.673877] [schedu][0xb11f2f32e][03( 0): 41:00.122829] wlan: [3371:I:PE] Auth TX: seq 1 seq num 3700 status 0 WEP 0 to 98:97:cc:03:15:36
06-29 03:41:00.137 I/[ 2473.687131] [schedu][0xb11f6d5ca][03( 0): 41:00.136090] wlan: [3371:I:PE] Auth TX: success
06-29 03:41:00.141 I/[ 2473.689055] [schedu][0xb11f765e8][03( 0): 41:00.138012] wlan: [3371:I:PE] Auth RX: vdev 0 sys role 3 lim_state 5 from 98:97:cc:03:15:36 rssi -57 auth_alg 0 seq 2966
06-29 03:41:00.141 I/[ 2473.689357] [schedu][0xb11f77cae][03( 0): 41:00.138315] wlan: [3371:I:PE] Assoc req TX: vdev 0 to 98:97:cc:03:15:36 seq num 3701
06-29 03:41:00.141 I/[ 2473.691298] [schedu][0xb11f80e4a][03( 0): 41:00.140257] wlan: [3371:I:PE] Assoc req TX: success
06-29 03:41:00.157 I/[ 2473.704512] [schedu][0xb11fbed4b][03( 0): 41:00.153470] wlan: [3371:I:PE] Assoc rsp RX: subtype 0 vdev 0 sys role 3 lim state 10 rssi -57 from 98:97:cc:03:15:36
06-29 03:41:00.165 E/[ 2473.714346] [schedu][0xb11fecef6][03( 0): 41:00.163306] wlan: [3371:E:QDF] Cannot malloc 0 bytes @ csr_get_cfg_max_tx_power:14199
06-29 03:41:00.165 E/[ 2473.714377] [schedu][0xb11fed164][03( 0): 41:00.163338] wlan: [3371:E:QDF] Cannot malloc 0 bytes @ csr_get_cfg_max_tx_power:14199
06-29 03:41:00.165 I/[ 2473.715249] [schedu][0xb11ff12ae][03( 0): 41:00.164209] wlan: [3371:I:HDD] hdd_association_completion_handler: 3187: hddDisconInProgress state=5, result=2, status=7
06-29 03:41:00.165 I/[ 2473.715393] [schedu][0xb11ff1d8d][03( 0): 41:00.164354] wlan: [3371:I:HDD] wlan0(vdevid-0): disconnected
06-29 03:41:00.165 E/[ 2473.715982] [schedu][0xb11ff49a3][03( 0): 41:00.164941] wlan: [3371:E:POLICY_MGR] policy_mgr_is_mcc_in_24G: 2881: unexpected num_connections value 0
06-29 03:41:00.225 W/[ 2473.776132] [schedu][0xb1210e898][03( 0): 41:00.225088] wlan: [3371:W:HDD] hdd_association_completion_handler: 3291: Warning:ASSOC_LINKUP_TIMEOUT
06-29 03:41:00.229 E/[ 2473.777735] [schedu][0xb1211612a][03( 0): 41:00.226695] wlan: [3371:E:HDD] hdd_association_completion_handler: 3686: STA register with TL failed status: 16 [00000010]
06-29 03:41:00.229 I/[ 2473.778929] [schedu][0xb1211bac5][03( 0): 41:00.227890] wlan: [3371:I:PE] Deauth TX: vdev 0 seq_num 3702 reason 3 waitForAck 1 to 98:97:cc:03:15:36 from 6e:37:ae:b7:f4:a8
06-29 03:41:00.249 E/[ 2473.797102] [schedu][0xb12170d9f][03( 0): 41:00.246061] wlan: [3371:E:HDD] hdd_get_roam_scan_ch_cb: 4213: Invalid len
06-29 03:41:00.279 I/[ 2473.822832] [schedu][0xb121e9773][03( 0): 41:00.271792] wlan: [3371:I:HDD] wlan0(vdevid-0): disconnected
06-29 03:41:00.279 I/[ 2473.823676] [wpa_su][0xb121ed689][03( 0): 41:00.272634] wlan: [3475:I:HDD] Disconnect reason: 3 WLAN_REASON_DEAUTH_LEAVING vendor: 0 LG: 1
06-29 03:41:00.321 I/[ 2473.871573] [schedu][0xb122cdeca][03( 0): 41:00.320530] wlan: [3371:I:HIF] Deinitializing Runtime PM wakelock &vdev->vdev_set_key_runtime_wakelock
06-29 03:41:00.325 I/[ 2473.873224] [schedu][0xb122d5a8a][03( 0): 41:00.322180] wlan: [3371:I:HIF] Initializing Runtime PM wakelock &vdev->vdev_set_key_runtime_wakelock
06-29 03:41:00.340 D/android.hardware.wifi@1.0-service( 828): Successfully SetMacAddress.
06-29 03:41:00.342 I/[ 2473.892505] [wifi@1][0xb123300c5][03( 0): 41:00.341463] wlan: [828:I:DP] dp_vdev_attach_wifi3: wlan_cfg_ap_bridge_enabled 0
06-29 03:41:00.351 W/wificond( 1206): Scan is not started. Ignore abort request
06-29 03:41:00.364 E/[ 2473.908705] [wifi@1][0xb1237c007][03( 0): 41:00.357667] wlan: [3455:E:wifipos] wifi_pos_process_app_reg_req: 608: Received App Req Req pid(-398458052), len(16)
06-29 03:41:00.364 I/[ 2473.909546] [wifi@1][0xb1237ff55][03( 0): 41:00.358511] wlan: [3455:I:wifipos] wifi_pos_get_ch_info: 461: num channels: 26
06-29 03:41:00.369 I/[ 2473.916443] [wifi@1][0xb123a049b][03( 0): 41:00.365408] wlan: [3455:I:wifipos] wifi_pos_get_ch_info: 461: num channels: 26
06-29 03:41:00.383 I/[ 2473.933588] [wpa_su][0xb123f0aa4][03( 0): 41:00.382555] wlan: [3475:I:SME] vdev-0: Connecting to hht_test_wifi_fc4318c9 04:d9:f5:fb:09:94 rssi: -73 freq: 5300 akm 3 cipher: uc 6 mc 6, CC:
06-29 03:41:00.383 E/[ 2473.933644] [wpa_su][0xb123f0ef1][03( 0): 41:00.382612] wlan: [3475:E:QDF] Cannot malloc 0 bytes @ csr_get_cfg_max_tx_power:14199
06-29 03:41:00.385 I/[ 2473.934774] [schedu][0xb123f633e][03( 0): 41:00.383736] wlan: [3371:I:WMI] send_vdev_start_cmd_tlv: 1062: send_vdev_start_cmd_tlv: vdev_id 0 freq 5300 chanmode 18 ch_info: 0x12 is_dfs 0 beacon interval 100 dtim 0 center_chan 5290 center_freq2 0 reg_info_1: 0x170000 reg_info_2: 0x1700, req->max_txpow: 0x17 Tx SS 1, Rx SS 1, ldpc_rx: 0, cac 0, regd 4, HE ops: 0req->dis_hw_ack: 1
06-29 03:41:00.398 E/wificond( 1206): NL80211_CMD_TRIGGER_SCAN failed: Device or resource busy
06-29 03:41:00.401 E/[ 2473.949604] [wifico][0xb1243bb65][03( 0): 41:00.398565] wlan: [1206:E:HDD] __wlan_hdd_cfg80211_scan: 572: Scan not allowed. scan_ebusy_cnt: 460 Session 0 Reason 1
06-29 03:41:00.401 E/[ 2473.952059] link_delay_work_func( 0): DTC_ETH: SQI=0, link=0
06-29 03:41:00.513 I/[ 2474.064580] [soft_i][0xb126567ad][03( 0): 41:00.513502] wlan: [0:I:TXRX] HTT_T2H_MSG_TYPE_PEER_MAP msg for peer id 10 vdev id 0 n
06-29 03:41:00.513 E/[ 2474.064642] [soft_i][0xb12656f62][03( 0): 41:00.513605] wlan: [0:E:DP] dp_peer_find_add_id: peer 0000000000000000 ID 10 vid 0 mac 04:d9:f5:fb:09:94
06-29 03:41:00.513 I/[ 2474.064664] [soft_i][0xb1265711c][03( 0): 41:00.513628] wlan: [0:I:DP] dp_peer_find_add_id: ref_cnt: 2
06-29 03:41:00.513 E/[ 2474.064682] [soft_i][0xb12657275][03( 0): 41:00.513646] wlan: [0:E:DP] dp_peer_map_ast: peer 0000000000000000 ID 3 vid 0 mac 04:d9:f5:fb:09:94
06-29 03:41:00.629 I/[ 2474.178329] [schedu][0xb1286bd95][03( 0): 41:00.627287] wlan: [3371:I:PE] Auth TX: seq 1 seq num 3704 status 0 WEP 0 to 04:d9:f5:fb:09:94
06-29 03:41:00.689 I/[ 2474.236315] [schedu][0xb1297ba58][03( 0): 41:00.685271] wlan: [3371:I:PE] Auth TX: seq 1 seq num 3705 status 0 WEP 0 to 04:d9:f5:fb:09:94
06-29 03:41:00.694 I/[ 2474.242821] [schedu][0xb1299a2dc][03( 0): 41:00.691784] wlan: [3371:I:PE] Auth TX: fail
06-29 03:41:00.749 I/[ 2474.296286] [schedu][0xb12a947ed][03( 0): 41:00.745185] wlan: [3371:I:PE] Auth TX: seq 1 seq num 3706 status 0 WEP 0 to 04:d9:f5:fb:09:94
06-29 03:41:00.805 I/[ 2474.356205] [schedu][0xb12bad9fb][03( 0): 41:00.805159] wlan: [3371:I:PE] Auth TX: seq 1 seq num 3707 status 0 WEP 0 to 04:d9:f5:fb:09:94
06-29 03:41:00.872 I/[ 2474.416227] [schedu][0xb12cc6fb2][03( 0): 41:00.865182] wlan: [3371:I:PE] Auth TX: seq 1 seq num 3708 status 0 WEP 0 to 04:d9:f5:fb:09:94
06-29 03:41:00.925 I/[ 2474.476321] [schedu][0xb12de0aa1][03( 0): 41:00.925275] wlan: [3371:I:PE] Auth TX: seq 1 seq num 3709 status 0 WEP 0 to 04:d9:f5:fb:09:94
06-29 03:41:00.989 I/[ 2474.536289] [schedu][0xb12ef9c3e][03( 0): 41:00.985243] wlan: [3371:I:PE] Auth TX: seq 1 seq num 3710 status 0 WEP 0 to 04:d9:f5:fb:09:94
06-29 03:41:01.049 I/[ 2474.596131] [schedu][0xb130124c9][03( 0): 41:01.045090] wlan: [3371:I:PE] Auth TX: seq 1 seq num 3711 status 0 WEP 0 to 04:d9:f5:fb:09:94
06-29 03:41:01.109 I/[ 2474.656233] [schedu][0xb1312bffc][03( 0): 41:01.105186] wlan: [3371:I:PE] Auth TX: seq 1 seq num 3712 status 0 WEP 0 to 04:d9:f5:fb:09:94
06-29 03:41:01.168 I/[ 2474.718767] [schedu][0xb1325124c][03( 0): 41:01.167724] wlan: [3371:I:PE] Auth TX: seq 1 seq num 3713 status 0 WEP 0 to 04:d9:f5:fb:09:94
06-29 03:41:01.229 I/[ 2474.776869] [schedu][0xb133617fb][03( 0): 41:01.225826] wlan: [3371:I:PE] Auth TX: seq 1 seq num 3714 status 0 WEP 0 to 04:d9:f5:fb:09:94
06-29 03:41:01.233 I/[ 2474.783721] [schedu][0xb13381a02][03( 0): 41:01.232680] wlan: [3371:I:PE] Auth TX: fail
06-29 03:41:01.290 I/[ 2474.836406] [schedu][0xb1347895b][03( 0): 41:01.285364] wlan: [3371:I:PE] Auth TX: seq 1 seq num 3715 status 0 WEP 0 to 04:d9:f5:fb:09:94
06-29 03:41:01.349 I/[ 2474.896224] [schedu][0xb13590f57][03( 0): 41:01.345177] wlan: [3371:I:PE] Auth TX: seq 1 seq num 3716 status 0 WEP 0 to 04:d9:f5:fb:09:94
06-29 03:41:01.409 I/[ 2474.957629] [schedu][0xb136b0d1b][03( 0): 41:01.406588] wlan: [3371:I:PE] Auth TX: seq 1 seq num 3717 status 0 WEP 0 to 04:d9:f5:fb:09:94
06-29 03:41:01.469 I/[ 2475.016239] [schedu][0xb137c38b1][03( 0): 41:01.465196] wlan: [3371:I:PE] Auth TX: seq 1 seq num 3718 status 0 WEP 0 to 04:d9:f5:fb:09:94
06-29 03:41:01.528 I/[ 2475.079267] [schedu][0xb138eafe5][03( 0): 41:01.528225] wlan: [3371:I:PE] Auth TX: seq 1 seq num 3719 status 0 WEP 0 to 04:d9:f5:fb:09:94
06-29 03:41:01.589 I/[ 2475.136222] [schedu][0xb139f5f8b][03( 0): 41:01.585180] wlan: [3371:I:PE] Auth TX: seq 1 seq num 3720 status 0 WEP 0 to 04:d9:f5:fb:09:94
06-29 03:41:01.650 W/[ 2475.200528] [schedu][0xb13b23662][03( 0): 41:01.649485] wlan: [3371:W:PE] lim_process_auth_failure_timeout: 1777: received AUTH failure timeout in sessionid 0 limMlmstate 5 limSmeState 4
06-29 03:41:01.650 E/[ 2475.200661] [schedu][0xb13b2409f][03( 0): 41:01.649621] wlan: [3371:E:PE] lim_process_mlm_auth_cnf: 558: Auth Failure occurred
06-29 03:41:01.650 I/[ 2475.200781] [schedu][0xb13b24974][03( 0): 41:01.649739] wlan: [3371:I:PE] Deauth TX: vdev 0 seq_num 3721 reason 65530 waitForAck 0 to 04:d9:f5:fb:09:94 from a2:d7:5b:b4:b7:af
06-29 03:41:01.668 I/wificond( 1206): Connect timeout
06-29 03:41:01.669 E/[ 2475.218051] [schedu][0xb13b758c1][03( 0): 41:01.667010] wlan: [3371:E:PE] lim_process_auth_retry_timer: 1703: session does not exist for pe_session_id: 0
06-29 03:41:01.669 W/[ 2475.218144] [schedu][0xb13b75fdd][03( 0): 41:01.667104] wlan: [3371:W:SME] csr_roam_join_rsp_processor: 9876: SmeJoinReq failed with status_code= 0x000001FD [509] reason:65530
06-29 03:41:01.669 W/[ 2475.218475] [schedu][0xb13b778b6][03( 0): 41:01.667436] wlan: [3371:W:HDD] hdd_get_rssi_snr_by_bssid: 17749: sme_get_rssi_snr_by_bssid failed
06-29 03:41:01.669 E/[ 2475.218509] [schedu][0xb13b77b3f][03( 0): 41:01.667470] wlan: [3371:E:HDD] hdd_association_completion_handler: 3712: wlan0(vdevid-0): connection failed with 04:d9:f5:fb:09:94 result: 3 and Status: 7
06-29 03:41:01.669 W/[ 2475.218903] [schedu][0xb13b798c6][03( 0): 41:01.667863] wlan: [3371:W:HDD] hdd_get_rssi_snr_by_bssid: 17749: sme_get_rssi_snr_by_bssid failed
06-29 03:41:01.669 E/[ 2475.218943] [schedu][0xb13b79bc2][03( 0): 41:01.667903] wlan: [3371:E:HDD] hdd_association_completion_handler: 3712: wlan0(vdevid-0): connection failed with 04:d9:f5:fb:09:94 result: 1 and Status: 9
06-29 03:41:01.669 E/[ 2475.219177] [schedu][0xb13b7ad1f][03( 0): 41:01.668135] wlan: [3371:E:HDD] hdd_association_completion_handler: 3784: send connect failure to nl80211: for bssid 04:d9:f5:fb:09:94 result: 1 and Status: 9 reasoncode: 65530
06-29 03:41:01.700 I/[ 2475.251056] logd( 0): logdr: UID=1000 GID=1000 PID=14522 n tail=127 logMask=19 pid=0 start=0ns deadline=0ns
06-29 03:41:01.733 I/[ 2475.283586] [schedu][0xb13ca8c28][03( 0): 41:01.732548] wlan: [3371:I:HIF] Deinitializing Runtime PM wakelock &vdev->vdev_set_key_runtime_wakelock
06-29 03:41:01.737 I/[ 2475.284341] [schedu][0xb13cac4eb][03( 0): 41:01.733305] wlan: [3371:I:HIF] Initializing Runtime PM wakelock &vdev->vdev_set_key_runtime_wakelock
06-29 03:41:01.742 D/android.hardware.wifi@1.0-service( 828): Successfully SetMacAddress.
06-29 03:41:01.745 I/[ 2475.294222] [wifi@1][0xb13cda9cf][03( 0): 41:01.743184] wlan: [828:I:DP] dp_vdev_attach_wifi3: wlan_cfg_ap_bridge_enabled 0
06-29 03:41:01.753 E/[ 2475.303202] [wifi@1][0xb13d04b51][03( 0): 41:01.752164] wlan: [3455:E:wifipos] wifi_pos_process_app_reg_req: 608: Received App Req Req pid(-398458052), len(16)
06-29 03:41:01.753 I/[ 2475.303626] [wifi@1][0xb13d06b59][03( 0): 41:01.752591] wlan: [3455:I:wifipos] wifi_pos_get_ch_info: 461: num channels: 26
06-29 03:41:01.753 I/[ 2475.303964] [wifi@1][0xb13d084af][03( 0): 41:01.752929] wlan: [3455:I:wifipos] wifi_pos_get_ch_info: 461: num channels: 26
06-29 03:41:01.809 I/[ 2475.359352] logd( 0): logdr: UID=1000 GID=1000 PID=14526 n tail=127 logMask=80 pid=0 start=0ns deadline=0ns
06-29 03:41:01.878 I/GameModeConfig( 1522): isGameModeOn = false
06-29 03:41:01.897 I/[ 2475.446134] [schedu][0xb13fa2a95][03( 0): 41:01.895087] wlan: [3371:I:OSIF] scan start scan id 41269
06-29 03:41:01.903 E/android.hardware.wifi@1.0-service( 828): create file failed: Permission denied
06-29 03:41:01.903 E/android.hardware.wifi@1.0-service( 828): Error writing files to flash
06-29 03:41:02.399 D/PowerManagerService( 1522): acquireWakeLockInternal: lock=218282209, flags=0x1, tag="*alarm*", ws=WorkSource{1000}, uid=1000, pid=1522
06-29 03:41:02.399 D/PowerManagerService( 1522): updateWakeLockSummaryLocked: mWakefulness=Awake, mWakeLockSummary=0x1
06-29 03:41:02.399 D/PowerManagerService( 1522): updateUserActivitySummaryLocked: groupId=0, mWakefulness=Awake, mUserActivitySummary=0x1, nextTimeout=2528897 (in 52947 ms)
06-29 03:41:02.400 D/PowerManagerNotifier( 1522): onScreenPolicyUpdate: newPolicy=3
06-29 03:41:02.400 D/PowerManagerService( 1522): updateDisplayPowerStateLocked: displayReady=true, groupId=0, policy=BRIGHT, mWakefulness=Awake, mWakeLockSummary=0x1, mUserActivitySummary=0x1, mBootCompleted=true, screenBrightnessOverride=NaN, useAutoBrightness=false, mScreenBrightnessBoostInProgress=false, mIsVrModeEnabled= false, sQuiescent=false
06-29 03:41:02.400 D/PowerManagerNotifier( 1522): onWakeLockAcquired: flags=1, tag="*alarm*", packageName=android, ownerUid=1000, ownerPid=1522, workSource=WorkSource{1000}
06-29 03:41:02.401 D/PowerManagerService( 1522): releaseWakeLockInternal: lock=218282209 [*alarm*], flags=0x0
06-29 03:41:02.402 D/PowerManagerNotifier( 1522): onWakeLockReleased: flags=1, tag="*alarm*", packageName=android, ownerUid=1000, ownerPid=1522, workSource=WorkSource{1000}
06-29 03:41:02.402 D/PowerManagerService( 1522): updateWakeLockSummaryLocked: mWakefulness=Awake, mWakeLockSummary=0x1
06-29 03:41:02.402 D/PowerManagerService( 1522): updateUserActivitySummaryLocked: groupId=0, mWakefulness=Awake, mUserActivitySummary=0x1, nextTimeout=2528897 (in 52944 ms)
