06-29 03:40:25.735 D/PowerManagerService( 1522): updateDisplayPowerStateLocked: displayReady=true, groupId=0, policy=BRIGHT, mWakefulness=Awake, mWakeLockSummary=0x1, mUserActivitySummary=0x1, mBootCompleted=true, screenBrightnessOverride=NaN, useAutoBrightness=false, mScreenBrightnessBoostInProgress=false, mIsVrModeEnabled= false, sQuiescent=false
06-29 03:40:25.770 D/PowerManagerService( 1522): releaseWakeLockInternal: lock=56831212 [i], flags=0x0
06-29 03:40:25.770 D/PowerManagerNotifier( 1522): onWakeLockReleased: flags=1, tag="i", packageName=com.tencent.android.qqdownloader, ownerUid=10115, ownerPid=23916, workSource=null
06-29 03:40:25.770 D/PowerManagerService( 1522): updateWakeLockSummaryLocked: mWakefulness=Awake, mWakeLockSummary=0x1
06-29 03:40:25.770 D/PowerManagerService( 1522): updateUserActivitySummaryLocked: groupId=0, mWakefulness=Awake, mUserActivitySummary=0x1, nextTimeout=2497861 (in 58540 ms)
06-29 03:40:25.770 D/PowerManagerNotifier( 1522): onScreenPolicyUpdate: newPolicy=3
06-29 03:40:25.771 D/PowerManagerService( 1522): updateDisplayPowerStateLocked: displayReady=true, groupId=0, policy=BRIGHT, mWakefulness=Awake, mWakeLockSummary=0x1, mUserActivitySummary=0x1, mBootCompleted=true, screenBrightnessOverride=NaN, useAutoBrightness=false, mScreenBrightnessBoostInProgress=false, mIsVrModeEnabled= false, sQuiescent=false
06-29 03:40:25.773 D/PowerManagerService( 1522): releaseWakeLockInternal: lock=190907295 [i], flags=0x0
06-29 03:40:25.773 D/PowerManagerNotifier( 1522): onWakeLockReleased: flags=1, tag="i", packageName=com.tencent.android.qqdownloader, ownerUid=10115, ownerPid=23916, workSource=null
06-29 03:40:25.773 D/PowerManagerService( 1522): updateWakeLockSummaryLocked: mWakefulness=Awake, mWakeLockSummary=0x1
06-29 03:40:25.773 D/PowerManagerService( 1522): updateUserActivitySummaryLocked: groupId=0, mWakefulness=Awake, mUserActivitySummary=0x1, nextTimeout=2497861 (in 58537 ms)
06-29 03:40:25.773 D/PowerManagerNotifier( 1522): onScreenPolicyUpdate: newPolicy=3
06-29 03:40:25.773 D/PowerManagerService( 1522): updateDisplayPowerStateLocked: displayReady=true, groupId=0, policy=BRIGHT, mWakefulness=Awake, mWakeLockSummary=0x1, mUserActivitySummary=0x1, mBootCompleted=true, screenBrightnessOverride=NaN, useAutoBrightness=false, mScreenBrightnessBoostInProgress=false, mIsVrModeEnabled= false, sQuiescent=false
06-29 03:40:25.837 D/PowerManagerService( 1522): acquireWakeLockInternal: lock=57817269, flags=0x1, tag="i", ws=null, uid=10115, pid=23916
06-29 03:40:25.837 D/PowerManagerService( 1522): updateWakeLockSummaryLocked: mWakefulness=Awake, mWakeLockSummary=0x1
06-29 03:40:25.837 D/PowerManagerService( 1522): updateUserActivitySummaryLocked: groupId=0, mWakefulness=Awake, mUserActivitySummary=0x1, nextTimeout=2497861 (in 58473 ms)
06-29 03:40:25.837 D/PowerManagerNotifier( 1522): onScreenPolicyUpdate: newPolicy=3
06-29 03:40:25.837 D/PowerManagerService( 1522): updateDisplayPowerStateLocked: displayReady=true, groupId=0, policy=BRIGHT, mWakefulness=Awake, mWakeLockSummary=0x1, mUserActivitySummary=0x1, mBootCompleted=true, screenBrightnessOverride=NaN, useAutoBrightness=false, mScreenBrightnessBoostInProgress=false, mIsVrModeEnabled= false, sQuiescent=false
06-29 03:40:25.837 D/PowerManagerNotifier( 1522): onWakeLockAcquired: flags=1, tag="i", packageName=com.tencent.android.qqdownloader, ownerUid=10115, ownerPid=23916, workSource=null
06-29 03:40:25.849 D/PowerManagerService( 1522): acquireWakeLockInternal: lock=99056458, flags=0x1, tag="i", ws=null, uid=10115, pid=23916
06-29 03:40:25.849 D/PowerManagerService( 1522): updateWakeLockSummaryLocked: mWakefulness=Awake, mWakeLockSummary=0x1
06-29 03:40:25.849 D/PowerManagerService( 1522): updateUserActivitySummaryLocked: groupId=0, mWakefulness=Awake, mUserActivitySummary=0x1, nextTimeout=2497861 (in 58461 ms)
06-29 03:40:25.849 D/PowerManagerNotifier( 1522): onScreenPolicyUpdate: newPolicy=3
06-29 03:40:25.849 D/PowerManagerService( 1522): updateDisplayPowerStateLocked: displayReady=true, groupId=0, policy=BRIGHT, mWakefulness=Awake, mWakeLockSummary=0x1, mUserActivitySummary=0x1, mBootCompleted=true, screenBrightnessOverride=NaN, useAutoBrightness=false, mScreenBrightnessBoostInProgress=false, mIsVrModeEnabled= false, sQuiescent=false
06-29 03:40:25.849 D/PowerManagerNotifier( 1522): onWakeLockAcquired: flags=1, tag="i", packageName=com.tencent.android.qqdownloader, ownerUid=10115, ownerPid=23916, workSource=null
06-29 03:40:25.922 D/PowerManagerService( 1522): releaseWakeLockInternal: lock=99056458 [i], flags=0x0
06-29 03:40:25.922 D/PowerManagerNotifier( 1522): onWakeLockReleased: flags=1, tag="i", packageName=com.tencent.android.qqdownloader, ownerUid=10115, ownerPid=23916, workSource=null
06-29 03:40:25.922 D/PowerManagerService( 1522): updateWakeLockSummaryLocked: mWakefulness=Awake, mWakeLockSummary=0x1
06-29 03:40:25.922 D/PowerManagerService( 1522): updateUserActivitySummaryLocked: groupId=0, mWakefulness=Awake, mUserActivitySummary=0x1, nextTimeout=2497861 (in 58388 ms)
06-29 03:40:25.922 D/PowerManagerNotifier( 1522): onScreenPolicyUpdate: newPolicy=3
06-29 03:40:25.922 D/PowerManagerService( 1522): updateDisplayPowerStateLocked: displayReady=true, groupId=0, policy=BRIGHT, mWakefulness=Awake, mWakeLockSummary=0x1, mUserActivitySummary=0x1, mBootCompleted=true, screenBrightnessOverride=NaN, useAutoBrightness=false, mScreenBrightnessBoostInProgress=false, mIsVrModeEnabled= false, sQuiescent=false
06-29 03:40:26.010 D/PowerManagerService( 1522): releaseWakeLockInternal: lock=57817269 [i], flags=0x0
06-29 03:40:26.011 D/PowerManagerNotifier( 1522): onWakeLockReleased: flags=1, tag="i", packageName=com.tencent.android.qqdownloader, ownerUid=10115, ownerPid=23916, workSource=null
06-29 03:40:26.011 D/PowerManagerService( 1522): updateWakeLockSummaryLocked: mWakefulness=Awake, mWakeLockSummary=0x1
06-29 03:40:26.011 D/PowerManagerService( 1522): updateUserActivitySummaryLocked: groupId=0, mWakefulness=Awake, mUserActivitySummary=0x1, nextTimeout=2497861 (in 58299 ms)
06-29 03:40:26.011 D/PowerManagerNotifier( 1522): onScreenPolicyUpdate: newPolicy=3
06-29 03:40:26.011 D/PowerManagerService( 1522): updateDisplayPowerStateLocked: displayReady=true, groupId=0, policy=BRIGHT, mWakefulness=Awake, mWakeLockSummary=0x1, mUserActivitySummary=0x1, mBootCompleted=true, screenBrightnessOverride=NaN, useAutoBrightness=false, mScreenBrightnessBoostInProgress=false, mIsVrModeEnabled= false, sQuiescent=false
06-29 03:40:26.033 I/GameModeConfig( 1522): isGameModeOn = false
06-29 03:40:26.049 D/PowerManagerService( 1522): acquireWakeLockInternal: lock=218282209, flags=0x1, tag="*alarm*", ws=WorkSource{1073}, uid=1000, pid=1522
06-29 03:40:26.049 D/PowerManagerService( 1522): updateWakeLockSummaryLocked: mWakefulness=Awake, mWakeLockSummary=0x1
06-29 03:40:26.049 D/PowerManagerService( 1522): updateUserActivitySummaryLocked: groupId=0, mWakefulness=Awake, mUserActivitySummary=0x1, nextTimeout=2497861 (in 58261 ms)
06-29 03:40:26.049 D/PowerManagerNotifier( 1522): onScreenPolicyUpdate: newPolicy=3
06-29 03:40:26.049 D/PowerManagerService( 1522): updateDisplayPowerStateLocked: displayReady=true, groupId=0, policy=BRIGHT, mWakefulness=Awake, mWakeLockSummary=0x1, mUserActivitySummary=0x1, mBootCompleted=true, screenBrightnessOverride=NaN, useAutoBrightness=false, mScreenBrightnessBoostInProgress=false, mIsVrModeEnabled= false, sQuiescent=false
06-29 03:40:26.049 D/PowerManagerNotifier( 1522): onWakeLockAcquired: flags=1, tag="*alarm*", packageName=android, ownerUid=1000, ownerPid=1522, workSource=WorkSource{1073}
06-29 03:40:26.051 D/PowerManagerService( 1522): releaseWakeLockInternal: lock=218282209 [*alarm*], flags=0x0
06-29 03:40:26.051 D/PowerManagerNotifier( 1522): onWakeLockReleased: flags=1, tag="*alarm*", packageName=android, ownerUid=1000, ownerPid=1522, workSource=WorkSource{1073}
06-29 03:40:26.051 D/PowerManagerService( 1522): updateWakeLockSummaryLocked: mWakefulness=Awake, mWakeLockSummary=0x1
06-29 03:40:26.051 D/PowerManagerService( 1522): updateUserActivitySummaryLocked: groupId=0, mWakefulness=Awake, mUserActivitySummary=0x1, nextTimeout=2497861 (in 58259 ms)
06-29 03:40:26.051 D/PowerManagerNotifier( 1522): onScreenPolicyUpdate: newPolicy=3
06-29 03:40:26.051 D/PowerManagerService( 1522): updateDisplayPowerStateLocked: displayReady=true, groupId=0, policy=BRIGHT, mWakefulness=Awake, mWakeLockSummary=0x1, mUserActivitySummary=0x1, mBootCompleted=true, screenBrightnessOverride=NaN, useAutoBrightness=false, mScreenBrightnessBoostInProgress=false, mIsVrModeEnabled= false, sQuiescent=false
06-29 03:40:26.086 D/PowerManagerService( 1522): acquireWakeLockInternal: lock=6044347, flags=0x1, tag="i", ws=null, uid=10115, pid=23916
06-29 03:40:26.086 D/PowerManagerService( 1522): updateWakeLockSummaryLocked: mWakefulness=Awake, mWakeLockSummary=0x1
06-29 03:40:26.086 D/PowerManagerService( 1522): updateUserActivitySummaryLocked: groupId=0, mWakefulness=Awake, mUserActivitySummary=0x1, nextTimeout=2497861 (in 58224 ms)
06-29 03:40:26.086 D/PowerManagerNotifier( 1522): onScreenPolicyUpdate: newPolicy=3
06-29 03:40:26.086 D/PowerManagerService( 1522): updateDisplayPowerStateLocked: displayReady=true, groupId=0, policy=BRIGHT, mWakefulness=Awake, mWakeLockSummary=0x1, mUserActivitySummary=0x1, mBootCompleted=true, screenBrightnessOverride=NaN, useAutoBrightness=false, mScreenBrightnessBoostInProgress=false, mIsVrModeEnabled= false, sQuiescent=false
06-29 03:40:26.086 D/PowerManagerNotifier( 1522): onWakeLockAcquired: flags=1, tag="i", packageName=com.tencent.android.qqdownloader, ownerUid=10115, ownerPid=23916, workSource=null
06-29 03:40:26.091 D/PowerManagerService( 1522): acquireWakeLockInternal: lock=147598296, flags=0x1, tag="i", ws=null, uid=10115, pid=23916
06-29 03:40:26.091 D/PowerManagerService( 1522): updateWakeLockSummaryLocked: mWakefulness=Awake, mWakeLockSummary=0x1
06-29 03:40:26.091 D/PowerManagerService( 1522): updateUserActivitySummaryLocked: groupId=0, mWakefulness=Awake, mUserActivitySummary=0x1, nextTimeout=2497861 (in 58219 ms)
06-29 03:40:26.091 D/PowerManagerNotifier( 1522): onScreenPolicyUpdate: newPolicy=3
06-29 03:40:26.091 D/PowerManagerService( 1522): updateDisplayPowerStateLocked: displayReady=true, groupId=0, policy=BRIGHT, mWakefulness=Awake, mWakeLockSummary=0x1, mUserActivitySummary=0x1, mBootCompleted=true, screenBrightnessOverride=NaN, useAutoBrightness=false, mScreenBrightnessBoostInProgress=false, mIsVrModeEnabled= false, sQuiescent=false
06-29 03:40:26.091 D/PowerManagerNotifier( 1522): onWakeLockAcquired: flags=1, tag="i", packageName=com.tencent.android.qqdownloader, ownerUid=10115, ownerPid=23916, workSource=null
06-29 03:40:26.163 D/PowerManagerService( 1522): releaseWakeLockInternal: lock=6044347 [i], flags=0x0
06-29 03:40:26.163 D/PowerManagerNotifier( 1522): onWakeLockReleased: flags=1, tag="i", packageName=com.tencent.android.qqdownloader, ownerUid=10115, ownerPid=23916, workSource=null
06-29 03:40:26.164 D/PowerManagerService( 1522): updateWakeLockSummaryLocked: mWakefulness=Awake, mWakeLockSummary=0x1
06-29 03:40:26.164 D/PowerManagerService( 1522): updateUserActivitySummaryLocked: groupId=0, mWakefulness=Awake, mUserActivitySummary=0x1, nextTimeout=2497861 (in 58146 ms)
06-29 03:40:26.164 D/PowerManagerNotifier( 1522): onScreenPolicyUpdate: newPolicy=3
06-29 03:40:26.164 D/PowerManagerService( 1522): updateDisplayPowerStateLocked: displayReady=true, groupId=0, policy=BRIGHT, mWakefulness=Awake, mWakeLockSummary=0x1, mUserActivitySummary=0x1, mBootCompleted=true, screenBrightnessOverride=NaN, useAutoBrightness=false, mScreenBrightnessBoostInProgress=false, mIsVrModeEnabled= false, sQuiescent=false
06-29 03:40:26.175 D/PowerManagerService( 1522): acquireWakeLockInternal: lock=89828145, flags=0x1, tag="i", ws=null, uid=10115, pid=23916
06-29 03:40:26.175 D/PowerManagerService( 1522): updateWakeLockSummaryLocked: mWakefulness=Awake, mWakeLockSummary=0x1
06-29 03:40:26.175 D/PowerManagerService( 1522): updateUserActivitySummaryLocked: groupId=0, mWakefulness=Awake, mUserActivitySummary=0x1, nextTimeout=2497861 (in 58135 ms)
06-29 03:40:26.175 D/PowerManagerNotifier( 1522): onScreenPolicyUpdate: newPolicy=3
06-29 03:40:26.175 D/PowerManagerService( 1522): updateDisplayPowerStateLocked: displayReady=true, groupId=0, policy=BRIGHT, mWakefulness=Awake, mWakeLockSummary=0x1, mUserActivitySummary=0x1, mBootCompleted=true, screenBrightnessOverride=NaN, useAutoBrightness=false, mScreenBrightnessBoostInProgress=false, mIsVrModeEnabled= false, sQuiescent=false
06-29 03:40:26.175 D/PowerManagerNotifier( 1522): onWakeLockAcquired: flags=1, tag="i", packageName=com.tencent.android.qqdownloader, ownerUid=10115, ownerPid=23916, workSource=null
06-29 03:40:26.218 D/PowerManagerService( 1522): releaseWakeLockInternal: lock=147598296 [i], flags=0x0
06-29 03:40:26.219 D/PowerManagerNotifier( 1522): onWakeLockReleased: flags=1, tag="i", packageName=com.tencent.android.qqdownloader, ownerUid=10115, ownerPid=23916, workSource=null
06-29 03:40:26.219 D/PowerManagerService( 1522): updateWakeLockSummaryLocked: mWakefulness=Awake, mWakeLockSummary=0x1
06-29 03:40:26.219 D/PowerManagerService( 1522): updateUserActivitySummaryLocked: groupId=0, mWakefulness=Awake, mUserActivitySummary=0x1, nextTimeout=2497861 (in 58091 ms)
06-29 03:40:26.219 D/PowerManagerNotifier( 1522): onScreenPolicyUpdate: newPolicy=3
06-29 03:40:26.219 D/PowerManagerService( 1522): updateDisplayPowerStateLocked: displayReady=true, groupId=0, policy=BRIGHT, mWakefulness=Awake, mWakeLockSummary=0x1, mUserActivitySummary=0x1, mBootCompleted=true, screenBrightnessOverride=NaN, useAutoBrightness=false, mScreenBrightnessBoostInProgress=false, mIsVrModeEnabled= false, sQuiescent=false
06-29 03:40:26.234 D/PowerManagerService( 1522): releaseWakeLockInternal: lock=89828145 [i], flags=0x0
06-29 03:40:26.234 D/PowerManagerNotifier( 1522): onWakeLockReleased: flags=1, tag="i", packageName=com.tencent.android.qqdownloader, ownerUid=10115, ownerPid=23916, workSource=null
06-29 03:40:26.234 D/PowerManagerService( 1522): updateWakeLockSummaryLocked: mWakefulness=Awake, mWakeLockSummary=0x1
06-29 03:40:26.234 D/PowerManagerService( 1522): updateUserActivitySummaryLocked: groupId=0, mWakefulness=Awake, mUserActivitySummary=0x1, nextTimeout=2497861 (in 58076 ms)
06-29 03:40:26.234 D/PowerManagerNotifier( 1522): onScreenPolicyUpdate: newPolicy=3
06-29 03:40:26.234 D/PowerManagerService( 1522): updateDisplayPowerStateLocked: displayReady=true, groupId=0, policy=BRIGHT, mWakefulness=Awake, mWakeLockSummary=0x1, mUserActivitySummary=0x1, mBootCompleted=true, screenBrightnessOverride=NaN, useAutoBrightness=false, mScreenBrightnessBoostInProgress=false, mIsVrModeEnabled= false, sQuiescent=false
06-29 03:40:26.581 D/PowerManagerService( 1522): acquireWakeLockInternal: lock=218282209, flags=0x1, tag="*alarm*", ws=WorkSource{1000}, uid=1000, pid=1522
06-29 03:40:26.581 D/PowerManagerService( 1522): updateWakeLockSummaryLocked: mWakefulness=Awake, mWakeLockSummary=0x1
06-29 03:40:26.581 D/PowerManagerService( 1522): updateUserActivitySummaryLocked: groupId=0, mWakefulness=Awake, mUserActivitySummary=0x1, nextTimeout=2497861 (in 57729 ms)
06-29 03:40:26.581 D/PowerManagerNotifier( 1522): onScreenPolicyUpdate: newPolicy=3
06-29 03:40:26.582 D/PowerManagerService( 1522): updateDisplayPowerStateLocked: displayReady=true, groupId=0, policy=BRIGHT, mWakefulness=Awake, mWakeLockSummary=0x1, mUserActivitySummary=0x1, mBootCompleted=true, screenBrightnessOverride=NaN, useAutoBrightness=false, mScreenBrightnessBoostInProgress=false, mIsVrModeEnabled= false, sQuiescent=false
06-29 03:40:26.582 D/PowerManagerNotifier( 1522): onWakeLockAcquired: flags=1, tag="*alarm*", packageName=android, ownerUid=1000, ownerPid=1522, workSource=WorkSource{1000}
06-29 03:40:26.584 D/PowerManagerService( 1522): releaseWakeLockInternal: lock=218282209 [*alarm*], flags=0x0
06-29 03:40:26.585 D/PowerManagerNotifier( 1522): onWakeLockReleased: flags=1, tag="*alarm*", packageName=android, ownerUid=1000, ownerPid=1522, workSource=WorkSource{1000}
06-29 03:40:26.585 D/PowerManagerService( 1522): updateWakeLockSummaryLocked: mWakefulness=Awake, mWakeLockSummary=0x1
06-29 03:40:26.585 D/PowerManagerService( 1522): updateUserActivitySummaryLocked: groupId=0, mWakefulness=Awake, mUserActivitySummary=0x1, nextTimeout=2497861 (in 57725 ms)
06-29 03:40:26.585 D/PowerManagerNotifier( 1522): onScreenPolicyUpdate: newPolicy=3
06-29 03:40:26.585 D/PowerManagerService( 1522): updateDisplayPowerStateLocked: displayReady=true, groupId=0, policy=BRIGHT, mWakefulness=Awake, mWakeLockSummary=0x1, mUserActivitySummary=0x1, mBootCompleted=true, screenBrightnessOverride=NaN, useAutoBrightness=false, mScreenBrightnessBoostInProgress=false, mIsVrModeEnabled= false, sQuiescent=false
06-29 03:40:26.669 I/[ 2440.216531] [schedu][0xaeba8fec3][03( 0): 40:26.665490] wlan: [3371:I:OSIF] scan start scan id 41261
06-29 03:40:26.862 D/PowerManagerService( 1522): acquireWakeLockInternal: lock=218282209, flags=0x1, tag="*alarm*", ws=WorkSource{1000}, uid=1000, pid=1522
06-29 03:40:26.862 D/PowerManagerService( 1522): updateWakeLockSummaryLocked: mWakefulness=Awake, mWakeLockSummary=0x1
06-29 03:40:26.862 D/PowerManagerService( 1522): updateUserActivitySummaryLocked: groupId=0, mWakefulness=Awake, mUserActivitySummary=0x1, nextTimeout=2497861 (in 57448 ms)
06-29 03:40:26.862 D/PowerManagerNotifier( 1522): onScreenPolicyUpdate: newPolicy=3
06-29 03:40:26.862 D/PowerManagerService( 1522): updateDisplayPowerStateLocked: displayReady=true, groupId=0, policy=BRIGHT, mWakefulness=Awake, mWakeLockSummary=0x1, mUserActivitySummary=0x1, mBootCompleted=true, screenBrightnessOverride=NaN, useAutoBrightness=false, mScreenBrightnessBoostInProgress=false, mIsVrModeEnabled= false, sQuiescent=false
06-29 03:40:26.862 D/PowerManagerNotifier( 1522): onWakeLockAcquired: flags=1, tag="*alarm*", packageName=android, ownerUid=1000, ownerPid=1522, workSource=WorkSource{1000}
06-29 03:40:26.865 D/PowerManagerService( 1522): releaseWakeLockInternal: lock=218282209 [*alarm*], flags=0x0
06-29 03:40:26.865 D/PowerManagerNotifier( 1522): onWakeLockReleased: flags=1, tag="*alarm*", packageName=android, ownerUid=1000, ownerPid=1522, workSource=WorkSource{1000}
06-29 03:40:26.865 D/PowerManagerService( 1522): updateWakeLockSummaryLocked: mWakefulness=Awake, mWakeLockSummary=0x1
06-29 03:40:26.865 D/PowerManagerService( 1522): updateUserActivitySummaryLocked: groupId=0, mWakefulness=Awake, mUserActivitySummary=0x1, nextTimeout=2497861 (in 57445 ms)
06-29 03:40:26.865 D/PowerManagerNotifier( 1522): onScreenPolicyUpdate: newPolicy=3
06-29 03:40:26.865 D/PowerManagerService( 1522): updateDisplayPowerStateLocked: displayReady=true, groupId=0, policy=BRIGHT, mWakefulness=Awake, mWakeLockSummary=0x1, mUserActivitySummary=0x1, mBootCompleted=true, screenBrightnessOverride=NaN, useAutoBrightness=false, mScreenBrightnessBoostInProgress=false, mIsVrModeEnabled= false, sQuiescent=false
06-29 03:40:26.969 D/PowerManagerService( 1522): acquireWakeLockInternal: lock=144262707, flags=0x1, tag="i", ws=null, uid=10115, pid=23916
06-29 03:40:26.969 D/PowerManagerService( 1522): updateWakeLockSummaryLocked: mWakefulness=Awake, mWakeLockSummary=0x1
06-29 03:40:26.969 D/PowerManagerService( 1522): updateUserActivitySummaryLocked: groupId=0, mWakefulness=Awake, mUserActivitySummary=0x1, nextTimeout=2497861 (in 57341 ms)
06-29 03:40:26.969 D/PowerManagerNotifier( 1522): onScreenPolicyUpdate: newPolicy=3
06-29 03:40:26.969 D/PowerManagerService( 1522): updateDisplayPowerStateLocked: displayReady=true, groupId=0, policy=BRIGHT, mWakefulness=Awake, mWakeLockSummary=0x1, mUserActivitySummary=0x1, mBootCompleted=true, screenBrightnessOverride=NaN, useAutoBrightness=false, mScreenBrightnessBoostInProgress=false, mIsVrModeEnabled= false, sQuiescent=false
06-29 03:40:26.969 D/PowerManagerNotifier( 1522): onWakeLockAcquired: flags=1, tag="i", packageName=com.tencent.android.qqdownloader, ownerUid=10115, ownerPid=23916, workSource=null
06-29 03:40:27.040 I/GameModeConfig( 1522): isGameModeOn = false
06-29 03:40:27.116 D/PowerManagerService( 1522): releaseWakeLockInternal: lock=144262707 [i], flags=0x0
06-29 03:40:27.116 D/PowerManagerNotifier( 1522): onWakeLockReleased: flags=1, tag="i", packageName=com.tencent.android.qqdownloader, ownerUid=10115, ownerPid=23916, workSource=null
06-29 03:40:27.116 D/PowerManagerService( 1522): updateWakeLockSummaryLocked: mWakefulness=Awake, mWakeLockSummary=0x1
06-29 03:40:27.117 D/PowerManagerService( 1522): updateUserActivitySummaryLocked: groupId=0, mWakefulness=Awake, mUserActivitySummary=0x1, nextTimeout=2497861 (in 57193 ms)
06-29 03:40:27.117 D/PowerManagerNotifier( 1522): onScreenPolicyUpdate: newPolicy=3
06-29 03:40:27.117 D/PowerManagerService( 1522): updateDisplayPowerStateLocked: displayReady=true, groupId=0, policy=BRIGHT, mWakefulness=Awake, mWakeLockSummary=0x1, mUserActivitySummary=0x1, mBootCompleted=true, screenBrightnessOverride=NaN, useAutoBrightness=false, mScreenBrightnessBoostInProgress=false, mIsVrModeEnabled= false, sQuiescent=false
06-29 03:40:27.158 W/ActivityManager( 1522): Unable to start service Intent { act=android.intent.action.START_LEBO_SERVICE pkg=com.hpplay.happyplay.aw } U=0: not found
06-29 03:40:27.231 W/ActivityManager( 1522): Background start not allowed: service Intent { act=android.net.conn.CONNECTIVITY_CHANGE cmp=com.qiyi.video/com.ss.android.socialbase.downloader.notification.DownloadNotificationService } to com.qiyi.video/com.ss.android.socialbase.downloader.notification.DownloadNotificationService from pid=14860 uid=10123 pkg=com.qiyi.video startFg?=false
06-29 03:40:27.785 I/[ 2441.333369] [dp_rx_][0xaecf03102][03( 0): 40:27.782320] wlan: [3376:I:QDF] DHCP-R RX: SA:ba:99:44:ad:89:bb DA:ff:ff:ff:ff:ff:ff
06-29 03:40:29.097 I/[ 2442.646582] [schedu][0xaee70ebfe][03( 0): 40:29.095533] wlan: [3371:I:OSIF] vdev 0, scan id 41261 type COMPLETED(1) reason COMPLETED(1) scan found 25 bss
06-29 03:40:29.181 E/[ 2442.731460] [wifi@1][0xaee89ca7a][03( 0): 40:29.180419] wlan: [828:E:QDF] Cannot malloc 0 bytes @ csr_get_cfg_max_tx_power:14199
06-29 03:40:29.181 E/[ 2442.731745] [wifi@1][0xaee89e056][03( 0): 40:29.180711] wlan: [828:E:QDF] Cannot malloc 0 bytes @ csr_get_cfg_max_tx_power:14199
06-29 03:40:29.181 I/[ 2442.732115] [schedu][0xaee89fc0c][03( 0): 40:29.181080] wlan: [3371:I:WMI] LFR3:OKC enabled
06-29 03:40:29.181 I/[ 2442.732120] [schedu][0xaee89fc8e][03( 0): 40:29.181087] wlan: [3371:I:WMI] LFR3:PMKSA caching enabled
06-29 03:40:29.181 I/[ 2442.732517] [schedu][0xaee8a1a48][03( 0): 40:29.181483] wlan: [3371:I:WMI] LFR3:OKC enabled
06-29 03:40:29.181 I/[ 2442.732522] [schedu][0xaee8a1ab8][03( 0): 40:29.181489] wlan: [3371:I:WMI] LFR3:PMKSA caching enabled
06-29 03:40:29.194 I/[ 2442.745080] [wpa_su][0xaee8dc85e][03( 0): 40:29.194044] wlan: [3475:I:HDD] wlan0(vdevid-0): Received Disconnect reason:3 WLAN_REASON_DEAUTH_LEAVING
06-29 03:40:29.197 I/[ 2442.745515] [schedu][0xaee8de909][03( 0): 40:29.194480] wlan: [3371:I:PE] Deauth TX: vdev 0 seq_num 3600 reason 3 waitForAck 1 to 98:97:cc:03:15:36 from 6e:37:ae:b7:f4:a8
06-29 03:40:29.249 I/[ 2442.799193] [schedu][0xaee9da26f][03( 0): 40:29.248152] wlan: [3371:I:HDD] wlan0(vdevid-0): disconnected
06-29 03:40:29.249 I/[ 2442.799220] [schedu][0xaee9da493][03( 0): 40:29.248181] wlan: [3371:I:DP] dp_tx_flow_pool_unmap_handler: flow_id 0 flow_type 0 flow_pool_id 0
06-29 03:40:29.250 I/[ 2442.800789] [wpa_su][0xaee9e1a42][03( 0): 40:29.249750] wlan: [3475:I:HDD] Disconnect reason: 3 WLAN_REASON_DEAUTH_LEAVING vendor: 0 LG: 1
06-29 03:40:29.297 I/[ 2442.847524] [schedu][0xaeeabcafc][03( 0): 40:29.296480] wlan: [3371:I:HIF] Deinitializing Runtime PM wakelock &vdev->vdev_set_key_runtime_wakelock
06-29 03:40:29.305 I/[ 2442.852310] [schedu][0xaeead31dd][03( 0): 40:29.301265] wlan: [3371:I:HIF] Initializing Runtime PM wakelock &vdev->vdev_set_key_runtime_wakelock
06-29 03:40:29.312 D/android.hardware.wifi@1.0-service( 828): Successfully SetMacAddress.
06-29 03:40:29.315 I/[ 2442.864605] [wifi@1][0xaeeb0cc9f][03( 0): 40:29.313568] wlan: [828:I:DP] dp_vdev_attach_wifi3: wlan_cfg_ap_bridge_enabled 0
06-29 03:40:29.318 I/[ 2442.867517] IPv6( 0): ADDRCONF(NETDEV_UP): wlan0: link is not ready
06-29 03:40:29.321 W/[ 2442.871864] cnss-daemon( 0): Invalid mac address
06-29 03:40:29.321 W/[ 2442.871881] cnss-daemon( 0): failed to update gateway
06-29 03:40:29.321 E/[ 2442.871956] [wifi@1][0xaeeb2f409][03( 0): 40:29.320920] wlan: [3455:E:wifipos] wifi_pos_process_app_reg_req: 608: Received App Req Req pid(-398458052), len(16)
06-29 03:40:29.321 I/[ 2442.872414] [wifi@1][0xaeeb315cb][03( 0): 40:29.321370] wlan: [3455:I:wifipos] wifi_pos_get_ch_info: 461: num channels: 26
06-29 03:40:29.323 W/wificond( 1206): Scan is not started. Ignore abort request
06-29 03:40:29.325 I/[ 2442.872709] [wifi@1][0xaeeb32ca6][03( 0): 40:29.321675] wlan: [3455:I:wifipos] wifi_pos_get_ch_info: 461: num channels: 26
06-29 03:40:29.357 I/[ 2442.907094] [wpa_su][0xaeebd3f5b][03( 0): 40:29.356058] wlan: [3475:I:SME] vdev-0: Connecting to hht_test_wifi_fc4318c9 04:d9:f5:fb:09:94 rssi: -74 freq: 5300 akm 3 cipher: uc 6 mc 6, CC:
06-29 03:40:29.357 E/[ 2442.907207] [wpa_su][0xaeebd47ff][03( 0): 40:29.356173] wlan: [3475:E:QDF] Cannot malloc 0 bytes @ csr_get_cfg_max_tx_power:14199
06-29 03:40:29.360 I/[ 2442.908586] [schedu][0xaeebdaede][03( 0): 40:29.357545] wlan: [3371:I:WMI] send_vdev_start_cmd_tlv: 1062: send_vdev_start_cmd_tlv: vdev_id 0 freq 5300 chanmode 18 ch_info: 0x12 is_dfs 0 beacon interval 100 dtim 0 center_chan 5290 center_freq2 0 reg_info_1: 0x170000 reg_info_2: 0x1700, req->max_txpow: 0x17 Tx SS 1, Rx SS 1, ldpc_rx: 0, cac 0, regd 4, HE ops: 0req->dis_hw_ack: 1
06-29 03:40:29.362 D/PowerManagerService( 1522): acquireWakeLockInternal: lock=110234629, flags=0x1, tag="NetworkStats", ws=null, uid=1000, pid=1522
06-29 03:40:29.362 D/PowerManagerService( 1522): updateWakeLockSummaryLocked: mWakefulness=Awake, mWakeLockSummary=0x1
06-29 03:40:29.362 D/PowerManagerService( 1522): updateUserActivitySummaryLocked: groupId=0, mWakefulness=Awake, mUserActivitySummary=0x1, nextTimeout=2497861 (in 54948 ms)
06-29 03:40:29.363 D/PowerManagerNotifier( 1522): onScreenPolicyUpdate: newPolicy=3
06-29 03:40:29.363 D/PowerManagerService( 1522): updateDisplayPowerStateLocked: displayReady=true, groupId=0, policy=BRIGHT, mWakefulness=Awake, mWakeLockSummary=0x1, mUserActivitySummary=0x1, mBootCompleted=true, screenBrightnessOverride=NaN, useAutoBrightness=false, mScreenBrightnessBoostInProgress=false, mIsVrModeEnabled= false, sQuiescent=false
06-29 03:40:29.363 D/PowerManagerNotifier( 1522): onWakeLockAcquired: flags=1, tag="NetworkStats", packageName=android, ownerUid=1000, ownerPid=1522, workSource=null
06-29 03:40:29.381 D/PowerManagerService( 1522): releaseWakeLockInternal: lock=110234629 [NetworkStats], flags=0x0
06-29 03:40:29.381 D/PowerManagerNotifier( 1522): onWakeLockReleased: flags=1, tag="NetworkStats", packageName=android, ownerUid=1000, ownerPid=1522, workSource=null
06-29 03:40:29.382 D/PowerManagerService( 1522): updateWakeLockSummaryLocked: mWakefulness=Awake, mWakeLockSummary=0x1
06-29 03:40:29.382 D/PowerManagerService( 1522): updateUserActivitySummaryLocked: groupId=0, mWakefulness=Awake, mUserActivitySummary=0x1, nextTimeout=2497861 (in 54928 ms)
06-29 03:40:29.382 D/PowerManagerNotifier( 1522): onScreenPolicyUpdate: newPolicy=3
06-29 03:40:29.382 D/PowerManagerService( 1522): updateDisplayPowerStateLocked: displayReady=true, groupId=0, policy=BRIGHT, mWakefulness=Awake, mWakeLockSummary=0x1, mUserActivitySummary=0x1, mBootCompleted=true, screenBrightnessOverride=NaN, useAutoBrightness=false, mScreenBrightnessBoostInProgress=false, mIsVrModeEnabled= false, sQuiescent=false
06-29 03:40:29.390 D/PowerManagerService( 1522): acquireWakeLockInternal: lock=8918968, flags=0x1, tag="ConnectivityService", ws=null, uid=1000, pid=1522
06-29 03:40:29.390 D/PowerManagerService( 1522): updateWakeLockSummaryLocked: mWakefulness=Awake, mWakeLockSummary=0x1
06-29 03:40:29.390 D/PowerManagerService( 1522): updateUserActivitySummaryLocked: groupId=0, mWakefulness=Awake, mUserActivitySummary=0x1, nextTimeout=2497861 (in 54920 ms)
06-29 03:40:29.390 D/PowerManagerNotifier( 1522): onScreenPolicyUpdate: newPolicy=3
06-29 03:40:29.391 D/PowerManagerService( 1522): updateDisplayPowerStateLocked: displayReady=true, groupId=0, policy=BRIGHT, mWakefulness=Awake, mWakeLockSummary=0x1, mUserActivitySummary=0x1, mBootCompleted=true, screenBrightnessOverride=NaN, useAutoBrightness=false, mScreenBrightnessBoostInProgress=false, mIsVrModeEnabled= false, sQuiescent=false
06-29 03:40:29.391 D/PowerManagerNotifier( 1522): onWakeLockAcquired: flags=1, tag="ConnectivityService", packageName=android, ownerUid=1000, ownerPid=1522, workSource=null
06-29 03:40:29.391 W/ContextImpl( 1522): Calling a method in the system process without a qualified user: android.app.ContextImpl.sendStickyBroadcast:1559 com.android.server.ConnectivityService.sendStickyBroadcast:2811 com.android.server.ConnectivityService.sendLegacyNetworkBroadcast:8732 com.android.server.ConnectivityService$LegacyTypeTracker.remove:1007 com.android.server.ConnectivityService$LegacyTypeTracker.remove:1024
06-29 03:40:29.397 W/BroadcastQueue( 1522): Target SDK mismatch: receiver ActivityInfo{eb284b org.qiyi.android.commonphonepad.pushmessage.QYPushMsgBootReceiver} targets 33 but delivery restricted to [0, 23] broadcasting Intent { act=android.net.conn.CONNECTIVITY_CHANGE flg=0x4200010 (has extras) } from android (pid=1522, uid=1000) to com.qiyi.video/org.qiyi.android.commonphonepad.pushmessage.QYPushMsgBootReceiver
06-29 03:40:29.397 W/BroadcastQueue( 1522): Target SDK mismatch: receiver ActivityInfo{f693228 com.xiaomi.push.service.receivers.NetworkStatusReceiver} targets 29 but delivery restricted to [0, 23] broadcasting Intent { act=android.net.conn.CONNECTIVITY_CHANGE flg=0x4200010 (has extras) } from android (pid=1522, uid=1000) to com.ss.android.article.video.landscape/com.xiaomi.push.service.receivers.NetworkStatusReceiver
06-29 03:40:29.397 W/BroadcastQueue( 1522): Target SDK mismatch: receiver ActivityInfo{2bb41 com.xiaomi.push.service.receivers.NetworkStatusReceiver} targets 30 but delivery restricted to [0, 23] broadcasting Intent { act=android.net.conn.CONNECTIVITY_CHANGE flg=0x4200010 (has extras) } from android (pid=1522, uid=1000) to com.hunantv.imgo.activity/com.xiaomi.push.service.receivers.NetworkStatusReceiver
06-29 03:40:29.398 W/BroadcastQueue( 1522): Target SDK mismatch: receiver ActivityInfo{b7db8e6 com.xiaomi.push.service.receivers.NetworkStatusReceiver} targets 31 but delivery restricted to [0, 23] broadcasting Intent { act=android.net.conn.CONNECTIVITY_CHANGE flg=0x4200010 (has extras) } from android (pid=1522, uid=1000) to com.netease.newsreader.activity/com.xiaomi.push.service.receivers.NetworkStatusReceiver
06-29 03:40:29.398 W/BroadcastQueue( 1522): Target SDK mismatch: receiver ActivityInfo{ac1fe27 com.xiaomi.push.service.receivers.NetworkStatusReceiver} targets 33 but delivery restricted to [0, 23] broadcasting Intent { act=android.net.conn.CONNECTIVITY_CHANGE flg=0x4200010 (has extras) } from android (pid=1522, uid=1000) to com.qiyi.video/com.xiaomi.push.service.receivers.NetworkStatusReceiver
06-29 03:40:29.398 W/BroadcastQueue( 1522): Target SDK mismatch: receiver ActivityInfo{93348d4 com.tencent.pandora.libtcloudupload.videoupload.impl.TVCNetWorkStateReceiver} targets 29 but delivery restricted to [0, 23] broadcasting Intent { act=android.net.conn.CONNECTIVITY_CHANGE flg=0x4200010 (has extras) } from android (pid=1522, uid=1000) to com.tencent.tmgp.sgame/com.tencent.pandora.libtcloudupload.videoupload.impl.TVCNetWorkStateReceiver
06-29 03:40:29.398 W/BroadcastQueue( 1522): Target SDK mismatch: receiver ActivityInfo{2feca7d com.xiaomi.push.service.receivers.NetworkStatusReceiver} targets 33 but delivery restricted to [0, 23] broadcasting Intent { act=android.net.conn.CONNECTIVITY_CHANGE flg=0x4200010 (has extras) } from android (pid=1522, uid=1000) to com.xingin.xhs/com.xiaomi.push.service.receivers.NetworkStatusReceiver
06-29 03:40:29.398 W/BroadcastQueue( 1522): Target SDK mismatch: receiver ActivityInfo{1dc7d72 com.taobao.accs.EventReceiver} targets 29 but delivery restricted to [0, 23] broadcasting Intent { act=android.net.conn.CONNECTIVITY_CHANGE flg=0x4200010 (has extras) } from android (pid=1522, uid=1000) to com.ss.android.article.video.landscape/com.taobao.accs.EventReceiver
06-29 03:40:29.398 W/BroadcastQueue( 1522): Target SDK mismatch: receiver ActivityInfo{14655c3 com.douyu.module.miuiwidget.widgetprovider.DYMIUIWidgetMatch44Provider} targets 28 but delivery restricted to [0, 23] broadcasting Intent { act=android.net.conn.CONNECTIVITY_CHANGE flg=0x4200010 (has extras) } from android (pid=1522, uid=1000) to air.tv.douyu.android/com.douyu.module.miuiwidget.widgetprovider.DYMIUIWidgetMatch44Provider
06-29 03:40:29.398 W/BroadcastQueue( 1522): Target SDK mismatch: receiver ActivityInfo{e61e40 com.douyu.module.miuiwidget.widgetprovider.DYMIUIWidgetMatch42Provider} targets 28 but delivery restricted to [0, 23] broadcasting Intent { act=android.net.conn.CONNECTIVITY_CHANGE flg=0x4200010 (has extras) } from android (pid=1522, uid=1000) to air.tv.douyu.android/com.douyu.module.miuiwidget.widgetprovider.DYMIUIWidgetMatch42Provider
06-29 03:40:29.398 W/BroadcastQueue( 1522): Target SDK mismatch: receiver ActivityInfo{4b29179 com.douyu.module.miuiwidget.widgetprovider.DYMIUIWidgetFollow42Provider} targets 28 but delivery restricted to [0, 23] broadcasting Intent { act=android.net.conn.CONNECTIVITY_CHANGE flg=0x4200010 (has extras) } from android (pid=1522, uid=1000) to air.tv.douyu.android/com.douyu.module.miuiwidget.widgetprovider.DYMIUIWidgetFollow42Provider
06-29 03:40:29.398 W/BroadcastQueue( 1522): Target SDK mismatch: receiver ActivityInfo{4f0febe com.douyu.module.miuiwidget.widgetprovider.DYMIUIWidgetFollow22Provider} targets 28 but delivery restricted to [0, 23] broadcasting Intent { act=android.net.conn.CONNECTIVITY_CHANGE flg=0x4200010 (has extras) } from android (pid=1522, uid=1000) to air.tv.douyu.android/com.douyu.module.miuiwidget.widgetprovider.DYMIUIWidgetFollow22Provider
06-29 03:40:29.398 W/BroadcastQueue( 1522): Target SDK mismatch: receiver ActivityInfo{d2e8b1f com.douyu.sdk.apkdownload.receiver.BroadcastReceiverNetworkChange} targets 28 but delivery restricted to [0, 23] broadcasting Intent { act=android.net.conn.CONNECTIVITY_CHANGE flg=0x4200010 (has extras) } from android (pid=1522, uid=1000) to air.tv.douyu.android/com.douyu.sdk.apkdownload.receiver.BroadcastReceiverNetworkChange
06-29 03:40:29.398 W/BroadcastQueue( 1522): Target SDK mismatch: receiver ActivityInfo{42ede6c com.igexin.sdk.PushReceiver} targets 28 but delivery restricted to [0, 23] broadcasting Intent { act=android.net.conn.CONNECTIVITY_CHANGE flg=0x4200010 (has extras) } from android (pid=1522, uid=1000) to air.tv.douyu.android/com.igexin.sdk.PushReceiver
06-29 03:40:29.398 W/BroadcastQueue( 1522): Target SDK mismatch: receiver ActivityInfo{341cc35 com.happyelements.gsp.android.notification.gcn.GcnBroadcastReceiver} targets 26 but delivery restricted to [0, 23] broadcasting Intent { act=android.net.conn.CONNECTIVITY_CHANGE flg=0x4200010 (has extras) } from android (pid=1522, uid=1000) to com.happyelements.AndroidAnimal/com.happyelements.gsp.android.notification.gcn.GcnBroadcastReceiver
06-29 03:40:29.398 W/BroadcastQueue( 1522): Target SDK mismatch: receiver ActivityInfo{53a48ca com.igexin.sdk.PushReceiver} targets 30 but delivery restricted to [0, 23] broadcasting Intent { act=android.net.conn.CONNECTIVITY_CHANGE flg=0x4200010 (has extras) } from android (pid=1522, uid=1000) to com.hunantv.imgo.activity/com.igexin.sdk.PushReceiver
06-29 03:40:29.398 W/BroadcastQueue( 1522): Target SDK mismatch: receiver ActivityInfo{23aba3b cn.jpush.android.service.PushReceiver} targets 31 but delivery restricted to [0, 23] broadcasting Intent { act=android.net.conn.CONNECTIVITY_CHANGE flg=0x4200010 (has extras) } from android (pid=1522, uid=1000) to com.miHoYo.Yuanshen/cn.jpush.android.service.PushReceiver
06-29 03:40:29.398 W/BroadcastQueue( 1522): Target SDK mismatch: receiver ActivityInfo{c617558 com.netease.galaxy.GalaxyReceiver} targets 31 but delivery restricted to [0, 23] broadcasting Intent { act=android.net.conn.CONNECTIVITY_CHANGE flg=0x4200010 (has extras) } from android (pid=1522, uid=1000) to com.netease.newsreader.activity/com.netease.galaxy.GalaxyReceiver
06-29 03:40:29.398 W/BroadcastQueue( 1522): Target SDK mismatch: receiver ActivityInfo{14ff6b1 org.qiyi.android.video.ui.phone.traffic.receiver.TrafficReceiver} targets 33 but delivery restricted to [0, 23] broadcasting Intent { act=android.net.conn.CONNECTIVITY_CHANGE flg=0x4200010 (has extras) } from android (pid=1522, uid=1000) to com.qiyi.video/org.qiyi.android.video.ui.phone.traffic.receiver.TrafficReceiver
06-29 03:40:29.398 W/BroadcastQueue( 1522): Target SDK mismatch: receiver ActivityInfo{a1c2796 com.iqiyi.hcim.service.BroadcastCenter} targets 33 but delivery restricted to [0, 23] broadcasting Intent { act=android.net.conn.CONNECTIVITY_CHANGE flg=0x4200010 (has extras) } from android (pid=1522, uid=1000) to com.qiyi.video/com.iqiyi.hcim.service.BroadcastCenter
06-29 03:40:29.398 W/BroadcastQueue( 1522): Target SDK mismatch: receiver ActivityInfo{610bf17 com.tencent.mobileqq.msf.core.NetConnInfoCenter} targets 26 but delivery restricted to [0, 23] broadcasting Intent { act=android.net.conn.CONNECTIVITY_CHANGE flg=0x4200010 (has extras) } from android (pid=1522, uid=1000) to com.tencent.mobileqq/.msf.core.NetConnInfoCenter
06-29 03:40:29.398 W/BroadcastQueue( 1522): Target SDK mismatch: receiver ActivityInfo{2248f04 com.tencent.msdk.dns.HttpDnsCache$ConnectivityChangeReceiver} targets 29 but delivery restricted to [0, 23] broadcasting Intent { act=android.net.conn.CONNECTIVITY_CHANGE flg=0x4200010 (has extras) } from android (pid=1522, uid=1000) to com.tencent.tmgp.sgame/com.tencent.msdk.dns.HttpDnsCache$ConnectivityChangeReceiver
06-29 03:40:29.398 W/BroadcastQueue( 1522): Target SDK mismatch: receiver ActivityInfo{e3c4ced com.tencent.special.httpdns.Cache$ConnectReceiver} targets 29 but delivery restricted to [0, 23] broadcasting Intent { act=android.net.conn.CONNECTIVITY_CHANGE flg=0x4200010 (has extras) } from android (pid=1522, uid=1000) to com.tencent.tmgp.sgame/com.tencent.special.httpdns.Cache$ConnectReceiver
06-29 03:40:29.398 W/BroadcastQueue( 1522): Target SDK mismatch: receiver ActivityInfo{b6b2722 cn.jpush.android.service.PushReceiver} targets 33 but delivery restricted to [0, 23] broadcasting Intent { act=android.net.conn.CONNECTIVITY_CHANGE flg=0x4200010 (has extras) } from android (pid=1522, uid=1000) to com.xingin.xhs/cn.jpush.android.service.PushReceiver
06-29 03:40:29.399 W/BroadcastQueue( 1522): Target SDK mismatch: receiver ActivityInfo{8d835b3 com.igexin.sdk.PushReceiver} targets 33 but delivery restricted to [0, 23] broadcasting Intent { act=android.net.conn.CONNECTIVITY_CHANGE flg=0x4200010 (has extras) } from android (pid=1522, uid=1000) to com.xingin.xhs/com.igexin.sdk.PushReceiver
06-29 03:40:29.534 I/[ 2443.085446] [soft_i][0xaeef17eac][03( 0): 40:29.534395] wlan: [0:I:TXRX] HTT_T2H_MSG_TYPE_PEER_MAP msg for peer id 8 vdev id 0 n
06-29 03:40:29.534 E/[ 2443.085528] [soft_i][0xaeef1859c][03( 0): 40:29.534488] wlan: [0:E:DP] dp_peer_find_add_id: peer 0000000000000000 ID 8 vid 0 mac 04:d9:f5:fb:09:94
06-29 03:40:29.534 I/[ 2443.085558] [soft_i][0xaeef187fb][03( 0): 40:29.534519] wlan: [0:I:DP] dp_peer_find_add_id: ref_cnt: 2
06-29 03:40:29.534 E/[ 2443.085585] [soft_i][0xaeef18a03][03( 0): 40:29.534546] wlan: [0:E:DP] dp_peer_map_ast: peer 0000000000000000 ID 3 vid 0 mac 04:d9:f5:fb:09:94
06-29 03:40:29.609 I/[ 2443.154189] [schedu][0xaef05a2db][03( 0): 40:29.603144] wlan: [3371:I:PE] Auth TX: seq 1 seq num 3602 status 0 WEP 0 to 04:d9:f5:fb:09:94
06-29 03:40:29.617 I/[ 2443.165704] [schedu][0xaef0902e6][03( 0): 40:29.614665] wlan: [3371:I:PE] Auth TX: fail
06-29 03:40:29.619 E/[ 2443.169268] [wifico][0xaef0a0e74][03( 0): 40:29.618232] wlan: [1206:E:HDD] __wlan_hdd_cfg80211_scan: 572: Scan not allowed. scan_ebusy_cnt: 447 Session 0 Reason 1
06-29 03:40:29.618 E/wificond( 1206): NL80211_CMD_TRIGGER_SCAN failed: Device or resource busy
06-29 03:40:29.665 I/[ 2443.212212] [schedu][0xaef16a2ef][03( 0): 40:29.661172] wlan: [3371:I:PE] Auth TX: seq 1 seq num 3603 status 0 WEP 0 to 04:d9:f5:fb:09:94
06-29 03:40:29.685 E/[ 2443.232206] link_delay_work_func( 0): DTC_ETH: SQI=0, link=0
06-29 03:40:29.723 I/[ 2443.272184] [schedu][0xaef2834a9][03( 0): 40:29.721142] wlan: [3371:I:PE] Auth TX: seq 1 seq num 3604 status 0 WEP 0 to 04:d9:f5:fb:09:94
06-29 03:40:29.785 I/[ 2443.332253] [schedu][0xaef39cdd3][03( 0): 40:29.781211] wlan: [3371:I:PE] Auth TX: seq 1 seq num 3605 status 0 WEP 0 to 04:d9:f5:fb:09:94
06-29 03:40:29.847 I/[ 2443.392240] [schedu][0xaef4b60a8][03( 0): 40:29.841195] wlan: [3371:I:PE] Auth TX: seq 1 seq num 3606 status 0 WEP 0 to 04:d9:f5:fb:09:94
06-29 03:40:29.903 I/[ 2443.452509] [schedu][0xaef5d083c][03( 0): 40:29.901456] wlan: [3371:I:PE] Auth TX: seq 1 seq num 3607 status 0 WEP 0 to 04:d9:f5:fb:09:94
06-29 03:40:29.965 I/[ 2443.512204] [schedu][0xaef6e861e][03( 0): 40:29.961161] wlan: [3371:I:PE] Auth TX: seq 1 seq num 3608 status 0 WEP 0 to 04:d9:f5:fb:09:94
06-29 03:40:30.025 I/[ 2443.572188] [schedu][0xaef8018a9][03( 0): 40:30.021142] wlan: [3371:I:PE] Auth TX: seq 1 seq num 3609 status 0 WEP 0 to 04:d9:f5:fb:09:94
06-29 03:40:30.069 D/PowerManagerService( 1522): acquireWakeLockInternal: lock=218282209, flags=0x1, tag="*alarm*", ws=WorkSource{1073}, uid=1000, pid=1522
06-29 03:40:30.069 D/PowerManagerService( 1522): updateWakeLockSummaryLocked: mWakefulness=Awake, mWakeLockSummary=0x1
06-29 03:40:30.069 D/PowerManagerService( 1522): updateUserActivitySummaryLocked: groupId=0, mWakefulness=Awake, mUserActivitySummary=0x1, nextTimeout=2497861 (in 54241 ms)
06-29 03:40:30.069 D/PowerManagerNotifier( 1522): onScreenPolicyUpdate: newPolicy=3
06-29 03:40:30.069 D/PowerManagerService( 1522): updateDisplayPowerStateLocked: displayReady=true, groupId=0, policy=BRIGHT, mWakefulness=Awake, mWakeLockSummary=0x1, mUserActivitySummary=0x1, mBootCompleted=true, screenBrightnessOverride=NaN, useAutoBrightness=false, mScreenBrightnessBoostInProgress=false, mIsVrModeEnabled= false, sQuiescent=false
06-29 03:40:30.070 D/PowerManagerNotifier( 1522): onWakeLockAcquired: flags=1, tag="*alarm*", packageName=android, ownerUid=1000, ownerPid=1522, workSource=WorkSource{1073}
06-29 03:40:30.075 D/PowerManagerService( 1522): releaseWakeLockInternal: lock=218282209 [*alarm*], flags=0x0
06-29 03:40:30.075 D/PowerManagerNotifier( 1522): onWakeLockReleased: flags=1, tag="*alarm*", packageName=android, ownerUid=1000, ownerPid=1522, workSource=WorkSource{1073}
06-29 03:40:30.075 D/PowerManagerService( 1522): updateWakeLockSummaryLocked: mWakefulness=Awake, mWakeLockSummary=0x1
06-29 03:40:30.075 D/PowerManagerService( 1522): updateUserActivitySummaryLocked: groupId=0, mWakefulness=Awake, mUserActivitySummary=0x1, nextTimeout=2497861 (in 54235 ms)
06-29 03:40:30.075 D/PowerManagerNotifier( 1522): onScreenPolicyUpdate: newPolicy=3
06-29 03:40:30.076 D/PowerManagerService( 1522): updateDisplayPowerStateLocked: displayReady=true, groupId=0, policy=BRIGHT, mWakefulness=Awake, mWakeLockSummary=0x1, mUserActivitySummary=0x1, mBootCompleted=true, screenBrightnessOverride=NaN, useAutoBrightness=false, mScreenBrightnessBoostInProgress=false, mIsVrModeEnabled= false, sQuiescent=false
06-29 03:40:30.085 I/[ 2443.632268] [schedu][0xaef91b302][03( 0): 40:30.081226] wlan: [3371:I:PE] Auth TX: seq 1 seq num 3610 status 0 WEP 0 to 04:d9:f5:fb:09:94
06-29 03:40:30.145 I/[ 2443.692339] [schedu][0xaefa34c37][03( 0): 40:30.141296] wlan: [3371:I:PE] Auth TX: seq 1 seq num 3611 status 0 WEP 0 to 04:d9:f5:fb:09:94
06-29 03:40:30.149 I/[ 2443.698617] [schedu][0xaefa5237c][03( 0): 40:30.147579] wlan: [3371:I:PE] Auth TX: fail
06-29 03:40:30.208 I/[ 2443.752394] [schedu][0xaefb4e469][03( 0): 40:30.201352] wlan: [3371:I:PE] Auth TX: seq 1 seq num 3612 status 0 WEP 0 to 04:d9:f5:fb:09:94
06-29 03:40:30.244 D/PowerManagerService( 1522): releaseWakeLockInternal: lock=86012356 [NetworkTimeUpdateService], flags=0x0
06-29 03:40:30.244 D/PowerManagerNotifier( 1522): onWakeLockReleased: flags=1, tag="NetworkTimeUpdateService", packageName=android, ownerUid=1000, ownerPid=1522, workSource=null
06-29 03:40:30.244 D/PowerManagerService( 1522): updateWakeLockSummaryLocked: mWakefulness=Awake, mWakeLockSummary=0x1
06-29 03:40:30.244 D/PowerManagerService( 1522): updateUserActivitySummaryLocked: groupId=0, mWakefulness=Awake, mUserActivitySummary=0x1, nextTimeout=2497861 (in 54066 ms)
06-29 03:40:30.245 D/PowerManagerNotifier( 1522): onScreenPolicyUpdate: newPolicy=3
06-29 03:40:30.245 D/PowerManagerService( 1522): updateDisplayPowerStateLocked: displayReady=true, groupId=0, policy=BRIGHT, mWakefulness=Awake, mWakeLockSummary=0x1, mUserActivitySummary=0x1, mBootCompleted=true, screenBrightnessOverride=NaN, useAutoBrightness=false, mScreenBrightnessBoostInProgress=false, mIsVrModeEnabled= false, sQuiescent=false
06-29 03:40:30.265 I/[ 2443.812518] [schedu][0xaefc681bb][03( 0): 40:30.261476] wlan: [3371:I:PE] Auth TX: seq 1 seq num 3613 status 0 WEP 0 to 04:d9:f5:fb:09:94
06-29 03:40:30.325 I/[ 2443.872303] [schedu][0xaefd80413][03( 0): 40:30.321241] wlan: [3371:I:PE] Auth TX: seq 1 seq num 3614 status 0 WEP 0 to 04:d9:f5:fb:09:94
06-29 03:40:30.385 I/[ 2443.932246] [schedu][0xaefe9954b][03( 0): 40:30.381203] wlan: [3371:I:PE] Auth TX: seq 1 seq num 3615 status 0 WEP 0 to 04:d9:f5:fb:09:94
06-29 03:40:30.441 I/[ 2443.992202] [schedu][0xaeffb25d5][03( 0): 40:30.441157] wlan: [3371:I:PE] Auth TX: seq 1 seq num 3616 status 0 WEP 0 to 04:d9:f5:fb:09:94
06-29 03:40:30.505 I/[ 2444.052248] [schedu][0xaf00cbcda][03( 0): 40:30.501198] wlan: [3371:I:PE] Auth TX: seq 1 seq num 3617 status 0 WEP 0 to 04:d9:f5:fb:09:94
06-29 03:40:30.565 I/[ 2444.112393] [schedu][0xaf01e5c01][03( 0): 40:30.561346] wlan: [3371:I:PE] Auth TX: seq 1 seq num 3618 status 0 WEP 0 to 04:d9:f5:fb:09:94
06-29 03:40:30.613 W/[ 2444.160329] [schedu][0xaf02c6700][03( 0): 40:30.609280] wlan: [3371:W:PE] lim_process_auth_failure_timeout: 1777: received AUTH failure timeout in sessionid 0 limMlmstate 5 limSmeState 4
06-29 03:40:30.613 E/[ 2444.160473] [schedu][0xaf02c727b][03( 0): 40:30.609433] wlan: [3371:E:PE] lim_process_mlm_auth_cnf: 558: Auth Failure occurred
06-29 03:40:30.613 I/[ 2444.160571] [schedu][0xaf02c79d5][03( 0): 40:30.609531] wlan: [3371:I:PE] Deauth TX: vdev 0 seq_num 3619 reason 65530 waitForAck 0 to 04:d9:f5:fb:09:94 from a2:d7:5b:b4:b7:af
06-29 03:40:30.625 W/[ 2444.175193] [schedu][0xaf030c263][03( 0): 40:30.624151] wlan: [3371:W:SME] csr_roam_join_rsp_processor: 9876: SmeJoinReq failed with status_code= 0x000001FD [509] reason:65530
06-29 03:40:30.625 W/[ 2444.175391] [schedu][0xaf030d1be][03( 0): 40:30.624356] wlan: [3371:W:HDD] hdd_get_rssi_snr_by_bssid: 17749: sme_get_rssi_snr_by_bssid failed
06-29 03:40:30.625 E/[ 2444.175412] [schedu][0xaf030d340][03( 0): 40:30.624376] wlan: [3371:E:HDD] hdd_association_completion_handler: 3712: wlan0(vdevid-0): connection failed with 04:d9:f5:fb:09:94 result: 3 and Status: 7
06-29 03:40:30.625 W/[ 2444.175578] [schedu][0xaf030dfa9][03( 0): 40:30.624542] wlan: [3371:W:HDD] hdd_get_rssi_snr_by_bssid: 17749: sme_get_rssi_snr_by_bssid failed
06-29 03:40:30.625 E/[ 2444.175600] [schedu][0xaf030e156][03( 0): 40:30.624564] wlan: [3371:E:HDD] hdd_association_completion_handler: 3712: wlan0(vdevid-0): connection failed with 04:d9:f5:fb:09:94 result: 1 and Status: 9
06-29 03:40:30.625 E/[ 2444.175705] [schedu][0xaf030e933][03( 0): 40:30.624669] wlan: [3371:E:HDD] hdd_association_completion_handler: 3784: send connect failure to nl80211: for bssid 04:d9:f5:fb:09:94 result: 1 and Status: 9 reasoncode: 65530
06-29 03:40:30.625 I/wificond( 1206): Connect timeout
06-29 03:40:30.653 I/[ 2444.204052] logd( 0): logdr: UID=1000 GID=1000 PID=14223 n tail=127 logMask=19 pid=0 start=0ns deadline=0ns
06-29 03:40:30.684 I/[ 2444.229819] [schedu][0xaf040c376][03( 0): 40:30.678779] wlan: [3371:I:HIF] Deinitializing Runtime PM wakelock &vdev->vdev_set_key_runtime_wakelock
06-29 03:40:30.684 I/[ 2444.230433] [schedu][0xaf040f1af][03( 0): 40:30.679396] wlan: [3371:I:HIF] Initializing Runtime PM wakelock &vdev->vdev_set_key_runtime_wakelock
06-29 03:40:30.689 D/android.hardware.wifi@1.0-service( 828): Successfully SetMacAddress.
06-29 03:40:30.692 I/[ 2444.241104] [wifi@1][0xaf04411f7][03( 0): 40:30.690066] wlan: [828:I:DP] dp_vdev_attach_wifi3: wlan_cfg_ap_bridge_enabled 0
06-29 03:40:30.706 E/[ 2444.256899] [wifi@1][0xaf048b2ad][03( 0): 40:30.705862] wlan: [3455:E:wifipos] wifi_pos_process_app_reg_req: 608: Received App Req Req pid(-398458052), len(16)
06-29 03:40:30.709 I/[ 2444.258926] [wifi@1][0xaf0494adc][03( 0): 40:30.707891] wlan: [3455:I:wifipos] wifi_pos_get_ch_info: 461: num channels: 26
06-29 03:40:30.709 I/[ 2444.259246] [wifi@1][0xaf04962dc][03( 0): 40:30.708211] wlan: [3455:I:wifipos] wifi_pos_get_ch_info: 461: num channels: 26
06-29 03:40:30.765 I/[ 2444.313720] logd( 0): logdr: UID=1000 GID=1000 PID=14227 n tail=127 logMask=80 pid=0 start=0ns deadline=0ns
06-29 03:40:30.831 I/GameModeConfig( 1522): isGameModeOn = false
06-29 03:40:30.855 E/android.hardware.wifi@1.0-service( 828): create file failed: Permission denied
06-29 03:40:30.855 E/android.hardware.wifi@1.0-service( 828): Error writing files to flash
06-29 03:40:30.861 I/[ 2444.409679] [schedu][0xaf0757542][03( 0): 40:30.858643] wlan: [3371:I:OSIF] scan start scan id 41262
