06-29 03:41:26.073 E/android.hardware.wifi@1.0-service( 828): Error writing files to flash
06-29 03:41:26.077 W/[ 2499.624341] audit( 0): audit_lost=22008 audit_rate_limit=5 audit_backlog_limit=64
06-29 03:41:26.077 E/[ 2499.624343] audit( 0): rate limit exceeded
06-29 03:41:26.498 D/PowerManagerService( 1522): acquireWakeLockInternal: lock=218282209, flags=0x1, tag="*alarm*", ws=WorkSource{1000}, uid=1000, pid=1522
06-29 03:41:26.498 D/PowerManagerService( 1522): updateWakeLockSummaryLocked: mWakefulness=Awake, mWakeLockSummary=0x23
06-29 03:41:26.498 D/PowerManagerService( 1522): updateUserActivitySummaryLocked: groupId=0, mWakefulness=Awake, mUserActivitySummary=0x1, nextTimeout=2557298 (in 57249 ms)
06-29 03:41:26.498 D/PowerManagerNotifier( 1522): onScreenPolicyUpdate: newPolicy=3
06-29 03:41:26.498 D/PowerManagerService( 1522): updateDisplayPowerStateLocked: displayReady=true, groupId=0, policy=BRIGHT, mWakefulness=Awake, mWakeLockSummary=0x23, mUserActivitySummary=0x1, mBootCompleted=true, screenBrightnessOverride=NaN, useAutoBrightness=false, mScreenBrightnessBoostInProgress=false, mIsVrModeEnabled= false, sQuiescent=false
06-29 03:41:26.499 D/PowerManagerNotifier( 1522): onWakeLockAcquired: flags=1, tag="*alarm*", packageName=android, ownerUid=1000, ownerPid=1522, workSource=WorkSource{1000}
06-29 03:41:26.500 D/PowerManagerService( 1522): releaseWakeLockInternal: lock=218282209 [*alarm*], flags=0x0
06-29 03:41:26.500 D/PowerManagerNotifier( 1522): onWakeLockReleased: flags=1, tag="*alarm*", packageName=android, ownerUid=1000, ownerPid=1522, workSource=WorkSource{1000}
06-29 03:41:26.500 D/PowerManagerService( 1522): updateWakeLockSummaryLocked: mWakefulness=Awake, mWakeLockSummary=0x23
06-29 03:41:26.500 D/PowerManagerService( 1522): updateUserActivitySummaryLocked: groupId=0, mWakefulness=Awake, mUserActivitySummary=0x1, nextTimeout=2557298 (in 57247 ms)
06-29 03:41:26.500 D/PowerManagerNotifier( 1522): onScreenPolicyUpdate: newPolicy=3
06-29 03:41:26.500 D/PowerManagerService( 1522): updateDisplayPowerStateLocked: displayReady=true, groupId=0, policy=BRIGHT, mWakefulness=Awake, mWakeLockSummary=0x23, mUserActivitySummary=0x1, mBootCompleted=true, screenBrightnessOverride=NaN, useAutoBrightness=false, mScreenBrightnessBoostInProgress=false, mIsVrModeEnabled= false, sQuiescent=false
06-29 03:41:26.583 I/[ 2500.129741] msm_vidc( 0): err : ffffffff: .....: DBLP Set: status 0
06-29 03:41:26.702 W/ActivityManager( 1522): Background start not allowed: service Intent { pkg=com.smile.gifmaker cmp=com.smile.gifmaker/com.kwai.chat.kwailink.service.NewKwaiLinkService } to com.smile.gifmaker/com.kwai.chat.kwailink.service.NewKwaiLinkService from pid=15225 uid=10105 pkg=com.smile.gifmaker startFg?=false
06-29 03:41:27.005 I/GameModeConfig( 1522): isGameModeOn = false
06-29 03:41:27.005 I/GameModeConfig( 1522): isGameModeOn = false
06-29 03:41:27.006 I/GameModeConfig( 1522): isGameModeOn = false
06-29 03:41:27.006 I/GameModeConfig( 1522): isGameModeOn = false
06-29 03:41:27.006 I/GameModeConfig( 1522): isGameModeOn = false
06-29 03:41:27.006 I/GameModeConfig( 1522): isGameModeOn = false
06-29 03:41:27.006 I/GameModeConfig( 1522): isGameModeOn = false
06-29 03:41:27.011 I/GameModeConfig( 1522): isGameModeOn = false
06-29 03:41:27.011 I/GameModeConfig( 1522): isGameModeOn = false
06-29 03:41:27.011 I/GameModeConfig( 1522): isGameModeOn = false
06-29 03:41:27.011 I/GameModeConfig( 1522): isGameModeOn = false
06-29 03:41:27.011 I/GameModeConfig( 1522): isGameModeOn = false
06-29 03:41:27.012 I/GameModeConfig( 1522): isGameModeOn = false
06-29 03:41:27.012 I/GameModeConfig( 1522): isGameModeOn = false
06-29 03:41:27.118 W/[ 2500.665267] audit( 0): audit_lost=22053 audit_rate_limit=5 audit_backlog_limit=64
06-29 03:41:27.118 E/[ 2500.665273] audit( 0): rate limit exceeded
06-29 03:41:27.171 I/ActivityManager( 1522): Killing 15225:com.smile.gifmaker/u0a105 (adj 915): empty #2
06-29 03:41:27.177 I/[ 2500.727556] [schedu][0xb30e8d5fe][03( 0): 41:27.176520] wlan: [3371:I:OSIF] vdev 0, scan id 41274 type COMPLETED(1) reason COMPLETED(1) scan found 25 bss
06-29 03:41:27.181 I/[ 2500.728950] init( 0): Untracked pid 15953 received signal 9
06-29 03:41:27.211 D/CompatibilityChangeReporter( 1522): Compat change id reported: 171306433; UID 10105; state: DISABLED
06-29 03:41:27.226 W/BroadcastQueue( 1522): Skipping deliver [background] BroadcastRecord{9ff08aa u0 com.kwai.chat.kwailink.ACTION_LINK_SERVICE_CREATED} to ReceiverList{56794fb 15225 com.smile.gifmaker/10105/u0 remote:77ad68a}: process gone or crashing
06-29 03:41:27.291 D/PowerManagerService( 1522): releaseWakeLockInternal: lock=112693264 [AudioMix], flags=0x0
06-29 03:41:27.291 D/PowerManagerNotifier( 1522): onWakeLockReleased: flags=1, tag="AudioMix", packageName=audioserver, ownerUid=1041, ownerPid=0, workSource=null
06-29 03:41:27.291 D/PowerManagerService( 1522): updateWakeLockSummaryLocked: mWakefulness=Awake, mWakeLockSummary=0x23
06-29 03:41:27.291 D/PowerManagerService( 1522): updateUserActivitySummaryLocked: groupId=0, mWakefulness=Awake, mUserActivitySummary=0x1, nextTimeout=2557298 (in 56456 ms)
06-29 03:41:27.291 D/PowerManagerNotifier( 1522): onScreenPolicyUpdate: newPolicy=3
06-29 03:41:27.291 D/PowerManagerService( 1522): updateDisplayPowerStateLocked: displayReady=true, groupId=0, policy=BRIGHT, mWakefulness=Awake, mWakeLockSummary=0x23, mUserActivitySummary=0x1, mBootCompleted=true, screenBrightnessOverride=NaN, useAutoBrightness=false, mScreenBrightnessBoostInProgress=false, mIsVrModeEnabled= false, sQuiescent=false
06-29 03:41:27.296 D/PowerManagerService( 1522): releaseWakeLockInternal: lock=208192303 [AudioMix], flags=0x0
06-29 03:41:27.296 D/PowerManagerNotifier( 1522): onWakeLockReleased: flags=1, tag="AudioMix", packageName=audioserver, ownerUid=1041, ownerPid=0, workSource=null
06-29 03:41:27.296 D/PowerManagerService( 1522): updateWakeLockSummaryLocked: mWakefulness=Awake, mWakeLockSummary=0x23
06-29 03:41:27.296 D/PowerManagerService( 1522): updateUserActivitySummaryLocked: groupId=0, mWakefulness=Awake, mUserActivitySummary=0x1, nextTimeout=2557298 (in 56451 ms)
06-29 03:41:27.296 D/PowerManagerNotifier( 1522): onScreenPolicyUpdate: newPolicy=3
06-29 03:41:27.296 D/PowerManagerService( 1522): updateDisplayPowerStateLocked: displayReady=true, groupId=0, policy=BRIGHT, mWakefulness=Awake, mWakeLockSummary=0x23, mUserActivitySummary=0x1, mBootCompleted=true, screenBrightnessOverride=NaN, useAutoBrightness=false, mScreenBrightnessBoostInProgress=false, mIsVrModeEnabled= false, sQuiescent=false
06-29 03:41:27.298 D/PowerManagerService( 1522): releaseWakeLockInternal: lock=107833097 [AudioMix], flags=0x0
06-29 03:41:27.298 D/PowerManagerNotifier( 1522): onWakeLockReleased: flags=1, tag="AudioMix", packageName=audioserver, ownerUid=1041, ownerPid=0, workSource=null
06-29 03:41:27.298 D/PowerManagerService( 1522): updateWakeLockSummaryLocked: mWakefulness=Awake, mWakeLockSummary=0x23
06-29 03:41:27.298 D/PowerManagerService( 1522): updateUserActivitySummaryLocked: groupId=0, mWakefulness=Awake, mUserActivitySummary=0x1, nextTimeout=2557298 (in 56449 ms)
06-29 03:41:27.298 D/PowerManagerNotifier( 1522): onScreenPolicyUpdate: newPolicy=3
06-29 03:41:27.298 D/PowerManagerService( 1522): updateDisplayPowerStateLocked: displayReady=true, groupId=0, policy=BRIGHT, mWakefulness=Awake, mWakeLockSummary=0x23, mUserActivitySummary=0x1, mBootCompleted=true, screenBrightnessOverride=NaN, useAutoBrightness=false, mScreenBrightnessBoostInProgress=false, mIsVrModeEnabled= false, sQuiescent=false
06-29 03:41:27.300 D/PowerManagerService( 1522): releaseWakeLockInternal: lock=158178620 [AudioMix], flags=0x0
06-29 03:41:27.300 D/PowerManagerNotifier( 1522): onWakeLockReleased: flags=1, tag="AudioMix", packageName=audioserver, ownerUid=1041, ownerPid=0, workSource=null
06-29 03:41:27.301 D/PowerManagerService( 1522): updateWakeLockSummaryLocked: mWakefulness=Awake, mWakeLockSummary=0x23
06-29 03:41:27.301 D/PowerManagerService( 1522): updateUserActivitySummaryLocked: groupId=0, mWakefulness=Awake, mUserActivitySummary=0x1, nextTimeout=2557298 (in 56446 ms)
06-29 03:41:27.301 D/PowerManagerNotifier( 1522): onScreenPolicyUpdate: newPolicy=3
06-29 03:41:27.301 D/PowerManagerService( 1522): updateDisplayPowerStateLocked: displayReady=true, groupId=0, policy=BRIGHT, mWakefulness=Awake, mWakeLockSummary=0x23, mUserActivitySummary=0x1, mBootCompleted=true, screenBrightnessOverride=NaN, useAutoBrightness=false, mScreenBrightnessBoostInProgress=false, mIsVrModeEnabled= false, sQuiescent=false
06-29 03:41:27.311 I/[ 2500.862722] [schedu][0xb31106f41][03( 0): 41:27.311683] wlan: [3371:I:HIF] Deinitializing Runtime PM wakelock &vdev->vdev_set_key_runtime_wakelock
06-29 03:41:27.316 I/[ 2500.863532] [schedu][0xb3110ac47][03( 0): 41:27.312497] wlan: [3371:I:HIF] Initializing Runtime PM wakelock &vdev->vdev_set_key_runtime_wakelock
06-29 03:41:27.316 I/[ 2500.867231] init( 0): Untracked pid 15950 received signal 9
06-29 03:41:27.323 W/ActivityManager( 1522): Background start not allowed: service Intent { pkg=com.smile.gifmaker cmp=com.smile.gifmaker/com.kwai.chat.kwailink.service.NewKwaiLinkService } to com.smile.gifmaker/com.kwai.chat.kwailink.service.NewKwaiLinkService from pid=15836 uid=10105 pkg=com.smile.gifmaker startFg?=false
06-29 03:41:27.324 D/android.hardware.wifi@1.0-service( 828): Successfully SetMacAddress.
06-29 03:41:27.325 I/[ 2500.875707] [wifi@1][0xb31143d63][03( 0): 41:27.324671] wlan: [828:I:DP] dp_vdev_attach_wifi3: wlan_cfg_ap_bridge_enabled 0
06-29 03:41:27.333 E/[ 2500.883778] [wifi@1][0xb311699e3][03( 0): 41:27.332731] wlan: [3455:E:wifipos] wifi_pos_process_app_reg_req: 608: Received App Req Req pid(-398458052), len(16)
06-29 03:41:27.334 W/wificond( 1206): Scan is not started. Ignore abort request
06-29 03:41:27.337 I/[ 2500.886845] [wifi@1][0xb31177f9d][03( 0): 41:27.335794] wlan: [3455:I:wifipos] wifi_pos_get_ch_info: 461: num channels: 26
06-29 03:41:27.337 I/[ 2500.887211] [wifi@1][0xb31179c32][03( 0): 41:27.336175] wlan: [3455:I:wifipos] wifi_pos_get_ch_info: 461: num channels: 26
06-29 03:41:27.335 W/ActivityManager( 1522): Receiver with filter android.content.IntentFilter@ae1de6f already registered for pid 15836, callerPackage is com.smile.gifmaker
06-29 03:41:27.341 I/[ 2500.890822] [wpa_su][0xb3118ab13][03( 0): 41:27.339787] wlan: [3475:I:SME] vdev-0: Connecting to hht_test_wifi_fc4318c9 04:d9:f5:fb:09:94 rssi: -71 freq: 5300 akm 3 cipher: uc 6 mc 6, CC:
06-29 03:41:27.341 E/[ 2500.890885] [wpa_su][0xb3118aff3][03( 0): 41:27.339852] wlan: [3475:E:QDF] Cannot malloc 0 bytes @ csr_get_cfg_max_tx_power:14199
06-29 03:41:27.341 I/[ 2500.891706] [schedu][0xb3118ed1e][03( 0): 41:27.340668] wlan: [3371:I:WMI] send_vdev_start_cmd_tlv: 1062: send_vdev_start_cmd_tlv: vdev_id 0 freq 5300 chanmode 18 ch_info: 0x12 is_dfs 0 beacon interval 100 dtim 0 center_chan 5290 center_freq2 0 reg_info_1: 0x170000 reg_info_2: 0x1700, req->max_txpow: 0x17 Tx SS 1, Rx SS 1, ldpc_rx: 0, cac 0, regd 4, HE ops: 0req->dis_hw_ack: 1
06-29 03:41:27.345 E/wificond( 1206): NL80211_CMD_TRIGGER_SCAN failed: Device or resource busy
06-29 03:41:27.346 E/[ 2500.896927] [wifico][0xb311a74a9][03( 0): 41:27.345888] wlan: [1206:E:HDD] __wlan_hdd_cfg80211_scan: 572: Scan not allowed. scan_ebusy_cnt: 470 Session 0 Reason 1
06-29 03:41:27.447 I/GameModeConfig( 1522): isGameModeOn = false
06-29 03:41:27.517 I/[ 2501.065255] [soft_i][0xb314bc519][03( 0): 41:27.514214] wlan: [0:I:TXRX] HTT_T2H_MSG_TYPE_PEER_MAP msg for peer id 12 vdev id 0 n
06-29 03:41:27.517 E/[ 2501.065276] [soft_i][0xb314bc72d][03( 0): 41:27.514242] wlan: [0:E:DP] dp_peer_find_add_id: peer 0000000000000000 ID 12 vid 0 mac 04:d9:f5:fb:09:94
06-29 03:41:27.517 I/[ 2501.065289] [soft_i][0xb314bc82c][03( 0): 41:27.514255] wlan: [0:I:DP] dp_peer_find_add_id: ref_cnt: 2
06-29 03:41:27.517 E/[ 2501.065300] [soft_i][0xb314bc8fa][03( 0): 41:27.514266] wlan: [0:E:DP] dp_peer_map_ast: peer 0000000000000000 ID 3 vid 0 mac 04:d9:f5:fb:09:94
06-29 03:41:27.681 I/[ 2501.231286] [schedu][0xb317c69a2][03( 0): 41:27.680248] wlan: [3371:I:PE] Auth TX: fail
06-29 03:41:28.701 I/[ 2502.248439] [schedu][0xb32a667db][03( 0): 41:28.697398] wlan: [3371:I:PE] Auth TX: fail
06-29 03:41:29.346 D/PowerManagerService( 1522): acquireWakeLockInternal: lock=218282209, flags=0x1, tag="*alarm*", ws=WorkSource{1000}, uid=1000, pid=1522
06-29 03:41:29.346 D/PowerManagerService( 1522): updateWakeLockSummaryLocked: mWakefulness=Awake, mWakeLockSummary=0x23
06-29 03:41:29.346 D/PowerManagerService( 1522): updateUserActivitySummaryLocked: groupId=0, mWakefulness=Awake, mUserActivitySummary=0x1, nextTimeout=2557298 (in 54401 ms)
06-29 03:41:29.346 D/PowerManagerNotifier( 1522): onScreenPolicyUpdate: newPolicy=3
06-29 03:41:29.346 D/PowerManagerService( 1522): updateDisplayPowerStateLocked: displayReady=true, groupId=0, policy=BRIGHT, mWakefulness=Awake, mWakeLockSummary=0x23, mUserActivitySummary=0x1, mBootCompleted=true, screenBrightnessOverride=NaN, useAutoBrightness=false, mScreenBrightnessBoostInProgress=false, mIsVrModeEnabled= false, sQuiescent=false
06-29 03:41:29.346 D/PowerManagerNotifier( 1522): onWakeLockAcquired: flags=1, tag="*alarm*", packageName=android, ownerUid=1000, ownerPid=1522, workSource=WorkSource{1000}
06-29 03:41:29.347 D/PowerManagerService( 1522): releaseWakeLockInternal: lock=218282209 [*alarm*], flags=0x0
06-29 03:41:29.347 D/PowerManagerNotifier( 1522): onWakeLockReleased: flags=1, tag="*alarm*", packageName=android, ownerUid=1000, ownerPid=1522, workSource=WorkSource{1000}
06-29 03:41:29.347 D/PowerManagerService( 1522): updateWakeLockSummaryLocked: mWakefulness=Awake, mWakeLockSummary=0x23
06-29 03:41:29.347 D/PowerManagerService( 1522): updateUserActivitySummaryLocked: groupId=0, mWakefulness=Awake, mUserActivitySummary=0x1, nextTimeout=2557298 (in 54400 ms)
06-29 03:41:29.347 D/PowerManagerNotifier( 1522): onScreenPolicyUpdate: newPolicy=3
06-29 03:41:29.347 D/PowerManagerService( 1522): updateDisplayPowerStateLocked: displayReady=true, groupId=0, policy=BRIGHT, mWakefulness=Awake, mWakeLockSummary=0x23, mUserActivitySummary=0x1, mBootCompleted=true, screenBrightnessOverride=NaN, useAutoBrightness=false, mScreenBrightnessBoostInProgress=false, mIsVrModeEnabled= false, sQuiescent=false
06-29 03:41:29.354 E/wificond( 1206): NL80211_CMD_TRIGGER_SCAN failed: Device or resource busy
06-29 03:41:29.357 E/[ 2502.905058] [wifico][0xb3366c66d][03( 0): 41:29.354019] wlan: [1206:E:HDD] __wlan_hdd_cfg80211_scan: 572: Scan not allowed. scan_ebusy_cnt: 471 Session 0 Reason 1
06-29 03:41:29.928 W/ProcessStats( 1522): Tracking association SourceState{562fd4e com.tencent.android.qqdownloader:live/10115 BTopFgs #11616} whose proc state 2 is better than process ProcessState{7d9de82 com.tencent.android.qqdownloader:daemon/10115 pkg=com.tencent.android.qqdownloader} proc state 3 (39 skipped)
06-29 03:41:31.125 E/[ 2504.672152] link_delay_work_func( 0): DTC_ETH: SQI=0, link=0
06-29 03:41:31.355 D/PowerManagerService( 1522): acquireWakeLockInternal: lock=218282209, flags=0x1, tag="*alarm*", ws=WorkSource{1000}, uid=1000, pid=1522
06-29 03:41:31.355 D/PowerManagerService( 1522): updateWakeLockSummaryLocked: mWakefulness=Awake, mWakeLockSummary=0x23
06-29 03:41:31.355 D/PowerManagerService( 1522): updateUserActivitySummaryLocked: groupId=0, mWakefulness=Awake, mUserActivitySummary=0x1, nextTimeout=2557298 (in 52392 ms)
06-29 03:41:31.356 D/PowerManagerNotifier( 1522): onScreenPolicyUpdate: newPolicy=3
06-29 03:41:31.356 D/PowerManagerService( 1522): updateDisplayPowerStateLocked: displayReady=true, groupId=0, policy=BRIGHT, mWakefulness=Awake, mWakeLockSummary=0x23, mUserActivitySummary=0x1, mBootCompleted=true, screenBrightnessOverride=NaN, useAutoBrightness=false, mScreenBrightnessBoostInProgress=false, mIsVrModeEnabled= false, sQuiescent=false
06-29 03:41:31.356 D/PowerManagerNotifier( 1522): onWakeLockAcquired: flags=1, tag="*alarm*", packageName=android, ownerUid=1000, ownerPid=1522, workSource=WorkSource{1000}
06-29 03:41:31.356 D/PowerManagerService( 1522): releaseWakeLockInternal: lock=218282209 [*alarm*], flags=0x0
06-29 03:41:31.357 D/PowerManagerNotifier( 1522): onWakeLockReleased: flags=1, tag="*alarm*", packageName=android, ownerUid=1000, ownerPid=1522, workSource=WorkSource{1000}
06-29 03:41:31.357 D/PowerManagerService( 1522): updateWakeLockSummaryLocked: mWakefulness=Awake, mWakeLockSummary=0x23
06-29 03:41:31.357 D/PowerManagerService( 1522): updateUserActivitySummaryLocked: groupId=0, mWakefulness=Awake, mUserActivitySummary=0x1, nextTimeout=2557298 (in 52390 ms)
06-29 03:41:31.357 D/PowerManagerNotifier( 1522): onScreenPolicyUpdate: newPolicy=3
06-29 03:41:31.357 D/PowerManagerService( 1522): updateDisplayPowerStateLocked: displayReady=true, groupId=0, policy=BRIGHT, mWakefulness=Awake, mWakeLockSummary=0x23, mUserActivitySummary=0x1, mBootCompleted=true, screenBrightnessOverride=NaN, useAutoBrightness=false, mScreenBrightnessBoostInProgress=false, mIsVrModeEnabled= false, sQuiescent=false
06-29 03:41:31.363 E/wificond( 1206): NL80211_CMD_TRIGGER_SCAN failed: Device or resource busy
06-29 03:41:31.365 E/[ 2504.914820] [wifico][0xb35b3921c][03( 0): 41:31.363774] wlan: [1206:E:HDD] __wlan_hdd_cfg80211_scan: 572: Scan not allowed. scan_ebusy_cnt: 472 Session 0 Reason 1
06-29 03:41:32.353 I/[ 2505.901355] msm_vidc( 0): high: 00000001: h264d: Closed video instance: 0000000000000000
06-29 03:41:32.913 W/[ 2506.464547] [schedu][0xb37799786][03( 0): 41:32.913500] wlan: [3371:W:PE] lim_process_sae_auth_timeout: 112: SAE auth timeout sessionid 0 mlmstate 1D SmeState 4
06-29 03:41:32.913 E/[ 2506.464773] [schedu][0xb3779a921][03( 0): 41:32.913735] wlan: [3371:E:PE] lim_process_mlm_auth_cnf: 558: Auth Failure occurred
06-29 03:41:32.913 I/[ 2506.464850] [schedu][0xb3779af05][03( 0): 41:32.913813] wlan: [3371:I:PE] Deauth TX: vdev 0 seq_num 3786 reason 65530 waitForAck 0 to 04:d9:f5:fb:09:94 from a2:d7:5b:b4:b7:af
06-29 03:41:32.933 W/[ 2506.482597] [schedu][0xb377ee19d][03( 0): 41:32.931554] wlan: [3371:W:SME] csr_roam_join_rsp_processor: 9876: SmeJoinReq failed with status_code= 0x000001FD [509] reason:65530
06-29 03:41:32.933 W/[ 2506.482849] [schedu][0xb377ef501][03( 0): 41:32.931813] wlan: [3371:W:HDD] hdd_get_rssi_snr_by_bssid: 17749: sme_get_rssi_snr_by_bssid failed
06-29 03:41:32.933 E/[ 2506.482869] [schedu][0xb377ef682][03( 0): 41:32.931833] wlan: [3371:E:HDD] hdd_association_completion_handler: 3712: wlan0(vdevid-0): connection failed with 04:d9:f5:fb:09:94 result: 3 and Status: 7
06-29 03:41:32.933 W/[ 2506.483079] [schedu][0xb377f0648][03( 0): 41:32.932043] wlan: [3371:W:HDD] hdd_get_rssi_snr_by_bssid: 17749: sme_get_rssi_snr_by_bssid failed
06-29 03:41:32.933 E/[ 2506.483101] [schedu][0xb377f07f0][03( 0): 41:32.932065] wlan: [3371:E:HDD] hdd_association_completion_handler: 3712: wlan0(vdevid-0): connection failed with 04:d9:f5:fb:09:94 result: 1 and Status: 9
06-29 03:41:32.933 E/[ 2506.483235] [schedu][0xb377f11eb][03( 0): 41:32.932198] wlan: [3371:E:HDD] hdd_association_completion_handler: 3784: send connect failure to nl80211: for bssid 04:d9:f5:fb:09:94 result: 1 and Status: 9 reasoncode: 65530
06-29 03:41:32.933 I/wificond( 1206): Connect timeout
06-29 03:41:32.962 I/[ 2506.510668] logd( 0): logdr: UID=1000 GID=1000 PID=16092 n tail=127 logMask=19 pid=0 start=0ns deadline=0ns
06-29 03:41:32.993 I/[ 2506.543689] [schedu][0xb3790c7b3][03( 0): 41:32.992649] wlan: [3371:I:HIF] Deinitializing Runtime PM wakelock &vdev->vdev_set_key_runtime_wakelock
06-29 03:41:32.999 I/[ 2506.544500] [schedu][0xb379104c3][03( 0): 41:32.993463] wlan: [3371:I:HIF] Initializing Runtime PM wakelock &vdev->vdev_set_key_runtime_wakelock
06-29 03:41:33.002 D/android.hardware.wifi@1.0-service( 828): Successfully SetMacAddress.
06-29 03:41:33.004 I/[ 2506.553771] [wifi@1][0xb3793bbfd][03( 0): 41:33.002733] wlan: [828:I:DP] dp_vdev_attach_wifi3: wlan_cfg_ap_bridge_enabled 0
06-29 03:41:33.016 E/[ 2506.563329] [wifi@1][0xb379688b1][03( 0): 41:33.012289] wlan: [3455:E:wifipos] wifi_pos_process_app_reg_req: 608: Received App Req Req pid(-398458052), len(16)
06-29 03:41:33.016 I/[ 2506.563824] [wifi@1][0xb3796ae03][03( 0): 41:33.012786] wlan: [3455:I:wifipos] wifi_pos_get_ch_info: 461: num channels: 26
06-29 03:41:33.016 I/[ 2506.564748] [wifi@1][0xb3796f37d][03( 0): 41:33.013713] wlan: [3455:I:wifipos] wifi_pos_get_ch_info: 461: num channels: 26
06-29 03:41:33.077 I/[ 2506.626694] logd( 0): logdr: UID=1000 GID=1000 PID=16096 n tail=127 logMask=80 pid=0 start=0ns deadline=0ns
06-29 03:41:33.142 I/GameModeConfig( 1522): isGameModeOn = false
06-29 03:41:33.168 E/android.hardware.wifi@1.0-service( 828): create file failed: Permission denied
06-29 03:41:33.168 E/android.hardware.wifi@1.0-service( 828): Error writing files to flash
06-29 03:41:33.185 I/[ 2506.734440] [schedu][0xb37c8aa10][03( 0): 41:33.183400] wlan: [3371:I:OSIF] scan start scan id 41275
06-29 03:41:33.365 D/PowerManagerService( 1522): acquireWakeLockInternal: lock=218282209, flags=0x1, tag="*alarm*", ws=WorkSource{1000}, uid=1000, pid=1522
06-29 03:41:33.365 D/PowerManagerService( 1522): updateWakeLockSummaryLocked: mWakefulness=Awake, mWakeLockSummary=0x23
06-29 03:41:33.366 D/PowerManagerService( 1522): updateUserActivitySummaryLocked: groupId=0, mWakefulness=Awake, mUserActivitySummary=0x1, nextTimeout=2557298 (in 50381 ms)
06-29 03:41:33.366 D/PowerManagerNotifier( 1522): onScreenPolicyUpdate: newPolicy=3
06-29 03:41:33.366 D/PowerManagerService( 1522): updateDisplayPowerStateLocked: displayReady=true, groupId=0, policy=BRIGHT, mWakefulness=Awake, mWakeLockSummary=0x23, mUserActivitySummary=0x1, mBootCompleted=true, screenBrightnessOverride=NaN, useAutoBrightness=false, mScreenBrightnessBoostInProgress=false, mIsVrModeEnabled= false, sQuiescent=false
06-29 03:41:33.366 D/PowerManagerNotifier( 1522): onWakeLockAcquired: flags=1, tag="*alarm*", packageName=android, ownerUid=1000, ownerPid=1522, workSource=WorkSource{1000}
06-29 03:41:33.367 D/PowerManagerService( 1522): releaseWakeLockInternal: lock=218282209 [*alarm*], flags=0x0
06-29 03:41:33.367 D/PowerManagerNotifier( 1522): onWakeLockReleased: flags=1, tag="*alarm*", packageName=android, ownerUid=1000, ownerPid=1522, workSource=WorkSource{1000}
06-29 03:41:33.367 D/PowerManagerService( 1522): updateWakeLockSummaryLocked: mWakefulness=Awake, mWakeLockSummary=0x23
06-29 03:41:33.367 D/PowerManagerService( 1522): updateUserActivitySummaryLocked: groupId=0, mWakefulness=Awake, mUserActivitySummary=0x1, nextTimeout=2557298 (in 50380 ms)
06-29 03:41:33.367 D/PowerManagerNotifier( 1522): onScreenPolicyUpdate: newPolicy=3
06-29 03:41:33.367 D/PowerManagerService( 1522): updateDisplayPowerStateLocked: displayReady=true, groupId=0, policy=BRIGHT, mWakefulness=Awake, mWakeLockSummary=0x23, mUserActivitySummary=0x1, mBootCompleted=true, screenBrightnessOverride=NaN, useAutoBrightness=false, mScreenBrightnessBoostInProgress=false, mIsVrModeEnabled= false, sQuiescent=false
06-29 03:41:34.365 I/[ 2507.914743] [schedu][0xb39227489][03( 0): 41:34.363700] wlan: [3371:I:OSIF] vdev 0, scan id 41275 type COMPLETED(1) reason COMPLETED(1) scan found 23 bss
06-29 03:41:34.489 I/[ 2508.036151] [schedu][0xb39460626][03( 0): 41:34.485108] wlan: [3371:I:HIF] Deinitializing Runtime PM wakelock &vdev->vdev_set_key_runtime_wakelock
06-29 03:41:34.489 I/[ 2508.036853] [schedu][0xb39463b16][03( 0): 41:34.485814] wlan: [3371:I:HIF] Initializing Runtime PM wakelock &vdev->vdev_set_key_runtime_wakelock
06-29 03:41:34.497 I/[ 2508.047734] [wifi@1][0xb39496b5f][03( 0): 41:34.496698] wlan: [828:I:DP] dp_vdev_attach_wifi3: wlan_cfg_ap_bridge_enabled 0
06-29 03:41:34.496 D/android.hardware.wifi@1.0-service( 828): Successfully SetMacAddress.
06-29 03:41:34.508 W/wificond( 1206): Scan is not started. Ignore abort request
06-29 03:41:34.510 E/[ 2508.058008] [wifi@1][0xb394c6df2][03( 0): 41:34.506972] wlan: [3455:E:wifipos] wifi_pos_process_app_reg_req: 608: Received App Req Req pid(-398458052), len(16)
06-29 03:41:34.510 I/[ 2508.058517] [wifi@1][0xb394c942d][03( 0): 41:34.507482] wlan: [3455:I:wifipos] wifi_pos_get_ch_info: 461: num channels: 26
06-29 03:41:34.510 I/[ 2508.059056] [wifi@1][0xb394cbc9f][03( 0): 41:34.508021] wlan: [3455:I:wifipos] wifi_pos_get_ch_info: 461: num channels: 26
06-29 03:41:34.529 I/[ 2508.078560] [wpa_su][0xb39527309][03( 0): 41:34.527520] wlan: [3475:I:SME] vdev-0: Connecting to 200M_5G 98:97:cc:03:15:36 rssi: -59 freq: 5200 akm 9 cipher: uc 6 mc 6, CC:
06-29 03:41:34.529 E/[ 2508.078650] [wpa_su][0xb39527a45][03( 0): 41:34.527616] wlan: [3475:E:QDF] Cannot malloc 0 bytes @ csr_get_cfg_max_tx_power:14199
06-29 03:41:34.534 I/[ 2508.081390] [schedu][0xb39534746][03( 0): 41:34.530350] wlan: [3371:I:WMI] send_vdev_start_cmd_tlv: 1062: send_vdev_start_cmd_tlv: vdev_id 0 freq 5200 chanmode 6 ch_info: 0x6 is_dfs 0 beacon interval 100 dtim 0 center_chan 5190 center_freq2 0 reg_info_1: 0x170000 reg_info_2: 0x1700, req->max_txpow: 0x17 Tx SS 1, Rx SS 1, ldpc_rx: 0, cac 0, regd 4, HE ops: 0req->dis_hw_ack: 0
06-29 03:41:34.688 I/[ 2508.239017] [soft_i][0xb398174af][03( 0): 41:34.687969] wlan: [0:I:TXRX] HTT_T2H_MSG_TYPE_PEER_MAP msg for peer id 7 vdev id 0 n
06-29 03:41:34.688 E/[ 2508.239085] [soft_i][0xb39817aaa][03( 0): 41:34.688048] wlan: [0:E:DP] dp_peer_find_add_id: peer 0000000000000000 ID 7 vid 0 mac 98:97:cc:03:15:36
06-29 03:41:34.688 I/[ 2508.239114] [soft_i][0xb39817ce1][03( 0): 41:34.688078] wlan: [0:I:DP] dp_peer_find_add_id: ref_cnt: 2
06-29 03:41:34.688 E/[ 2508.239132] [soft_i][0xb39817e3f][03( 0): 41:34.688096] wlan: [0:E:DP] dp_peer_map_ast: peer 0000000000000000 ID 113 vid 0 mac 98:97:cc:03:15:36
06-29 03:41:34.745 I/[ 2508.293453] [schedu][0xb399167e7][03( 0): 41:34.742412] wlan: [3371:I:PE] Auth TX: seq 1 seq num 3788 status 0 WEP 0 to 98:97:cc:03:15:36
06-29 03:41:34.769 I/[ 2508.316732] [schedu][0xb399839c5][03( 0): 41:34.765690] wlan: [3371:I:PE] Auth TX: success
06-29 03:41:34.769 I/[ 2508.318880] [schedu][0xb3998db27][03( 0): 41:34.767842] wlan: [3371:I:PE] Auth RX: vdev 0 sys role 3 lim_state 5 from 98:97:cc:03:15:36 rssi -57 auth_alg 0 seq 3052
06-29 03:41:34.769 I/[ 2508.319150] [schedu][0xb3998ee2e][03( 0): 41:34.768095] wlan: [3371:I:PE] Assoc req TX: vdev 0 to 98:97:cc:03:15:36 seq num 3789
06-29 03:41:34.773 I/[ 2508.321138] [schedu][0xb39998494][03( 0): 41:34.770101] wlan: [3371:I:PE] Assoc req TX: success
06-29 03:41:34.777 I/[ 2508.325785] [schedu][0xb399ae119][03( 0): 41:34.774748] wlan: [3371:I:PE] Assoc rsp RX: subtype 0 vdev 0 sys role 3 lim state 10 rssi -57 from 98:97:cc:03:15:36
06-29 03:41:34.785 E/[ 2508.334361] [schedu][0xb399d646b][03( 0): 41:34.783325] wlan: [3371:E:QDF] Cannot malloc 0 bytes @ csr_get_cfg_max_tx_power:14199
06-29 03:41:34.785 E/[ 2508.334398] [schedu][0xb399d6602][03( 0): 41:34.783346] wlan: [3371:E:QDF] Cannot malloc 0 bytes @ csr_get_cfg_max_tx_power:14199
06-29 03:41:34.785 E/[ 2508.335393] [soft_i][0xb399db1a7][03( 0): 41:34.784355] wlan: [0:E:DP] dp_tx_initialize_threshold: tx flow control threshold is set, pool size is 4096
06-29 03:41:34.785 I/[ 2508.335514] [schedu][0xb399dbaf8][03( 0): 41:34.784479] wlan: [3371:I:HDD] wlan0(vdevid-0): 6e:37:ae:b7:f4:a8 connected to 98:97:cc:03:15:36
06-29 03:41:34.793 I/[ 2508.343473] [dp_rx_][0xb39a00fb4][03( 0): 41:34.792436] wlan: [3376:I:QDF] EAPOL-1 RX: SA:98:97:cc:03:15:36 DA:6e:37:ae:b7:f4:a8
06-29 03:41:34.826 I/[ 2508.377494] [soft_i][0xb39aa06b3][03( 0): 41:34.826450] wlan: [0:I:QDF] EAPOL-2 TX: SA:6e:37:ae:b7:f4:a8 DA:98:97:cc:03:15:36 msdu_id:0 status: succ
06-29 03:41:34.829 I/[ 2508.378992] [dp_rx_][0xb39aa77ae][03( 0): 41:34.827955] wlan: [3376:I:QDF] EAPOL-3 RX: SA:98:97:cc:03:15:36 DA:6e:37:ae:b7:f4:a8
06-29 03:41:34.833 I/[ 2508.381567] [soft_i][0xb39ab38a7][03( 0): 41:34.830528] wlan: [0:I:QDF] EAPOL-4 TX: SA:6e:37:ae:b7:f4:a8 DA:98:97:cc:03:15:36 msdu_id:0 status: succ
06-29 03:41:34.845 E/[ 2508.393584] [schedu][0xb39aebe26][03( 0): 41:34.842548] wlan: [3371:E:QDF] Cannot malloc 0 bytes @ csr_get_cfg_max_tx_power:14199
06-29 03:41:34.858 I/[ 2508.405470] [schedu][0xb39b23962][03( 0): 41:34.854431] wlan: [3371:I:WMI] LFR3:OKC enabled
06-29 03:41:34.858 I/[ 2508.405480] [schedu][0xb39b23a5e][03( 0): 41:34.854444] wlan: [3371:I:WMI] LFR3:PMKSA caching enabled
06-29 03:41:34.921 E/[ 2508.469717] [wifi@1][0xb39c50bbe][03( 0): 41:34.918676] wlan: [828:E:HDD] hdd_enable_ns_offload: 484: Failed to cache ns request; status:4
06-29 03:41:34.929 D/PowerManagerService( 1522): acquireWakeLockInternal: lock=110234629, flags=0x1, tag="NetworkStats", ws=null, uid=1000, pid=1522
06-29 03:41:34.929 D/PowerManagerService( 1522): updateWakeLockSummaryLocked: mWakefulness=Awake, mWakeLockSummary=0x23
06-29 03:41:34.929 D/PowerManagerService( 1522): updateUserActivitySummaryLocked: groupId=0, mWakefulness=Awake, mUserActivitySummary=0x1, nextTimeout=2557298 (in 48818 ms)
06-29 03:41:34.929 D/PowerManagerNotifier( 1522): onScreenPolicyUpdate: newPolicy=3
06-29 03:41:34.929 D/PowerManagerService( 1522): updateDisplayPowerStateLocked: displayReady=true, groupId=0, policy=BRIGHT, mWakefulness=Awake, mWakeLockSummary=0x23, mUserActivitySummary=0x1, mBootCompleted=true, screenBrightnessOverride=NaN, useAutoBrightness=false, mScreenBrightnessBoostInProgress=false, mIsVrModeEnabled= false, sQuiescent=false
06-29 03:41:34.929 D/PowerManagerNotifier( 1522): onWakeLockAcquired: flags=1, tag="NetworkStats", packageName=android, ownerUid=1000, ownerPid=1522, workSource=null
06-29 03:41:34.938 D/PowerManagerService( 1522): releaseWakeLockInternal: lock=110234629 [NetworkStats], flags=0x0
06-29 03:41:34.938 D/PowerManagerNotifier( 1522): onWakeLockReleased: flags=1, tag="NetworkStats", packageName=android, ownerUid=1000, ownerPid=1522, workSource=null
06-29 03:41:34.938 D/PowerManagerService( 1522): updateWakeLockSummaryLocked: mWakefulness=Awake, mWakeLockSummary=0x23
06-29 03:41:34.938 D/PowerManagerService( 1522): updateUserActivitySummaryLocked: groupId=0, mWakefulness=Awake, mUserActivitySummary=0x1, nextTimeout=2557298 (in 48809 ms)
06-29 03:41:34.938 D/PowerManagerNotifier( 1522): onScreenPolicyUpdate: newPolicy=3
06-29 03:41:34.938 D/PowerManagerService( 1522): updateDisplayPowerStateLocked: displayReady=true, groupId=0, policy=BRIGHT, mWakefulness=Awake, mWakeLockSummary=0x23, mUserActivitySummary=0x1, mBootCompleted=true, screenBrightnessOverride=NaN, useAutoBrightness=false, mScreenBrightnessBoostInProgress=false, mIsVrModeEnabled= false, sQuiescent=false
06-29 03:41:34.965 E/[ 2508.512111] msm_pcm_playback_close( 0): CMD_EOS failed, cmd_pending 0x8
06-29 03:41:34.965 I/[ 2508.515838] [soft_i][0xb39d28ec6][03( 0): 41:34.964797] wlan: [0:I:QDF] DHCP-R TX: SA:6e:37:ae:b7:f4:a8 DA:ff:ff:ff:ff:ff:ff msdu_id:2 status: succ
06-29 03:41:34.973 I/[ 2508.520993] afe_close( 0): port_id = 0x9000
06-29 03:41:35.001 I/[ 2508.549795] [soft_i][0xb39dc8069][03( 0): 41:34.998738] wlan: [0:I:DP] dp_addba_requestprocess_wifi3 restore BA win 64 based on addba req
06-29 03:41:35.005 I/[ 2508.554362] [dp_rx_][0xb39ddd841][03( 0): 41:35.003323] wlan: [3376:I:QDF] DHCP-A RX: SA:98:97:cc:03:15:34 DA:6e:37:ae:b7:f4:a8
06-29 03:41:35.027 D/PowerManagerService( 1522): acquireWakeLockInternal: lock=110234629, flags=0x1, tag="NetworkStats", ws=null, uid=1000, pid=1522
06-29 03:41:35.028 D/PowerManagerService( 1522): updateWakeLockSummaryLocked: mWakefulness=Awake, mWakeLockSummary=0x23
06-29 03:41:35.028 D/PowerManagerService( 1522): updateUserActivitySummaryLocked: groupId=0, mWakefulness=Awake, mUserActivitySummary=0x1, nextTimeout=2557298 (in 48719 ms)
06-29 03:41:35.028 D/PowerManagerNotifier( 1522): onScreenPolicyUpdate: newPolicy=3
06-29 03:41:35.028 D/PowerManagerService( 1522): updateDisplayPowerStateLocked: displayReady=true, groupId=0, policy=BRIGHT, mWakefulness=Awake, mWakeLockSummary=0x23, mUserActivitySummary=0x1, mBootCompleted=true, screenBrightnessOverride=NaN, useAutoBrightness=false, mScreenBrightnessBoostInProgress=false, mIsVrModeEnabled= false, sQuiescent=false
06-29 03:41:35.028 D/PowerManagerNotifier( 1522): onWakeLockAcquired: flags=1, tag="NetworkStats", packageName=android, ownerUid=1000, ownerPid=1522, workSource=null
06-29 03:41:35.039 D/PowerManagerService( 1522): releaseWakeLockInternal: lock=110234629 [NetworkStats], flags=0x0
06-29 03:41:35.039 D/PowerManagerNotifier( 1522): onWakeLockReleased: flags=1, tag="NetworkStats", packageName=android, ownerUid=1000, ownerPid=1522, workSource=null
06-29 03:41:35.040 D/PowerManagerService( 1522): updateWakeLockSummaryLocked: mWakefulness=Awake, mWakeLockSummary=0x23
06-29 03:41:35.040 D/PowerManagerService( 1522): updateUserActivitySummaryLocked: groupId=0, mWakefulness=Awake, mUserActivitySummary=0x1, nextTimeout=2557298 (in 48707 ms)
06-29 03:41:35.040 D/PowerManagerNotifier( 1522): onScreenPolicyUpdate: newPolicy=3
06-29 03:41:35.040 D/PowerManagerService( 1522): updateDisplayPowerStateLocked: displayReady=true, groupId=0, policy=BRIGHT, mWakefulness=Awake, mWakeLockSummary=0x23, mUserActivitySummary=0x1, mBootCompleted=true, screenBrightnessOverride=NaN, useAutoBrightness=false, mScreenBrightnessBoostInProgress=false, mIsVrModeEnabled= false, sQuiescent=false
06-29 03:41:35.041 D/PowerManagerService( 1522): acquireWakeLockInternal: lock=110234629, flags=0x1, tag="NetworkStats", ws=null, uid=1000, pid=1522
06-29 03:41:35.041 D/PowerManagerService( 1522): updateWakeLockSummaryLocked: mWakefulness=Awake, mWakeLockSummary=0x23
06-29 03:41:35.041 D/PowerManagerService( 1522): updateUserActivitySummaryLocked: groupId=0, mWakefulness=Awake, mUserActivitySummary=0x1, nextTimeout=2557298 (in 48706 ms)
06-29 03:41:35.041 D/PowerManagerNotifier( 1522): onScreenPolicyUpdate: newPolicy=3
06-29 03:41:35.041 D/PowerManagerService( 1522): updateDisplayPowerStateLocked: displayReady=true, groupId=0, policy=BRIGHT, mWakefulness=Awake, mWakeLockSummary=0x23, mUserActivitySummary=0x1, mBootCompleted=true, screenBrightnessOverride=NaN, useAutoBrightness=false, mScreenBrightnessBoostInProgress=false, mIsVrModeEnabled= false, sQuiescent=false
06-29 03:41:35.041 D/PowerManagerNotifier( 1522): onWakeLockAcquired: flags=1, tag="NetworkStats", packageName=android, ownerUid=1000, ownerPid=1522, workSource=null
06-29 03:41:35.053 I/[ 2508.602908] [dp_rx_][0xb39ec10e4][03( 0): 41:35.051865] wlan: [3376:I:QDF] DHCP-R RX: SA:6e:37:ae:b7:f4:a8 DA:ff:ff:ff:ff:ff:ff
06-29 03:41:35.053 I/[ 2508.603281] afe_find_cal_topo_id_by_port( 0): port id: 0x9000, dev_acdb_id: 15
06-29 03:41:35.053 I/[ 2508.603285] afe_find_cal_topo_id_by_port( 0): top_id:112fc acdb_id:15 afe_port_id:0x9000
06-29 03:41:35.053 I/[ 2508.603289] afe_get_cal_topology_id( 0): port_id = 0x9000 acdb_id = 15 topology_id = 0x112fc cal_type_index=8 ret=0
06-29 03:41:35.053 I/[ 2508.603493] afe_send_port_topology_id( 0): AFE set topology id 0x112fc enable for port 0x9000 ret 0
06-29 03:41:35.053 I/[ 2508.603496] send_afe_cal_type( 0): cal_index is 0
06-29 03:41:35.053 I/[ 2508.603499] send_afe_cal_type( 0): dev_acdb_id[55] is 15
06-29 03:41:35.053 I/[ 2508.603501] afe_find_cal( 0): cal_index 0 port_id 0x9000 port_index 55
06-29 03:41:35.053 I/[ 2508.603504] afe_find_cal( 0): acdb_id 15 dev_acdb_id 15 sample_rate 48000 afe_sample_rates 48000
06-29 03:41:35.053 I/[ 2508.603506] afe_find_cal( 0): cal block is a match, size is 0
06-29 03:41:35.053 I/[ 2508.603509] send_afe_cal_type( 0): Sending cal_index cal 0
06-29 03:41:35.053 E/[ 2508.603511] send_afe_cal_type( 0): No cal sent for cal_index 0, port_id = 0x9000! ret -22
06-29 03:41:35.053 I/[ 2508.603752] afe_send_hw_delay( 0): port_id 0x9000 rate 48000 delay_usec 474 status 0
06-29 03:41:35.057 D/PowerManagerService( 1522): releaseWakeLockInternal: lock=110234629 [NetworkStats], flags=0x0
06-29 03:41:35.057 D/PowerManagerNotifier( 1522): onWakeLockReleased: flags=1, tag="NetworkStats", packageName=android, ownerUid=1000, ownerPid=1522, workSource=null
06-29 03:41:35.057 D/PowerManagerService( 1522): updateWakeLockSummaryLocked: mWakefulness=Awake, mWakeLockSummary=0x23
06-29 03:41:35.057 D/PowerManagerService( 1522): updateUserActivitySummaryLocked: groupId=0, mWakefulness=Awake, mUserActivitySummary=0x1, nextTimeout=2557298 (in 48690 ms)
06-29 03:41:35.057 D/PowerManagerNotifier( 1522): onScreenPolicyUpdate: newPolicy=3
06-29 03:41:35.057 D/PowerManagerService( 1522): updateDisplayPowerStateLocked: displayReady=true, groupId=0, policy=BRIGHT, mWakefulness=Awake, mWakeLockSummary=0x23, mUserActivitySummary=0x1, mBootCompleted=true, screenBrightnessOverride=NaN, useAutoBrightness=false, mScreenBrightnessBoostInProgress=false, mIsVrModeEnabled= false, sQuiescent=false
06-29 03:41:35.068 D/PowerManagerService( 1522): acquireWakeLockInternal: lock=110234629, flags=0x1, tag="NetworkStats", ws=null, uid=1000, pid=1522
06-29 03:41:35.068 D/PowerManagerService( 1522): updateWakeLockSummaryLocked: mWakefulness=Awake, mWakeLockSummary=0x23
06-29 03:41:35.068 D/PowerManagerService( 1522): updateUserActivitySummaryLocked: groupId=0, mWakefulness=Awake, mUserActivitySummary=0x1, nextTimeout=2557298 (in 48679 ms)
06-29 03:41:35.068 D/PowerManagerNotifier( 1522): onScreenPolicyUpdate: newPolicy=3
06-29 03:41:35.068 D/PowerManagerService( 1522): updateDisplayPowerStateLocked: displayReady=true, groupId=0, policy=BRIGHT, mWakefulness=Awake, mWakeLockSummary=0x23, mUserActivitySummary=0x1, mBootCompleted=true, screenBrightnessOverride=NaN, useAutoBrightness=false, mScreenBrightnessBoostInProgress=false, mIsVrModeEnabled= false, sQuiescent=false
06-29 03:41:35.068 D/PowerManagerNotifier( 1522): onWakeLockAcquired: flags=1, tag="NetworkStats", packageName=android, ownerUid=1000, ownerPid=1522, workSource=null
06-29 03:41:35.072 D/PowerManagerService( 1522): releaseWakeLockInternal: lock=110234629 [NetworkStats], flags=0x0
06-29 03:41:35.072 D/PowerManagerNotifier( 1522): onWakeLockReleased: flags=1, tag="NetworkStats", packageName=android, ownerUid=1000, ownerPid=1522, workSource=null
06-29 03:41:35.072 D/PowerManagerService( 1522): updateWakeLockSummaryLocked: mWakefulness=Awake, mWakeLockSummary=0x23
06-29 03:41:35.072 D/PowerManagerService( 1522): updateUserActivitySummaryLocked: groupId=0, mWakefulness=Awake, mUserActivitySummary=0x1, nextTimeout=2557298 (in 48675 ms)
06-29 03:41:35.072 D/PowerManagerNotifier( 1522): onScreenPolicyUpdate: newPolicy=3
06-29 03:41:35.072 D/PowerManagerService( 1522): updateDisplayPowerStateLocked: displayReady=true, groupId=0, policy=BRIGHT, mWakefulness=Awake, mWakeLockSummary=0x23, mUserActivitySummary=0x1, mBootCompleted=true, screenBrightnessOverride=NaN, useAutoBrightness=false, mScreenBrightnessBoostInProgress=false, mIsVrModeEnabled= false, sQuiescent=false
06-29 03:41:35.079 I/[ 2508.629385] [soft_i][0xb39f3d35c][03( 0): 41:35.078351] wlan: [0:I:DP] dp_addba_requestprocess_wifi3 restore BA win 64 based on addba req
06-29 03:41:35.074 E/NetlinkEvent( 675): NetlinkEvent::FindParam(): Parameter 'INTERFACE' not found
06-29 03:41:35.074 E/NetlinkEvent( 675): NetlinkEvent::FindParam(): Parameter 'STATE' not found
06-29 03:41:35.074 E/NetlinkEvent( 675): NetlinkEvent::FindParam(): Parameter 'TIME_NS' not found
06-29 03:41:35.074 E/NetlinkEvent( 675): NetlinkEvent::FindParam(): Parameter 'UID' not found
06-29 03:41:35.077 D/PowerManagerService( 1522): acquireWakeLockInternal: lock=110234629, flags=0x1, tag="NetworkStats", ws=null, uid=1000, pid=1522
06-29 03:41:35.077 D/PowerManagerService( 1522): updateWakeLockSummaryLocked: mWakefulness=Awake, mWakeLockSummary=0x23
06-29 03:41:35.077 D/PowerManagerService( 1522): updateUserActivitySummaryLocked: groupId=0, mWakefulness=Awake, mUserActivitySummary=0x1, nextTimeout=2557298 (in 48670 ms)
06-29 03:41:35.077 D/PowerManagerNotifier( 1522): onScreenPolicyUpdate: newPolicy=3
06-29 03:41:35.077 D/PowerManagerService( 1522): updateDisplayPowerStateLocked: displayReady=true, groupId=0, policy=BRIGHT, mWakefulness=Awake, mWakeLockSummary=0x23, mUserActivitySummary=0x1, mBootCompleted=true, screenBrightnessOverride=NaN, useAutoBrightness=false, mScreenBrightnessBoostInProgress=false, mIsVrModeEnabled= false, sQuiescent=false
06-29 03:41:35.077 D/PowerManagerNotifier( 1522): onWakeLockAcquired: flags=1, tag="NetworkStats", packageName=android, ownerUid=1000, ownerPid=1522, workSource=null
06-29 03:41:35.081 D/PowerManagerService( 1522): releaseWakeLockInternal: lock=110234629 [NetworkStats], flags=0x0
06-29 03:41:35.081 D/PowerManagerNotifier( 1522): onWakeLockReleased: flags=1, tag="NetworkStats", packageName=android, ownerUid=1000, ownerPid=1522, workSource=null
06-29 03:41:35.081 D/PowerManagerService( 1522): updateWakeLockSummaryLocked: mWakefulness=Awake, mWakeLockSummary=0x23
06-29 03:41:35.081 D/PowerManagerService( 1522): updateUserActivitySummaryLocked: groupId=0, mWakefulness=Awake, mUserActivitySummary=0x1, nextTimeout=2557298 (in 48666 ms)
06-29 03:41:35.081 D/PowerManagerNotifier( 1522): onScreenPolicyUpdate: newPolicy=3
06-29 03:41:35.081 D/PowerManagerService( 1522): updateDisplayPowerStateLocked: displayReady=true, groupId=0, policy=BRIGHT, mWakefulness=Awake, mWakeLockSummary=0x23, mUserActivitySummary=0x1, mBootCompleted=true, screenBrightnessOverride=NaN, useAutoBrightness=false, mScreenBrightnessBoostInProgress=false, mIsVrModeEnabled= false, sQuiescent=false
06-29 03:41:35.083 D/PowerManagerService( 1522): acquireWakeLockInternal: lock=86012356, flags=0x1, tag="NetworkTimeUpdateService", ws=null, uid=1000, pid=1522
06-29 03:41:35.083 D/PowerManagerService( 1522): updateWakeLockSummaryLocked: mWakefulness=Awake, mWakeLockSummary=0x23
06-29 03:41:35.083 D/PowerManagerService( 1522): updateUserActivitySummaryLocked: groupId=0, mWakefulness=Awake, mUserActivitySummary=0x1, nextTimeout=2557298 (in 48664 ms)
06-29 03:41:35.083 D/PowerManagerNotifier( 1522): onScreenPolicyUpdate: newPolicy=3
06-29 03:41:35.083 D/PowerManagerService( 1522): updateDisplayPowerStateLocked: displayReady=true, groupId=0, policy=BRIGHT, mWakefulness=Awake, mWakeLockSummary=0x23, mUserActivitySummary=0x1, mBootCompleted=true, screenBrightnessOverride=NaN, useAutoBrightness=false, mScreenBrightnessBoostInProgress=false, mIsVrModeEnabled= false, sQuiescent=false
06-29 03:41:35.083 D/PowerManagerNotifier( 1522): onWakeLockAcquired: flags=1, tag="NetworkTimeUpdateService", packageName=android, ownerUid=1000, ownerPid=1522, workSource=null
06-29 03:41:35.085 W/ContextImpl( 1522): Calling a method in the system process without a qualified user: android.app.ContextImpl.sendStickyBroadcast:1559 com.android.server.ConnectivityService.sendStickyBroadcast:2811 com.android.server.ConnectivityService.sendGeneralBroadcast:2786 com.android.server.ConnectivityService.sendConnectedBroadcast:2759 com.android.server.ConnectivityService.sendLegacyNetworkBroadcast:8704
06-29 03:41:35.094 W/BroadcastQueue( 1522): Target SDK mismatch: receiver ActivityInfo{6590fc3 org.qiyi.android.commonphonepad.pushmessage.QYPushMsgBootReceiver} targets 33 but delivery restricted to [0, 23] broadcasting Intent { act=android.net.conn.CONNECTIVITY_CHANGE flg=0x4200010 (has extras) } from android (pid=1522, uid=1000) to com.qiyi.video/org.qiyi.android.commonphonepad.pushmessage.QYPushMsgBootReceiver
06-29 03:41:35.094 W/BroadcastQueue( 1522): Target SDK mismatch: receiver ActivityInfo{a8b5040 com.xiaomi.push.service.receivers.NetworkStatusReceiver} targets 29 but delivery restricted to [0, 23] broadcasting Intent { act=android.net.conn.CONNECTIVITY_CHANGE flg=0x4200010 (has extras) } from android (pid=1522, uid=1000) to com.ss.android.article.video.landscape/com.xiaomi.push.service.receivers.NetworkStatusReceiver
06-29 03:41:35.094 W/BroadcastQueue( 1522): Target SDK mismatch: receiver ActivityInfo{144db79 com.xiaomi.push.service.receivers.NetworkStatusReceiver} targets 30 but delivery restricted to [0, 23] broadcasting Intent { act=android.net.conn.CONNECTIVITY_CHANGE flg=0x4200010 (has extras) } from android (pid=1522, uid=1000) to com.hunantv.imgo.activity/com.xiaomi.push.service.receivers.NetworkStatusReceiver
06-29 03:41:35.094 W/BroadcastQueue( 1522): Target SDK mismatch: receiver ActivityInfo{dc680be com.xiaomi.push.service.receivers.NetworkStatusReceiver} targets 31 but delivery restricted to [0, 23] broadcasting Intent { act=android.net.conn.CONNECTIVITY_CHANGE flg=0x4200010 (has extras) } from android (pid=1522, uid=1000) to com.netease.newsreader.activity/com.xiaomi.push.service.receivers.NetworkStatusReceiver
06-29 03:41:35.094 W/BroadcastQueue( 1522): Target SDK mismatch: receiver ActivityInfo{9b2e51f com.xiaomi.push.service.receivers.NetworkStatusReceiver} targets 33 but delivery restricted to [0, 23] broadcasting Intent { act=android.net.conn.CONNECTIVITY_CHANGE flg=0x4200010 (has extras) } from android (pid=1522, uid=1000) to com.qiyi.video/com.xiaomi.push.service.receivers.NetworkStatusReceiver
06-29 03:41:35.094 W/BroadcastQueue( 1522): Target SDK mismatch: receiver ActivityInfo{7f5306c com.tencent.pandora.libtcloudupload.videoupload.impl.TVCNetWorkStateReceiver} targets 29 but delivery restricted to [0, 23] broadcasting Intent { act=android.net.conn.CONNECTIVITY_CHANGE flg=0x4200010 (has extras) } from android (pid=1522, uid=1000) to com.tencent.tmgp.sgame/com.tencent.pandora.libtcloudupload.videoupload.impl.TVCNetWorkStateReceiver
06-29 03:41:35.094 W/BroadcastQueue( 1522): Target SDK mismatch: receiver ActivityInfo{7aeb635 com.xiaomi.push.service.receivers.NetworkStatusReceiver} targets 33 but delivery restricted to [0, 23] broadcasting Intent { act=android.net.conn.CONNECTIVITY_CHANGE flg=0x4200010 (has extras) } from android (pid=1522, uid=1000) to com.xingin.xhs/com.xiaomi.push.service.receivers.NetworkStatusReceiver
06-29 03:41:35.094 W/BroadcastQueue( 1522): Target SDK mismatch: receiver ActivityInfo{2e5eaca com.taobao.accs.EventReceiver} targets 29 but delivery restricted to [0, 23] broadcasting Intent { act=android.net.conn.CONNECTIVITY_CHANGE flg=0x4200010 (has extras) } from android (pid=1522, uid=1000) to com.ss.android.article.video.landscape/com.taobao.accs.EventReceiver
06-29 03:41:35.094 W/BroadcastQueue( 1522): Target SDK mismatch: receiver ActivityInfo{baab43b com.douyu.module.miuiwidget.widgetprovider.DYMIUIWidgetMatch44Provider} targets 28 but delivery restricted to [0, 23] broadcasting Intent { act=android.net.conn.CONNECTIVITY_CHANGE flg=0x4200010 (has extras) } from android (pid=1522, uid=1000) to air.tv.douyu.android/com.douyu.module.miuiwidget.widgetprovider.DYMIUIWidgetMatch44Provider
06-29 03:41:35.094 W/BroadcastQueue( 1522): Target SDK mismatch: receiver ActivityInfo{b3ae758 com.douyu.module.miuiwidget.widgetprovider.DYMIUIWidgetMatch42Provider} targets 28 but delivery restricted to [0, 23] broadcasting Intent { act=android.net.conn.CONNECTIVITY_CHANGE flg=0x4200010 (has extras) } from android (pid=1522, uid=1000) to air.tv.douyu.android/com.douyu.module.miuiwidget.widgetprovider.DYMIUIWidgetMatch42Provider
06-29 03:41:35.094 W/BroadcastQueue( 1522): Target SDK mismatch: receiver ActivityInfo{a180b1 com.douyu.module.miuiwidget.widgetprovider.DYMIUIWidgetFollow42Provider} targets 28 but delivery restricted to [0, 23] broadcasting Intent { act=android.net.conn.CONNECTIVITY_CHANGE flg=0x4200010 (has extras) } from android (pid=1522, uid=1000) to air.tv.douyu.android/com.douyu.module.miuiwidget.widgetprovider.DYMIUIWidgetFollow42Provider
06-29 03:41:35.094 W/BroadcastQueue( 1522): Target SDK mismatch: receiver ActivityInfo{3dfe996 com.douyu.module.miuiwidget.widgetprovider.DYMIUIWidgetFollow22Provider} targets 28 but delivery restricted to [0, 23] broadcasting Intent { act=android.net.conn.CONNECTIVITY_CHANGE flg=0x4200010 (has extras) } from android (pid=1522, uid=1000) to air.tv.douyu.android/com.douyu.module.miuiwidget.widgetprovider.DYMIUIWidgetFollow22Provider
06-29 03:41:35.094 W/BroadcastQueue( 1522): Target SDK mismatch: receiver ActivityInfo{f865917 com.douyu.sdk.apkdownload.receiver.BroadcastReceiverNetworkChange} targets 28 but delivery restricted to [0, 23] broadcasting Intent { act=android.net.conn.CONNECTIVITY_CHANGE flg=0x4200010 (has extras) } from android (pid=1522, uid=1000) to air.tv.douyu.android/com.douyu.sdk.apkdownload.receiver.BroadcastReceiverNetworkChange
06-29 03:41:35.094 W/BroadcastQueue( 1522): Target SDK mismatch: receiver ActivityInfo{a232104 com.igexin.sdk.PushReceiver} targets 28 but delivery restricted to [0, 23] broadcasting Intent { act=android.net.conn.CONNECTIVITY_CHANGE flg=0x4200010 (has extras) } from android (pid=1522, uid=1000) to air.tv.douyu.android/com.igexin.sdk.PushReceiver
06-29 03:41:35.094 W/BroadcastQueue( 1522): Target SDK mismatch: receiver ActivityInfo{21c76ed com.happyelements.gsp.android.notification.gcn.GcnBroadcastReceiver} targets 26 but delivery restricted to [0, 23] broadcasting Intent { act=android.net.conn.CONNECTIVITY_CHANGE flg=0x4200010 (has extras) } from android (pid=1522, uid=1000) to com.happyelements.AndroidAnimal/com.happyelements.gsp.android.notification.gcn.GcnBroadcastReceiver
06-29 03:41:35.094 W/BroadcastQueue( 1522): Target SDK mismatch: receiver ActivityInfo{aa90922 com.igexin.sdk.PushReceiver} targets 30 but delivery restricted to [0, 23] broadcasting Intent { act=android.net.conn.CONNECTIVITY_CHANGE flg=0x4200010 (has extras) } from android (pid=1522, uid=1000) to com.hunantv.imgo.activity/com.igexin.sdk.PushReceiver
06-29 03:41:35.094 W/BroadcastQueue( 1522): Target SDK mismatch: receiver ActivityInfo{d0d6fb3 cn.jpush.android.service.PushReceiver} targets 31 but delivery restricted to [0, 23] broadcasting Intent { act=android.net.conn.CONNECTIVITY_CHANGE flg=0x4200010 (has extras) } from android (pid=1522, uid=1000) to com.miHoYo.Yuanshen/cn.jpush.android.service.PushReceiver
