06-29 03:42:35.180 D/PowerManagerService( 1522): userActivityNoUpdateLocked: groupId=0, eventTime=2568730, event=2, flags=0x0, uid=1000
06-29 03:42:35.180 D/PowerManagerNotifier( 1522): onUserActivity: event=2, uid=1000
06-29 03:42:35.181 D/PowerManagerService( 1522): updateUserActivitySummaryLocked: groupId=0, mWakefulness=Awake, mUserActivitySummary=0x1, nextTimeout=2628730 (in 59998 ms)
06-29 03:42:35.181 D/PowerManagerNotifier( 1522): onScreenPolicyUpdate: newPolicy=3
06-29 03:42:35.181 D/PowerManagerService( 1522): updateDisplayPowerStateLocked: displayReady=true, groupId=0, policy=BRIGHT, mWakefulness=Awake, mWakeLockSummary=0x23, mUserActivitySummary=0x1, mBootCompleted=true, screenBrightnessOverride=NaN, useAutoBrightness=false, mScreenBrightnessBoostInProgress=false, mIsVrModeEnabled= false, sQuiescent=false
06-29 03:42:36.156 D/PowerManagerService( 1522): userActivityNoUpdateLocked: groupId=0, eventTime=2569706, event=2, flags=0x0, uid=1000
06-29 03:42:36.156 D/PowerManagerNotifier( 1522): onUserActivity: event=2, uid=1000
06-29 03:42:36.157 D/PowerManagerService( 1522): updateUserActivitySummaryLocked: groupId=0, mWakefulness=Awake, mUserActivitySummary=0x1, nextTimeout=2629706 (in 59998 ms)
06-29 03:42:36.157 D/PowerManagerNotifier( 1522): onScreenPolicyUpdate: newPolicy=3
06-29 03:42:36.157 D/PowerManagerService( 1522): updateDisplayPowerStateLocked: displayReady=true, groupId=0, policy=BRIGHT, mWakefulness=Awake, mWakeLockSummary=0x23, mUserActivitySummary=0x1, mBootCompleted=true, screenBrightnessOverride=NaN, useAutoBrightness=false, mScreenBrightnessBoostInProgress=false, mIsVrModeEnabled= false, sQuiescent=false
06-29 03:42:36.278 D/PowerManagerService( 1522): userActivityNoUpdateLocked: groupId=0, eventTime=2569828, event=2, flags=0x0, uid=1000
06-29 03:42:36.278 D/PowerManagerNotifier( 1522): onUserActivity: event=2, uid=1000
06-29 03:42:36.278 D/PowerManagerService( 1522): updateUserActivitySummaryLocked: groupId=0, mWakefulness=Awake, mUserActivitySummary=0x1, nextTimeout=2629828 (in 59999 ms)
06-29 03:42:36.278 D/PowerManagerNotifier( 1522): onScreenPolicyUpdate: newPolicy=3
06-29 03:42:36.278 D/PowerManagerService( 1522): updateDisplayPowerStateLocked: displayReady=true, groupId=0, policy=BRIGHT, mWakefulness=Awake, mWakeLockSummary=0x23, mUserActivitySummary=0x1, mBootCompleted=true, screenBrightnessOverride=NaN, useAutoBrightness=false, mScreenBrightnessBoostInProgress=false, mIsVrModeEnabled= false, sQuiescent=false
06-29 03:42:37.286 I/GameModeConfig( 1522): isGameModeOn = false
06-29 03:42:37.360 D/PowerManagerService( 1522): userActivityNoUpdateLocked: groupId=0, eventTime=2570910, event=2, flags=0x0, uid=1000
06-29 03:42:37.360 D/PowerManagerNotifier( 1522): onUserActivity: event=2, uid=1000
06-29 03:42:37.360 D/PowerManagerService( 1522): updateUserActivitySummaryLocked: groupId=0, mWakefulness=Awake, mUserActivitySummary=0x1, nextTimeout=2630910 (in 59999 ms)
06-29 03:42:37.360 D/PowerManagerNotifier( 1522): onScreenPolicyUpdate: newPolicy=3
06-29 03:42:37.360 D/PowerManagerService( 1522): updateDisplayPowerStateLocked: displayReady=true, groupId=0, policy=BRIGHT, mWakefulness=Awake, mWakeLockSummary=0x23, mUserActivitySummary=0x1, mBootCompleted=true, screenBrightnessOverride=NaN, useAutoBrightness=false, mScreenBrightnessBoostInProgress=false, mIsVrModeEnabled= false, sQuiescent=false
06-29 03:42:37.466 D/PowerManagerService( 1522): userActivityNoUpdateLocked: groupId=0, eventTime=2571017, event=2, flags=0x0, uid=1000
06-29 03:42:37.466 D/PowerManagerNotifier( 1522): onUserActivity: event=2, uid=1000
06-29 03:42:37.467 D/PowerManagerService( 1522): updateUserActivitySummaryLocked: groupId=0, mWakefulness=Awake, mUserActivitySummary=0x1, nextTimeout=2631017 (in 59999 ms)
06-29 03:42:37.467 D/PowerManagerNotifier( 1522): onScreenPolicyUpdate: newPolicy=3
06-29 03:42:37.467 D/PowerManagerService( 1522): updateDisplayPowerStateLocked: displayReady=true, groupId=0, policy=BRIGHT, mWakefulness=Awake, mWakeLockSummary=0x23, mUserActivitySummary=0x1, mBootCompleted=true, screenBrightnessOverride=NaN, useAutoBrightness=false, mScreenBrightnessBoostInProgress=false, mIsVrModeEnabled= false, sQuiescent=false
06-29 03:42:37.681 E/[ 2571.232138] link_delay_work_func( 0): DTC_ETH: SQI=0, link=0
06-29 03:42:37.999 D/PowerManagerService( 1522): userActivityNoUpdateLocked: groupId=0, eventTime=2571549, event=2, flags=0x0, uid=1000
06-29 03:42:38.000 D/PowerManagerNotifier( 1522): onUserActivity: event=2, uid=1000
06-29 03:42:38.000 D/PowerManagerService( 1522): updateUserActivitySummaryLocked: groupId=0, mWakefulness=Awake, mUserActivitySummary=0x1, nextTimeout=2631549 (in 59998 ms)
06-29 03:42:38.000 D/PowerManagerNotifier( 1522): onScreenPolicyUpdate: newPolicy=3
06-29 03:42:38.000 D/PowerManagerService( 1522): updateDisplayPowerStateLocked: displayReady=true, groupId=0, policy=BRIGHT, mWakefulness=Awake, mWakeLockSummary=0x23, mUserActivitySummary=0x1, mBootCompleted=true, screenBrightnessOverride=NaN, useAutoBrightness=false, mScreenBrightnessBoostInProgress=false, mIsVrModeEnabled= false, sQuiescent=false
06-29 03:42:38.111 D/PowerManagerService( 1522): userActivityNoUpdateLocked: groupId=0, eventTime=2571662, event=2, flags=0x0, uid=1000
06-29 03:42:38.111 D/PowerManagerNotifier( 1522): onUserActivity: event=2, uid=1000
06-29 03:42:38.111 D/PowerManagerService( 1522): updateUserActivitySummaryLocked: groupId=0, mWakefulness=Awake, mUserActivitySummary=0x1, nextTimeout=2631662 (in 60000 ms)
06-29 03:42:38.111 D/PowerManagerNotifier( 1522): onScreenPolicyUpdate: newPolicy=3
06-29 03:42:38.112 D/PowerManagerService( 1522): updateDisplayPowerStateLocked: displayReady=true, groupId=0, policy=BRIGHT, mWakefulness=Awake, mWakeLockSummary=0x23, mUserActivitySummary=0x1, mBootCompleted=true, screenBrightnessOverride=NaN, useAutoBrightness=false, mScreenBrightnessBoostInProgress=false, mIsVrModeEnabled= false, sQuiescent=false
06-29 03:42:38.254 D/PowerManagerService( 1522): userActivityNoUpdateLocked: groupId=0, eventTime=2571804, event=2, flags=0x0, uid=1000
06-29 03:42:38.254 D/PowerManagerNotifier( 1522): onUserActivity: event=2, uid=1000
06-29 03:42:38.255 D/PowerManagerService( 1522): updateUserActivitySummaryLocked: groupId=0, mWakefulness=Awake, mUserActivitySummary=0x1, nextTimeout=2631804 (in 59998 ms)
06-29 03:42:38.255 D/PowerManagerNotifier( 1522): onScreenPolicyUpdate: newPolicy=3
06-29 03:42:38.255 D/PowerManagerService( 1522): updateDisplayPowerStateLocked: displayReady=true, groupId=0, policy=BRIGHT, mWakefulness=Awake, mWakeLockSummary=0x23, mUserActivitySummary=0x1, mBootCompleted=true, screenBrightnessOverride=NaN, useAutoBrightness=false, mScreenBrightnessBoostInProgress=false, mIsVrModeEnabled= false, sQuiescent=false
06-29 03:42:38.449 D/PowerManagerService( 1522): userActivityNoUpdateLocked: groupId=0, eventTime=2571999, event=2, flags=0x0, uid=1000
06-29 03:42:38.449 D/PowerManagerNotifier( 1522): onUserActivity: event=2, uid=1000
06-29 03:42:38.450 D/PowerManagerService( 1522): updateUserActivitySummaryLocked: groupId=0, mWakefulness=Awake, mUserActivitySummary=0x1, nextTimeout=2631999 (in 59998 ms)
06-29 03:42:38.450 D/PowerManagerNotifier( 1522): onScreenPolicyUpdate: newPolicy=3
06-29 03:42:38.450 D/PowerManagerService( 1522): updateDisplayPowerStateLocked: displayReady=true, groupId=0, policy=BRIGHT, mWakefulness=Awake, mWakeLockSummary=0x23, mUserActivitySummary=0x1, mBootCompleted=true, screenBrightnessOverride=NaN, useAutoBrightness=false, mScreenBrightnessBoostInProgress=false, mIsVrModeEnabled= false, sQuiescent=false
06-29 03:42:38.627 D/PowerManagerService( 1522): userActivityNoUpdateLocked: groupId=0, eventTime=2572177, event=2, flags=0x0, uid=1000
06-29 03:42:38.627 D/PowerManagerNotifier( 1522): onUserActivity: event=2, uid=1000
06-29 03:42:38.628 D/PowerManagerService( 1522): updateUserActivitySummaryLocked: groupId=0, mWakefulness=Awake, mUserActivitySummary=0x1, nextTimeout=2632177 (in 59998 ms)
06-29 03:42:38.628 D/PowerManagerNotifier( 1522): onScreenPolicyUpdate: newPolicy=3
06-29 03:42:38.628 D/PowerManagerService( 1522): updateDisplayPowerStateLocked: displayReady=true, groupId=0, policy=BRIGHT, mWakefulness=Awake, mWakeLockSummary=0x23, mUserActivitySummary=0x1, mBootCompleted=true, screenBrightnessOverride=NaN, useAutoBrightness=false, mScreenBrightnessBoostInProgress=false, mIsVrModeEnabled= false, sQuiescent=false
06-29 03:42:38.803 D/PowerManagerService( 1522): userActivityNoUpdateLocked: groupId=0, eventTime=2572353, event=2, flags=0x0, uid=1000
06-29 03:42:38.803 D/PowerManagerNotifier( 1522): onUserActivity: event=2, uid=1000
06-29 03:42:38.803 D/PowerManagerService( 1522): updateUserActivitySummaryLocked: groupId=0, mWakefulness=Awake, mUserActivitySummary=0x1, nextTimeout=2632353 (in 59999 ms)
06-29 03:42:38.803 D/PowerManagerNotifier( 1522): onScreenPolicyUpdate: newPolicy=3
06-29 03:42:38.804 D/PowerManagerService( 1522): updateDisplayPowerStateLocked: displayReady=true, groupId=0, policy=BRIGHT, mWakefulness=Awake, mWakeLockSummary=0x23, mUserActivitySummary=0x1, mBootCompleted=true, screenBrightnessOverride=NaN, useAutoBrightness=false, mScreenBrightnessBoostInProgress=false, mIsVrModeEnabled= false, sQuiescent=false
06-29 03:42:39.416 D/PowerManagerService( 1522): userActivityNoUpdateLocked: groupId=0, eventTime=2572966, event=2, flags=0x0, uid=1000
06-29 03:42:39.417 D/PowerManagerNotifier( 1522): onUserActivity: event=2, uid=1000
06-29 03:42:39.417 D/PowerManagerService( 1522): updateUserActivitySummaryLocked: groupId=0, mWakefulness=Awake, mUserActivitySummary=0x1, nextTimeout=2632966 (in 59998 ms)
06-29 03:42:39.417 D/PowerManagerNotifier( 1522): onScreenPolicyUpdate: newPolicy=3
06-29 03:42:39.417 D/PowerManagerService( 1522): updateDisplayPowerStateLocked: displayReady=true, groupId=0, policy=BRIGHT, mWakefulness=Awake, mWakeLockSummary=0x23, mUserActivitySummary=0x1, mBootCompleted=true, screenBrightnessOverride=NaN, useAutoBrightness=false, mScreenBrightnessBoostInProgress=false, mIsVrModeEnabled= false, sQuiescent=false
06-29 03:42:39.519 D/PowerManagerService( 1522): userActivityNoUpdateLocked: groupId=0, eventTime=2573069, event=2, flags=0x0, uid=1000
06-29 03:42:39.519 D/PowerManagerNotifier( 1522): onUserActivity: event=2, uid=1000
06-29 03:42:39.520 D/PowerManagerService( 1522): updateUserActivitySummaryLocked: groupId=0, mWakefulness=Awake, mUserActivitySummary=0x1, nextTimeout=2633069 (in 59998 ms)
06-29 03:42:39.520 D/PowerManagerNotifier( 1522): onScreenPolicyUpdate: newPolicy=3
06-29 03:42:39.520 D/PowerManagerService( 1522): updateDisplayPowerStateLocked: displayReady=true, groupId=0, policy=BRIGHT, mWakefulness=Awake, mWakeLockSummary=0x23, mUserActivitySummary=0x1, mBootCompleted=true, screenBrightnessOverride=NaN, useAutoBrightness=false, mScreenBrightnessBoostInProgress=false, mIsVrModeEnabled= false, sQuiescent=false
06-29 03:42:40.555 D/PowerManagerService( 1522): userActivityNoUpdateLocked: groupId=0, eventTime=2574104, event=2, flags=0x0, uid=1000
06-29 03:42:40.555 D/PowerManagerNotifier( 1522): onUserActivity: event=2, uid=1000
06-29 03:42:40.555 D/PowerManagerService( 1522): updateUserActivitySummaryLocked: groupId=0, mWakefulness=Awake, mUserActivitySummary=0x1, nextTimeout=2634104 (in 59998 ms)
06-29 03:42:40.555 D/PowerManagerNotifier( 1522): onScreenPolicyUpdate: newPolicy=3
06-29 03:42:40.556 D/PowerManagerService( 1522): updateDisplayPowerStateLocked: displayReady=true, groupId=0, policy=BRIGHT, mWakefulness=Awake, mWakeLockSummary=0x23, mUserActivitySummary=0x1, mBootCompleted=true, screenBrightnessOverride=NaN, useAutoBrightness=false, mScreenBrightnessBoostInProgress=false, mIsVrModeEnabled= false, sQuiescent=false
06-29 03:42:40.678 D/PowerManagerService( 1522): userActivityNoUpdateLocked: groupId=0, eventTime=2574229, event=2, flags=0x0, uid=1000
06-29 03:42:40.679 D/PowerManagerNotifier( 1522): onUserActivity: event=2, uid=1000
06-29 03:42:40.679 D/PowerManagerService( 1522): updateUserActivitySummaryLocked: groupId=0, mWakefulness=Awake, mUserActivitySummary=0x1, nextTimeout=2634229 (in 59999 ms)
06-29 03:42:40.679 D/PowerManagerNotifier( 1522): onScreenPolicyUpdate: newPolicy=3
06-29 03:42:40.679 D/PowerManagerService( 1522): updateDisplayPowerStateLocked: displayReady=true, groupId=0, policy=BRIGHT, mWakefulness=Awake, mWakeLockSummary=0x23, mUserActivitySummary=0x1, mBootCompleted=true, screenBrightnessOverride=NaN, useAutoBrightness=false, mScreenBrightnessBoostInProgress=false, mIsVrModeEnabled= false, sQuiescent=false
06-29 03:42:41.490 D/PowerManagerService( 1522): acquireWakeLockInternal: lock=218282209, flags=0x1, tag="*alarm*", ws=WorkSource{1000}, uid=1000, pid=1522
06-29 03:42:41.491 D/PowerManagerService( 1522): updateWakeLockSummaryLocked: mWakefulness=Awake, mWakeLockSummary=0x23
06-29 03:42:41.491 D/PowerManagerService( 1522): updateUserActivitySummaryLocked: groupId=0, mWakefulness=Awake, mUserActivitySummary=0x1, nextTimeout=2634229 (in 59187 ms)
06-29 03:42:41.491 D/PowerManagerNotifier( 1522): onScreenPolicyUpdate: newPolicy=3
06-29 03:42:41.491 D/PowerManagerService( 1522): updateDisplayPowerStateLocked: displayReady=true, groupId=0, policy=BRIGHT, mWakefulness=Awake, mWakeLockSummary=0x23, mUserActivitySummary=0x1, mBootCompleted=true, screenBrightnessOverride=NaN, useAutoBrightness=false, mScreenBrightnessBoostInProgress=false, mIsVrModeEnabled= false, sQuiescent=false
06-29 03:42:41.492 D/PowerManagerNotifier( 1522): onWakeLockAcquired: flags=1, tag="*alarm*", packageName=android, ownerUid=1000, ownerPid=1522, workSource=WorkSource{1000}
06-29 03:42:41.497 D/PowerManagerService( 1522): releaseWakeLockInternal: lock=218282209 [*alarm*], flags=0x0
06-29 03:42:41.497 D/PowerManagerNotifier( 1522): onWakeLockReleased: flags=1, tag="*alarm*", packageName=android, ownerUid=1000, ownerPid=1522, workSource=WorkSource{1000}
06-29 03:42:41.497 D/PowerManagerService( 1522): updateWakeLockSummaryLocked: mWakefulness=Awake, mWakeLockSummary=0x23
06-29 03:42:41.497 D/PowerManagerService( 1522): updateUserActivitySummaryLocked: groupId=0, mWakefulness=Awake, mUserActivitySummary=0x1, nextTimeout=2634229 (in 59181 ms)
06-29 03:42:41.497 D/PowerManagerNotifier( 1522): onScreenPolicyUpdate: newPolicy=3
06-29 03:42:41.498 D/PowerManagerService( 1522): updateDisplayPowerStateLocked: displayReady=true, groupId=0, policy=BRIGHT, mWakefulness=Awake, mWakeLockSummary=0x23, mUserActivitySummary=0x1, mBootCompleted=true, screenBrightnessOverride=NaN, useAutoBrightness=false, mScreenBrightnessBoostInProgress=false, mIsVrModeEnabled= false, sQuiescent=false
06-29 03:42:41.721 D/PowerManagerService( 1522): userActivityNoUpdateLocked: groupId=0, eventTime=2575271, event=2, flags=0x0, uid=1000
06-29 03:42:41.721 D/PowerManagerNotifier( 1522): onUserActivity: event=2, uid=1000
06-29 03:42:41.722 D/PowerManagerService( 1522): updateUserActivitySummaryLocked: groupId=0, mWakefulness=Awake, mUserActivitySummary=0x1, nextTimeout=2635271 (in 59998 ms)
06-29 03:42:41.722 D/PowerManagerNotifier( 1522): onScreenPolicyUpdate: newPolicy=3
06-29 03:42:41.722 D/PowerManagerService( 1522): updateDisplayPowerStateLocked: displayReady=true, groupId=0, policy=BRIGHT, mWakefulness=Awake, mWakeLockSummary=0x23, mUserActivitySummary=0x1, mBootCompleted=true, screenBrightnessOverride=NaN, useAutoBrightness=false, mScreenBrightnessBoostInProgress=false, mIsVrModeEnabled= false, sQuiescent=false
06-29 03:42:42.805 E/[ 2576.352109] link_delay_work_func( 0): DTC_ETH: SQI=0, link=0
06-29 03:42:43.120 D/PowerManagerService( 1522): userActivityNoUpdateLocked: groupId=0, eventTime=2576669, event=2, flags=0x0, uid=1000
06-29 03:42:43.121 D/PowerManagerNotifier( 1522): onUserActivity: event=2, uid=1000
06-29 03:42:43.121 D/PowerManagerService( 1522): updateUserActivitySummaryLocked: groupId=0, mWakefulness=Awake, mUserActivitySummary=0x1, nextTimeout=2636669 (in 59997 ms)
06-29 03:42:43.121 D/PowerManagerNotifier( 1522): onScreenPolicyUpdate: newPolicy=3
06-29 03:42:43.121 D/PowerManagerService( 1522): updateDisplayPowerStateLocked: displayReady=true, groupId=0, policy=BRIGHT, mWakefulness=Awake, mWakeLockSummary=0x23, mUserActivitySummary=0x1, mBootCompleted=true, screenBrightnessOverride=NaN, useAutoBrightness=false, mScreenBrightnessBoostInProgress=false, mIsVrModeEnabled= false, sQuiescent=false
06-29 03:42:43.259 D/PowerManagerService( 1522): userActivityNoUpdateLocked: groupId=0, eventTime=2576809, event=2, flags=0x0, uid=1000
06-29 03:42:43.259 D/PowerManagerNotifier( 1522): onUserActivity: event=2, uid=1000
06-29 03:42:43.259 D/PowerManagerService( 1522): updateUserActivitySummaryLocked: groupId=0, mWakefulness=Awake, mUserActivitySummary=0x1, nextTimeout=2636809 (in 59999 ms)
06-29 03:42:43.260 D/PowerManagerNotifier( 1522): onScreenPolicyUpdate: newPolicy=3
06-29 03:42:43.260 D/PowerManagerService( 1522): updateDisplayPowerStateLocked: displayReady=true, groupId=0, policy=BRIGHT, mWakefulness=Awake, mWakeLockSummary=0x23, mUserActivitySummary=0x1, mBootCompleted=true, screenBrightnessOverride=NaN, useAutoBrightness=false, mScreenBrightnessBoostInProgress=false, mIsVrModeEnabled= false, sQuiescent=false
06-29 03:42:43.425 D/PowerManagerService( 1522): userActivityNoUpdateLocked: groupId=0, eventTime=2576975, event=2, flags=0x0, uid=1000
06-29 03:42:43.425 D/PowerManagerNotifier( 1522): onUserActivity: event=2, uid=1000
06-29 03:42:43.426 D/PowerManagerService( 1522): updateUserActivitySummaryLocked: groupId=0, mWakefulness=Awake, mUserActivitySummary=0x1, nextTimeout=2636975 (in 59998 ms)
06-29 03:42:43.426 D/PowerManagerNotifier( 1522): onScreenPolicyUpdate: newPolicy=3
06-29 03:42:43.426 D/PowerManagerService( 1522): updateDisplayPowerStateLocked: displayReady=true, groupId=0, policy=BRIGHT, mWakefulness=Awake, mWakeLockSummary=0x23, mUserActivitySummary=0x1, mBootCompleted=true, screenBrightnessOverride=NaN, useAutoBrightness=false, mScreenBrightnessBoostInProgress=false, mIsVrModeEnabled= false, sQuiescent=false
06-29 03:42:43.554 D/PowerManagerService( 1522): userActivityNoUpdateLocked: groupId=0, eventTime=2577104, event=2, flags=0x0, uid=1000
06-29 03:42:43.554 D/PowerManagerNotifier( 1522): onUserActivity: event=2, uid=1000
06-29 03:42:43.554 D/PowerManagerService( 1522): updateUserActivitySummaryLocked: groupId=0, mWakefulness=Awake, mUserActivitySummary=0x1, nextTimeout=2637104 (in 59999 ms)
06-29 03:42:43.555 D/PowerManagerNotifier( 1522): onScreenPolicyUpdate: newPolicy=3
06-29 03:42:43.555 D/PowerManagerService( 1522): updateDisplayPowerStateLocked: displayReady=true, groupId=0, policy=BRIGHT, mWakefulness=Awake, mWakeLockSummary=0x23, mUserActivitySummary=0x1, mBootCompleted=true, screenBrightnessOverride=NaN, useAutoBrightness=false, mScreenBrightnessBoostInProgress=false, mIsVrModeEnabled= false, sQuiescent=false
06-29 03:42:43.749 D/PowerManagerService( 1522): userActivityNoUpdateLocked: groupId=0, eventTime=2577299, event=2, flags=0x0, uid=1000
06-29 03:42:43.749 D/PowerManagerNotifier( 1522): onUserActivity: event=2, uid=1000
06-29 03:42:43.750 D/PowerManagerService( 1522): updateUserActivitySummaryLocked: groupId=0, mWakefulness=Awake, mUserActivitySummary=0x1, nextTimeout=2637299 (in 59998 ms)
06-29 03:42:43.750 D/PowerManagerNotifier( 1522): onScreenPolicyUpdate: newPolicy=3
06-29 03:42:43.750 D/PowerManagerService( 1522): updateDisplayPowerStateLocked: displayReady=true, groupId=0, policy=BRIGHT, mWakefulness=Awake, mWakeLockSummary=0x23, mUserActivitySummary=0x1, mBootCompleted=true, screenBrightnessOverride=NaN, useAutoBrightness=false, mScreenBrightnessBoostInProgress=false, mIsVrModeEnabled= false, sQuiescent=false
06-29 03:42:44.702 D/PowerManagerService( 1522): userActivityNoUpdateLocked: groupId=0, eventTime=2578251, event=2, flags=0x0, uid=1000
06-29 03:42:44.702 D/PowerManagerNotifier( 1522): onUserActivity: event=2, uid=1000
06-29 03:42:44.702 D/PowerManagerService( 1522): updateUserActivitySummaryLocked: groupId=0, mWakefulness=Awake, mUserActivitySummary=0x1, nextTimeout=2638251 (in 59998 ms)
06-29 03:42:44.703 D/PowerManagerNotifier( 1522): onScreenPolicyUpdate: newPolicy=3
06-29 03:42:44.703 D/PowerManagerService( 1522): updateDisplayPowerStateLocked: displayReady=true, groupId=0, policy=BRIGHT, mWakefulness=Awake, mWakeLockSummary=0x23, mUserActivitySummary=0x1, mBootCompleted=true, screenBrightnessOverride=NaN, useAutoBrightness=false, mScreenBrightnessBoostInProgress=false, mIsVrModeEnabled= false, sQuiescent=false
06-29 03:42:44.834 D/PowerManagerService( 1522): userActivityNoUpdateLocked: groupId=0, eventTime=2578384, event=2, flags=0x0, uid=1000
06-29 03:42:44.834 D/PowerManagerNotifier( 1522): onUserActivity: event=2, uid=1000
06-29 03:42:44.834 D/PowerManagerService( 1522): updateUserActivitySummaryLocked: groupId=0, mWakefulness=Awake, mUserActivitySummary=0x1, nextTimeout=2638384 (in 59999 ms)
06-29 03:42:44.834 D/PowerManagerNotifier( 1522): onScreenPolicyUpdate: newPolicy=3
06-29 03:42:44.834 D/PowerManagerService( 1522): updateDisplayPowerStateLocked: displayReady=true, groupId=0, policy=BRIGHT, mWakefulness=Awake, mWakeLockSummary=0x23, mUserActivitySummary=0x1, mBootCompleted=true, screenBrightnessOverride=NaN, useAutoBrightness=false, mScreenBrightnessBoostInProgress=false, mIsVrModeEnabled= false, sQuiescent=false
06-29 03:42:45.205 D/PowerManagerService( 1522): userActivityNoUpdateLocked: groupId=0, eventTime=2578754, event=2, flags=0x0, uid=1000
06-29 03:42:45.205 D/PowerManagerNotifier( 1522): onUserActivity: event=2, uid=1000
06-29 03:42:45.205 D/PowerManagerService( 1522): updateUserActivitySummaryLocked: groupId=0, mWakefulness=Awake, mUserActivitySummary=0x1, nextTimeout=2638754 (in 59998 ms)
06-29 03:42:45.206 D/PowerManagerNotifier( 1522): onScreenPolicyUpdate: newPolicy=3
06-29 03:42:45.206 D/PowerManagerService( 1522): updateDisplayPowerStateLocked: displayReady=true, groupId=0, policy=BRIGHT, mWakefulness=Awake, mWakeLockSummary=0x23, mUserActivitySummary=0x1, mBootCompleted=true, screenBrightnessOverride=NaN, useAutoBrightness=false, mScreenBrightnessBoostInProgress=false, mIsVrModeEnabled= false, sQuiescent=false
06-29 03:42:45.312 D/PowerManagerService( 1522): userActivityNoUpdateLocked: groupId=0, eventTime=2578862, event=2, flags=0x0, uid=1000
06-29 03:42:45.312 D/PowerManagerNotifier( 1522): onUserActivity: event=2, uid=1000
06-29 03:42:45.312 D/PowerManagerService( 1522): updateUserActivitySummaryLocked: groupId=0, mWakefulness=Awake, mUserActivitySummary=0x1, nextTimeout=2638862 (in 59999 ms)
06-29 03:42:45.312 D/PowerManagerNotifier( 1522): onScreenPolicyUpdate: newPolicy=3
06-29 03:42:45.312 D/PowerManagerService( 1522): updateDisplayPowerStateLocked: displayReady=true, groupId=0, policy=BRIGHT, mWakefulness=Awake, mWakeLockSummary=0x23, mUserActivitySummary=0x1, mBootCompleted=true, screenBrightnessOverride=NaN, useAutoBrightness=false, mScreenBrightnessBoostInProgress=false, mIsVrModeEnabled= false, sQuiescent=false
06-29 03:42:45.433 D/PowerManagerService( 1522): userActivityNoUpdateLocked: groupId=0, eventTime=2578983, event=2, flags=0x0, uid=1000
06-29 03:42:45.433 D/PowerManagerNotifier( 1522): onUserActivity: event=2, uid=1000
06-29 03:42:45.433 D/PowerManagerService( 1522): updateUserActivitySummaryLocked: groupId=0, mWakefulness=Awake, mUserActivitySummary=0x1, nextTimeout=2638983 (in 59999 ms)
06-29 03:42:45.433 D/PowerManagerNotifier( 1522): onScreenPolicyUpdate: newPolicy=3
06-29 03:42:45.433 D/PowerManagerService( 1522): updateDisplayPowerStateLocked: displayReady=true, groupId=0, policy=BRIGHT, mWakefulness=Awake, mWakeLockSummary=0x23, mUserActivitySummary=0x1, mBootCompleted=true, screenBrightnessOverride=NaN, useAutoBrightness=false, mScreenBrightnessBoostInProgress=false, mIsVrModeEnabled= false, sQuiescent=false
06-29 03:42:47.925 E/[ 2581.472488] link_delay_work_func( 0): DTC_ETH: SQI=0, link=0
06-29 03:42:50.359 D/PowerManagerService( 1522): userActivityNoUpdateLocked: groupId=0, eventTime=2583908, event=2, flags=0x0, uid=1000
06-29 03:42:50.359 D/PowerManagerNotifier( 1522): onUserActivity: event=2, uid=1000
06-29 03:42:50.359 D/PowerManagerService( 1522): updateUserActivitySummaryLocked: groupId=0, mWakefulness=Awake, mUserActivitySummary=0x1, nextTimeout=2643908 (in 59998 ms)
06-29 03:42:50.359 D/PowerManagerNotifier( 1522): onScreenPolicyUpdate: newPolicy=3
06-29 03:42:50.360 D/PowerManagerService( 1522): updateDisplayPowerStateLocked: displayReady=true, groupId=0, policy=BRIGHT, mWakefulness=Awake, mWakeLockSummary=0x23, mUserActivitySummary=0x1, mBootCompleted=true, screenBrightnessOverride=NaN, useAutoBrightness=false, mScreenBrightnessBoostInProgress=false, mIsVrModeEnabled= false, sQuiescent=false
06-29 03:42:50.491 D/PowerManagerService( 1522): userActivityNoUpdateLocked: groupId=0, eventTime=2584041, event=2, flags=0x0, uid=1000
06-29 03:42:50.491 D/PowerManagerNotifier( 1522): onUserActivity: event=2, uid=1000
06-29 03:42:50.492 D/PowerManagerService( 1522): updateUserActivitySummaryLocked: groupId=0, mWakefulness=Awake, mUserActivitySummary=0x1, nextTimeout=2644041 (in 59998 ms)
06-29 03:42:50.492 D/PowerManagerNotifier( 1522): onScreenPolicyUpdate: newPolicy=3
06-29 03:42:50.492 D/PowerManagerService( 1522): updateDisplayPowerStateLocked: displayReady=true, groupId=0, policy=BRIGHT, mWakefulness=Awake, mWakeLockSummary=0x23, mUserActivitySummary=0x1, mBootCompleted=true, screenBrightnessOverride=NaN, useAutoBrightness=false, mScreenBrightnessBoostInProgress=false, mIsVrModeEnabled= false, sQuiescent=false
06-29 03:42:50.814 D/PowerManagerService( 1522): userActivityNoUpdateLocked: groupId=0, eventTime=2584363, event=2, flags=0x0, uid=1000
06-29 03:42:50.814 D/PowerManagerNotifier( 1522): onUserActivity: event=2, uid=1000
06-29 03:42:50.815 D/PowerManagerService( 1522): updateUserActivitySummaryLocked: groupId=0, mWakefulness=Awake, mUserActivitySummary=0x1, nextTimeout=2644363 (in 59997 ms)
06-29 03:42:50.815 D/PowerManagerNotifier( 1522): onScreenPolicyUpdate: newPolicy=3
06-29 03:42:50.815 D/PowerManagerService( 1522): updateDisplayPowerStateLocked: displayReady=true, groupId=0, policy=BRIGHT, mWakefulness=Awake, mWakeLockSummary=0x23, mUserActivitySummary=0x1, mBootCompleted=true, screenBrightnessOverride=NaN, useAutoBrightness=false, mScreenBrightnessBoostInProgress=false, mIsVrModeEnabled= false, sQuiescent=false
06-29 03:42:50.925 D/PowerManagerService( 1522): userActivityNoUpdateLocked: groupId=0, eventTime=2584476, event=2, flags=0x0, uid=1000
06-29 03:42:50.926 D/PowerManagerNotifier( 1522): onUserActivity: event=2, uid=1000
06-29 03:42:50.926 D/PowerManagerService( 1522): updateUserActivitySummaryLocked: groupId=0, mWakefulness=Awake, mUserActivitySummary=0x1, nextTimeout=2644476 (in 59999 ms)
06-29 03:42:50.926 D/PowerManagerNotifier( 1522): onScreenPolicyUpdate: newPolicy=3
06-29 03:42:50.926 D/PowerManagerService( 1522): updateDisplayPowerStateLocked: displayReady=true, groupId=0, policy=BRIGHT, mWakefulness=Awake, mWakeLockSummary=0x23, mUserActivitySummary=0x1, mBootCompleted=true, screenBrightnessOverride=NaN, useAutoBrightness=false, mScreenBrightnessBoostInProgress=false, mIsVrModeEnabled= false, sQuiescent=false
06-29 03:42:51.279 D/PowerManagerService( 1522): userActivityNoUpdateLocked: groupId=0, eventTime=2584829, event=2, flags=0x0, uid=1000
06-29 03:42:51.280 D/PowerManagerNotifier( 1522): onUserActivity: event=2, uid=1000
06-29 03:42:51.280 D/PowerManagerService( 1522): updateUserActivitySummaryLocked: groupId=0, mWakefulness=Awake, mUserActivitySummary=0x1, nextTimeout=2644829 (in 59998 ms)
06-29 03:42:51.280 D/PowerManagerNotifier( 1522): onScreenPolicyUpdate: newPolicy=3
06-29 03:42:51.280 D/PowerManagerService( 1522): updateDisplayPowerStateLocked: displayReady=true, groupId=0, policy=BRIGHT, mWakefulness=Awake, mWakeLockSummary=0x23, mUserActivitySummary=0x1, mBootCompleted=true, screenBrightnessOverride=NaN, useAutoBrightness=false, mScreenBrightnessBoostInProgress=false, mIsVrModeEnabled= false, sQuiescent=false
06-29 03:42:51.385 D/PowerManagerService( 1522): userActivityNoUpdateLocked: groupId=0, eventTime=2584936, event=2, flags=0x0, uid=1000
06-29 03:42:51.386 D/PowerManagerNotifier( 1522): onUserActivity: event=2, uid=1000
06-29 03:42:51.386 D/PowerManagerService( 1522): updateUserActivitySummaryLocked: groupId=0, mWakefulness=Awake, mUserActivitySummary=0x1, nextTimeout=2644936 (in 59999 ms)
06-29 03:42:51.386 D/PowerManagerNotifier( 1522): onScreenPolicyUpdate: newPolicy=3
06-29 03:42:51.386 D/PowerManagerService( 1522): updateDisplayPowerStateLocked: displayReady=true, groupId=0, policy=BRIGHT, mWakefulness=Awake, mWakeLockSummary=0x23, mUserActivitySummary=0x1, mBootCompleted=true, screenBrightnessOverride=NaN, useAutoBrightness=false, mScreenBrightnessBoostInProgress=false, mIsVrModeEnabled= false, sQuiescent=false
06-29 03:42:53.045 E/[ 2586.592146] link_delay_work_func( 0): DTC_ETH: SQI=0, link=0
06-29 03:42:53.622 D/PowerManagerService( 1522): userActivityNoUpdateLocked: groupId=0, eventTime=2587171, event=2, flags=0x0, uid=1000
06-29 03:42:53.622 D/PowerManagerNotifier( 1522): onUserActivity: event=2, uid=1000
06-29 03:42:53.623 D/PowerManagerService( 1522): updateUserActivitySummaryLocked: groupId=0, mWakefulness=Awake, mUserActivitySummary=0x1, nextTimeout=2647171 (in 59997 ms)
06-29 03:42:53.623 D/PowerManagerNotifier( 1522): onScreenPolicyUpdate: newPolicy=3
06-29 03:42:53.623 D/PowerManagerService( 1522): updateDisplayPowerStateLocked: displayReady=true, groupId=0, policy=BRIGHT, mWakefulness=Awake, mWakeLockSummary=0x23, mUserActivitySummary=0x1, mBootCompleted=true, screenBrightnessOverride=NaN, useAutoBrightness=false, mScreenBrightnessBoostInProgress=false, mIsVrModeEnabled= false, sQuiescent=false
06-29 03:42:53.723 D/PowerManagerService( 1522): userActivityNoUpdateLocked: groupId=0, eventTime=2587273, event=2, flags=0x0, uid=1000
06-29 03:42:53.723 D/PowerManagerNotifier( 1522): onUserActivity: event=2, uid=1000
06-29 03:42:53.723 D/PowerManagerService( 1522): updateUserActivitySummaryLocked: groupId=0, mWakefulness=Awake, mUserActivitySummary=0x1, nextTimeout=2647273 (in 59999 ms)
06-29 03:42:53.724 D/PowerManagerNotifier( 1522): onScreenPolicyUpdate: newPolicy=3
06-29 03:42:53.724 D/PowerManagerService( 1522): updateDisplayPowerStateLocked: displayReady=true, groupId=0, policy=BRIGHT, mWakefulness=Awake, mWakeLockSummary=0x23, mUserActivitySummary=0x1, mBootCompleted=true, screenBrightnessOverride=NaN, useAutoBrightness=false, mScreenBrightnessBoostInProgress=false, mIsVrModeEnabled= false, sQuiescent=false
06-29 03:42:54.797 D/PowerManagerNotifier( 1522): onLongPartialWakeLockStart: ownerUid=1041, workSource=WorkSource{10092}
06-29 03:42:58.161 E/[ 2591.712373] link_delay_work_func( 0): DTC_ETH: SQI=0, link=0
06-29 03:43:00.003 D/PowerManagerService( 1522): acquireWakeLockInternal: lock=218282209, flags=0x1, tag="*alarm*", ws=WorkSource{1000}, uid=1000, pid=1522
06-29 03:43:00.003 D/PowerManagerService( 1522): updateWakeLockSummaryLocked: mWakefulness=Awake, mWakeLockSummary=0x23
06-29 03:43:00.003 D/PowerManagerService( 1522): updateUserActivitySummaryLocked: groupId=0, mWakefulness=Awake, mUserActivitySummary=0x1, nextTimeout=2647273 (in 53719 ms)
06-29 03:43:00.003 D/PowerManagerNotifier( 1522): onScreenPolicyUpdate: newPolicy=3
06-29 03:43:00.003 D/PowerManagerService( 1522): updateDisplayPowerStateLocked: displayReady=true, groupId=0, policy=BRIGHT, mWakefulness=Awake, mWakeLockSummary=0x23, mUserActivitySummary=0x1, mBootCompleted=true, screenBrightnessOverride=NaN, useAutoBrightness=false, mScreenBrightnessBoostInProgress=false, mIsVrModeEnabled= false, sQuiescent=false
06-29 03:43:00.004 D/PowerManagerNotifier( 1522): onWakeLockAcquired: flags=1, tag="*alarm*", packageName=android, ownerUid=1000, ownerPid=1522, workSource=WorkSource{1000}
06-29 03:43:00.004 D/PowerManagerService( 1522): releaseWakeLockInternal: lock=218282209 [*alarm*], flags=0x0
06-29 03:43:00.004 D/PowerManagerNotifier( 1522): onWakeLockReleased: flags=1, tag="*alarm*", packageName=android, ownerUid=1000, ownerPid=1522, workSource=WorkSource{1000}
06-29 03:43:00.004 D/PowerManagerService( 1522): updateWakeLockSummaryLocked: mWakefulness=Awake, mWakeLockSummary=0x23
06-29 03:43:00.004 D/PowerManagerService( 1522): updateUserActivitySummaryLocked: groupId=0, mWakefulness=Awake, mUserActivitySummary=0x1, nextTimeout=2647273 (in 53718 ms)
06-29 03:43:00.005 D/PowerManagerNotifier( 1522): onScreenPolicyUpdate: newPolicy=3
06-29 03:43:00.006 D/PowerManagerService( 1522): updateDisplayPowerStateLocked: displayReady=true, groupId=0, policy=BRIGHT, mWakefulness=Awake, mWakeLockSummary=0x23, mUserActivitySummary=0x1, mBootCompleted=true, screenBrightnessOverride=NaN, useAutoBrightness=false, mScreenBrightnessBoostInProgress=false, mIsVrModeEnabled= false, sQuiescent=false
06-29 03:43:03.289 E/[ 2596.836149] link_delay_work_func( 0): DTC_ETH: SQI=0, link=0
06-29 03:43:05.817 D/PowerManagerService( 1522): acquireWakeLockInternal: lock=218282209, flags=0x1, tag="*alarm*", ws=WorkSource{10115}, uid=1000, pid=1522
06-29 03:43:05.817 D/PowerManagerService( 1522): updateWakeLockSummaryLocked: mWakefulness=Awake, mWakeLockSummary=0x23
06-29 03:43:05.817 D/PowerManagerService( 1522): updateUserActivitySummaryLocked: groupId=0, mWakefulness=Awake, mUserActivitySummary=0x1, nextTimeout=2647273 (in 47905 ms)
06-29 03:43:05.818 D/PowerManagerNotifier( 1522): onScreenPolicyUpdate: newPolicy=3
06-29 03:43:05.818 D/PowerManagerService( 1522): updateDisplayPowerStateLocked: displayReady=true, groupId=0, policy=BRIGHT, mWakefulness=Awake, mWakeLockSummary=0x23, mUserActivitySummary=0x1, mBootCompleted=true, screenBrightnessOverride=NaN, useAutoBrightness=false, mScreenBrightnessBoostInProgress=false, mIsVrModeEnabled= false, sQuiescent=false
06-29 03:43:05.818 D/PowerManagerNotifier( 1522): onWakeLockAcquired: flags=1, tag="*alarm*", packageName=android, ownerUid=1000, ownerPid=1522, workSource=WorkSource{10115}
06-29 03:43:05.819 D/PowerManagerService( 1522): releaseWakeLockInternal: lock=218282209 [*alarm*], flags=0x0
06-29 03:43:05.819 D/PowerManagerNotifier( 1522): onWakeLockReleased: flags=1, tag="*alarm*", packageName=android, ownerUid=1000, ownerPid=1522, workSource=WorkSource{10115}
06-29 03:43:05.819 D/PowerManagerService( 1522): updateWakeLockSummaryLocked: mWakefulness=Awake, mWakeLockSummary=0x23
06-29 03:43:05.819 D/PowerManagerService( 1522): updateUserActivitySummaryLocked: groupId=0, mWakefulness=Awake, mUserActivitySummary=0x1, nextTimeout=2647273 (in 47903 ms)
06-29 03:43:05.820 D/PowerManagerNotifier( 1522): onScreenPolicyUpdate: newPolicy=3
06-29 03:43:05.820 D/PowerManagerService( 1522): updateDisplayPowerStateLocked: displayReady=true, groupId=0, policy=BRIGHT, mWakefulness=Awake, mWakeLockSummary=0x23, mUserActivitySummary=0x1, mBootCompleted=true, screenBrightnessOverride=NaN, useAutoBrightness=false, mScreenBrightnessBoostInProgress=false, mIsVrModeEnabled= false, sQuiescent=false
06-29 03:43:05.890 D/PowerManagerService( 1522): acquireWakeLockInternal: lock=233449615, flags=0x1, tag="p", ws=null, uid=10115, pid=23916
06-29 03:43:05.890 D/PowerManagerService( 1522): updateWakeLockSummaryLocked: mWakefulness=Awake, mWakeLockSummary=0x23
06-29 03:43:05.890 D/PowerManagerService( 1522): updateUserActivitySummaryLocked: groupId=0, mWakefulness=Awake, mUserActivitySummary=0x1, nextTimeout=2647273 (in 47832 ms)
06-29 03:43:05.891 D/PowerManagerNotifier( 1522): onScreenPolicyUpdate: newPolicy=3
06-29 03:43:05.891 D/PowerManagerService( 1522): updateDisplayPowerStateLocked: displayReady=true, groupId=0, policy=BRIGHT, mWakefulness=Awake, mWakeLockSummary=0x23, mUserActivitySummary=0x1, mBootCompleted=true, screenBrightnessOverride=NaN, useAutoBrightness=false, mScreenBrightnessBoostInProgress=false, mIsVrModeEnabled= false, sQuiescent=false
06-29 03:43:05.891 D/PowerManagerNotifier( 1522): onWakeLockAcquired: flags=1, tag="p", packageName=com.tencent.android.qqdownloader, ownerUid=10115, ownerPid=23916, workSource=null
06-29 03:43:05.897 D/PowerManagerService( 1522): releaseWakeLockInternal: lock=233449615 [p], flags=0x0
06-29 03:43:05.898 D/PowerManagerNotifier( 1522): onWakeLockReleased: flags=1, tag="p", packageName=com.tencent.android.qqdownloader, ownerUid=10115, ownerPid=23916, workSource=null
06-29 03:43:05.898 D/PowerManagerService( 1522): updateWakeLockSummaryLocked: mWakefulness=Awake, mWakeLockSummary=0x23
06-29 03:43:05.898 D/PowerManagerService( 1522): updateUserActivitySummaryLocked: groupId=0, mWakefulness=Awake, mUserActivitySummary=0x1, nextTimeout=2647273 (in 47824 ms)
06-29 03:43:05.898 D/PowerManagerNotifier( 1522): onScreenPolicyUpdate: newPolicy=3
06-29 03:43:05.898 D/PowerManagerService( 1522): updateDisplayPowerStateLocked: displayReady=true, groupId=0, policy=BRIGHT, mWakefulness=Awake, mWakeLockSummary=0x23, mUserActivitySummary=0x1, mBootCompleted=true, screenBrightnessOverride=NaN, useAutoBrightness=false, mScreenBrightnessBoostInProgress=false, mIsVrModeEnabled= false, sQuiescent=false
06-29 03:43:08.405 E/[ 2601.952354] link_delay_work_func( 0): DTC_ETH: SQI=0, link=0
06-29 03:43:13.525 E/[ 2607.072368] link_delay_work_func( 0): DTC_ETH: SQI=0, link=0
06-29 03:43:14.277 D/PowerManagerService( 1522): acquireWakeLockInternal: lock=110234629, flags=0x1, tag="NetworkStats", ws=null, uid=1000, pid=1522
06-29 03:43:14.277 D/PowerManagerService( 1522): updateWakeLockSummaryLocked: mWakefulness=Awake, mWakeLockSummary=0x23
06-29 03:43:14.278 D/PowerManagerService( 1522): updateUserActivitySummaryLocked: groupId=0, mWakefulness=Awake, mUserActivitySummary=0x1, nextTimeout=2647273 (in 39444 ms)
06-29 03:43:14.278 D/PowerManagerNotifier( 1522): onScreenPolicyUpdate: newPolicy=3
06-29 03:43:14.278 D/PowerManagerService( 1522): updateDisplayPowerStateLocked: displayReady=true, groupId=0, policy=BRIGHT, mWakefulness=Awake, mWakeLockSummary=0x23, mUserActivitySummary=0x1, mBootCompleted=true, screenBrightnessOverride=NaN, useAutoBrightness=false, mScreenBrightnessBoostInProgress=false, mIsVrModeEnabled= false, sQuiescent=false
06-29 03:43:14.278 D/PowerManagerNotifier( 1522): onWakeLockAcquired: flags=1, tag="NetworkStats", packageName=android, ownerUid=1000, ownerPid=1522, workSource=null
06-29 03:43:14.295 D/PowerManagerService( 1522): releaseWakeLockInternal: lock=110234629 [NetworkStats], flags=0x0
06-29 03:43:14.295 D/PowerManagerNotifier( 1522): onWakeLockReleased: flags=1, tag="NetworkStats", packageName=android, ownerUid=1000, ownerPid=1522, workSource=null
06-29 03:43:14.295 D/PowerManagerService( 1522): updateWakeLockSummaryLocked: mWakefulness=Awake, mWakeLockSummary=0x23
06-29 03:43:14.295 D/PowerManagerService( 1522): updateUserActivitySummaryLocked: groupId=0, mWakefulness=Awake, mUserActivitySummary=0x1, nextTimeout=2647273 (in 39427 ms)
06-29 03:43:14.296 D/PowerManagerNotifier( 1522): onScreenPolicyUpdate: newPolicy=3
06-29 03:43:14.296 D/PowerManagerService( 1522): updateDisplayPowerStateLocked: displayReady=true, groupId=0, policy=BRIGHT, mWakefulness=Awake, mWakeLockSummary=0x23, mUserActivitySummary=0x1, mBootCompleted=true, screenBrightnessOverride=NaN, useAutoBrightness=false, mScreenBrightnessBoostInProgress=false, mIsVrModeEnabled= false, sQuiescent=false
06-29 03:43:16.495 D/PowerManagerService( 1522): acquireWakeLockInternal: lock=218282209, flags=0x1, tag="*alarm*", ws=WorkSource{1000}, uid=1000, pid=1522
06-29 03:43:16.495 D/PowerManagerService( 1522): updateWakeLockSummaryLocked: mWakefulness=Awake, mWakeLockSummary=0x23
06-29 03:43:16.495 D/PowerManagerService( 1522): updateUserActivitySummaryLocked: groupId=0, mWakefulness=Awake, mUserActivitySummary=0x1, nextTimeout=2647273 (in 37227 ms)
06-29 03:43:16.495 D/PowerManagerNotifier( 1522): onScreenPolicyUpdate: newPolicy=3
06-29 03:43:16.496 D/PowerManagerService( 1522): updateDisplayPowerStateLocked: displayReady=true, groupId=0, policy=BRIGHT, mWakefulness=Awake, mWakeLockSummary=0x23, mUserActivitySummary=0x1, mBootCompleted=true, screenBrightnessOverride=NaN, useAutoBrightness=false, mScreenBrightnessBoostInProgress=false, mIsVrModeEnabled= false, sQuiescent=false
06-29 03:43:16.496 D/PowerManagerNotifier( 1522): onWakeLockAcquired: flags=1, tag="*alarm*", packageName=android, ownerUid=1000, ownerPid=1522, workSource=WorkSource{1000}
06-29 03:43:16.497 W/ProcessStats( 1522): Tracking association SourceState{562fd4e com.tencent.android.qqdownloader:live/10115 BTopFgs #11795} whose proc state 2 is better than process ProcessState{7d9de82 com.tencent.android.qqdownloader:daemon/10115 pkg=com.tencent.android.qqdownloader} proc state 3 (17 skipped)
06-29 03:43:16.497 D/PowerManagerService( 1522): acquireWakeLockInternal: lock=86012356, flags=0x1, tag="NetworkTimeUpdateService", ws=null, uid=1000, pid=1522
06-29 03:43:16.498 D/PowerManagerService( 1522): updateWakeLockSummaryLocked: mWakefulness=Awake, mWakeLockSummary=0x23
06-29 03:43:16.498 D/PowerManagerService( 1522): updateUserActivitySummaryLocked: groupId=0, mWakefulness=Awake, mUserActivitySummary=0x1, nextTimeout=2647273 (in 37224 ms)
06-29 03:43:16.498 D/PowerManagerNotifier( 1522): onScreenPolicyUpdate: newPolicy=3
06-29 03:43:16.498 D/PowerManagerService( 1522): updateDisplayPowerStateLocked: displayReady=true, groupId=0, policy=BRIGHT, mWakefulness=Awake, mWakeLockSummary=0x23, mUserActivitySummary=0x1, mBootCompleted=true, screenBrightnessOverride=NaN, useAutoBrightness=false, mScreenBrightnessBoostInProgress=false, mIsVrModeEnabled= false, sQuiescent=false
06-29 03:43:16.499 D/PowerManagerNotifier( 1522): onWakeLockAcquired: flags=1, tag="NetworkTimeUpdateService", packageName=android, ownerUid=1000, ownerPid=1522, workSource=null
06-29 03:43:16.502 D/PowerManagerService( 1522): updateWakeLockWorkSourceInternal: lock=218282209 [*alarm*], ws=WorkSource{10105 com.smile.gifmaker}
06-29 03:43:16.502 D/PowerManagerNotifier( 1522): onWakeLockChanging: flags=1, tag="*alarm*", packageName=android, ownerUid=1000, ownerPid=1522, workSource=WorkSource{10105 com.smile.gifmaker}
06-29 03:43:16.503 D/PowerManagerService( 1522): updateWakeLockWorkSourceInternal: lock=218282209 [*alarm*], ws=WorkSource{1000}
06-29 03:43:16.503 D/PowerManagerNotifier( 1522): onWakeLockChanging: flags=1, tag="*alarm*", packageName=android, ownerUid=1000, ownerPid=1522, workSource=WorkSource{1000}
06-29 03:43:16.507 D/CompatibilityChangeReporter( 1522): Compat change id reported: 135634846; UID 10105; state: DISABLED
06-29 03:43:16.507 D/CompatibilityChangeReporter( 1522): Compat change id reported: 143937733; UID 10105; state: DISABLED
06-29 03:43:16.508 D/PowerManagerService( 1522): releaseWakeLockInternal: lock=218282209 [*alarm*], flags=0x0
06-29 03:43:16.508 D/PowerManagerNotifier( 1522): onWakeLockReleased: flags=1, tag="*alarm*", packageName=android, ownerUid=1000, ownerPid=1522, workSource=WorkSource{1000}
06-29 03:43:16.508 D/PowerManagerService( 1522): updateWakeLockSummaryLocked: mWakefulness=Awake, mWakeLockSummary=0x23
06-29 03:43:16.508 D/PowerManagerService( 1522): updateUserActivitySummaryLocked: groupId=0, mWakefulness=Awake, mUserActivitySummary=0x1, nextTimeout=2647273 (in 37214 ms)
06-29 03:43:16.508 D/PowerManagerNotifier( 1522): onScreenPolicyUpdate: newPolicy=3
06-29 03:43:16.509 D/PowerManagerService( 1522): updateDisplayPowerStateLocked: displayReady=true, groupId=0, policy=BRIGHT, mWakefulness=Awake, mWakeLockSummary=0x23, mUserActivitySummary=0x1, mBootCompleted=true, screenBrightnessOverride=NaN, useAutoBrightness=false, mScreenBrightnessBoostInProgress=false, mIsVrModeEnabled= false, sQuiescent=false
06-29 03:43:16.512 D/PowerManagerService( 1522): acquireWakeLockInternal: lock=246590941, flags=0x1, tag="*job*/com.tencent.android.qqdownloader.YYBLiveAccountProvider/com.tencent.android.qqdownloader.YYBLiveAccountProvider.account/应用宝:android", ws=WorkSource{10115}, uid=1000, pid=1522
06-29 03:43:16.512 D/PowerManagerService( 1522): updateWakeLockSummaryLocked: mWakefulness=Awake, mWakeLockSummary=0x23
06-29 03:43:16.512 D/PowerManagerService( 1522): updateUserActivitySummaryLocked: groupId=0, mWakefulness=Awake, mUserActivitySummary=0x1, nextTimeout=2647273 (in 37210 ms)
06-29 03:43:16.512 D/PowerManagerNotifier( 1522): onScreenPolicyUpdate: newPolicy=3
06-29 03:43:16.512 D/PowerManagerService( 1522): updateDisplayPowerStateLocked: displayReady=true, groupId=0, policy=BRIGHT, mWakefulness=Awake, mWakeLockSummary=0x23, mUserActivitySummary=0x1, mBootCompleted=true, screenBrightnessOverride=NaN, useAutoBrightness=false, mScreenBrightnessBoostInProgress=false, mIsVrModeEnabled= false, sQuiescent=false
06-29 03:43:16.512 D/PowerManagerNotifier( 1522): onWakeLockAcquired: flags=1, tag="*job*/com.tencent.android.qqdownloader.YYBLiveAccountProvider/com.tencent.android.qqdownloader.YYBLiveAccountProvider.account/应用宝:android", packageName=android, ownerUid=1000, ownerPid=1522, workSource=WorkSource{10115}
06-29 03:43:16.512 D/PowerManagerService( 1522): acquireWakeLockInternal: lock=207078643, flags=0x1, tag="SyncLoopWakeLock", ws=null, uid=1000, pid=1522
06-29 03:43:16.513 D/PowerManagerService( 1522): updateWakeLockSummaryLocked: mWakefulness=Awake, mWakeLockSummary=0x23
06-29 03:43:16.513 D/PowerManagerService( 1522): updateUserActivitySummaryLocked: groupId=0, mWakefulness=Awake, mUserActivitySummary=0x1, nextTimeout=2647273 (in 37209 ms)
06-29 03:43:16.513 D/PowerManagerNotifier( 1522): onScreenPolicyUpdate: newPolicy=3
06-29 03:43:16.513 D/PowerManagerService( 1522): updateDisplayPowerStateLocked: displayReady=true, groupId=0, policy=BRIGHT, mWakefulness=Awake, mWakeLockSummary=0x23, mUserActivitySummary=0x1, mBootCompleted=true, screenBrightnessOverride=NaN, useAutoBrightness=false, mScreenBrightnessBoostInProgress=false, mIsVrModeEnabled= false, sQuiescent=false
06-29 03:43:16.513 D/PowerManagerNotifier( 1522): onWakeLockAcquired: flags=1, tag="SyncLoopWakeLock", packageName=android, ownerUid=1000, ownerPid=1522, workSource=null
06-29 03:43:16.515 D/PowerManagerService( 1522): acquireWakeLockInternal: lock=146485159, flags=0x1, tag="*sync*/com.tencent.android.qqdownloader.YYBLiveAccountProvider/com.tencent.android.qqdownloader.YYBLiveAccountProvider.account/应用宝", ws=WorkSource{10115}, uid=1000, pid=1522
06-29 03:43:16.515 D/PowerManagerService( 1522): updateWakeLockSummaryLocked: mWakefulness=Awake, mWakeLockSummary=0x23
06-29 03:43:16.515 D/PowerManagerService( 1522): updateUserActivitySummaryLocked: groupId=0, mWakefulness=Awake, mUserActivitySummary=0x1, nextTimeout=2647273 (in 37207 ms)
06-29 03:43:16.515 D/PowerManagerNotifier( 1522): onScreenPolicyUpdate: newPolicy=3
06-29 03:43:16.515 D/PowerManagerService( 1522): updateDisplayPowerStateLocked: displayReady=true, groupId=0, policy=BRIGHT, mWakefulness=Awake, mWakeLockSummary=0x23, mUserActivitySummary=0x1, mBootCompleted=true, screenBrightnessOverride=NaN, useAutoBrightness=false, mScreenBrightnessBoostInProgress=false, mIsVrModeEnabled= false, sQuiescent=false
06-29 03:43:16.515 D/PowerManagerNotifier( 1522): onWakeLockAcquired: flags=1, tag="*sync*/com.tencent.android.qqdownloader.YYBLiveAccountProvider/com.tencent.android.qqdownloader.YYBLiveAccountProvider.account/应用宝", packageName=android, ownerUid=1000, ownerPid=1522, workSource=WorkSource{10115}
06-29 03:43:16.520 D/PowerManagerService( 1522): releaseWakeLockInternal: lock=207078643 [SyncLoopWakeLock], flags=0x0
06-29 03:43:16.520 D/PowerManagerNotifier( 1522): onWakeLockReleased: flags=1, tag="SyncLoopWakeLock", packageName=android, ownerUid=1000, ownerPid=1522, workSource=null
06-29 03:43:16.520 D/PowerManagerService( 1522): updateWakeLockSummaryLocked: mWakefulness=Awake, mWakeLockSummary=0x23
06-29 03:43:16.520 D/PowerManagerService( 1522): updateUserActivitySummaryLocked: groupId=0, mWakefulness=Awake, mUserActivitySummary=0x1, nextTimeout=2647273 (in 37202 ms)
06-29 03:43:16.520 D/PowerManagerNotifier( 1522): onScreenPolicyUpdate: newPolicy=3
06-29 03:43:16.520 D/PowerManagerService( 1522): updateDisplayPowerStateLocked: displayReady=true, groupId=0, policy=BRIGHT, mWakefulness=Awake, mWakeLockSummary=0x23, mUserActivitySummary=0x1, mBootCompleted=true, screenBrightnessOverride=NaN, useAutoBrightness=false, mScreenBrightnessBoostInProgress=false, mIsVrModeEnabled= false, sQuiescent=false
06-29 03:43:16.524 I/ActivityManager( 1522): Start proc 18039:com.smile.gifmaker/u0a105 for service {com.smile.gifmaker/androidx.work.impl.background.systemjob.SystemJobService}
06-29 03:43:16.528 D/PowerManagerService( 1522): acquireWakeLockInternal: lock=207078643, flags=0x1, tag="SyncLoopWakeLock", ws=null, uid=1000, pid=1522
06-29 03:43:16.528 D/PowerManagerService( 1522): updateWakeLockSummaryLocked: mWakefulness=Awake, mWakeLockSummary=0x23
06-29 03:43:16.528 D/PowerManagerService( 1522): updateUserActivitySummaryLocked: groupId=0, mWakefulness=Awake, mUserActivitySummary=0x1, nextTimeout=2647273 (in 37194 ms)
06-29 03:43:16.528 D/PowerManagerNotifier( 1522): onScreenPolicyUpdate: newPolicy=3
06-29 03:43:16.528 D/PowerManagerService( 1522): updateDisplayPowerStateLocked: displayReady=true, groupId=0, policy=BRIGHT, mWakefulness=Awake, mWakeLockSummary=0x23, mUserActivitySummary=0x1, mBootCompleted=true, screenBrightnessOverride=NaN, useAutoBrightness=false, mScreenBrightnessBoostInProgress=false, mIsVrModeEnabled= false, sQuiescent=false
06-29 03:43:16.528 D/PowerManagerNotifier( 1522): onWakeLockAcquired: flags=1, tag="SyncLoopWakeLock", packageName=android, ownerUid=1000, ownerPid=1522, workSource=null
06-29 03:43:16.529 D/PowerManagerService( 1522): releaseWakeLockInternal: lock=207078643 [SyncLoopWakeLock], flags=0x0
06-29 03:43:16.529 D/PowerManagerNotifier( 1522): onWakeLockReleased: flags=1, tag="SyncLoopWakeLock", packageName=android, ownerUid=1000, ownerPid=1522, workSource=null
