06-29 03:39:10.001 I/[ 2363.548197] IPv6( 0): ADDRCONF(NETDEV_UP): wlan0: link is not ready
06-29 03:39:10.003 W/[ 2363.553042] cnss-daemon( 0): Invalid mac address
06-29 03:39:10.003 W/[ 2363.553061] cnss-daemon( 0): failed to update gateway
06-29 03:39:10.003 E/[ 2363.554466] [wifi@1][0xa93ed6852][03( 0): 39:10.003431] wlan: [3455:E:wifipos] wifi_pos_process_app_reg_req: 608: Received App Req Req pid(-398458052), len(16)
06-29 03:39:10.005 I/[ 2363.554927] [wifi@1][0xa93ed8afc][03( 0): 39:10.003893] wlan: [3455:I:wifipos] wifi_pos_get_ch_info: 461: num channels: 26
06-29 03:39:10.005 I/[ 2363.555247] [wifi@1][0xa93eda303][03( 0): 39:10.004213] wlan: [3455:I:wifipos] wifi_pos_get_ch_info: 461: num channels: 26
06-29 03:39:10.033 I/[ 2363.583147] [wpa_su][0xa93f5b5c3][03( 0): 39:10.031770] wlan: [3475:I:SME] vdev-0: Connecting to hht_test_wifi_fc4318c9 04:d9:f5:fb:09:94 rssi: -70 freq: 5300 akm 3 cipher: uc 6 mc 6, CC:
06-29 03:39:10.033 E/[ 2363.583297] [wpa_su][0xa93f5dace][03( 0): 39:10.032264] wlan: [3475:E:QDF] Cannot malloc 0 bytes @ csr_get_cfg_max_tx_power:14199
06-29 03:39:10.035 I/[ 2363.584272] [schedu][0xa93f623ba][03( 0): 39:10.033236] wlan: [3371:I:WMI] send_vdev_start_cmd_tlv: 1062: send_vdev_start_cmd_tlv: vdev_id 0 freq 5300 chanmode 18 ch_info: 0x12 is_dfs 0 beacon interval 100 dtim 0 center_chan 5290 center_freq2 0 reg_info_1: 0x170000 reg_info_2: 0x1700, req->max_txpow: 0x17 Tx SS 1, Rx SS 1, ldpc_rx: 0, cac 0, regd 4, HE ops: 0req->dis_hw_ack: 1
06-29 03:39:10.054 E/[ 2363.604874] [wifico][0xa93fc2cdd][03( 0): 39:10.053838] wlan: [1206:E:HDD] __wlan_hdd_cfg80211_scan: 572: Scan not allowed. scan_ebusy_cnt: 418 Session 0 Reason 1
06-29 03:39:10.179 I/[ 2363.729791] [soft_i][0xa9420c4bf][03( 0): 39:10.178743] wlan: [0:I:TXRX] HTT_T2H_MSG_TYPE_PEER_MAP msg for peer id 6 vdev id 0 n
06-29 03:39:10.179 E/[ 2363.729873] [soft_i][0xa9420cb78][03( 0): 39:10.178833] wlan: [0:E:DP] dp_peer_find_add_id: peer 0000000000000000 ID 6 vid 0 mac 04:d9:f5:fb:09:94
06-29 03:39:10.179 I/[ 2363.729903] [soft_i][0xa9420cdcf][03( 0): 39:10.178864] wlan: [0:I:DP] dp_peer_find_add_id: ref_cnt: 2
06-29 03:39:10.179 E/[ 2363.729931] [soft_i][0xa9420cfe9][03( 0): 39:10.178892] wlan: [0:E:DP] dp_peer_map_ast: peer 0000000000000000 ID 3 vid 0 mac 04:d9:f5:fb:09:94
06-29 03:39:10.239 I/[ 2363.786981] [schedu][0xa9431867b][03( 0): 39:10.235939] wlan: [3371:I:PE] Auth TX: seq 1 seq num 3191 status 0 WEP 0 to 04:d9:f5:fb:09:94
06-29 03:39:10.261 I/[ 2363.809388] [schedu][0xa943816ec][03( 0): 39:10.258345] wlan: [3371:I:PE] Auth TX: fail
06-29 03:39:10.297 I/[ 2363.844352] [schedu][0xa944254b1][03( 0): 39:10.293302] wlan: [3371:I:PE] Auth TX: seq 1 seq num 3192 status 0 WEP 0 to 04:d9:f5:fb:09:94
06-29 03:39:10.357 I/[ 2363.907585] [schedu][0xa9454dbae][03( 0): 39:10.356542] wlan: [3371:I:PE] Auth TX: seq 1 seq num 3193 status 0 WEP 0 to 04:d9:f5:fb:09:94
06-29 03:39:10.417 I/[ 2363.964498] [schedu][0xa946585b8][03( 0): 39:10.413423] wlan: [3371:I:PE] Auth TX: seq 1 seq num 3194 status 0 WEP 0 to 04:d9:f5:fb:09:94
06-29 03:39:10.478 I/[ 2364.024516] [schedu][0xa9477185e][03( 0): 39:10.473405] wlan: [3371:I:PE] Auth TX: seq 1 seq num 3195 status 0 WEP 0 to 04:d9:f5:fb:09:94
06-29 03:39:10.535 I/[ 2364.084919] [schedu][0xa9488cfac][03( 0): 39:10.533875] wlan: [3371:I:PE] Auth TX: seq 1 seq num 3196 status 0 WEP 0 to 04:d9:f5:fb:09:94
06-29 03:39:10.597 I/[ 2364.144306] [schedu][0xa949a35d7][03( 0): 39:10.593264] wlan: [3371:I:PE] Auth TX: seq 1 seq num 3197 status 0 WEP 0 to 04:d9:f5:fb:09:94
06-29 03:39:10.657 I/[ 2364.204472] [schedu][0xa94abd4bc][03( 0): 39:10.653410] wlan: [3371:I:PE] Auth TX: seq 1 seq num 3198 status 0 WEP 0 to 04:d9:f5:fb:09:94
06-29 03:39:10.717 I/[ 2364.264588] [schedu][0xa94bd72d1][03( 0): 39:10.713544] wlan: [3371:I:PE] Auth TX: seq 1 seq num 3199 status 0 WEP 0 to 04:d9:f5:fb:09:94
06-29 03:39:10.764 I/[ 2364.308450] [drm( 0): dsi_display_set_mode] [msm-dsi-info]: mdp_transfer_time_us=0 us
06-29 03:39:10.764 I/[ 2364.308458] [drm( 0): dsi_display_set_mode] [msm-dsi-info]: hactive= 2560,vactive= 1080,fps=60
06-29 03:39:10.764 I/[ 2364.308525] [drm( 0): dsi_ctrl_isr_configure] [msm-dsi-info]: dsi-ctrl-0: IRQ 385 registered
06-29 03:39:10.773 W/[ 2364.324055] ALERT( 0): changing window size from 20000000 to 16000000 at 2364324032273
06-29 03:39:10.777 I/[ 2364.324255] [schedu][0xa94ceee93][03( 0): 39:10.773221] wlan: [3371:I:PE] Auth TX: seq 1 seq num 3200 status 0 WEP 0 to 04:d9:f5:fb:09:94
06-29 03:39:10.781 I/[ 2364.331131] [schedu][0xa94d0f22a][03( 0): 39:10.780095] wlan: [3371:I:PE] Auth TX: fail
06-29 03:39:10.812 I/[ 2364.362049] [MAX975X( 0): max96755x_drm_notifier_callback] *INFO* receives BLANK: UNBLANK
06-29 03:39:10.829 W/[ 2364.379222] audit( 0): audit_lost=21695 audit_rate_limit=5 audit_backlog_limit=64
06-29 03:39:10.829 E/[ 2364.379227] audit( 0): rate limit exceeded
06-29 03:39:10.834 I/[ 2364.384202] [schedu][0xa94e07e7c][03( 0): 39:10.833166] wlan: [3371:I:PE] Auth TX: seq 1 seq num 3201 status 0 WEP 0 to 04:d9:f5:fb:09:94
06-29 03:39:10.893 I/[ 2364.444120] [schedu][0xa94f20c3a][03( 0): 39:10.893083] wlan: [3371:I:PE] Auth TX: seq 1 seq num 3202 status 0 WEP 0 to 04:d9:f5:fb:09:94
06-29 03:39:10.957 I/[ 2364.504263] [schedu][0xa9503aa2b][03( 0): 39:10.953215] wlan: [3371:I:PE] Auth TX: seq 1 seq num 3203 status 0 WEP 0 to 04:d9:f5:fb:09:94
06-29 03:39:11.017 I/[ 2364.564480] [schedu][0xa95154f0e][03( 0): 39:11.013440] wlan: [3371:I:PE] Auth TX: seq 1 seq num 3204 status 0 WEP 0 to 04:d9:f5:fb:09:94
06-29 03:39:11.017 I/ ( 0): [ 2364.564562] atmel_mxt_ts 0-004a: Enter resume
06-29 03:39:11.073 I/[ 2364.624167] [schedu][0xa9526cb9e][03( 0): 39:11.073128] wlan: [3371:I:PE] Auth TX: seq 1 seq num 3205 status 0 WEP 0 to 04:d9:f5:fb:09:94
06-29 03:39:11.137 I/[ 2364.684283] [schedu][0xa9538680c][03( 0): 39:11.133240] wlan: [3371:I:PE] Auth TX: seq 1 seq num 3206 status 0 WEP 0 to 04:d9:f5:fb:09:94
06-29 03:39:11.194 I/[ 2364.744183] [schedu][0xa9549f4a6][03( 0): 39:11.193142] wlan: [3371:I:PE] Auth TX: seq 1 seq num 3207 status 0 WEP 0 to 04:d9:f5:fb:09:94
06-29 03:39:11.253 W/[ 2364.803186] [schedu][0xa955b3dbd][03( 0): 39:11.252143] wlan: [3371:W:PE] lim_process_auth_failure_timeout: 1777: received AUTH failure timeout in sessionid 0 limMlmstate 5 limSmeState 4
06-29 03:39:11.253 E/[ 2364.803317] [schedu][0xa955b4807][03( 0): 39:11.252280] wlan: [3371:E:PE] lim_process_mlm_auth_cnf: 558: Auth Failure occurred
06-29 03:39:11.253 I/[ 2364.803427] [schedu][0xa955b5054][03( 0): 39:11.252391] wlan: [3371:I:PE] Deauth TX: vdev 0 seq_num 3208 reason 65530 waitForAck 0 to 04:d9:f5:fb:09:94 from a2:d7:5b:b4:b7:af
06-29 03:39:11.269 W/[ 2364.817289] [schedu][0xa955f5ecc][03( 0): 39:11.266237] wlan: [3371:W:SME] csr_roam_join_rsp_processor: 9876: SmeJoinReq failed with status_code= 0x000001FD [509] reason:65530
06-29 03:39:11.269 W/[ 2364.817528] [schedu][0xa955f71fc][03( 0): 39:11.266493] wlan: [3371:W:HDD] hdd_get_rssi_snr_by_bssid: 17749: sme_get_rssi_snr_by_bssid failed
06-29 03:39:11.269 E/[ 2364.817551] [schedu][0xa955f73a8][03( 0): 39:11.266515] wlan: [3371:E:HDD] hdd_association_completion_handler: 3712: wlan0(vdevid-0): connection failed with 04:d9:f5:fb:09:94 result: 3 and Status: 7
06-29 03:39:11.269 W/[ 2364.817767] [schedu][0xa955f83d3][03( 0): 39:11.266731] wlan: [3371:W:HDD] hdd_get_rssi_snr_by_bssid: 17749: sme_get_rssi_snr_by_bssid failed
06-29 03:39:11.269 E/[ 2364.817792] [schedu][0xa955f85c3][03( 0): 39:11.266756] wlan: [3371:E:HDD] hdd_association_completion_handler: 3712: wlan0(vdevid-0): connection failed with 04:d9:f5:fb:09:94 result: 1 and Status: 9
06-29 03:39:11.269 E/[ 2364.817942] [schedu][0xa955f90e9][03( 0): 39:11.266905] wlan: [3371:E:HDD] hdd_association_completion_handler: 3784: send connect failure to nl80211: for bssid 04:d9:f5:fb:09:94 result: 1 and Status: 9 reasoncode: 65530
06-29 03:39:11.317 I/[ 2364.865317] [schedu][0xa956d71d8][03( 0): 39:11.314278] wlan: [3371:I:HIF] Deinitializing Runtime PM wakelock &vdev->vdev_set_key_runtime_wakelock
06-29 03:39:11.321 I/[ 2364.865896] [schedu][0xa956d9c9c][03( 0): 39:11.314848] wlan: [3371:I:HIF] Initializing Runtime PM wakelock &vdev->vdev_set_key_runtime_wakelock
06-29 03:39:11.325 I/[ 2364.874584] [wifi@1][0xa95702926][03( 0): 39:11.323548] wlan: [828:I:DP] dp_vdev_attach_wifi3: wlan_cfg_ap_bridge_enabled 0
06-29 03:39:11.337 E/[ 2364.882715] [wifi@1][0xa95728afa][03( 0): 39:11.331679] wlan: [3455:E:wifipos] wifi_pos_process_app_reg_req: 608: Received App Req Req pid(-398458052), len(16)
06-29 03:39:11.337 I/[ 2364.883081] [wifi@1][0xa9572a67e][03( 0): 39:11.332046] wlan: [3455:I:wifipos] wifi_pos_get_ch_info: 461: num channels: 26
06-29 03:39:11.337 I/[ 2364.883588] [wifi@1][0xa9572cc8d][03( 0): 39:11.332554] wlan: [3455:I:wifipos] wifi_pos_get_ch_info: 461: num channels: 26
06-29 03:39:11.497 I/[ 2365.046643] [schedu][0xa95a29137][03( 0): 39:11.495603] wlan: [3371:I:OSIF] scan start scan id 41242
06-29 03:39:11.733 I/ ( 0): [ 2365.280091] atmel_mxt_ts 0-004a: Report KEY_POWER to wakeup system
06-29 03:39:12.693 I/[ 2366.242387] [schedu][0xa9700de04][03( 0): 39:12.691293] wlan: [3371:I:OSIF] vdev 0, scan id 41242 type COMPLETED(1) reason COMPLETED(1) scan found 27 bss
06-29 03:39:12.807 I/[ 2366.354018] [schedu][0xa97219668][03( 0): 39:12.802978] wlan: [3371:I:HIF] Deinitializing Runtime PM wakelock &vdev->vdev_set_key_runtime_wakelock
06-29 03:39:12.807 I/[ 2366.354637] [schedu][0xa9721c515][03( 0): 39:12.803601] wlan: [3371:I:HIF] Initializing Runtime PM wakelock &vdev->vdev_set_key_runtime_wakelock
06-29 03:39:12.821 I/[ 2366.368990] [wifi@1][0xa9725f973][03( 0): 39:12.817952] wlan: [828:I:DP] dp_vdev_attach_wifi3: wlan_cfg_ap_bridge_enabled 0
06-29 03:39:12.833 E/[ 2366.382511] [wifi@1][0xa9729ef92][03( 0): 39:12.831474] wlan: [3455:E:wifipos] wifi_pos_process_app_reg_req: 608: Received App Req Req pid(-398458052), len(16)
06-29 03:39:12.833 I/[ 2366.382919] [wifi@1][0xa972a0e62][03( 0): 39:12.831885] wlan: [3455:I:wifipos] wifi_pos_get_ch_info: 461: num channels: 26
06-29 03:39:12.833 I/[ 2366.383307] [wifi@1][0xa972a2b85][03( 0): 39:12.832273] wlan: [3455:I:wifipos] wifi_pos_get_ch_info: 461: num channels: 26
06-29 03:39:12.845 I/[ 2366.394593] [wpa_su][0xa972d7a1d][03( 0): 39:12.843561] wlan: [3475:I:SME] vdev-0: Connecting to 200M_5G 98:97:cc:03:15:36 rssi: -60 freq: 5200 akm 9 cipher: uc 6 mc 6, CC:
06-29 03:39:12.845 E/[ 2366.394618] [wpa_su][0xa972d7c11][03( 0): 39:12.843587] wlan: [3475:E:QDF] Cannot malloc 0 bytes @ csr_get_cfg_max_tx_power:14199
06-29 03:39:12.845 I/[ 2366.395404] [schedu][0xa972db6a2][03( 0): 39:12.844368] wlan: [3371:I:WMI] send_vdev_start_cmd_tlv: 1062: send_vdev_start_cmd_tlv: vdev_id 0 freq 5200 chanmode 6 ch_info: 0x6 is_dfs 0 beacon interval 100 dtim 0 center_chan 5190 center_freq2 0 reg_info_1: 0x170000 reg_info_2: 0x1700, req->max_txpow: 0x17 Tx SS 1, Rx SS 1, ldpc_rx: 0, cac 0, regd 4, HE ops: 0req->dis_hw_ack: 0
06-29 03:39:12.881 I/[ 2366.428481] [wpa_su][0xa97376761][03( 0): 39:12.877445] wlan: [3475:I:HDD] wlan0(vdevid-0): Received Disconnect reason:3 WLAN_REASON_DEAUTH_LEAVING
06-29 03:39:12.881 E/[ 2366.432096] link_delay_work_func( 0): DTC_ETH: SQI=0, link=0
06-29 03:39:13.016 I/[ 2366.566833] [soft_i][0xa975feee6][03( 0): 39:13.015785] wlan: [0:I:TXRX] HTT_T2H_MSG_TYPE_PEER_MAP msg for peer id 0 vdev id 0 n
06-29 03:39:13.016 E/[ 2366.566903] [soft_i][0xa975ff4f2][03( 0): 39:13.015866] wlan: [0:E:DP] dp_peer_find_add_id: peer 0000000000000000 ID 0 vid 0 mac 98:97:cc:03:15:36
06-29 03:39:13.016 I/[ 2366.567042] [soft_i][0xa975fff74][03( 0): 39:13.016006] wlan: [0:I:DP] dp_peer_find_add_id: ref_cnt: 2
06-29 03:39:13.016 E/[ 2366.567062] [soft_i][0xa976000e3][03( 0): 39:13.016025] wlan: [0:E:DP] dp_peer_map_ast: peer 0000000000000000 ID 113 vid 0 mac 98:97:cc:03:15:36
06-29 03:39:13.093 I/[ 2366.642619] [schedu][0xa9776238c][03( 0): 39:13.091580] wlan: [3371:I:PE] Auth TX: seq 1 seq num 3210 status 0 WEP 0 to 98:97:cc:03:15:36
06-29 03:39:13.097 I/[ 2366.644391] [schedu][0xa9776a89c][03( 0): 39:13.093354] wlan: [3371:I:PE] Auth TX: success
06-29 03:39:13.097 I/[ 2366.645424] [schedu][0xa9776f64b][03( 0): 39:13.094390] wlan: [3371:I:PE] Auth RX: vdev 0 sys role 3 lim_state 5 from 98:97:cc:03:15:36 rssi -56 auth_alg 0 seq 2645
06-29 03:39:13.097 I/[ 2366.645629] [schedu][0xa977705ac][03( 0): 39:13.094595] wlan: [3371:I:PE] Assoc req TX: vdev 0 to 98:97:cc:03:15:36 seq num 3211
06-29 03:39:13.097 I/[ 2366.647243] [schedu][0xa97777eac][03( 0): 39:13.096209] wlan: [3371:I:PE] Assoc req TX: success
06-29 03:39:13.109 I/[ 2366.658159] [schedu][0xa977ab122][03( 0): 39:13.107121] wlan: [3371:I:PE] Assoc rsp RX: subtype 0 vdev 0 sys role 3 lim state 10 rssi -56 from 98:97:cc:03:15:36
06-29 03:39:13.117 E/[ 2366.667042] [schedu][0xa977d4b55][03( 0): 39:13.116004] wlan: [3371:E:QDF] Cannot malloc 0 bytes @ csr_get_cfg_max_tx_power:14199
06-29 03:39:13.117 E/[ 2366.667067] [schedu][0xa977d4cf5][03( 0): 39:13.116026] wlan: [3371:E:QDF] Cannot malloc 0 bytes @ csr_get_cfg_max_tx_power:14199
06-29 03:39:13.117 I/[ 2366.667979] [schedu][0xa977d9100][03( 0): 39:13.116933] wlan: [3371:I:HDD] hdd_association_completion_handler: 3187: hddDisconInProgress state=5, result=2, status=7
06-29 03:39:13.121 I/[ 2366.668424] [schedu][0xa977db33c][03( 0): 39:13.117389] wlan: [3371:I:HDD] wlan0(vdevid-0): disconnected
06-29 03:39:13.121 E/[ 2366.668576] [schedu][0xa977dbe08][03( 0): 39:13.117533] wlan: [3371:E:POLICY_MGR] policy_mgr_is_mcc_in_24G: 2881: unexpected num_connections value 0
06-29 03:39:13.177 W/[ 2366.728109] [schedu][0xa978f2e8d][03( 0): 39:13.177061] wlan: [3371:W:HDD] hdd_association_completion_handler: 3291: Warning:ASSOC_LINKUP_TIMEOUT
06-29 03:39:13.180 E/[ 2366.729318] [schedu][0xa978f8a1b][03( 0): 39:13.178281] wlan: [3371:E:HDD] hdd_association_completion_handler: 3686: STA register with TL failed status: 16 [00000010]
06-29 03:39:13.180 I/[ 2366.730324] [schedu][0xa978fd59f][03( 0): 39:13.179288] wlan: [3371:I:PE] Deauth TX: vdev 0 seq_num 3212 reason 3 waitForAck 1 to 98:97:cc:03:15:36 from 6e:37:ae:b7:f4:a8
06-29 03:39:13.197 E/[ 2366.745500] [schedu][0xa97944779][03( 0): 39:13.194459] wlan: [3371:E:HDD] hdd_get_roam_scan_ch_cb: 4213: Invalid len
06-29 03:39:13.220 I/[ 2366.766833] [schedu][0xa979a8774][03( 0): 39:13.215792] wlan: [3371:I:HDD] wlan0(vdevid-0): disconnected
06-29 03:39:13.220 I/[ 2366.767444] [wpa_su][0xa979ab5aa][03( 0): 39:13.216408] wlan: [3475:I:HDD] Disconnect reason: 3 WLAN_REASON_DEAUTH_LEAVING vendor: 0 LG: 1
06-29 03:39:13.274 I/[ 2366.819958] [schedu][0xa97aa17a2][03( 0): 39:13.268915] wlan: [3371:I:HIF] Deinitializing Runtime PM wakelock &vdev->vdev_set_key_runtime_wakelock
06-29 03:39:13.274 I/[ 2366.824335] [schedu][0xa97ab5e0f][03( 0): 39:13.273268] wlan: [3371:I:HIF] Initializing Runtime PM wakelock &vdev->vdev_set_key_runtime_wakelock
06-29 03:39:13.296 I/[ 2366.837388] [wifi@1][0xa97af3328][03( 0): 39:13.286348] wlan: [828:I:DP] dp_vdev_attach_wifi3: wlan_cfg_ap_bridge_enabled 0
06-29 03:39:13.296 E/[ 2366.846602] [wifi@1][0xa97b1e602][03( 0): 39:13.295560] wlan: [3455:E:wifipos] wifi_pos_process_app_reg_req: 608: Received App Req Req pid(-398458052), len(16)
06-29 03:39:13.296 I/[ 2366.847184] [wifi@1][0xa97b21200][03( 0): 39:13.296146] wlan: [3455:I:wifipos] wifi_pos_get_ch_info: 461: num channels: 26
06-29 03:39:13.297 I/[ 2366.847669] [wifi@1][0xa97b2367e][03( 0): 39:13.296633] wlan: [3455:I:wifipos] wifi_pos_get_ch_info: 461: num channels: 26
06-29 03:39:13.314 I/[ 2366.864634] [wpa_su][0xa97b72f0b][03( 0): 39:13.313600] wlan: [3475:I:SME] vdev-0: Connecting to hht_test_wifi_fc4318c9 04:d9:f5:fb:09:94 rssi: -75 freq: 5300 akm 3 cipher: uc 6 mc 6, CC:
06-29 03:39:13.314 E/[ 2366.864680] [wpa_su][0xa97b732bb][03( 0): 39:13.313649] wlan: [3475:E:QDF] Cannot malloc 0 bytes @ csr_get_cfg_max_tx_power:14199
06-29 03:39:13.317 I/[ 2366.865779] [schedu][0xa97b784af][03( 0): 39:13.314742] wlan: [3371:I:WMI] send_vdev_start_cmd_tlv: 1062: send_vdev_start_cmd_tlv: vdev_id 0 freq 5300 chanmode 18 ch_info: 0x12 is_dfs 0 beacon interval 100 dtim 0 center_chan 5290 center_freq2 0 reg_info_1: 0x170000 reg_info_2: 0x1700, req->max_txpow: 0x17 Tx SS 1, Rx SS 1, ldpc_rx: 0, cac 0, regd 4, HE ops: 0req->dis_hw_ack: 1
06-29 03:39:13.341 E/[ 2366.888800] [wifico][0xa97be42fb][03( 0): 39:13.337759] wlan: [1206:E:HDD] __wlan_hdd_cfg80211_scan: 572: Scan not allowed. scan_ebusy_cnt: 419 Session 0 Reason 1
06-29 03:39:13.493 I/[ 2367.043654] [soft_i][0xa97eba137][03( 0): 39:13.492616] wlan: [0:I:TXRX] HTT_T2H_MSG_TYPE_PEER_MAP msg for peer id 12 vdev id 0 n
06-29 03:39:13.493 E/[ 2367.043674] [soft_i][0xa97eba318][03( 0): 39:13.492641] wlan: [0:E:DP] dp_peer_find_add_id: peer 0000000000000000 ID 12 vid 0 mac 04:d9:f5:fb:09:94
06-29 03:39:13.493 I/[ 2367.043687] [soft_i][0xa97eba410][03( 0): 39:13.492654] wlan: [0:I:DP] dp_peer_find_add_id: ref_cnt: 2
06-29 03:39:13.493 E/[ 2367.043698] [soft_i][0xa97eba4e0][03( 0): 39:13.492665] wlan: [0:E:DP] dp_peer_map_ast: peer 0000000000000000 ID 3 vid 0 mac 04:d9:f5:fb:09:94
06-29 03:39:13.521 I/[ 2367.071831] binder( 0): 10685:10685 ioctl 40046210 7fdcc9b894 returned -22
06-29 03:39:13.524 I/[ 2367.073089] binder( 0): 10686:10686 ioctl 40046210 7fdcc9b894 returned -22
06-29 03:39:13.537 I/[ 2367.087553] binder( 0): 10691:10691 ioctl 40046210 7fdcc9b894 returned -22
06-29 03:39:13.564 I/[ 2367.112268] binder( 0): 10714:10714 ioctl 40046210 ffb15498 returned -22
06-29 03:39:13.584 I/[ 2367.132967] binder( 0): 10743:10743 ioctl 40046210 7fdcc9b894 returned -22
06-29 03:39:13.617 I/[ 2367.166746] [schedu][0xa980fb131][03( 0): 39:13.615709] wlan: [3371:I:PE] Auth TX: seq 1 seq num 3214 status 0 WEP 0 to 04:d9:f5:fb:09:94
06-29 03:39:13.622 I/[ 2367.173247] [schedu][0xa981198d6][03( 0): 39:13.622211] wlan: [3371:I:PE] Auth TX: fail
06-29 03:39:13.677 I/[ 2367.224379] [schedu][0xa98209381][03( 0): 39:13.673340] wlan: [3371:I:PE] Auth TX: seq 1 seq num 3215 status 0 WEP 0 to 04:d9:f5:fb:09:94
06-29 03:39:13.739 I/[ 2367.284260] [schedu][0xa98321e8c][03( 0): 39:13.733220] wlan: [3371:I:PE] Auth TX: seq 1 seq num 3216 status 0 WEP 0 to 04:d9:f5:fb:09:94
06-29 03:39:13.797 I/[ 2367.344142] [schedu][0xa9843a9c7][03( 0): 39:13.793103] wlan: [3371:I:PE] Auth TX: seq 1 seq num 3217 status 0 WEP 0 to 04:d9:f5:fb:09:94
06-29 03:39:13.856 I/[ 2367.404195] [schedu][0xa985541a3][03( 0): 39:13.853155] wlan: [3371:I:PE] Auth TX: seq 1 seq num 3218 status 0 WEP 0 to 04:d9:f5:fb:09:94
06-29 03:39:13.917 I/[ 2367.464154] [schedu][0xa9866d29a][03( 0): 39:13.913114] wlan: [3371:I:PE] Auth TX: seq 1 seq num 3219 status 0 WEP 0 to 04:d9:f5:fb:09:94
06-29 03:39:13.969 I/[ 2367.518616] binder( 0): 10797:10797 ioctl 40046210 7fdcc9b894 returned -22
06-29 03:39:13.973 I/[ 2367.524172] [schedu][0xa9878687b][03( 0): 39:13.973139] wlan: [3371:I:PE] Auth TX: seq 1 seq num 3220 status 0 WEP 0 to 04:d9:f5:fb:09:94
06-29 03:39:14.007 W/[ 2367.556068] ALERT( 0): changing window size from 16000000 to 8000000 at 2367556047584
06-29 03:39:14.036 I/[ 2367.584187] [schedu][0xa9889fd0c][03( 0): 39:14.033147] wlan: [3371:I:PE] Auth TX: seq 1 seq num 3221 status 0 WEP 0 to 04:d9:f5:fb:09:94
06-29 03:39:14.045 I/[ 2367.595380] binder( 0): 10837:10837 ioctl 40046210 7fdcc9b894 returned -22
06-29 03:39:14.093 I/[ 2367.644171] [schedu][0xa989b9027][03( 0): 39:14.093135] wlan: [3371:I:PE] Auth TX: seq 1 seq num 3222 status 0 WEP 0 to 04:d9:f5:fb:09:94
06-29 03:39:14.159 I/[ 2367.705607] [schedu][0xa98ad8fdf][03( 0): 39:14.154571] wlan: [3371:I:PE] Auth TX: seq 1 seq num 3223 status 0 WEP 0 to 04:d9:f5:fb:09:94
06-29 03:39:14.169 I/[ 2367.717330] [schedu][0xa98b0ff3e][03( 0): 39:14.166296] wlan: [3371:I:PE] Auth TX: fail
06-29 03:39:14.216 I/[ 2367.764113] [schedu][0xa98beb3f6][03( 0): 39:14.213079] wlan: [3371:I:PE] Auth TX: seq 1 seq num 3224 status 0 WEP 0 to 04:d9:f5:fb:09:94
06-29 03:39:14.274 I/[ 2367.824100] [schedu][0xa98d046f0][03( 0): 39:14.273065] wlan: [3371:I:PE] Auth TX: seq 1 seq num 3225 status 0 WEP 0 to 04:d9:f5:fb:09:94
06-29 03:39:14.336 I/[ 2367.884145] [schedu][0xa98e1de58][03( 0): 39:14.333111] wlan: [3371:I:PE] Auth TX: seq 1 seq num 3226 status 0 WEP 0 to 04:d9:f5:fb:09:94
06-29 03:39:14.397 I/[ 2367.944072] [schedu][0xa98f36d05][03( 0): 39:14.393040] wlan: [3371:I:PE] Auth TX: seq 1 seq num 3227 status 0 WEP 0 to 04:d9:f5:fb:09:94
06-29 03:39:14.409 I/[ 2367.955609] binder( 0): 10797:10838 ioctl 40046210 72423a91f4 returned -22
06-29 03:39:14.453 I/[ 2368.000601] msm_vidc( 0): high: 00000001: ....d: Opening video instance: 0000000000000000, 1
06-29 03:39:14.453 I/[ 2368.000650] msm_vidc( 0): err : 00000001: ....d: Failed to create debugfs for msm_vidc
06-29 03:39:14.453 I/[ 2368.004188] [schedu][0xa99050997][03( 0): 39:14.453154] wlan: [3371:I:PE] Auth TX: seq 1 seq num 3228 status 0 WEP 0 to 04:d9:f5:fb:09:94
06-29 03:39:14.516 I/[ 2368.064075] [schedu][0xa99169524][03( 0): 39:14.513041] wlan: [3371:I:PE] Auth TX: seq 1 seq num 3229 status 0 WEP 0 to 04:d9:f5:fb:09:94
06-29 03:39:14.529 I/[ 2368.077460] afe_find_cal_topo_id_by_port( 0): port id: 0x9000, dev_acdb_id: 15
06-29 03:39:14.529 I/[ 2368.077463] afe_find_cal_topo_id_by_port( 0): top_id:112fc acdb_id:15 afe_port_id:0x9000
06-29 03:39:14.529 I/[ 2368.077464] afe_get_cal_topology_id( 0): port_id = 0x9000 acdb_id = 15 topology_id = 0x112fc cal_type_index=8 ret=0
06-29 03:39:14.529 I/[ 2368.077685] afe_send_port_topology_id( 0): AFE set topology id 0x112fc enable for port 0x9000 ret 0
06-29 03:39:14.529 I/[ 2368.077687] send_afe_cal_type( 0): cal_index is 0
06-29 03:39:14.529 I/[ 2368.077688] send_afe_cal_type( 0): dev_acdb_id[55] is 15
06-29 03:39:14.529 I/[ 2368.077689] afe_find_cal( 0): cal_index 0 port_id 0x9000 port_index 55
06-29 03:39:14.529 I/[ 2368.077691] afe_find_cal( 0): acdb_id 15 dev_acdb_id 15 sample_rate 48000 afe_sample_rates 48000
06-29 03:39:14.529 I/[ 2368.077692] afe_find_cal( 0): cal block is a match, size is 0
06-29 03:39:14.529 I/[ 2368.077693] send_afe_cal_type( 0): Sending cal_index cal 0
06-29 03:39:14.529 E/[ 2368.077694] send_afe_cal_type( 0): No cal sent for cal_index 0, port_id = 0x9000! ret -22
06-29 03:39:14.529 I/[ 2368.077926] afe_send_hw_delay( 0): port_id 0x9000 rate 48000 delay_usec 474 status 0
06-29 03:39:14.574 I/[ 2368.124127] [schedu][0xa99282d16][03( 0): 39:14.573094] wlan: [3371:I:PE] Auth TX: seq 1 seq num 3230 status 0 WEP 0 to 04:d9:f5:fb:09:94
06-29 03:39:14.637 I/[ 2368.184101] [schedu][0xa9939bef0][03( 0): 39:14.633065] wlan: [3371:I:PE] Auth TX: seq 1 seq num 3231 status 0 WEP 0 to 04:d9:f5:fb:09:94
06-29 03:39:14.641 W/[ 2368.192058] [schedu][0xa993c13db][03( 0): 39:14.641024] wlan: [3371:W:PE] lim_process_auth_failure_timeout: 1777: received AUTH failure timeout in sessionid 0 limMlmstate 5 limSmeState 4
06-29 03:39:14.641 E/[ 2368.192084] [schedu][0xa993c15fa][03( 0): 39:14.641053] wlan: [3371:E:PE] lim_process_mlm_auth_cnf: 558: Auth Failure occurred
06-29 03:39:14.641 I/[ 2368.192107] [schedu][0xa993c17b1][03( 0): 39:14.641075] wlan: [3371:I:PE] Deauth TX: vdev 0 seq_num 3232 reason 65530 waitForAck 0 to 04:d9:f5:fb:09:94 from a2:d7:5b:b4:b7:af
06-29 03:39:14.656 W/[ 2368.203920] [schedu][0xa993f8d76][03( 0): 39:14.652886] wlan: [3371:W:SME] csr_roam_join_rsp_processor: 9876: SmeJoinReq failed with status_code= 0x000001FD [509] reason:65530
06-29 03:39:14.656 W/[ 2368.203982] [schedu][0xa993f925e][03( 0): 39:14.652951] wlan: [3371:W:HDD] hdd_get_rssi_snr_by_bssid: 17749: sme_get_rssi_snr_by_bssid failed
06-29 03:39:14.656 E/[ 2368.203986] [schedu][0xa993f92af][03( 0): 39:14.652955] wlan: [3371:E:HDD] hdd_association_completion_handler: 3712: wlan0(vdevid-0): connection failed with 04:d9:f5:fb:09:94 result: 3 and Status: 7
06-29 03:39:14.656 W/[ 2368.204071] [schedu][0xa993f9907][03( 0): 39:14.653040] wlan: [3371:W:HDD] hdd_get_rssi_snr_by_bssid: 17749: sme_get_rssi_snr_by_bssid failed
06-29 03:39:14.656 E/[ 2368.204075] [schedu][0xa993f995f][03( 0): 39:14.653045] wlan: [3371:E:HDD] hdd_association_completion_handler: 3712: wlan0(vdevid-0): connection failed with 04:d9:f5:fb:09:94 result: 1 and Status: 9
06-29 03:39:14.656 E/[ 2368.204122] [schedu][0xa993f9ce3][03( 0): 39:14.653091] wlan: [3371:E:HDD] hdd_association_completion_handler: 3784: send connect failure to nl80211: for bssid 04:d9:f5:fb:09:94 result: 1 and Status: 9 reasoncode: 65530
06-29 03:39:14.680 I/[ 2368.224987] logd( 0): logdr: UID=1000 GID=1000 PID=11135 n tail=127 logMask=19 pid=0 start=0ns deadline=0ns
06-29 03:39:14.697 I/[ 2368.243804] [schedu][0xa994b3cf3][03( 0): 39:14.692772] wlan: [3371:I:HIF] Deinitializing Runtime PM wakelock &vdev->vdev_set_key_runtime_wakelock
06-29 03:39:14.757 I/[ 2368.244086] [schedu][0xa994b521e][03( 0): 39:14.693055] wlan: [3371:I:HIF] Initializing Runtime PM wakelock &vdev->vdev_set_key_runtime_wakelock
06-29 03:39:14.757 I/[ 2368.245889] [wifi@1][0xa994bd962][03( 0): 39:14.694858] wlan: [828:I:DP] dp_vdev_attach_wifi3: wlan_cfg_ap_bridge_enabled 0
06-29 03:39:14.757 E/[ 2368.249456] [wifi@1][0xa994ce4b1][03( 0): 39:14.698422] wlan: [3455:E:wifipos] wifi_pos_process_app_reg_req: 608: Received App Req Req pid(-398458052), len(16)
06-29 03:39:14.757 I/[ 2368.249619] [wifi@1][0xa994cf11c][03( 0): 39:14.698588] wlan: [3455:I:wifipos] wifi_pos_get_ch_info: 461: num channels: 26
06-29 03:39:14.757 I/[ 2368.249767] [wifi@1][0xa994cfc29][03( 0): 39:14.698735] wlan: [3455:I:wifipos] wifi_pos_get_ch_info: 461: num channels: 26
06-29 03:39:14.821 I/[ 2368.369953] logd( 0): logdr: UID=1000 GID=1000 PID=11141 n tail=127 logMask=80 pid=0 start=0ns deadline=0ns
06-29 03:39:14.921 I/[ 2368.459043] [schedu][0xa998a4bc3][03( 0): 39:14.908010] wlan: [3371:I:OSIF] scan start scan id 41243
06-29 03:39:14.963 W/[ 2368.511503] audit( 0): audit_lost=21791 audit_rate_limit=5 audit_backlog_limit=64
06-29 03:39:14.963 E/[ 2368.511508] audit( 0): rate limit exceeded --------- beginning of system
06-29 03:39:15.035 W/BroadcastQueue( 1522): Background execution not allowed: receiving Intent { act=android.media.AUDIO_BECOMING_NOISY flg=0x14000010 } to com.kugou.android.auto/.receiver.AutoStartReceiver
06-29 03:39:15.036 D/PowerManagerService( 1522): acquireWakeLockInternal: lock=126465943, flags=0x2000000a, tag="WindowManager", ws=WorkSource{10092}, uid=1000, pid=1522
06-29 03:39:15.036 D/PowerManagerService( 1522): updateWakeLockSummaryLocked: mWakefulness=Awake, mWakeLockSummary=0x23
06-29 03:39:15.036 D/PowerManagerService( 1522): updateUserActivitySummaryLocked: groupId=0, mWakefulness=Awake, mUserActivitySummary=0x1, nextTimeout=2427380 (in 58793 ms)
06-29 03:39:15.036 D/PowerManagerNotifier( 1522): onScreenPolicyUpdate: newPolicy=3
06-29 03:39:15.036 D/PowerManagerService( 1522): updateDisplayPowerStateLocked: displayReady=true, groupId=0, policy=BRIGHT, mWakefulness=Awake, mWakeLockSummary=0x23, mUserActivitySummary=0x1, mBootCompleted=true, screenBrightnessOverride=NaN, useAutoBrightness=false, mScreenBrightnessBoostInProgress=false, mIsVrModeEnabled= false, sQuiescent=false
06-29 03:39:15.036 D/PowerManagerNotifier( 1522): onWakeLockAcquired: flags=536870922, tag="WindowManager", packageName=android, ownerUid=1000, ownerPid=1522, workSource=WorkSource{10092}
06-29 03:39:15.039 I/MicroServiceManager( 1522): requestResult(requestAudioFocus) parameters is{"functionInfo":{"IDCM_AudioFocus":"AudioFocus_Media"}}.
06-29 03:39:15.091 D/PowerManagerService( 1522): releaseWakeLockInternal: lock=258975204 [*launch*], flags=0x0
06-29 03:39:15.091 D/PowerManagerNotifier( 1522): onWakeLockReleased: flags=1, tag="*launch*", packageName=android, ownerUid=1000, ownerPid=1522, workSource=WorkSource{10092}
06-29 03:39:15.091 D/PowerManagerService( 1522): updateWakeLockSummaryLocked: mWakefulness=Awake, mWakeLockSummary=0x23
06-29 03:39:15.091 D/PowerManagerService( 1522): updateUserActivitySummaryLocked: groupId=0, mWakefulness=Awake, mUserActivitySummary=0x1, nextTimeout=2427380 (in 58738 ms)
06-29 03:39:15.091 D/PowerManagerNotifier( 1522): onScreenPolicyUpdate: newPolicy=3
06-29 03:39:15.091 D/PowerManagerService( 1522): updateDisplayPowerStateLocked: displayReady=true, groupId=0, policy=BRIGHT, mWakefulness=Awake, mWakeLockSummary=0x23, mUserActivitySummary=0x1, mBootCompleted=true, screenBrightnessOverride=NaN, useAutoBrightness=false, mScreenBrightnessBoostInProgress=false, mIsVrModeEnabled= false, sQuiescent=false
06-29 03:39:15.224 W/Looper (10714): Loop again would have the queued messages be executed before this one completed.
06-29 03:39:15.338 D/PowerManagerService( 1522): acquireWakeLockInternal: lock=218282209, flags=0x1, tag="*alarm*", ws=WorkSource{1000}, uid=1000, pid=1522
06-29 03:39:15.338 D/PowerManagerService( 1522): updateWakeLockSummaryLocked: mWakefulness=Awake, mWakeLockSummary=0x23
06-29 03:39:15.338 D/PowerManagerService( 1522): updateUserActivitySummaryLocked: groupId=0, mWakefulness=Awake, mUserActivitySummary=0x1, nextTimeout=2427380 (in 58491 ms)
06-29 03:39:15.338 D/PowerManagerNotifier( 1522): onScreenPolicyUpdate: newPolicy=3
06-29 03:39:15.338 D/PowerManagerService( 1522): updateDisplayPowerStateLocked: displayReady=true, groupId=0, policy=BRIGHT, mWakefulness=Awake, mWakeLockSummary=0x23, mUserActivitySummary=0x1, mBootCompleted=true, screenBrightnessOverride=NaN, useAutoBrightness=false, mScreenBrightnessBoostInProgress=false, mIsVrModeEnabled= false, sQuiescent=false
06-29 03:39:15.338 D/PowerManagerNotifier( 1522): onWakeLockAcquired: flags=1, tag="*alarm*", packageName=android, ownerUid=1000, ownerPid=1522, workSource=WorkSource{1000}
06-29 03:39:15.338 D/PowerManagerService( 1522): releaseWakeLockInternal: lock=218282209 [*alarm*], flags=0x0
06-29 03:39:15.338 D/PowerManagerNotifier( 1522): onWakeLockReleased: flags=1, tag="*alarm*", packageName=android, ownerUid=1000, ownerPid=1522, workSource=WorkSource{1000}
06-29 03:39:15.338 D/PowerManagerService( 1522): updateWakeLockSummaryLocked: mWakefulness=Awake, mWakeLockSummary=0x23
06-29 03:39:15.338 D/PowerManagerService( 1522): updateUserActivitySummaryLocked: groupId=0, mWakefulness=Awake, mUserActivitySummary=0x1, nextTimeout=2427380 (in 58491 ms)
06-29 03:39:15.338 D/PowerManagerNotifier( 1522): onScreenPolicyUpdate: newPolicy=3
06-29 03:39:15.338 D/PowerManagerService( 1522): updateDisplayPowerStateLocked: displayReady=true, groupId=0, policy=BRIGHT, mWakefulness=Awake, mWakeLockSummary=0x23, mUserActivitySummary=0x1, mBootCompleted=true, screenBrightnessOverride=NaN, useAutoBrightness=false, mScreenBrightnessBoostInProgress=false, mIsVrModeEnabled= false, sQuiescent=false
06-29 03:39:15.461 E/PackageDexUsage( 1522): Unsupported context?
06-29 03:39:15.640 W/BroadcastQueue( 1522): Background execution not allowed: receiving Intent { act=android.media.AUDIO_BECOMING_NOISY flg=0x14000010 } to com.kugou.android.auto/.receiver.AutoStartReceiver
06-29 03:39:15.948 I/GameModeConfig( 1522): isGameModeOn = true
06-29 03:39:15.948 I/GameModeConfig( 1522): isGaming = true
06-29 03:39:15.948 I/GameModeConfig( 1522): isDisableNotification = true
06-29 03:39:15.948 I/GameModeConfig( 1522): isGameModeOn = true
06-29 03:39:15.948 I/GameModeConfig( 1522): isGaming = true
06-29 03:39:15.948 I/GameModeConfig( 1522): isDisableNotification = true
06-29 03:39:15.948 I/GameModeConfig( 1522): isGameModeOn = true
06-29 03:39:15.948 I/GameModeConfig( 1522): isGaming = true
06-29 03:39:15.948 I/GameModeConfig( 1522): isDisableNotification = true
06-29 03:39:15.948 I/GameModeConfig( 1522): isGameModeOn = true
06-29 03:39:15.948 I/GameModeConfig( 1522): isGaming = true
06-29 03:39:15.948 I/GameModeConfig( 1522): isDisableNotification = true
06-29 03:39:15.948 I/GameModeConfig( 1522): isGameModeOn = true
06-29 03:39:15.948 I/GameModeConfig( 1522): isGaming = true
06-29 03:39:15.948 I/GameModeConfig( 1522): isDisableNotification = true
06-29 03:39:15.948 I/GameModeConfig( 1522): isGameModeOn = true
06-29 03:39:15.948 I/GameModeConfig( 1522): isGaming = true
06-29 03:39:15.948 I/GameModeConfig( 1522): isDisableNotification = true
06-29 03:39:15.948 I/GameModeConfig( 1522): isGameModeOn = true
06-29 03:39:15.948 I/GameModeConfig( 1522): isGaming = true
06-29 03:39:15.948 I/GameModeConfig( 1522): isDisableNotification = true
06-29 03:39:15.948 I/GameModeConfig( 1522): isGameModeOn = true
06-29 03:39:15.948 I/GameModeConfig( 1522): isGaming = true
06-29 03:39:15.948 I/GameModeConfig( 1522): isDisableNotification = true
06-29 03:39:15.948 I/GameModeConfig( 1522): isGameModeOn = true
06-29 03:39:15.948 I/GameModeConfig( 1522): isGaming = true
06-29 03:39:15.948 I/GameModeConfig( 1522): isDisableNotification = true
06-29 03:39:15.948 I/GameModeConfig( 1522): isGameModeOn = true
06-29 03:39:15.948 I/GameModeConfig( 1522): isGaming = true
06-29 03:39:15.948 I/GameModeConfig( 1522): isDisableNotification = true
06-29 03:39:15.948 I/GameModeConfig( 1522): isGameModeOn = true
06-29 03:39:15.948 I/GameModeConfig( 1522): isGaming = true
06-29 03:39:15.948 I/GameModeConfig( 1522): isDisableNotification = true
06-29 03:39:15.948 I/GameModeConfig( 1522): isGameModeOn = true
06-29 03:39:15.948 I/GameModeConfig( 1522): isGaming = true
06-29 03:39:15.948 I/GameModeConfig( 1522): isDisableNotification = true
06-29 03:39:15.948 I/GameModeConfig( 1522): isGameModeOn = true
06-29 03:39:15.948 I/GameModeConfig( 1522): isGaming = true
06-29 03:39:15.948 I/GameModeConfig( 1522): isDisableNotification = true
06-29 03:39:15.948 I/GameModeConfig( 1522): isGameModeOn = true
06-29 03:39:15.948 I/GameModeConfig( 1522): isGaming = true
06-29 03:39:15.948 I/GameModeConfig( 1522): isDisableNotification = true
06-29 03:39:15.950 I/GameModeConfig( 1522): isGameModeOn = true
06-29 03:39:15.950 I/GameModeConfig( 1522): isGaming = true
06-29 03:39:15.950 I/GameModeConfig( 1522): isDisableNotification = true
06-29 03:39:15.950 I/GameModeConfig( 1522): isGameModeOn = true
06-29 03:39:15.950 I/GameModeConfig( 1522): isGaming = true
06-29 03:39:15.950 I/GameModeConfig( 1522): isDisableNotification = true
06-29 03:39:15.950 I/GameModeConfig( 1522): isGameModeOn = true
06-29 03:39:15.950 I/GameModeConfig( 1522): isGaming = true
06-29 03:39:15.950 I/GameModeConfig( 1522): isDisableNotification = true
06-29 03:39:15.950 I/GameModeConfig( 1522): isGameModeOn = true
06-29 03:39:15.950 I/GameModeConfig( 1522): isGaming = true
06-29 03:39:15.950 I/GameModeConfig( 1522): isDisableNotification = true
06-29 03:39:15.950 I/GameModeConfig( 1522): isGameModeOn = true
06-29 03:39:15.950 I/GameModeConfig( 1522): isGaming = true
06-29 03:39:15.950 I/GameModeConfig( 1522): isDisableNotification = true
06-29 03:39:15.950 I/GameModeConfig( 1522): isGameModeOn = true
06-29 03:39:15.950 I/GameModeConfig( 1522): isGaming = true
06-29 03:39:15.950 I/GameModeConfig( 1522): isDisableNotification = true
06-29 03:39:15.950 I/GameModeConfig( 1522): isGameModeOn = true
06-29 03:39:15.950 I/GameModeConfig( 1522): isGaming = true
06-29 03:39:15.950 I/GameModeConfig( 1522): isDisableNotification = true
06-29 03:39:15.950 I/GameModeConfig( 1522): isGameModeOn = true
06-29 03:39:15.950 I/GameModeConfig( 1522): isGaming = true
06-29 03:39:15.950 I/GameModeConfig( 1522): isDisableNotification = true
06-29 03:39:15.951 I/GameModeConfig( 1522): isGameModeOn = true
06-29 03:39:15.951 I/GameModeConfig( 1522): isGaming = true
06-29 03:39:15.951 I/GameModeConfig( 1522): isDisableNotification = true
06-29 03:39:15.951 I/GameModeConfig( 1522): isGameModeOn = true
06-29 03:39:15.951 I/GameModeConfig( 1522): isGaming = true
06-29 03:39:15.951 I/GameModeConfig( 1522): isDisableNotification = true
06-29 03:39:15.951 I/GameModeConfig( 1522): isGameModeOn = true
06-29 03:39:15.951 I/GameModeConfig( 1522): isGaming = true
06-29 03:39:15.951 I/GameModeConfig( 1522): isDisableNotification = true
06-29 03:39:15.951 I/GameModeConfig( 1522): isGameModeOn = true
06-29 03:39:15.951 I/GameModeConfig( 1522): isGaming = true
06-29 03:39:15.951 I/GameModeConfig( 1522): isDisableNotification = true
06-29 03:39:15.951 I/GameModeConfig( 1522): isGameModeOn = true
06-29 03:39:15.951 I/GameModeConfig( 1522): isGaming = true
06-29 03:39:15.951 I/GameModeConfig( 1522): isDisableNotification = true
06-29 03:39:15.951 I/GameModeConfig( 1522): isGameModeOn = true
06-29 03:39:15.951 I/GameModeConfig( 1522): isGaming = true
06-29 03:39:15.951 I/GameModeConfig( 1522): isDisableNotification = true
06-29 03:39:16.087 I/[ 2369.637012] [schedu][0xa9ae3676e][03( 0): 39:16.085979] wlan: [3371:I:OSIF] vdev 0, scan id 41243 type COMPLETED(1) reason COMPLETED(1) scan found 23 bss
06-29 03:39:16.102 I/GameModeConfig( 1522): isGameModeOn = true
06-29 03:39:16.102 I/GameModeConfig( 1522): isGaming = true
06-29 03:39:16.102 I/GameModeConfig( 1522): isDisableNotification = true
06-29 03:39:16.102 I/GameModeConfig( 1522): isGameModeOn = true
06-29 03:39:16.102 I/GameModeConfig( 1522): isGaming = true
06-29 03:39:16.102 I/GameModeConfig( 1522): isDisableNotification = true
06-29 03:39:16.102 I/GameModeConfig( 1522): isGameModeOn = true
06-29 03:39:16.102 I/GameModeConfig( 1522): isGaming = true
06-29 03:39:16.102 I/GameModeConfig( 1522): isDisableNotification = true
06-29 03:39:16.102 I/GameModeConfig( 1522): isGameModeOn = true
06-29 03:39:16.102 I/GameModeConfig( 1522): isGaming = true
06-29 03:39:16.103 I/GameModeConfig( 1522): isDisableNotification = true
06-29 03:39:16.103 I/GameModeConfig( 1522): isGameModeOn = true
06-29 03:39:16.103 I/GameModeConfig( 1522): isGaming = true
06-29 03:39:16.103 I/GameModeConfig( 1522): isDisableNotification = true
06-29 03:39:16.103 I/GameModeConfig( 1522): isGameModeOn = true
06-29 03:39:16.103 I/GameModeConfig( 1522): isGaming = true
06-29 03:39:16.103 I/GameModeConfig( 1522): isDisableNotification = true
06-29 03:39:16.103 I/GameModeConfig( 1522): isGameModeOn = true
06-29 03:39:16.103 I/GameModeConfig( 1522): isGaming = true
06-29 03:39:16.103 I/GameModeConfig( 1522): isDisableNotification = true
06-29 03:39:16.103 I/GameModeConfig( 1522): isGameModeOn = true
06-29 03:39:16.103 I/GameModeConfig( 1522): isGaming = true
06-29 03:39:16.103 I/GameModeConfig( 1522): isDisableNotification = true
06-29 03:39:16.103 I/GameModeConfig( 1522): isGameModeOn = true
06-29 03:39:16.103 I/GameModeConfig( 1522): isGaming = true
06-29 03:39:16.103 I/GameModeConfig( 1522): isDisableNotification = true
06-29 03:39:16.103 I/GameModeConfig( 1522): isGameModeOn = true
06-29 03:39:16.103 I/GameModeConfig( 1522): isGaming = true
06-29 03:39:16.103 I/GameModeConfig( 1522): isDisableNotification = true
06-29 03:39:16.103 I/GameModeConfig( 1522): isGameModeOn = true
06-29 03:39:16.103 I/GameModeConfig( 1522): isGaming = true
06-29 03:39:16.103 I/GameModeConfig( 1522): isDisableNotification = true
06-29 03:39:16.103 I/GameModeConfig( 1522): isGameModeOn = true
06-29 03:39:16.103 I/GameModeConfig( 1522): isGaming = true
06-29 03:39:16.103 I/GameModeConfig( 1522): isDisableNotification = true
06-29 03:39:16.103 I/GameModeConfig( 1522): isGameModeOn = true
06-29 03:39:16.103 I/GameModeConfig( 1522): isGaming = true
06-29 03:39:16.103 I/GameModeConfig( 1522): isDisableNotification = true
06-29 03:39:16.103 I/GameModeConfig( 1522): isGameModeOn = true
06-29 03:39:16.103 I/GameModeConfig( 1522): isGaming = true
06-29 03:39:16.103 I/GameModeConfig( 1522): isDisableNotification = true
06-29 03:39:16.114 W/ActivityManager( 1522): Receiver with filter android.content.IntentFilter@34f93d8 already registered for pid 10714, callerPackage is com.smile.gifmaker
06-29 03:39:16.142 W/ActivityManager( 1522): Background start not allowed: service Intent { pkg=com.smile.gifmaker cmp=com.smile.gifmaker/com.kwai.chat.kwailink.service.NewKwaiLinkService } to com.smile.gifmaker/com.kwai.chat.kwailink.service.NewKwaiLinkService from pid=10714 uid=10105 pkg=com.smile.gifmaker startFg?=false
06-29 03:39:16.157 D/CompatibilityChangeReporter( 1522): Compat change id reported: 135634846; UID 10105; state: DISABLED
06-29 03:39:16.157 D/CompatibilityChangeReporter( 1522): Compat change id reported: 143937733; UID 10105; state: DISABLED
06-29 03:39:16.160 D/PowerManagerService( 1522): userActivityNoUpdateLocked: groupId=0, eventTime=2369711, event=2, flags=0x0, uid=1000
06-29 03:39:16.160 D/PowerManagerNotifier( 1522): onUserActivity: event=2, uid=1000
06-29 03:39:16.160 D/PowerManagerService( 1522): updateUserActivitySummaryLocked: groupId=0, mWakefulness=Awake, mUserActivitySummary=0x1, nextTimeout=2429711 (in 60000 ms)
06-29 03:39:16.160 D/PowerManagerNotifier( 1522): onScreenPolicyUpdate: newPolicy=3
06-29 03:39:16.160 D/PowerManagerService( 1522): updateDisplayPowerStateLocked: displayReady=true, groupId=0, policy=BRIGHT, mWakefulness=Awake, mWakeLockSummary=0x23, mUserActivitySummary=0x1, mBootCompleted=true, screenBrightnessOverride=NaN, useAutoBrightness=false, mScreenBrightnessBoostInProgress=false, mIsVrModeEnabled= false, sQuiescent=false
06-29 03:39:16.161 I/ActivityManager( 1522): Start proc 11256:com.smile.gifmaker:messagesdk/u0a105 for service {com.smile.gifmaker/com.kwai.chat.kwailink.service.NewKwaiLinkService}
06-29 03:39:16.170 I/[ 2369.719841] binder( 0): 11256:11256 ioctl 40046210 ffb15498 returned -22
06-29 03:39:16.183 I/[ 2369.733770] [schedu][0xa9affc05d][03( 0): 39:16.182738] wlan: [3371:I:HIF] Deinitializing Runtime PM wakelock &vdev->vdev_set_key_runtime_wakelock
06-29 03:39:16.183 I/[ 2369.733970] [schedu][0xa9affcf5a][03( 0): 39:16.182938] wlan: [3371:I:HIF] Initializing Runtime PM wakelock &vdev->vdev_set_key_runtime_wakelock
06-29 03:39:16.181 D/CompatibilityChangeReporter( 1522): Compat change id reported: 168419799; UID 10105; state: DISABLED
06-29 03:39:16.185 I/[ 2369.736744] [wifi@1][0xa9b009f67][03( 0): 39:16.185712] wlan: [828:I:DP] dp_vdev_attach_wifi3: wlan_cfg_ap_bridge_enabled 0
06-29 03:39:16.190 E/[ 2369.741055] [wifi@1][0xa9b01e29e][03( 0): 39:16.190021] wlan: [3455:E:wifipos] wifi_pos_process_app_reg_req: 608: Received App Req Req pid(-398458052), len(16)
06-29 03:39:16.190 I/[ 2369.741788] [wifi@1][0xa9b0219be][03( 0): 39:16.190756] wlan: [3455:I:wifipos] wifi_pos_get_ch_info: 461: num channels: 26
06-29 03:39:16.185 D/android.hardware.wifi@1.0-service( 828): Successfully SetMacAddress.
06-29 03:39:16.193 I/[ 2369.742169] [wifi@1][0xa9b023638][03( 0): 39:16.191136] wlan: [3455:I:wifipos] wifi_pos_get_ch_info: 461: num channels: 26
06-29 03:39:16.188 W/wificond( 1206): Scan is not started. Ignore abort request
06-29 03:39:16.189 D/CompatibilityChangeReporter( 1522): Compat change id reported: 175319604; UID 1000; state: ENABLED
06-29 03:39:16.189 D/CompatibilityChangeReporter( 1522): Compat change id reported: 175319604; UID 1000; state: DISABLED
06-29 03:39:16.218 I/[ 2369.749027] [wpa_su][0xa9b0438a6][03( 0): 39:16.197995] wlan: [3475:I:SME] vdev-0: Connecting to 200M_5G 98:97:cc:03:15:36 rssi: -61 freq: 5200 akm 9 cipher: uc 6 mc 6, CC:
06-29 03:39:16.218 E/[ 2369.749052] [wpa_su][0xa9b043aa5][03( 0): 39:16.198022] wlan: [3475:E:QDF] Cannot malloc 0 bytes @ csr_get_cfg_max_tx_power:14199
06-29 03:39:16.218 I/[ 2369.749305] [schedu][0xa9b044d90][03( 0): 39:16.198274] wlan: [3371:I:WMI] send_vdev_start_cmd_tlv: 1062: send_vdev_start_cmd_tlv: vdev_id 0 freq 5200 chanmode 6 ch_info: 0x6 is_dfs 0 beacon interval 100 dtim 0 center_chan 5190 center_freq2 0 reg_info_1: 0x170000 reg_info_2: 0x1700, req->max_txpow: 0x17 Tx SS 1, Rx SS 1, ldpc_rx: 0, cac 0, regd 4, HE ops: 0req->dis_hw_ack: 0
06-29 03:39:16.230 I/[ 2369.773995] [wpa_su][0xa9b0b8941][03( 0): 39:16.222963] wlan: [3475:I:HDD] wlan0(vdevid-0): Received Disconnect reason:3 WLAN_REASON_DEAUTH_LEAVING
06-29 03:39:16.333 I/[ 2369.880841] [soft_i][0xa9b2ad61a][03( 0): 39:16.329801] wlan: [0:I:TXRX] HTT_T2H_MSG_TYPE_PEER_MAP msg for peer id 15 vdev id 0 n
06-29 03:39:16.333 E/[ 2369.880884] [soft_i][0xa9b2ad99d][03( 0): 39:16.329848] wlan: [0:E:DP] dp_peer_find_add_id: peer 0000000000000000 ID 15 vid 0 mac 98:97:cc:03:15:36
06-29 03:39:16.333 I/[ 2369.880902] [soft_i][0xa9b2adaf1][03( 0): 39:16.329866] wlan: [0:I:DP] dp_peer_find_add_id: ref_cnt: 2
06-29 03:39:16.333 E/[ 2369.880920] [soft_i][0xa9b2adc58][03( 0): 39:16.329884] wlan: [0:E:DP] dp_peer_map_ast: peer 0000000000000000 ID 113 vid 0 mac 98:97:cc:03:15:36
06-29 03:39:16.397 I/[ 2369.944361] [schedu][0xa9b3d72a7][03( 0): 39:16.393328] wlan: [3371:I:PE] Auth TX: seq 1 seq num 3234 status 0 WEP 0 to 98:97:cc:03:15:36
06-29 03:39:16.406 I/[ 2369.952604] [schedu][0xa9b3fdcf0][03( 0): 39:16.401572] wlan: [3371:I:PE] Auth TX: success
06-29 03:39:16.406 I/[ 2369.954435] [schedu][0xa9b40663f][03( 0): 39:16.403403] wlan: [3371:I:PE] Auth RX: vdev 0 sys role 3 lim_state 5 from 98:97:cc:03:15:36 rssi -57 auth_alg 0 seq 2653
06-29 03:39:16.407 I/[ 2369.954511] [schedu][0xa9b406c0b][03( 0): 39:16.403480] wlan: [3371:I:PE] Assoc req TX: vdev 0 to 98:97:cc:03:15:36 seq num 3235
06-29 03:39:16.407 I/[ 2369.955992] [schedu][0xa9b40db04][03( 0): 39:16.404960] wlan: [3371:I:PE] Assoc req TX: success
06-29 03:39:16.410 I/[ 2369.960743] [schedu][0xa9b423f5f][03( 0): 39:16.409711] wlan: [3371:I:PE] Assoc rsp RX: subtype 0 vdev 0 sys role 3 lim state 10 rssi -57 from 98:97:cc:03:15:36
06-29 03:39:16.417 E/[ 2369.966902] [schedu][0xa9b440d46][03( 0): 39:16.415870] wlan: [3371:E:QDF] Cannot malloc 0 bytes @ csr_get_cfg_max_tx_power:14199
06-29 03:39:16.417 E/[ 2369.966907] [schedu][0xa9b440dca][03( 0): 39:16.415877] wlan: [3371:E:QDF] Cannot malloc 0 bytes @ csr_get_cfg_max_tx_power:14199
06-29 03:39:16.417 I/[ 2369.967062] [schedu][0xa9b44195a][03( 0): 39:16.416031] wlan: [3371:I:HDD] hdd_association_completion_handler: 3187: hddDisconInProgress state=5, result=2, status=7
06-29 03:39:16.417 I/[ 2369.967079] [schedu][0xa9b441aa7][03( 0): 39:16.416048] wlan: [3371:I:HDD] wlan0(vdevid-0): disconnected
06-29 03:39:16.417 E/[ 2369.967121] [schedu][0xa9b441dcb][03( 0): 39:16.416090] wlan: [3371:E:POLICY_MGR] policy_mgr_is_mcc_in_24G: 2881: unexpected num_connections value 0
06-29 03:39:16.479 W/[ 2370.024041] [schedu][0xa9b54ca6a][03( 0): 39:16.473005] wlan: [3371:W:HDD] hdd_association_completion_handler: 3291: Warning:ASSOC_LINKUP_TIMEOUT
06-29 03:39:16.479 E/[ 2370.024525] [schedu][0xa9b54ef18][03( 0): 39:16.473494] wlan: [3371:E:HDD] hdd_association_completion_handler: 3686: STA register with TL failed status: 16 [00000010]
06-29 03:39:16.479 I/[ 2370.024762] [schedu][0xa9b5500df][03( 0): 39:16.473731] wlan: [3371:I:PE] Deauth TX: vdev 0 seq_num 3236 reason 3 waitForAck 1 to 98:97:cc:03:15:36 from 6e:37:ae:b7:f4:a8
06-29 03:39:16.493 E/[ 2370.040217] [schedu][0xa9b5987cb][03( 0): 39:16.489183] wlan: [3371:E:HDD] hdd_get_roam_scan_ch_cb: 4213: Invalid len
06-29 03:39:16.525 I/[ 2370.064947] [schedu][0xa9b60c685][03( 0): 39:16.513913] wlan: [3371:I:HDD] wlan0(vdevid-0): disconnected
06-29 03:39:16.525 I/[ 2370.065159] [wpa_su][0xa9b60d634][03( 0): 39:16.514122] wlan: [3475:I:HDD] Disconnect reason: 3 WLAN_REASON_DEAUTH_LEAVING vendor: 0 LG: 1
06-29 03:39:16.561 D/android.hardware.wifi@1.0-service( 828): Successfully SetMacAddress.
06-29 03:39:16.565 I/[ 2370.110730] [schedu][0xa9b6e3051][03( 0): 39:16.559697] wlan: [3371:I:HIF] Deinitializing Runtime PM wakelock &vdev->vdev_set_key_runtime_wakelock
06-29 03:39:16.565 I/[ 2370.110956] [schedu][0xa9b6e4150][03( 0): 39:16.559924] wlan: [3371:I:HIF] Initializing Runtime PM wakelock &vdev->vdev_set_key_runtime_wakelock
06-29 03:39:16.565 I/[ 2370.113146] [wifi@1][0xa9b6ee5a8][03( 0): 39:16.562115] wlan: [828:I:DP] dp_vdev_attach_wifi3: wlan_cfg_ap_bridge_enabled 0
06-29 03:39:16.567 E/[ 2370.116964] [wifi@1][0xa9b7002be][03( 0): 39:16.565916] wlan: [3455:E:wifipos] wifi_pos_process_app_reg_req: 608: Received App Req Req pid(-398458052), len(16)
06-29 03:39:16.567 I/[ 2370.117141] [wifi@1][0xa9b701135][03( 0): 39:16.566109] wlan: [3455:I:wifipos] wifi_pos_get_ch_info: 461: num channels: 26
06-29 03:39:16.567 I/[ 2370.117245] [wifi@1][0xa9b701900][03( 0): 39:16.566213] wlan: [3455:I:wifipos] wifi_pos_get_ch_info: 461: num channels: 26
06-29 03:39:16.574 W/wificond( 1206): Scan is not started. Ignore abort request
06-29 03:39:16.592 I/[ 2370.135987] [wpa_su][0xa9b7596a5][03( 0): 39:16.584955] wlan: [3475:I:SME] vdev-0: Connecting to hht_test_wifi_fc4318c9 04:d9:f5:fb:09:94 rssi: -73 freq: 5300 akm 3 cipher: uc 6 mc 6, CC:
06-29 03:39:16.592 E/[ 2370.136047] [wpa_su][0xa9b759b44][03( 0): 39:16.585016] wlan: [3475:E:QDF] Cannot malloc 0 bytes @ csr_get_cfg_max_tx_power:14199
06-29 03:39:16.592 I/[ 2370.136299] [schedu][0xa9b75ade8][03( 0): 39:16.585265] wlan: [3371:I:WMI] send_vdev_start_cmd_tlv: 1062: send_vdev_start_cmd_tlv: vdev_id 0 freq 5300 chanmode 18 ch_info: 0x12 is_dfs 0 beacon interval 100 dtim 0 center_chan 5290 center_freq2 0 reg_info_1: 0x170000 reg_info_2: 0x1700, req->max_txpow: 0x17 Tx SS 1, Rx SS 1, ldpc_rx: 0, cac 0, regd 4, HE ops: 0req->dis_hw_ack: 1
06-29 03:39:16.592 E/[ 2370.142071] [wifico][0xa9b775ed9][03( 0): 39:16.591038] wlan: [1206:E:HDD] __wlan_hdd_cfg80211_scan: 572: Scan not allowed. scan_ebusy_cnt: 420 Session 0 Reason 1
06-29 03:39:16.591 E/wificond( 1206): NL80211_CMD_TRIGGER_SCAN failed: Device or resource busy
06-29 03:39:16.764 I/[ 2370.309407] [soft_i][0xa9ba86477][03( 0): 39:16.758366] wlan: [0:I:TXRX] HTT_T2H_MSG_TYPE_PEER_MAP msg for peer id 6 vdev id 0 n
06-29 03:39:16.764 E/[ 2370.309431] [soft_i][0xa9ba866b7][03( 0): 39:16.758396] wlan: [0:E:DP] dp_peer_find_add_id: peer 0000000000000000 ID 6 vid 0 mac 04:d9:f5:fb:09:94
06-29 03:39:16.764 I/[ 2370.309446] [soft_i][0xa9ba867ed][03( 0): 39:16.758412] wlan: [0:I:DP] dp_peer_find_add_id: ref_cnt: 2
06-29 03:39:16.764 E/[ 2370.309460] [soft_i][0xa9ba868f0][03( 0): 39:16.758425] wlan: [0:E:DP] dp_peer_map_ast: peer 0000000000000000 ID 3 vid 0 mac 04:d9:f5:fb:09:94
06-29 03:39:16.893 I/[ 2370.442666] [schedu][0xa9bcf6f50][03( 0): 39:16.891630] wlan: [3371:I:PE] Auth TX: seq 1 seq num 3238 status 0 WEP 0 to 04:d9:f5:fb:09:94
