06-29 03:40:15.345 I/[ 2428.896345] [schedu][0xadeb48927][03( 0): 40:15.345308] wlan: [3371:I:PE] Deauth TX: vdev 0 seq_num 3547 reason 65530 waitForAck 0 to 04:d9:f5:fb:09:94 from a2:d7:5b:b4:b7:af
06-29 03:40:15.361 I/wificond( 1206): Connect timeout
06-29 03:40:15.362 W/[ 2428.911104] [schedu][0xadeb8dbe6][03( 0): 40:15.360065] wlan: [3371:W:SME] csr_roam_join_rsp_processor: 9876: SmeJoinReq failed with status_code= 0x000001FD [509] reason:65530
06-29 03:40:15.362 W/[ 2428.911354] [schedu][0xadeb8eee2][03( 0): 40:15.360318] wlan: [3371:W:HDD] hdd_get_rssi_snr_by_bssid: 17749: sme_get_rssi_snr_by_bssid failed
06-29 03:40:15.362 E/[ 2428.911375] [schedu][0xadeb8f070][03( 0): 40:15.360339] wlan: [3371:E:HDD] hdd_association_completion_handler: 3712: wlan0(vdevid-0): connection failed with 04:d9:f5:fb:09:94 result: 3 and Status: 7
06-29 03:40:15.362 W/[ 2428.911565] [schedu][0xadeb8feba][03( 0): 40:15.360529] wlan: [3371:W:HDD] hdd_get_rssi_snr_by_bssid: 17749: sme_get_rssi_snr_by_bssid failed
06-29 03:40:15.362 E/[ 2428.911590] [schedu][0xadeb90095][03( 0): 40:15.360554] wlan: [3371:E:HDD] hdd_association_completion_handler: 3712: wlan0(vdevid-0): connection failed with 04:d9:f5:fb:09:94 result: 1 and Status: 9
06-29 03:40:15.362 E/[ 2428.911723] [schedu][0xadeb90a90][03( 0): 40:15.360687] wlan: [3371:E:HDD] hdd_association_completion_handler: 3784: send connect failure to nl80211: for bssid 04:d9:f5:fb:09:94 result: 1 and Status: 9 reasoncode: 65530
06-29 03:40:15.385 I/[ 2428.934368] logd( 0): logdr: UID=1000 GID=1000 PID=13936 n tail=127 logMask=19 pid=0 start=0ns deadline=0ns
06-29 03:40:15.417 I/[ 2428.966965] [schedu][0xadec9395c][03( 0): 40:15.415924] wlan: [3371:I:HIF] Deinitializing Runtime PM wakelock &vdev->vdev_set_key_runtime_wakelock
06-29 03:40:15.417 I/[ 2428.967508] [schedu][0xadec96275][03( 0): 40:15.416472] wlan: [3371:I:HIF] Initializing Runtime PM wakelock &vdev->vdev_set_key_runtime_wakelock
06-29 03:40:15.424 D/android.hardware.wifi@1.0-service( 828): Successfully SetMacAddress.
06-29 03:40:15.425 I/[ 2428.975840] [wifi@1][0xadecbd34f][03( 0): 40:15.424804] wlan: [828:I:DP] dp_vdev_attach_wifi3: wlan_cfg_ap_bridge_enabled 0
06-29 03:40:15.433 E/[ 2428.982521] [wifi@1][0xadecdc861][03( 0): 40:15.431485] wlan: [3455:E:wifipos] wifi_pos_process_app_reg_req: 608: Received App Req Req pid(-398458052), len(16)
06-29 03:40:15.433 I/[ 2428.982971] [wifi@1][0xadecdea36][03( 0): 40:15.431936] wlan: [3455:I:wifipos] wifi_pos_get_ch_info: 461: num channels: 26
06-29 03:40:15.437 I/[ 2428.985516] [wifi@1][0xadecea912][03( 0): 40:15.434481] wlan: [3455:I:wifipos] wifi_pos_get_ch_info: 461: num channels: 26
06-29 03:40:15.505 I/[ 2429.052824] logd( 0): logdr: UID=1000 GID=1000 PID=13944 n tail=127 logMask=80 pid=0 start=0ns deadline=0ns
06-29 03:40:15.568 I/GameModeConfig( 1522): isGameModeOn = false
06-29 03:40:15.596 E/android.hardware.wifi@1.0-service( 828): create file failed: Permission denied
06-29 03:40:15.596 E/android.hardware.wifi@1.0-service( 828): Error writing files to flash
06-29 03:40:15.617 I/[ 2429.164168] [schedu][0xadf02ffb3][03( 0): 40:15.613129] wlan: [3371:I:OSIF] scan start scan id 41258
06-29 03:40:16.092 D/PowerManagerService( 1522): acquireWakeLockInternal: lock=218282209, flags=0x1, tag="*alarm*", ws=WorkSource{1000}, uid=1000, pid=1522
06-29 03:40:16.093 D/PowerManagerService( 1522): updateWakeLockSummaryLocked: mWakefulness=Awake, mWakeLockSummary=0x1
06-29 03:40:16.093 D/PowerManagerService( 1522): updateUserActivitySummaryLocked: groupId=0, mWakefulness=Awake, mUserActivitySummary=0x1, nextTimeout=2485906 (in 56262 ms)
06-29 03:40:16.093 D/PowerManagerNotifier( 1522): onScreenPolicyUpdate: newPolicy=3
06-29 03:40:16.093 D/PowerManagerService( 1522): updateDisplayPowerStateLocked: displayReady=true, groupId=0, policy=BRIGHT, mWakefulness=Awake, mWakeLockSummary=0x1, mUserActivitySummary=0x1, mBootCompleted=true, screenBrightnessOverride=NaN, useAutoBrightness=false, mScreenBrightnessBoostInProgress=false, mIsVrModeEnabled= false, sQuiescent=false
06-29 03:40:16.093 D/PowerManagerService( 1522): Acquiring suspend blocker "PowerManagerService.WakeLocks".
06-29 03:40:16.094 D/PowerManagerNotifier( 1522): onWakeLockAcquired: flags=1, tag="*alarm*", packageName=android, ownerUid=1000, ownerPid=1522, workSource=WorkSource{1000}
06-29 03:40:16.095 D/PowerManagerService( 1522): releaseWakeLockInternal: lock=218282209 [*alarm*], flags=0x0
06-29 03:40:16.095 D/PowerManagerNotifier( 1522): onWakeLockReleased: flags=1, tag="*alarm*", packageName=android, ownerUid=1000, ownerPid=1522, workSource=WorkSource{1000}
06-29 03:40:16.095 D/PowerManagerService( 1522): updateWakeLockSummaryLocked: mWakefulness=Awake, mWakeLockSummary=0x0
06-29 03:40:16.095 D/PowerManagerService( 1522): updateUserActivitySummaryLocked: groupId=0, mWakefulness=Awake, mUserActivitySummary=0x1, nextTimeout=2485906 (in 56260 ms)
06-29 03:40:16.095 D/PowerManagerNotifier( 1522): onScreenPolicyUpdate: newPolicy=3
06-29 03:40:16.096 D/PowerManagerService( 1522): updateDisplayPowerStateLocked: displayReady=true, groupId=0, policy=BRIGHT, mWakefulness=Awake, mWakeLockSummary=0x0, mUserActivitySummary=0x1, mBootCompleted=true, screenBrightnessOverride=NaN, useAutoBrightness=false, mScreenBrightnessBoostInProgress=false, mIsVrModeEnabled= false, sQuiescent=false
06-29 03:40:16.096 D/PowerManagerService( 1522): Releasing suspend blocker "PowerManagerService.WakeLocks".
06-29 03:40:16.814 I/[ 2430.361881] [schedu][0xae061e37e][03( 0): 40:16.810833] wlan: [3371:I:OSIF] vdev 0, scan id 41258 type COMPLETED(1) reason COMPLETED(1) scan found 22 bss
06-29 03:40:16.894 D/PowerManagerService( 1522): userActivityNoUpdateLocked: groupId=0, eventTime=2430444, event=2, flags=0x0, uid=1000
06-29 03:40:16.894 D/PowerManagerNotifier( 1522): onUserActivity: event=2, uid=1000
06-29 03:40:16.894 D/PowerManagerService( 1522): updateUserActivitySummaryLocked: groupId=0, mWakefulness=Awake, mUserActivitySummary=0x1, nextTimeout=2490444 (in 59999 ms)
06-29 03:40:16.894 D/PowerManagerNotifier( 1522): onScreenPolicyUpdate: newPolicy=3
06-29 03:40:16.894 D/PowerManagerService( 1522): updateDisplayPowerStateLocked: displayReady=true, groupId=0, policy=BRIGHT, mWakefulness=Awake, mWakeLockSummary=0x0, mUserActivitySummary=0x1, mBootCompleted=true, screenBrightnessOverride=NaN, useAutoBrightness=false, mScreenBrightnessBoostInProgress=false, mIsVrModeEnabled= false, sQuiescent=false
06-29 03:40:16.946 I/[ 2430.494814] [schedu][0xae088d3a1][03( 0): 40:16.943741] wlan: [3371:I:HIF] Deinitializing Runtime PM wakelock &vdev->vdev_set_key_runtime_wakelock
06-29 03:40:16.946 I/[ 2430.495705] [schedu][0xae089190c][03( 0): 40:16.944667] wlan: [3371:I:HIF] Initializing Runtime PM wakelock &vdev->vdev_set_key_runtime_wakelock
06-29 03:40:16.958 D/android.hardware.wifi@1.0-service( 828): Successfully SetMacAddress.
06-29 03:40:16.960 I/[ 2430.509755] [wifi@1][0xae08d36da][03( 0): 40:16.958718] wlan: [828:I:DP] dp_vdev_attach_wifi3: wlan_cfg_ap_bridge_enabled 0
06-29 03:40:16.967 W/wificond( 1206): Scan is not started. Ignore abort request
06-29 03:40:16.969 E/[ 2430.518346] [wifi@1][0xae08fbb16][03( 0): 40:16.967307] wlan: [3455:E:wifipos] wifi_pos_process_app_reg_req: 608: Received App Req Req pid(-398458052), len(16)
06-29 03:40:16.969 I/[ 2430.518819] [wifi@1][0xae08fdece][03( 0): 40:16.967784] wlan: [3455:I:wifipos] wifi_pos_get_ch_info: 461: num channels: 26
06-29 03:40:16.969 I/[ 2430.519247] [wifi@1][0xae08ffef6][03( 0): 40:16.968212] wlan: [3455:I:wifipos] wifi_pos_get_ch_info: 461: num channels: 26
06-29 03:40:16.992 I/[ 2430.537416] [wpa_su][0xae0955141][03( 0): 40:16.986376] wlan: [3475:I:SME] vdev-0: Connecting to 200M_5G 98:97:cc:03:15:36 rssi: -61 freq: 5200 akm 9 cipher: uc 6 mc 6, CC:
06-29 03:40:16.992 E/[ 2430.537506] [wpa_su][0xae0955878][03( 0): 40:16.986472] wlan: [3475:E:QDF] Cannot malloc 0 bytes @ csr_get_cfg_max_tx_power:14199
06-29 03:40:16.992 I/[ 2430.538246] [schedu][0xae0958fc7][03( 0): 40:16.987210] wlan: [3371:I:WMI] send_vdev_start_cmd_tlv: 1062: send_vdev_start_cmd_tlv: vdev_id 0 freq 5200 chanmode 6 ch_info: 0x6 is_dfs 0 beacon interval 100 dtim 0 center_chan 5190 center_freq2 0 reg_info_1: 0x170000 reg_info_2: 0x1700, req->max_txpow: 0x17 Tx SS 1, Rx SS 1, ldpc_rx: 0, cac 0, regd 4, HE ops: 0req->dis_hw_ack: 0
06-29 03:40:17.021 D/PowerManagerService( 1522): userActivityNoUpdateLocked: groupId=0, eventTime=2430571, event=2, flags=0x0, uid=1000
06-29 03:40:17.022 D/PowerManagerNotifier( 1522): onUserActivity: event=2, uid=1000
06-29 03:40:17.022 D/PowerManagerService( 1522): updateUserActivitySummaryLocked: groupId=0, mWakefulness=Awake, mUserActivitySummary=0x1, nextTimeout=2490571 (in 59998 ms)
06-29 03:40:17.022 D/PowerManagerNotifier( 1522): onScreenPolicyUpdate: newPolicy=3
06-29 03:40:17.022 D/PowerManagerService( 1522): updateDisplayPowerStateLocked: displayReady=true, groupId=0, policy=BRIGHT, mWakefulness=Awake, mWakeLockSummary=0x0, mUserActivitySummary=0x1, mBootCompleted=true, screenBrightnessOverride=NaN, useAutoBrightness=false, mScreenBrightnessBoostInProgress=false, mIsVrModeEnabled= false, sQuiescent=false
06-29 03:40:17.042 I/[ 2430.588558] [wpa_su][0xae0a44cf2][03( 0): 40:17.037519] wlan: [3475:I:HDD] wlan0(vdevid-0): Received Disconnect reason:3 WLAN_REASON_DEAUTH_LEAVING
06-29 03:40:17.122 D/PowerManagerService( 1522): userActivityNoUpdateLocked: groupId=0, eventTime=2430671, event=2, flags=0x0, uid=1000
06-29 03:40:17.122 D/PowerManagerNotifier( 1522): onUserActivity: event=2, uid=1000
06-29 03:40:17.123 D/PowerManagerService( 1522): updateUserActivitySummaryLocked: groupId=0, mWakefulness=Awake, mUserActivitySummary=0x1, nextTimeout=2490671 (in 59997 ms)
06-29 03:40:17.123 D/PowerManagerNotifier( 1522): onScreenPolicyUpdate: newPolicy=3
06-29 03:40:17.123 D/PowerManagerService( 1522): updateDisplayPowerStateLocked: displayReady=true, groupId=0, policy=BRIGHT, mWakefulness=Awake, mWakeLockSummary=0x0, mUserActivitySummary=0x1, mBootCompleted=true, screenBrightnessOverride=NaN, useAutoBrightness=false, mScreenBrightnessBoostInProgress=false, mIsVrModeEnabled= false, sQuiescent=false
06-29 03:40:17.157 I/[ 2430.706715] [soft_i][0xae0c6e9bd][03( 0): 40:17.155663] wlan: [0:I:TXRX] HTT_T2H_MSG_TYPE_PEER_MAP msg for peer id 0 vdev id 0 n
06-29 03:40:17.157 E/[ 2430.706748] [soft_i][0xae0c6ed88][03( 0): 40:17.155713] wlan: [0:E:DP] dp_peer_find_add_id: peer 0000000000000000 ID 0 vid 0 mac 98:97:cc:03:15:36
06-29 03:40:17.157 I/[ 2430.706770] [soft_i][0xae0c6ef29][03( 0): 40:17.155735] wlan: [0:I:DP] dp_peer_find_add_id: ref_cnt: 2
06-29 03:40:17.157 E/[ 2430.706785] [soft_i][0xae0c6f04b][03( 0): 40:17.155750] wlan: [0:E:DP] dp_peer_map_ast: peer 0000000000000000 ID 113 vid 0 mac 98:97:cc:03:15:36
06-29 03:40:17.221 D/PowerManagerService( 1522): userActivityNoUpdateLocked: groupId=0, eventTime=2430771, event=2, flags=0x0, uid=1000
06-29 03:40:17.221 D/PowerManagerNotifier( 1522): onUserActivity: event=2, uid=1000
06-29 03:40:17.221 D/PowerManagerService( 1522): updateUserActivitySummaryLocked: groupId=0, mWakefulness=Awake, mUserActivitySummary=0x1, nextTimeout=2490771 (in 59999 ms)
06-29 03:40:17.221 D/PowerManagerNotifier( 1522): onScreenPolicyUpdate: newPolicy=3
06-29 03:40:17.222 D/PowerManagerService( 1522): updateDisplayPowerStateLocked: displayReady=true, groupId=0, policy=BRIGHT, mWakefulness=Awake, mWakeLockSummary=0x0, mUserActivitySummary=0x1, mBootCompleted=true, screenBrightnessOverride=NaN, useAutoBrightness=false, mScreenBrightnessBoostInProgress=false, mIsVrModeEnabled= false, sQuiescent=false
06-29 03:40:17.226 I/[ 2430.774691] [schedu][0xae0dad4d9][03( 0): 40:17.223651] wlan: [3371:I:PE] Auth TX: seq 1 seq num 3549 status 0 WEP 0 to 98:97:cc:03:15:36
06-29 03:40:17.277 I/[ 2430.826403] [schedu][0xae0e9fb30][03( 0): 40:17.275362] wlan: [3371:I:PE] Auth TX: success
06-29 03:40:17.285 I/[ 2430.834905] [schedu][0xae0ec78fb][03( 0): 40:17.283866] wlan: [3371:I:PE] Auth RX: vdev 0 sys role 3 lim_state 5 from 98:97:cc:03:15:36 rssi -57 auth_alg 0 seq 2879
06-29 03:40:17.285 I/[ 2430.835168] [schedu][0xae0ec8ce9][03( 0): 40:17.284132] wlan: [3371:I:PE] Assoc req TX: vdev 0 to 98:97:cc:03:15:36 seq num 3550
06-29 03:40:17.321 D/PowerManagerService( 1522): userActivityNoUpdateLocked: groupId=0, eventTime=2430872, event=2, flags=0x0, uid=1000
06-29 03:40:17.322 D/PowerManagerNotifier( 1522): onUserActivity: event=2, uid=1000
06-29 03:40:17.322 D/PowerManagerService( 1522): updateUserActivitySummaryLocked: groupId=0, mWakefulness=Awake, mUserActivitySummary=0x1, nextTimeout=2490872 (in 59999 ms)
06-29 03:40:17.323 D/PowerManagerNotifier( 1522): onScreenPolicyUpdate: newPolicy=3
06-29 03:40:17.323 D/PowerManagerService( 1522): updateDisplayPowerStateLocked: displayReady=true, groupId=0, policy=BRIGHT, mWakefulness=Awake, mWakeLockSummary=0x0, mUserActivitySummary=0x1, mBootCompleted=true, screenBrightnessOverride=NaN, useAutoBrightness=false, mScreenBrightnessBoostInProgress=false, mIsVrModeEnabled= false, sQuiescent=false
06-29 03:40:17.333 I/[ 2430.882524] [schedu][0xae0fa6c29][03( 0): 40:17.331482] wlan: [3371:I:PE] Assoc req TX: fail
06-29 03:40:17.422 D/PowerManagerService( 1522): userActivityNoUpdateLocked: groupId=0, eventTime=2430972, event=2, flags=0x0, uid=1000
06-29 03:40:17.422 D/PowerManagerNotifier( 1522): onUserActivity: event=2, uid=1000
06-29 03:40:17.422 D/PowerManagerService( 1522): updateUserActivitySummaryLocked: groupId=0, mWakefulness=Awake, mUserActivitySummary=0x1, nextTimeout=2490972 (in 59999 ms)
06-29 03:40:17.422 D/PowerManagerNotifier( 1522): onScreenPolicyUpdate: newPolicy=3
06-29 03:40:17.422 D/PowerManagerService( 1522): updateDisplayPowerStateLocked: displayReady=true, groupId=0, policy=BRIGHT, mWakefulness=Awake, mWakeLockSummary=0x0, mUserActivitySummary=0x1, mBootCompleted=true, screenBrightnessOverride=NaN, useAutoBrightness=false, mScreenBrightnessBoostInProgress=false, mIsVrModeEnabled= false, sQuiescent=false
06-29 03:40:18.624 D/PowerManagerService( 1522): userActivityNoUpdateLocked: groupId=0, eventTime=2432172, event=2, flags=0x0, uid=1000
06-29 03:40:18.624 D/PowerManagerNotifier( 1522): onUserActivity: event=2, uid=1000
06-29 03:40:18.625 D/PowerManagerService( 1522): updateUserActivitySummaryLocked: groupId=0, mWakefulness=Awake, mUserActivitySummary=0x1, nextTimeout=2492172 (in 59996 ms)
06-29 03:40:18.625 D/PowerManagerNotifier( 1522): onScreenPolicyUpdate: newPolicy=3
06-29 03:40:18.625 D/PowerManagerService( 1522): updateDisplayPowerStateLocked: displayReady=true, groupId=0, policy=BRIGHT, mWakefulness=Awake, mWakeLockSummary=0x0, mUserActivitySummary=0x1, mBootCompleted=true, screenBrightnessOverride=NaN, useAutoBrightness=false, mScreenBrightnessBoostInProgress=false, mIsVrModeEnabled= false, sQuiescent=false
06-29 03:40:18.728 D/PowerManagerService( 1522): userActivityNoUpdateLocked: groupId=0, eventTime=2432278, event=2, flags=0x0, uid=1000
06-29 03:40:18.728 D/PowerManagerNotifier( 1522): onUserActivity: event=2, uid=1000
06-29 03:40:18.729 D/PowerManagerService( 1522): updateUserActivitySummaryLocked: groupId=0, mWakefulness=Awake, mUserActivitySummary=0x1, nextTimeout=2492278 (in 59998 ms)
06-29 03:40:18.729 D/PowerManagerNotifier( 1522): onScreenPolicyUpdate: newPolicy=3
06-29 03:40:18.729 D/PowerManagerService( 1522): updateDisplayPowerStateLocked: displayReady=true, groupId=0, policy=BRIGHT, mWakefulness=Awake, mWakeLockSummary=0x0, mUserActivitySummary=0x1, mBootCompleted=true, screenBrightnessOverride=NaN, useAutoBrightness=false, mScreenBrightnessBoostInProgress=false, mIsVrModeEnabled= false, sQuiescent=false
06-29 03:40:18.828 D/PowerManagerService( 1522): userActivityNoUpdateLocked: groupId=0, eventTime=2432379, event=2, flags=0x0, uid=1000
06-29 03:40:18.828 D/PowerManagerNotifier( 1522): onUserActivity: event=2, uid=1000
06-29 03:40:18.829 D/PowerManagerService( 1522): updateUserActivitySummaryLocked: groupId=0, mWakefulness=Awake, mUserActivitySummary=0x1, nextTimeout=2492379 (in 59999 ms)
06-29 03:40:18.829 D/PowerManagerNotifier( 1522): onScreenPolicyUpdate: newPolicy=3
06-29 03:40:18.829 D/PowerManagerService( 1522): updateDisplayPowerStateLocked: displayReady=true, groupId=0, policy=BRIGHT, mWakefulness=Awake, mWakeLockSummary=0x0, mUserActivitySummary=0x1, mBootCompleted=true, screenBrightnessOverride=NaN, useAutoBrightness=false, mScreenBrightnessBoostInProgress=false, mIsVrModeEnabled= false, sQuiescent=false
06-29 03:40:18.955 D/PowerManagerService( 1522): userActivityNoUpdateLocked: groupId=0, eventTime=2432505, event=2, flags=0x0, uid=1000
06-29 03:40:18.955 D/PowerManagerNotifier( 1522): onUserActivity: event=2, uid=1000
06-29 03:40:18.955 D/PowerManagerService( 1522): updateUserActivitySummaryLocked: groupId=0, mWakefulness=Awake, mUserActivitySummary=0x1, nextTimeout=2492505 (in 59999 ms)
06-29 03:40:18.955 D/PowerManagerNotifier( 1522): onScreenPolicyUpdate: newPolicy=3
06-29 03:40:18.955 D/PowerManagerService( 1522): updateDisplayPowerStateLocked: displayReady=true, groupId=0, policy=BRIGHT, mWakefulness=Awake, mWakeLockSummary=0x0, mUserActivitySummary=0x1, mBootCompleted=true, screenBrightnessOverride=NaN, useAutoBrightness=false, mScreenBrightnessBoostInProgress=false, mIsVrModeEnabled= false, sQuiescent=false
06-29 03:40:19.285 I/[ 2432.832811] [schedu][0xae335cb42][03( 0): 40:19.281763] wlan: [3371:I:PE] Deauth TX: vdev 0 seq_num 3551 reason 1 waitForAck 0 to 98:97:cc:03:15:36 from 6e:37:ae:b7:f4:a8
06-29 03:40:19.285 E/[ 2432.833136] [schedu][0xae335e40b][03( 0): 40:19.282094] wlan: [3371:E:PE] lim_process_assoc_failure_timeout: 1963: (Re)Assoc Failure Timeout occurred
06-29 03:40:19.285 E/[ 2432.833253] [schedu][0xae335eaa3][03( 0): 40:19.282181] wlan: [3371:E:PE] lim_process_mlm_assoc_cnf: 650: SessionId:0 Association failure resultCode: 510 limSmeState:5
06-29 03:40:19.309 W/[ 2432.859566] [schedu][0xae33da257][03( 0): 40:19.308524] wlan: [3371:W:SME] csr_roam_join_rsp_processor: 9876: SmeJoinReq failed with status_code= 0x000001FE [510] reason:65533
06-29 03:40:19.309 E/[ 2432.859614] [schedu][0xae33da637][03( 0): 40:19.308576] wlan: [3371:E:SME] csr_nonscan_pending_ll_next: 503: No cmd found
06-29 03:40:19.309 E/[ 2432.859643] [schedu][0xae33da868][03( 0): 40:19.308605] wlan: [3371:E:SME] csr_roam_join_rsp_processor: 9996: disconnect is pending, complete roam
06-29 03:40:19.309 W/[ 2432.859940] [schedu][0xae33dbead][03( 0): 40:19.308902] wlan: [3371:W:HDD] hdd_get_rssi_snr_by_bssid: 17749: sme_get_rssi_snr_by_bssid failed
06-29 03:40:19.311 E/[ 2432.859970] [schedu][0xae33dc0ef][03( 0): 40:19.308932] wlan: [3371:E:HDD] hdd_association_completion_handler: 3718: wlan0(vdevid-0): connection failed with 98:97:cc:03:15:36 result: 3 and Status: 7
06-29 03:40:19.311 W/[ 2432.860405] [schedu][0xae33de181][03( 0): 40:19.309366] wlan: [3371:W:HDD] hdd_get_rssi_snr_by_bssid: 17749: sme_get_rssi_snr_by_bssid failed
06-29 03:40:19.311 I/[ 2432.860439] [schedu][0xae33de406][03( 0): 40:19.309400] wlan: [3371:I:HDD] hdd_association_completion_handler: 3187: hddDisconInProgress state=5, result=1, status=9
06-29 03:40:19.311 E/[ 2432.860455] [schedu][0xae33de548][03( 0): 40:19.309417] wlan: [3371:E:HDD] hdd_association_completion_handler: 3712: wlan0(vdevid-0): connection failed with 98:97:cc:03:15:36 result: 1 and Status: 9
06-29 03:40:19.311 I/[ 2432.860712] [wpa_su][0xae33df7ef][03( 0): 40:19.309665] wlan: [3475:I:HDD] Disconnect reason: 3 WLAN_REASON_DEAUTH_LEAVING vendor: 0 LG: 1
06-29 03:40:19.318 E/[ 2432.865228] [schedu][0xae33f4b66][03( 0): 40:19.314192] wlan: [3371:E:HDD] __wlan_hdd_validate_mac_address: 1361: MAC is all zero (via hdd_dis_connect_handler)
06-29 03:40:19.318 I/[ 2432.865279] [schedu][0xae33f4f57][03( 0): 40:19.314244] wlan: [3371:I:HDD] wlan0(vdevid-0): disconnected
06-29 03:40:19.318 W/[ 2432.866777] [schedu][0xae33fbf7a][03( 0): 40:19.315739] wlan: [3371:W:SME] csr_roam_process_disassoc_deauth: 9346: failed with status 16
06-29 03:40:19.357 I/[ 2432.906685] [schedu][0xae34b703f][03( 0): 40:19.355643] wlan: [3371:I:HIF] Deinitializing Runtime PM wakelock &vdev->vdev_set_key_runtime_wakelock
06-29 03:40:19.361 I/[ 2432.909826] [schedu][0xae34c5bc5][03( 0): 40:19.358784] wlan: [3371:I:HIF] Initializing Runtime PM wakelock &vdev->vdev_set_key_runtime_wakelock
06-29 03:40:19.376 D/android.hardware.wifi@1.0-service( 828): Successfully SetMacAddress.
06-29 03:40:19.379 I/[ 2432.927583] [wifi@1][0xae3518fd2][03( 0): 40:19.376544] wlan: [828:I:DP] dp_vdev_attach_wifi3: wlan_cfg_ap_bridge_enabled 0
06-29 03:40:19.391 W/wificond( 1206): Scan is not started. Ignore abort request
06-29 03:40:19.393 E/[ 2432.943623] [wifi@1][0xae35642bc][03( 0): 40:19.392583] wlan: [3455:E:wifipos] wifi_pos_process_app_reg_req: 608: Received App Req Req pid(-398458052), len(16)
06-29 03:40:19.393 I/[ 2432.944146] [wifi@1][0xae3566a1f][03( 0): 40:19.393108] wlan: [3455:I:wifipos] wifi_pos_get_ch_info: 461: num channels: 26
06-29 03:40:19.394 I/[ 2432.944536] [wifi@1][0xae3568765][03( 0): 40:19.393498] wlan: [3455:I:wifipos] wifi_pos_get_ch_info: 461: num channels: 26
06-29 03:40:19.408 D/PowerManagerService( 1522): userActivityNoUpdateLocked: groupId=0, eventTime=2432958, event=2, flags=0x0, uid=1000
06-29 03:40:19.408 D/PowerManagerNotifier( 1522): onUserActivity: event=2, uid=1000
06-29 03:40:19.408 D/PowerManagerService( 1522): updateUserActivitySummaryLocked: groupId=0, mWakefulness=Awake, mUserActivitySummary=0x1, nextTimeout=2492958 (in 59999 ms)
06-29 03:40:19.408 D/PowerManagerNotifier( 1522): onScreenPolicyUpdate: newPolicy=3
06-29 03:40:19.408 D/PowerManagerService( 1522): updateDisplayPowerStateLocked: displayReady=true, groupId=0, policy=BRIGHT, mWakefulness=Awake, mWakeLockSummary=0x0, mUserActivitySummary=0x1, mBootCompleted=true, screenBrightnessOverride=NaN, useAutoBrightness=false, mScreenBrightnessBoostInProgress=false, mIsVrModeEnabled= false, sQuiescent=false
06-29 03:40:19.424 I/[ 2432.973368] [wpa_su][0xae35ef9a7][03( 0): 40:19.422328] wlan: [3475:I:SME] vdev-0: Connecting to hht_test_wifi_fc4318c9 04:d9:f5:fb:09:94 rssi: -73 freq: 5300 akm 3 cipher: uc 6 mc 6, CC:
06-29 03:40:19.424 E/[ 2432.973493] [wpa_su][0xae35f0380][03( 0): 40:19.422460] wlan: [3475:E:QDF] Cannot malloc 0 bytes @ csr_get_cfg_max_tx_power:14199
06-29 03:40:19.424 I/[ 2432.974667] [schedu][0xae35f5b3e][03( 0): 40:19.423630] wlan: [3371:I:WMI] send_vdev_start_cmd_tlv: 1062: send_vdev_start_cmd_tlv: vdev_id 0 freq 5300 chanmode 18 ch_info: 0x12 is_dfs 0 beacon interval 100 dtim 0 center_chan 5290 center_freq2 0 reg_info_1: 0x170000 reg_info_2: 0x1700, req->max_txpow: 0x17 Tx SS 1, Rx SS 1, ldpc_rx: 0, cac 0, regd 4, HE ops: 0req->dis_hw_ack: 1
06-29 03:40:19.444 E/[ 2432.992142] link_delay_work_func( 0): DTC_ETH: SQI=0, link=0
06-29 03:40:19.444 E/[ 2432.993364] [wifico][0xae364d425][03( 0): 40:19.442308] wlan: [1206:E:HDD] __wlan_hdd_cfg80211_scan: 572: Scan not allowed. scan_ebusy_cnt: 443 Session 0 Reason 1
06-29 03:40:19.442 E/wificond( 1206): NL80211_CMD_TRIGGER_SCAN failed: Device or resource busy
06-29 03:40:19.516 D/PowerManagerService( 1522): userActivityNoUpdateLocked: groupId=0, eventTime=2433065, event=2, flags=0x0, uid=1000
06-29 03:40:19.516 D/PowerManagerNotifier( 1522): onUserActivity: event=2, uid=1000
06-29 03:40:19.516 D/PowerManagerService( 1522): updateUserActivitySummaryLocked: groupId=0, mWakefulness=Awake, mUserActivitySummary=0x1, nextTimeout=2493065 (in 59998 ms)
06-29 03:40:19.516 D/PowerManagerNotifier( 1522): onScreenPolicyUpdate: newPolicy=3
06-29 03:40:19.516 D/PowerManagerService( 1522): updateDisplayPowerStateLocked: displayReady=true, groupId=0, policy=BRIGHT, mWakefulness=Awake, mWakeLockSummary=0x0, mUserActivitySummary=0x1, mBootCompleted=true, screenBrightnessOverride=NaN, useAutoBrightness=false, mScreenBrightnessBoostInProgress=false, mIsVrModeEnabled= false, sQuiescent=false
06-29 03:40:19.520 I/[ 2433.071725] [soft_i][0xae37bca23][03( 0): 40:19.520682] wlan: [0:I:TXRX] HTT_T2H_MSG_TYPE_PEER_MAP msg for peer id 8 vdev id 0 n
06-29 03:40:19.520 E/[ 2433.071772] [soft_i][0xae37bce5e][03( 0): 40:19.520738] wlan: [0:E:DP] dp_peer_find_add_id: peer 0000000000000000 ID 8 vid 0 mac 04:d9:f5:fb:09:94
06-29 03:40:19.520 I/[ 2433.071786] [soft_i][0xae37bcf74][03( 0): 40:19.520752] wlan: [0:I:DP] dp_peer_find_add_id: ref_cnt: 2
06-29 03:40:19.520 E/[ 2433.071798] [soft_i][0xae37bd05d][03( 0): 40:19.520764] wlan: [0:E:DP] dp_peer_map_ast: peer 0000000000000000 ID 3 vid 0 mac 04:d9:f5:fb:09:94
06-29 03:40:19.615 D/PowerManagerService( 1522): userActivityNoUpdateLocked: groupId=0, eventTime=2433165, event=2, flags=0x0, uid=1000
06-29 03:40:19.615 D/PowerManagerNotifier( 1522): onUserActivity: event=2, uid=1000
06-29 03:40:19.615 D/PowerManagerService( 1522): updateUserActivitySummaryLocked: groupId=0, mWakefulness=Awake, mUserActivitySummary=0x1, nextTimeout=2493165 (in 59999 ms)
06-29 03:40:19.615 D/PowerManagerNotifier( 1522): onScreenPolicyUpdate: newPolicy=3
06-29 03:40:19.616 D/PowerManagerService( 1522): updateDisplayPowerStateLocked: displayReady=true, groupId=0, policy=BRIGHT, mWakefulness=Awake, mWakeLockSummary=0x0, mUserActivitySummary=0x1, mBootCompleted=true, screenBrightnessOverride=NaN, useAutoBrightness=false, mScreenBrightnessBoostInProgress=false, mIsVrModeEnabled= false, sQuiescent=false
06-29 03:40:19.666 I/[ 2433.216727] [schedu][0xae3a64588][03( 0): 40:19.665687] wlan: [3371:I:PE] Auth TX: seq 1 seq num 3553 status 0 WEP 0 to 04:d9:f5:fb:09:94
06-29 03:40:19.673 I/[ 2433.223206] [schedu][0xae3a82ae3][03( 0): 40:19.672158] wlan: [3371:I:PE] Auth TX: fail
06-29 03:40:19.715 D/PowerManagerService( 1522): userActivityNoUpdateLocked: groupId=0, eventTime=2433265, event=2, flags=0x0, uid=1000
06-29 03:40:19.715 D/PowerManagerNotifier( 1522): onUserActivity: event=2, uid=1000
06-29 03:40:19.715 D/PowerManagerService( 1522): updateUserActivitySummaryLocked: groupId=0, mWakefulness=Awake, mUserActivitySummary=0x1, nextTimeout=2493265 (in 59999 ms)
06-29 03:40:19.715 D/PowerManagerNotifier( 1522): onScreenPolicyUpdate: newPolicy=3
06-29 03:40:19.715 D/PowerManagerService( 1522): updateDisplayPowerStateLocked: displayReady=true, groupId=0, policy=BRIGHT, mWakefulness=Awake, mWakeLockSummary=0x0, mUserActivitySummary=0x1, mBootCompleted=true, screenBrightnessOverride=NaN, useAutoBrightness=false, mScreenBrightnessBoostInProgress=false, mIsVrModeEnabled= false, sQuiescent=false
06-29 03:40:19.729 I/[ 2433.276354] [schedu][0xae3b7bd80][03( 0): 40:19.725313] wlan: [3371:I:PE] Auth TX: seq 1 seq num 3554 status 0 WEP 0 to 04:d9:f5:fb:09:94
06-29 03:40:19.785 I/[ 2433.336167] [schedu][0xae3c94391][03( 0): 40:19.785127] wlan: [3371:I:PE] Auth TX: seq 1 seq num 3555 status 0 WEP 0 to 04:d9:f5:fb:09:94
06-29 03:40:19.849 I/[ 2433.396333] [schedu][0xae3dadfdb][03( 0): 40:19.845238] wlan: [3371:I:PE] Auth TX: seq 1 seq num 3556 status 0 WEP 0 to 04:d9:f5:fb:09:94
06-29 03:40:19.909 I/[ 2433.456356] [schedu][0xae3ec7591][03( 0): 40:19.905261] wlan: [3371:I:PE] Auth TX: seq 1 seq num 3557 status 0 WEP 0 to 04:d9:f5:fb:09:94
06-29 03:40:19.969 I/[ 2433.518940] [schedu][0xae3fecf08][03( 0): 40:19.967893] wlan: [3371:I:PE] Auth TX: seq 1 seq num 3558 status 0 WEP 0 to 04:d9:f5:fb:09:94
06-29 03:40:20.029 I/[ 2433.576432] [schedu][0xae40fa6ad][03( 0): 40:20.025382] wlan: [3371:I:PE] Auth TX: seq 1 seq num 3559 status 0 WEP 0 to 04:d9:f5:fb:09:94
06-29 03:40:20.089 I/[ 2433.636413] [schedu][0xae4213976][03( 0): 40:20.085366] wlan: [3371:I:PE] Auth TX: seq 1 seq num 3560 status 0 WEP 0 to 04:d9:f5:fb:09:94
06-29 03:40:20.140 D/PowerManagerService( 1522): userActivityNoUpdateLocked: groupId=0, eventTime=2433689, event=2, flags=0x0, uid=1000
06-29 03:40:20.140 D/PowerManagerNotifier( 1522): onUserActivity: event=2, uid=1000
06-29 03:40:20.140 D/PowerManagerService( 1522): updateUserActivitySummaryLocked: groupId=0, mWakefulness=Awake, mUserActivitySummary=0x1, nextTimeout=2493689 (in 59998 ms)
06-29 03:40:20.140 D/PowerManagerNotifier( 1522): onScreenPolicyUpdate: newPolicy=3
06-29 03:40:20.140 D/PowerManagerService( 1522): updateDisplayPowerStateLocked: displayReady=true, groupId=0, policy=BRIGHT, mWakefulness=Awake, mWakeLockSummary=0x0, mUserActivitySummary=0x1, mBootCompleted=true, screenBrightnessOverride=NaN, useAutoBrightness=false, mScreenBrightnessBoostInProgress=false, mIsVrModeEnabled= false, sQuiescent=false
06-29 03:40:20.149 I/[ 2433.696203] [schedu][0xae432be09][03( 0): 40:20.145160] wlan: [3371:I:PE] Auth TX: seq 1 seq num 3561 status 0 WEP 0 to 04:d9:f5:fb:09:94
06-29 03:40:20.209 I/[ 2433.756222] [schedu][0xae444537d][03( 0): 40:20.205179] wlan: [3371:I:PE] Auth TX: seq 1 seq num 3562 status 0 WEP 0 to 04:d9:f5:fb:09:94
06-29 03:40:20.213 I/[ 2433.763153] [schedu][0xae4465bd2][03( 0): 40:20.212117] wlan: [3371:I:PE] Auth TX: fail
06-29 03:40:20.242 D/PowerManagerService( 1522): userActivityNoUpdateLocked: groupId=0, eventTime=2433792, event=2, flags=0x0, uid=1000
06-29 03:40:20.242 D/PowerManagerNotifier( 1522): onUserActivity: event=2, uid=1000
06-29 03:40:20.242 D/PowerManagerService( 1522): updateUserActivitySummaryLocked: groupId=0, mWakefulness=Awake, mUserActivitySummary=0x1, nextTimeout=2493792 (in 59999 ms)
06-29 03:40:20.242 D/PowerManagerNotifier( 1522): onScreenPolicyUpdate: newPolicy=3
06-29 03:40:20.242 D/PowerManagerService( 1522): updateDisplayPowerStateLocked: displayReady=true, groupId=0, policy=BRIGHT, mWakefulness=Awake, mWakeLockSummary=0x0, mUserActivitySummary=0x1, mBootCompleted=true, screenBrightnessOverride=NaN, useAutoBrightness=false, mScreenBrightnessBoostInProgress=false, mIsVrModeEnabled= false, sQuiescent=false
06-29 03:40:20.269 I/[ 2433.816240] [schedu][0xae455e743][03( 0): 40:20.265176] wlan: [3371:I:PE] Auth TX: seq 1 seq num 3563 status 0 WEP 0 to 04:d9:f5:fb:09:94
06-29 03:40:20.329 I/[ 2433.876190] [schedu][0xae46777b1][03( 0): 40:20.325129] wlan: [3371:I:PE] Auth TX: seq 1 seq num 3564 status 0 WEP 0 to 04:d9:f5:fb:09:94
06-29 03:40:20.389 I/[ 2433.936160] [schedu][0xae4790ad1][03( 0): 40:20.385117] wlan: [3371:I:PE] Auth TX: seq 1 seq num 3565 status 0 WEP 0 to 04:d9:f5:fb:09:94
06-29 03:40:20.449 I/[ 2433.996257] [schedu][0xae48aa615][03( 0): 40:20.445214] wlan: [3371:I:PE] Auth TX: seq 1 seq num 3566 status 0 WEP 0 to 04:d9:f5:fb:09:94
06-29 03:40:20.505 I/[ 2434.056215] [schedu][0xae49c36f5][03( 0): 40:20.505172] wlan: [3371:I:PE] Auth TX: seq 1 seq num 3567 status 0 WEP 0 to 04:d9:f5:fb:09:94
06-29 03:40:20.569 I/[ 2434.116203] [schedu][0xae4adca15][03( 0): 40:20.565161] wlan: [3371:I:PE] Auth TX: seq 1 seq num 3568 status 0 WEP 0 to 04:d9:f5:fb:09:94
06-29 03:40:20.629 I/[ 2434.176184] [schedu][0xae4bf5c94][03( 0): 40:20.625141] wlan: [3371:I:PE] Auth TX: seq 1 seq num 3569 status 0 WEP 0 to 04:d9:f5:fb:09:94
06-29 03:40:20.689 I/[ 2434.236370] [schedu][0xae4d0fe8c][03( 0): 40:20.685327] wlan: [3371:I:PE] Auth TX: seq 1 seq num 3570 status 0 WEP 0 to 04:d9:f5:fb:09:94
06-29 03:40:20.689 W/[ 2434.240120] [schedu][0xae4d217a6][03( 0): 40:20.689075] wlan: [3371:W:PE] lim_process_auth_failure_timeout: 1777: received AUTH failure timeout in sessionid 0 limMlmstate 5 limSmeState 4
06-29 03:40:20.689 E/[ 2434.240224] [schedu][0xae4d22007][03( 0): 40:20.689187] wlan: [3371:E:PE] lim_process_mlm_auth_cnf: 558: Auth Failure occurred
06-29 03:40:20.689 I/[ 2434.240289] [schedu][0xae4d224fc][03( 0): 40:20.689253] wlan: [3371:I:PE] Deauth TX: vdev 0 seq_num 3571 reason 1 waitForAck 0 to 04:d9:f5:fb:09:94 from a2:d7:5b:b4:b7:af
06-29 03:40:20.703 I/wificond( 1206): Connect timeout
06-29 03:40:20.705 W/[ 2434.253137] [schedu][0xae4d5e823][03( 0): 40:20.702095] wlan: [3371:W:SME] csr_roam_join_rsp_processor: 9876: SmeJoinReq failed with status_code= 0x000001FD [509] reason:1
06-29 03:40:20.705 W/[ 2434.253366] [schedu][0xae4d5f9c7][03( 0): 40:20.702330] wlan: [3371:W:HDD] hdd_get_rssi_snr_by_bssid: 17749: sme_get_rssi_snr_by_bssid failed
06-29 03:40:20.705 E/[ 2434.253389] [schedu][0xae4d5fb7e][03( 0): 40:20.702353] wlan: [3371:E:HDD] hdd_association_completion_handler: 3712: wlan0(vdevid-0): connection failed with 04:d9:f5:fb:09:94 result: 3 and Status: 7
06-29 03:40:20.705 W/[ 2434.253600] [schedu][0xae4d60b52][03( 0): 40:20.702564] wlan: [3371:W:HDD] hdd_get_rssi_snr_by_bssid: 17749: sme_get_rssi_snr_by_bssid failed
06-29 03:40:20.705 E/[ 2434.253626] [schedu][0xae4d60d49][03( 0): 40:20.702590] wlan: [3371:E:HDD] hdd_association_completion_handler: 3712: wlan0(vdevid-0): connection failed with 04:d9:f5:fb:09:94 result: 1 and Status: 9
06-29 03:40:20.705 E/[ 2434.253748] [schedu][0xae4d61663][03( 0): 40:20.702711] wlan: [3371:E:HDD] hdd_association_completion_handler: 3784: send connect failure to nl80211: for bssid 04:d9:f5:fb:09:94 result: 1 and Status: 9 reasoncode: 1
06-29 03:40:20.721 I/[ 2434.269409] logd( 0): logdr: UID=1000 GID=1000 PID=13989 n tail=127 logMask=19 pid=0 start=0ns deadline=0ns
06-29 03:40:20.754 I/[ 2434.302231] [schedu][0xae4e449f3][03( 0): 40:20.751186] wlan: [3371:I:HIF] Deinitializing Runtime PM wakelock &vdev->vdev_set_key_runtime_wakelock
06-29 03:40:20.754 I/[ 2434.303038] [schedu][0xae4e48721][03( 0): 40:20.752001] wlan: [3371:I:HIF] Initializing Runtime PM wakelock &vdev->vdev_set_key_runtime_wakelock
06-29 03:40:20.760 D/android.hardware.wifi@1.0-service( 828): Successfully SetMacAddress.
06-29 03:40:20.762 I/[ 2434.311967] [wifi@1][0xae4e724af][03( 0): 40:20.760929] wlan: [828:I:DP] dp_vdev_attach_wifi3: wlan_cfg_ap_bridge_enabled 0
06-29 03:40:20.777 E/[ 2434.327504] [wifi@1][0xae4ebb1f9][03( 0): 40:20.776466] wlan: [3455:E:wifipos] wifi_pos_process_app_reg_req: 608: Received App Req Req pid(-398458052), len(16)
06-29 03:40:20.777 I/[ 2434.327958] [wifi@1][0xae4ebd43e][03( 0): 40:20.776923] wlan: [3455:I:wifipos] wifi_pos_get_ch_info: 461: num channels: 26
06-29 03:40:20.780 I/[ 2434.328318] [wifi@1][0xae4ebeda1][03( 0): 40:20.777261] wlan: [3455:I:wifipos] wifi_pos_get_ch_info: 461: num channels: 26
06-29 03:40:20.829 I/[ 2434.378566] logd( 0): logdr: UID=1000 GID=1000 PID=13993 n tail=127 logMask=80 pid=0 start=0ns deadline=0ns
06-29 03:40:20.896 D/PowerManagerService( 1522): userActivityNoUpdateLocked: groupId=0, eventTime=2434441, event=2, flags=0x0, uid=1000
06-29 03:40:20.897 D/PowerManagerNotifier( 1522): onUserActivity: event=2, uid=1000
06-29 03:40:20.897 D/PowerManagerService( 1522): updateUserActivitySummaryLocked: groupId=0, mWakefulness=Awake, mUserActivitySummary=0x1, nextTimeout=2494441 (in 59993 ms)
06-29 03:40:20.897 D/PowerManagerNotifier( 1522): onScreenPolicyUpdate: newPolicy=3
06-29 03:40:20.897 D/PowerManagerService( 1522): updateDisplayPowerStateLocked: displayReady=true, groupId=0, policy=BRIGHT, mWakefulness=Awake, mWakeLockSummary=0x0, mUserActivitySummary=0x1, mBootCompleted=true, screenBrightnessOverride=NaN, useAutoBrightness=false, mScreenBrightnessBoostInProgress=false, mIsVrModeEnabled= false, sQuiescent=false
06-29 03:40:20.910 I/GameModeConfig( 1522): isGameModeOn = false
06-29 03:40:20.930 E/android.hardware.wifi@1.0-service( 828): create file failed: Permission denied
06-29 03:40:20.930 E/android.hardware.wifi@1.0-service( 828): Error writing files to flash
06-29 03:40:20.945 I/[ 2434.495797] [schedu][0xae51cffad][03( 0): 40:20.944755] wlan: [3371:I:OSIF] scan start scan id 41259
06-29 03:40:21.049 D/PowerManagerService( 1522): userActivityNoUpdateLocked: groupId=0, eventTime=2434599, event=2, flags=0x0, uid=1000
06-29 03:40:21.049 D/PowerManagerNotifier( 1522): onUserActivity: event=2, uid=1000
06-29 03:40:21.049 D/PowerManagerService( 1522): updateUserActivitySummaryLocked: groupId=0, mWakefulness=Awake, mUserActivitySummary=0x1, nextTimeout=2494599 (in 59999 ms)
06-29 03:40:21.049 D/PowerManagerNotifier( 1522): onScreenPolicyUpdate: newPolicy=3
06-29 03:40:21.049 D/PowerManagerService( 1522): updateDisplayPowerStateLocked: displayReady=true, groupId=0, policy=BRIGHT, mWakefulness=Awake, mWakeLockSummary=0x0, mUserActivitySummary=0x1, mBootCompleted=true, screenBrightnessOverride=NaN, useAutoBrightness=false, mScreenBrightnessBoostInProgress=false, mIsVrModeEnabled= false, sQuiescent=false
06-29 03:40:21.149 D/PowerManagerService( 1522): userActivityNoUpdateLocked: groupId=0, eventTime=2434699, event=2, flags=0x0, uid=1000
06-29 03:40:21.149 D/PowerManagerNotifier( 1522): onUserActivity: event=2, uid=1000
06-29 03:40:21.150 D/PowerManagerService( 1522): updateUserActivitySummaryLocked: groupId=0, mWakefulness=Awake, mUserActivitySummary=0x1, nextTimeout=2494699 (in 59998 ms)
06-29 03:40:21.150 D/PowerManagerNotifier( 1522): onScreenPolicyUpdate: newPolicy=3
06-29 03:40:21.150 D/PowerManagerService( 1522): updateDisplayPowerStateLocked: displayReady=true, groupId=0, policy=BRIGHT, mWakefulness=Awake, mWakeLockSummary=0x0, mUserActivitySummary=0x1, mBootCompleted=true, screenBrightnessOverride=NaN, useAutoBrightness=false, mScreenBrightnessBoostInProgress=false, mIsVrModeEnabled= false, sQuiescent=false
06-29 03:40:21.250 D/PowerManagerService( 1522): userActivityNoUpdateLocked: groupId=0, eventTime=2434800, event=2, flags=0x0, uid=1000
06-29 03:40:21.250 D/PowerManagerNotifier( 1522): onUserActivity: event=2, uid=1000
06-29 03:40:21.250 D/PowerManagerService( 1522): updateUserActivitySummaryLocked: groupId=0, mWakefulness=Awake, mUserActivitySummary=0x1, nextTimeout=2494800 (in 59999 ms)
06-29 03:40:21.250 D/PowerManagerNotifier( 1522): onScreenPolicyUpdate: newPolicy=3
06-29 03:40:21.250 D/PowerManagerService( 1522): updateDisplayPowerStateLocked: displayReady=true, groupId=0, policy=BRIGHT, mWakefulness=Awake, mWakeLockSummary=0x0, mUserActivitySummary=0x1, mBootCompleted=true, screenBrightnessOverride=NaN, useAutoBrightness=false, mScreenBrightnessBoostInProgress=false, mIsVrModeEnabled= false, sQuiescent=false
06-29 03:40:21.351 D/PowerManagerService( 1522): userActivityNoUpdateLocked: groupId=0, eventTime=2434901, event=2, flags=0x0, uid=1000
06-29 03:40:21.351 D/PowerManagerNotifier( 1522): onUserActivity: event=2, uid=1000
06-29 03:40:21.351 D/PowerManagerService( 1522): updateUserActivitySummaryLocked: groupId=0, mWakefulness=Awake, mUserActivitySummary=0x1, nextTimeout=2494901 (in 59999 ms)
06-29 03:40:21.351 D/PowerManagerNotifier( 1522): onScreenPolicyUpdate: newPolicy=3
06-29 03:40:21.352 D/PowerManagerService( 1522): updateDisplayPowerStateLocked: displayReady=true, groupId=0, policy=BRIGHT, mWakefulness=Awake, mWakeLockSummary=0x0, mUserActivitySummary=0x1, mBootCompleted=true, screenBrightnessOverride=NaN, useAutoBrightness=false, mScreenBrightnessBoostInProgress=false, mIsVrModeEnabled= false, sQuiescent=false
06-29 03:40:21.443 D/PowerManagerService( 1522): acquireWakeLockInternal: lock=218282209, flags=0x1, tag="*alarm*", ws=WorkSource{1000}, uid=1000, pid=1522
06-29 03:40:21.444 D/PowerManagerService( 1522): updateWakeLockSummaryLocked: mWakefulness=Awake, mWakeLockSummary=0x1
06-29 03:40:21.444 D/PowerManagerService( 1522): updateUserActivitySummaryLocked: groupId=0, mWakefulness=Awake, mUserActivitySummary=0x1, nextTimeout=2494901 (in 59906 ms)
06-29 03:40:21.444 D/PowerManagerNotifier( 1522): onScreenPolicyUpdate: newPolicy=3
06-29 03:40:21.444 D/PowerManagerService( 1522): updateDisplayPowerStateLocked: displayReady=true, groupId=0, policy=BRIGHT, mWakefulness=Awake, mWakeLockSummary=0x1, mUserActivitySummary=0x1, mBootCompleted=true, screenBrightnessOverride=NaN, useAutoBrightness=false, mScreenBrightnessBoostInProgress=false, mIsVrModeEnabled= false, sQuiescent=false
06-29 03:40:21.444 D/PowerManagerService( 1522): Acquiring suspend blocker "PowerManagerService.WakeLocks".
06-29 03:40:21.444 D/PowerManagerNotifier( 1522): onWakeLockAcquired: flags=1, tag="*alarm*", packageName=android, ownerUid=1000, ownerPid=1522, workSource=WorkSource{1000}
06-29 03:40:21.446 D/PowerManagerService( 1522): releaseWakeLockInternal: lock=218282209 [*alarm*], flags=0x0
06-29 03:40:21.446 D/PowerManagerNotifier( 1522): onWakeLockReleased: flags=1, tag="*alarm*", packageName=android, ownerUid=1000, ownerPid=1522, workSource=WorkSource{1000}
06-29 03:40:21.446 D/PowerManagerService( 1522): updateWakeLockSummaryLocked: mWakefulness=Awake, mWakeLockSummary=0x0
06-29 03:40:21.446 D/PowerManagerService( 1522): updateUserActivitySummaryLocked: groupId=0, mWakefulness=Awake, mUserActivitySummary=0x1, nextTimeout=2494901 (in 59904 ms)
06-29 03:40:21.446 D/PowerManagerNotifier( 1522): onScreenPolicyUpdate: newPolicy=3
06-29 03:40:21.446 D/PowerManagerService( 1522): updateDisplayPowerStateLocked: displayReady=true, groupId=0, policy=BRIGHT, mWakefulness=Awake, mWakeLockSummary=0x0, mUserActivitySummary=0x1, mBootCompleted=true, screenBrightnessOverride=NaN, useAutoBrightness=false, mScreenBrightnessBoostInProgress=false, mIsVrModeEnabled= false, sQuiescent=false
06-29 03:40:21.446 D/PowerManagerService( 1522): Releasing suspend blocker "PowerManagerService.WakeLocks".
06-29 03:40:21.541 D/PowerManagerService( 1522): userActivityNoUpdateLocked: groupId=0, eventTime=2435091, event=2, flags=0x0, uid=1000
06-29 03:40:21.541 D/PowerManagerNotifier( 1522): onUserActivity: event=2, uid=1000
06-29 03:40:21.541 D/PowerManagerService( 1522): updateUserActivitySummaryLocked: groupId=0, mWakefulness=Awake, mUserActivitySummary=0x1, nextTimeout=2495091 (in 59999 ms)
06-29 03:40:21.542 D/PowerManagerNotifier( 1522): onScreenPolicyUpdate: newPolicy=3
06-29 03:40:21.542 D/PowerManagerService( 1522): updateDisplayPowerStateLocked: displayReady=true, groupId=0, policy=BRIGHT, mWakefulness=Awake, mWakeLockSummary=0x0, mUserActivitySummary=0x1, mBootCompleted=true, screenBrightnessOverride=NaN, useAutoBrightness=false, mScreenBrightnessBoostInProgress=false, mIsVrModeEnabled= false, sQuiescent=false
06-29 03:40:21.641 D/PowerManagerService( 1522): userActivityNoUpdateLocked: groupId=0, eventTime=2435191, event=2, flags=0x0, uid=1000
06-29 03:40:21.641 D/PowerManagerNotifier( 1522): onUserActivity: event=2, uid=1000
06-29 03:40:21.641 D/PowerManagerService( 1522): updateUserActivitySummaryLocked: groupId=0, mWakefulness=Awake, mUserActivitySummary=0x1, nextTimeout=2495191 (in 59999 ms)
06-29 03:40:21.641 D/PowerManagerNotifier( 1522): onScreenPolicyUpdate: newPolicy=3
06-29 03:40:21.641 D/PowerManagerService( 1522): updateDisplayPowerStateLocked: displayReady=true, groupId=0, policy=BRIGHT, mWakefulness=Awake, mWakeLockSummary=0x0, mUserActivitySummary=0x1, mBootCompleted=true, screenBrightnessOverride=NaN, useAutoBrightness=false, mScreenBrightnessBoostInProgress=false, mIsVrModeEnabled= false, sQuiescent=false
06-29 03:40:21.747 D/PowerManagerService( 1522): userActivityNoUpdateLocked: groupId=0, eventTime=2435297, event=2, flags=0x0, uid=1000
06-29 03:40:21.747 D/PowerManagerNotifier( 1522): onUserActivity: event=2, uid=1000
06-29 03:40:21.747 D/PowerManagerService( 1522): updateUserActivitySummaryLocked: groupId=0, mWakefulness=Awake, mUserActivitySummary=0x1, nextTimeout=2495297 (in 59999 ms)
06-29 03:40:21.747 D/PowerManagerNotifier( 1522): onScreenPolicyUpdate: newPolicy=3
06-29 03:40:21.748 D/PowerManagerService( 1522): updateDisplayPowerStateLocked: displayReady=true, groupId=0, policy=BRIGHT, mWakefulness=Awake, mWakeLockSummary=0x0, mUserActivitySummary=0x1, mBootCompleted=true, screenBrightnessOverride=NaN, useAutoBrightness=false, mScreenBrightnessBoostInProgress=false, mIsVrModeEnabled= false, sQuiescent=false
06-29 03:40:22.141 I/[ 2435.691660] [schedu][0xae67b5939][03( 0): 40:22.140616] wlan: [3371:I:OSIF] vdev 0, scan id 41259 type COMPLETED(1) reason COMPLETED(1) scan found 26 bss
06-29 03:40:22.154 D/PowerManagerService( 1522): userActivityNoUpdateLocked: groupId=0, eventTime=2435703, event=2, flags=0x0, uid=1000
06-29 03:40:22.154 D/PowerManagerNotifier( 1522): onUserActivity: event=2, uid=1000
06-29 03:40:22.154 D/PowerManagerService( 1522): updateUserActivitySummaryLocked: groupId=0, mWakefulness=Awake, mUserActivitySummary=0x1, nextTimeout=2495703 (in 59998 ms)
06-29 03:40:22.154 D/PowerManagerNotifier( 1522): onScreenPolicyUpdate: newPolicy=3
06-29 03:40:22.154 D/PowerManagerService( 1522): updateDisplayPowerStateLocked: displayReady=true, groupId=0, policy=BRIGHT, mWakefulness=Awake, mWakeLockSummary=0x0, mUserActivitySummary=0x1, mBootCompleted=true, screenBrightnessOverride=NaN, useAutoBrightness=false, mScreenBrightnessBoostInProgress=false, mIsVrModeEnabled= false, sQuiescent=false
06-29 03:40:22.253 I/[ 2435.803216] [schedu][0xae69c081b][03( 0): 40:22.252174] wlan: [3371:I:HIF] Deinitializing Runtime PM wakelock &vdev->vdev_set_key_runtime_wakelock
06-29 03:40:22.253 I/[ 2435.804310] [schedu][0xae69c5a6b][03( 0): 40:22.253272] wlan: [3371:I:HIF] Initializing Runtime PM wakelock &vdev->vdev_set_key_runtime_wakelock
06-29 03:40:22.252 D/PowerManagerService( 1522): userActivityNoUpdateLocked: groupId=0, eventTime=2435803, event=2, flags=0x0, uid=1000
06-29 03:40:22.253 D/PowerManagerNotifier( 1522): onUserActivity: event=2, uid=1000
06-29 03:40:22.253 D/PowerManagerService( 1522): updateUserActivitySummaryLocked: groupId=0, mWakefulness=Awake, mUserActivitySummary=0x1, nextTimeout=2495803 (in 59999 ms)
06-29 03:40:22.253 D/PowerManagerNotifier( 1522): onScreenPolicyUpdate: newPolicy=3
06-29 03:40:22.253 D/PowerManagerService( 1522): updateDisplayPowerStateLocked: displayReady=true, groupId=0, policy=BRIGHT, mWakefulness=Awake, mWakeLockSummary=0x0, mUserActivitySummary=0x1, mBootCompleted=true, screenBrightnessOverride=NaN, useAutoBrightness=false, mScreenBrightnessBoostInProgress=false, mIsVrModeEnabled= false, sQuiescent=false
06-29 03:40:22.267 D/android.hardware.wifi@1.0-service( 828): Successfully SetMacAddress.
06-29 03:40:22.273 I/[ 2435.820526] [wifi@1][0xae6a11a9f][03( 0): 40:22.269488] wlan: [828:I:DP] dp_vdev_attach_wifi3: wlan_cfg_ap_bridge_enabled 0
06-29 03:40:22.278 W/wificond( 1206): Scan is not started. Ignore abort request
06-29 03:40:22.281 E/[ 2435.829034] [wifi@1][0xae6a397d4][03( 0): 40:22.277984] wlan: [3455:E:wifipos] wifi_pos_process_app_reg_req: 608: Received App Req Req pid(-398458052), len(16)
06-29 03:40:22.281 I/[ 2435.829354] [wifi@1][0xae6a3b101][03( 0): 40:22.278320] wlan: [3455:I:wifipos] wifi_pos_get_ch_info: 461: num channels: 26
06-29 03:40:22.281 I/[ 2435.829790] [wifi@1][0xae6a3d1af][03( 0): 40:22.278755] wlan: [3455:I:wifipos] wifi_pos_get_ch_info: 461: num channels: 26
06-29 03:40:22.288 I/[ 2435.839539] [wpa_su][0xae6a6acd9][03( 0): 40:22.288504] wlan: [3475:I:SME] vdev-0: Connecting to 200M_5G 98:97:cc:03:15:36 rssi: -62 freq: 5200 akm 9 cipher: uc 6 mc 6, CC:
06-29 03:40:22.288 E/[ 2435.839579] [wpa_su][0xae6a6b010][03( 0): 40:22.288547] wlan: [3475:E:QDF] Cannot malloc 0 bytes @ csr_get_cfg_max_tx_power:14199
06-29 03:40:22.292 I/[ 2435.840563] [schedu][0xae6a6f96a][03( 0): 40:22.289525] wlan: [3371:I:WMI] send_vdev_start_cmd_tlv: 1062: send_vdev_start_cmd_tlv: vdev_id 0 freq 5200 chanmode 6 ch_info: 0x6 is_dfs 0 beacon interval 100 dtim 0 center_chan 5190 center_freq2 0 reg_info_1: 0x170000 reg_info_2: 0x1700, req->max_txpow: 0x17 Tx SS 1, Rx SS 1, ldpc_rx: 0, cac 0, regd 4, HE ops: 0req->dis_hw_ack: 0
06-29 03:40:22.321 I/[ 2435.868955] [wpa_su][0xae6af4b2d][03( 0): 40:22.317922] wlan: [3475:I:HDD] wlan0(vdevid-0): Received Disconnect reason:3 WLAN_REASON_DEAUTH_LEAVING
06-29 03:40:22.375 D/PowerManagerService( 1522): userActivityNoUpdateLocked: groupId=0, eventTime=2435925, event=2, flags=0x0, uid=1000
06-29 03:40:22.375 D/PowerManagerNotifier( 1522): onUserActivity: event=2, uid=1000
06-29 03:40:22.375 D/PowerManagerService( 1522): updateUserActivitySummaryLocked: groupId=0, mWakefulness=Awake, mUserActivitySummary=0x1, nextTimeout=2495925 (in 59999 ms)
06-29 03:40:22.375 D/PowerManagerNotifier( 1522): onScreenPolicyUpdate: newPolicy=3
06-29 03:40:22.375 D/PowerManagerService( 1522): updateDisplayPowerStateLocked: displayReady=true, groupId=0, policy=BRIGHT, mWakefulness=Awake, mWakeLockSummary=0x0, mUserActivitySummary=0x1, mBootCompleted=true, screenBrightnessOverride=NaN, useAutoBrightness=false, mScreenBrightnessBoostInProgress=false, mIsVrModeEnabled= false, sQuiescent=false
06-29 03:40:22.475 D/PowerManagerService( 1522): userActivityNoUpdateLocked: groupId=0, eventTime=2436025, event=2, flags=0x0, uid=1000
06-29 03:40:22.475 D/PowerManagerNotifier( 1522): onUserActivity: event=2, uid=1000
06-29 03:40:22.475 D/PowerManagerService( 1522): updateUserActivitySummaryLocked: groupId=0, mWakefulness=Awake, mUserActivitySummary=0x1, nextTimeout=2496025 (in 59999 ms)
06-29 03:40:22.475 D/PowerManagerNotifier( 1522): onScreenPolicyUpdate: newPolicy=3
06-29 03:40:22.476 D/PowerManagerService( 1522): updateDisplayPowerStateLocked: displayReady=true, groupId=0, policy=BRIGHT, mWakefulness=Awake, mWakeLockSummary=0x0, mUserActivitySummary=0x1, mBootCompleted=true, screenBrightnessOverride=NaN, useAutoBrightness=false, mScreenBrightnessBoostInProgress=false, mIsVrModeEnabled= false, sQuiescent=false
06-29 03:40:22.493 I/[ 2436.040723] [soft_i][0xae6e19ce9][03( 0): 40:22.489679] wlan: [0:I:TXRX] HTT_T2H_MSG_TYPE_PEER_MAP msg for peer id 5 vdev id 0 n
06-29 03:40:22.493 E/[ 2436.040751] [soft_i][0xae6e19fc0][03( 0): 40:22.489716] wlan: [0:E:DP] dp_peer_find_add_id: peer 0000000000000000 ID 5 vid 0 mac 98:97:cc:03:15:36
06-29 03:40:22.493 I/[ 2436.040770] [soft_i][0xae6e1a127][03( 0): 40:22.489735] wlan: [0:I:DP] dp_peer_find_add_id: ref_cnt: 2
06-29 03:40:22.493 E/[ 2436.040808] [soft_i][0xae6e1a240][03( 0): 40:22.489750] wlan: [0:E:DP] dp_peer_map_ast: peer 0000000000000000 ID 113 vid 0 mac 98:97:cc:03:15:36
06-29 03:40:22.549 I/[ 2436.098327] [schedu][0xae6f27d78][03( 0): 40:22.547286] wlan: [3371:I:PE] Auth TX: seq 1 seq num 3573 status 0 WEP 0 to 98:97:cc:03:15:36
06-29 03:40:22.575 D/PowerManagerService( 1522): userActivityNoUpdateLocked: groupId=0, eventTime=2436125, event=2, flags=0x0, uid=1000
06-29 03:40:22.575 D/PowerManagerNotifier( 1522): onUserActivity: event=2, uid=1000
