06-29 03:39:37.660 D/PowerManagerNotifier( 1522): onWakeLockReleased: flags=1, tag="*launch*", packageName=android, ownerUid=1000, ownerPid=1522, workSource=WorkSource{10092}
06-29 03:39:37.660 D/PowerManagerService( 1522): updateWakeLockSummaryLocked: mWakefulness=Awake, mWakeLockSummary=0x23
06-29 03:39:37.660 D/PowerManagerService( 1522): updateUserActivitySummaryLocked: groupId=0, mWakefulness=Awake, mUserActivitySummary=0x1, nextTimeout=2449927 (in 58716 ms)
06-29 03:39:37.660 D/PowerManagerNotifier( 1522): onScreenPolicyUpdate: newPolicy=3
06-29 03:39:37.660 D/PowerManagerService( 1522): updateDisplayPowerStateLocked: displayReady=true, groupId=0, policy=BRIGHT, mWakefulness=Awake, mWakeLockSummary=0x23, mUserActivitySummary=0x1, mBootCompleted=true, screenBrightnessOverride=NaN, useAutoBrightness=false, mScreenBrightnessBoostInProgress=false, mIsVrModeEnabled= false, sQuiescent=false
06-29 03:39:37.749 I/[ 2391.300070] [schedu][0xab3ae00c0][03( 0): 39:37.749036] wlan: [3371:I:PE] Auth TX: seq 1 seq num 3369 status 0 WEP 0 to 04:d9:f5:fb:09:94
06-29 03:39:37.812 I/[ 2391.360095] [schedu][0xab3bf96b4][03( 0): 39:37.809062] wlan: [3371:I:PE] Auth TX: seq 1 seq num 3370 status 0 WEP 0 to 04:d9:f5:fb:09:94
06-29 03:39:37.821 I/[ 2391.366393] [schedu][0xab3c16eaa][03( 0): 39:37.815355] wlan: [3371:I:PE] Auth TX: fail
06-29 03:39:37.878 I/[ 2391.420101] [schedu][0xab3d12b15][03( 0): 39:37.869067] wlan: [3371:I:PE] Auth TX: seq 1 seq num 3371 status 0 WEP 0 to 04:d9:f5:fb:09:94
06-29 03:39:37.933 I/[ 2391.480079] [schedu][0xab3e2bd89][03( 0): 39:37.929047] wlan: [3371:I:PE] Auth TX: seq 1 seq num 3372 status 0 WEP 0 to 04:d9:f5:fb:09:94
06-29 03:39:37.977 E/[ 2391.520037] msm_pcm_playback_close( 0): CMD_EOS failed, cmd_pending 0x8
06-29 03:39:37.977 I/[ 2391.526080] afe_close( 0): port_id = 0x9000
06-29 03:39:37.993 I/[ 2391.540057] [schedu][0xab3f44fd6][03( 0): 39:37.989024] wlan: [3371:I:PE] Auth TX: seq 1 seq num 3373 status 0 WEP 0 to 04:d9:f5:fb:09:94
06-29 03:39:38.021 D/PowerManagerService( 1522): updateWakeLockWorkSourceInternal: lock=137632947 [AudioMix], ws=WorkSource{10092}
06-29 03:39:38.029 I/[ 2391.576956] afe_find_cal_topo_id_by_port( 0): port id: 0x9000, dev_acdb_id: 15
06-29 03:39:38.029 I/[ 2391.576959] afe_find_cal_topo_id_by_port( 0): top_id:112fc acdb_id:15 afe_port_id:0x9000
06-29 03:39:38.029 I/[ 2391.576960] afe_get_cal_topology_id( 0): port_id = 0x9000 acdb_id = 15 topology_id = 0x112fc cal_type_index=8 ret=0
06-29 03:39:38.029 I/[ 2391.577167] afe_send_port_topology_id( 0): AFE set topology id 0x112fc enable for port 0x9000 ret 0
06-29 03:39:38.029 I/[ 2391.577168] send_afe_cal_type( 0): cal_index is 0
06-29 03:39:38.029 I/[ 2391.577169] send_afe_cal_type( 0): dev_acdb_id[55] is 15
06-29 03:39:38.029 I/[ 2391.577170] afe_find_cal( 0): cal_index 0 port_id 0x9000 port_index 55
06-29 03:39:38.029 I/[ 2391.577171] afe_find_cal( 0): acdb_id 15 dev_acdb_id 15 sample_rate 48000 afe_sample_rates 48000
06-29 03:39:38.029 I/[ 2391.577172] afe_find_cal( 0): cal block is a match, size is 0
06-29 03:39:38.029 I/[ 2391.577172] send_afe_cal_type( 0): Sending cal_index cal 0
06-29 03:39:38.029 E/[ 2391.577173] send_afe_cal_type( 0): No cal sent for cal_index 0, port_id = 0x9000! ret -22
06-29 03:39:38.029 I/[ 2391.577374] afe_send_hw_delay( 0): port_id 0x9000 rate 48000 delay_usec 474 status 0
06-29 03:39:38.050 I/[ 2391.600067] [schedu][0xab405e4a9][03( 0): 39:38.049035] wlan: [3371:I:PE] Auth TX: seq 1 seq num 3374 status 0 WEP 0 to 04:d9:f5:fb:09:94
06-29 03:39:38.067 D/PowerManagerService( 1522): updateWakeLockWorkSourceInternal: lock=137632947 [AudioMix], ws=WorkSource{10092}
06-29 03:39:38.110 I/[ 2391.660097] [schedu][0xab4177ad9][03( 0): 39:38.109064] wlan: [3371:I:PE] Auth TX: seq 1 seq num 3375 status 0 WEP 0 to 04:d9:f5:fb:09:94
06-29 03:39:38.177 I/[ 2391.720071] [schedu][0xab4290cec][03( 0): 39:38.169038] wlan: [3371:I:PE] Auth TX: seq 1 seq num 3376 status 0 WEP 0 to 04:d9:f5:fb:09:94
06-29 03:39:38.202 W/BroadcastQueue( 1522): Background execution not allowed: receiving Intent { act=android.media.AUDIO_BECOMING_NOISY flg=0x14000010 } to com.kugou.android.auto/.receiver.AutoStartReceiver
06-29 03:39:38.236 I/[ 2391.780065] [schedu][0xab43aa07c][03( 0): 39:38.229033] wlan: [3371:I:PE] Auth TX: seq 1 seq num 3377 status 0 WEP 0 to 04:d9:f5:fb:09:94
06-29 03:39:38.289 W/[ 2391.840065] [schedu][0xab44c3449][03( 0): 39:38.289030] wlan: [3371:W:PE] lim_process_auth_failure_timeout: 1777: received AUTH failure timeout in sessionid 0 limMlmstate 5 limSmeState 4
06-29 03:39:38.289 E/[ 2391.840101] [schedu][0xab44c3749][03( 0): 39:38.289070] wlan: [3371:E:PE] lim_process_mlm_auth_cnf: 558: Auth Failure occurred
06-29 03:39:38.289 I/[ 2391.840119] [schedu][0xab44c38ae][03( 0): 39:38.289089] wlan: [3371:I:PE] Deauth TX: vdev 0 seq_num 3378 reason 65530 waitForAck 0 to 04:d9:f5:fb:09:94 from a2:d7:5b:b4:b7:af
06-29 03:39:38.302 I/wificond( 1206): Connect timeout
06-29 03:39:38.306 E/[ 2391.853092] [schedu][0xab450057d][03( 0): 39:38.302059] wlan: [3371:E:PE] lim_process_auth_retry_timer: 1703: session does not exist for pe_session_id: 0
06-29 03:39:38.306 W/[ 2391.853118] [schedu][0xab4500789][03( 0): 39:38.302087] wlan: [3371:W:SME] csr_roam_join_rsp_processor: 9876: SmeJoinReq failed with status_code= 0x000001FD [509] reason:65530
06-29 03:39:38.306 W/[ 2391.853175] [schedu][0xab4500bd6][03( 0): 39:38.302144] wlan: [3371:W:HDD] hdd_get_rssi_snr_by_bssid: 17749: sme_get_rssi_snr_by_bssid failed
06-29 03:39:38.306 E/[ 2391.853179] [schedu][0xab4500c21][03( 0): 39:38.302148] wlan: [3371:E:HDD] hdd_association_completion_handler: 3712: wlan0(vdevid-0): connection failed with 04:d9:f5:fb:09:94 result: 3 and Status: 7
06-29 03:39:38.306 W/[ 2391.853214] [schedu][0xab4500ebf][03( 0): 39:38.302183] wlan: [3371:W:HDD] hdd_get_rssi_snr_by_bssid: 17749: sme_get_rssi_snr_by_bssid failed
06-29 03:39:38.306 E/[ 2391.853220] [schedu][0xab4500f0e][03( 0): 39:38.302187] wlan: [3371:E:HDD] hdd_association_completion_handler: 3712: wlan0(vdevid-0): connection failed with 04:d9:f5:fb:09:94 result: 1 and Status: 9
06-29 03:39:38.306 E/[ 2391.853245] [schedu][0xab4501111][03( 0): 39:38.302214] wlan: [3371:E:HDD] hdd_association_completion_handler: 3784: send connect failure to nl80211: for bssid 04:d9:f5:fb:09:94 result: 1 and Status: 9 reasoncode: 65530
06-29 03:39:38.342 I/[ 2391.888157] logd( 0): logdr: UID=1000 GID=1000 PID=12743 n tail=127 logMask=19 pid=0 start=0ns deadline=0ns
06-29 03:39:38.521 I/[ 2391.894128] [schedu][0xab45c0b11][03( 0): 39:38.343094] wlan: [3371:I:HIF] Deinitializing Runtime PM wakelock &vdev->vdev_set_key_runtime_wakelock
06-29 03:39:38.521 I/[ 2391.894335] [schedu][0xab45c1ac3][03( 0): 39:38.343303] wlan: [3371:I:HIF] Initializing Runtime PM wakelock &vdev->vdev_set_key_runtime_wakelock
06-29 03:39:38.521 I/[ 2391.896788] [wifi@1][0xab45cd2bf][03( 0): 39:38.345756] wlan: [828:I:DP] dp_vdev_attach_wifi3: wlan_cfg_ap_bridge_enabled 0
06-29 03:39:38.521 E/[ 2391.900326] [wifi@1][0xab45ddbf0][03( 0): 39:38.349292] wlan: [3455:E:wifipos] wifi_pos_process_app_reg_req: 608: Received App Req Req pid(-398458052), len(16)
06-29 03:39:38.521 I/[ 2391.900516] [wifi@1][0xab45dea53][03( 0): 39:38.349484] wlan: [3455:I:wifipos] wifi_pos_get_ch_info: 461: num channels: 26
06-29 03:39:38.521 I/[ 2391.900781] [wifi@1][0xab45dfe2f][03( 0): 39:38.349749] wlan: [3455:I:wifipos] wifi_pos_get_ch_info: 461: num channels: 26
06-29 03:39:38.521 E/[ 2392.032091] link_delay_work_func( 0): DTC_ETH: SQI=0, link=0
06-29 03:39:38.521 I/[ 2392.046602] [schedu][0xab488b6bd][03( 0): 39:38.495569] wlan: [3371:I:OSIF] scan start scan id 41249
06-29 03:39:38.345 D/android.hardware.wifi@1.0-service( 828): Successfully SetMacAddress.
06-29 03:39:38.453 W/ActivityManager( 1522): Background start not allowed: service Intent { pkg=com.smile.gifmaker cmp=com.smile.gifmaker/com.kwai.chat.kwailink.service.NewKwaiLinkService } to com.smile.gifmaker/com.kwai.chat.kwailink.service.NewKwaiLinkService from pid=12260 uid=10105 pkg=com.smile.gifmaker startFg?=false
06-29 03:39:38.507 I/GameModeConfig( 1522): isGameModeOn = false
06-29 03:39:38.615 W/[ 2392.165105] audit( 0): audit_lost=21899 audit_rate_limit=5 audit_backlog_limit=64
06-29 03:39:38.615 E/[ 2392.165107] audit( 0): rate limit exceeded
06-29 03:39:38.614 E/android.hardware.wifi@1.0-service( 828): create file failed: Permission denied
06-29 03:39:38.614 E/android.hardware.wifi@1.0-service( 828): Error writing files to flash
06-29 03:39:38.957 D/PowerManagerService( 1522): acquireWakeLockInternal: lock=218282209, flags=0x1, tag="*alarm*", ws=WorkSource{1000}, uid=1000, pid=1522
06-29 03:39:38.957 D/PowerManagerService( 1522): updateWakeLockSummaryLocked: mWakefulness=Awake, mWakeLockSummary=0x23
06-29 03:39:38.957 D/PowerManagerService( 1522): updateUserActivitySummaryLocked: groupId=0, mWakefulness=Awake, mUserActivitySummary=0x1, nextTimeout=2449927 (in 57419 ms)
06-29 03:39:38.957 D/PowerManagerNotifier( 1522): onScreenPolicyUpdate: newPolicy=3
06-29 03:39:38.957 D/PowerManagerService( 1522): updateDisplayPowerStateLocked: displayReady=true, groupId=0, policy=BRIGHT, mWakefulness=Awake, mWakeLockSummary=0x23, mUserActivitySummary=0x1, mBootCompleted=true, screenBrightnessOverride=NaN, useAutoBrightness=false, mScreenBrightnessBoostInProgress=false, mIsVrModeEnabled= false, sQuiescent=false
06-29 03:39:38.957 D/PowerManagerNotifier( 1522): onWakeLockAcquired: flags=1, tag="*alarm*", packageName=android, ownerUid=1000, ownerPid=1522, workSource=WorkSource{1000}
06-29 03:39:38.958 D/PowerManagerService( 1522): updateWakeLockWorkSourceInternal: lock=218282209 [*alarm*], ws=WorkSource{10115}
06-29 03:39:38.958 D/PowerManagerNotifier( 1522): onWakeLockChanging: flags=1, tag="*alarm*", packageName=android, ownerUid=1000, ownerPid=1522, workSource=WorkSource{10115}
06-29 03:39:38.958 D/PowerManagerService( 1522): releaseWakeLockInternal: lock=218282209 [*alarm*], flags=0x0
06-29 03:39:38.958 D/PowerManagerNotifier( 1522): onWakeLockReleased: flags=1, tag="*alarm*", packageName=android, ownerUid=1000, ownerPid=1522, workSource=WorkSource{10115}
06-29 03:39:38.958 D/PowerManagerService( 1522): updateWakeLockSummaryLocked: mWakefulness=Awake, mWakeLockSummary=0x23
06-29 03:39:38.958 D/PowerManagerService( 1522): updateUserActivitySummaryLocked: groupId=0, mWakefulness=Awake, mUserActivitySummary=0x1, nextTimeout=2449927 (in 57418 ms)
06-29 03:39:38.958 D/PowerManagerNotifier( 1522): onScreenPolicyUpdate: newPolicy=3
06-29 03:39:38.958 D/PowerManagerService( 1522): updateDisplayPowerStateLocked: displayReady=true, groupId=0, policy=BRIGHT, mWakefulness=Awake, mWakeLockSummary=0x23, mUserActivitySummary=0x1, mBootCompleted=true, screenBrightnessOverride=NaN, useAutoBrightness=false, mScreenBrightnessBoostInProgress=false, mIsVrModeEnabled= false, sQuiescent=false
06-29 03:39:39.087 I/GameModeConfig( 1522): isGameModeOn = false
06-29 03:39:39.088 I/GameModeConfig( 1522): isGameModeOn = false
06-29 03:39:39.088 I/GameModeConfig( 1522): isGameModeOn = false
06-29 03:39:39.088 I/GameModeConfig( 1522): isGameModeOn = false
06-29 03:39:39.088 I/GameModeConfig( 1522): isGameModeOn = false
06-29 03:39:39.088 I/GameModeConfig( 1522): isGameModeOn = false
06-29 03:39:39.088 I/GameModeConfig( 1522): isGameModeOn = false
06-29 03:39:39.103 I/GameModeConfig( 1522): isGameModeOn = false
06-29 03:39:39.103 I/GameModeConfig( 1522): isGameModeOn = false
06-29 03:39:39.103 I/GameModeConfig( 1522): isGameModeOn = false
06-29 03:39:39.103 I/GameModeConfig( 1522): isGameModeOn = false
06-29 03:39:39.103 I/GameModeConfig( 1522): isGameModeOn = false
06-29 03:39:39.103 I/GameModeConfig( 1522): isGameModeOn = false
06-29 03:39:39.103 I/GameModeConfig( 1522): isGameModeOn = false
06-29 03:39:39.319 I/ActivityManager( 1522): Killing 12260:com.smile.gifmaker/u0a105 (adj 915): empty #2
06-29 03:39:39.359 D/CompatibilityChangeReporter( 1522): Compat change id reported: 171306433; UID 10105; state: DISABLED
06-29 03:39:39.379 W/BroadcastQueue( 1522): Skipping deliver [background] BroadcastRecord{426ae93 u0 com.kwai.chat.kwailink.ACTION_LINK_SERVICE_CREATED} to ReceiverList{60f0723 12260 com.smile.gifmaker/10105/u0 remote:e3d9852}: process gone or crashing
06-29 03:39:39.405 I/[ 2392.956905] binder( 0): undelivered TRANSACTION_COMPLETE
06-29 03:39:39.406 I/[ 2392.956911] binder( 0): undelivered transaction 1840275, process died.
06-29 03:39:39.425 W/ActivityManager( 1522): Background start not allowed: service Intent { pkg=com.smile.gifmaker cmp=com.smile.gifmaker/com.kwai.chat.kwailink.service.NewKwaiLinkService } to com.smile.gifmaker/com.kwai.chat.kwailink.service.NewKwaiLinkService from pid=12679 uid=10105 pkg=com.smile.gifmaker startFg?=false
06-29 03:39:39.434 W/ActivityManager( 1522): Receiver with filter android.content.IntentFilter@2bbde01 already registered for pid 12679, callerPackage is com.smile.gifmaker
06-29 03:39:39.685 I/[ 2393.232560] [schedu][0xab5e42998][03( 0): 39:39.681527] wlan: [3371:I:OSIF] vdev 0, scan id 41249 type COMPLETED(1) reason COMPLETED(1) scan found 29 bss
06-29 03:39:39.775 I/[ 2393.326531] [schedu][0xab5ffb175][03( 0): 39:39.775499] wlan: [3371:I:HIF] Deinitializing Runtime PM wakelock &vdev->vdev_set_key_runtime_wakelock
06-29 03:39:39.775 I/[ 2393.326712] [schedu][0xab5ffbef6][03( 0): 39:39.775679] wlan: [3371:I:HIF] Initializing Runtime PM wakelock &vdev->vdev_set_key_runtime_wakelock
06-29 03:39:39.777 D/android.hardware.wifi@1.0-service( 828): Successfully SetMacAddress.
06-29 03:39:39.777 I/[ 2393.328387] [wifi@1][0xab6003cb5][03( 0): 39:39.777356] wlan: [828:I:DP] dp_vdev_attach_wifi3: wlan_cfg_ap_bridge_enabled 0
06-29 03:39:39.785 E/[ 2393.334279] [wifi@1][0xab601f65c][03( 0): 39:39.783244] wlan: [3455:E:wifipos] wifi_pos_process_app_reg_req: 608: Received App Req Req pid(-398458052), len(16)
06-29 03:39:39.785 I/[ 2393.334455] [wifi@1][0xab60203bb][03( 0): 39:39.783423] wlan: [3455:I:wifipos] wifi_pos_get_ch_info: 461: num channels: 26
06-29 03:39:39.785 I/[ 2393.334586] [wifi@1][0xab6020d94][03( 0): 39:39.783554] wlan: [3455:I:wifipos] wifi_pos_get_ch_info: 461: num channels: 26
06-29 03:39:39.786 W/wificond( 1206): Scan is not started. Ignore abort request
06-29 03:39:39.793 I/[ 2393.343872] [wpa_su][0xab604c605][03( 0): 39:39.792840] wlan: [3475:I:SME] vdev-0: Connecting to 200M_5G 98:97:cc:03:15:36 rssi: -60 freq: 5200 akm 9 cipher: uc 6 mc 6, CC:
06-29 03:39:39.793 E/[ 2393.343900] [wpa_su][0xab604c82e][03( 0): 39:39.792869] wlan: [3475:E:QDF] Cannot malloc 0 bytes @ csr_get_cfg_max_tx_power:14199
06-29 03:39:39.793 I/[ 2393.344150] [schedu][0xab604dadf][03( 0): 39:39.793118] wlan: [3371:I:WMI] send_vdev_start_cmd_tlv: 1062: send_vdev_start_cmd_tlv: vdev_id 0 freq 5200 chanmode 6 ch_info: 0x6 is_dfs 0 beacon interval 100 dtim 0 center_chan 5190 center_freq2 0 reg_info_1: 0x170000 reg_info_2: 0x1700, req->max_txpow: 0x17 Tx SS 1, Rx SS 1, ldpc_rx: 0, cac 0, regd 4, HE ops: 0req->dis_hw_ack: 0
06-29 03:39:39.810 I/[ 2393.361304] [wpa_su][0xab609e164][03( 0): 39:39.810271] wlan: [3475:I:HDD] wlan0(vdevid-0): Received Disconnect reason:3 WLAN_REASON_DEAUTH_LEAVING
06-29 03:39:39.922 I/[ 2393.473540] [soft_i][0xab62ac2bd][03( 0): 39:39.922503] wlan: [0:I:TXRX] HTT_T2H_MSG_TYPE_PEER_MAP msg for peer id 16 vdev id 0 n
06-29 03:39:39.922 E/[ 2393.473575] [soft_i][0xab62ac59c][03( 0): 39:39.922541] wlan: [0:E:DP] dp_peer_find_add_id: peer 0000000000000000 ID 16 vid 0 mac 98:97:cc:03:15:36
06-29 03:39:39.922 I/[ 2393.473588] [soft_i][0xab62ac6a3][03( 0): 39:39.922555] wlan: [0:I:DP] dp_peer_find_add_id: ref_cnt: 2
06-29 03:39:39.922 E/[ 2393.473600] [soft_i][0xab62ac77f][03( 0): 39:39.922566] wlan: [0:E:DP] dp_peer_map_ast: peer 0000000000000000 ID 113 vid 0 mac 98:97:cc:03:15:36
06-29 03:39:39.943 D/PowerManagerService( 1522): releaseWakeLockInternal: lock=182159758 [AudioMix], flags=0x0
06-29 03:39:39.943 D/PowerManagerNotifier( 1522): onWakeLockReleased: flags=1, tag="AudioMix", packageName=audioserver, ownerUid=1041, ownerPid=0, workSource=null
06-29 03:39:39.943 D/PowerManagerService( 1522): updateWakeLockSummaryLocked: mWakefulness=Awake, mWakeLockSummary=0x23
06-29 03:39:39.943 D/PowerManagerService( 1522): updateUserActivitySummaryLocked: groupId=0, mWakefulness=Awake, mUserActivitySummary=0x1, nextTimeout=2449927 (in 56433 ms)
06-29 03:39:39.943 D/PowerManagerNotifier( 1522): onScreenPolicyUpdate: newPolicy=3
06-29 03:39:39.943 D/PowerManagerService( 1522): updateDisplayPowerStateLocked: displayReady=true, groupId=0, policy=BRIGHT, mWakefulness=Awake, mWakeLockSummary=0x23, mUserActivitySummary=0x1, mBootCompleted=true, screenBrightnessOverride=NaN, useAutoBrightness=false, mScreenBrightnessBoostInProgress=false, mIsVrModeEnabled= false, sQuiescent=false
06-29 03:39:39.943 D/PowerManagerService( 1522): releaseWakeLockInternal: lock=133711241 [AudioMix], flags=0x0
06-29 03:39:39.943 D/PowerManagerNotifier( 1522): onWakeLockReleased: flags=1, tag="AudioMix", packageName=audioserver, ownerUid=1041, ownerPid=0, workSource=null
06-29 03:39:39.943 D/PowerManagerService( 1522): updateWakeLockSummaryLocked: mWakefulness=Awake, mWakeLockSummary=0x23
06-29 03:39:39.943 D/PowerManagerService( 1522): updateUserActivitySummaryLocked: groupId=0, mWakefulness=Awake, mUserActivitySummary=0x1, nextTimeout=2449927 (in 56433 ms)
06-29 03:39:39.943 D/PowerManagerNotifier( 1522): onScreenPolicyUpdate: newPolicy=3
06-29 03:39:39.943 D/PowerManagerService( 1522): updateDisplayPowerStateLocked: displayReady=true, groupId=0, policy=BRIGHT, mWakefulness=Awake, mWakeLockSummary=0x23, mUserActivitySummary=0x1, mBootCompleted=true, screenBrightnessOverride=NaN, useAutoBrightness=false, mScreenBrightnessBoostInProgress=false, mIsVrModeEnabled= false, sQuiescent=false
06-29 03:39:39.944 D/PowerManagerService( 1522): releaseWakeLockInternal: lock=87492015 [AudioMix], flags=0x0
06-29 03:39:39.944 D/PowerManagerNotifier( 1522): onWakeLockReleased: flags=1, tag="AudioMix", packageName=audioserver, ownerUid=1041, ownerPid=0, workSource=null
06-29 03:39:39.944 D/PowerManagerService( 1522): updateWakeLockSummaryLocked: mWakefulness=Awake, mWakeLockSummary=0x23
06-29 03:39:39.944 D/PowerManagerService( 1522): updateUserActivitySummaryLocked: groupId=0, mWakefulness=Awake, mUserActivitySummary=0x1, nextTimeout=2449927 (in 56432 ms)
06-29 03:39:39.944 D/PowerManagerNotifier( 1522): onScreenPolicyUpdate: newPolicy=3
06-29 03:39:39.944 D/PowerManagerService( 1522): updateDisplayPowerStateLocked: displayReady=true, groupId=0, policy=BRIGHT, mWakefulness=Awake, mWakeLockSummary=0x23, mUserActivitySummary=0x1, mBootCompleted=true, screenBrightnessOverride=NaN, useAutoBrightness=false, mScreenBrightnessBoostInProgress=false, mIsVrModeEnabled= false, sQuiescent=false
06-29 03:39:39.954 D/PowerManagerService( 1522): releaseWakeLockInternal: lock=8580540 [AudioMix], flags=0x0
06-29 03:39:39.954 D/PowerManagerNotifier( 1522): onWakeLockReleased: flags=1, tag="AudioMix", packageName=audioserver, ownerUid=1041, ownerPid=0, workSource=null
06-29 03:39:39.954 D/PowerManagerService( 1522): updateWakeLockSummaryLocked: mWakefulness=Awake, mWakeLockSummary=0x23
06-29 03:39:39.955 D/PowerManagerService( 1522): updateUserActivitySummaryLocked: groupId=0, mWakefulness=Awake, mUserActivitySummary=0x1, nextTimeout=2449927 (in 56421 ms)
06-29 03:39:39.955 D/PowerManagerNotifier( 1522): onScreenPolicyUpdate: newPolicy=3
06-29 03:39:39.955 D/PowerManagerService( 1522): updateDisplayPowerStateLocked: displayReady=true, groupId=0, policy=BRIGHT, mWakefulness=Awake, mWakeLockSummary=0x23, mUserActivitySummary=0x1, mBootCompleted=true, screenBrightnessOverride=NaN, useAutoBrightness=false, mScreenBrightnessBoostInProgress=false, mIsVrModeEnabled= false, sQuiescent=false
06-29 03:39:39.993 I/[ 2393.543675] [schedu][0xab63f4f39][03( 0): 39:39.992643] wlan: [3371:I:PE] Auth TX: seq 1 seq num 3380 status 0 WEP 0 to 98:97:cc:03:15:36
06-29 03:39:39.997 I/[ 2393.545007] [schedu][0xab63fb32b][03( 0): 39:39.993975] wlan: [3371:I:PE] Auth TX: success
06-29 03:39:39.997 I/[ 2393.546586] [schedu][0xab640299b][03( 0): 39:39.995554] wlan: [3371:I:PE] Auth RX: vdev 0 sys role 3 lim_state 5 from 98:97:cc:03:15:36 rssi -56 auth_alg 0 seq 2756
06-29 03:39:39.997 I/[ 2393.546630] [schedu][0xab6402cf8][03( 0): 39:39.995599] wlan: [3371:I:PE] Assoc req TX: vdev 0 to 98:97:cc:03:15:36 seq num 3381
06-29 03:39:39.997 I/[ 2393.548122] [schedu][0xab6409cc1][03( 0): 39:39.997090] wlan: [3371:I:PE] Assoc req TX: success
06-29 03:39:40.001 I/[ 2393.552839] [schedu][0xab641fe8f][03( 0): 39:40.001807] wlan: [3371:I:PE] Assoc rsp RX: subtype 0 vdev 0 sys role 3 lim state 10 rssi -56 from 98:97:cc:03:15:36
06-29 03:39:40.008 E/[ 2393.559766] [schedu][0xab644062f][03( 0): 39:40.008735] wlan: [3371:E:QDF] Cannot malloc 0 bytes @ csr_get_cfg_max_tx_power:14199
06-29 03:39:40.008 E/[ 2393.559772] [schedu][0xab644069c][03( 0): 39:40.008741] wlan: [3371:E:QDF] Cannot malloc 0 bytes @ csr_get_cfg_max_tx_power:14199
06-29 03:39:40.008 I/[ 2393.559884] [schedu][0xab6440f05][03( 0): 39:40.008853] wlan: [3371:I:HDD] hdd_association_completion_handler: 3187: hddDisconInProgress state=5, result=2, status=7
06-29 03:39:40.008 I/[ 2393.559902] [schedu][0xab644105a][03( 0): 39:40.008871] wlan: [3371:I:HDD] wlan0(vdevid-0): disconnected
06-29 03:39:40.008 E/[ 2393.559955] [schedu][0xab6441448][03( 0): 39:40.008923] wlan: [3371:E:POLICY_MGR] policy_mgr_is_mcc_in_24G: 2881: unexpected num_connections value 0
06-29 03:39:40.065 W/[ 2393.616036] [schedu][0xab6548237][03( 0): 39:40.065003] wlan: [3371:W:HDD] hdd_association_completion_handler: 3291: Warning:ASSOC_LINKUP_TIMEOUT
06-29 03:39:40.065 E/[ 2393.616471] [schedu][0xab654a306][03( 0): 39:40.065440] wlan: [3371:E:HDD] hdd_association_completion_handler: 3686: STA register with TL failed status: 16 [00000010]
06-29 03:39:40.065 I/[ 2393.616714] [schedu][0xab654b540][03( 0): 39:40.065683] wlan: [3371:I:PE] Deauth TX: vdev 0 seq_num 3382 reason 3 waitForAck 1 to 98:97:cc:03:15:36 from 6e:37:ae:b7:f4:a8
06-29 03:39:40.083 E/[ 2393.632529] [schedu][0xab6595754][03( 0): 39:40.081497] wlan: [3371:E:HDD] hdd_get_roam_scan_ch_cb: 4213: Invalid len
06-29 03:39:40.101 I/[ 2393.652872] [schedu][0xab65f4d0c][03( 0): 39:40.101840] wlan: [3371:I:HDD] wlan0(vdevid-0): disconnected
06-29 03:39:40.102 I/[ 2393.653127] [wpa_su][0xab65f601f][03( 0): 39:40.102095] wlan: [3475:I:HDD] Disconnect reason: 3 WLAN_REASON_DEAUTH_LEAVING vendor: 0 LG: 1
06-29 03:39:40.151 I/[ 2393.700991] [schedu][0xab66d65c5][03( 0): 39:40.149957] wlan: [3371:I:HIF] Deinitializing Runtime PM wakelock &vdev->vdev_set_key_runtime_wakelock
06-29 03:39:40.152 I/[ 2393.701156] [schedu][0xab66d7249][03( 0): 39:40.150123] wlan: [3371:I:HIF] Initializing Runtime PM wakelock &vdev->vdev_set_key_runtime_wakelock
06-29 03:39:40.152 D/android.hardware.wifi@1.0-service( 828): Successfully SetMacAddress.
06-29 03:39:40.152 I/[ 2393.703445] [wifi@1][0xab66e1e10][03( 0): 39:40.152414] wlan: [828:I:DP] dp_vdev_attach_wifi3: wlan_cfg_ap_bridge_enabled 0
06-29 03:39:40.156 W/wificond( 1206): Scan is not started. Ignore abort request
06-29 03:39:40.157 E/[ 2393.707750] [wifi@1][0xab66f60db][03( 0): 39:40.156718] wlan: [3455:E:wifipos] wifi_pos_process_app_reg_req: 608: Received App Req Req pid(-398458052), len(16)
06-29 03:39:40.157 I/[ 2393.707919] [wifi@1][0xab66f6d8b][03( 0): 39:40.156887] wlan: [3455:I:wifipos] wifi_pos_get_ch_info: 461: num channels: 26
06-29 03:39:40.157 I/[ 2393.708080] [wifi@1][0xab66f79a0][03( 0): 39:40.157048] wlan: [3455:I:wifipos] wifi_pos_get_ch_info: 461: num channels: 26
06-29 03:39:40.167 I/[ 2393.716683] [wpa_su][0xab671fedc][03( 0): 39:40.165651] wlan: [3475:I:SME] vdev-0: Connecting to hht_test_wifi_fc4318c9 04:d9:f5:fb:09:94 rssi: -76 freq: 5300 akm 3 cipher: uc 6 mc 6, CC:
06-29 03:39:40.167 E/[ 2393.716716] [wpa_su][0xab672016e][03( 0): 39:40.165685] wlan: [3475:E:QDF] Cannot malloc 0 bytes @ csr_get_cfg_max_tx_power:14199
06-29 03:39:40.167 I/[ 2393.717029] [schedu][0xab67218cf][03( 0): 39:40.165997] wlan: [3371:I:WMI] send_vdev_start_cmd_tlv: 1062: send_vdev_start_cmd_tlv: vdev_id 0 freq 5300 chanmode 18 ch_info: 0x12 is_dfs 0 beacon interval 100 dtim 0 center_chan 5290 center_freq2 0 reg_info_1: 0x170000 reg_info_2: 0x1700, req->max_txpow: 0x17 Tx SS 1, Rx SS 1, ldpc_rx: 0, cac 0, regd 4, HE ops: 0req->dis_hw_ack: 1
06-29 03:39:40.172 E/wificond( 1206): NL80211_CMD_TRIGGER_SCAN failed: Device or resource busy
06-29 03:39:40.173 E/[ 2393.723235] [wifico][0xab673ea29][03( 0): 39:40.172202] wlan: [1206:E:HDD] __wlan_hdd_cfg80211_scan: 572: Scan not allowed. scan_ebusy_cnt: 428 Session 0 Reason 1
06-29 03:39:40.291 I/[ 2393.842653] [soft_i][0xab696e62a][03( 0): 39:40.291615] wlan: [0:I:TXRX] HTT_T2H_MSG_TYPE_PEER_MAP msg for peer id 9 vdev id 0 n
06-29 03:39:40.291 E/[ 2393.842687] [soft_i][0xab696e904][03( 0): 39:40.291653] wlan: [0:E:DP] dp_peer_find_add_id: peer 0000000000000000 ID 9 vid 0 mac 04:d9:f5:fb:09:94
06-29 03:39:40.291 I/[ 2393.842699] [soft_i][0xab696e9f9][03( 0): 39:40.291666] wlan: [0:I:DP] dp_peer_find_add_id: ref_cnt: 2
06-29 03:39:40.291 E/[ 2393.842710] [soft_i][0xab696eac4][03( 0): 39:40.291676] wlan: [0:E:DP] dp_peer_map_ast: peer 0000000000000000 ID 3 vid 0 mac 04:d9:f5:fb:09:94
06-29 03:39:40.345 I/[ 2393.894235] [schedu][0xab6a60334][03( 0): 39:40.343202] wlan: [3371:I:PE] Auth TX: seq 1 seq num 3384 status 0 WEP 0 to 04:d9:f5:fb:09:94
06-29 03:39:40.405 I/[ 2393.952056] [schedu][0xab6b6f3ca][03( 0): 39:40.401023] wlan: [3371:I:PE] Auth TX: seq 1 seq num 3385 status 0 WEP 0 to 04:d9:f5:fb:09:94
06-29 03:39:40.465 I/[ 2394.012073] [schedu][0xab6c88903][03( 0): 39:40.461040] wlan: [3371:I:PE] Auth TX: seq 1 seq num 3386 status 0 WEP 0 to 04:d9:f5:fb:09:94
06-29 03:39:40.525 I/[ 2394.072065] [schedu][0xab6da1c68][03( 0): 39:40.521032] wlan: [3371:I:PE] Auth TX: seq 1 seq num 3387 status 0 WEP 0 to 04:d9:f5:fb:09:94
06-29 03:39:40.529 I/[ 2394.078616] [schedu][0xab6dc07d3][03( 0): 39:40.527584] wlan: [3371:I:PE] Auth TX: fail
06-29 03:39:40.581 I/[ 2394.132062] [schedu][0xab6ebb046][03( 0): 39:40.581030] wlan: [3371:I:PE] Auth TX: seq 1 seq num 3388 status 0 WEP 0 to 04:d9:f5:fb:09:94
06-29 03:39:40.645 I/[ 2394.192085] [schedu][0xab6fd45e6][03( 0): 39:40.641052] wlan: [3371:I:PE] Auth TX: seq 1 seq num 3389 status 0 WEP 0 to 04:d9:f5:fb:09:94
06-29 03:39:40.705 I/[ 2394.252091] [schedu][0xab70eda5a][03( 0): 39:40.701058] wlan: [3371:I:PE] Auth TX: seq 1 seq num 3390 status 0 WEP 0 to 04:d9:f5:fb:09:94
06-29 03:39:40.765 I/[ 2394.312097] [schedu][0xab7206ecb][03( 0): 39:40.761063] wlan: [3371:I:PE] Auth TX: seq 1 seq num 3391 status 0 WEP 0 to 04:d9:f5:fb:09:94
06-29 03:39:40.821 I/[ 2394.372078] [schedu][0xab7320158][03( 0): 39:40.821044] wlan: [3371:I:PE] Auth TX: seq 1 seq num 3392 status 0 WEP 0 to 04:d9:f5:fb:09:94
06-29 03:39:40.885 I/[ 2394.432072] [schedu][0xab74394fa][03( 0): 39:40.881039] wlan: [3371:I:PE] Auth TX: seq 1 seq num 3393 status 0 WEP 0 to 04:d9:f5:fb:09:94
06-29 03:39:40.945 I/[ 2394.492076] [schedu][0xab7552944][03( 0): 39:40.941043] wlan: [3371:I:PE] Auth TX: seq 1 seq num 3394 status 0 WEP 0 to 04:d9:f5:fb:09:94
06-29 03:39:41.005 I/[ 2394.552071] [schedu][0xab766bcda][03( 0): 39:41.001038] wlan: [3371:I:PE] Auth TX: seq 1 seq num 3395 status 0 WEP 0 to 04:d9:f5:fb:09:94
06-29 03:39:41.061 I/[ 2394.612048] [schedu][0xab7784f23][03( 0): 39:41.061015] wlan: [3371:I:PE] Auth TX: seq 1 seq num 3396 status 0 WEP 0 to 04:d9:f5:fb:09:94
06-29 03:39:41.069 I/[ 2394.618220] [schedu][0xab77a1e1f][03( 0): 39:41.067188] wlan: [3371:I:PE] Auth TX: fail
06-29 03:39:41.125 I/[ 2394.672076] [schedu][0xab789e531][03( 0): 39:41.121042] wlan: [3371:I:PE] Auth TX: seq 1 seq num 3397 status 0 WEP 0 to 04:d9:f5:fb:09:94
06-29 03:39:41.185 I/[ 2394.732084] [schedu][0xab79b79e6][03( 0): 39:41.181052] wlan: [3371:I:PE] Auth TX: seq 1 seq num 3398 status 0 WEP 0 to 04:d9:f5:fb:09:94
06-29 03:39:41.245 I/[ 2394.792069] [schedu][0xab7ad0cca][03( 0): 39:41.241037] wlan: [3371:I:PE] Auth TX: seq 1 seq num 3399 status 0 WEP 0 to 04:d9:f5:fb:09:94
06-29 03:39:41.301 I/[ 2394.852057] [schedu][0xab7be9fce][03( 0): 39:41.301024] wlan: [3371:I:PE] Auth TX: seq 1 seq num 3400 status 0 WEP 0 to 04:d9:f5:fb:09:94
06-29 03:39:41.361 W/[ 2394.912066] [schedu][0xab7d0346a][03( 0): 39:41.361032] wlan: [3371:W:PE] lim_process_auth_failure_timeout: 1777: received AUTH failure timeout in sessionid 0 limMlmstate 5 limSmeState 4
06-29 03:39:41.361 E/[ 2394.912099] [schedu][0xab7d0371f][03( 0): 39:41.361068] wlan: [3371:E:PE] lim_process_mlm_auth_cnf: 558: Auth Failure occurred
06-29 03:39:41.361 I/[ 2394.912116] [schedu][0xab7d03874][03( 0): 39:41.361086] wlan: [3371:I:PE] Deauth TX: vdev 0 seq_num 3401 reason 65530 waitForAck 0 to 04:d9:f5:fb:09:94 from a2:d7:5b:b4:b7:af
06-29 03:39:41.373 I/wificond( 1206): Connect timeout
06-29 03:39:41.375 W/[ 2394.924506] [schedu][0xab7d3d990][03( 0): 39:41.373474] wlan: [3371:W:SME] csr_roam_join_rsp_processor: 9876: SmeJoinReq failed with status_code= 0x000001FD [509] reason:65530
06-29 03:39:41.375 W/[ 2394.924567] [schedu][0xab7d3de18][03( 0): 39:41.373534] wlan: [3371:W:HDD] hdd_get_rssi_snr_by_bssid: 17749: sme_get_rssi_snr_by_bssid failed
06-29 03:39:41.375 E/[ 2394.924572] [schedu][0xab7d3de97][03( 0): 39:41.373541] wlan: [3371:E:HDD] hdd_association_completion_handler: 3712: wlan0(vdevid-0): connection failed with 04:d9:f5:fb:09:94 result: 3 and Status: 7
06-29 03:39:41.375 W/[ 2394.924609] [schedu][0xab7d3e15e][03( 0): 39:41.373578] wlan: [3371:W:HDD] hdd_get_rssi_snr_by_bssid: 17749: sme_get_rssi_snr_by_bssid failed
06-29 03:39:41.375 E/[ 2394.924613] [schedu][0xab7d3e1aa][03( 0): 39:41.373582] wlan: [3371:E:HDD] hdd_association_completion_handler: 3712: wlan0(vdevid-0): connection failed with 04:d9:f5:fb:09:94 result: 1 and Status: 9
06-29 03:39:41.375 E/[ 2394.924637] [schedu][0xab7d3e385][03( 0): 39:41.373607] wlan: [3371:E:HDD] hdd_association_completion_handler: 3784: send connect failure to nl80211: for bssid 04:d9:f5:fb:09:94 result: 1 and Status: 9 reasoncode: 65530
06-29 03:39:41.375 E/[ 2394.925858] [wifi@1][0xab7d43ef4][03( 0): 39:41.374826] wlan: [828:E:QDF] cds_flush_logs: 2424: Bug report already in progress - dropping! type:0, indicator=1 reason_code=0
06-29 03:39:41.375 E/[ 2394.925865] [wifi@1][0xab7d43f86][03( 0): 39:41.374833] wlan: [828:E:HDD] __wlan_hdd_cfg80211_wifi_logger_get_ring_data: 9840: Failed to trigger bug report
06-29 03:39:41.416 D/android.hardware.wifi@1.0-service( 828): Successfully SetMacAddress.
06-29 03:39:41.417 I/[ 2394.965290] [schedu][0xab7dfcc46][03( 0): 39:41.414257] wlan: [3371:I:HIF] Deinitializing Runtime PM wakelock &vdev->vdev_set_key_runtime_wakelock
06-29 03:39:41.417 I/[ 2394.965463] [schedu][0xab7dfd956][03( 0): 39:41.414431] wlan: [3371:I:HIF] Initializing Runtime PM wakelock &vdev->vdev_set_key_runtime_wakelock
06-29 03:39:41.417 I/[ 2394.967423] [wifi@1][0xab7e06c5a][03( 0): 39:41.416391] wlan: [828:I:DP] dp_vdev_attach_wifi3: wlan_cfg_ap_bridge_enabled 0
06-29 03:39:41.423 E/[ 2394.973942] [wifi@1][0xab7e2552a][03( 0): 39:41.422908] wlan: [3455:E:wifipos] wifi_pos_process_app_reg_req: 608: Received App Req Req pid(-398458052), len(16)
06-29 03:39:41.425 I/[ 2394.974294] [wifi@1][0xab7e26fab][03( 0): 39:41.423262] wlan: [3455:I:wifipos] wifi_pos_get_ch_info: 461: num channels: 26
06-29 03:39:41.425 I/[ 2394.974514] [wifi@1][0xab7e28029][03( 0): 39:41.423482] wlan: [3455:I:wifipos] wifi_pos_get_ch_info: 461: num channels: 26
06-29 03:39:41.576 I/GameModeConfig( 1522): isGameModeOn = false
06-29 03:39:41.583 E/android.hardware.wifi@1.0-service( 828): create file failed: Permission denied
06-29 03:39:41.583 E/android.hardware.wifi@1.0-service( 828): Error writing files to flash
06-29 03:39:41.602 I/[ 2395.152128] [schedu][0xab8168922][03( 0): 39:41.601095] wlan: [3371:I:OSIF] scan start scan id 41250
06-29 03:39:41.861 I/GameModeConfig( 1522): isGameModeOn = false
06-29 03:39:42.172 D/PowerManagerService( 1522): acquireWakeLockInternal: lock=218282209, flags=0x1, tag="*alarm*", ws=WorkSource{1000}, uid=1000, pid=1522
06-29 03:39:42.172 D/PowerManagerService( 1522): updateWakeLockSummaryLocked: mWakefulness=Awake, mWakeLockSummary=0x23
06-29 03:39:42.172 D/PowerManagerService( 1522): updateUserActivitySummaryLocked: groupId=0, mWakefulness=Awake, mUserActivitySummary=0x1, nextTimeout=2449927 (in 54204 ms)
06-29 03:39:42.172 D/PowerManagerNotifier( 1522): onScreenPolicyUpdate: newPolicy=3
06-29 03:39:42.172 D/PowerManagerService( 1522): updateDisplayPowerStateLocked: displayReady=true, groupId=0, policy=BRIGHT, mWakefulness=Awake, mWakeLockSummary=0x23, mUserActivitySummary=0x1, mBootCompleted=true, screenBrightnessOverride=NaN, useAutoBrightness=false, mScreenBrightnessBoostInProgress=false, mIsVrModeEnabled= false, sQuiescent=false
06-29 03:39:42.172 D/PowerManagerNotifier( 1522): onWakeLockAcquired: flags=1, tag="*alarm*", packageName=android, ownerUid=1000, ownerPid=1522, workSource=WorkSource{1000}
06-29 03:39:42.172 D/PowerManagerService( 1522): releaseWakeLockInternal: lock=218282209 [*alarm*], flags=0x0
06-29 03:39:42.172 D/PowerManagerNotifier( 1522): onWakeLockReleased: flags=1, tag="*alarm*", packageName=android, ownerUid=1000, ownerPid=1522, workSource=WorkSource{1000}
06-29 03:39:42.172 D/PowerManagerService( 1522): updateWakeLockSummaryLocked: mWakefulness=Awake, mWakeLockSummary=0x23
06-29 03:39:42.172 D/PowerManagerService( 1522): updateUserActivitySummaryLocked: groupId=0, mWakefulness=Awake, mUserActivitySummary=0x1, nextTimeout=2449927 (in 54204 ms)
06-29 03:39:42.172 D/PowerManagerNotifier( 1522): onScreenPolicyUpdate: newPolicy=3
06-29 03:39:42.172 D/PowerManagerService( 1522): updateDisplayPowerStateLocked: displayReady=true, groupId=0, policy=BRIGHT, mWakefulness=Awake, mWakeLockSummary=0x23, mUserActivitySummary=0x1, mBootCompleted=true, screenBrightnessOverride=NaN, useAutoBrightness=false, mScreenBrightnessBoostInProgress=false, mIsVrModeEnabled= false, sQuiescent=false
06-29 03:39:42.801 I/[ 2396.348583] [schedu][0xab9750f4e][03( 0): 39:42.797550] wlan: [3371:I:OSIF] vdev 0, scan id 41250 type COMPLETED(1) reason COMPLETED(1) scan found 27 bss
06-29 03:39:42.893 I/[ 2396.444591] [schedu][0xab9912fe0][03( 0): 39:42.893558] wlan: [3371:I:HIF] Deinitializing Runtime PM wakelock &vdev->vdev_set_key_runtime_wakelock
06-29 03:39:42.893 I/[ 2396.444775] [schedu][0xab9913dcb][03( 0): 39:42.893744] wlan: [3371:I:HIF] Initializing Runtime PM wakelock &vdev->vdev_set_key_runtime_wakelock
06-29 03:39:42.895 D/android.hardware.wifi@1.0-service( 828): Successfully SetMacAddress.
06-29 03:39:42.896 I/[ 2396.446700] [wifi@1][0xab991ce31][03( 0): 39:42.895669] wlan: [828:I:DP] dp_vdev_attach_wifi3: wlan_cfg_ap_bridge_enabled 0
06-29 03:39:42.902 W/wificond( 1206): Scan is not started. Ignore abort request
06-29 03:39:42.904 E/[ 2396.454910] [wifi@1][0xab99435c9][03( 0): 39:42.903877] wlan: [3455:E:wifipos] wifi_pos_process_app_reg_req: 608: Received App Req Req pid(-398458052), len(16)
06-29 03:39:42.904 I/[ 2396.455074] [wifi@1][0xab99441cf][03( 0): 39:42.904037] wlan: [3455:I:wifipos] wifi_pos_get_ch_info: 461: num channels: 26
06-29 03:39:42.904 I/[ 2396.455214] [wifi@1][0xab9944ca6][03( 0): 39:42.904182] wlan: [3455:I:wifipos] wifi_pos_get_ch_info: 461: num channels: 26
06-29 03:39:42.909 I/[ 2396.460472] [wpa_su][0xab995d712][03( 0): 39:42.909441] wlan: [3475:I:SME] vdev-0: Connecting to 200M_5G 98:97:cc:03:15:36 rssi: -60 freq: 5200 akm 9 cipher: uc 6 mc 6, CC:
06-29 03:39:42.909 E/[ 2396.460512] [wpa_su][0xab995da26][03( 0): 39:42.909482] wlan: [3475:E:QDF] Cannot malloc 0 bytes @ csr_get_cfg_max_tx_power:14199
06-29 03:39:42.911 I/[ 2396.460722] [schedu][0xab995e9d2][03( 0): 39:42.909691] wlan: [3371:I:WMI] send_vdev_start_cmd_tlv: 1062: send_vdev_start_cmd_tlv: vdev_id 0 freq 5200 chanmode 6 ch_info: 0x6 is_dfs 0 beacon interval 100 dtim 0 center_chan 5190 center_freq2 0 reg_info_1: 0x170000 reg_info_2: 0x1700, req->max_txpow: 0x17 Tx SS 1, Rx SS 1, ldpc_rx: 0, cac 0, regd 4, HE ops: 0req->dis_hw_ack: 0
06-29 03:39:42.926 I/[ 2396.477194] [wpa_su][0xab99abd2f][03( 0): 39:42.926162] wlan: [3475:I:HDD] wlan0(vdevid-0): Received Disconnect reason:3 WLAN_REASON_DEAUTH_LEAVING
06-29 03:39:43.068 I/[ 2396.619477] [soft_i][0xab9c46bef][03( 0): 39:43.068439] wlan: [0:I:TXRX] HTT_T2H_MSG_TYPE_PEER_MAP msg for peer id 7 vdev id 0 n
06-29 03:39:43.068 E/[ 2396.619514] [soft_i][0xab9c46f15][03( 0): 39:43.068481] wlan: [0:E:DP] dp_peer_find_add_id: peer 0000000000000000 ID 7 vid 0 mac 98:97:cc:03:15:36
06-29 03:39:43.068 I/[ 2396.619527] [soft_i][0xab9c4700d][03( 0): 39:43.068494] wlan: [0:I:DP] dp_peer_find_add_id: ref_cnt: 2
06-29 03:39:43.068 E/[ 2396.619540] [soft_i][0xab9c470ee][03( 0): 39:43.068505] wlan: [0:E:DP] dp_peer_map_ast: peer 0000000000000000 ID 113 vid 0 mac 98:97:cc:03:15:36
06-29 03:39:43.122 I/[ 2396.673309] [schedu][0xab9d431d2][03( 0): 39:43.122277] wlan: [3371:I:PE] Auth TX: seq 1 seq num 3403 status 0 WEP 0 to 98:97:cc:03:15:36
06-29 03:39:43.138 I/[ 2396.688463] [schedu][0xab9d8a26e][03( 0): 39:43.137432] wlan: [3371:I:PE] Auth TX: success
06-29 03:39:43.138 I/[ 2396.688933] [schedu][0xab9d8c591][03( 0): 39:43.137900] wlan: [3371:I:PE] Auth RX: vdev 0 sys role 3 lim_state 5 from 98:97:cc:03:15:36 rssi -55 auth_alg 0 seq 2778
06-29 03:39:43.138 I/[ 2396.688995] [schedu][0xab9d8ca5a][03( 0): 39:43.137964] wlan: [3371:I:PE] Assoc req TX: vdev 0 to 98:97:cc:03:15:36 seq num 3404
06-29 03:39:43.141 I/[ 2396.690495] [schedu][0xab9d93abf][03( 0): 39:43.139463] wlan: [3371:I:PE] Assoc req TX: success
06-29 03:39:43.144 I/[ 2396.695228] [schedu][0xab9da9db2][03( 0): 39:43.144196] wlan: [3371:I:PE] Assoc rsp RX: subtype 0 vdev 0 sys role 3 lim state 10 rssi -54 from 98:97:cc:03:15:36
06-29 03:39:43.151 E/[ 2396.701775] [schedu][0xab9dc88cf][03( 0): 39:43.150744] wlan: [3371:E:QDF] Cannot malloc 0 bytes @ csr_get_cfg_max_tx_power:14199
06-29 03:39:43.151 E/[ 2396.701780] [schedu][0xab9dc8939][03( 0): 39:43.150749] wlan: [3371:E:QDF] Cannot malloc 0 bytes @ csr_get_cfg_max_tx_power:14199
06-29 03:39:43.151 I/[ 2396.701894] [schedu][0xab9dc91ca][03( 0): 39:43.150863] wlan: [3371:I:HDD] hdd_association_completion_handler: 3187: hddDisconInProgress state=5, result=2, status=7
06-29 03:39:43.151 I/[ 2396.701908] [schedu][0xab9dc92cd][03( 0): 39:43.150877] wlan: [3371:I:HDD] wlan0(vdevid-0): disconnected
06-29 03:39:43.151 E/[ 2396.701949] [schedu][0xab9dc95e6][03( 0): 39:43.150918] wlan: [3371:E:POLICY_MGR] policy_mgr_is_mcc_in_24G: 2881: unexpected num_connections value 0
06-29 03:39:43.209 W/[ 2396.760041] [schedu][0xab9ed9a7f][03( 0): 39:43.209006] wlan: [3371:W:HDD] hdd_association_completion_handler: 3291: Warning:ASSOC_LINKUP_TIMEOUT
06-29 03:39:43.209 E/[ 2396.760463] [schedu][0xab9edba65][03( 0): 39:43.209431] wlan: [3371:E:HDD] hdd_association_completion_handler: 3686: STA register with TL failed status: 16 [00000010]
06-29 03:39:43.209 I/[ 2396.760701] [schedu][0xab9edcc47][03( 0): 39:43.209670] wlan: [3371:I:PE] Deauth TX: vdev 0 seq_num 3405 reason 3 waitForAck 1 to 98:97:cc:03:15:36 from 6e:37:ae:b7:f4:a8
06-29 03:39:43.227 E/[ 2396.776623] [schedu][0xab9f27650][03( 0): 39:43.225590] wlan: [3371:E:HDD] hdd_get_roam_scan_ch_cb: 4213: Invalid len
06-29 03:39:43.247 I/[ 2396.798788] [schedu][0xab9f8f4ce][03( 0): 39:43.247757] wlan: [3371:I:HDD] wlan0(vdevid-0): disconnected
06-29 03:39:43.247 I/[ 2396.798878] [wpa_su][0xab9f8fb6d][03( 0): 39:43.247845] wlan: [3475:I:HDD] Disconnect reason: 3 WLAN_REASON_DEAUTH_LEAVING vendor: 0 LG: 1
06-29 03:39:43.297 I/[ 2396.848699] [schedu][0xaba0793e9][03( 0): 39:43.297665] wlan: [3371:I:HIF] Deinitializing Runtime PM wakelock &vdev->vdev_set_key_runtime_wakelock
06-29 03:39:43.298 I/[ 2396.848835] [schedu][0xaba079e44][03( 0): 39:43.297803] wlan: [3371:I:HIF] Initializing Runtime PM wakelock &vdev->vdev_set_key_runtime_wakelock
06-29 03:39:43.299 D/android.hardware.wifi@1.0-service( 828): Successfully SetMacAddress.
06-29 03:39:43.300 I/[ 2396.850973] [wifi@1][0xaba083ea7][03( 0): 39:43.299942] wlan: [828:I:DP] dp_vdev_attach_wifi3: wlan_cfg_ap_bridge_enabled 0
06-29 03:39:43.302 W/wificond( 1206): Scan is not started. Ignore abort request
06-29 03:39:43.304 E/[ 2396.854628] [wifi@1][0xaba095098][03( 0): 39:43.303594] wlan: [3455:E:wifipos] wifi_pos_process_app_reg_req: 608: Received App Req Req pid(-398458052), len(16)
06-29 03:39:43.304 I/[ 2396.854787] [wifi@1][0xaba095ca8][03( 0): 39:43.303755] wlan: [3455:I:wifipos] wifi_pos_get_ch_info: 461: num channels: 26
06-29 03:39:43.304 I/[ 2396.854919] [wifi@1][0xaba0966a5][03( 0): 39:43.303888] wlan: [3455:I:wifipos] wifi_pos_get_ch_info: 461: num channels: 26
06-29 03:39:43.312 I/[ 2396.863351] [wpa_su][0xaba0bdeec][03( 0): 39:43.312319] wlan: [3475:I:SME] vdev-0: Connecting to hht_test_wifi_fc4318c9 04:d9:f5:fb:09:94 rssi: -71 freq: 5300 akm 3 cipher: uc 6 mc 6, CC:
06-29 03:39:43.312 E/[ 2396.863394] [wpa_su][0xaba0be23d][03( 0): 39:43.312363] wlan: [3475:E:QDF] Cannot malloc 0 bytes @ csr_get_cfg_max_tx_power:14199
06-29 03:39:43.312 I/[ 2396.863682] [schedu][0xaba0bf7ca][03( 0): 39:43.312650] wlan: [3371:I:WMI] send_vdev_start_cmd_tlv: 1062: send_vdev_start_cmd_tlv: vdev_id 0 freq 5300 chanmode 18 ch_info: 0x12 is_dfs 0 beacon interval 100 dtim 0 center_chan 5290 center_freq2 0 reg_info_1: 0x170000 reg_info_2: 0x1700, req->max_txpow: 0x17 Tx SS 1, Rx SS 1, ldpc_rx: 0, cac 0, regd 4, HE ops: 0req->dis_hw_ack: 1
06-29 03:39:43.318 E/wificond( 1206): NL80211_CMD_TRIGGER_SCAN failed: Device or resource busy
06-29 03:39:43.319 E/[ 2396.869953] [wifico][0xaba0dcdeb][03( 0): 39:43.318918] wlan: [1206:E:HDD] __wlan_hdd_cfg80211_scan: 572: Scan not allowed. scan_ebusy_cnt: 429 Session 0 Reason 1
06-29 03:39:43.477 I/[ 2397.025529] [soft_i][0xaba3b61ef][03( 0): 39:43.474492] wlan: [0:I:TXRX] HTT_T2H_MSG_TYPE_PEER_MAP msg for peer id 17 vdev id 0 n
06-29 03:39:43.477 E/[ 2397.025548] [soft_i][0xaba3b63a8][03( 0): 39:43.474515] wlan: [0:E:DP] dp_peer_find_add_id: peer 0000000000000000 ID 17 vid 0 mac 04:d9:f5:fb:09:94
06-29 03:39:43.477 I/[ 2397.025561] [soft_i][0xaba3b6494][03( 0): 39:43.474527] wlan: [0:I:DP] dp_peer_find_add_id: ref_cnt: 2
06-29 03:39:43.477 E/[ 2397.025583] [soft_i][0xaba3b6559][03( 0): 39:43.474538] wlan: [0:E:DP] dp_peer_map_ast: peer 0000000000000000 ID 3 vid 0 mac 04:d9:f5:fb:09:94
06-29 03:39:43.605 E/[ 2397.152112] link_delay_work_func( 0): DTC_ETH: SQI=0, link=0
06-29 03:39:43.621 I/[ 2397.169991] [schedu][0xaba65b4f9][03( 0): 39:43.618959] wlan: [3371:I:PE] Auth TX: seq 1 seq num 3407 status 0 WEP 0 to 04:d9:f5:fb:09:94
06-29 03:39:43.681 I/[ 2397.228090] [schedu][0xaba76ba4c][03( 0): 39:43.677057] wlan: [3371:I:PE] Auth TX: seq 1 seq num 3408 status 0 WEP 0 to 04:d9:f5:fb:09:94
06-29 03:39:43.685 I/[ 2397.234883] [schedu][0xaba78b7e4][03( 0): 39:43.683851] wlan: [3371:I:PE] Auth TX: fail
06-29 03:39:43.737 I/[ 2397.288063] [schedu][0xaba884c4f][03( 0): 39:43.737030] wlan: [3371:I:PE] Auth TX: seq 1 seq num 3409 status 0 WEP 0 to 04:d9:f5:fb:09:94
06-29 03:39:43.797 I/[ 2397.348070] [schedu][0xaba99e0cd][03( 0): 39:43.797037] wlan: [3371:I:PE] Auth TX: seq 1 seq num 3410 status 0 WEP 0 to 04:d9:f5:fb:09:94
06-29 03:39:43.857 I/[ 2397.408107] [schedu][0xabaab7789][03( 0): 39:43.857073] wlan: [3371:I:PE] Auth TX: seq 1 seq num 3411 status 0 WEP 0 to 04:d9:f5:fb:09:94
06-29 03:39:43.921 I/[ 2397.468085] [schedu][0xababd0995][03( 0): 39:43.917047] wlan: [3371:I:PE] Auth TX: seq 1 seq num 3412 status 0 WEP 0 to 04:d9:f5:fb:09:94
06-29 03:39:43.977 I/[ 2397.528084] [schedu][0xabace9d89][03( 0): 39:43.977047] wlan: [3371:I:PE] Auth TX: seq 1 seq num 3413 status 0 WEP 0 to 04:d9:f5:fb:09:94
06-29 03:39:44.041 I/[ 2397.588080] [schedu][0xabae03076][03( 0): 39:44.037032] wlan: [3371:I:PE] Auth TX: seq 1 seq num 3414 status 0 WEP 0 to 04:d9:f5:fb:09:94
06-29 03:39:44.101 I/[ 2397.648062] [schedu][0xabaf1c432][03( 0): 39:44.097029] wlan: [3371:I:PE] Auth TX: seq 1 seq num 3415 status 0 WEP 0 to 04:d9:f5:fb:09:94
06-29 03:39:44.157 I/[ 2397.708065] [schedu][0xabb035868][03( 0): 39:44.157032] wlan: [3371:I:PE] Auth TX: seq 1 seq num 3416 status 0 WEP 0 to 04:d9:f5:fb:09:94
06-29 03:39:44.217 I/[ 2397.768061] [schedu][0xabb14ec22][03( 0): 39:44.217028] wlan: [3371:I:PE] Auth TX: seq 1 seq num 3417 status 0 WEP 0 to 04:d9:f5:fb:09:94
06-29 03:39:44.225 I/[ 2397.774332] [schedu][0xabb16c280][03( 0): 39:44.223300] wlan: [3371:I:PE] Auth TX: fail
06-29 03:39:44.281 I/[ 2397.828057] [schedu][0xabb267fd6][03( 0): 39:44.277024] wlan: [3371:I:PE] Auth TX: seq 1 seq num 3418 status 0 WEP 0 to 04:d9:f5:fb:09:94
06-29 03:39:44.337 I/[ 2397.888045] [schedu][0xabb3812f9][03( 0): 39:44.337013] wlan: [3371:I:PE] Auth TX: seq 1 seq num 3419 status 0 WEP 0 to 04:d9:f5:fb:09:94
06-29 03:39:44.397 I/[ 2397.948275] [schedu][0xabb49b7e7][03( 0): 39:44.397238] wlan: [3371:I:PE] Auth TX: seq 1 seq num 3420 status 0 WEP 0 to 04:d9:f5:fb:09:94
06-29 03:39:44.457 I/[ 2398.008058] [schedu][0xabb5b3b6f][03( 0): 39:44.457019] wlan: [3371:I:PE] Auth TX: seq 1 seq num 3421 status 0 WEP 0 to 04:d9:f5:fb:09:94
06-29 03:39:44.521 I/[ 2398.068091] [schedu][0xabb6cd254][03( 0): 39:44.517057] wlan: [3371:I:PE] Auth TX: seq 1 seq num 3422 status 0 WEP 0 to 04:d9:f5:fb:09:94
06-29 03:39:44.577 I/[ 2398.128065] [schedu][0xabb7e646d][03( 0): 39:44.577032] wlan: [3371:I:PE] Auth TX: seq 1 seq num 3423 status 0 WEP 0 to 04:d9:f5:fb:09:94
06-29 03:39:44.625 W/[ 2398.176095] [schedu][0xabb8c765c][03( 0): 39:44.625058] wlan: [3371:W:PE] lim_process_auth_failure_timeout: 1777: received AUTH failure timeout in sessionid 0 limMlmstate 5 limSmeState 4
06-29 03:39:44.625 E/[ 2398.176132] [schedu][0xabb8c7998][03( 0): 39:44.625101] wlan: [3371:E:PE] lim_process_mlm_auth_cnf: 558: Auth Failure occurred
06-29 03:39:44.625 I/[ 2398.176151] [schedu][0xabb8c7b01][03( 0): 39:44.625120] wlan: [3371:I:PE] Deauth TX: vdev 0 seq_num 3424 reason 65530 waitForAck 0 to 04:d9:f5:fb:09:94 from a2:d7:5b:b4:b7:af
06-29 03:39:44.638 I/wificond( 1206): Connect timeout
06-29 03:39:44.639 W/[ 2398.189531] [schedu][0xabb906668][03( 0): 39:44.638498] wlan: [3371:W:SME] csr_roam_join_rsp_processor: 9876: SmeJoinReq failed with status_code= 0x000001FD [509] reason:65530
06-29 03:39:44.639 W/[ 2398.189590] [schedu][0xabb906aba][03( 0): 39:44.638556] wlan: [3371:W:HDD] hdd_get_rssi_snr_by_bssid: 17749: sme_get_rssi_snr_by_bssid failed
06-29 03:39:44.639 E/[ 2398.189594] [schedu][0xabb906b46][03( 0): 39:44.638563] wlan: [3371:E:HDD] hdd_association_completion_handler: 3712: wlan0(vdevid-0): connection failed with 04:d9:f5:fb:09:94 result: 3 and Status: 7
06-29 03:39:44.639 W/[ 2398.189632] [schedu][0xabb906e1a][03( 0): 39:44.638601] wlan: [3371:W:HDD] hdd_get_rssi_snr_by_bssid: 17749: sme_get_rssi_snr_by_bssid failed
06-29 03:39:44.639 E/[ 2398.189636] [schedu][0xabb906e6f][03( 0): 39:44.638605] wlan: [3371:E:HDD] hdd_association_completion_handler: 3712: wlan0(vdevid-0): connection failed with 04:d9:f5:fb:09:94 result: 1 and Status: 9
06-29 03:39:44.639 E/[ 2398.189661] [schedu][0xabb907043][03( 0): 39:44.638630] wlan: [3371:E:HDD] hdd_association_completion_handler: 3784: send connect failure to nl80211: for bssid 04:d9:f5:fb:09:94 result: 1 and Status: 9 reasoncode: 65530
06-29 03:39:44.645 I/[ 2398.195607] logd( 0): logdr: UID=1000 GID=1000 PID=12951 n tail=127 logMask=19 pid=0 start=0ns deadline=0ns
06-29 03:39:44.680 I/[ 2398.230980] [schedu][0xabb9c8b13][03( 0): 39:44.679947] wlan: [3371:I:HIF] Deinitializing Runtime PM wakelock &vdev->vdev_set_key_runtime_wakelock
06-29 03:39:44.681 I/[ 2398.231188] [schedu][0xabb9c9abf][03( 0): 39:44.680156] wlan: [3371:I:HIF] Initializing Runtime PM wakelock &vdev->vdev_set_key_runtime_wakelock
06-29 03:39:44.681 D/android.hardware.wifi@1.0-service( 828): Successfully SetMacAddress.
06-29 03:39:44.682 I/[ 2398.232972] [wifi@1][0xabb9d209e][03( 0): 39:44.681941] wlan: [828:I:DP] dp_vdev_attach_wifi3: wlan_cfg_ap_bridge_enabled 0
06-29 03:39:44.687 E/[ 2398.238565] [wifi@1][0xabb9ec3e5][03( 0): 39:44.687532] wlan: [3455:E:wifipos] wifi_pos_process_app_reg_req: 608: Received App Req Req pid(-398458052), len(16)
06-29 03:39:44.687 I/[ 2398.238794] [wifi@1][0xabb9ed541][03( 0): 39:44.687763] wlan: [3455:I:wifipos] wifi_pos_get_ch_info: 461: num channels: 26
06-29 03:39:44.689 I/[ 2398.238972] [wifi@1][0xabb9ee121][03( 0): 39:44.687921] wlan: [3455:I:wifipos] wifi_pos_get_ch_info: 461: num channels: 26
06-29 03:39:44.749 I/[ 2398.298797] logd( 0): logdr: UID=1000 GID=1000 PID=12955 n tail=127 logMask=80 pid=0 start=0ns deadline=0ns
06-29 03:39:44.841 I/GameModeConfig( 1522): isGameModeOn = false
06-29 03:39:44.847 E/android.hardware.wifi@1.0-service( 828): create file failed: Permission denied
06-29 03:39:44.847 E/android.hardware.wifi@1.0-service( 828): Error writing files to flash
06-29 03:39:44.863 I/[ 2398.414462] [schedu][0xabbd24c36][03( 0): 39:44.863429] wlan: [3371:I:OSIF] scan start scan id 41251
06-29 03:39:44.881 E/ ( 0): [ 2398.432071] thermal cooling_device4: DTC_Fan: ERROR, avg(0) out of range(1680, 2800)
at stat(1)
06-29 03:39:44.964 I/[ 2398.512155] msm_vidc( 0): high: 00000001: h264d: Closed video instance: 0000000000000000
06-29 03:39:45.121 I/GameModeConfig( 1522): isGameModeOn = false
06-29 03:39:45.319 D/PowerManagerService( 1522): acquireWakeLockInternal: lock=218282209, flags=0x1, tag="*alarm*", ws=WorkSource{1000}, uid=1000, pid=1522
06-29 03:39:45.319 D/PowerManagerService( 1522): updateWakeLockSummaryLocked: mWakefulness=Awake, mWakeLockSummary=0x23
06-29 03:39:45.319 D/PowerManagerService( 1522): updateUserActivitySummaryLocked: groupId=0, mWakefulness=Awake, mUserActivitySummary=0x1, nextTimeout=2449927 (in 51057 ms)
06-29 03:39:45.319 D/PowerManagerNotifier( 1522): onScreenPolicyUpdate: newPolicy=3
