06-29 03:39:27.277 D/PowerManagerService( 1522): updateDisplayPowerStateLocked: displayReady=true, groupId=0, policy=BRIGHT, mWakefulness=Awake, mWakeLockSummary=0x1, mUserActivitySummary=0x1, mBootCompleted=true, screenBrightnessOverride=NaN, useAutoBrightness=false, mScreenBrightnessBoostInProgress=false, mIsVrModeEnabled= false, sQuiescent=false
06-29 03:39:27.277 D/PowerManagerNotifier( 1522): onWakeLockAcquired: flags=1, tag="AudioMix", packageName=audioserver, ownerUid=1041, ownerPid=0, workSource=null
06-29 03:39:27.277 D/PowerManagerService( 1522): acquireWakeLockInternal: lock=163940841, flags=0x1, tag="AudioMix", ws=null, uid=1041, pid=0
06-29 03:39:27.277 D/PowerManagerService( 1522): updateWakeLockSummaryLocked: mWakefulness=Awake, mWakeLockSummary=0x1
06-29 03:39:27.277 D/PowerManagerService( 1522): updateUserActivitySummaryLocked: groupId=0, mWakefulness=Awake, mUserActivitySummary=0x1, nextTimeout=2440317 (in 59489 ms)
06-29 03:39:27.277 D/PowerManagerNotifier( 1522): onScreenPolicyUpdate: newPolicy=3
06-29 03:39:27.277 D/PowerManagerService( 1522): updateDisplayPowerStateLocked: displayReady=true, groupId=0, policy=BRIGHT, mWakefulness=Awake, mWakeLockSummary=0x1, mUserActivitySummary=0x1, mBootCompleted=true, screenBrightnessOverride=NaN, useAutoBrightness=false, mScreenBrightnessBoostInProgress=false, mIsVrModeEnabled= false, sQuiescent=false
06-29 03:39:27.277 D/PowerManagerNotifier( 1522): onWakeLockAcquired: flags=1, tag="AudioMix", packageName=audioserver, ownerUid=1041, ownerPid=0, workSource=null
06-29 03:39:27.277 D/PowerManagerService( 1522): acquireWakeLockInternal: lock=207021678, flags=0x1, tag="AudioMix", ws=null, uid=1041, pid=0
06-29 03:39:27.277 D/PowerManagerService( 1522): updateWakeLockSummaryLocked: mWakefulness=Awake, mWakeLockSummary=0x1
06-29 03:39:27.277 D/PowerManagerService( 1522): updateUserActivitySummaryLocked: groupId=0, mWakefulness=Awake, mUserActivitySummary=0x1, nextTimeout=2440317 (in 59489 ms)
06-29 03:39:27.277 D/PowerManagerNotifier( 1522): onScreenPolicyUpdate: newPolicy=3
06-29 03:39:27.277 D/PowerManagerService( 1522): updateDisplayPowerStateLocked: displayReady=true, groupId=0, policy=BRIGHT, mWakefulness=Awake, mWakeLockSummary=0x1, mUserActivitySummary=0x1, mBootCompleted=true, screenBrightnessOverride=NaN, useAutoBrightness=false, mScreenBrightnessBoostInProgress=false, mIsVrModeEnabled= false, sQuiescent=false
06-29 03:39:27.277 D/PowerManagerNotifier( 1522): onWakeLockAcquired: flags=1, tag="AudioMix", packageName=audioserver, ownerUid=1041, ownerPid=0, workSource=null
06-29 03:39:27.278 D/PowerManagerService( 1522): updateWakeLockWorkSourceInternal: lock=137632947 [AudioMix], ws=null
06-29 03:39:27.278 D/PowerManagerService( 1522): updateWakeLockWorkSourceInternal: lock=163940841 [AudioMix], ws=null
06-29 03:39:27.278 D/PowerManagerService( 1522): updateWakeLockWorkSourceInternal: lock=207021678 [AudioMix], ws=null
06-29 03:39:27.278 D/PowerManagerService( 1522): updateWakeLockWorkSourceInternal: lock=73462384 [AudioMix], ws=null
06-29 03:39:27.278 D/PowerManagerService( 1522): acquireWakeLockInternal: lock=38392079, flags=0x1, tag="AudioMix", ws=null, uid=1041, pid=0
06-29 03:39:27.278 D/PowerManagerService( 1522): updateWakeLockSummaryLocked: mWakefulness=Awake, mWakeLockSummary=0x1
06-29 03:39:27.278 D/PowerManagerService( 1522): updateUserActivitySummaryLocked: groupId=0, mWakefulness=Awake, mUserActivitySummary=0x1, nextTimeout=2440317 (in 59488 ms)
06-29 03:39:27.278 D/PowerManagerNotifier( 1522): onScreenPolicyUpdate: newPolicy=3
06-29 03:39:27.278 D/PowerManagerService( 1522): updateDisplayPowerStateLocked: displayReady=true, groupId=0, policy=BRIGHT, mWakefulness=Awake, mWakeLockSummary=0x1, mUserActivitySummary=0x1, mBootCompleted=true, screenBrightnessOverride=NaN, useAutoBrightness=false, mScreenBrightnessBoostInProgress=false, mIsVrModeEnabled= false, sQuiescent=false
06-29 03:39:27.278 D/PowerManagerNotifier( 1522): onWakeLockAcquired: flags=1, tag="AudioMix", packageName=audioserver, ownerUid=1041, ownerPid=0, workSource=null
06-29 03:39:27.278 D/PowerManagerService( 1522): updateWakeLockWorkSourceInternal: lock=38392079 [AudioMix], ws=null
06-29 03:39:27.289 I/[ 2380.838231] binder( 0): 11867:11909 ioctl 40046210 7242cc71f4 returned -22
06-29 03:39:27.306 I/MicroServiceManager( 1522): requestResult(requestAudioFocus) parameters is{"functionInfo":{"IDCM_AudioFocus":"AudioFocus_Media"}}.
06-29 03:39:27.317 I/[ 2380.864108] [schedu][0xaa7bc97a9][03( 0): 39:27.313075] wlan: [3371:I:PE] Auth TX: seq 1 seq num 3323 status 0 WEP 0 to 04:d9:f5:fb:09:94
06-29 03:39:27.318 I/[ 2380.868466] msm_vidc( 0): high: 00000001: ....d: Opening video instance: 0000000000000000, 1
06-29 03:39:27.318 I/[ 2380.868500] msm_vidc( 0): err : 00000001: ....d: Failed to create debugfs for msm_vidc
06-29 03:39:27.352 D/PowerManagerService( 1522): updateWakeLockWorkSourceInternal: lock=137632947 [AudioMix], ws=WorkSource{10092}
06-29 03:39:27.352 D/PowerManagerNotifier( 1522): onWakeLockReleased: flags=1, tag="AudioMix", packageName=audioserver, ownerUid=1041, ownerPid=0, workSource=null
06-29 03:39:27.352 D/PowerManagerNotifier( 1522): onWakeLockAcquired: flags=1, tag="AudioMix", packageName=audioserver, ownerUid=1041, ownerPid=0, workSource=WorkSource{10092}
06-29 03:39:27.358 I/[ 2380.908407] afe_find_cal_topo_id_by_port( 0): port id: 0x9000, dev_acdb_id: 15
06-29 03:39:27.358 I/[ 2380.908411] afe_find_cal_topo_id_by_port( 0): top_id:112fc acdb_id:15 afe_port_id:0x9000
06-29 03:39:27.358 I/[ 2380.908412] afe_get_cal_topology_id( 0): port_id = 0x9000 acdb_id = 15 topology_id = 0x112fc cal_type_index=8 ret=0
06-29 03:39:27.358 I/[ 2380.908612] afe_send_port_topology_id( 0): AFE set topology id 0x112fc enable for port 0x9000 ret 0
06-29 03:39:27.358 I/[ 2380.908614] send_afe_cal_type( 0): cal_index is 0
06-29 03:39:27.358 I/[ 2380.908615] send_afe_cal_type( 0): dev_acdb_id[55] is 15
06-29 03:39:27.358 I/[ 2380.908617] afe_find_cal( 0): cal_index 0 port_id 0x9000 port_index 55
06-29 03:39:27.358 I/[ 2380.908618] afe_find_cal( 0): acdb_id 15 dev_acdb_id 15 sample_rate 48000 afe_sample_rates 48000
06-29 03:39:27.358 I/[ 2380.908619] afe_find_cal( 0): cal block is a match, size is 0
06-29 03:39:27.358 I/[ 2380.908620] send_afe_cal_type( 0): Sending cal_index cal 0
06-29 03:39:27.358 E/[ 2380.908621] send_afe_cal_type( 0): No cal sent for cal_index 0, port_id = 0x9000! ret -22
06-29 03:39:27.358 I/[ 2380.908807] afe_send_hw_delay( 0): port_id 0x9000 rate 48000 delay_usec 474 status 0
06-29 03:39:27.373 I/[ 2380.924078] [schedu][0xaa7ce2966][03( 0): 39:27.373045] wlan: [3371:I:PE] Auth TX: seq 1 seq num 3324 status 0 WEP 0 to 04:d9:f5:fb:09:94
06-29 03:39:27.377 I/[ 2380.926299] [schedu][0xaa7ced016][03( 0): 39:27.375267] wlan: [3371:I:PE] Auth RX: vdev 0 sys role 3 lim_state 5 from 04:d9:f5:fb:09:94 rssi -71 auth_alg 0 seq 3322
06-29 03:39:27.377 I/[ 2380.926370] [schedu][0xaa7ced51a][03( 0): 39:27.375334] wlan: [3371:I:PE] Assoc req TX: vdev 0 to 04:d9:f5:fb:09:94 seq num 3325
06-29 03:39:27.377 E/[ 2380.926921] [kworke][0xaa7cefeb0][03( 0): 39:27.375889] wlan: [25851:E:PE] lim_is_pkt_candidate_for_drop: 2905: auth frame, seq num: 3322 is already processed, drop it
06-29 03:39:27.389 I/[ 2380.937358] [schedu][0xaa7d20d6c][03( 0): 39:27.386325] wlan: [3371:I:PE] Assoc req TX: fail
06-29 03:39:27.426 W/FileUtils(11867): Failed to chmod(/data/user/0/com.tencent.mm/app_tbs): android.system.ErrnoException: chmod failed: EACCES (Permission denied)
06-29 03:39:27.426 W/FileUtils(11867): Failed to chmod(/data/user/0/com.tencent.mm/app_tbs_common_share): android.system.ErrnoException: chmod failed: EACCES (Permission denied)
06-29 03:39:27.432 W/FileUtils(11867): Failed to chmod(/data/user/0/com.tencent.mobileqq/app_tbs): android.system.ErrnoException: chmod failed: EACCES (Permission denied)
06-29 03:39:27.432 W/FileUtils(11867): Failed to chmod(/data/user/0/com.tencent.mobileqq/app_tbs_common_share): android.system.ErrnoException: chmod failed: EACCES (Permission denied)
06-29 03:39:27.906 W/BroadcastQueue( 1522): Background execution not allowed: receiving Intent { act=android.media.AUDIO_BECOMING_NOISY flg=0x14000010 } to com.kugou.android.auto/.receiver.AutoStartReceiver
06-29 03:39:27.908 D/PowerManagerService( 1522): acquireWakeLockInternal: lock=126465943, flags=0x2000000a, tag="WindowManager", ws=WorkSource{10092}, uid=1000, pid=1522
06-29 03:39:27.908 D/PowerManagerService( 1522): updateWakeLockSummaryLocked: mWakefulness=Awake, mWakeLockSummary=0x23
06-29 03:39:27.908 D/PowerManagerService( 1522): updateUserActivitySummaryLocked: groupId=0, mWakefulness=Awake, mUserActivitySummary=0x1, nextTimeout=2440317 (in 58858 ms)
06-29 03:39:27.908 D/PowerManagerNotifier( 1522): onScreenPolicyUpdate: newPolicy=3
06-29 03:39:27.908 D/PowerManagerService( 1522): updateDisplayPowerStateLocked: displayReady=true, groupId=0, policy=BRIGHT, mWakefulness=Awake, mWakeLockSummary=0x23, mUserActivitySummary=0x1, mBootCompleted=true, screenBrightnessOverride=NaN, useAutoBrightness=false, mScreenBrightnessBoostInProgress=false, mIsVrModeEnabled= false, sQuiescent=false
06-29 03:39:27.908 D/PowerManagerNotifier( 1522): onWakeLockAcquired: flags=536870922, tag="WindowManager", packageName=android, ownerUid=1000, ownerPid=1522, workSource=WorkSource{10092}
06-29 03:39:27.910 I/MicroServiceManager( 1522): requestResult(requestAudioFocus) parameters is{"functionInfo":{"IDCM_AudioFocus":"AudioFocus_Media"}}.
06-29 03:39:27.952 D/PowerManagerService( 1522): releaseWakeLockInternal: lock=258975204 [*launch*], flags=0x0
06-29 03:39:27.952 D/PowerManagerNotifier( 1522): onWakeLockReleased: flags=1, tag="*launch*", packageName=android, ownerUid=1000, ownerPid=1522, workSource=WorkSource{10092}
06-29 03:39:27.952 D/PowerManagerService( 1522): updateWakeLockSummaryLocked: mWakefulness=Awake, mWakeLockSummary=0x23
06-29 03:39:27.952 D/PowerManagerService( 1522): updateUserActivitySummaryLocked: groupId=0, mWakefulness=Awake, mUserActivitySummary=0x1, nextTimeout=2440317 (in 58814 ms)
06-29 03:39:27.952 D/PowerManagerNotifier( 1522): onScreenPolicyUpdate: newPolicy=3
06-29 03:39:27.952 D/PowerManagerService( 1522): updateDisplayPowerStateLocked: displayReady=true, groupId=0, policy=BRIGHT, mWakefulness=Awake, mWakeLockSummary=0x23, mUserActivitySummary=0x1, mBootCompleted=true, screenBrightnessOverride=NaN, useAutoBrightness=false, mScreenBrightnessBoostInProgress=false, mIsVrModeEnabled= false, sQuiescent=false
06-29 03:39:28.163 D/PowerManagerService( 1522): acquireWakeLockInternal: lock=218282209, flags=0x1, tag="*alarm*", ws=WorkSource{1000}, uid=1000, pid=1522
06-29 03:39:28.163 D/PowerManagerService( 1522): updateWakeLockSummaryLocked: mWakefulness=Awake, mWakeLockSummary=0x23
06-29 03:39:28.163 D/PowerManagerService( 1522): updateUserActivitySummaryLocked: groupId=0, mWakefulness=Awake, mUserActivitySummary=0x1, nextTimeout=2440317 (in 58603 ms)
06-29 03:39:28.163 D/PowerManagerNotifier( 1522): onScreenPolicyUpdate: newPolicy=3
06-29 03:39:28.163 D/PowerManagerService( 1522): updateDisplayPowerStateLocked: displayReady=true, groupId=0, policy=BRIGHT, mWakefulness=Awake, mWakeLockSummary=0x23, mUserActivitySummary=0x1, mBootCompleted=true, screenBrightnessOverride=NaN, useAutoBrightness=false, mScreenBrightnessBoostInProgress=false, mIsVrModeEnabled= false, sQuiescent=false
06-29 03:39:28.163 D/PowerManagerNotifier( 1522): onWakeLockAcquired: flags=1, tag="*alarm*", packageName=android, ownerUid=1000, ownerPid=1522, workSource=WorkSource{1000}
06-29 03:39:28.163 D/PowerManagerService( 1522): releaseWakeLockInternal: lock=218282209 [*alarm*], flags=0x0
06-29 03:39:28.163 D/PowerManagerNotifier( 1522): onWakeLockReleased: flags=1, tag="*alarm*", packageName=android, ownerUid=1000, ownerPid=1522, workSource=WorkSource{1000}
06-29 03:39:28.163 D/PowerManagerService( 1522): updateWakeLockSummaryLocked: mWakefulness=Awake, mWakeLockSummary=0x23
06-29 03:39:28.163 D/PowerManagerService( 1522): updateUserActivitySummaryLocked: groupId=0, mWakefulness=Awake, mUserActivitySummary=0x1, nextTimeout=2440317 (in 58603 ms)
06-29 03:39:28.163 D/PowerManagerNotifier( 1522): onScreenPolicyUpdate: newPolicy=3
06-29 03:39:28.163 D/PowerManagerService( 1522): updateDisplayPowerStateLocked: displayReady=true, groupId=0, policy=BRIGHT, mWakefulness=Awake, mWakeLockSummary=0x23, mUserActivitySummary=0x1, mBootCompleted=true, screenBrightnessOverride=NaN, useAutoBrightness=false, mScreenBrightnessBoostInProgress=false, mIsVrModeEnabled= false, sQuiescent=false
06-29 03:39:28.164 E/wificond( 1206): NL80211_CMD_TRIGGER_SCAN failed: Device or resource busy
06-29 03:39:28.164 E/[ 2381.715753] [wifico][0xaa8b618ff][03( 0): 39:28.164720] wlan: [1206:E:HDD] __wlan_hdd_cfg80211_scan: 572: Scan not allowed. scan_ebusy_cnt: 424 Session 0 Reason 1
06-29 03:39:28.245 E/[ 2381.792056] link_delay_work_func( 0): DTC_ETH: SQI=0, link=0
06-29 03:39:28.511 W/BroadcastQueue( 1522): Background execution not allowed: receiving Intent { act=android.media.AUDIO_BECOMING_NOISY flg=0x14000010 } to com.kugou.android.auto/.receiver.AutoStartReceiver
06-29 03:39:28.792 D/PowerManagerService( 1522): userActivityNoUpdateLocked: groupId=0, eventTime=2382342, event=2, flags=0x0, uid=1000
06-29 03:39:28.792 D/PowerManagerNotifier( 1522): onUserActivity: event=2, uid=1000
06-29 03:39:28.792 D/PowerManagerService( 1522): updateUserActivitySummaryLocked: groupId=0, mWakefulness=Awake, mUserActivitySummary=0x1, nextTimeout=2442342 (in 59999 ms)
06-29 03:39:28.792 D/PowerManagerNotifier( 1522): onScreenPolicyUpdate: newPolicy=3
06-29 03:39:28.792 D/PowerManagerService( 1522): updateDisplayPowerStateLocked: displayReady=true, groupId=0, policy=BRIGHT, mWakefulness=Awake, mWakeLockSummary=0x23, mUserActivitySummary=0x1, mBootCompleted=true, screenBrightnessOverride=NaN, useAutoBrightness=false, mScreenBrightnessBoostInProgress=false, mIsVrModeEnabled= false, sQuiescent=false
06-29 03:39:28.898 D/PowerManagerService( 1522): userActivityNoUpdateLocked: groupId=0, eventTime=2382449, event=2, flags=0x0, uid=1000
06-29 03:39:28.898 D/PowerManagerNotifier( 1522): onUserActivity: event=2, uid=1000
06-29 03:39:28.899 D/PowerManagerService( 1522): updateUserActivitySummaryLocked: groupId=0, mWakefulness=Awake, mUserActivitySummary=0x1, nextTimeout=2442449 (in 59999 ms)
06-29 03:39:28.899 D/PowerManagerNotifier( 1522): onScreenPolicyUpdate: newPolicy=3
06-29 03:39:28.899 D/PowerManagerService( 1522): updateDisplayPowerStateLocked: displayReady=true, groupId=0, policy=BRIGHT, mWakefulness=Awake, mWakeLockSummary=0x23, mUserActivitySummary=0x1, mBootCompleted=true, screenBrightnessOverride=NaN, useAutoBrightness=false, mScreenBrightnessBoostInProgress=false, mIsVrModeEnabled= false, sQuiescent=false
06-29 03:39:29.393 I/[ 2382.944100] [schedu][0xaaa1df6f4][03( 0): 39:29.393066] wlan: [3371:I:PE] Deauth TX: vdev 0 seq_num 3326 reason 1 waitForAck 0 to 04:d9:f5:fb:09:94 from a2:d7:5b:b4:b7:af
06-29 03:39:29.393 E/[ 2382.944154] [schedu][0xaaa1dfb38][03( 0): 39:29.393122] wlan: [3371:E:PE] lim_process_assoc_failure_timeout: 1963: (Re)Assoc Failure Timeout occurred
06-29 03:39:29.393 E/[ 2382.944166] [schedu][0xaaa1dfc2f][03( 0): 39:29.393135] wlan: [3371:E:PE] lim_process_mlm_assoc_cnf: 650: SessionId:0 Association failure resultCode: 510 limSmeState:5
06-29 03:39:29.405 W/[ 2382.956371] [schedu][0xaaa218f56][03( 0): 39:29.405337] wlan: [3371:W:SME] csr_roam_join_rsp_processor: 9876: SmeJoinReq failed with status_code= 0x000001FE [510] reason:65533
06-29 03:39:29.405 I/[ 2382.956376] [schedu][0xaaa218fdf][03( 0): 39:29.405345] wlan: [3371:I:SME] csr_roam_join_rsp_processor: 9949: Retry once with same BSSID, status 510 reason 65533 auth_type 3 retry count 0 max count 1
06-29 03:39:29.405 W/[ 2382.956503] [schedu][0xaaa219944][03( 0): 39:29.405470] wlan: [3371:W:HDD] hdd_get_rssi_snr_by_bssid: 17749: sme_get_rssi_snr_by_bssid failed
06-29 03:39:29.405 E/[ 2382.956507] [schedu][0xaaa2199b7][03( 0): 39:29.405476] wlan: [3371:E:HDD] hdd_association_completion_handler: 3712: wlan0(vdevid-0): connection failed with 04:d9:f5:fb:09:94 result: 3 and Status: 7
06-29 03:39:29.405 I/[ 2382.956577] [schedu][0xaaa219f03][03( 0): 39:29.405546] wlan: [3371:I:SME] vdev-0: Connecting to hht_test_wifi_fc4318c9 04:d9:f5:fb:09:94 rssi: -74 freq: 5300 akm 3 cipher: uc 6 mc 6, CC:
06-29 03:39:29.405 E/[ 2382.956615] [schedu][0xaaa21a1e0][03( 0): 39:29.405585] wlan: [3371:E:QDF] Cannot malloc 0 bytes @ csr_get_cfg_max_tx_power:14199
06-29 03:39:29.409 I/[ 2382.956830] [schedu][0xaaa21b1e7][03( 0): 39:29.405798] wlan: [3371:I:WMI] send_vdev_start_cmd_tlv: 1062: send_vdev_start_cmd_tlv: vdev_id 0 freq 5300 chanmode 18 ch_info: 0x12 is_dfs 0 beacon interval 100 dtim 0 center_chan 5290 center_freq2 0 reg_info_1: 0x170000 reg_info_2: 0x1700, req->max_txpow: 0x17 Tx SS 1, Rx SS 1, ldpc_rx: 0, cac 0, regd 4, HE ops: 0req->dis_hw_ack: 1
06-29 03:39:29.410 I/[ 2382.961069] [soft_i][0xaaa22ef97][03( 0): 39:29.410034] wlan: [0:I:TXRX] HTT_T2H_MSG_TYPE_PEER_MAP msg for peer id 17 vdev id 0 n
06-29 03:39:29.410 E/[ 2382.961093] [soft_i][0xaaa22f17e][03( 0): 39:29.410060] wlan: [0:E:DP] dp_peer_find_add_id: peer 0000000000000000 ID 17 vid 0 mac 04:d9:f5:fb:09:94
06-29 03:39:29.410 I/[ 2382.961102] [soft_i][0xaaa22f22d][03( 0): 39:29.410069] wlan: [0:I:DP] dp_peer_find_add_id: ref_cnt: 2
06-29 03:39:29.410 E/[ 2382.961113] [soft_i][0xaaa22f2fb][03( 0): 39:29.410079] wlan: [0:E:DP] dp_peer_map_ast: peer 0000000000000000 ID 3 vid 0 mac 04:d9:f5:fb:09:94
06-29 03:39:29.487 D/PowerManagerService( 1522): userActivityNoUpdateLocked: groupId=0, eventTime=2383037, event=2, flags=0x0, uid=1000
06-29 03:39:29.487 D/PowerManagerNotifier( 1522): onUserActivity: event=2, uid=1000
06-29 03:39:29.487 D/PowerManagerService( 1522): updateUserActivitySummaryLocked: groupId=0, mWakefulness=Awake, mUserActivitySummary=0x1, nextTimeout=2443037 (in 59999 ms)
06-29 03:39:29.487 D/PowerManagerNotifier( 1522): onScreenPolicyUpdate: newPolicy=3
06-29 03:39:29.487 D/PowerManagerService( 1522): updateDisplayPowerStateLocked: displayReady=true, groupId=0, policy=BRIGHT, mWakefulness=Awake, mWakeLockSummary=0x23, mUserActivitySummary=0x1, mBootCompleted=true, screenBrightnessOverride=NaN, useAutoBrightness=false, mScreenBrightnessBoostInProgress=false, mIsVrModeEnabled= false, sQuiescent=false
06-29 03:39:29.489 I/[ 2383.038123] [schedu][0xaaa3982f3][03( 0): 39:29.487092] wlan: [3371:I:PE] Auth TX: seq 1 seq num 3328 status 0 WEP 0 to 04:d9:f5:fb:09:94
06-29 03:39:29.497 I/[ 2383.045465] [schedu][0xaaa3ba96c][03( 0): 39:29.494432] wlan: [3371:I:PE] Auth TX: fail
06-29 03:39:29.545 I/[ 2383.096120] [schedu][0xaaa4a80a4][03( 0): 39:29.545088] wlan: [3371:I:PE] Auth TX: seq 1 seq num 3329 status 0 WEP 0 to 04:d9:f5:fb:09:94
06-29 03:39:29.609 I/[ 2383.156072] [schedu][0xaaa5c10fc][03( 0): 39:29.605039] wlan: [3371:I:PE] Auth TX: seq 1 seq num 3330 status 0 WEP 0 to 04:d9:f5:fb:09:94
06-29 03:39:29.609 I/[ 2383.160111] [schedu][0xaaa5d3ffc][03( 0): 39:29.609079] wlan: [3371:I:PE] Auth RX: vdev 0 sys role 3 lim_state 5 from 04:d9:f5:fb:09:94 rssi -74 auth_alg 0 seq 3347
06-29 03:39:29.609 E/[ 2383.160149] [kworke][0xaaa5d4289][03( 0): 39:29.609113] wlan: [7:E:PE] lim_is_pkt_candidate_for_drop: 2905: auth frame, seq num: 3347 is already processed, drop it
06-29 03:39:29.609 I/[ 2383.160176] [schedu][0xaaa5d44ee][03( 0): 39:29.609145] wlan: [3371:I:PE] Assoc req TX: vdev 0 to 04:d9:f5:fb:09:94 seq num 3331
06-29 03:39:29.621 I/[ 2383.170844] [schedu][0xaaa6064d7][03( 0): 39:29.619811] wlan: [3371:I:PE] Assoc req TX: fail
06-29 03:39:30.165 D/PowerManagerService( 1522): acquireWakeLockInternal: lock=218282209, flags=0x1, tag="*alarm*", ws=WorkSource{1000}, uid=1000, pid=1522
06-29 03:39:30.165 D/PowerManagerService( 1522): updateWakeLockSummaryLocked: mWakefulness=Awake, mWakeLockSummary=0x23
06-29 03:39:30.165 D/PowerManagerService( 1522): updateUserActivitySummaryLocked: groupId=0, mWakefulness=Awake, mUserActivitySummary=0x1, nextTimeout=2443037 (in 59321 ms)
06-29 03:39:30.165 D/PowerManagerNotifier( 1522): onScreenPolicyUpdate: newPolicy=3
06-29 03:39:30.165 D/PowerManagerService( 1522): updateDisplayPowerStateLocked: displayReady=true, groupId=0, policy=BRIGHT, mWakefulness=Awake, mWakeLockSummary=0x23, mUserActivitySummary=0x1, mBootCompleted=true, screenBrightnessOverride=NaN, useAutoBrightness=false, mScreenBrightnessBoostInProgress=false, mIsVrModeEnabled= false, sQuiescent=false
06-29 03:39:30.165 D/PowerManagerNotifier( 1522): onWakeLockAcquired: flags=1, tag="*alarm*", packageName=android, ownerUid=1000, ownerPid=1522, workSource=WorkSource{1000}
06-29 03:39:30.165 D/PowerManagerService( 1522): releaseWakeLockInternal: lock=218282209 [*alarm*], flags=0x0
06-29 03:39:30.165 D/PowerManagerNotifier( 1522): onWakeLockReleased: flags=1, tag="*alarm*", packageName=android, ownerUid=1000, ownerPid=1522, workSource=WorkSource{1000}
06-29 03:39:30.165 D/PowerManagerService( 1522): updateWakeLockSummaryLocked: mWakefulness=Awake, mWakeLockSummary=0x23
06-29 03:39:30.165 D/PowerManagerService( 1522): updateUserActivitySummaryLocked: groupId=0, mWakefulness=Awake, mUserActivitySummary=0x1, nextTimeout=2443037 (in 59321 ms)
06-29 03:39:30.165 D/PowerManagerNotifier( 1522): onScreenPolicyUpdate: newPolicy=3
06-29 03:39:30.165 D/PowerManagerService( 1522): updateDisplayPowerStateLocked: displayReady=true, groupId=0, policy=BRIGHT, mWakefulness=Awake, mWakeLockSummary=0x23, mUserActivitySummary=0x1, mBootCompleted=true, screenBrightnessOverride=NaN, useAutoBrightness=false, mScreenBrightnessBoostInProgress=false, mIsVrModeEnabled= false, sQuiescent=false
06-29 03:39:30.166 E/wificond( 1206): NL80211_CMD_TRIGGER_SCAN failed: Device or resource busy
06-29 03:39:30.166 E/[ 2383.717817] [wifico][0xaab00a3c3][03( 0): 39:30.166783] wlan: [1206:E:HDD] __wlan_hdd_cfg80211_scan: 572: Scan not allowed. scan_ebusy_cnt: 425 Session 0 Reason 1
06-29 03:39:30.276 D/PowerManagerService( 1522): releaseWakeLockInternal: lock=207021678 [AudioMix], flags=0x0
06-29 03:39:30.276 D/PowerManagerNotifier( 1522): onWakeLockReleased: flags=1, tag="AudioMix", packageName=audioserver, ownerUid=1041, ownerPid=0, workSource=null
06-29 03:39:30.276 D/PowerManagerService( 1522): updateWakeLockSummaryLocked: mWakefulness=Awake, mWakeLockSummary=0x23
06-29 03:39:30.276 D/PowerManagerService( 1522): updateUserActivitySummaryLocked: groupId=0, mWakefulness=Awake, mUserActivitySummary=0x1, nextTimeout=2443037 (in 59210 ms)
06-29 03:39:30.276 D/PowerManagerNotifier( 1522): onScreenPolicyUpdate: newPolicy=3
06-29 03:39:30.276 D/PowerManagerService( 1522): updateDisplayPowerStateLocked: displayReady=true, groupId=0, policy=BRIGHT, mWakefulness=Awake, mWakeLockSummary=0x23, mUserActivitySummary=0x1, mBootCompleted=true, screenBrightnessOverride=NaN, useAutoBrightness=false, mScreenBrightnessBoostInProgress=false, mIsVrModeEnabled= false, sQuiescent=false
06-29 03:39:30.278 D/PowerManagerService( 1522): releaseWakeLockInternal: lock=163940841 [AudioMix], flags=0x0
06-29 03:39:30.278 D/PowerManagerNotifier( 1522): onWakeLockReleased: flags=1, tag="AudioMix", packageName=audioserver, ownerUid=1041, ownerPid=0, workSource=null
06-29 03:39:30.278 D/PowerManagerService( 1522): updateWakeLockSummaryLocked: mWakefulness=Awake, mWakeLockSummary=0x23
06-29 03:39:30.278 D/PowerManagerService( 1522): updateUserActivitySummaryLocked: groupId=0, mWakefulness=Awake, mUserActivitySummary=0x1, nextTimeout=2443037 (in 59208 ms)
06-29 03:39:30.278 D/PowerManagerNotifier( 1522): onScreenPolicyUpdate: newPolicy=3
06-29 03:39:30.278 D/PowerManagerService( 1522): updateDisplayPowerStateLocked: displayReady=true, groupId=0, policy=BRIGHT, mWakefulness=Awake, mWakeLockSummary=0x23, mUserActivitySummary=0x1, mBootCompleted=true, screenBrightnessOverride=NaN, useAutoBrightness=false, mScreenBrightnessBoostInProgress=false, mIsVrModeEnabled= false, sQuiescent=false
06-29 03:39:30.281 D/PowerManagerService( 1522): releaseWakeLockInternal: lock=38392079 [AudioMix], flags=0x0
06-29 03:39:30.281 D/PowerManagerNotifier( 1522): onWakeLockReleased: flags=1, tag="AudioMix", packageName=audioserver, ownerUid=1041, ownerPid=0, workSource=null
06-29 03:39:30.281 D/PowerManagerService( 1522): updateWakeLockSummaryLocked: mWakefulness=Awake, mWakeLockSummary=0x23
06-29 03:39:30.281 D/PowerManagerService( 1522): updateUserActivitySummaryLocked: groupId=0, mWakefulness=Awake, mUserActivitySummary=0x1, nextTimeout=2443037 (in 59205 ms)
06-29 03:39:30.281 D/PowerManagerNotifier( 1522): onScreenPolicyUpdate: newPolicy=3
06-29 03:39:30.281 D/PowerManagerService( 1522): updateDisplayPowerStateLocked: displayReady=true, groupId=0, policy=BRIGHT, mWakefulness=Awake, mWakeLockSummary=0x23, mUserActivitySummary=0x1, mBootCompleted=true, screenBrightnessOverride=NaN, useAutoBrightness=false, mScreenBrightnessBoostInProgress=false, mIsVrModeEnabled= false, sQuiescent=false
06-29 03:39:30.282 D/PowerManagerService( 1522): releaseWakeLockInternal: lock=73462384 [AudioMix], flags=0x0
06-29 03:39:30.282 D/PowerManagerNotifier( 1522): onWakeLockReleased: flags=1, tag="AudioMix", packageName=audioserver, ownerUid=1041, ownerPid=0, workSource=null
06-29 03:39:30.282 D/PowerManagerService( 1522): updateWakeLockSummaryLocked: mWakefulness=Awake, mWakeLockSummary=0x23
06-29 03:39:30.282 D/PowerManagerService( 1522): updateUserActivitySummaryLocked: groupId=0, mWakefulness=Awake, mUserActivitySummary=0x1, nextTimeout=2443037 (in 59204 ms)
06-29 03:39:30.282 D/PowerManagerNotifier( 1522): onScreenPolicyUpdate: newPolicy=3
06-29 03:39:30.282 D/PowerManagerService( 1522): updateDisplayPowerStateLocked: displayReady=true, groupId=0, policy=BRIGHT, mWakefulness=Awake, mWakeLockSummary=0x23, mUserActivitySummary=0x1, mBootCompleted=true, screenBrightnessOverride=NaN, useAutoBrightness=false, mScreenBrightnessBoostInProgress=false, mIsVrModeEnabled= false, sQuiescent=false
06-29 03:39:31.538 D/CompatibilityChangeReporter( 1522): Compat change id reported: 174042980; UID 10092; state: DISABLED
06-29 03:39:31.538 D/CompatibilityChangeReporter( 1522): Compat change id reported: 184838306; UID 10092; state: DISABLED
06-29 03:39:31.538 D/CompatibilityChangeReporter( 1522): Compat change id reported: 185004937; UID 10092; state: DISABLED
06-29 03:39:31.637 I/[ 2385.184096] [schedu][0xaacae36c9][03( 0): 39:31.633063] wlan: [3371:I:PE] Deauth TX: vdev 0 seq_num 3332 reason 1 waitForAck 0 to 04:d9:f5:fb:09:94 from a2:d7:5b:b4:b7:af
06-29 03:39:31.637 E/[ 2385.184156] [schedu][0xaacae3b01][03( 0): 39:31.633120] wlan: [3371:E:PE] lim_process_assoc_failure_timeout: 1963: (Re)Assoc Failure Timeout occurred
06-29 03:39:31.637 E/[ 2385.184169] [schedu][0xaacae3c69][03( 0): 39:31.633138] wlan: [3371:E:PE] lim_process_mlm_assoc_cnf: 650: SessionId:0 Association failure resultCode: 510 limSmeState:5
06-29 03:39:31.644 I/wificond( 1206): Connect timeout
06-29 03:39:31.645 W/[ 2385.195811] [schedu][0xaacb1a543][03( 0): 39:31.644776] wlan: [3371:W:SME] csr_roam_join_rsp_processor: 9876: SmeJoinReq failed with status_code= 0x000001FE [510] reason:65533
06-29 03:39:31.645 W/[ 2385.195866] [schedu][0xaacb1a9aa][03( 0): 39:31.644835] wlan: [3371:W:HDD] hdd_get_rssi_snr_by_bssid: 17749: sme_get_rssi_snr_by_bssid failed
06-29 03:39:31.645 E/[ 2385.195870] [schedu][0xaacb1a9fb][03( 0): 39:31.644839] wlan: [3371:E:HDD] hdd_association_completion_handler: 3712: wlan0(vdevid-0): connection failed with 04:d9:f5:fb:09:94 result: 3 and Status: 7
06-29 03:39:31.645 W/[ 2385.195907] [schedu][0xaacb1acbd][03( 0): 39:31.644876] wlan: [3371:W:HDD] hdd_get_rssi_snr_by_bssid: 17749: sme_get_rssi_snr_by_bssid failed
06-29 03:39:31.645 E/[ 2385.195911] [schedu][0xaacb1ad0a][03( 0): 39:31.644880] wlan: [3371:E:HDD] hdd_association_completion_handler: 3712: wlan0(vdevid-0): connection failed with 04:d9:f5:fb:09:94 result: 1 and Status: 9
06-29 03:39:31.645 E/[ 2385.195937] [schedu][0xaacb1af03][03( 0): 39:31.644906] wlan: [3371:E:HDD] hdd_association_completion_handler: 3784: send connect failure to nl80211: for bssid 04:d9:f5:fb:09:94 result: 1 and Status: 9 reasoncode: 65533
06-29 03:39:31.653 I/[ 2385.202695] logd( 0): logdr: UID=1000 GID=1000 PID=12166 n tail=127 logMask=19 pid=0 start=0ns deadline=0ns
06-29 03:39:31.685 I/[ 2385.235839] [schedu][0xaacbd5f76][03( 0): 39:31.684806] wlan: [3371:I:HIF] Deinitializing Runtime PM wakelock &vdev->vdev_set_key_runtime_wakelock
06-29 03:39:31.685 I/[ 2385.236058] [schedu][0xaacbd6fc2][03( 0): 39:31.685023] wlan: [3371:I:HIF] Initializing Runtime PM wakelock &vdev->vdev_set_key_runtime_wakelock
06-29 03:39:31.688 D/android.hardware.wifi@1.0-service( 828): Successfully SetMacAddress.
06-29 03:39:31.689 I/[ 2385.239472] [wifi@1][0xaacbe6ff4][03( 0): 39:31.688439] wlan: [828:I:DP] dp_vdev_attach_wifi3: wlan_cfg_ap_bridge_enabled 0
06-29 03:39:31.693 E/[ 2385.243823] [wifi@1][0xaacbfb641][03( 0): 39:31.692790] wlan: [3455:E:wifipos] wifi_pos_process_app_reg_req: 608: Received App Req Req pid(-398458052), len(16)
06-29 03:39:31.696 I/[ 2385.244402] [wifi@1][0xaacbfe1bd][03( 0): 39:31.693369] wlan: [3455:I:wifipos] wifi_pos_get_ch_info: 461: num channels: 26
06-29 03:39:31.696 I/[ 2385.244916] [wifi@1][0xaacc0084f][03( 0): 39:31.693884] wlan: [3455:I:wifipos] wifi_pos_get_ch_info: 461: num channels: 26
06-29 03:39:31.757 I/[ 2385.305836] logd( 0): logdr: UID=1000 GID=1000 PID=12170 n tail=127 logMask=80 pid=0 start=0ns deadline=0ns
06-29 03:39:31.847 I/GameModeConfig( 1522): isGameModeOn = true
06-29 03:39:31.847 I/GameModeConfig( 1522): isGaming = true
06-29 03:39:31.847 I/GameModeConfig( 1522): isDisableNotification = true
06-29 03:39:31.847 I/GameModeConfig( 1522): isGameModeOn = true
06-29 03:39:31.847 I/GameModeConfig( 1522): isGaming = true
06-29 03:39:31.847 I/GameModeConfig( 1522): isDisableNotification = true
06-29 03:39:31.854 E/android.hardware.wifi@1.0-service( 828): create file failed: Permission denied
06-29 03:39:31.854 E/android.hardware.wifi@1.0-service( 828): Error writing files to flash
06-29 03:39:31.887 I/[ 2385.438481] [schedu][0xaacf8bda6][03( 0): 39:31.887448] wlan: [3371:I:OSIF] scan start scan id 41247
06-29 03:39:32.167 D/PowerManagerService( 1522): acquireWakeLockInternal: lock=218282209, flags=0x1, tag="*alarm*", ws=WorkSource{1000}, uid=1000, pid=1522
06-29 03:39:32.167 D/PowerManagerService( 1522): updateWakeLockSummaryLocked: mWakefulness=Awake, mWakeLockSummary=0x23
06-29 03:39:32.167 D/PowerManagerService( 1522): updateUserActivitySummaryLocked: groupId=0, mWakefulness=Awake, mUserActivitySummary=0x1, nextTimeout=2443037 (in 57319 ms)
06-29 03:39:32.167 D/PowerManagerNotifier( 1522): onScreenPolicyUpdate: newPolicy=3
06-29 03:39:32.167 D/PowerManagerService( 1522): updateDisplayPowerStateLocked: displayReady=true, groupId=0, policy=BRIGHT, mWakefulness=Awake, mWakeLockSummary=0x23, mUserActivitySummary=0x1, mBootCompleted=true, screenBrightnessOverride=NaN, useAutoBrightness=false, mScreenBrightnessBoostInProgress=false, mIsVrModeEnabled= false, sQuiescent=false
06-29 03:39:32.167 D/PowerManagerNotifier( 1522): onWakeLockAcquired: flags=1, tag="*alarm*", packageName=android, ownerUid=1000, ownerPid=1522, workSource=WorkSource{1000}
06-29 03:39:32.167 D/PowerManagerService( 1522): releaseWakeLockInternal: lock=218282209 [*alarm*], flags=0x0
06-29 03:39:32.167 D/PowerManagerNotifier( 1522): onWakeLockReleased: flags=1, tag="*alarm*", packageName=android, ownerUid=1000, ownerPid=1522, workSource=WorkSource{1000}
06-29 03:39:32.167 D/PowerManagerService( 1522): updateWakeLockSummaryLocked: mWakefulness=Awake, mWakeLockSummary=0x23
06-29 03:39:32.168 D/PowerManagerService( 1522): updateUserActivitySummaryLocked: groupId=0, mWakefulness=Awake, mUserActivitySummary=0x1, nextTimeout=2443037 (in 57318 ms)
06-29 03:39:32.168 D/PowerManagerNotifier( 1522): onScreenPolicyUpdate: newPolicy=3
06-29 03:39:32.168 D/PowerManagerService( 1522): updateDisplayPowerStateLocked: displayReady=true, groupId=0, policy=BRIGHT, mWakefulness=Awake, mWakeLockSummary=0x23, mUserActivitySummary=0x1, mBootCompleted=true, screenBrightnessOverride=NaN, useAutoBrightness=false, mScreenBrightnessBoostInProgress=false, mIsVrModeEnabled= false, sQuiescent=false
06-29 03:39:32.513 D/PowerManagerService( 1522): userActivityNoUpdateLocked: groupId=0, eventTime=2386064, event=2, flags=0x0, uid=1000
06-29 03:39:32.513 D/PowerManagerNotifier( 1522): onUserActivity: event=2, uid=1000
06-29 03:39:32.513 D/PowerManagerService( 1522): updateUserActivitySummaryLocked: groupId=0, mWakefulness=Awake, mUserActivitySummary=0x1, nextTimeout=2446064 (in 60000 ms)
06-29 03:39:32.514 D/PowerManagerNotifier( 1522): onScreenPolicyUpdate: newPolicy=3
06-29 03:39:32.514 D/PowerManagerService( 1522): updateDisplayPowerStateLocked: displayReady=true, groupId=0, policy=BRIGHT, mWakefulness=Awake, mWakeLockSummary=0x23, mUserActivitySummary=0x1, mBootCompleted=true, screenBrightnessOverride=NaN, useAutoBrightness=false, mScreenBrightnessBoostInProgress=false, mIsVrModeEnabled= false, sQuiescent=false
06-29 03:39:32.617 D/PowerManagerService( 1522): userActivityNoUpdateLocked: groupId=0, eventTime=2386168, event=2, flags=0x0, uid=1000
06-29 03:39:32.617 D/PowerManagerNotifier( 1522): onUserActivity: event=2, uid=1000
06-29 03:39:32.617 D/PowerManagerService( 1522): updateUserActivitySummaryLocked: groupId=0, mWakefulness=Awake, mUserActivitySummary=0x1, nextTimeout=2446168 (in 60000 ms)
06-29 03:39:32.617 D/PowerManagerNotifier( 1522): onScreenPolicyUpdate: newPolicy=3
06-29 03:39:32.617 D/PowerManagerService( 1522): updateDisplayPowerStateLocked: displayReady=true, groupId=0, policy=BRIGHT, mWakefulness=Awake, mWakeLockSummary=0x23, mUserActivitySummary=0x1, mBootCompleted=true, screenBrightnessOverride=NaN, useAutoBrightness=false, mScreenBrightnessBoostInProgress=false, mIsVrModeEnabled= false, sQuiescent=false
06-29 03:39:33.074 I/[ 2386.625119] [schedu][0xaae54638d][03( 0): 39:33.074087] wlan: [3371:I:OSIF] vdev 0, scan id 41247 type COMPLETED(1) reason COMPLETED(1) scan found 25 bss
06-29 03:39:33.179 I/[ 2386.730141] [schedu][0xaae732812][03( 0): 39:33.179107] wlan: [3371:I:HIF] Deinitializing Runtime PM wakelock &vdev->vdev_set_key_runtime_wakelock
06-29 03:39:33.179 I/[ 2386.730322] [schedu][0xaae7335bb][03( 0): 39:33.179289] wlan: [3371:I:HIF] Initializing Runtime PM wakelock &vdev->vdev_set_key_runtime_wakelock
06-29 03:39:33.182 D/android.hardware.wifi@1.0-service( 828): Successfully SetMacAddress.
06-29 03:39:33.182 I/[ 2386.733623] [wifi@1][0xaae742d5c][03( 0): 39:33.182591] wlan: [828:I:DP] dp_vdev_attach_wifi3: wlan_cfg_ap_bridge_enabled 0
06-29 03:39:33.185 W/wificond( 1206): Scan is not started. Ignore abort request
06-29 03:39:33.191 E/[ 2386.742569] [wifi@1][0xaae76cc4c][03( 0): 39:33.191537] wlan: [3455:E:wifipos] wifi_pos_process_app_reg_req: 608: Received App Req Req pid(-398458052), len(16)
06-29 03:39:33.191 I/[ 2386.742716] [wifi@1][0xaae76d74d][03( 0): 39:33.191684] wlan: [3455:I:wifipos] wifi_pos_get_ch_info: 461: num channels: 26
06-29 03:39:33.191 I/[ 2386.742871] [wifi@1][0xaae76e2e7][03( 0): 39:33.191838] wlan: [3455:I:wifipos] wifi_pos_get_ch_info: 461: num channels: 26
06-29 03:39:33.192 I/[ 2386.743590] [wpa_su][0xaae7718ec][03( 0): 39:33.192559] wlan: [3475:I:SME] vdev-0: Connecting to 200M_5G 98:97:cc:03:15:36 rssi: -62 freq: 5200 akm 9 cipher: uc 6 mc 6, CC:
06-29 03:39:33.192 E/[ 2386.743612] [wpa_su][0xaae771a9a][03( 0): 39:33.192581] wlan: [3475:E:QDF] Cannot malloc 0 bytes @ csr_get_cfg_max_tx_power:14199
06-29 03:39:33.194 I/[ 2386.744281] [schedu][0xaae774cb9][03( 0): 39:33.193249] wlan: [3371:I:WMI] send_vdev_start_cmd_tlv: 1062: send_vdev_start_cmd_tlv: vdev_id 0 freq 5200 chanmode 6 ch_info: 0x6 is_dfs 0 beacon interval 100 dtim 0 center_chan 5190 center_freq2 0 reg_info_1: 0x170000 reg_info_2: 0x1700, req->max_txpow: 0x17 Tx SS 1, Rx SS 1, ldpc_rx: 0, cac 0, regd 4, HE ops: 0req->dis_hw_ack: 0
06-29 03:39:33.212 I/[ 2386.763793] [wpa_su][0xaae7d041a][03( 0): 39:33.212761] wlan: [3475:I:HDD] wlan0(vdevid-0): Received Disconnect reason:3 WLAN_REASON_DEAUTH_LEAVING
06-29 03:39:33.357 I/[ 2386.908296] [soft_i][0xaaea7592a][03( 0): 39:33.357256] wlan: [0:I:TXRX] HTT_T2H_MSG_TYPE_PEER_MAP msg for peer id 16 vdev id 0 n
06-29 03:39:33.357 E/[ 2386.908331] [soft_i][0xaaea75c51][03( 0): 39:33.357297] wlan: [0:E:DP] dp_peer_find_add_id: peer 0000000000000000 ID 16 vid 0 mac 98:97:cc:03:15:36
06-29 03:39:33.357 I/[ 2386.908343] [soft_i][0xaaea75d43][03( 0): 39:33.357310] wlan: [0:I:DP] dp_peer_find_add_id: ref_cnt: 2
06-29 03:39:33.357 E/[ 2386.908354] [soft_i][0xaaea75e0c][03( 0): 39:33.357320] wlan: [0:E:DP] dp_peer_map_ast: peer 0000000000000000 ID 113 vid 0 mac 98:97:cc:03:15:36
06-29 03:39:33.365 E/[ 2386.912077] link_delay_work_func( 0): DTC_ETH: SQI=0, link=0
06-29 03:39:33.428 I/[ 2386.979268] [schedu][0xaaebc24ad][03( 0): 39:33.428235] wlan: [3371:I:PE] Auth TX: seq 1 seq num 3334 status 0 WEP 0 to 98:97:cc:03:15:36
06-29 03:39:33.429 I/[ 2386.980736] [schedu][0xaaebc92e4][03( 0): 39:33.429705] wlan: [3371:I:PE] Auth TX: success
06-29 03:39:33.433 I/[ 2386.982329] [schedu][0xaaebd0a42][03( 0): 39:33.431296] wlan: [3371:I:PE] Auth RX: vdev 0 sys role 3 lim_state 5 from 98:97:cc:03:15:36 rssi -56 auth_alg 0 seq 2718
06-29 03:39:33.433 I/[ 2386.982399] [schedu][0xaaebd0f43][03( 0): 39:33.431363] wlan: [3371:I:PE] Assoc req TX: vdev 0 to 98:97:cc:03:15:36 seq num 3335
06-29 03:39:33.433 I/[ 2386.983824] [schedu][0xaaebd7a70][03( 0): 39:33.432792] wlan: [3371:I:PE] Assoc req TX: success
06-29 03:39:33.438 I/[ 2386.988942] [schedu][0xaaebefa45][03( 0): 39:33.437910] wlan: [3371:I:PE] Assoc rsp RX: subtype 0 vdev 0 sys role 3 lim state 10 rssi -56 from 98:97:cc:03:15:36
06-29 03:39:33.444 E/[ 2386.995649] [schedu][0xaaec0f15b][03( 0): 39:33.444618] wlan: [3371:E:QDF] Cannot malloc 0 bytes @ csr_get_cfg_max_tx_power:14199
06-29 03:39:33.444 E/[ 2386.995655] [schedu][0xaaec0f1d2][03( 0): 39:33.444624] wlan: [3371:E:QDF] Cannot malloc 0 bytes @ csr_get_cfg_max_tx_power:14199
06-29 03:39:33.444 I/[ 2386.995761] [schedu][0xaaec0f9b5][03( 0): 39:33.444729] wlan: [3371:I:HDD] hdd_association_completion_handler: 3187: hddDisconInProgress state=5, result=2, status=7
06-29 03:39:33.444 I/[ 2386.995773] [schedu][0xaaec0fabb][03( 0): 39:33.444743] wlan: [3371:I:HDD] wlan0(vdevid-0): disconnected
06-29 03:39:33.444 E/[ 2386.995819] [schedu][0xaaec0fdfd][03( 0): 39:33.444786] wlan: [3371:E:POLICY_MGR] policy_mgr_is_mcc_in_24G: 2881: unexpected num_connections value 0
06-29 03:39:33.501 W/[ 2387.052064] [schedu][0xaaed1783e][03( 0): 39:33.501030] wlan: [3371:W:HDD] hdd_association_completion_handler: 3291: Warning:ASSOC_LINKUP_TIMEOUT
06-29 03:39:33.501 E/[ 2387.052554] [schedu][0xaaed19d4b][03( 0): 39:33.501523] wlan: [3371:E:HDD] hdd_association_completion_handler: 3686: STA register with TL failed status: 16 [00000010]
06-29 03:39:33.501 I/[ 2387.052816] [schedu][0xaaed1b0e4][03( 0): 39:33.501785] wlan: [3371:I:PE] Deauth TX: vdev 0 seq_num 3336 reason 3 waitForAck 1 to 98:97:cc:03:15:36 from 6e:37:ae:b7:f4:a8
06-29 03:39:33.517 E/[ 2387.067722] [schedu][0xaaed60ec0][03( 0): 39:33.516690] wlan: [3371:E:HDD] hdd_get_roam_scan_ch_cb: 4213: Invalid len
06-29 03:39:33.536 I/[ 2387.087870] [schedu][0xaaedbf5e5][03( 0): 39:33.536838] wlan: [3371:I:HDD] wlan0(vdevid-0): disconnected
06-29 03:39:33.536 I/[ 2387.087958] [wpa_su][0xaaedbfc70][03( 0): 39:33.536925] wlan: [3475:I:HDD] Disconnect reason: 3 WLAN_REASON_DEAUTH_LEAVING vendor: 0 LG: 1
06-29 03:39:33.585 I/[ 2387.136896] [schedu][0xaaeea52b9][03( 0): 39:33.585862] wlan: [3371:I:HIF] Deinitializing Runtime PM wakelock &vdev->vdev_set_key_runtime_wakelock
06-29 03:39:33.586 I/[ 2387.137049] [schedu][0xaaeea5e48][03( 0): 39:33.586017] wlan: [3371:I:HIF] Initializing Runtime PM wakelock &vdev->vdev_set_key_runtime_wakelock
06-29 03:39:33.587 D/android.hardware.wifi@1.0-service( 828): Successfully SetMacAddress.
06-29 03:39:33.588 I/[ 2387.139351] [wifi@1][0xaaeeb0b03][03( 0): 39:33.588320] wlan: [828:I:DP] dp_vdev_attach_wifi3: wlan_cfg_ap_bridge_enabled 0
06-29 03:39:33.592 W/wificond( 1206): Scan is not started. Ignore abort request
06-29 03:39:33.593 E/[ 2387.143308] [wifi@1][0xaaeec3396][03( 0): 39:33.592274] wlan: [3455:E:wifipos] wifi_pos_process_app_reg_req: 608: Received App Req Req pid(-398458052), len(16)
06-29 03:39:33.593 I/[ 2387.143485] [wifi@1][0xaaeec4105][03( 0): 39:33.592453] wlan: [3455:I:wifipos] wifi_pos_get_ch_info: 461: num channels: 26
06-29 03:39:33.593 I/[ 2387.143625] [wifi@1][0xaaeec4b84][03( 0): 39:33.592593] wlan: [3455:I:wifipos] wifi_pos_get_ch_info: 461: num channels: 26
06-29 03:39:33.601 I/[ 2387.152256] [wpa_su][0xaaeeed2d6][03( 0): 39:33.601224] wlan: [3475:I:SME] vdev-0: Connecting to hht_test_wifi_fc4318c9 04:d9:f5:fb:09:94 rssi: -73 freq: 5300 akm 3 cipher: uc 6 mc 6, CC:
06-29 03:39:33.601 E/[ 2387.152289] [wpa_su][0xaaeeed569][03( 0): 39:33.601258] wlan: [3475:E:QDF] Cannot malloc 0 bytes @ csr_get_cfg_max_tx_power:14199
06-29 03:39:33.601 I/[ 2387.152556] [schedu][0xaaeeee963][03( 0): 39:33.601525] wlan: [3371:I:WMI] send_vdev_start_cmd_tlv: 1062: send_vdev_start_cmd_tlv: vdev_id 0 freq 5300 chanmode 18 ch_info: 0x12 is_dfs 0 beacon interval 100 dtim 0 center_chan 5290 center_freq2 0 reg_info_1: 0x170000 reg_info_2: 0x1700, req->max_txpow: 0x17 Tx SS 1, Rx SS 1, ldpc_rx: 0, cac 0, regd 4, HE ops: 0req->dis_hw_ack: 1
06-29 03:39:33.607 E/wificond( 1206): NL80211_CMD_TRIGGER_SCAN failed: Device or resource busy
06-29 03:39:33.607 E/[ 2387.158601] [wifico][0xaaef0aea2][03( 0): 39:33.607568] wlan: [1206:E:HDD] __wlan_hdd_cfg80211_scan: 572: Scan not allowed. scan_ebusy_cnt: 426 Session 0 Reason 1
06-29 03:39:33.757 D/PowerManagerService( 1522): userActivityNoUpdateLocked: groupId=0, eventTime=2387307, event=2, flags=0x0, uid=1000
06-29 03:39:33.757 D/PowerManagerNotifier( 1522): onUserActivity: event=2, uid=1000
06-29 03:39:33.757 D/PowerManagerService( 1522): updateUserActivitySummaryLocked: groupId=0, mWakefulness=Awake, mUserActivitySummary=0x1, nextTimeout=2447307 (in 59999 ms)
06-29 03:39:33.757 D/PowerManagerNotifier( 1522): onScreenPolicyUpdate: newPolicy=3
06-29 03:39:33.757 D/PowerManagerService( 1522): updateDisplayPowerStateLocked: displayReady=true, groupId=0, policy=BRIGHT, mWakefulness=Awake, mWakeLockSummary=0x23, mUserActivitySummary=0x1, mBootCompleted=true, screenBrightnessOverride=NaN, useAutoBrightness=false, mScreenBrightnessBoostInProgress=false, mIsVrModeEnabled= false, sQuiescent=false
06-29 03:39:33.762 I/[ 2387.313590] [soft_i][0xaaf1e163a][03( 0): 39:33.762550] wlan: [0:I:TXRX] HTT_T2H_MSG_TYPE_PEER_MAP msg for peer id 9 vdev id 0 n
06-29 03:39:33.762 E/[ 2387.313627] [soft_i][0xaaf1e1991][03( 0): 39:33.762594] wlan: [0:E:DP] dp_peer_find_add_id: peer 0000000000000000 ID 9 vid 0 mac 04:d9:f5:fb:09:94
06-29 03:39:33.762 I/[ 2387.313639] [soft_i][0xaaf1e1a7b][03( 0): 39:33.762606] wlan: [0:I:DP] dp_peer_find_add_id: ref_cnt: 2
06-29 03:39:33.762 E/[ 2387.313650] [soft_i][0xaaf1e1b45][03( 0): 39:33.762617] wlan: [0:E:DP] dp_peer_map_ast: peer 0000000000000000 ID 3 vid 0 mac 04:d9:f5:fb:09:94
06-29 03:39:33.889 D/PowerManagerService( 1522): userActivityNoUpdateLocked: groupId=0, eventTime=2387440, event=2, flags=0x0, uid=1000
06-29 03:39:33.890 D/PowerManagerNotifier( 1522): onUserActivity: event=2, uid=1000
06-29 03:39:33.890 D/PowerManagerService( 1522): updateUserActivitySummaryLocked: groupId=0, mWakefulness=Awake, mUserActivitySummary=0x1, nextTimeout=2447440 (in 59999 ms)
06-29 03:39:33.890 D/PowerManagerNotifier( 1522): onScreenPolicyUpdate: newPolicy=3
06-29 03:39:33.890 D/PowerManagerService( 1522): updateDisplayPowerStateLocked: displayReady=true, groupId=0, policy=BRIGHT, mWakefulness=Awake, mWakeLockSummary=0x23, mUserActivitySummary=0x1, mBootCompleted=true, screenBrightnessOverride=NaN, useAutoBrightness=false, mScreenBrightnessBoostInProgress=false, mIsVrModeEnabled= false, sQuiescent=false
06-29 03:39:33.890 I/[ 2387.441680] [schedu][0xaaf439d9b][03( 0): 39:33.890648] wlan: [3371:I:PE] Auth TX: seq 1 seq num 3338 status 0 WEP 0 to 04:d9:f5:fb:09:94
06-29 03:39:33.892 I/GameModeConfig( 1522): Current uri is uri = content://com.thundercomm.gamemode.api/gamemode_settings/gamemode_enable
06-29 03:39:33.894 I/GameModeConfig( 1522): isGameModeOn = false
06-29 03:39:33.894 I/GameModeConfig( 1522): isGameModeOn = false
06-29 03:39:33.894 I/GameModeConfig( 1522): isDisableVoice = true
06-29 03:39:33.896 W/ContextImpl( 2050): Calling a method in the system process without a qualified user: android.app.ContextImpl.startService:1816 android.content.ContextWrapper.startService:774 com.thundercomm.gamemode.ingame.services.GameModeActionUtils.startGameModeService:118 com.thundercomm.gamemode.ingame.services.GameModeActionUtils.startGameModeEntry:29 com.thundercomm.gamemode.data.GameSettingsObserver.onChange:94
06-29 03:39:33.896 W/ProcessStats( 1522): Tracking association SourceState{562fd4e com.tencent.android.qqdownloader:live/10115 BTopFgs #11158} whose proc state 2 is better than process ProcessState{7d9de82 com.tencent.android.qqdownloader:daemon/10115 pkg=com.tencent.android.qqdownloader} proc state 3 (25 skipped)
06-29 03:39:33.898 I/GameModeConfig( 1522): Current uri is uri = content://com.thundercomm.gamemode.api/gamemode_settings/gamemode_isgaming
06-29 03:39:33.901 I/GameModeConfig( 1522): isGameModeOn = false
06-29 03:39:33.901 I/GameModeConfig( 1522): isGameModeOn = false
06-29 03:39:33.901 I/GameModeConfig( 1522): isDisableVoice = true
06-29 03:39:33.906 D/PowerManagerService( 1522): acquireWakeLockInternal: lock=258975204, flags=0x1, tag="*launch*", ws=WorkSource{10092}, uid=1000, pid=1522
06-29 03:39:33.906 D/PowerManagerService( 1522): updateWakeLockSummaryLocked: mWakefulness=Awake, mWakeLockSummary=0x23
06-29 03:39:33.907 D/PowerManagerService( 1522): updateUserActivitySummaryLocked: groupId=0, mWakefulness=Awake, mUserActivitySummary=0x1, nextTimeout=2447440 (in 59982 ms)
06-29 03:39:33.907 D/PowerManagerNotifier( 1522): onScreenPolicyUpdate: newPolicy=3
06-29 03:39:33.907 D/PowerManagerService( 1522): updateDisplayPowerStateLocked: displayReady=true, groupId=0, policy=BRIGHT, mWakefulness=Awake, mWakeLockSummary=0x23, mUserActivitySummary=0x1, mBootCompleted=true, screenBrightnessOverride=NaN, useAutoBrightness=false, mScreenBrightnessBoostInProgress=false, mIsVrModeEnabled= false, sQuiescent=false
06-29 03:39:33.907 D/PowerManagerNotifier( 1522): onWakeLockAcquired: flags=1, tag="*launch*", packageName=android, ownerUid=1000, ownerPid=1522, workSource=WorkSource{10092}
06-29 03:39:33.910 I/DropBoxManagerService( 1522): add tag=system_server_wtf isTagEnabled=true flags=0x2
06-29 03:39:33.911 E/DropBoxManagerService( 1522): Can't write: system_server_wtf
06-29 03:39:33.911 E/DropBoxManagerService( 1522): java.io.IOException: Can't mkdir: /data/tlog/fatal/dropbox
06-29 03:39:33.911 E/DropBoxManagerService( 1522): at com.android.server.DropBoxManagerService.init(DropBoxManagerService.java:1011)
06-29 03:39:33.911 E/DropBoxManagerService( 1522): at com.android.server.DropBoxManagerService.addEntry(DropBoxManagerService.java:470)
06-29 03:39:33.911 E/DropBoxManagerService( 1522): at com.android.server.DropBoxManagerService.addEntry(DropBoxManagerService.java:421)
06-29 03:39:33.911 E/DropBoxManagerService( 1522): at com.android.server.DropBoxManagerService.addData(DropBoxManagerService.java:392)
06-29 03:39:33.911 E/DropBoxManagerService( 1522): at com.android.server.DropBoxManagerService$2.addData(DropBoxManagerService.java:161)
06-29 03:39:33.911 E/DropBoxManagerService( 1522): at android.os.DropBoxManager.addData(DropBoxManager.java:333)
06-29 03:39:33.911 E/DropBoxManagerService( 1522): at android.os.DropBoxManager.addText(DropBoxManager.java:320)
06-29 03:39:33.911 E/DropBoxManagerService( 1522): at com.android.server.am.ActivityManagerService$16.run(ActivityManagerService.java:8479)
06-29 03:39:33.911 E/DropBoxManagerService( 1522): at com.android.server.am.ActivityManagerService.addErrorToDropBox(ActivityManagerService.java:8488)
06-29 03:39:33.911 E/DropBoxManagerService( 1522): at com.android.server.am.ActivityManagerService.handleApplicationWtfInner(ActivityManagerService.java:8221)
06-29 03:39:33.911 E/DropBoxManagerService( 1522): at com.android.server.am.ActivityManagerService$15.run(ActivityManagerService.java:8187)
06-29 03:39:33.911 E/DropBoxManagerService( 1522): at android.os.Handler.handleCallback(Handler.java:938)
06-29 03:39:33.911 E/DropBoxManagerService( 1522): at android.os.Handler.dispatchMessage(Handler.java:99)
06-29 03:39:33.911 E/DropBoxManagerService( 1522): at android.os.Looper.loopOnce(Looper.java:201)
06-29 03:39:33.911 E/DropBoxManagerService( 1522): at android.os.Looper.loop(Looper.java:288)
06-29 03:39:33.911 E/DropBoxManagerService( 1522): at android.os.HandlerThread.run(HandlerThread.java:67)
06-29 03:39:33.911 E/DropBoxManagerService( 1522): at com.android.server.ServiceThread.run(ServiceThread.java:44)
06-29 03:39:33.912 I/DropBoxManagerService( 1522): add tag=system_server_wtf isTagEnabled=true flags=0x2
06-29 03:39:33.912 E/DropBoxManagerService( 1522): Can't write: system_server_wtf
06-29 03:39:33.912 E/DropBoxManagerService( 1522): java.io.IOException: Can't mkdir: /data/tlog/fatal/dropbox
06-29 03:39:33.912 E/DropBoxManagerService( 1522): at com.android.server.DropBoxManagerService.init(DropBoxManagerService.java:1011)
06-29 03:39:33.912 E/DropBoxManagerService( 1522): at com.android.server.DropBoxManagerService.addEntry(DropBoxManagerService.java:470)
06-29 03:39:33.912 E/DropBoxManagerService( 1522): at com.android.server.DropBoxManagerService.addEntry(DropBoxManagerService.java:421)
06-29 03:39:33.912 E/DropBoxManagerService( 1522): at com.android.server.DropBoxManagerService.addData(DropBoxManagerService.java:392)
