06-29 03:39:49.078 D/PowerManagerService( 1522): updateWakeLockSummaryLocked: mWakefulness=Awake, mWakeLockSummary=0x23
06-29 03:39:49.078 D/PowerManagerService( 1522): updateUserActivitySummaryLocked: groupId=0, mWakefulness=Awake, mUserActivitySummary=0x1, nextTimeout=2461439 (in 58810 ms)
06-29 03:39:49.078 D/PowerManagerNotifier( 1522): onScreenPolicyUpdate: newPolicy=3
06-29 03:39:49.078 D/PowerManagerService( 1522): updateDisplayPowerStateLocked: displayReady=true, groupId=0, policy=BRIGHT, mWakefulness=Awake, mWakeLockSummary=0x23, mUserActivitySummary=0x1, mBootCompleted=true, screenBrightnessOverride=NaN, useAutoBrightness=false, mScreenBrightnessBoostInProgress=false, mIsVrModeEnabled= false, sQuiescent=false
06-29 03:39:49.089 I/GameModeConfig( 1522): isGameModeOn = false
06-29 03:39:49.103 I/GameModeConfig( 1522): isGameModeOn = false
06-29 03:39:49.261 I/[ 2402.810931] [schedu][0xac0da536a][03( 0): 39:49.259898] wlan: [3371:I:OSIF] vdev 0, scan id 41252 type COMPLETED(1) reason COMPLETED(1) scan found 28 bss
06-29 03:39:49.357 I/[ 2402.908963] [schedu][0xac0f70bcb][03( 0): 39:49.357930] wlan: [3371:I:HIF] Deinitializing Runtime PM wakelock &vdev->vdev_set_key_runtime_wakelock
06-29 03:39:49.358 I/[ 2402.909136] [schedu][0xac0f718da][03( 0): 39:49.358104] wlan: [3371:I:HIF] Initializing Runtime PM wakelock &vdev->vdev_set_key_runtime_wakelock
06-29 03:39:49.359 D/android.hardware.wifi@1.0-service( 828): Successfully SetMacAddress.
06-29 03:39:49.360 I/[ 2402.911055] [wifi@1][0xac0f7a8cd][03( 0): 39:49.360024] wlan: [828:I:DP] dp_vdev_attach_wifi3: wlan_cfg_ap_bridge_enabled 0
06-29 03:39:49.366 W/wificond( 1206): Scan is not started. Ignore abort request
06-29 03:39:49.369 E/[ 2402.916809] [wifi@1][0xac0f9582b][03( 0): 39:49.365775] wlan: [3455:E:wifipos] wifi_pos_process_app_reg_req: 608: Received App Req Req pid(-398458052), len(16)
06-29 03:39:49.369 I/[ 2402.917015] [wifi@1][0xac0f967d6][03( 0): 39:49.365984] wlan: [3455:I:wifipos] wifi_pos_get_ch_info: 461: num channels: 26
06-29 03:39:49.369 I/[ 2402.917169] [wifi@1][0xac0f97351][03( 0): 39:49.366137] wlan: [3455:I:wifipos] wifi_pos_get_ch_info: 461: num channels: 26
06-29 03:39:49.373 I/[ 2402.924168] [wpa_su][0xac0fb8037][03( 0): 39:49.373136] wlan: [3475:I:SME] vdev-0: Connecting to 200M_5G 98:97:cc:03:15:36 rssi: -60 freq: 5200 akm 9 cipher: uc 6 mc 6, CC:
06-29 03:39:49.373 E/[ 2402.924196] [wpa_su][0xac0fb825d][03( 0): 39:49.373164] wlan: [3475:E:QDF] Cannot malloc 0 bytes @ csr_get_cfg_max_tx_power:14199
06-29 03:39:49.373 I/[ 2402.924446] [schedu][0xac0fb9511][03( 0): 39:49.373414] wlan: [3371:I:WMI] send_vdev_start_cmd_tlv: 1062: send_vdev_start_cmd_tlv: vdev_id 0 freq 5200 chanmode 6 ch_info: 0x6 is_dfs 0 beacon interval 100 dtim 0 center_chan 5190 center_freq2 0 reg_info_1: 0x170000 reg_info_2: 0x1700, req->max_txpow: 0x17 Tx SS 1, Rx SS 1, ldpc_rx: 0, cac 0, regd 4, HE ops: 0req->dis_hw_ack: 0
06-29 03:39:49.393 I/[ 2402.943490] [wpa_su][0xac101295c][03( 0): 39:49.392458] wlan: [3475:I:HDD] wlan0(vdevid-0): Received Disconnect reason:3 WLAN_REASON_DEAUTH_LEAVING
06-29 03:39:49.516 I/[ 2403.067121] [soft_i][0xac1256156][03( 0): 39:49.516084] wlan: [0:I:TXRX] HTT_T2H_MSG_TYPE_PEER_MAP msg for peer id 7 vdev id 0 n
06-29 03:39:49.516 E/[ 2403.067153] [soft_i][0xac12563f0][03( 0): 39:49.516119] wlan: [0:E:DP] dp_peer_find_add_id: peer 0000000000000000 ID 7 vid 0 mac 98:97:cc:03:15:36
06-29 03:39:49.516 I/[ 2403.067165] [soft_i][0xac12564ea][03( 0): 39:49.516132] wlan: [0:I:DP] dp_peer_find_add_id: ref_cnt: 2
06-29 03:39:49.516 E/[ 2403.067188] [soft_i][0xac12565da][03( 0): 39:49.516144] wlan: [0:E:DP] dp_peer_map_ast: peer 0000000000000000 ID 113 vid 0 mac 98:97:cc:03:15:36
06-29 03:39:49.572 I/[ 2403.123226] [schedu][0xac135d1a7][03( 0): 39:49.572195] wlan: [3371:I:PE] Auth TX: seq 1 seq num 3449 status 0 WEP 0 to 98:97:cc:03:15:36
06-29 03:39:49.620 I/[ 2403.171363] [schedu][0xac143ebe7][03( 0): 39:49.620332] wlan: [3371:I:PE] Auth TX: success
06-29 03:39:49.621 I/[ 2403.172968] [schedu][0xac1446430][03( 0): 39:49.621935] wlan: [3371:I:PE] Auth RX: vdev 0 sys role 3 lim_state 5 from 98:97:cc:03:15:36 rssi -57 auth_alg 0 seq 2811
06-29 03:39:49.622 I/[ 2403.173024] [schedu][0xac1446881][03( 0): 39:49.621993] wlan: [3371:I:PE] Assoc req TX: vdev 0 to 98:97:cc:03:15:36 seq num 3450
06-29 03:39:49.625 I/[ 2403.174590] [schedu][0xac144dde5][03( 0): 39:49.623558] wlan: [3371:I:PE] Assoc req TX: success
06-29 03:39:49.628 I/[ 2403.179701] [schedu][0xac1465d46][03( 0): 39:49.628670] wlan: [3371:I:PE] Assoc rsp RX: subtype 0 vdev 0 sys role 3 lim state 10 rssi -56 from 98:97:cc:03:15:36
06-29 03:39:49.628 W/BroadcastQueue( 1522): Background execution not allowed: receiving Intent { act=android.media.AUDIO_BECOMING_NOISY flg=0x14000010 } to com.kugou.android.auto/.receiver.AutoStartReceiver
06-29 03:39:49.635 E/[ 2403.186223] [schedu][0xac1484661][03( 0): 39:49.635191] wlan: [3371:E:QDF] Cannot malloc 0 bytes @ csr_get_cfg_max_tx_power:14199
06-29 03:39:49.635 E/[ 2403.186228] [schedu][0xac14846cf][03( 0): 39:49.635197] wlan: [3371:E:QDF] Cannot malloc 0 bytes @ csr_get_cfg_max_tx_power:14199
06-29 03:39:49.635 I/[ 2403.186333] [schedu][0xac1484eb1][03( 0): 39:49.635302] wlan: [3371:I:HDD] hdd_association_completion_handler: 3187: hddDisconInProgress state=5, result=2, status=7
06-29 03:39:49.635 I/[ 2403.186346] [schedu][0xac1484fb5][03( 0): 39:49.635316] wlan: [3371:I:HDD] wlan0(vdevid-0): disconnected
06-29 03:39:49.635 E/[ 2403.186393] [schedu][0xac148530c][03( 0): 39:49.635360] wlan: [3371:E:POLICY_MGR] policy_mgr_is_mcc_in_24G: 2881: unexpected num_connections value 0
06-29 03:39:49.693 W/[ 2403.244051] [schedu][0xac1593769][03( 0): 39:49.693018] wlan: [3371:W:HDD] hdd_association_completion_handler: 3291: Warning:ASSOC_LINKUP_TIMEOUT
06-29 03:39:49.693 E/[ 2403.244481] [schedu][0xac15957cf][03( 0): 39:49.693450] wlan: [3371:E:HDD] hdd_association_completion_handler: 3686: STA register with TL failed status: 16 [00000010]
06-29 03:39:49.693 I/[ 2403.244689] [schedu][0xac159676b][03( 0): 39:49.693658] wlan: [3371:I:PE] Deauth TX: vdev 0 seq_num 3451 reason 3 waitForAck 1 to 98:97:cc:03:15:36 from 6e:37:ae:b7:f4:a8
06-29 03:39:49.709 E/[ 2403.259087] [schedu][0xac15d9f2d][03( 0): 39:49.708055] wlan: [3371:E:HDD] hdd_get_roam_scan_ch_cb: 4213: Invalid len
06-29 03:39:49.762 I/[ 2403.313853] [schedu][0xac16daaab][03( 0): 39:49.762822] wlan: [3371:I:HDD] wlan0(vdevid-0): disconnected
06-29 03:39:49.762 I/[ 2403.313969] [wpa_su][0xac16db33e][03( 0): 39:49.762936] wlan: [3475:I:HDD] Disconnect reason: 3 WLAN_REASON_DEAUTH_LEAVING vendor: 0 LG: 1
06-29 03:39:49.811 I/[ 2403.361250] [schedu][0xac17b8d5a][03( 0): 39:49.810218] wlan: [3371:I:HIF] Deinitializing Runtime PM wakelock &vdev->vdev_set_key_runtime_wakelock
06-29 03:39:49.811 I/[ 2403.361494] [schedu][0xac17b9f8f][03( 0): 39:49.810461] wlan: [3371:I:HIF] Initializing Runtime PM wakelock &vdev->vdev_set_key_runtime_wakelock
06-29 03:39:49.812 I/[ 2403.363460] [wifi@1][0xac17c3327][03( 0): 39:49.812428] wlan: [828:I:DP] dp_vdev_attach_wifi3: wlan_cfg_ap_bridge_enabled 0
06-29 03:39:49.812 D/android.hardware.wifi@1.0-service( 828): Successfully SetMacAddress.
06-29 03:39:49.817 E/[ 2403.366161] [wifi@1][0xac17cfd91][03( 0): 39:49.815127] wlan: [3455:E:wifipos] wifi_pos_process_app_reg_req: 608: Received App Req Req pid(-398458052), len(16)
06-29 03:39:49.817 I/[ 2403.366337] [wifi@1][0xac17d0ae1][03( 0): 39:49.815305] wlan: [3455:I:wifipos] wifi_pos_get_ch_info: 461: num channels: 26
06-29 03:39:49.817 I/[ 2403.366466] [wifi@1][0xac17d1488][03( 0): 39:49.815433] wlan: [3455:I:wifipos] wifi_pos_get_ch_info: 461: num channels: 26
06-29 03:39:49.817 W/wificond( 1206): Scan is not started. Ignore abort request
06-29 03:39:49.827 I/[ 2403.378255] [wpa_su][0xac18088b1][03( 0): 39:49.827222] wlan: [3475:I:SME] vdev-0: Connecting to hht_test_wifi_fc4318c9 04:d9:f5:fb:09:94 rssi: -75 freq: 5300 akm 3 cipher: uc 6 mc 6, CC:
06-29 03:39:49.827 E/[ 2403.378287] [wpa_su][0xac1808b40][03( 0): 39:49.827256] wlan: [3475:E:QDF] Cannot malloc 0 bytes @ csr_get_cfg_max_tx_power:14199
06-29 03:39:49.827 I/[ 2403.378599] [schedu][0xac180a28a][03( 0): 39:49.827567] wlan: [3371:I:WMI] send_vdev_start_cmd_tlv: 1062: send_vdev_start_cmd_tlv: vdev_id 0 freq 5300 chanmode 18 ch_info: 0x12 is_dfs 0 beacon interval 100 dtim 0 center_chan 5290 center_freq2 0 reg_info_1: 0x170000 reg_info_2: 0x1700, req->max_txpow: 0x17 Tx SS 1, Rx SS 1, ldpc_rx: 0, cac 0, regd 4, HE ops: 0req->dis_hw_ack: 1
06-29 03:39:49.832 E/wificond( 1206): NL80211_CMD_TRIGGER_SCAN failed: Device or resource busy
06-29 03:39:49.832 E/[ 2403.383210] [wifico][0xac181fc44][03( 0): 39:49.832176] wlan: [1206:E:HDD] __wlan_hdd_cfg80211_scan: 572: Scan not allowed. scan_ebusy_cnt: 431 Session 0 Reason 1
06-29 03:39:49.968 I/[ 2403.519339] [soft_i][0xac1a9ddb3][03( 0): 39:49.968302] wlan: [0:I:TXRX] HTT_T2H_MSG_TYPE_PEER_MAP msg for peer id 17 vdev id 0 n
06-29 03:39:49.968 E/[ 2403.519385] [soft_i][0xac1a9e15a][03( 0): 39:49.968351] wlan: [0:E:DP] dp_peer_find_add_id: peer 0000000000000000 ID 17 vid 0 mac 04:d9:f5:fb:09:94
06-29 03:39:49.968 I/[ 2403.519397] [soft_i][0xac1a9e24b][03( 0): 39:49.968363] wlan: [0:I:DP] dp_peer_find_add_id: ref_cnt: 2
06-29 03:39:49.968 E/[ 2403.519408] [soft_i][0xac1a9e318][03( 0): 39:49.968374] wlan: [0:E:DP] dp_peer_map_ast: peer 0000000000000000 ID 3 vid 0 mac 04:d9:f5:fb:09:94
06-29 03:39:50.073 I/[ 2403.622890] [schedu][0xac1c833c5][03( 0): 39:50.071850] wlan: [3371:I:PE] Auth TX: seq 1 seq num 3453 status 0 WEP 0 to 04:d9:f5:fb:09:94
06-29 03:39:50.133 I/[ 2403.680245] [schedu][0xac1d90122][03( 0): 39:50.129201] wlan: [3371:I:PE] Auth TX: seq 1 seq num 3454 status 0 WEP 0 to 04:d9:f5:fb:09:94
06-29 03:39:50.137 I/[ 2403.687033] [schedu][0xac1dafe60][03( 0): 39:50.135991] wlan: [3371:I:PE] Auth TX: fail
06-29 03:39:50.196 I/[ 2403.740299] [schedu][0xac1ea9926][03( 0): 39:50.189255] wlan: [3371:I:PE] Auth TX: seq 1 seq num 3455 status 0 WEP 0 to 04:d9:f5:fb:09:94
06-29 03:39:50.253 I/[ 2403.800188] [schedu][0xac1fc2510][03( 0): 39:50.249147] wlan: [3371:I:PE] Auth TX: seq 1 seq num 3456 status 0 WEP 0 to 04:d9:f5:fb:09:94
06-29 03:39:50.315 I/[ 2403.860212] [schedu][0xac20dba98][03( 0): 39:50.309168] wlan: [3371:I:PE] Auth TX: seq 1 seq num 3457 status 0 WEP 0 to 04:d9:f5:fb:09:94
06-29 03:39:50.373 I/[ 2403.920240] [schedu][0xac21f4e53][03( 0): 39:50.369164] wlan: [3371:I:PE] Auth TX: seq 1 seq num 3458 status 0 WEP 0 to 04:d9:f5:fb:09:94
06-29 03:39:50.433 I/[ 2403.980321] [schedu][0xac230e811][03( 0): 39:50.429241] wlan: [3371:I:PE] Auth TX: seq 1 seq num 3459 status 0 WEP 0 to 04:d9:f5:fb:09:94
06-29 03:39:50.493 I/[ 2404.040195] [schedu][0xac24272b5][03( 0): 39:50.489116] wlan: [3371:I:PE] Auth TX: seq 1 seq num 3460 status 0 WEP 0 to 04:d9:f5:fb:09:94
06-29 03:39:50.553 I/[ 2404.101858] [schedu][0xac2548648][03( 0): 39:50.550817] wlan: [3371:I:PE] Auth TX: seq 1 seq num 3461 status 0 WEP 0 to 04:d9:f5:fb:09:94
06-29 03:39:50.613 I/[ 2404.160253] [schedu][0xac265a1af][03( 0): 39:50.609209] wlan: [3371:I:PE] Auth TX: seq 1 seq num 3462 status 0 WEP 0 to 04:d9:f5:fb:09:94
06-29 03:39:50.673 I/[ 2404.220398] [schedu][0xac27740e8][03( 0): 39:50.669358] wlan: [3371:I:PE] Auth TX: seq 1 seq num 3463 status 0 WEP 0 to 04:d9:f5:fb:09:94
06-29 03:39:50.677 I/[ 2404.226851] [schedu][0xac27924fe][03( 0): 39:50.675813] wlan: [3371:I:PE] Auth TX: fail
06-29 03:39:50.733 I/[ 2404.280247] [schedu][0xac288c99a][03( 0): 39:50.729208] wlan: [3371:I:PE] Auth TX: seq 1 seq num 3464 status 0 WEP 0 to 04:d9:f5:fb:09:94
06-29 03:39:50.793 I/[ 2404.340209] [schedu][0xac29a5aba][03( 0): 39:50.789169] wlan: [3371:I:PE] Auth TX: seq 1 seq num 3465 status 0 WEP 0 to 04:d9:f5:fb:09:94
06-29 03:39:50.853 I/[ 2404.400218] [schedu][0xac2abef36][03( 0): 39:50.849176] wlan: [3371:I:PE] Auth TX: seq 1 seq num 3466 status 0 WEP 0 to 04:d9:f5:fb:09:94
06-29 03:39:50.913 I/[ 2404.460281] [schedu][0xac2bd880d][03( 0): 39:50.909240] wlan: [3371:I:PE] Auth TX: seq 1 seq num 3467 status 0 WEP 0 to 04:d9:f5:fb:09:94
06-29 03:39:50.973 I/[ 2404.520666] [schedu][0xac2cf38fa][03( 0): 39:50.969626] wlan: [3371:I:PE] Auth TX: seq 1 seq num 3468 status 0 WEP 0 to 04:d9:f5:fb:09:94
06-29 03:39:51.033 I/[ 2404.580319] [schedu][0xac2e0b304][03( 0): 39:51.029280] wlan: [3371:I:PE] Auth TX: seq 1 seq num 3469 status 0 WEP 0 to 04:d9:f5:fb:09:94
06-29 03:39:51.091 W/[ 2404.640370] [schedu][0xac2f24a88][03( 0): 39:51.089327] wlan: [3371:W:PE] lim_process_auth_failure_timeout: 1777: received AUTH failure timeout in sessionid 0 limMlmstate 5 limSmeState 4
06-29 03:39:51.091 E/[ 2404.640508] [schedu][0xac2f25520][03( 0): 39:51.089468] wlan: [3371:E:PE] lim_process_mlm_auth_cnf: 558: Auth Failure occurred
06-29 03:39:51.091 I/[ 2404.640630] [schedu][0xac2f25e32][03( 0): 39:51.089589] wlan: [3371:I:PE] Deauth TX: vdev 0 seq_num 3470 reason 65530 waitForAck 0 to 04:d9:f5:fb:09:94 from a2:d7:5b:b4:b7:af
06-29 03:39:51.105 W/[ 2404.655569] [schedu][0xac2f6bc0e][03( 0): 39:51.104494] wlan: [3371:W:SME] csr_roam_join_rsp_processor: 9876: SmeJoinReq failed with status_code= 0x000001FD [509] reason:65530
06-29 03:39:51.105 W/[ 2404.655882] [schedu][0xac2f6d631][03( 0): 39:51.104842] wlan: [3371:W:HDD] hdd_get_rssi_snr_by_bssid: 17749: sme_get_rssi_snr_by_bssid failed
06-29 03:39:51.105 E/[ 2404.655916] [schedu][0xac2f6d8c5][03( 0): 39:51.104877] wlan: [3371:E:HDD] hdd_association_completion_handler: 3712: wlan0(vdevid-0): connection failed with 04:d9:f5:fb:09:94 result: 3 and Status: 7
06-29 03:39:51.105 W/[ 2404.656369] [schedu][0xac2f6faaa][03( 0): 39:51.105328] wlan: [3371:W:HDD] hdd_get_rssi_snr_by_bssid: 17749: sme_get_rssi_snr_by_bssid failed
06-29 03:39:51.105 E/[ 2404.656410] [schedu][0xac2f6fdd1][03( 0): 39:51.105371] wlan: [3371:E:HDD] hdd_association_completion_handler: 3712: wlan0(vdevid-0): connection failed with 04:d9:f5:fb:09:94 result: 1 and Status: 9
06-29 03:39:51.105 E/[ 2404.656632] [schedu][0xac2f70e63][03( 0): 39:51.105592] wlan: [3371:E:HDD] hdd_association_completion_handler: 3784: send connect failure to nl80211: for bssid 04:d9:f5:fb:09:94 result: 1 and Status: 9 reasoncode: 65530
06-29 03:39:51.106 I/wificond( 1206): Connect timeout
06-29 03:39:51.145 I/[ 2404.693835] logd( 0): logdr: UID=1000 GID=1000 PID=13308 n tail=127 logMask=19 pid=0 start=0ns deadline=0ns
06-29 03:39:51.167 I/[ 2404.718568] [schedu][0xac30933e0][03( 0): 39:51.167531] wlan: [3371:I:HIF] Deinitializing Runtime PM wakelock &vdev->vdev_set_key_runtime_wakelock
06-29 03:39:51.173 I/[ 2404.721869] [schedu][0xac30a2b84][03( 0): 39:51.170833] wlan: [3371:I:HIF] Initializing Runtime PM wakelock &vdev->vdev_set_key_runtime_wakelock
06-29 03:39:51.180 D/android.hardware.wifi@1.0-service( 828): Successfully SetMacAddress.
06-29 03:39:51.181 I/[ 2404.731752] [wifi@1][0xac30d0d68][03( 0): 39:51.180672] wlan: [828:I:DP] dp_vdev_attach_wifi3: wlan_cfg_ap_bridge_enabled 0
06-29 03:39:51.189 E/[ 2404.738542] [wifi@1][0xac30f0dbd][03( 0): 39:51.187503] wlan: [3455:E:wifipos] wifi_pos_process_app_reg_req: 608: Received App Req Req pid(-398458052), len(16)
06-29 03:39:51.189 I/[ 2404.739002] [wifi@1][0xac30f3069][03( 0): 39:51.187965] wlan: [3455:I:wifipos] wifi_pos_get_ch_info: 461: num channels: 26
06-29 03:39:51.189 I/[ 2404.739434] [wifi@1][0xac30f50c4][03( 0): 39:51.188397] wlan: [3455:I:wifipos] wifi_pos_get_ch_info: 461: num channels: 26
06-29 03:39:51.259 I/[ 2404.804360] logd( 0): logdr: UID=1000 GID=1000 PID=13312 n tail=127 logMask=80 pid=0 start=0ns deadline=0ns
06-29 03:39:51.316 I/GameModeConfig( 1522): isGameModeOn = false
06-29 03:39:51.341 I/[ 2404.891297] [schedu][0xac33bcde6][03( 0): 39:51.340252] wlan: [3371:I:OSIF] scan start scan id 41253
06-29 03:39:51.349 E/android.hardware.wifi@1.0-service( 828): create file failed: Permission denied
06-29 03:39:51.350 E/android.hardware.wifi@1.0-service( 828): Error writing files to flash
06-29 03:39:51.395 D/PowerManagerService( 1522): releaseWakeLockInternal: lock=111794423 [AudioMix], flags=0x0
06-29 03:39:51.395 D/PowerManagerNotifier( 1522): onWakeLockReleased: flags=1, tag="AudioMix", packageName=audioserver, ownerUid=1041, ownerPid=0, workSource=null
06-29 03:39:51.395 D/PowerManagerService( 1522): updateWakeLockSummaryLocked: mWakefulness=Awake, mWakeLockSummary=0x23
06-29 03:39:51.395 D/PowerManagerService( 1522): updateUserActivitySummaryLocked: groupId=0, mWakefulness=Awake, mUserActivitySummary=0x1, nextTimeout=2461439 (in 56493 ms)
06-29 03:39:51.395 D/PowerManagerNotifier( 1522): onScreenPolicyUpdate: newPolicy=3
06-29 03:39:51.395 D/PowerManagerService( 1522): updateDisplayPowerStateLocked: displayReady=true, groupId=0, policy=BRIGHT, mWakefulness=Awake, mWakeLockSummary=0x23, mUserActivitySummary=0x1, mBootCompleted=true, screenBrightnessOverride=NaN, useAutoBrightness=false, mScreenBrightnessBoostInProgress=false, mIsVrModeEnabled= false, sQuiescent=false
06-29 03:39:51.396 D/PowerManagerService( 1522): releaseWakeLockInternal: lock=69467382 [AudioMix], flags=0x0
06-29 03:39:51.396 D/PowerManagerNotifier( 1522): onWakeLockReleased: flags=1, tag="AudioMix", packageName=audioserver, ownerUid=1041, ownerPid=0, workSource=null
06-29 03:39:51.396 D/PowerManagerService( 1522): updateWakeLockSummaryLocked: mWakefulness=Awake, mWakeLockSummary=0x23
06-29 03:39:51.396 D/PowerManagerService( 1522): updateUserActivitySummaryLocked: groupId=0, mWakefulness=Awake, mUserActivitySummary=0x1, nextTimeout=2461439 (in 56492 ms)
06-29 03:39:51.396 D/PowerManagerNotifier( 1522): onScreenPolicyUpdate: newPolicy=3
06-29 03:39:51.396 D/PowerManagerService( 1522): updateDisplayPowerStateLocked: displayReady=true, groupId=0, policy=BRIGHT, mWakefulness=Awake, mWakeLockSummary=0x23, mUserActivitySummary=0x1, mBootCompleted=true, screenBrightnessOverride=NaN, useAutoBrightness=false, mScreenBrightnessBoostInProgress=false, mIsVrModeEnabled= false, sQuiescent=false
06-29 03:39:51.403 D/PowerManagerService( 1522): releaseWakeLockInternal: lock=161891729 [AudioMix], flags=0x0
06-29 03:39:51.403 D/PowerManagerNotifier( 1522): onWakeLockReleased: flags=1, tag="AudioMix", packageName=audioserver, ownerUid=1041, ownerPid=0, workSource=null
06-29 03:39:51.403 D/PowerManagerService( 1522): updateWakeLockSummaryLocked: mWakefulness=Awake, mWakeLockSummary=0x23
06-29 03:39:51.403 D/PowerManagerService( 1522): updateUserActivitySummaryLocked: groupId=0, mWakefulness=Awake, mUserActivitySummary=0x1, nextTimeout=2461439 (in 56485 ms)
06-29 03:39:51.403 D/PowerManagerNotifier( 1522): onScreenPolicyUpdate: newPolicy=3
06-29 03:39:51.403 D/PowerManagerService( 1522): updateDisplayPowerStateLocked: displayReady=true, groupId=0, policy=BRIGHT, mWakefulness=Awake, mWakeLockSummary=0x23, mUserActivitySummary=0x1, mBootCompleted=true, screenBrightnessOverride=NaN, useAutoBrightness=false, mScreenBrightnessBoostInProgress=false, mIsVrModeEnabled= false, sQuiescent=false
06-29 03:39:51.404 D/PowerManagerService( 1522): releaseWakeLockInternal: lock=209113956 [AudioMix], flags=0x0
06-29 03:39:51.404 D/PowerManagerNotifier( 1522): onWakeLockReleased: flags=1, tag="AudioMix", packageName=audioserver, ownerUid=1041, ownerPid=0, workSource=null
06-29 03:39:51.404 D/PowerManagerService( 1522): updateWakeLockSummaryLocked: mWakefulness=Awake, mWakeLockSummary=0x23
06-29 03:39:51.404 D/PowerManagerService( 1522): updateUserActivitySummaryLocked: groupId=0, mWakefulness=Awake, mUserActivitySummary=0x1, nextTimeout=2461439 (in 56484 ms)
06-29 03:39:51.404 D/PowerManagerNotifier( 1522): onScreenPolicyUpdate: newPolicy=3
06-29 03:39:51.404 D/PowerManagerService( 1522): updateDisplayPowerStateLocked: displayReady=true, groupId=0, policy=BRIGHT, mWakefulness=Awake, mWakeLockSummary=0x23, mUserActivitySummary=0x1, mBootCompleted=true, screenBrightnessOverride=NaN, useAutoBrightness=false, mScreenBrightnessBoostInProgress=false, mIsVrModeEnabled= false, sQuiescent=false
06-29 03:39:51.588 I/GameModeConfig( 1522): isGameModeOn = false
06-29 03:39:51.832 D/PowerManagerService( 1522): acquireWakeLockInternal: lock=218282209, flags=0x1, tag="*alarm*", ws=WorkSource{1000}, uid=1000, pid=1522
06-29 03:39:51.832 D/PowerManagerService( 1522): updateWakeLockSummaryLocked: mWakefulness=Awake, mWakeLockSummary=0x23
06-29 03:39:51.832 D/PowerManagerService( 1522): updateUserActivitySummaryLocked: groupId=0, mWakefulness=Awake, mUserActivitySummary=0x1, nextTimeout=2461439 (in 56056 ms)
06-29 03:39:51.832 D/PowerManagerNotifier( 1522): onScreenPolicyUpdate: newPolicy=3
06-29 03:39:51.832 D/PowerManagerService( 1522): updateDisplayPowerStateLocked: displayReady=true, groupId=0, policy=BRIGHT, mWakefulness=Awake, mWakeLockSummary=0x23, mUserActivitySummary=0x1, mBootCompleted=true, screenBrightnessOverride=NaN, useAutoBrightness=false, mScreenBrightnessBoostInProgress=false, mIsVrModeEnabled= false, sQuiescent=false
06-29 03:39:51.832 D/PowerManagerNotifier( 1522): onWakeLockAcquired: flags=1, tag="*alarm*", packageName=android, ownerUid=1000, ownerPid=1522, workSource=WorkSource{1000}
06-29 03:39:51.833 D/PowerManagerService( 1522): releaseWakeLockInternal: lock=218282209 [*alarm*], flags=0x0
06-29 03:39:51.833 D/PowerManagerNotifier( 1522): onWakeLockReleased: flags=1, tag="*alarm*", packageName=android, ownerUid=1000, ownerPid=1522, workSource=WorkSource{1000}
06-29 03:39:51.833 D/PowerManagerService( 1522): updateWakeLockSummaryLocked: mWakefulness=Awake, mWakeLockSummary=0x23
06-29 03:39:51.833 D/PowerManagerService( 1522): updateUserActivitySummaryLocked: groupId=0, mWakefulness=Awake, mUserActivitySummary=0x1, nextTimeout=2461439 (in 56055 ms)
06-29 03:39:51.833 D/PowerManagerNotifier( 1522): onScreenPolicyUpdate: newPolicy=3
06-29 03:39:51.833 D/PowerManagerService( 1522): updateDisplayPowerStateLocked: displayReady=true, groupId=0, policy=BRIGHT, mWakefulness=Awake, mWakeLockSummary=0x23, mUserActivitySummary=0x1, mBootCompleted=true, screenBrightnessOverride=NaN, useAutoBrightness=false, mScreenBrightnessBoostInProgress=false, mIsVrModeEnabled= false, sQuiescent=false
06-29 03:39:52.521 I/[ 2406.068529] [schedu][0xac494b2a8][03( 0): 39:52.517488] wlan: [3371:I:OSIF] vdev 0, scan id 41253 type COMPLETED(1) reason COMPLETED(1) scan found 25 bss
06-29 03:39:52.637 I/[ 2406.185680] [schedu][0xac4b704ff][03( 0): 39:52.634640] wlan: [3371:I:HIF] Deinitializing Runtime PM wakelock &vdev->vdev_set_key_runtime_wakelock
06-29 03:39:52.637 I/[ 2406.186261] [schedu][0xac4b730be][03( 0): 39:52.635223] wlan: [3371:I:HIF] Initializing Runtime PM wakelock &vdev->vdev_set_key_runtime_wakelock
06-29 03:39:52.648 D/android.hardware.wifi@1.0-service( 828): Successfully SetMacAddress.
06-29 03:39:52.649 I/[ 2406.199689] [wifi@1][0xac4bb1f9c][03( 0): 39:52.648648] wlan: [828:I:DP] dp_vdev_attach_wifi3: wlan_cfg_ap_bridge_enabled 0
06-29 03:39:52.661 E/[ 2406.210950] [wifi@1][0xac4be6bd0][03( 0): 39:52.659904] wlan: [3455:E:wifipos] wifi_pos_process_app_reg_req: 608: Received App Req Req pid(-398458052), len(16)
06-29 03:39:52.661 I/[ 2406.211484] [wifi@1][0xac4be94c2][03( 0): 39:52.660450] wlan: [3455:I:wifipos] wifi_pos_get_ch_info: 461: num channels: 26
06-29 03:39:52.661 I/[ 2406.211856] [wifi@1][0xac4beb05d][03( 0): 39:52.660818] wlan: [3455:I:wifipos] wifi_pos_get_ch_info: 461: num channels: 26
06-29 03:39:52.660 W/wificond( 1206): Scan is not started. Ignore abort request
06-29 03:39:52.681 I/[ 2406.231216] [wpa_su][0xac4c45c63][03( 0): 39:52.680178] wlan: [3475:I:SME] vdev-0: Connecting to 200M_5G 98:97:cc:03:15:36 rssi: -60 freq: 5200 akm 9 cipher: uc 6 mc 6, CC:
06-29 03:39:52.681 E/[ 2406.231292] [wpa_su][0xac4c46267][03( 0): 39:52.680258] wlan: [3475:E:QDF] Cannot malloc 0 bytes @ csr_get_cfg_max_tx_power:14199
06-29 03:39:52.681 I/[ 2406.231990] [schedu][0xac4c4967f][03( 0): 39:52.680953] wlan: [3371:I:WMI] send_vdev_start_cmd_tlv: 1062: send_vdev_start_cmd_tlv: vdev_id 0 freq 5200 chanmode 6 ch_info: 0x6 is_dfs 0 beacon interval 100 dtim 0 center_chan 5190 center_freq2 0 reg_info_1: 0x170000 reg_info_2: 0x1700, req->max_txpow: 0x17 Tx SS 1, Rx SS 1, ldpc_rx: 0, cac 0, regd 4, HE ops: 0req->dis_hw_ack: 0
06-29 03:39:52.737 I/[ 2406.284327] [wpa_su][0xac4d3ebca][03( 0): 39:52.733290] wlan: [3475:I:HDD] wlan0(vdevid-0): Received Disconnect reason:3 WLAN_REASON_DEAUTH_LEAVING
06-29 03:39:52.845 I/[ 2406.395511] [soft_i][0xac4f47e0e][03( 0): 39:52.844468] wlan: [0:I:TXRX] HTT_T2H_MSG_TYPE_PEER_MAP msg for peer id 16 vdev id 0 n
06-29 03:39:52.845 E/[ 2406.395541] [soft_i][0xac4f480ee][03( 0): 39:52.844505] wlan: [0:E:DP] dp_peer_find_add_id: peer 0000000000000000 ID 16 vid 0 mac 98:97:cc:03:15:36
06-29 03:39:52.845 I/[ 2406.395560] [soft_i][0xac4f48257][03( 0): 39:52.844524] wlan: [0:I:DP] dp_peer_find_add_id: ref_cnt: 2
06-29 03:39:52.845 E/[ 2406.395579] [soft_i][0xac4f483bd][03( 0): 39:52.844543] wlan: [0:E:DP] dp_peer_map_ast: peer 0000000000000000 ID 113 vid 0 mac 98:97:cc:03:15:36
06-29 03:39:52.921 I/[ 2406.470093] [schedu][0xac50a57e0][03( 0): 39:52.919051] wlan: [3371:I:PE] Auth TX: seq 1 seq num 3472 status 0 WEP 0 to 98:97:cc:03:15:36
06-29 03:39:52.921 I/[ 2406.471452] [schedu][0xac50abe05][03( 0): 39:52.920413] wlan: [3371:I:PE] Auth TX: success
06-29 03:39:52.925 I/[ 2406.474449] [schedu][0xac50b9ee8][03( 0): 39:52.923412] wlan: [3371:I:PE] Auth RX: vdev 0 sys role 3 lim_state 5 from 98:97:cc:03:15:36 rssi -56 auth_alg 0 seq 2819
06-29 03:39:52.925 I/[ 2406.474648] [schedu][0xac50badd9][03( 0): 39:52.923611] wlan: [3371:I:PE] Assoc req TX: vdev 0 to 98:97:cc:03:15:36 seq num 3473
06-29 03:39:52.929 I/[ 2406.476504] [schedu][0xac50c38fd][03( 0): 39:52.925466] wlan: [3371:I:PE] Assoc req TX: success
06-29 03:39:52.937 I/[ 2406.484663] [schedu][0xac50e9cf0][03( 0): 39:52.933625] wlan: [3371:I:PE] Assoc rsp RX: subtype 0 vdev 0 sys role 3 lim state 10 rssi -56 from 98:97:cc:03:15:36
06-29 03:39:52.945 E/[ 2406.493212] [schedu][0xac5111e1c][03( 0): 39:52.942174] wlan: [3371:E:QDF] Cannot malloc 0 bytes @ csr_get_cfg_max_tx_power:14199
06-29 03:39:52.945 E/[ 2406.493231] [schedu][0xac5111fb2][03( 0): 39:52.942196] wlan: [3371:E:QDF] Cannot malloc 0 bytes @ csr_get_cfg_max_tx_power:14199
06-29 03:39:52.945 I/[ 2406.493817] [schedu][0xac5114b88][03( 0): 39:52.942780] wlan: [3371:I:HDD] hdd_association_completion_handler: 3187: hddDisconInProgress state=5, result=2, status=7
06-29 03:39:52.945 I/[ 2406.493886] [schedu][0xac51150cd][03( 0): 39:52.942850] wlan: [3371:I:HDD] wlan0(vdevid-0): disconnected
06-29 03:39:52.945 E/[ 2406.494295] [schedu][0xac5116f68][03( 0): 39:52.943258] wlan: [3371:E:POLICY_MGR] policy_mgr_is_mcc_in_24G: 2881: unexpected num_connections value 0
06-29 03:39:53.002 W/[ 2406.552096] [schedu][0xac5225de5][03( 0): 39:53.001052] wlan: [3371:W:HDD] hdd_association_completion_handler: 3291: Warning:ASSOC_LINKUP_TIMEOUT
06-29 03:39:53.002 E/[ 2406.553061] [schedu][0xac522a6d1][03( 0): 39:53.002024] wlan: [3371:E:HDD] hdd_association_completion_handler: 3686: STA register with TL failed status: 16 [00000010]
06-29 03:39:53.005 I/[ 2406.554217] [schedu][0xac522fd96][03( 0): 39:53.003181] wlan: [3371:I:PE] Deauth TX: vdev 0 seq_num 3474 reason 3 waitForAck 1 to 98:97:cc:03:15:36 from 6e:37:ae:b7:f4:a8
06-29 03:39:53.021 E/[ 2406.569417] [schedu][0xac527715f][03( 0): 39:53.018378] wlan: [3371:E:HDD] hdd_get_roam_scan_ch_cb: 4213: Invalid len
06-29 03:39:53.041 I/[ 2406.591442] [schedu][0xac52de548][03( 0): 39:53.040403] wlan: [3371:I:HDD] wlan0(vdevid-0): disconnected
06-29 03:39:53.041 I/[ 2406.591831] [wpa_su][0xac52e0277][03( 0): 39:53.040793] wlan: [3475:I:HDD] Disconnect reason: 3 WLAN_REASON_DEAUTH_LEAVING vendor: 0 LG: 1
06-29 03:39:53.093 I/[ 2406.642213] [schedu][0xac53cc4e3][03( 0): 39:53.091171] wlan: [3371:I:HIF] Deinitializing Runtime PM wakelock &vdev->vdev_set_key_runtime_wakelock
06-29 03:39:53.093 I/[ 2406.642862] [schedu][0xac53cf5d9][03( 0): 39:53.091824] wlan: [3371:I:HIF] Initializing Runtime PM wakelock &vdev->vdev_set_key_runtime_wakelock
06-29 03:39:53.104 D/android.hardware.wifi@1.0-service( 828): Successfully SetMacAddress.
06-29 03:39:53.105 I/[ 2406.655863] [wifi@1][0xac540c4a5][03( 0): 39:53.104822] wlan: [828:I:DP] dp_vdev_attach_wifi3: wlan_cfg_ap_bridge_enabled 0
06-29 03:39:53.111 W/wificond( 1206): Scan is not started. Ignore abort request
06-29 03:39:53.117 E/[ 2406.664292] [wifi@1][0xac5433ccb][03( 0): 39:53.113250] wlan: [3455:E:wifipos] wifi_pos_process_app_reg_req: 608: Received App Req Req pid(-398458052), len(16)
06-29 03:39:53.117 I/[ 2406.664948] [wifi@1][0xac5436e5f][03( 0): 39:53.113911] wlan: [3455:I:wifipos] wifi_pos_get_ch_info: 461: num channels: 26
06-29 03:39:53.117 I/[ 2406.665504] [wifi@1][0xac5439837][03( 0): 39:53.114469] wlan: [3455:I:wifipos] wifi_pos_get_ch_info: 461: num channels: 26
06-29 03:39:53.145 I/[ 2406.693305] [wpa_su][0xac54bbc2e][03( 0): 39:53.142255] wlan: [3475:I:SME] vdev-0: Connecting to hht_test_wifi_fc4318c9 04:d9:f5:fb:09:94 rssi: -75 freq: 5300 akm 3 cipher: uc 6 mc 6, CC:
06-29 03:39:53.145 E/[ 2406.693438] [wpa_su][0xac54bc75f][03( 0): 39:53.142405] wlan: [3475:E:QDF] Cannot malloc 0 bytes @ csr_get_cfg_max_tx_power:14199
06-29 03:39:53.145 I/[ 2406.694299] [schedu][0xac54c07b4][03( 0): 39:53.143262] wlan: [3371:I:WMI] send_vdev_start_cmd_tlv: 1062: send_vdev_start_cmd_tlv: vdev_id 0 freq 5300 chanmode 18 ch_info: 0x12 is_dfs 0 beacon interval 100 dtim 0 center_chan 5290 center_freq2 0 reg_info_1: 0x170000 reg_info_2: 0x1700, req->max_txpow: 0x17 Tx SS 1, Rx SS 1, ldpc_rx: 0, cac 0, regd 4, HE ops: 0req->dis_hw_ack: 1
06-29 03:39:53.165 E/wificond( 1206): NL80211_CMD_TRIGGER_SCAN failed: Device or resource busy
06-29 03:39:53.169 E/[ 2406.716508] [wifico][0xac5528702][03( 0): 39:53.165440] wlan: [1206:E:HDD] __wlan_hdd_cfg80211_scan: 572: Scan not allowed. scan_ebusy_cnt: 432 Session 0 Reason 1
06-29 03:39:53.309 I/[ 2406.856060] [soft_i][0xac57b6b72][03( 0): 39:53.305019] wlan: [0:I:TXRX] HTT_T2H_MSG_TYPE_PEER_MAP msg for peer id 9 vdev id 0 n
06-29 03:39:53.309 E/[ 2406.856088] [soft_i][0xac57b6df3][03( 0): 39:53.305052] wlan: [0:E:DP] dp_peer_find_add_id: peer 0000000000000000 ID 9 vid 0 mac 04:d9:f5:fb:09:94
06-29 03:39:53.309 I/[ 2406.856107] [soft_i][0xac57b6f5c][03( 0): 39:53.305071] wlan: [0:I:DP] dp_peer_find_add_id: ref_cnt: 2
06-29 03:39:53.309 E/[ 2406.856124] [soft_i][0xac57b70ad][03( 0): 39:53.305089] wlan: [0:E:DP] dp_peer_map_ast: peer 0000000000000000 ID 3 vid 0 mac 04:d9:f5:fb:09:94
06-29 03:39:53.453 I/[ 2407.001534] [schedu][0xac5a609f1][03( 0): 39:53.450492] wlan: [3371:I:PE] Auth TX: seq 1 seq num 3476 status 0 WEP 0 to 04:d9:f5:fb:09:94
06-29 03:39:53.461 I/[ 2407.008596] [schedu][0xac5a81bba][03( 0): 39:53.457556] wlan: [3371:I:PE] Auth TX: fail
06-29 03:39:53.509 I/[ 2407.060221] [schedu][0xac5b73b9a][03( 0): 39:53.509181] wlan: [3371:I:PE] Auth TX: seq 1 seq num 3477 status 0 WEP 0 to 04:d9:f5:fb:09:94
06-29 03:39:53.573 I/[ 2407.120163] [schedu][0xac5c8cb64][03( 0): 39:53.569125] wlan: [3371:I:PE] Auth TX: seq 1 seq num 3478 status 0 WEP 0 to 04:d9:f5:fb:09:94
06-29 03:39:53.633 I/[ 2407.180209] [schedu][0xac5da6292][03( 0): 39:53.629167] wlan: [3371:I:PE] Auth TX: seq 1 seq num 3479 status 0 WEP 0 to 04:d9:f5:fb:09:94
06-29 03:39:53.693 I/[ 2407.240259] [schedu][0xac5ebfa19][03( 0): 39:53.689214] wlan: [3371:I:PE] Auth TX: seq 1 seq num 3480 status 0 WEP 0 to 04:d9:f5:fb:09:94
06-29 03:39:53.753 I/[ 2407.300982] [schedu][0xac5fdc47b][03( 0): 39:53.749939] wlan: [3371:I:PE] Auth TX: seq 1 seq num 3481 status 0 WEP 0 to 04:d9:f5:fb:09:94
06-29 03:39:53.813 I/[ 2407.360312] [schedu][0xac60f261e][03( 0): 39:53.809268] wlan: [3371:I:PE] Auth TX: seq 1 seq num 3482 status 0 WEP 0 to 04:d9:f5:fb:09:94
06-29 03:39:53.845 E/[ 2407.392189] link_delay_work_func( 0): DTC_ETH: SQI=0, link=0
06-29 03:39:53.873 I/[ 2407.424625] [schedu][0xac621fe06][03( 0): 39:53.873587] wlan: [3371:I:PE] Auth TX: seq 1 seq num 3483 status 0 WEP 0 to 04:d9:f5:fb:09:94
06-29 03:39:53.937 I/[ 2407.484311] [schedu][0xac6337a18][03( 0): 39:53.933268] wlan: [3371:I:PE] Auth TX: seq 1 seq num 3484 status 0 WEP 0 to 04:d9:f5:fb:09:94
06-29 03:39:53.997 I/[ 2407.544278] [schedu][0xac6450ba6][03( 0): 39:53.993235] wlan: [3371:I:PE] Auth TX: seq 1 seq num 3485 status 0 WEP 0 to 04:d9:f5:fb:09:94
06-29 03:39:54.001 I/[ 2407.551121] [schedu][0xac6470d2d][03( 0): 39:54.000082] wlan: [3371:I:PE] Auth TX: fail
06-29 03:39:54.057 I/[ 2407.604623] [schedu][0xac656b9ad][03( 0): 39:54.053582] wlan: [3371:I:PE] Auth TX: seq 1 seq num 3486 status 0 WEP 0 to 04:d9:f5:fb:09:94
06-29 03:39:54.117 I/[ 2407.665449] [schedu][0xac6688b1e][03( 0): 39:54.114401] wlan: [3371:I:PE] Auth TX: seq 1 seq num 3487 status 0 WEP 0 to 04:d9:f5:fb:09:94
06-29 03:39:54.177 I/[ 2407.724260] [schedu][0xac679c63a][03( 0): 39:54.173216] wlan: [3371:I:PE] Auth TX: seq 1 seq num 3488 status 0 WEP 0 to 04:d9:f5:fb:09:94
06-29 03:39:54.237 I/[ 2407.784206] [schedu][0xac68b5663][03( 0): 39:54.233165] wlan: [3371:I:PE] Auth TX: seq 1 seq num 3489 status 0 WEP 0 to 04:d9:f5:fb:09:94
06-29 03:39:54.293 I/[ 2407.844150] [schedu][0xac69ce613][03( 0): 39:54.293107] wlan: [3371:I:PE] Auth TX: seq 1 seq num 3490 status 0 WEP 0 to 04:d9:f5:fb:09:94
06-29 03:39:54.357 I/[ 2407.904235] [schedu][0xac6ae808e][03( 0): 39:54.353194] wlan: [3371:I:PE] Auth TX: seq 1 seq num 3491 status 0 WEP 0 to 04:d9:f5:fb:09:94
06-29 03:39:54.417 I/[ 2407.964247] [schedu][0xac6c01529][03( 0): 39:54.413202] wlan: [3371:I:PE] Auth TX: seq 1 seq num 3492 status 0 WEP 0 to 04:d9:f5:fb:09:94
06-29 03:39:54.453 W/[ 2408.000256] [schedu][0xac6caa217][03( 0): 39:54.449214] wlan: [3371:W:PE] lim_process_auth_failure_timeout: 1777: received AUTH failure timeout in sessionid 0 limMlmstate 5 limSmeState 4
06-29 03:39:54.453 E/[ 2408.000363] [schedu][0xac6caaa68][03( 0): 39:54.449325] wlan: [3371:E:PE] lim_process_mlm_auth_cnf: 558: Auth Failure occurred
06-29 03:39:54.453 I/[ 2408.000462] [schedu][0xac6cab1f1][03( 0): 39:54.449426] wlan: [3371:I:PE] Deauth TX: vdev 0 seq_num 3493 reason 65530 waitForAck 0 to 04:d9:f5:fb:09:94 from a2:d7:5b:b4:b7:af
06-29 03:39:54.464 I/wificond( 1206): Connect timeout
06-29 03:39:54.465 W/[ 2408.013361] [schedu][0xac6ce795f][03( 0): 39:54.462325] wlan: [3371:W:SME] csr_roam_join_rsp_processor: 9876: SmeJoinReq failed with status_code= 0x000001FD [509] reason:65530
06-29 03:39:54.465 W/[ 2408.013560] [schedu][0xac6ce8871][03( 0): 39:54.462525] wlan: [3371:W:HDD] hdd_get_rssi_snr_by_bssid: 17749: sme_get_rssi_snr_by_bssid failed
06-29 03:39:54.465 E/[ 2408.013577] [schedu][0xac6ce89be][03( 0): 39:54.462543] wlan: [3371:E:HDD] hdd_association_completion_handler: 3712: wlan0(vdevid-0): connection failed with 04:d9:f5:fb:09:94 result: 3 and Status: 7
06-29 03:39:54.465 W/[ 2408.013722] [schedu][0xac6ce9499][03( 0): 39:54.462688] wlan: [3371:W:HDD] hdd_get_rssi_snr_by_bssid: 17749: sme_get_rssi_snr_by_bssid failed
06-29 03:39:54.465 E/[ 2408.013740] [schedu][0xac6ce95f2][03( 0): 39:54.462706] wlan: [3371:E:HDD] hdd_association_completion_handler: 3712: wlan0(vdevid-0): connection failed with 04:d9:f5:fb:09:94 result: 1 and Status: 9
06-29 03:39:54.465 E/[ 2408.013851] [schedu][0xac6ce9e40][03( 0): 39:54.462816] wlan: [3371:E:HDD] hdd_association_completion_handler: 3784: send connect failure to nl80211: for bssid 04:d9:f5:fb:09:94 result: 1 and Status: 9 reasoncode: 65530
06-29 03:39:54.489 I/[ 2408.038741] logd( 0): logdr: UID=1000 GID=1000 PID=13392 n tail=127 logMask=19 pid=0 start=0ns deadline=0ns
06-29 03:39:54.521 I/[ 2408.068910] [schedu][0xac6debf28][03( 0): 39:54.517868] wlan: [3371:I:HIF] Deinitializing Runtime PM wakelock &vdev->vdev_set_key_runtime_wakelock
06-29 03:39:54.521 I/[ 2408.070307] [schedu][0xac6df2865][03( 0): 39:54.519272] wlan: [3371:I:HIF] Initializing Runtime PM wakelock &vdev->vdev_set_key_runtime_wakelock
06-29 03:39:54.530 D/android.hardware.wifi@1.0-service( 828): Successfully SetMacAddress.
06-29 03:39:54.533 I/[ 2408.082088] [wifi@1][0xac6e29be2][03( 0): 39:54.531051] wlan: [828:I:DP] dp_vdev_attach_wifi3: wlan_cfg_ap_bridge_enabled 0
06-29 03:39:54.545 E/[ 2408.094594] [wifi@1][0xac6e645a3][03( 0): 39:54.543555] wlan: [3455:E:wifipos] wifi_pos_process_app_reg_req: 608: Received App Req Req pid(-398458052), len(16)
06-29 03:39:54.545 I/[ 2408.095083] [wifi@1][0xac6e66a9b][03( 0): 39:54.544048] wlan: [3455:I:wifipos] wifi_pos_get_ch_info: 461: num channels: 26
06-29 03:39:54.545 I/[ 2408.095492] [wifi@1][0xac6e6894c][03( 0): 39:54.544457] wlan: [3455:I:wifipos] wifi_pos_get_ch_info: 461: num channels: 26
06-29 03:39:54.605 I/[ 2408.153566] logd( 0): logdr: UID=1000 GID=1000 PID=13397 n tail=127 logMask=80 pid=0 start=0ns deadline=0ns
06-29 03:39:54.673 I/GameModeConfig( 1522): isGameModeOn = false
06-29 03:39:54.693 E/android.hardware.wifi@1.0-service( 828): create file failed: Permission denied
06-29 03:39:54.693 E/android.hardware.wifi@1.0-service( 828): Error writing files to flash
06-29 03:39:54.705 I/[ 2408.254486] [schedu][0xac7151d70][03( 0): 39:54.703445] wlan: [3371:I:OSIF] scan start scan id 41254
06-29 03:39:54.857 I/GameModeConfig( 1522): isGameModeOn = false
06-29 03:39:55.166 D/PowerManagerService( 1522): acquireWakeLockInternal: lock=218282209, flags=0x1, tag="*alarm*", ws=WorkSource{1000}, uid=1000, pid=1522
06-29 03:39:55.166 D/PowerManagerService( 1522): updateWakeLockSummaryLocked: mWakefulness=Awake, mWakeLockSummary=0x23
06-29 03:39:55.166 D/PowerManagerService( 1522): updateUserActivitySummaryLocked: groupId=0, mWakefulness=Awake, mUserActivitySummary=0x1, nextTimeout=2461439 (in 52722 ms)
06-29 03:39:55.166 D/PowerManagerNotifier( 1522): onScreenPolicyUpdate: newPolicy=3
06-29 03:39:55.167 D/PowerManagerService( 1522): updateDisplayPowerStateLocked: displayReady=true, groupId=0, policy=BRIGHT, mWakefulness=Awake, mWakeLockSummary=0x23, mUserActivitySummary=0x1, mBootCompleted=true, screenBrightnessOverride=NaN, useAutoBrightness=false, mScreenBrightnessBoostInProgress=false, mIsVrModeEnabled= false, sQuiescent=false
06-29 03:39:55.167 D/PowerManagerNotifier( 1522): onWakeLockAcquired: flags=1, tag="*alarm*", packageName=android, ownerUid=1000, ownerPid=1522, workSource=WorkSource{1000}
06-29 03:39:55.167 D/PowerManagerService( 1522): releaseWakeLockInternal: lock=218282209 [*alarm*], flags=0x0
06-29 03:39:55.168 D/PowerManagerNotifier( 1522): onWakeLockReleased: flags=1, tag="*alarm*", packageName=android, ownerUid=1000, ownerPid=1522, workSource=WorkSource{1000}
06-29 03:39:55.168 D/PowerManagerService( 1522): updateWakeLockSummaryLocked: mWakefulness=Awake, mWakeLockSummary=0x23
06-29 03:39:55.168 D/PowerManagerService( 1522): updateUserActivitySummaryLocked: groupId=0, mWakefulness=Awake, mUserActivitySummary=0x1, nextTimeout=2461439 (in 52720 ms)
06-29 03:39:55.168 D/PowerManagerNotifier( 1522): onScreenPolicyUpdate: newPolicy=3
06-29 03:39:55.168 D/PowerManagerService( 1522): updateDisplayPowerStateLocked: displayReady=true, groupId=0, policy=BRIGHT, mWakefulness=Awake, mWakeLockSummary=0x23, mUserActivitySummary=0x1, mBootCompleted=true, screenBrightnessOverride=NaN, useAutoBrightness=false, mScreenBrightnessBoostInProgress=false, mIsVrModeEnabled= false, sQuiescent=false
06-29 03:39:55.722 I/UsageStatsService( 1522): User[0] Flushing usage stats to disk
06-29 03:39:55.897 I/[ 2409.447624] [schedu][0xac872aa3c][03( 0): 39:55.896576] wlan: [3371:I:OSIF] vdev 0, scan id 41254 type COMPLETED(1) reason COMPLETED(1) scan found 27 bss
06-29 03:39:56.025 I/[ 2409.572687] [schedu][0xac8974e0b][03( 0): 39:56.021640] wlan: [3371:I:HIF] Deinitializing Runtime PM wakelock &vdev->vdev_set_key_runtime_wakelock
06-29 03:39:56.025 I/[ 2409.573880] [schedu][0xac897a7ab][03( 0): 39:56.022836] wlan: [3371:I:HIF] Initializing Runtime PM wakelock &vdev->vdev_set_key_runtime_wakelock
06-29 03:39:56.035 D/android.hardware.wifi@1.0-service( 828): Successfully SetMacAddress.
06-29 03:39:56.037 I/[ 2409.587561] [wifi@1][0xac89baa18][03( 0): 39:56.036521] wlan: [828:I:DP] dp_vdev_attach_wifi3: wlan_cfg_ap_bridge_enabled 0
06-29 03:39:56.052 W/wificond( 1206): Scan is not started. Ignore abort request
06-29 03:39:56.061 E/[ 2409.610535] [wifi@1][0xac8a26536][03( 0): 39:56.059496] wlan: [3455:E:wifipos] wifi_pos_process_app_reg_req: 608: Received App Req Req pid(-398458052), len(16)
06-29 03:39:56.061 I/[ 2409.611063] [wifi@1][0xac8a28d2b][03( 0): 39:56.060028] wlan: [3455:I:wifipos] wifi_pos_get_ch_info: 461: num channels: 26
06-29 03:39:56.061 I/[ 2409.611492] [wifi@1][0xac8a2ad63][03( 0): 39:56.060458] wlan: [3455:I:wifipos] wifi_pos_get_ch_info: 461: num channels: 26
06-29 03:39:56.075 I/[ 2409.622534] [wpa_su][0xac8a5e950][03( 0): 39:56.071497] wlan: [3475:I:SME] vdev-0: Connecting to 200M_5G 98:97:cc:03:15:36 rssi: -60 freq: 5200 akm 9 cipher: uc 6 mc 6, CC:
06-29 03:39:56.075 E/[ 2409.622622] [wpa_su][0xac8a5f021][03( 0): 39:56.071588] wlan: [3475:E:QDF] Cannot malloc 0 bytes @ csr_get_cfg_max_tx_power:14199
06-29 03:39:56.075 I/[ 2409.623416] [schedu][0xac8a62b90][03( 0): 39:56.072380] wlan: [3371:I:WMI] send_vdev_start_cmd_tlv: 1062: send_vdev_start_cmd_tlv: vdev_id 0 freq 5200 chanmode 6 ch_info: 0x6 is_dfs 0 beacon interval 100 dtim 0 center_chan 5190 center_freq2 0 reg_info_1: 0x170000 reg_info_2: 0x1700, req->max_txpow: 0x17 Tx SS 1, Rx SS 1, ldpc_rx: 0, cac 0, regd 4, HE ops: 0req->dis_hw_ack: 0
06-29 03:39:56.113 I/[ 2409.663210] [wpa_su][0xac8b1d3bd][03( 0): 39:56.112169] wlan: [3475:I:HDD] wlan0(vdevid-0): Received Disconnect reason:3 WLAN_REASON_DEAUTH_LEAVING
06-29 03:39:56.217 I/[ 2409.767188] [soft_i][0xac8d049d5][03( 0): 39:56.216144] wlan: [0:I:TXRX] HTT_T2H_MSG_TYPE_PEER_MAP msg for peer id 7 vdev id 0 n
06-29 03:39:56.217 E/[ 2409.767248] [soft_i][0xac8d04ef3][03( 0): 39:56.216212] wlan: [0:E:DP] dp_peer_find_add_id: peer 0000000000000000 ID 7 vid 0 mac 98:97:cc:03:15:36
06-29 03:39:56.217 I/[ 2409.767288] [soft_i][0xac8d0508c][03( 0): 39:56.216234] wlan: [0:I:DP] dp_peer_find_add_id: ref_cnt: 2
06-29 03:39:56.217 E/[ 2409.767305] [soft_i][0xac8d05342][03( 0): 39:56.216270] wlan: [0:E:DP] dp_peer_map_ast: peer 0000000000000000 ID 113 vid 0 mac 98:97:cc:03:15:36
06-29 03:39:56.297 I/[ 2409.845968] [schedu][0xac8e75c43][03( 0): 39:56.294897] wlan: [3371:I:PE] Auth TX: seq 1 seq num 3495 status 0 WEP 0 to 98:97:cc:03:15:36
06-29 03:39:56.301 I/[ 2409.848977] [schedu][0xac8e84041][03( 0): 39:56.297936] wlan: [3371:I:PE] Auth TX: success
06-29 03:39:56.301 I/[ 2409.852180] [schedu][0xac8e93063][03( 0): 39:56.301138] wlan: [3371:I:PE] Auth RX: vdev 0 sys role 3 lim_state 5 from 98:97:cc:03:15:36 rssi -57 auth_alg 0 seq 2832
06-29 03:39:56.305 I/[ 2409.852545] [schedu][0xac8e94bdf][03( 0): 39:56.301505] wlan: [3371:I:PE] Assoc req TX: vdev 0 to 98:97:cc:03:15:36 seq num 3496
06-29 03:39:56.305 I/[ 2409.854478] [schedu][0xac8e9dcd1][03( 0): 39:56.303437] wlan: [3371:I:PE] Assoc req TX: success
06-29 03:39:56.313 I/[ 2409.862890] [schedu][0xac8ec53ca][03( 0): 39:56.311850] wlan: [3371:I:PE] Assoc rsp RX: subtype 0 vdev 0 sys role 3 lim state 10 rssi -57 from 98:97:cc:03:15:36
06-29 03:39:56.329 E/[ 2409.876915] [schedu][0xac8f06f7e][03( 0): 39:56.325873] wlan: [3371:E:QDF] Cannot malloc 0 bytes @ csr_get_cfg_max_tx_power:14199
06-29 03:39:56.329 E/[ 2409.876948] [schedu][0xac8f0722a][03( 0): 39:56.325909] wlan: [3371:E:QDF] Cannot malloc 0 bytes @ csr_get_cfg_max_tx_power:14199
06-29 03:39:56.329 I/[ 2409.878863] [schedu][0xac8f101a6][03( 0): 39:56.327822] wlan: [3371:I:HDD] hdd_association_completion_handler: 3187: hddDisconInProgress state=5, result=2, status=7
06-29 03:39:56.329 I/[ 2409.879299] [schedu][0xac8f11a3d][03( 0): 39:56.328150] wlan: [3371:I:HDD] wlan0(vdevid-0): disconnected
06-29 03:39:56.329 E/[ 2409.879746] [schedu][0xac8f1440a][03( 0): 39:56.328707] wlan: [3371:E:POLICY_MGR] policy_mgr_is_mcc_in_24G: 2881: unexpected num_connections value 0
06-29 03:39:56.389 W/[ 2409.936290] [schedu][0xac901d3a0][03( 0): 39:56.385235] wlan: [3371:W:HDD] hdd_association_completion_handler: 3291: Warning:ASSOC_LINKUP_TIMEOUT
06-29 03:39:56.389 E/[ 2409.938418] [schedu][0xac9027466][03( 0): 39:56.387379] wlan: [3371:E:HDD] hdd_association_completion_handler: 3686: STA register with TL failed status: 16 [00000010]
06-29 03:39:56.389 I/[ 2409.940482] [schedu][0xac9030efa][03( 0): 39:56.389439] wlan: [3371:I:PE] Deauth TX: vdev 0 seq_num 3497 reason 3 waitForAck 1 to 98:97:cc:03:15:36 from 6e:37:ae:b7:f4:a8
06-29 03:39:56.409 E/[ 2409.957108] [schedu][0xac907edc6][03( 0): 39:56.406063] wlan: [3371:E:HDD] hdd_get_roam_scan_ch_cb: 4213: Invalid len
06-29 03:39:56.417 I/[ 2409.967495] msm_vidc( 0): high: 00000001: h264d: Closed video instance: 0000000000000000
06-29 03:39:56.432 I/[ 2409.982533] [schedu][0xac90f6129][03( 0): 39:56.431495] wlan: [3371:I:HDD] wlan0(vdevid-0): disconnected
06-29 03:39:56.432 I/[ 2409.983145] [wpa_su][0xac90f8f51][03( 0): 39:56.432110] wlan: [3475:I:HDD] Disconnect reason: 3 WLAN_REASON_DEAUTH_LEAVING vendor: 0 LG: 1
06-29 03:39:56.483 I/[ 2410.030646] [schedu][0xac91d7983][03( 0): 39:56.479606] wlan: [3371:I:HIF] Deinitializing Runtime PM wakelock &vdev->vdev_set_key_runtime_wakelock
06-29 03:39:56.483 I/[ 2410.031126] [schedu][0xac91d9dca][03( 0): 39:56.480091] wlan: [3371:I:HIF] Initializing Runtime PM wakelock &vdev->vdev_set_key_runtime_wakelock
06-29 03:39:56.493 D/android.hardware.wifi@1.0-service( 828): Successfully SetMacAddress.
06-29 03:39:56.497 I/[ 2410.044893] [wifi@1][0xac921a623][03( 0): 39:56.493855] wlan: [828:I:DP] dp_vdev_attach_wifi3: wlan_cfg_ap_bridge_enabled 0
06-29 03:39:56.503 W/wificond( 1206): Scan is not started. Ignore abort request
06-29 03:39:56.505 E/[ 2410.055543] [wifi@1][0xac924c395][03( 0): 39:56.504487] wlan: [3455:E:wifipos] wifi_pos_process_app_reg_req: 608: Received App Req Req pid(-398458052), len(16)
06-29 03:39:56.505 I/[ 2410.056012] [wifi@1][0xac924e850][03( 0): 39:56.504977] wlan: [3455:I:wifipos] wifi_pos_get_ch_info: 461: num channels: 26
06-29 03:39:56.505 I/[ 2410.056496] [wifi@1][0xac9250ca5][03( 0): 39:56.505462] wlan: [3455:I:wifipos] wifi_pos_get_ch_info: 461: num channels: 26
06-29 03:39:56.533 I/[ 2410.083384] [wpa_su][0xac92cecea][03( 0): 39:56.532345] wlan: [3475:I:SME] vdev-0: Connecting to hht_test_wifi_fc4318c9 04:d9:f5:fb:09:94 rssi: -75 freq: 5300 akm 3 cipher: uc 6 mc 6, CC:
06-29 03:39:56.533 E/[ 2410.083506] [wpa_su][0xac92cf67d][03( 0): 39:56.532473] wlan: [3475:E:QDF] Cannot malloc 0 bytes @ csr_get_cfg_max_tx_power:14199
06-29 03:39:56.537 I/[ 2410.084727] [schedu][0xac92d51d5][03( 0): 39:56.533691] wlan: [3371:I:WMI] send_vdev_start_cmd_tlv: 1062: send_vdev_start_cmd_tlv: vdev_id 0 freq 5300 chanmode 18 ch_info: 0x12 is_dfs 0 beacon interval 100 dtim 0 center_chan 5290 center_freq2 0 reg_info_1: 0x170000 reg_info_2: 0x1700, req->max_txpow: 0x17 Tx SS 1, Rx SS 1, ldpc_rx: 0, cac 0, regd 4, HE ops: 0req->dis_hw_ack: 1
06-29 03:39:56.551 E/wificond( 1206): NL80211_CMD_TRIGGER_SCAN failed: Device or resource busy
06-29 03:39:56.553 E/[ 2410.102068] [wifico][0xac9326650][03( 0): 39:56.551030] wlan: [1206:E:HDD] __wlan_hdd_cfg80211_scan: 572: Scan not allowed. scan_ebusy_cnt: 433 Session 0 Reason 1
06-29 03:39:56.685 I/[ 2410.236683] [soft_i][0xac959d5fb][03( 0): 39:56.685640] wlan: [0:I:TXRX] HTT_T2H_MSG_TYPE_PEER_MAP msg for peer id 17 vdev id 0 n
06-29 03:39:56.685 E/[ 2410.236742] [soft_i][0xac959dafd][03( 0): 39:56.685706] wlan: [0:E:DP] dp_peer_find_add_id: peer 0000000000000000 ID 17 vid 0 mac 04:d9:f5:fb:09:94
06-29 03:39:56.685 I/[ 2410.236763] [soft_i][0xac959dc92][03( 0): 39:56.685727] wlan: [0:I:DP] dp_peer_find_add_id: ref_cnt: 2
06-29 03:39:56.685 E/[ 2410.236781] [soft_i][0xac959dde9][03( 0): 39:56.685745] wlan: [0:E:DP] dp_peer_map_ast: peer 0000000000000000 ID 3 vid 0 mac 04:d9:f5:fb:09:94
06-29 03:39:56.833 I/[ 2410.382460] [schedu][0xac9848b5a][03( 0): 39:56.831418] wlan: [3371:I:PE] Auth TX: seq 1 seq num 3499 status 0 WEP 0 to 04:d9:f5:fb:09:94
06-29 03:39:56.841 I/[ 2410.389280] [schedu][0xac9868aff][03( 0): 39:56.838240] wlan: [3371:I:PE] Auth TX: fail
06-29 03:39:56.893 I/[ 2410.440405] [schedu][0xac9958546][03( 0): 39:56.889363] wlan: [3371:I:PE] Auth TX: seq 1 seq num 3500 status 0 WEP 0 to 04:d9:f5:fb:09:94
06-29 03:39:56.953 I/[ 2410.500187] [schedu][0xac9a708d7][03( 0): 39:56.949144] wlan: [3371:I:PE] Auth TX: seq 1 seq num 3501 status 0 WEP 0 to 04:d9:f5:fb:09:94
06-29 03:39:57.013 I/[ 2410.560236] [schedu][0xac9b8a05e][03( 0): 39:57.009191] wlan: [3371:I:PE] Auth TX: seq 1 seq num 3502 status 0 WEP 0 to 04:d9:f5:fb:09:94
06-29 03:39:57.073 I/[ 2410.620317] [schedu][0xac9ca3a8b][03( 0): 39:57.069274] wlan: [3371:I:PE] Auth TX: seq 1 seq num 3503 status 0 WEP 0 to 04:d9:f5:fb:09:94
06-29 03:39:57.129 I/[ 2410.680344] [schedu][0xac9dbd09f][03( 0): 39:57.129301] wlan: [3371:I:PE] Auth TX: seq 1 seq num 3504 status 0 WEP 0 to 04:d9:f5:fb:09:94
06-29 03:39:57.191 I/[ 2410.740293] [schedu][0xac9ed60de][03( 0): 39:57.189251] wlan: [3371:I:PE] Auth TX: seq 1 seq num 3505 status 0 WEP 0 to 04:d9:f5:fb:09:94
06-29 03:39:57.249 I/[ 2410.800205] [schedu][0xac9feee0a][03( 0): 39:57.249160] wlan: [3371:I:PE] Auth TX: seq 1 seq num 3506 status 0 WEP 0 to 04:d9:f5:fb:09:94
06-29 03:39:57.313 I/[ 2410.860380] [schedu][0xaca108edf][03( 0): 39:57.309331] wlan: [3371:I:PE] Auth TX: seq 1 seq num 3507 status 0 WEP 0 to 04:d9:f5:fb:09:94
06-29 03:39:57.369 I/[ 2410.920400] [schedu][0xaca22244c][03( 0): 39:57.369350] wlan: [3371:I:PE] Auth TX: seq 1 seq num 3508 status 0 WEP 0 to 04:d9:f5:fb:09:94
06-29 03:39:57.377 I/[ 2410.927310] [schedu][0xaca242b34][03( 0): 39:57.376269] wlan: [3371:I:PE] Auth TX: fail
06-29 03:39:57.433 I/[ 2410.980306] [schedu][0xaca33b17a][03( 0): 39:57.429259] wlan: [3371:I:PE] Auth TX: seq 1 seq num 3509 status 0 WEP 0 to 04:d9:f5:fb:09:94
06-29 03:39:57.493 I/[ 2411.040264] [schedu][0xaca454248][03( 0): 39:57.489217] wlan: [3371:I:PE] Auth TX: seq 1 seq num 3510 status 0 WEP 0 to 04:d9:f5:fb:09:94
