06-29 03:39:45.319 D/PowerManagerService( 1522): updateDisplayPowerStateLocked: displayReady=true, groupId=0, policy=BRIGHT, mWakefulness=Awake, mWakeLockSummary=0x23, mUserActivitySummary=0x1, mBootCompleted=true, screenBrightnessOverride=NaN, useAutoBrightness=false, mScreenBrightnessBoostInProgress=false, mIsVrModeEnabled= false, sQuiescent=false
06-29 03:39:45.319 D/PowerManagerNotifier( 1522): onWakeLockAcquired: flags=1, tag="*alarm*", packageName=android, ownerUid=1000, ownerPid=1522, workSource=WorkSource{1000}
06-29 03:39:45.319 D/PowerManagerService( 1522): updateWakeLockWorkSourceInternal: lock=218282209 [*alarm*], ws=WorkSource{10105}
06-29 03:39:45.319 D/PowerManagerNotifier( 1522): onWakeLockChanging: flags=1, tag="*alarm*", packageName=android, ownerUid=1000, ownerPid=1522, workSource=WorkSource{10105}
06-29 03:39:45.319 D/PowerManagerService( 1522): releaseWakeLockInternal: lock=218282209 [*alarm*], flags=0x0
06-29 03:39:45.319 D/PowerManagerNotifier( 1522): onWakeLockReleased: flags=1, tag="*alarm*", packageName=android, ownerUid=1000, ownerPid=1522, workSource=WorkSource{10105}
06-29 03:39:45.319 D/PowerManagerService( 1522): updateWakeLockSummaryLocked: mWakefulness=Awake, mWakeLockSummary=0x23
06-29 03:39:45.319 D/PowerManagerService( 1522): updateUserActivitySummaryLocked: groupId=0, mWakefulness=Awake, mUserActivitySummary=0x1, nextTimeout=2449927 (in 51057 ms)
06-29 03:39:45.319 D/PowerManagerNotifier( 1522): onScreenPolicyUpdate: newPolicy=3
06-29 03:39:45.319 D/PowerManagerService( 1522): updateDisplayPowerStateLocked: displayReady=true, groupId=0, policy=BRIGHT, mWakefulness=Awake, mWakeLockSummary=0x23, mUserActivitySummary=0x1, mBootCompleted=true, screenBrightnessOverride=NaN, useAutoBrightness=false, mScreenBrightnessBoostInProgress=false, mIsVrModeEnabled= false, sQuiescent=false
06-29 03:39:45.923 D/PowerManagerService( 1522): userActivityNoUpdateLocked: groupId=0, eventTime=2399473, event=2, flags=0x0, uid=1000
06-29 03:39:45.923 D/PowerManagerNotifier( 1522): onUserActivity: event=2, uid=1000
06-29 03:39:45.923 D/PowerManagerService( 1522): updateUserActivitySummaryLocked: groupId=0, mWakefulness=Awake, mUserActivitySummary=0x1, nextTimeout=2459473 (in 59999 ms)
06-29 03:39:45.923 D/PowerManagerNotifier( 1522): onScreenPolicyUpdate: newPolicy=3
06-29 03:39:45.923 D/PowerManagerService( 1522): updateDisplayPowerStateLocked: displayReady=true, groupId=0, policy=BRIGHT, mWakefulness=Awake, mWakeLockSummary=0x23, mUserActivitySummary=0x1, mBootCompleted=true, screenBrightnessOverride=NaN, useAutoBrightness=false, mScreenBrightnessBoostInProgress=false, mIsVrModeEnabled= false, sQuiescent=false
06-29 03:39:46.027 D/PowerManagerService( 1522): userActivityNoUpdateLocked: groupId=0, eventTime=2399578, event=2, flags=0x0, uid=1000
06-29 03:39:46.027 D/PowerManagerNotifier( 1522): onUserActivity: event=2, uid=1000
06-29 03:39:46.027 D/PowerManagerService( 1522): updateUserActivitySummaryLocked: groupId=0, mWakefulness=Awake, mUserActivitySummary=0x1, nextTimeout=2459578 (in 60000 ms)
06-29 03:39:46.027 D/PowerManagerNotifier( 1522): onScreenPolicyUpdate: newPolicy=3
06-29 03:39:46.027 D/PowerManagerService( 1522): updateDisplayPowerStateLocked: displayReady=true, groupId=0, policy=BRIGHT, mWakefulness=Awake, mWakeLockSummary=0x23, mUserActivitySummary=0x1, mBootCompleted=true, screenBrightnessOverride=NaN, useAutoBrightness=false, mScreenBrightnessBoostInProgress=false, mIsVrModeEnabled= false, sQuiescent=false
06-29 03:39:46.038 I/[ 2399.589032] [schedu][0xabd2a6908][03( 0): 39:46.038000] wlan: [3371:I:OSIF] vdev 0, scan id 41251 type COMPLETED(1) reason COMPLETED(1) scan found 30 bss
06-29 03:39:46.060 D/PowerManagerService( 1522): acquireWakeLockInternal: lock=258975204, flags=0x1, tag="*launch*", ws=WorkSource{10092}, uid=1000, pid=1522
06-29 03:39:46.060 D/PowerManagerService( 1522): updateWakeLockSummaryLocked: mWakefulness=Awake, mWakeLockSummary=0x23
06-29 03:39:46.060 D/PowerManagerService( 1522): updateUserActivitySummaryLocked: groupId=0, mWakefulness=Awake, mUserActivitySummary=0x1, nextTimeout=2459578 (in 59967 ms)
06-29 03:39:46.060 D/PowerManagerNotifier( 1522): onScreenPolicyUpdate: newPolicy=3
06-29 03:39:46.060 D/PowerManagerService( 1522): updateDisplayPowerStateLocked: displayReady=true, groupId=0, policy=BRIGHT, mWakefulness=Awake, mWakeLockSummary=0x23, mUserActivitySummary=0x1, mBootCompleted=true, screenBrightnessOverride=NaN, useAutoBrightness=false, mScreenBrightnessBoostInProgress=false, mIsVrModeEnabled= false, sQuiescent=false
06-29 03:39:46.060 D/PowerManagerNotifier( 1522): onWakeLockAcquired: flags=1, tag="*launch*", packageName=android, ownerUid=1000, ownerPid=1522, workSource=WorkSource{10092}
06-29 03:39:46.122 I/[ 2399.673508] binder( 0): undelivered TRANSACTION_COMPLETE
06-29 03:39:46.122 I/[ 2399.673511] binder( 0): undelivered transaction 1845247, process died.
06-29 03:39:46.122 I/[ 2399.673534] binder( 0): undelivered transaction 1845214, process died.
06-29 03:39:46.122 I/[ 2399.673810] binder( 0): undelivered transaction 1845254, process died.
06-29 03:39:46.124 I/ActivityManager( 1522): Process com.tencent.tmgp.sgame (pid 12426) has died: fg TOP
06-29 03:39:46.124 I/WindowManager( 1522): WIN DEATH: Window{cf4fb42 u0 com.tencent.tmgp.sgame/com.tencent.tmgp.sgame.SGameActivity}
06-29 03:39:46.127 D/PowerManagerService( 1522): releaseWakeLockInternal: lock=126465943 [WindowManager], flags=0x0
06-29 03:39:46.127 D/PowerManagerNotifier( 1522): onWakeLockReleased: flags=536870922, tag="WindowManager", packageName=android, ownerUid=1000, ownerPid=1522, workSource=WorkSource{10092}
06-29 03:39:46.127 D/PowerManagerService( 1522): userActivityNoUpdateLocked: groupId=0, eventTime=2399678, event=0, flags=0x1, uid=1000
06-29 03:39:46.127 D/PowerManagerNotifier( 1522): onUserActivity: event=0, uid=1000
06-29 03:39:46.127 D/PowerManagerService( 1522): updateWakeLockSummaryLocked: mWakefulness=Awake, mWakeLockSummary=0x1
06-29 03:39:46.127 D/PowerManagerService( 1522): updateUserActivitySummaryLocked: groupId=0, mWakefulness=Awake, mUserActivitySummary=0x1, nextTimeout=2459578 (in 59900 ms)
06-29 03:39:46.127 D/PowerManagerNotifier( 1522): onScreenPolicyUpdate: newPolicy=3
06-29 03:39:46.127 D/PowerManagerService( 1522): updateDisplayPowerStateLocked: displayReady=true, groupId=0, policy=BRIGHT, mWakefulness=Awake, mWakeLockSummary=0x1, mUserActivitySummary=0x1, mBootCompleted=true, screenBrightnessOverride=NaN, useAutoBrightness=false, mScreenBrightnessBoostInProgress=false, mIsVrModeEnabled= false, sQuiescent=false
06-29 03:39:46.130 D/PowerManagerService( 1522): updateWakeLockWorkSourceInternal: lock=258975204 [*launch*], ws=WorkSource{10072}
06-29 03:39:46.130 D/PowerManagerNotifier( 1522): onWakeLockChanging: flags=1, tag="*launch*", packageName=android, ownerUid=1000, ownerPid=1522, workSource=WorkSource{10072}
06-29 03:39:46.130 I/ActivityTaskManager( 1522): FOREGROUND_APPLICATION_CHANGED to com.android.launcher3.uioverrides.QuickstepLauncher
06-29 03:39:46.133 I/[ 2399.683979] [schedu][0xabd463a05][03( 0): 39:46.132947] wlan: [3371:I:HIF] Deinitializing Runtime PM wakelock &vdev->vdev_set_key_runtime_wakelock
06-29 03:39:46.133 W/ActivityTaskManager( 1522): Can't find TaskDisplayArea to determine support for multi window. Task id=80 attached=false
06-29 03:39:46.133 W/ActivityTaskManager( 1522): Can't find TaskDisplayArea to determine support for multi window. Task id=80 attached=false
06-29 03:39:46.134 D/android.hardware.wifi@1.0-service( 828): Successfully SetMacAddress.
06-29 03:39:46.135 I/[ 2399.684178] [schedu][0xabd4648f0][03( 0): 39:46.133146] wlan: [3371:I:HIF] Initializing Runtime PM wakelock &vdev->vdev_set_key_runtime_wakelock
06-29 03:39:46.135 I/[ 2399.686150] [wifi@1][0xabd46dce9][03( 0): 39:46.135118] wlan: [828:I:DP] dp_vdev_attach_wifi3: wlan_cfg_ap_bridge_enabled 0
06-29 03:39:46.141 E/[ 2399.691820] [wifi@1][0xabd48860c][03( 0): 39:46.140787] wlan: [3455:E:wifipos] wifi_pos_process_app_reg_req: 608: Received App Req Req pid(-398458052), len(16)
06-29 03:39:46.141 I/[ 2399.692013] [wifi@1][0xabd4894b1][03( 0): 39:46.140982] wlan: [3455:I:wifipos] wifi_pos_get_ch_info: 461: num channels: 26
06-29 03:39:46.141 I/[ 2399.692211] [wifi@1][0xabd48a371][03( 0): 39:46.141179] wlan: [3455:I:wifipos] wifi_pos_get_ch_info: 461: num channels: 26
06-29 03:39:46.141 W/ProcessStats( 1522): Tracking association SourceState{562fd4e com.tencent.android.qqdownloader:live/10115 BTopFgs #11238} whose proc state 2 is better than process ProcessState{7d9de82 com.tencent.android.qqdownloader:daemon/10115 pkg=com.tencent.android.qqdownloader} proc state 3 (28 skipped)
06-29 03:39:46.142 W/ActivityManager( 1522): setHasOverlayUi called on unknown pid: 12426
06-29 03:39:46.144 W/wificond( 1206): Scan is not started. Ignore abort request
06-29 03:39:46.144 D/CompatibilityChangeReporter( 1522): Compat change id reported: 135634846; UID 10122; state: DISABLED
06-29 03:39:46.144 D/CompatibilityChangeReporter( 1522): Compat change id reported: 177438394; UID 10122; state: DISABLED
06-29 03:39:46.144 D/CompatibilityChangeReporter( 1522): Compat change id reported: 135772972; UID 10122; state: DISABLED
06-29 03:39:46.144 D/CompatibilityChangeReporter( 1522): Compat change id reported: 143937733; UID 10122; state: ENABLED
06-29 03:39:46.145 D/CompatibilityChangeReporter( 1522): Compat change id reported: 135634846; UID 10026; state: DISABLED
06-29 03:39:46.145 D/CompatibilityChangeReporter( 1522): Compat change id reported: 177438394; UID 10026; state: DISABLED
06-29 03:39:46.145 D/CompatibilityChangeReporter( 1522): Compat change id reported: 135772972; UID 10026; state: DISABLED
06-29 03:39:46.145 D/CompatibilityChangeReporter( 1522): Compat change id reported: 135754954; UID 10026; state: ENABLED
06-29 03:39:46.145 D/CompatibilityChangeReporter( 1522): Compat change id reported: 135634846; UID 10104; state: DISABLED
06-29 03:39:46.145 D/CompatibilityChangeReporter( 1522): Compat change id reported: 177438394; UID 10104; state: DISABLED
06-29 03:39:46.145 D/CompatibilityChangeReporter( 1522): Compat change id reported: 135772972; UID 10104; state: DISABLED
06-29 03:39:46.145 D/CompatibilityChangeReporter( 1522): Compat change id reported: 135754954; UID 10104; state: DISABLED
06-29 03:39:46.145 D/CompatibilityChangeReporter( 1522): Compat change id reported: 135634846; UID 10105; state: DISABLED
06-29 03:39:46.149 I/ActivityManager( 1522): Start proc 12965:com.xingin.xhs/u0a122 for null
06-29 03:39:46.149 D/CompatibilityChangeReporter( 1522): Compat change id reported: 143937733; UID 10026; state: ENABLED
06-29 03:39:46.154 I/ActivityManager( 1522): Start proc 12966:com.microsoft.emmx/u0a26 for null
06-29 03:39:46.154 D/CompatibilityChangeReporter( 1522): Compat change id reported: 143937733; UID 10104; state: DISABLED
06-29 03:39:46.157 I/[ 2399.708565] [wpa_su][0xabd4d6dce][03( 0): 39:46.157530] wlan: [3475:I:SME] vdev-0: Connecting to 200M_5G 98:97:cc:03:15:36 rssi: -60 freq: 5200 akm 9 cipher: uc 6 mc 6, CC:
06-29 03:39:46.157 E/[ 2399.708593] [wpa_su][0xabd4d7031][03( 0): 39:46.157562] wlan: [3475:E:QDF] Cannot malloc 0 bytes @ csr_get_cfg_max_tx_power:14199
06-29 03:39:46.157 I/[ 2399.708869] [schedu][0xabd4d84d1][03( 0): 39:46.157837] wlan: [3371:I:WMI] send_vdev_start_cmd_tlv: 1062: send_vdev_start_cmd_tlv: vdev_id 0 freq 5200 chanmode 6 ch_info: 0x6 is_dfs 0 beacon interval 100 dtim 0 center_chan 5190 center_freq2 0 reg_info_1: 0x170000 reg_info_2: 0x1700, req->max_txpow: 0x17 Tx SS 1, Rx SS 1, ldpc_rx: 0, cac 0, regd 4, HE ops: 0req->dis_hw_ack: 0
06-29 03:39:46.161 I/[ 2399.712000] binder( 0): 12965:12965 ioctl 40046210 7fdcc9b894 returned -22
06-29 03:39:46.161 I/ActivityManager( 1522): Start proc 12978:com.kugou.android.auto/u0a104 for null
06-29 03:39:46.161 D/CompatibilityChangeReporter( 1522): Compat change id reported: 143937733; UID 10105; state: DISABLED
06-29 03:39:46.165 I/ActivityManager( 1522): Start proc 12981:com.smile.gifmaker/u0a105 for null
06-29 03:39:46.170 D/CompatibilityChangeReporter( 1522): Compat change id reported: 168419799; UID 10122; state: DISABLED
06-29 03:39:46.172 I/[ 2399.721871] binder( 0): 12966:12966 ioctl 40046210 7fdcc9b894 returned -22
06-29 03:39:46.181 I/[ 2399.730245] binder( 0): 12981:12981 ioctl 40046210 ffb15498 returned -22
06-29 03:39:46.184 I/[ 2399.735183] binder( 0): 12978:12978 ioctl 40046210 7fdcc9b894 returned -22
06-29 03:39:46.185 D/CompatibilityChangeReporter( 1522): Compat change id reported: 168419799; UID 10026; state: DISABLED
06-29 03:39:46.185 D/PowerManagerService( 1522): releaseWakeLockInternal: lock=258975204 [*launch*], flags=0x0
06-29 03:39:46.185 D/PowerManagerNotifier( 1522): onWakeLockReleased: flags=1, tag="*launch*", packageName=android, ownerUid=1000, ownerPid=1522, workSource=WorkSource{10072}
06-29 03:39:46.185 D/PowerManagerService( 1522): updateWakeLockSummaryLocked: mWakefulness=Awake, mWakeLockSummary=0x1
06-29 03:39:46.185 D/PowerManagerService( 1522): updateUserActivitySummaryLocked: groupId=0, mWakefulness=Awake, mUserActivitySummary=0x1, nextTimeout=2459578 (in 59842 ms)
06-29 03:39:46.185 D/PowerManagerNotifier( 1522): onScreenPolicyUpdate: newPolicy=3
06-29 03:39:46.185 D/PowerManagerService( 1522): updateDisplayPowerStateLocked: displayReady=true, groupId=0, policy=BRIGHT, mWakefulness=Awake, mWakeLockSummary=0x1, mUserActivitySummary=0x1, mBootCompleted=true, screenBrightnessOverride=NaN, useAutoBrightness=false, mScreenBrightnessBoostInProgress=false, mIsVrModeEnabled= false, sQuiescent=false
06-29 03:39:46.186 I/[ 2399.737717] [wpa_su][0xabd55f852][03( 0): 39:46.186684] wlan: [3475:I:HDD] wlan0(vdevid-0): Received Disconnect reason:3 WLAN_REASON_DEAUTH_LEAVING
06-29 03:39:46.191 I/ActivityManager( 1522): Killing 12966:com.microsoft.emmx/u0a26 (adj 915): empty #2
06-29 03:39:46.191 I/ActivityManager( 1522): Killing 12965:com.xingin.xhs/u0a122 (adj 925): empty #3
06-29 03:39:46.192 I/ActivityManager( 1522): Killing 12679:com.smile.gifmaker:messagesdk/u0a105 (adj 935): empty #4
06-29 03:39:46.194 D/CompatibilityChangeReporter( 1522): Compat change id reported: 168419799; UID 10104; state: DISABLED
06-29 03:39:46.229 I/ActivityManager( 1522): Killing 12981:com.smile.gifmaker/u0a105 (adj 915): empty #2
06-29 03:39:46.297 I/[ 2399.847003] [soft_i][0xabd75fc45][03( 0): 39:46.295964] wlan: [0:I:TXRX] HTT_T2H_MSG_TYPE_PEER_MAP msg for peer id 16 vdev id 0 n
06-29 03:39:46.297 E/[ 2399.847026] [soft_i][0xabd75fe70][03( 0): 39:46.295992] wlan: [0:E:DP] dp_peer_find_add_id: peer 0000000000000000 ID 16 vid 0 mac 98:97:cc:03:15:36
06-29 03:39:46.297 I/[ 2399.847055] [soft_i][0xabd75ff84][03( 0): 39:46.296007] wlan: [0:I:DP] dp_peer_find_add_id: ref_cnt: 2
06-29 03:39:46.297 E/[ 2399.847067] [soft_i][0xabd760183][03( 0): 39:46.296033] wlan: [0:E:DP] dp_peer_map_ast: peer 0000000000000000 ID 113 vid 0 mac 98:97:cc:03:15:36
06-29 03:39:46.367 I/[ 2399.917775] [schedu][0xabd8ab8c0][03( 0): 39:46.366743] wlan: [3371:I:PE] Auth TX: seq 1 seq num 3426 status 0 WEP 0 to 98:97:cc:03:15:36
06-29 03:39:46.368 I/[ 2399.919208] [schedu][0xabd8b2447][03( 0): 39:46.368177] wlan: [3371:I:PE] Auth TX: success
06-29 03:39:46.371 I/[ 2399.920728] [schedu][0xabd8b9638][03( 0): 39:46.369696] wlan: [3371:I:PE] Auth RX: vdev 0 sys role 3 lim_state 5 from 98:97:cc:03:15:36 rssi -56 auth_alg 0 seq 2801
06-29 03:39:46.371 I/[ 2399.920783] [schedu][0xabd8b9a6e][03( 0): 39:46.369752] wlan: [3371:I:PE] Assoc req TX: vdev 0 to 98:97:cc:03:15:36 seq num 3427
06-29 03:39:46.373 I/[ 2399.922897] [schedu][0xabd8c3902][03( 0): 39:46.371866] wlan: [3371:I:PE] Assoc req TX: success
06-29 03:39:46.376 I/[ 2399.927850] [schedu][0xabd8dac65][03( 0): 39:46.376818] wlan: [3371:I:PE] Assoc rsp RX: subtype 0 vdev 0 sys role 3 lim state 10 rssi -55 from 98:97:cc:03:15:36
06-29 03:39:46.385 E/[ 2399.934335] [schedu][0xabd8f92c2][03( 0): 39:46.383303] wlan: [3371:E:QDF] Cannot malloc 0 bytes @ csr_get_cfg_max_tx_power:14199
06-29 03:39:46.385 E/[ 2399.934340] [schedu][0xabd8f9340][03( 0): 39:46.383310] wlan: [3371:E:QDF] Cannot malloc 0 bytes @ csr_get_cfg_max_tx_power:14199
06-29 03:39:46.385 I/[ 2399.934449] [schedu][0xabd8f9b68][03( 0): 39:46.383418] wlan: [3371:I:HDD] hdd_association_completion_handler: 3187: hddDisconInProgress state=5, result=2, status=7
06-29 03:39:46.385 I/[ 2399.934463] [schedu][0xabd8f9c6e][03( 0): 39:46.383432] wlan: [3371:I:HDD] wlan0(vdevid-0): disconnected
06-29 03:39:46.385 E/[ 2399.934506] [schedu][0xabd8f9fa2][03( 0): 39:46.383475] wlan: [3371:E:POLICY_MGR] policy_mgr_is_mcc_in_24G: 2881: unexpected num_connections value 0
06-29 03:39:46.441 W/[ 2399.992052] [schedu][0xabda07b30][03( 0): 39:46.441016] wlan: [3371:W:HDD] hdd_association_completion_handler: 3291: Warning:ASSOC_LINKUP_TIMEOUT
06-29 03:39:46.441 E/[ 2399.992520] [schedu][0xabda09eb2][03( 0): 39:46.441489] wlan: [3371:E:HDD] hdd_association_completion_handler: 3686: STA register with TL failed status: 16 [00000010]
06-29 03:39:46.445 I/[ 2399.992817] [schedu][0xabda0b4f1][03( 0): 39:46.441785] wlan: [3371:I:PE] Deauth TX: vdev 0 seq_num 3428 reason 3 waitForAck 1 to 98:97:cc:03:15:36 from 6e:37:ae:b7:f4:a8
06-29 03:39:46.457 E/[ 2400.007466] [schedu][0xabda4ff90][03( 0): 39:46.456434] wlan: [3371:E:HDD] hdd_get_roam_scan_ch_cb: 4213: Invalid len
06-29 03:39:46.475 I/[ 2400.026879] [schedu][0xabdaaaf8e][03( 0): 39:46.475847] wlan: [3371:I:HDD] wlan0(vdevid-0): disconnected
06-29 03:39:46.475 I/[ 2400.026971] [wpa_su][0xabdaab664][03( 0): 39:46.475938] wlan: [3475:I:HDD] Disconnect reason: 3 WLAN_REASON_DEAUTH_LEAVING vendor: 0 LG: 1
06-29 03:39:46.525 I/[ 2400.076584] [schedu][0xabdb93f60][03( 0): 39:46.525551] wlan: [3371:I:HIF] Deinitializing Runtime PM wakelock &vdev->vdev_set_key_runtime_wakelock
06-29 03:39:46.525 I/[ 2400.076778] [schedu][0xabdb94df1][03( 0): 39:46.525746] wlan: [3371:I:HIF] Initializing Runtime PM wakelock &vdev->vdev_set_key_runtime_wakelock
06-29 03:39:46.527 D/android.hardware.wifi@1.0-service( 828): Successfully SetMacAddress.
06-29 03:39:46.528 I/[ 2400.078581] [wifi@1][0xabdb9d545][03( 0): 39:46.527550] wlan: [828:I:DP] dp_vdev_attach_wifi3: wlan_cfg_ap_bridge_enabled 0
06-29 03:39:46.530 W/wificond( 1206): Scan is not started. Ignore abort request
06-29 03:39:46.532 E/[ 2400.082706] [wifi@1][0xabdbb0a8c][03( 0): 39:46.531674] wlan: [3455:E:wifipos] wifi_pos_process_app_reg_req: 608: Received App Req Req pid(-398458052), len(16)
06-29 03:39:46.532 I/[ 2400.082876] [wifi@1][0xabdbb174e][03( 0): 39:46.531844] wlan: [3455:I:wifipos] wifi_pos_get_ch_info: 461: num channels: 26
06-29 03:39:46.532 I/[ 2400.082987] [wifi@1][0xabdbb1fa5][03( 0): 39:46.531955] wlan: [3455:I:wifipos] wifi_pos_get_ch_info: 461: num channels: 26
06-29 03:39:46.540 I/[ 2400.091355] [wpa_su][0xabdbd9341][03( 0): 39:46.540323] wlan: [3475:I:SME] vdev-0: Connecting to hht_test_wifi_fc4318c9 04:d9:f5:fb:09:94 rssi: -76 freq: 5300 akm 3 cipher: uc 6 mc 6, CC:
06-29 03:39:46.540 E/[ 2400.091398] [wpa_su][0xabdbd9687][03( 0): 39:46.540367] wlan: [3475:E:QDF] Cannot malloc 0 bytes @ csr_get_cfg_max_tx_power:14199
06-29 03:39:46.540 I/[ 2400.091708] [schedu][0xabdbdadb8][03( 0): 39:46.540676] wlan: [3371:I:WMI] send_vdev_start_cmd_tlv: 1062: send_vdev_start_cmd_tlv: vdev_id 0 freq 5300 chanmode 18 ch_info: 0x12 is_dfs 0 beacon interval 100 dtim 0 center_chan 5290 center_freq2 0 reg_info_1: 0x170000 reg_info_2: 0x1700, req->max_txpow: 0x17 Tx SS 1, Rx SS 1, ldpc_rx: 0, cac 0, regd 4, HE ops: 0req->dis_hw_ack: 1
06-29 03:39:46.546 E/wificond( 1206): NL80211_CMD_TRIGGER_SCAN failed: Device or resource busy
06-29 03:39:46.549 E/[ 2400.097434] [wifico][0xabdbf5980][03( 0): 39:46.546380] wlan: [1206:E:HDD] __wlan_hdd_cfg80211_scan: 572: Scan not allowed. scan_ebusy_cnt: 430 Session 0 Reason 1
06-29 03:39:46.701 I/[ 2400.252284] [soft_i][0xabdecb873][03( 0): 39:46.701246] wlan: [0:I:TXRX] HTT_T2H_MSG_TYPE_PEER_MAP msg for peer id 9 vdev id 0 n
06-29 03:39:46.701 E/[ 2400.252318] [soft_i][0xabdecbb55][03( 0): 39:46.701284] wlan: [0:E:DP] dp_peer_find_add_id: peer 0000000000000000 ID 9 vid 0 mac 04:d9:f5:fb:09:94
06-29 03:39:46.701 I/[ 2400.252331] [soft_i][0xabdecbc4d][03( 0): 39:46.701297] wlan: [0:I:DP] dp_peer_find_add_id: ref_cnt: 2
06-29 03:39:46.701 E/[ 2400.252343] [soft_i][0xabdecbd38][03( 0): 39:46.701309] wlan: [0:E:DP] dp_peer_map_ast: peer 0000000000000000 ID 3 vid 0 mac 04:d9:f5:fb:09:94
06-29 03:39:46.797 I/[ 2400.344523] [schedu][0xabe07beca][03( 0): 39:46.793490] wlan: [3371:I:PE] Auth TX: seq 1 seq num 3430 status 0 WEP 0 to 04:d9:f5:fb:09:94
06-29 03:39:46.857 I/[ 2400.404063] [schedu][0xabe193064][03( 0): 39:46.853031] wlan: [3371:I:PE] Auth TX: seq 1 seq num 3431 status 0 WEP 0 to 04:d9:f5:fb:09:94
06-29 03:39:46.917 I/[ 2400.464342] [schedu][0xabe2ad88b][03( 0): 39:46.913300] wlan: [3371:I:PE] Auth TX: seq 1 seq num 3432 status 0 WEP 0 to 04:d9:f5:fb:09:94
06-29 03:39:46.921 I/[ 2400.470906] [schedu][0xabe2cc512][03( 0): 39:46.919867] wlan: [3371:I:PE] Auth TX: fail
06-29 03:39:46.977 I/[ 2400.524619] [schedu][0xabe3c813f][03( 0): 39:46.973576] wlan: [3371:I:PE] Auth TX: seq 1 seq num 3433 status 0 WEP 0 to 04:d9:f5:fb:09:94
06-29 03:39:47.037 I/[ 2400.584242] [schedu][0xabe4df8f3][03( 0): 39:47.033199] wlan: [3371:I:PE] Auth TX: seq 1 seq num 3434 status 0 WEP 0 to 04:d9:f5:fb:09:94
06-29 03:39:47.093 I/[ 2400.644239] [schedu][0xabe5f8cbc][03( 0): 39:47.093196] wlan: [3371:I:PE] Auth TX: seq 1 seq num 3435 status 0 WEP 0 to 04:d9:f5:fb:09:94
06-29 03:39:47.157 I/[ 2400.704234] [schedu][0xabe712059][03( 0): 39:47.153191] wlan: [3371:I:PE] Auth TX: seq 1 seq num 3436 status 0 WEP 0 to 04:d9:f5:fb:09:94
06-29 03:39:47.217 I/[ 2400.764251] [schedu][0xabe82b5a9][03( 0): 39:47.213208] wlan: [3371:I:PE] Auth TX: seq 1 seq num 3437 status 0 WEP 0 to 04:d9:f5:fb:09:94
06-29 03:39:47.277 I/[ 2400.824186] [schedu][0xabe9444c0][03( 0): 39:47.273143] wlan: [3371:I:PE] Auth TX: seq 1 seq num 3438 status 0 WEP 0 to 04:d9:f5:fb:09:94
06-29 03:39:47.333 I/[ 2400.884259] [schedu][0xabea5de96][03( 0): 39:47.333221] wlan: [3371:I:PE] Auth TX: seq 1 seq num 3439 status 0 WEP 0 to 04:d9:f5:fb:09:94
06-29 03:39:47.397 I/[ 2400.944483] [schedu][0xabeb782ea][03( 0): 39:47.393439] wlan: [3371:I:PE] Auth TX: seq 1 seq num 3440 status 0 WEP 0 to 04:d9:f5:fb:09:94
06-29 03:39:47.458 I/[ 2401.004489] [schedu][0xabec9177b][03( 0): 39:47.453446] wlan: [3371:I:PE] Auth TX: seq 1 seq num 3441 status 0 WEP 0 to 04:d9:f5:fb:09:94
06-29 03:39:47.461 I/[ 2401.011132] [schedu][0xabecb09cd][03( 0): 39:47.460090] wlan: [3371:I:PE] Auth TX: fail
06-29 03:39:47.517 I/[ 2401.064209] [schedu][0xabeda9699][03( 0): 39:47.513168] wlan: [3371:I:PE] Auth TX: seq 1 seq num 3442 status 0 WEP 0 to 04:d9:f5:fb:09:94
06-29 03:39:47.577 I/[ 2401.126849] [schedu][0xabeecf109][03( 0): 39:47.575813] wlan: [3371:I:PE] Auth TX: seq 1 seq num 3443 status 0 WEP 0 to 04:d9:f5:fb:09:94
06-29 03:39:47.637 I/[ 2401.184506] [schedu][0xabefdd4be][03( 0): 39:47.633463] wlan: [3371:I:PE] Auth TX: seq 1 seq num 3444 status 0 WEP 0 to 04:d9:f5:fb:09:94
06-29 03:39:47.697 I/[ 2401.246686] [schedu][0xabf100c53][03( 0): 39:47.695644] wlan: [3371:I:PE] Auth TX: seq 1 seq num 3445 status 0 WEP 0 to 04:d9:f5:fb:09:94
06-29 03:39:47.757 I/[ 2401.304425] [schedu][0xabf20f6c3][03( 0): 39:47.753383] wlan: [3371:I:PE] Auth TX: seq 1 seq num 3446 status 0 WEP 0 to 04:d9:f5:fb:09:94
06-29 03:39:47.797 W/[ 2401.347981] [schedu][0xabf2db958][03( 0): 39:47.796938] wlan: [3371:W:PE] lim_process_auth_failure_timeout: 1777: received AUTH failure timeout in sessionid 0 limMlmstate 5 limSmeState 4
06-29 03:39:47.797 E/[ 2401.348243] [schedu][0xabf2dcd2a][03( 0): 39:47.797202] wlan: [3371:E:PE] lim_process_mlm_auth_cnf: 558: Auth Failure occurred
06-29 03:39:47.797 I/[ 2401.348340] [schedu][0xabf2dd481][03( 0): 39:47.797300] wlan: [3371:I:PE] Deauth TX: vdev 0 seq_num 3447 reason 65530 waitForAck 0 to 04:d9:f5:fb:09:94 from a2:d7:5b:b4:b7:af
06-29 03:39:47.813 W/[ 2401.362811] [schedu][0xabf3211c8][03( 0): 39:47.811770] wlan: [3371:W:SME] csr_roam_join_rsp_processor: 9876: SmeJoinReq failed with status_code= 0x000001FD [509] reason:65530
06-29 03:39:47.813 W/[ 2401.363135] [schedu][0xabf322816][03( 0): 39:47.812067] wlan: [3371:W:HDD] hdd_get_rssi_snr_by_bssid: 17749: sme_get_rssi_snr_by_bssid failed
06-29 03:39:47.813 E/[ 2401.363169] [schedu][0xabf322cbf][03( 0): 39:47.812130] wlan: [3371:E:HDD] hdd_association_completion_handler: 3712: wlan0(vdevid-0): connection failed with 04:d9:f5:fb:09:94 result: 3 and Status: 7
06-29 03:39:47.813 W/[ 2401.363456] [schedu][0xabf32424b][03( 0): 39:47.812417] wlan: [3371:W:HDD] hdd_get_rssi_snr_by_bssid: 17749: sme_get_rssi_snr_by_bssid failed
06-29 03:39:47.813 E/[ 2401.363495] [schedu][0xabf324538][03( 0): 39:47.812456] wlan: [3371:E:HDD] hdd_association_completion_handler: 3712: wlan0(vdevid-0): connection failed with 04:d9:f5:fb:09:94 result: 1 and Status: 9
06-29 03:39:47.813 E/[ 2401.363701] [schedu][0xabf32549c][03( 0): 39:47.812661] wlan: [3371:E:HDD] hdd_association_completion_handler: 3784: send connect failure to nl80211: for bssid 04:d9:f5:fb:09:94 result: 1 and Status: 9 reasoncode: 65530
06-29 03:39:47.814 I/wificond( 1206): Connect timeout
06-29 03:39:47.851 I/[ 2401.399056] logd( 0): logdr: UID=1000 GID=1000 PID=13049 n tail=127 logMask=19 pid=0 start=0ns deadline=0ns
06-29 03:39:47.878 I/[ 2401.429063] [schedu][0xabf457adf][03( 0): 39:47.878025] wlan: [3371:I:HIF] Deinitializing Runtime PM wakelock &vdev->vdev_set_key_runtime_wakelock
06-29 03:39:47.882 I/[ 2401.429773] [schedu][0xabf45b064][03( 0): 39:47.878738] wlan: [3371:I:HIF] Initializing Runtime PM wakelock &vdev->vdev_set_key_runtime_wakelock
06-29 03:39:47.889 D/PowerManagerService( 1522): userActivityNoUpdateLocked: groupId=0, eventTime=2401439, event=2, flags=0x0, uid=1000
06-29 03:39:47.889 D/PowerManagerNotifier( 1522): onUserActivity: event=2, uid=1000
06-29 03:39:47.890 D/PowerManagerService( 1522): updateUserActivitySummaryLocked: groupId=0, mWakefulness=Awake, mUserActivitySummary=0x1, nextTimeout=2461439 (in 59998 ms)
06-29 03:39:47.890 D/PowerManagerNotifier( 1522): onScreenPolicyUpdate: newPolicy=3
06-29 03:39:47.890 D/PowerManagerService( 1522): updateDisplayPowerStateLocked: displayReady=true, groupId=0, policy=BRIGHT, mWakefulness=Awake, mWakeLockSummary=0x1, mUserActivitySummary=0x1, mBootCompleted=true, screenBrightnessOverride=NaN, useAutoBrightness=false, mScreenBrightnessBoostInProgress=false, mIsVrModeEnabled= false, sQuiescent=false
06-29 03:39:47.890 D/android.hardware.wifi@1.0-service( 828): Successfully SetMacAddress.
06-29 03:39:47.893 I/[ 2401.442314] [wifi@1][0xabf495cb3][03( 0): 39:47.891276] wlan: [828:I:DP] dp_vdev_attach_wifi3: wlan_cfg_ap_bridge_enabled 0
06-29 03:39:47.909 E/[ 2401.456479] [wifi@1][0xabf4d8305][03( 0): 39:47.905440] wlan: [3455:E:wifipos] wifi_pos_process_app_reg_req: 608: Received App Req Req pid(-398458052), len(16)
06-29 03:39:47.909 I/[ 2401.456911] [wifi@1][0xabf4da3c6][03( 0): 39:47.905877] wlan: [3455:I:wifipos] wifi_pos_get_ch_info: 461: num channels: 26
06-29 03:39:47.909 I/[ 2401.457216] [wifi@1][0xabf4dbaa9][03( 0): 39:47.906182] wlan: [3455:I:wifipos] wifi_pos_get_ch_info: 461: num channels: 26
06-29 03:39:47.961 I/[ 2401.510424] logd( 0): logdr: UID=1000 GID=1000 PID=13053 n tail=127 logMask=80 pid=0 start=0ns deadline=0ns
06-29 03:39:47.978 I/thunderperf( 1522): PlatormCompat.setOverrides: Uid1=10072 Pid1=2563 Uid2=10072 Pid2=2563
06-29 03:39:47.978 I/thunderperf( 1522): PlatormCompat.setOverrides: needCheck:false
06-29 03:39:47.978 I/thunderperf( 1522): CompatConfig.addOverrideUnsafe: bef-state=1
06-29 03:39:47.978 E/thunderperf( 1522): CompatConfig.addOverrideUnsafe: exception:java.lang.SecurityException: Cannot override a change on a non-debuggable app and user build.
06-29 03:39:47.978 I/thunderperf( 1522): CompatConfig.addOverrideUnsafe: aft-state=1
06-29 03:39:47.979 I/thunderperf( 1522): CompatConfig.addOverrideUnsafe: bef-state=1
06-29 03:39:47.979 E/thunderperf( 1522): CompatConfig.addOverrideUnsafe: exception:java.lang.SecurityException: Cannot override a change on a non-debuggable app and user build.
06-29 03:39:47.979 I/thunderperf( 1522): CompatConfig.addOverrideUnsafe: aft-state=1
06-29 03:39:47.980 I/thunderperf( 1522): CompatConfig.addOverrideUnsafe: bef-state=1
06-29 03:39:47.980 E/thunderperf( 1522): CompatConfig.addOverrideUnsafe: exception:java.lang.SecurityException: Cannot override a change on a non-debuggable app and user build.
06-29 03:39:47.980 I/thunderperf( 1522): CompatConfig.addOverrideUnsafe: aft-state=1
06-29 03:39:47.981 I/thunderperf( 1522): CompatConfig.addOverrideUnsafe: bef-state=1
06-29 03:39:47.981 E/thunderperf( 1522): CompatConfig.addOverrideUnsafe: exception:java.lang.SecurityException: Cannot override a change on a non-debuggable app and user build.
06-29 03:39:47.981 I/thunderperf( 1522): CompatConfig.addOverrideUnsafe: aft-state=1
06-29 03:39:47.982 I/thunderperf( 1522): CompatConfig.addOverrideUnsafe: bef-state=1
06-29 03:39:47.982 E/thunderperf( 1522): CompatConfig.addOverrideUnsafe: exception:java.lang.SecurityException: Cannot override a change on a non-debuggable app and user build.
06-29 03:39:47.982 I/thunderperf( 1522): CompatConfig.addOverrideUnsafe: aft-state=1
06-29 03:39:47.982 I/thunderperf( 1522): CompatConfig.addOverrideUnsafe: bef-state=1
06-29 03:39:47.982 E/thunderperf( 1522): CompatConfig.addOverrideUnsafe: exception:java.lang.SecurityException: Cannot override a change on a non-debuggable app and user build.
06-29 03:39:47.982 I/thunderperf( 1522): CompatConfig.addOverrideUnsafe: aft-state=1
06-29 03:39:47.983 I/thunderperf( 1522): CompatConfig.addOverrideUnsafe: bef-state=1
06-29 03:39:47.983 E/thunderperf( 1522): CompatConfig.addOverrideUnsafe: exception:java.lang.SecurityException: Cannot override a change on a non-debuggable app and user build.
06-29 03:39:47.983 I/thunderperf( 1522): CompatConfig.addOverrideUnsafe: aft-state=1
06-29 03:39:47.983 I/thunderperf( 1522): CompatConfig.addOverrideUnsafe: bef-state=1
06-29 03:39:47.983 E/thunderperf( 1522): CompatConfig.addOverrideUnsafe: exception:java.lang.SecurityException: Cannot override a change on a non-debuggable app and user build.
06-29 03:39:47.983 I/thunderperf( 1522): CompatConfig.addOverrideUnsafe: aft-state=1
06-29 03:39:47.984 I/thunderperf( 1522): CompatConfig.addOverrideUnsafe: bef-state=1
06-29 03:39:47.984 E/thunderperf( 1522): CompatConfig.addOverrideUnsafe: exception:java.lang.SecurityException: Cannot override a change on a non-debuggable app and user build.
06-29 03:39:47.984 I/thunderperf( 1522): CompatConfig.addOverrideUnsafe: aft-state=1
06-29 03:39:47.984 I/thunderperf( 1522): CompatConfig.addOverrideUnsafe: bef-state=1
06-29 03:39:47.984 E/thunderperf( 1522): CompatConfig.addOverrideUnsafe: exception:java.lang.SecurityException: Cannot override a change on a non-debuggable app and user build.
06-29 03:39:47.984 I/thunderperf( 1522): CompatConfig.addOverrideUnsafe: aft-state=1
06-29 03:39:47.985 I/thunderperf( 1522): CompatConfig.addOverrideUnsafe: bef-state=1
06-29 03:39:47.985 E/thunderperf( 1522): CompatConfig.addOverrideUnsafe: exception:java.lang.SecurityException: Cannot override a change on a non-debuggable app and user build.
06-29 03:39:47.985 I/thunderperf( 1522): CompatConfig.addOverrideUnsafe: aft-state=1
06-29 03:39:47.985 I/thunderperf( 1522): CompatConfig.addOverrideUnsafe: bef-state=1
06-29 03:39:47.986 E/thunderperf( 1522): CompatConfig.addOverrideUnsafe: exception:java.lang.SecurityException: Cannot override a change on a non-debuggable app and user build.
06-29 03:39:47.986 I/thunderperf( 1522): CompatConfig.addOverrideUnsafe: aft-state=1
06-29 03:39:47.986 I/thunderperf( 1522): CompatConfig.addOverrideUnsafe: bef-state=1
06-29 03:39:47.986 E/thunderperf( 1522): CompatConfig.addOverrideUnsafe: exception:java.lang.SecurityException: Cannot override a change on a non-debuggable app and user build.
06-29 03:39:47.986 I/thunderperf( 1522): CompatConfig.addOverrideUnsafe: aft-state=1
06-29 03:39:47.986 I/thunderperf( 1522): CompatConfig.addOverrideUnsafe: bef-state=1
06-29 03:39:47.987 E/thunderperf( 1522): CompatConfig.addOverrideUnsafe: exception:java.lang.SecurityException: Cannot override a change on a non-debuggable app and user build.
06-29 03:39:47.987 I/thunderperf( 1522): CompatConfig.addOverrideUnsafe: aft-state=1
06-29 03:39:48.000 I/ActivityTaskManager( 1522): START u0 {act=android.intent.action.MAIN cat=[android.intent.category.LAUNCHER] flg=0x10200000 cmp=com.tencent.tmgp.sgame/.SGameActivity bnds=[1026,96][1326,394]} from uid 10072
06-29 03:39:48.000 D/ActivityTaskManager( 1522): TaskLaunchParamsModifier:task=null activity=ActivityRecord{c29de0c u0 com.tencent.tmgp.sgame/.SGameActivity taskAffinity=10092:com.tencent.tmgp.sgame display-area-from-source=DefaultTaskDisplayArea@3626345 display-id=0 display-windowing-mode=1 suggested-display-area=DefaultTaskDisplayArea@3626345
06-29 03:39:48.002 D/ActivityTaskManager( 1522): TaskLaunchParamsModifier:task=null activity=ActivityRecord{c29de0c u0 com.tencent.tmgp.sgame/.SGameActivity taskAffinity=10092:com.tencent.tmgp.sgame t-1} display-area-from-source=DefaultTaskDisplayArea@3626345 display-id=0 display-windowing-mode=1 suggested-display-area=DefaultTaskDisplayArea@3626345 inherit-from-source=fullscreen activity-options-fullscreen=Rect(0, 0 - 0, 0) non-freeform-display display-area=DefaultTaskDisplayArea@3626345
06-29 03:39:48.002 W/ActivityTaskManager( 1522): Can't find TaskDisplayArea to determine support for multi window. Task id=81 attached=false
06-29 03:39:48.003 D/ActivityTaskManager( 1522): TaskLaunchParamsModifier:task=Task{b8af65b #81 type=standard A=10092:com.tencent.tmgp.sgame U=0 visible=false mode=fullscreen translucent=true sz=0 visible freeform task=true rootAffinity=10092:com.tencent.tmgp.sgame isMini=false} activity=ActivityRecord{c29de0c u0 com.tencent.tmgp.sgame/.SGameActivity taskAffinity=10092:com.tencent.tmgp.sgame t-1} display-area-from-source=DefaultTaskDisplayArea@3626345 display-id=0 display-windowing-mode=1 suggested-display-area=DefaultTaskDisplayArea@3626345 inherit-from-source=fullscreen activity-options-fullscreen=Rect(0, 0 - 0, 0) non-freeform-display display-area=DefaultTaskDisplayArea@3626345
06-29 03:39:48.004 D/CompatibilityChangeReporter( 1522): Compat change id reported: 174042980; UID 10092; state: DISABLED
06-29 03:39:48.004 D/CompatibilityChangeReporter( 1522): Compat change id reported: 184838306; UID 10092; state: DISABLED
06-29 03:39:48.004 D/CompatibilityChangeReporter( 1522): Compat change id reported: 185004937; UID 10092; state: DISABLED
06-29 03:39:48.005 D/CompatibilityChangeReporter( 1522): Compat change id reported: 181136395; UID 10092; state: DISABLED
06-29 03:39:48.005 D/CompatibilityChangeReporter( 1522): Compat change id reported: 174042936; UID 10092; state: DISABLED
06-29 03:39:48.007 D/CompatibilityChangeReporter( 1522): Compat change id reported: 168419799; UID 10092; state: DISABLED
06-29 03:39:48.007 D/PowerManagerService( 1522): acquireWakeLockInternal: lock=258975204, flags=0x1, tag="*launch*", ws=WorkSource{10092}, uid=1000, pid=1522
06-29 03:39:48.007 D/PowerManagerService( 1522): updateWakeLockSummaryLocked: mWakefulness=Awake, mWakeLockSummary=0x1
06-29 03:39:48.007 D/PowerManagerService( 1522): updateUserActivitySummaryLocked: groupId=0, mWakefulness=Awake, mUserActivitySummary=0x1, nextTimeout=2461439 (in 59881 ms)
06-29 03:39:48.007 D/PowerManagerNotifier( 1522): onScreenPolicyUpdate: newPolicy=3
06-29 03:39:48.007 D/PowerManagerService( 1522): updateDisplayPowerStateLocked: displayReady=true, groupId=0, policy=BRIGHT, mWakefulness=Awake, mWakeLockSummary=0x1, mUserActivitySummary=0x1, mBootCompleted=true, screenBrightnessOverride=NaN, useAutoBrightness=false, mScreenBrightnessBoostInProgress=false, mIsVrModeEnabled= false, sQuiescent=false
06-29 03:39:48.007 D/PowerManagerNotifier( 1522): onWakeLockAcquired: flags=1, tag="*launch*", packageName=android, ownerUid=1000, ownerPid=1522, workSource=WorkSource{10092}
06-29 03:39:48.012 I/ActivityTaskManager( 1522): FOREGROUND_APPLICATION_CHANGED to com.tencent.tmgp.sgame.SGameActivity
06-29 03:39:48.015 D/CompatibilityChangeReporter( 1522): Compat change id reported: 135634846; UID 10092; state: DISABLED
06-29 03:39:48.015 D/CompatibilityChangeReporter( 1522): Compat change id reported: 177438394; UID 10092; state: DISABLED
06-29 03:39:48.015 D/CompatibilityChangeReporter( 1522): Compat change id reported: 135772972; UID 10092; state: DISABLED
06-29 03:39:48.015 D/CompatibilityChangeReporter( 1522): Compat change id reported: 135754954; UID 10092; state: DISABLED
06-29 03:39:48.015 D/CompatibilityChangeReporter( 1522): Compat change id reported: 143937733; UID 10092; state: DISABLED
06-29 03:39:48.020 I/ActivityManager( 1522): Start proc 13060:com.tencent.tmgp.sgame/u0a92 for pre-top-activity {com.tencent.tmgp.sgame/com.tencent.tmgp.sgame.SGameActivity}
06-29 03:39:48.020 W/ContextImpl( 1522): Calling a method in the system process without a qualified user: android.app.ContextImpl.sendBroadcast:1173 com.qualcomm.qti.Performance$SendGameLaunchBroadcast.run:217 java.lang.Thread.run:920
06-29 03:39:48.021 I/GameModeConfig( 1522): isGameModeOn = false
06-29 03:39:48.029 I/[ 2401.579453] binder( 0): 13060:13060 ioctl 40046210 7fdcc9b894 returned -22
06-29 03:39:48.049 E/android.hardware.wifi@1.0-service( 828): create file failed: Permission denied
06-29 03:39:48.049 E/android.hardware.wifi@1.0-service( 828): Error writing files to flash
06-29 03:39:48.058 D/ActivityThread(13060): Loading provider com.tencent.tmgp.sgame.XG_SETTINGS_PROVIDER: com.tencent.tpns.baseapi.base.SettingsContentProvider
06-29 03:39:48.076 I/[ 2401.625501] [schedu][0xabf7f082d][03( 0): 39:48.074469] wlan: [3371:I:OSIF] scan start scan id 41252
06-29 03:39:48.374 W/WindowManager( 1522): Failed looking up window session=Session{48f75a3 13060:u0a10092} callers=com.android.server.wm.WindowManagerService.windowForClientLocked:5628 com.android.server.wm.Session.insetsModified:629 android.view.IWindowSession$Stub.onTransact:1151
06-29 03:39:48.381 W/WindowManager( 1522): Failed looking up window session=Session{48f75a3 13060:u0a10092} callers=com.android.server.wm.WindowManagerService.windowForClientLocked:5628 com.android.server.wm.Session.insetsModified:629 android.view.IWindowSession$Stub.onTransact:1151
06-29 03:39:48.395 D/PowerManagerService( 1522): acquireWakeLockInternal: lock=161891729, flags=0x1, tag="AudioMix", ws=null, uid=1041, pid=0
06-29 03:39:48.395 D/PowerManagerService( 1522): updateWakeLockSummaryLocked: mWakefulness=Awake, mWakeLockSummary=0x1
06-29 03:39:48.395 D/PowerManagerService( 1522): updateUserActivitySummaryLocked: groupId=0, mWakefulness=Awake, mUserActivitySummary=0x1, nextTimeout=2461439 (in 59493 ms)
06-29 03:39:48.395 D/PowerManagerNotifier( 1522): onScreenPolicyUpdate: newPolicy=3
06-29 03:39:48.395 D/PowerManagerService( 1522): updateDisplayPowerStateLocked: displayReady=true, groupId=0, policy=BRIGHT, mWakefulness=Awake, mWakeLockSummary=0x1, mUserActivitySummary=0x1, mBootCompleted=true, screenBrightnessOverride=NaN, useAutoBrightness=false, mScreenBrightnessBoostInProgress=false, mIsVrModeEnabled= false, sQuiescent=false
06-29 03:39:48.395 D/PowerManagerNotifier( 1522): onWakeLockAcquired: flags=1, tag="AudioMix", packageName=audioserver, ownerUid=1041, ownerPid=0, workSource=null
06-29 03:39:48.396 D/PowerManagerService( 1522): acquireWakeLockInternal: lock=69467382, flags=0x1, tag="AudioMix", ws=null, uid=1041, pid=0
06-29 03:39:48.396 D/PowerManagerService( 1522): updateWakeLockSummaryLocked: mWakefulness=Awake, mWakeLockSummary=0x1
06-29 03:39:48.396 D/PowerManagerService( 1522): updateUserActivitySummaryLocked: groupId=0, mWakefulness=Awake, mUserActivitySummary=0x1, nextTimeout=2461439 (in 59492 ms)
06-29 03:39:48.396 D/PowerManagerNotifier( 1522): onScreenPolicyUpdate: newPolicy=3
06-29 03:39:48.396 D/PowerManagerService( 1522): updateDisplayPowerStateLocked: displayReady=true, groupId=0, policy=BRIGHT, mWakefulness=Awake, mWakeLockSummary=0x1, mUserActivitySummary=0x1, mBootCompleted=true, screenBrightnessOverride=NaN, useAutoBrightness=false, mScreenBrightnessBoostInProgress=false, mIsVrModeEnabled= false, sQuiescent=false
06-29 03:39:48.396 D/PowerManagerNotifier( 1522): onWakeLockAcquired: flags=1, tag="AudioMix", packageName=audioserver, ownerUid=1041, ownerPid=0, workSource=null
06-29 03:39:48.396 D/PowerManagerService( 1522): acquireWakeLockInternal: lock=111794423, flags=0x1, tag="AudioMix", ws=null, uid=1041, pid=0
06-29 03:39:48.396 D/PowerManagerService( 1522): updateWakeLockSummaryLocked: mWakefulness=Awake, mWakeLockSummary=0x1
06-29 03:39:48.396 D/PowerManagerService( 1522): updateUserActivitySummaryLocked: groupId=0, mWakefulness=Awake, mUserActivitySummary=0x1, nextTimeout=2461439 (in 59492 ms)
06-29 03:39:48.396 D/PowerManagerNotifier( 1522): onScreenPolicyUpdate: newPolicy=3
06-29 03:39:48.396 D/PowerManagerService( 1522): updateDisplayPowerStateLocked: displayReady=true, groupId=0, policy=BRIGHT, mWakefulness=Awake, mWakeLockSummary=0x1, mUserActivitySummary=0x1, mBootCompleted=true, screenBrightnessOverride=NaN, useAutoBrightness=false, mScreenBrightnessBoostInProgress=false, mIsVrModeEnabled= false, sQuiescent=false
06-29 03:39:48.396 D/PowerManagerNotifier( 1522): onWakeLockAcquired: flags=1, tag="AudioMix", packageName=audioserver, ownerUid=1041, ownerPid=0, workSource=null
06-29 03:39:48.396 D/PowerManagerService( 1522): updateWakeLockWorkSourceInternal: lock=161891729 [AudioMix], ws=null
06-29 03:39:48.396 D/PowerManagerService( 1522): updateWakeLockWorkSourceInternal: lock=69467382 [AudioMix], ws=null
06-29 03:39:48.396 D/PowerManagerService( 1522): updateWakeLockWorkSourceInternal: lock=111794423 [AudioMix], ws=null
06-29 03:39:48.396 D/PowerManagerService( 1522): acquireWakeLockInternal: lock=209113956, flags=0x1, tag="AudioMix", ws=null, uid=1041, pid=0
06-29 03:39:48.396 D/PowerManagerService( 1522): updateWakeLockSummaryLocked: mWakefulness=Awake, mWakeLockSummary=0x1
06-29 03:39:48.396 D/PowerManagerService( 1522): updateUserActivitySummaryLocked: groupId=0, mWakefulness=Awake, mUserActivitySummary=0x1, nextTimeout=2461439 (in 59492 ms)
06-29 03:39:48.397 D/PowerManagerNotifier( 1522): onScreenPolicyUpdate: newPolicy=3
06-29 03:39:48.397 D/PowerManagerService( 1522): updateDisplayPowerStateLocked: displayReady=true, groupId=0, policy=BRIGHT, mWakefulness=Awake, mWakeLockSummary=0x1, mUserActivitySummary=0x1, mBootCompleted=true, screenBrightnessOverride=NaN, useAutoBrightness=false, mScreenBrightnessBoostInProgress=false, mIsVrModeEnabled= false, sQuiescent=false
06-29 03:39:48.397 D/PowerManagerNotifier( 1522): onWakeLockAcquired: flags=1, tag="AudioMix", packageName=audioserver, ownerUid=1041, ownerPid=0, workSource=null
06-29 03:39:48.397 D/PowerManagerService( 1522): updateWakeLockWorkSourceInternal: lock=209113956 [AudioMix], ws=null
06-29 03:39:48.405 I/[ 2401.952788] binder( 0): 13060:13093 ioctl 40046210 72433c31f4 returned -22
06-29 03:39:48.423 I/MicroServiceManager( 1522): requestResult(requestAudioFocus) parameters is{"functionInfo":{"IDCM_AudioFocus":"AudioFocus_Media"}}.
06-29 03:39:48.430 I/[ 2401.980689] msm_vidc( 0): high: 00000001: ....d: Opening video instance: 0000000000000000, 1
06-29 03:39:48.430 I/[ 2401.980721] msm_vidc( 0): err : 00000001: ....d: Failed to create debugfs for msm_vidc
06-29 03:39:48.523 I/GameModeConfig( 1522): isGameModeOn = false
06-29 03:39:48.546 D/PowerManagerService( 1522): acquireWakeLockInternal: lock=218282209, flags=0x1, tag="*alarm*", ws=WorkSource{1000}, uid=1000, pid=1522
06-29 03:39:48.546 W/FileUtils(13060): Failed to chmod(/data/user/0/com.tencent.mm/app_tbs): android.system.ErrnoException: chmod failed: EACCES (Permission denied)
06-29 03:39:48.546 W/FileUtils(13060): Failed to chmod(/data/user/0/com.tencent.mm/app_tbs_common_share): android.system.ErrnoException: chmod failed: EACCES (Permission denied)
06-29 03:39:48.547 D/PowerManagerService( 1522): updateWakeLockSummaryLocked: mWakefulness=Awake, mWakeLockSummary=0x1
06-29 03:39:48.547 D/PowerManagerService( 1522): updateUserActivitySummaryLocked: groupId=0, mWakefulness=Awake, mUserActivitySummary=0x1, nextTimeout=2461439 (in 59341 ms)
06-29 03:39:48.547 D/PowerManagerNotifier( 1522): onScreenPolicyUpdate: newPolicy=3
06-29 03:39:48.547 D/PowerManagerService( 1522): updateDisplayPowerStateLocked: displayReady=true, groupId=0, policy=BRIGHT, mWakefulness=Awake, mWakeLockSummary=0x1, mUserActivitySummary=0x1, mBootCompleted=true, screenBrightnessOverride=NaN, useAutoBrightness=false, mScreenBrightnessBoostInProgress=false, mIsVrModeEnabled= false, sQuiescent=false
06-29 03:39:48.547 D/PowerManagerNotifier( 1522): onWakeLockAcquired: flags=1, tag="*alarm*", packageName=android, ownerUid=1000, ownerPid=1522, workSource=WorkSource{1000}
06-29 03:39:48.548 D/PowerManagerService( 1522): releaseWakeLockInternal: lock=218282209 [*alarm*], flags=0x0
06-29 03:39:48.548 D/PowerManagerNotifier( 1522): onWakeLockReleased: flags=1, tag="*alarm*", packageName=android, ownerUid=1000, ownerPid=1522, workSource=WorkSource{1000}
06-29 03:39:48.548 D/PowerManagerService( 1522): updateWakeLockSummaryLocked: mWakefulness=Awake, mWakeLockSummary=0x1
06-29 03:39:48.548 D/PowerManagerService( 1522): updateUserActivitySummaryLocked: groupId=0, mWakefulness=Awake, mUserActivitySummary=0x1, nextTimeout=2461439 (in 59340 ms)
06-29 03:39:48.548 D/PowerManagerNotifier( 1522): onScreenPolicyUpdate: newPolicy=3
06-29 03:39:48.548 D/PowerManagerService( 1522): updateDisplayPowerStateLocked: displayReady=true, groupId=0, policy=BRIGHT, mWakefulness=Awake, mWakeLockSummary=0x1, mUserActivitySummary=0x1, mBootCompleted=true, screenBrightnessOverride=NaN, useAutoBrightness=false, mScreenBrightnessBoostInProgress=false, mIsVrModeEnabled= false, sQuiescent=false
06-29 03:39:48.560 W/FileUtils(13060): Failed to chmod(/data/user/0/com.tencent.mobileqq/app_tbs): android.system.ErrnoException: chmod failed: EACCES (Permission denied)
06-29 03:39:48.560 W/FileUtils(13060): Failed to chmod(/data/user/0/com.tencent.mobileqq/app_tbs_common_share): android.system.ErrnoException: chmod failed: EACCES (Permission denied)
06-29 03:39:48.725 E/[ 2402.272039] msm_pcm_playback_close( 0): CMD_EOS failed, cmd_pending 0x8
06-29 03:39:48.725 E/[ 2402.272055] link_delay_work_func( 0): DTC_ETH: SQI=0, link=0
06-29 03:39:48.729 I/[ 2402.277949] afe_close( 0): port_id = 0x9000
06-29 03:39:48.774 D/PowerManagerService( 1522): updateWakeLockWorkSourceInternal: lock=137632947 [AudioMix], ws=WorkSource{10092}
06-29 03:39:48.781 I/[ 2402.329704] afe_find_cal_topo_id_by_port( 0): port id: 0x9000, dev_acdb_id: 15
06-29 03:39:48.781 I/[ 2402.329706] afe_find_cal_topo_id_by_port( 0): top_id:112fc acdb_id:15 afe_port_id:0x9000
06-29 03:39:48.781 I/[ 2402.329708] afe_get_cal_topology_id( 0): port_id = 0x9000 acdb_id = 15 topology_id = 0x112fc cal_type_index=8 ret=0
06-29 03:39:48.781 I/[ 2402.329915] afe_send_port_topology_id( 0): AFE set topology id 0x112fc enable for port 0x9000 ret 0
06-29 03:39:48.781 I/[ 2402.329916] send_afe_cal_type( 0): cal_index is 0
06-29 03:39:48.781 I/[ 2402.329917] send_afe_cal_type( 0): dev_acdb_id[55] is 15
06-29 03:39:48.781 I/[ 2402.329918] afe_find_cal( 0): cal_index 0 port_id 0x9000 port_index 55
06-29 03:39:48.781 I/[ 2402.329920] afe_find_cal( 0): acdb_id 15 dev_acdb_id 15 sample_rate 48000 afe_sample_rates 48000
06-29 03:39:48.781 I/[ 2402.329920] afe_find_cal( 0): cal block is a match, size is 0
06-29 03:39:48.781 I/[ 2402.329921] send_afe_cal_type( 0): Sending cal_index cal 0
06-29 03:39:48.781 E/[ 2402.329922] send_afe_cal_type( 0): No cal sent for cal_index 0, port_id = 0x9000! ret -22
06-29 03:39:48.781 I/[ 2402.330117] afe_send_hw_delay( 0): port_id 0x9000 rate 48000 delay_usec 474 status 0
06-29 03:39:48.820 D/PowerManagerService( 1522): updateWakeLockWorkSourceInternal: lock=137632947 [AudioMix], ws=WorkSource{10092}
06-29 03:39:49.024 W/BroadcastQueue( 1522): Background execution not allowed: receiving Intent { act=android.media.AUDIO_BECOMING_NOISY flg=0x14000010 } to com.kugou.android.auto/.receiver.AutoStartReceiver
06-29 03:39:49.025 D/PowerManagerService( 1522): acquireWakeLockInternal: lock=126465943, flags=0x2000000a, tag="WindowManager", ws=WorkSource{10092}, uid=1000, pid=1522
06-29 03:39:49.025 D/PowerManagerService( 1522): updateWakeLockSummaryLocked: mWakefulness=Awake, mWakeLockSummary=0x23
06-29 03:39:49.025 D/PowerManagerService( 1522): updateUserActivitySummaryLocked: groupId=0, mWakefulness=Awake, mUserActivitySummary=0x1, nextTimeout=2461439 (in 58863 ms)
06-29 03:39:49.025 D/PowerManagerNotifier( 1522): onScreenPolicyUpdate: newPolicy=3
06-29 03:39:49.025 D/PowerManagerService( 1522): updateDisplayPowerStateLocked: displayReady=true, groupId=0, policy=BRIGHT, mWakefulness=Awake, mWakeLockSummary=0x23, mUserActivitySummary=0x1, mBootCompleted=true, screenBrightnessOverride=NaN, useAutoBrightness=false, mScreenBrightnessBoostInProgress=false, mIsVrModeEnabled= false, sQuiescent=false
06-29 03:39:49.026 D/PowerManagerNotifier( 1522): onWakeLockAcquired: flags=536870922, tag="WindowManager", packageName=android, ownerUid=1000, ownerPid=1522, workSource=WorkSource{10092}
06-29 03:39:49.027 I/MicroServiceManager( 1522): requestResult(requestAudioFocus) parameters is{"functionInfo":{"IDCM_AudioFocus":"AudioFocus_Media"}}.
06-29 03:39:49.078 D/PowerManagerService( 1522): releaseWakeLockInternal: lock=258975204 [*launch*], flags=0x0
06-29 03:39:49.078 D/PowerManagerNotifier( 1522): onWakeLockReleased: flags=1, tag="*launch*", packageName=android, ownerUid=1000, ownerPid=1522, workSource=WorkSource{10092}
