06-29 03:41:02.402 D/PowerManagerNotifier( 1522): onScreenPolicyUpdate: newPolicy=3
06-29 03:41:02.402 D/PowerManagerService( 1522): updateDisplayPowerStateLocked: displayReady=true, groupId=0, policy=BRIGHT, mWakefulness=Awake, mWakeLockSummary=0x1, mUserActivitySummary=0x1, mBootCompleted=true, screenBrightnessOverride=NaN, useAutoBrightness=false, mScreenBrightnessBoostInProgress=false, mIsVrModeEnabled= false, sQuiescent=false
06-29 03:41:03.089 I/[ 2476.638209] [schedu][0xb155767f1][03( 0): 41:03.087159] wlan: [3371:I:OSIF] vdev 0, scan id 41269 type COMPLETED(1) reason COMPLETED(1) scan found 22 bss
06-29 03:41:03.219 I/[ 2476.765411] [schedu][0xb157cac44][03( 0): 41:03.214363] wlan: [3371:I:HIF] Deinitializing Runtime PM wakelock &vdev->vdev_set_key_runtime_wakelock
06-29 03:41:03.219 I/[ 2476.766340] [schedu][0xb157cf063][03( 0): 41:03.215272] wlan: [3371:I:HIF] Initializing Runtime PM wakelock &vdev->vdev_set_key_runtime_wakelock
06-29 03:41:03.232 D/android.hardware.wifi@1.0-service( 828): Successfully SetMacAddress.
06-29 03:41:03.236 I/[ 2476.784530] [wifi@1][0xb158246e8][03( 0): 41:03.233492] wlan: [828:I:DP] dp_vdev_attach_wifi3: wlan_cfg_ap_bridge_enabled 0
06-29 03:41:03.241 W/wificond( 1206): Scan is not started. Ignore abort request
06-29 03:41:03.253 E/[ 2476.800135] [wifi@1][0xb1586d929][03( 0): 41:03.249095] wlan: [3455:E:wifipos] wifi_pos_process_app_reg_req: 608: Received App Req Req pid(-398458052), len(16)
06-29 03:41:03.253 I/[ 2476.800574] [wifi@1][0xb1586fa3e][03( 0): 41:03.249536] wlan: [3455:I:wifipos] wifi_pos_get_ch_info: 461: num channels: 26
06-29 03:41:03.253 I/[ 2476.800965] [wifi@1][0xb158717cf][03( 0): 41:03.249930] wlan: [3455:I:wifipos] wifi_pos_get_ch_info: 461: num channels: 26
06-29 03:41:03.275 I/[ 2476.820355] [wpa_su][0xb158cc5f2][03( 0): 41:03.269319] wlan: [3475:I:SME] vdev-0: Connecting to 200M_5G 98:97:cc:03:15:36 rssi: -60 freq: 5200 akm 9 cipher: uc 6 mc 6, CC:
06-29 03:41:03.275 E/[ 2476.820507] [wpa_su][0xb158cd186][03( 0): 41:03.269473] wlan: [3475:E:QDF] Cannot malloc 0 bytes @ csr_get_cfg_max_tx_power:14199
06-29 03:41:03.275 I/[ 2476.821263] [schedu][0xb158d0a10][03( 0): 41:03.270227] wlan: [3371:I:WMI] send_vdev_start_cmd_tlv: 1062: send_vdev_start_cmd_tlv: vdev_id 0 freq 5200 chanmode 6 ch_info: 0x6 is_dfs 0 beacon interval 100 dtim 0 center_chan 5190 center_freq2 0 reg_info_1: 0x170000 reg_info_2: 0x1700, req->max_txpow: 0x17 Tx SS 1, Rx SS 1, ldpc_rx: 0, cac 0, regd 4, HE ops: 0req->dis_hw_ack: 0
06-29 03:41:03.301 I/[ 2476.849776] [wpa_su][0xb15956412][03( 0): 41:03.298734] wlan: [3475:I:HDD] wlan0(vdevid-0): Received Disconnect reason:3 WLAN_REASON_DEAUTH_LEAVING
06-29 03:41:03.467 I/[ 2477.017815] [soft_i][0xb15c69e9f][03( 0): 41:03.466768] wlan: [0:I:TXRX] HTT_T2H_MSG_TYPE_PEER_MAP msg for peer id 6 vdev id 0 n
06-29 03:41:03.467 E/[ 2477.017914] [soft_i][0xb15c6a68d][03( 0): 41:03.466874] wlan: [0:E:DP] dp_peer_find_add_id: peer 0000000000000000 ID 6 vid 0 mac 98:97:cc:03:15:36
06-29 03:41:03.467 I/[ 2477.017944] [soft_i][0xb15c6a8e7][03( 0): 41:03.466905] wlan: [0:I:DP] dp_peer_find_add_id: ref_cnt: 2
06-29 03:41:03.467 E/[ 2477.017971] [soft_i][0xb15c6aaf2][03( 0): 41:03.466932] wlan: [0:E:DP] dp_peer_map_ast: peer 0000000000000000 ID 113 vid 0 mac 98:97:cc:03:15:36
06-29 03:41:03.557 I/[ 2477.105313] [schedu][0xb15e04163][03( 0): 41:03.554271] wlan: [3371:I:PE] Auth TX: seq 1 seq num 3723 status 0 WEP 0 to 98:97:cc:03:15:36
06-29 03:41:03.557 I/[ 2477.106817] [schedu][0xb15e0b244][03( 0): 41:03.555777] wlan: [3371:I:PE] Auth TX: success
06-29 03:41:03.561 I/[ 2477.108469] [schedu][0xb15e12e29][03( 0): 41:03.557428] wlan: [3371:I:PE] Auth RX: vdev 0 sys role 3 lim_state 5 from 98:97:cc:03:15:36 rssi -57 auth_alg 0 seq 2971
06-29 03:41:03.561 I/[ 2477.108832] [schedu][0xb15e14964][03( 0): 41:03.557792] wlan: [3371:I:PE] Assoc req TX: vdev 0 to 98:97:cc:03:15:36 seq num 3724
06-29 03:41:03.561 I/[ 2477.110798] [schedu][0xb15e1dcda][03( 0): 41:03.559758] wlan: [3371:I:PE] Assoc req TX: success
06-29 03:41:03.569 I/[ 2477.116599] [schedu][0xb15e38fc3][03( 0): 41:03.565556] wlan: [3371:I:PE] Assoc rsp RX: subtype 0 vdev 0 sys role 3 lim state 10 rssi -57 from 98:97:cc:03:15:36
06-29 03:41:03.577 E/[ 2477.125289] [schedu][0xb15e61bac][03( 0): 41:03.574249] wlan: [3371:E:QDF] Cannot malloc 0 bytes @ csr_get_cfg_max_tx_power:14199
06-29 03:41:03.577 E/[ 2477.125316] [schedu][0xb15e61dcb][03( 0): 41:03.574277] wlan: [3371:E:QDF] Cannot malloc 0 bytes @ csr_get_cfg_max_tx_power:14199
06-29 03:41:03.577 I/[ 2477.126365] [schedu][0xb15e66c5f][03( 0): 41:03.575325] wlan: [3371:I:HDD] hdd_association_completion_handler: 3187: hddDisconInProgress state=5, result=2, status=7
06-29 03:41:03.577 I/[ 2477.126471] [schedu][0xb15e6747d][03( 0): 41:03.575433] wlan: [3371:I:HDD] wlan0(vdevid-0): disconnected
06-29 03:41:03.577 E/[ 2477.127055] [schedu][0xb15e6a019][03( 0): 41:03.576014] wlan: [3371:E:POLICY_MGR] policy_mgr_is_mcc_in_24G: 2881: unexpected num_connections value 0
06-29 03:41:03.633 W/[ 2477.184153] [schedu][0xb15f75a45][03( 0): 41:03.633110] wlan: [3371:W:HDD] hdd_association_completion_handler: 3291: Warning:ASSOC_LINKUP_TIMEOUT
06-29 03:41:03.637 E/[ 2477.186927] [schedu][0xb15f82a74][03( 0): 41:03.635886] wlan: [3371:E:HDD] hdd_association_completion_handler: 3686: STA register with TL failed status: 16 [00000010]
06-29 03:41:03.641 I/[ 2477.188604] [schedu][0xb15f8a83e][03( 0): 41:03.637563] wlan: [3371:I:PE] Deauth TX: vdev 0 seq_num 3725 reason 3 waitForAck 1 to 98:97:cc:03:15:36 from 6e:37:ae:b7:f4:a8
06-29 03:41:03.653 E/[ 2477.203900] [schedu][0xb15fd2361][03( 0): 41:03.652858] wlan: [3371:E:HDD] hdd_get_roam_scan_ch_cb: 4213: Invalid len
06-29 03:41:03.685 I/[ 2477.228290] [schedu][0xb160448af][03( 0): 41:03.677249] wlan: [3371:I:HDD] wlan0(vdevid-0): disconnected
06-29 03:41:03.685 I/[ 2477.229572] [wpa_su][0xb1604a88d][03( 0): 41:03.678527] wlan: [3475:I:HDD] Disconnect reason: 3 WLAN_REASON_DEAUTH_LEAVING vendor: 0 LG: 1
06-29 03:41:03.729 I/[ 2477.276490] [schedu][0xb1612679c][03( 0): 41:03.725448] wlan: [3371:I:HIF] Deinitializing Runtime PM wakelock &vdev->vdev_set_key_runtime_wakelock
06-29 03:41:03.729 I/[ 2477.279333] [schedu][0xb16133cc4][03( 0): 41:03.728290] wlan: [3371:I:HIF] Initializing Runtime PM wakelock &vdev->vdev_set_key_runtime_wakelock
06-29 03:41:03.739 D/android.hardware.wifi@1.0-service( 828): Successfully SetMacAddress.
06-29 03:41:03.741 I/[ 2477.291082] [wifi@1][0xb1616ae7d][03( 0): 41:03.740046] wlan: [828:I:DP] dp_vdev_attach_wifi3: wlan_cfg_ap_bridge_enabled 0
06-29 03:41:03.747 W/wificond( 1206): Scan is not started. Ignore abort request
06-29 03:41:03.748 E/[ 2477.297310] [wifi@1][0xb16188199][03( 0): 41:03.746274] wlan: [3455:E:wifipos] wifi_pos_process_app_reg_req: 608: Received App Req Req pid(-398458052), len(16)
06-29 03:41:03.748 I/[ 2477.297868] [wifi@1][0xb1618ab89][03( 0): 41:03.746833] wlan: [3455:I:wifipos] wifi_pos_get_ch_info: 461: num channels: 26
06-29 03:41:03.748 I/[ 2477.298332] [wifi@1][0xb1618ce58][03( 0): 41:03.747297] wlan: [3455:I:wifipos] wifi_pos_get_ch_info: 461: num channels: 26
06-29 03:41:03.781 I/[ 2477.330483] [wpa_su][0xb16223984][03( 0): 41:03.779446] wlan: [3475:I:SME] vdev-0: Connecting to hht_test_wifi_fc4318c9 04:d9:f5:fb:09:94 rssi: -72 freq: 5300 akm 3 cipher: uc 6 mc 6, CC:
06-29 03:41:03.781 E/[ 2477.330590] [wpa_su][0xb162241c6][03( 0): 41:03.779557] wlan: [3475:E:QDF] Cannot malloc 0 bytes @ csr_get_cfg_max_tx_power:14199
06-29 03:41:03.781 I/[ 2477.332127] [schedu][0xb1622b4c7][03( 0): 41:03.781090] wlan: [3371:I:WMI] send_vdev_start_cmd_tlv: 1062: send_vdev_start_cmd_tlv: vdev_id 0 freq 5300 chanmode 18 ch_info: 0x12 is_dfs 0 beacon interval 100 dtim 0 center_chan 5290 center_freq2 0 reg_info_1: 0x170000 reg_info_2: 0x1700, req->max_txpow: 0x17 Tx SS 1, Rx SS 1, ldpc_rx: 0, cac 0, regd 4, HE ops: 0req->dis_hw_ack: 1
06-29 03:41:03.797 E/[ 2477.347827] [wifico][0xb16274e31][03( 0): 41:03.796789] wlan: [1206:E:HDD] __wlan_hdd_cfg80211_scan: 572: Scan not allowed. scan_ebusy_cnt: 461 Session 0 Reason 1
06-29 03:41:03.796 E/wificond( 1206): NL80211_CMD_TRIGGER_SCAN failed: Device or resource busy
06-29 03:41:03.917 I/[ 2477.468319] [soft_i][0xb164a9a80][03( 0): 41:03.917273] wlan: [0:I:TXRX] HTT_T2H_MSG_TYPE_PEER_MAP msg for peer id 14 vdev id 0 n
06-29 03:41:03.917 E/[ 2477.468380] [soft_i][0xb164a9fc1][03( 0): 41:03.917343] wlan: [0:E:DP] dp_peer_find_add_id: peer 0000000000000000 ID 14 vid 0 mac 04:d9:f5:fb:09:94
06-29 03:41:03.917 I/[ 2477.468404] [soft_i][0xb164aa1ad][03( 0): 41:03.917369] wlan: [0:I:DP] dp_peer_find_add_id: ref_cnt: 2
06-29 03:41:03.917 E/[ 2477.468423] [soft_i][0xb164aa308][03( 0): 41:03.917387] wlan: [0:E:DP] dp_peer_map_ast: peer 0000000000000000 ID 3 vid 0 mac 04:d9:f5:fb:09:94
06-29 03:41:04.009 I/[ 2477.557613] [schedu][0xb1664c3a7][03( 0): 41:04.006568] wlan: [3371:I:PE] Auth TX: seq 1 seq num 3727 status 0 WEP 0 to 04:d9:f5:fb:09:94
06-29 03:41:04.066 I/[ 2477.616212] [schedu][0xb1675eeab][03( 0): 41:04.065169] wlan: [3371:I:PE] Auth TX: seq 1 seq num 3728 status 0 WEP 0 to 04:d9:f5:fb:09:94
06-29 03:41:04.077 I/[ 2477.625036] [schedu][0xb16788484][03( 0): 41:04.073993] wlan: [3371:I:PE] Auth TX: fail
06-29 03:41:04.129 I/[ 2477.676300] [schedu][0xb1687895a][03( 0): 41:04.125258] wlan: [3371:I:PE] Auth TX: seq 1 seq num 3729 status 0 WEP 0 to 04:d9:f5:fb:09:94
06-29 03:41:04.185 I/[ 2477.736279] [schedu][0xb16991bd0][03( 0): 41:04.185237] wlan: [3371:I:PE] Auth TX: seq 1 seq num 3730 status 0 WEP 0 to 04:d9:f5:fb:09:94
06-29 03:41:04.249 I/[ 2477.796209] [schedu][0xb16aaaa71][03( 0): 41:04.245165] wlan: [3371:I:PE] Auth TX: seq 1 seq num 3731 status 0 WEP 0 to 04:d9:f5:fb:09:94
06-29 03:41:04.305 I/[ 2477.856259] [schedu][0xb16bc3f97][03( 0): 41:04.305181] wlan: [3371:I:PE] Auth TX: seq 1 seq num 3732 status 0 WEP 0 to 04:d9:f5:fb:09:94
06-29 03:41:04.369 I/[ 2477.916282] [schedu][0xb16cdd541][03( 0): 41:04.365203] wlan: [3371:I:PE] Auth TX: seq 1 seq num 3733 status 0 WEP 0 to 04:d9:f5:fb:09:94
06-29 03:41:04.429 I/[ 2477.976284] [schedu][0xb16df6ad8][03( 0): 41:04.425224] wlan: [3371:I:PE] Auth TX: seq 1 seq num 3734 status 0 WEP 0 to 04:d9:f5:fb:09:94
06-29 03:41:04.489 I/[ 2478.036153] [schedu][0xb16f0f651][03( 0): 41:04.485110] wlan: [3371:I:PE] Auth TX: seq 1 seq num 3735 status 0 WEP 0 to 04:d9:f5:fb:09:94
06-29 03:41:04.546 I/[ 2478.096227] [schedu][0xb17028fbb][03( 0): 41:04.545183] wlan: [3371:I:PE] Auth TX: seq 1 seq num 3736 status 0 WEP 0 to 04:d9:f5:fb:09:94
06-29 03:41:04.610 I/[ 2478.157707] [schedu][0xb171492dc][03( 0): 41:04.606664] wlan: [3371:I:PE] Auth TX: seq 1 seq num 3737 status 0 WEP 0 to 04:d9:f5:fb:09:94
06-29 03:41:04.617 I/[ 2478.164338] [schedu][0xb1716843a][03( 0): 41:04.613296] wlan: [3371:I:PE] Auth TX: fail
06-29 03:41:04.669 I/[ 2478.218460] [schedu][0xb17265f4b][03( 0): 41:04.667417] wlan: [3371:I:PE] Auth TX: seq 1 seq num 3738 status 0 WEP 0 to 04:d9:f5:fb:09:94
06-29 03:41:04.729 I/[ 2478.276224] [schedu][0xb17374ba7][03( 0): 41:04.725182] wlan: [3371:I:PE] Auth TX: seq 1 seq num 3739 status 0 WEP 0 to 04:d9:f5:fb:09:94
06-29 03:41:04.789 I/[ 2478.336350] [schedu][0xb1748e91d][03( 0): 41:04.785308] wlan: [3371:I:PE] Auth TX: seq 1 seq num 3740 status 0 WEP 0 to 04:d9:f5:fb:09:94
06-29 03:41:04.849 I/[ 2478.397354] [schedu][0xb175ac863][03( 0): 41:04.846311] wlan: [3371:I:PE] Auth TX: seq 1 seq num 3741 status 0 WEP 0 to 04:d9:f5:fb:09:94
06-29 03:41:04.907 I/[ 2478.458267] [schedu][0xb176ca0f6][03( 0): 41:04.907226] wlan: [3371:I:PE] Auth TX: seq 1 seq num 3742 status 0 WEP 0 to 04:d9:f5:fb:09:94
06-29 03:41:04.969 I/[ 2478.517928] [schedu][0xb177e1b81][03( 0): 41:04.966886] wlan: [3371:I:PE] Auth TX: seq 1 seq num 3743 status 0 WEP 0 to 04:d9:f5:fb:09:94
06-29 03:41:05.014 W/[ 2478.561520] [schedu][0xb178ae0b2][03( 0): 41:05.010476] wlan: [3371:W:PE] lim_process_auth_failure_timeout: 1777: received AUTH failure timeout in sessionid 0 limMlmstate 5 limSmeState 4
06-29 03:41:05.014 E/[ 2478.561655] [schedu][0xb178aeb18][03( 0): 41:05.010614] wlan: [3371:E:PE] lim_process_mlm_auth_cnf: 558: Auth Failure occurred
06-29 03:41:05.014 I/[ 2478.561750] [schedu][0xb178af245][03( 0): 41:05.010710] wlan: [3371:I:PE] Deauth TX: vdev 0 seq_num 3744 reason 65530 waitForAck 0 to 04:d9:f5:fb:09:94 from a2:d7:5b:b4:b7:af
06-29 03:41:05.025 W/[ 2478.575035] [schedu][0xb178ed6d4][03( 0): 41:05.023997] wlan: [3371:W:SME] csr_roam_join_rsp_processor: 9876: SmeJoinReq failed with status_code= 0x000001FD [509] reason:65530
06-29 03:41:05.025 W/[ 2478.575268] [schedu][0xb178ee870][03( 0): 41:05.024232] wlan: [3371:W:HDD] hdd_get_rssi_snr_by_bssid: 17749: sme_get_rssi_snr_by_bssid failed
06-29 03:41:05.025 E/[ 2478.575291] [schedu][0xb178eea1e][03( 0): 41:05.024254] wlan: [3371:E:HDD] hdd_association_completion_handler: 3712: wlan0(vdevid-0): connection failed with 04:d9:f5:fb:09:94 result: 3 and Status: 7
06-29 03:41:05.025 W/[ 2478.575502] [schedu][0xb178ef9e7][03( 0): 41:05.024465] wlan: [3371:W:HDD] hdd_get_rssi_snr_by_bssid: 17749: sme_get_rssi_snr_by_bssid failed
06-29 03:41:05.025 E/[ 2478.575528] [schedu][0xb178efbda][03( 0): 41:05.024491] wlan: [3371:E:HDD] hdd_association_completion_handler: 3712: wlan0(vdevid-0): connection failed with 04:d9:f5:fb:09:94 result: 1 and Status: 9
06-29 03:41:05.025 E/[ 2478.575657] [schedu][0xb178f0579][03( 0): 41:05.024619] wlan: [3371:E:HDD] hdd_association_completion_handler: 3784: send connect failure to nl80211: for bssid 04:d9:f5:fb:09:94 result: 1 and Status: 9 reasoncode: 65530
06-29 03:41:05.024 I/wificond( 1206): Connect timeout
06-29 03:41:05.052 I/[ 2478.601355] logd( 0): logdr: UID=1000 GID=1000 PID=14533 n tail=127 logMask=19 pid=0 start=0ns deadline=0ns
06-29 03:41:05.085 I/[ 2478.635209] [schedu][0xb17a077cc][03( 0): 41:05.084170] wlan: [3371:I:HIF] Deinitializing Runtime PM wakelock &vdev->vdev_set_key_runtime_wakelock
06-29 03:41:05.085 I/[ 2478.635870] [schedu][0xb17a0a991][03( 0): 41:05.084834] wlan: [3371:I:HIF] Initializing Runtime PM wakelock &vdev->vdev_set_key_runtime_wakelock
06-29 03:41:05.093 D/android.hardware.wifi@1.0-service( 828): Successfully SetMacAddress.
06-29 03:41:05.096 I/[ 2478.644649] [wifi@1][0xb17a33c10][03( 0): 41:05.093614] wlan: [828:I:DP] dp_vdev_attach_wifi3: wlan_cfg_ap_bridge_enabled 0
06-29 03:41:05.106 E/[ 2478.652390] [wifi@1][0xb17a58096][03( 0): 41:05.101354] wlan: [3455:E:wifipos] wifi_pos_process_app_reg_req: 608: Received App Req Req pid(-398458052), len(16)
06-29 03:41:05.106 I/[ 2478.652895] [wifi@1][0xb17a5a688][03( 0): 41:05.101860] wlan: [3455:I:wifipos] wifi_pos_get_ch_info: 461: num channels: 26
06-29 03:41:05.106 I/[ 2478.653276] [wifi@1][0xb17a5c328][03( 0): 41:05.102242] wlan: [3455:I:wifipos] wifi_pos_get_ch_info: 461: num channels: 26
06-29 03:41:05.165 I/[ 2478.712436] logd( 0): logdr: UID=1000 GID=1000 PID=14537 n tail=127 logMask=80 pid=0 start=0ns deadline=0ns
06-29 03:41:05.231 I/GameModeConfig( 1522): isGameModeOn = false
06-29 03:41:05.250 E/android.hardware.wifi@1.0-service( 828): create file failed: Permission denied
06-29 03:41:05.250 E/android.hardware.wifi@1.0-service( 828): Error writing files to flash
06-29 03:41:05.261 I/[ 2478.811928] [schedu][0xb17d43dd9][03( 0): 41:05.260891] wlan: [3371:I:OSIF] scan start scan id 41270
06-29 03:41:05.525 E/[ 2479.073044] link_delay_work_func( 0): DTC_ETH: SQI=0, link=0
06-29 03:41:05.797 D/PowerManagerService( 1522): acquireWakeLockInternal: lock=218282209, flags=0x1, tag="*alarm*", ws=WorkSource{10105 com.smile.gifmaker}, uid=1000, pid=1522
06-29 03:41:05.798 D/PowerManagerService( 1522): updateWakeLockSummaryLocked: mWakefulness=Awake, mWakeLockSummary=0x1
06-29 03:41:05.798 D/PowerManagerService( 1522): updateUserActivitySummaryLocked: groupId=0, mWakefulness=Awake, mUserActivitySummary=0x1, nextTimeout=2528897 (in 49548 ms)
06-29 03:41:05.798 D/PowerManagerNotifier( 1522): onScreenPolicyUpdate: newPolicy=3
06-29 03:41:05.798 D/PowerManagerService( 1522): updateDisplayPowerStateLocked: displayReady=true, groupId=0, policy=BRIGHT, mWakefulness=Awake, mWakeLockSummary=0x1, mUserActivitySummary=0x1, mBootCompleted=true, screenBrightnessOverride=NaN, useAutoBrightness=false, mScreenBrightnessBoostInProgress=false, mIsVrModeEnabled= false, sQuiescent=false
06-29 03:41:05.798 D/PowerManagerNotifier( 1522): onWakeLockAcquired: flags=1, tag="*alarm*", packageName=android, ownerUid=1000, ownerPid=1522, workSource=WorkSource{10105 com.smile.gifmaker}
06-29 03:41:05.800 D/PowerManagerService( 1522): updateWakeLockWorkSourceInternal: lock=218282209 [*alarm*], ws=WorkSource{1000}
06-29 03:41:05.800 D/PowerManagerNotifier( 1522): onWakeLockChanging: flags=1, tag="*alarm*", packageName=android, ownerUid=1000, ownerPid=1522, workSource=WorkSource{1000}
06-29 03:41:05.800 D/PowerManagerService( 1522): releaseWakeLockInternal: lock=218282209 [*alarm*], flags=0x0
06-29 03:41:05.801 D/PowerManagerNotifier( 1522): onWakeLockReleased: flags=1, tag="*alarm*", packageName=android, ownerUid=1000, ownerPid=1522, workSource=WorkSource{1000}
06-29 03:41:05.801 D/PowerManagerService( 1522): updateWakeLockSummaryLocked: mWakefulness=Awake, mWakeLockSummary=0x1
06-29 03:41:05.801 D/PowerManagerService( 1522): updateUserActivitySummaryLocked: groupId=0, mWakefulness=Awake, mUserActivitySummary=0x1, nextTimeout=2528897 (in 49545 ms)
06-29 03:41:05.801 D/PowerManagerNotifier( 1522): onScreenPolicyUpdate: newPolicy=3
06-29 03:41:05.801 D/PowerManagerService( 1522): updateDisplayPowerStateLocked: displayReady=true, groupId=0, policy=BRIGHT, mWakefulness=Awake, mWakeLockSummary=0x1, mUserActivitySummary=0x1, mBootCompleted=true, screenBrightnessOverride=NaN, useAutoBrightness=false, mScreenBrightnessBoostInProgress=false, mIsVrModeEnabled= false, sQuiescent=false
06-29 03:41:05.804 D/CompatibilityChangeReporter( 1522): Compat change id reported: 135634846; UID 10105; state: DISABLED
06-29 03:41:05.805 D/CompatibilityChangeReporter( 1522): Compat change id reported: 143937733; UID 10105; state: DISABLED
06-29 03:41:05.813 I/ActivityManager( 1522): Start proc 14540:com.smile.gifmaker/u0a105 for service {com.smile.gifmaker/androidx.work.impl.background.systemjob.SystemJobService}
06-29 03:41:05.837 I/[ 2479.387419] binder( 0): 14540:14540 ioctl 40046210 ffb15498 returned -22
06-29 03:41:05.849 D/CompatibilityChangeReporter( 1522): Compat change id reported: 168419799; UID 10105; state: DISABLED
06-29 03:41:06.081 W/Looper (14540): Loop again would have the queued messages be executed before this one completed.
06-29 03:41:06.275 W/Looper (14540): Loop again would have the queued messages be executed before this one completed.
06-29 03:41:06.293 D/PowerManagerService( 1522): acquireWakeLockInternal: lock=150293578, flags=0x1, tag="*job*/com.smile.gifmaker/androidx.work.impl.background.systemjob.SystemJobService", ws=WorkSource{10105}, uid=1000, pid=1522
06-29 03:41:06.293 D/PowerManagerService( 1522): updateWakeLockSummaryLocked: mWakefulness=Awake, mWakeLockSummary=0x1
06-29 03:41:06.293 D/PowerManagerService( 1522): updateUserActivitySummaryLocked: groupId=0, mWakefulness=Awake, mUserActivitySummary=0x1, nextTimeout=2528897 (in 49053 ms)
06-29 03:41:06.293 D/PowerManagerNotifier( 1522): onScreenPolicyUpdate: newPolicy=3
06-29 03:41:06.294 D/PowerManagerService( 1522): updateDisplayPowerStateLocked: displayReady=true, groupId=0, policy=BRIGHT, mWakefulness=Awake, mWakeLockSummary=0x1, mUserActivitySummary=0x1, mBootCompleted=true, screenBrightnessOverride=NaN, useAutoBrightness=false, mScreenBrightnessBoostInProgress=false, mIsVrModeEnabled= false, sQuiescent=false
06-29 03:41:06.294 D/PowerManagerNotifier( 1522): onWakeLockAcquired: flags=1, tag="*job*/com.smile.gifmaker/androidx.work.impl.background.systemjob.SystemJobService", packageName=android, ownerUid=1000, ownerPid=1522, workSource=WorkSource{10105}
06-29 03:41:06.439 I/[ 2479.988455] [schedu][0xb192ced6f][03( 0): 41:06.437419] wlan: [3371:I:OSIF] vdev 0, scan id 41270 type COMPLETED(1) reason COMPLETED(1) scan found 27 bss
06-29 03:41:06.500 E/PackageDexUsage( 1522): Unsupported context?
06-29 03:41:06.553 I/[ 2480.102753] [schedu][0xb194e696e][03( 0): 41:06.551712] wlan: [3371:I:HIF] Deinitializing Runtime PM wakelock &vdev->vdev_set_key_runtime_wakelock
06-29 03:41:06.553 I/[ 2480.103380] [schedu][0xb194e9866][03( 0): 41:06.552338] wlan: [3371:I:HIF] Initializing Runtime PM wakelock &vdev->vdev_set_key_runtime_wakelock
06-29 03:41:06.562 D/android.hardware.wifi@1.0-service( 828): Successfully SetMacAddress.
06-29 03:41:06.564 I/[ 2480.114107] [wifi@1][0xb1951bd58][03( 0): 41:06.563071] wlan: [828:I:DP] dp_vdev_attach_wifi3: wlan_cfg_ap_bridge_enabled 0
06-29 03:41:06.572 W/wificond( 1206): Scan is not started. Ignore abort request
06-29 03:41:06.574 E/[ 2480.123877] [wifi@1][0xb195499ba][03( 0): 41:06.572836] wlan: [3455:E:wifipos] wifi_pos_process_app_reg_req: 608: Received App Req Req pid(-398458052), len(16)
06-29 03:41:06.574 I/[ 2480.124460] [wifi@1][0xb1954c5f8][03( 0): 41:06.573426] wlan: [3455:I:wifipos] wifi_pos_get_ch_info: 461: num channels: 26
06-29 03:41:06.574 I/[ 2480.125334] [wifi@1][0xb19550793][03( 0): 41:06.574301] wlan: [3455:I:wifipos] wifi_pos_get_ch_info: 461: num channels: 26
06-29 03:41:06.594 I/[ 2480.141890] [wpa_su][0xb1959e0e7][03( 0): 41:06.590852] wlan: [3475:I:SME] vdev-0: Connecting to 200M_5G 98:97:cc:03:15:36 rssi: -61 freq: 5200 akm 9 cipher: uc 6 mc 6, CC:
06-29 03:41:06.594 E/[ 2480.141977] [wpa_su][0xb1959e7c7][03( 0): 41:06.590943] wlan: [3475:E:QDF] Cannot malloc 0 bytes @ csr_get_cfg_max_tx_power:14199
06-29 03:41:06.594 I/[ 2480.142578] [schedu][0xb195a14ce][03( 0): 41:06.591544] wlan: [3371:I:WMI] send_vdev_start_cmd_tlv: 1062: send_vdev_start_cmd_tlv: vdev_id 0 freq 5200 chanmode 6 ch_info: 0x6 is_dfs 0 beacon interval 100 dtim 0 center_chan 5190 center_freq2 0 reg_info_1: 0x170000 reg_info_2: 0x1700, req->max_txpow: 0x17 Tx SS 1, Rx SS 1, ldpc_rx: 0, cac 0, regd 4, HE ops: 0req->dis_hw_ack: 0
06-29 03:41:06.629 I/[ 2480.177782] [wpa_su][0xb196464d0][03( 0): 41:06.626744] wlan: [3475:I:HDD] wlan0(vdevid-0): Received Disconnect reason:3 WLAN_REASON_DEAUTH_LEAVING
06-29 03:41:06.746 D/PowerManagerService( 1522): releaseWakeLockInternal: lock=150293578 [*job*/com.smile.gifmaker/androidx.work.impl.background.systemjob.SystemJobService], flags=0x0
06-29 03:41:06.746 D/PowerManagerNotifier( 1522): onWakeLockReleased: flags=1, tag="*job*/com.smile.gifmaker/androidx.work.impl.background.systemjob.SystemJobService", packageName=android, ownerUid=1000, ownerPid=1522, workSource=WorkSource{10105}
06-29 03:41:06.746 D/PowerManagerService( 1522): updateWakeLockSummaryLocked: mWakefulness=Awake, mWakeLockSummary=0x1
06-29 03:41:06.746 D/PowerManagerService( 1522): updateUserActivitySummaryLocked: groupId=0, mWakefulness=Awake, mUserActivitySummary=0x1, nextTimeout=2528897 (in 48600 ms)
06-29 03:41:06.746 D/PowerManagerNotifier( 1522): onScreenPolicyUpdate: newPolicy=3
06-29 03:41:06.746 D/PowerManagerService( 1522): updateDisplayPowerStateLocked: displayReady=true, groupId=0, policy=BRIGHT, mWakefulness=Awake, mWakeLockSummary=0x1, mUserActivitySummary=0x1, mBootCompleted=true, screenBrightnessOverride=NaN, useAutoBrightness=false, mScreenBrightnessBoostInProgress=false, mIsVrModeEnabled= false, sQuiescent=false
06-29 03:41:06.749 W/ProcessStats( 1522): Tracking association SourceState{562fd4e com.tencent.android.qqdownloader:live/10115 BTopFgs #11492} whose proc state 2 is better than process ProcessState{7d9de82 com.tencent.android.qqdownloader:daemon/10115 pkg=com.tencent.android.qqdownloader} proc state 3 (2 skipped)
06-29 03:41:06.753 I/ActivityManager( 1522): Killing 13504:com.thundercomm.gamemode.provider/u0a64 (adj 905): empty #2
06-29 03:41:06.761 I/[ 2480.309685] [soft_i][0xb198b093a][03( 0): 41:06.758643] wlan: [0:I:TXRX] HTT_T2H_MSG_TYPE_PEER_MAP msg for peer id 9 vdev id 0 n
06-29 03:41:06.761 E/[ 2480.309709] [soft_i][0xb198b0bac][03( 0): 41:06.758675] wlan: [0:E:DP] dp_peer_find_add_id: peer 0000000000000000 ID 9 vid 0 mac 98:97:cc:03:15:36
06-29 03:41:06.761 I/[ 2480.309723] [soft_i][0xb198b0cc4][03( 0): 41:06.758690] wlan: [0:I:DP] dp_peer_find_add_id: ref_cnt: 2
06-29 03:41:06.761 E/[ 2480.309785] [soft_i][0xb198b0d98][03( 0): 41:06.758701] wlan: [0:E:DP] dp_peer_map_ast: peer 0000000000000000 ID 113 vid 0 mac 98:97:cc:03:15:36
06-29 03:41:06.837 I/[ 2480.382566] [schedu][0xb19a063e1][03( 0): 41:06.831531] wlan: [3371:I:PE] Auth TX: seq 1 seq num 3746 status 0 WEP 0 to 98:97:cc:03:15:36
06-29 03:41:06.831 I/ActivityManager( 1522): Killing 13825:com.tencent.tmgp.sgame/u0a92 (adj 915): empty #2
06-29 03:41:06.837 I/[ 2480.384194] [schedu][0xb19a0ddbc][03( 0): 41:06.833156] wlan: [3371:I:PE] Auth TX: success
06-29 03:41:06.837 I/[ 2480.385642] [schedu][0xb19a14a95][03( 0): 41:06.834607] wlan: [3371:I:PE] Auth RX: vdev 0 sys role 3 lim_state 5 from 98:97:cc:03:15:36 rssi -57 auth_alg 0 seq 2984
06-29 03:41:06.837 I/[ 2480.385770] [schedu][0xb19a1543f][03( 0): 41:06.834736] wlan: [3371:I:PE] Assoc req TX: vdev 0 to 98:97:cc:03:15:36 seq num 3747
06-29 03:41:06.837 I/[ 2480.387566] [schedu][0xb19a1dab8][03( 0): 41:06.836529] wlan: [3371:I:PE] Assoc req TX: success
06-29 03:41:06.845 I/[ 2480.392593] [schedu][0xb19a353e4][03( 0): 41:06.841558] wlan: [3371:I:PE] Assoc rsp RX: subtype 0 vdev 0 sys role 3 lim state 10 rssi -57 from 98:97:cc:03:15:36
06-29 03:41:06.853 E/[ 2480.400112] [schedu][0xb19a587d5][03( 0): 41:06.849077] wlan: [3371:E:QDF] Cannot malloc 0 bytes @ csr_get_cfg_max_tx_power:14199
06-29 03:41:06.853 E/[ 2480.400126] [schedu][0xb19a588fd][03( 0): 41:06.849093] wlan: [3371:E:QDF] Cannot malloc 0 bytes @ csr_get_cfg_max_tx_power:14199
06-29 03:41:06.853 I/[ 2480.400423] [schedu][0xb19a59f41][03( 0): 41:06.849390] wlan: [3371:I:HDD] hdd_association_completion_handler: 3187: hddDisconInProgress state=5, result=2, status=7
06-29 03:41:06.853 I/[ 2480.400466] [schedu][0xb19a5a28b][03( 0): 41:06.849434] wlan: [3371:I:HDD] wlan0(vdevid-0): disconnected
06-29 03:41:06.853 E/[ 2480.400574] [schedu][0xb19a5aa8f][03( 0): 41:06.849540] wlan: [3371:E:POLICY_MGR] policy_mgr_is_mcc_in_24G: 2881: unexpected num_connections value 0
06-29 03:41:06.853 I/GameModeConfig( 1522): isGameModeOn = false
06-29 03:41:06.853 I/GameModeConfig( 1522): isGameModeOn = false
06-29 03:41:06.853 I/GameModeConfig( 1522): isGameModeOn = false
06-29 03:41:06.854 I/GameModeConfig( 1522): isGameModeOn = false
06-29 03:41:06.854 I/GameModeConfig( 1522): isGameModeOn = false
06-29 03:41:06.854 I/GameModeConfig( 1522): isGameModeOn = false
06-29 03:41:06.854 I/GameModeConfig( 1522): isGameModeOn = false
06-29 03:41:06.855 I/GameModeConfig( 1522): isGameModeOn = false
06-29 03:41:06.855 I/GameModeConfig( 1522): isGameModeOn = false
06-29 03:41:06.855 I/GameModeConfig( 1522): isGameModeOn = false
06-29 03:41:06.855 I/GameModeConfig( 1522): isGameModeOn = false
06-29 03:41:06.855 I/GameModeConfig( 1522): isGameModeOn = false
06-29 03:41:06.856 I/GameModeConfig( 1522): isGameModeOn = false
06-29 03:41:06.856 I/GameModeConfig( 1522): isGameModeOn = false
06-29 03:41:06.914 W/[ 2480.460322] [schedu][0xb19b72b1d][03( 0): 41:06.909282] wlan: [3371:W:HDD] hdd_association_completion_handler: 3291: Warning:ASSOC_LINKUP_TIMEOUT
06-29 03:41:06.914 E/[ 2480.461090] [schedu][0xb19b7653b][03( 0): 41:06.910056] wlan: [3371:E:HDD] hdd_association_completion_handler: 3686: STA register with TL failed status: 16 [00000010]
06-29 03:41:06.914 I/[ 2480.461769] [schedu][0xb19b7982b][03( 0): 41:06.910735] wlan: [3371:I:PE] Deauth TX: vdev 0 seq_num 3748 reason 3 waitForAck 1 to 98:97:cc:03:15:36 from 6e:37:ae:b7:f4:a8
06-29 03:41:06.927 E/[ 2480.477169] [schedu][0xb19bc1ac5][03( 0): 41:06.926130] wlan: [3371:E:HDD] hdd_get_roam_scan_ch_cb: 4213: Invalid len
06-29 03:41:06.947 I/[ 2480.497041] [schedu][0xb19c1ed68][03( 0): 41:06.946005] wlan: [3371:I:HDD] wlan0(vdevid-0): disconnected
06-29 03:41:06.947 I/[ 2480.497277] [wpa_su][0xb19c1febd][03( 0): 41:06.946236] wlan: [3475:I:HDD] Disconnect reason: 3 WLAN_REASON_DEAUTH_LEAVING vendor: 0 LG: 1
06-29 03:41:06.982 W/ActivityManager( 1522): Background start not allowed: service Intent { pkg=com.smile.gifmaker cmp=com.smile.gifmaker/com.kwai.chat.kwailink.service.NewKwaiLinkService } to com.smile.gifmaker/com.kwai.chat.kwailink.service.NewKwaiLinkService from pid=14540 uid=10105 pkg=com.smile.gifmaker startFg?=false
06-29 03:41:06.984 D/CompatibilityChangeReporter( 1522): Compat change id reported: 135634846; UID 10105; state: DISABLED
06-29 03:41:06.985 D/CompatibilityChangeReporter( 1522): Compat change id reported: 143937733; UID 10105; state: DISABLED
06-29 03:41:06.991 I/ActivityManager( 1522): Start proc 14691:com.smile.gifmaker:messagesdk/u0a105 for service {com.smile.gifmaker/com.kwai.chat.kwailink.service.NewKwaiLinkService}
06-29 03:41:06.995 I/[ 2480.545291] [schedu][0xb19d0103c][03( 0): 41:06.994256] wlan: [3371:I:HIF] Deinitializing Runtime PM wakelock &vdev->vdev_set_key_runtime_wakelock
06-29 03:41:06.995 I/[ 2480.545993] [schedu][0xb19d044c8][03( 0): 41:06.994957] wlan: [3371:I:HIF] Initializing Runtime PM wakelock &vdev->vdev_set_key_runtime_wakelock
06-29 03:41:06.999 D/android.hardware.wifi@1.0-service( 828): Successfully SetMacAddress.
06-29 03:41:07.002 I/[ 2480.551189] [wifi@1][0xb19d1ca85][03( 0): 41:07.000153] wlan: [828:I:DP] dp_vdev_attach_wifi3: wlan_cfg_ap_bridge_enabled 0
06-29 03:41:07.010 W/wificond( 1206): Scan is not started. Ignore abort request
06-29 03:41:07.011 E/[ 2480.562019] [wifi@1][0xb19d4f6ae][03( 0): 41:07.010982] wlan: [3455:E:wifipos] wifi_pos_process_app_reg_req: 608: Received App Req Req pid(-398458052), len(16)
06-29 03:41:07.011 I/[ 2480.562285] [wifi@1][0xb19d50af5][03( 0): 41:07.011252] wlan: [3455:I:wifipos] wifi_pos_get_ch_info: 461: num channels: 26
06-29 03:41:07.011 I/[ 2480.562491] [wifi@1][0xb19d51a43][03( 0): 41:07.011456] wlan: [3455:I:wifipos] wifi_pos_get_ch_info: 461: num channels: 26
06-29 03:41:07.017 I/[ 2480.565729] binder( 0): 14691:14691 ioctl 40046210 ffb15498 returned -22
06-29 03:41:07.030 I/[ 2480.580541] [wpa_su][0xb19da6419][03( 0): 41:07.029508] wlan: [3475:I:SME] vdev-0: Connecting to hht_test_wifi_fc4318c9 04:d9:f5:fb:09:94 rssi: -72 freq: 5300 akm 3 cipher: uc 6 mc 6, CC:
06-29 03:41:07.030 E/[ 2480.580581] [wpa_su][0xb19da6746][03( 0): 41:07.029550] wlan: [3475:E:QDF] Cannot malloc 0 bytes @ csr_get_cfg_max_tx_power:14199
06-29 03:41:07.030 I/[ 2480.580876] [schedu][0xb19da7d4a][03( 0): 41:07.029843] wlan: [3371:I:WMI] send_vdev_start_cmd_tlv: 1062: send_vdev_start_cmd_tlv: vdev_id 0 freq 5300 chanmode 18 ch_info: 0x12 is_dfs 0 beacon interval 100 dtim 0 center_chan 5290 center_freq2 0 reg_info_1: 0x170000 reg_info_2: 0x1700, req->max_txpow: 0x17 Tx SS 1, Rx SS 1, ldpc_rx: 0, cac 0, regd 4, HE ops: 0req->dis_hw_ack: 1
06-29 03:41:07.039 E/[ 2480.589000] [wifico][0xb19dcde78][03( 0): 41:07.037966] wlan: [1206:E:HDD] __wlan_hdd_cfg80211_scan: 572: Scan not allowed. scan_ebusy_cnt: 462 Session 0 Reason 1
06-29 03:41:07.037 E/wificond( 1206): NL80211_CMD_TRIGGER_SCAN failed: Device or resource busy
06-29 03:41:07.217 I/[ 2480.763543] [soft_i][0xb1a1000bc][03( 0): 41:07.212503] wlan: [0:I:TXRX] HTT_T2H_MSG_TYPE_PEER_MAP msg for peer id 10 vdev id 0 n
06-29 03:41:07.217 E/[ 2480.763566] [soft_i][0xb1a1002ee][03( 0): 41:07.212532] wlan: [0:E:DP] dp_peer_find_add_id: peer 0000000000000000 ID 10 vid 0 mac 04:d9:f5:fb:09:94
06-29 03:41:07.217 I/[ 2480.763581] [soft_i][0xb1a100412][03( 0): 41:07.212547] wlan: [0:I:DP] dp_peer_find_add_id: ref_cnt: 2
06-29 03:41:07.217 E/[ 2480.763592] [soft_i][0xb1a1004e2][03( 0): 41:07.212558] wlan: [0:E:DP] dp_peer_map_ast: peer 0000000000000000 ID 3 vid 0 mac 04:d9:f5:fb:09:94
06-29 03:41:07.289 I/[ 2480.833619] [schedu][0xb1a2488cc][03( 0): 41:07.282584] wlan: [3371:I:PE] Auth TX: seq 1 seq num 3750 status 0 WEP 0 to 04:d9:f5:fb:09:94
06-29 03:41:07.341 I/[ 2480.892223] [schedu][0xb1a35b304][03( 0): 41:07.341173] wlan: [3371:I:PE] Auth TX: seq 1 seq num 3751 status 0 WEP 0 to 04:d9:f5:fb:09:94
06-29 03:41:07.353 I/[ 2480.898842] [schedu][0xb1a37a43a][03( 0): 41:07.347803] wlan: [3371:I:PE] Auth TX: fail
06-29 03:41:07.409 I/[ 2480.952129] [schedu][0xb1a4740f3][03( 0): 41:07.401092] wlan: [3371:I:PE] Auth TX: seq 1 seq num 3752 status 0 WEP 0 to 04:d9:f5:fb:09:94
06-29 03:41:07.467 I/[ 2481.012174] [schedu][0xb1a58d812][03( 0): 41:07.461134] wlan: [3371:I:PE] Auth TX: seq 1 seq num 3753 status 0 WEP 0 to 04:d9:f5:fb:09:94
06-29 03:41:07.529 I/[ 2481.072141] [schedu][0xb1a6a69a5][03( 0): 41:07.521102] wlan: [3371:I:PE] Auth TX: seq 1 seq num 3754 status 0 WEP 0 to 04:d9:f5:fb:09:94
06-29 03:41:07.582 I/[ 2481.132190] [schedu][0xb1a7c018a][03( 0): 41:07.581153] wlan: [3371:I:PE] Auth TX: seq 1 seq num 3755 status 0 WEP 0 to 04:d9:f5:fb:09:94
06-29 03:41:07.626 W/[ 2481.173505] audit( 0): audit_lost=21994 audit_rate_limit=5 audit_backlog_limit=64
06-29 03:41:07.626 E/[ 2481.173510] audit( 0): rate limit exceeded
06-29 03:41:07.648 I/[ 2481.192128] [schedu][0xb1a8d90a5][03( 0): 41:07.641088] wlan: [3371:I:PE] Auth TX: seq 1 seq num 3756 status 0 WEP 0 to 04:d9:f5:fb:09:94
06-29 03:41:07.680 I/GameModeConfig( 1522): isGameModeOn = false
06-29 03:41:07.681 I/GameModeConfig( 1522): isGameModeOn = false
06-29 03:41:07.681 I/GameModeConfig( 1522): isGameModeOn = false
06-29 03:41:07.681 I/GameModeConfig( 1522): isGameModeOn = false
06-29 03:41:07.681 I/GameModeConfig( 1522): isGameModeOn = false
06-29 03:41:07.681 I/GameModeConfig( 1522): isGameModeOn = false
06-29 03:41:07.682 I/GameModeConfig( 1522): isGameModeOn = false
06-29 03:41:07.705 I/[ 2481.252439] [schedu][0xb1a9f3bf7][03( 0): 41:07.701399] wlan: [3371:I:PE] Auth TX: seq 1 seq num 3757 status 0 WEP 0 to 04:d9:f5:fb:09:94
06-29 03:41:07.766 I/[ 2481.312117] [schedu][0xb1ab0b83b][03( 0): 41:07.761083] wlan: [3371:I:PE] Auth TX: seq 1 seq num 3758 status 0 WEP 0 to 04:d9:f5:fb:09:94
06-29 03:41:07.825 I/[ 2481.372387] [schedu][0xb1ac26006][03( 0): 41:07.821347] wlan: [3371:I:PE] Auth TX: seq 1 seq num 3759 status 0 WEP 0 to 04:d9:f5:fb:09:94
06-29 03:41:07.889 I/[ 2481.432384] [schedu][0xb1ad3f3d4][03( 0): 41:07.881344] wlan: [3371:I:PE] Auth TX: seq 1 seq num 3760 status 0 WEP 0 to 04:d9:f5:fb:09:94
06-29 03:41:07.890 I/[ 2481.438955] [schedu][0xb1ad5e0c8][03( 0): 41:07.887917] wlan: [3371:I:PE] Auth TX: fail
06-29 03:41:07.949 I/[ 2481.492473] [schedu][0xb1ae58e6b][03( 0): 41:07.941432] wlan: [3371:I:PE] Auth TX: seq 1 seq num 3761 status 0 WEP 0 to 04:d9:f5:fb:09:94
06-29 03:41:08.005 I/[ 2481.552383] [schedu][0xb1af71bb8][03( 0): 41:08.001343] wlan: [3371:I:PE] Auth TX: seq 1 seq num 3762 status 0 WEP 0 to 04:d9:f5:fb:09:94
06-29 03:41:08.027 W/ActivityManager( 1522): Background start not allowed: service Intent { pkg=com.smile.gifmaker cmp=com.smile.gifmaker/com.kwai.chat.kwailink.service.NewKwaiLinkService } to com.smile.gifmaker/com.kwai.chat.kwailink.service.NewKwaiLinkService from pid=14540 uid=10105 pkg=com.smile.gifmaker startFg?=false
06-29 03:41:08.065 I/[ 2481.612175] [schedu][0xb1b08a015][03( 0): 41:08.061134] wlan: [3371:I:PE] Auth TX: seq 1 seq num 3763 status 0 WEP 0 to 04:d9:f5:fb:09:94
06-29 03:41:08.129 I/[ 2481.672441] [schedu][0xb1b1a4811][03( 0): 41:08.121400] wlan: [3371:I:PE] Auth TX: seq 1 seq num 3764 status 0 WEP 0 to 04:d9:f5:fb:09:94
06-29 03:41:08.185 I/[ 2481.732420] [schedu][0xb1b2bda6c][03( 0): 41:08.181379] wlan: [3371:I:PE] Auth TX: seq 1 seq num 3765 status 0 WEP 0 to 04:d9:f5:fb:09:94
06-29 03:41:08.246 I/[ 2481.792420] [schedu][0xb1b3d6e79][03( 0): 41:08.241379] wlan: [3371:I:PE] Auth TX: seq 1 seq num 3766 status 0 WEP 0 to 04:d9:f5:fb:09:94
06-29 03:41:08.309 I/[ 2481.852164] [schedu][0xb1b4eef5d][03( 0): 41:08.301124] wlan: [3371:I:PE] Auth TX: seq 1 seq num 3767 status 0 WEP 0 to 04:d9:f5:fb:09:94
06-29 03:41:08.309 W/[ 2481.856109] [schedu][0xb1b50173c][03( 0): 41:08.305069] wlan: [3371:W:PE] lim_process_auth_failure_timeout: 1777: received AUTH failure timeout in sessionid 0 limMlmstate 5 limSmeState 4
06-29 03:41:08.309 E/[ 2481.856165] [schedu][0xb1b501ba7][03( 0): 41:08.305128] wlan: [3371:E:PE] lim_process_mlm_auth_cnf: 558: Auth Failure occurred
06-29 03:41:08.309 I/[ 2481.856224] [schedu][0xb1b502031][03( 0): 41:08.305189] wlan: [3371:I:PE] Deauth TX: vdev 0 seq_num 3768 reason 1 waitForAck 0 to 04:d9:f5:fb:09:94 from a2:d7:5b:b4:b7:af
06-29 03:41:08.319 I/wificond( 1206): Connect timeout
06-29 03:41:08.327 W/[ 2481.869722] [schedu][0xb1b541477][03( 0): 41:08.318686] wlan: [3371:W:SME] csr_roam_join_rsp_processor: 9876: SmeJoinReq failed with status_code= 0x000001FD [509] reason:1
06-29 03:41:08.327 W/[ 2481.869871] [schedu][0xb1b541fdb][03( 0): 41:08.318838] wlan: [3371:W:HDD] hdd_get_rssi_snr_by_bssid: 17749: sme_get_rssi_snr_by_bssid failed
06-29 03:41:08.327 E/[ 2481.869883] [schedu][0xb1b5420c0][03( 0): 41:08.318850] wlan: [3371:E:HDD] hdd_association_completion_handler: 3712: wlan0(vdevid-0): connection failed with 04:d9:f5:fb:09:94 result: 3 and Status: 7
06-29 03:41:08.327 W/[ 2481.869993] [schedu][0xb1b542904][03( 0): 41:08.318960] wlan: [3371:W:HDD] hdd_get_rssi_snr_by_bssid: 17749: sme_get_rssi_snr_by_bssid failed
06-29 03:41:08.327 E/[ 2481.870006] [schedu][0xb1b5429f5][03( 0): 41:08.318972] wlan: [3371:E:HDD] hdd_association_completion_handler: 3712: wlan0(vdevid-0): connection failed with 04:d9:f5:fb:09:94 result: 1 and Status: 9
06-29 03:41:08.327 E/[ 2481.870073] [schedu][0xb1b542f03][03( 0): 41:08.319040] wlan: [3371:E:HDD] hdd_association_completion_handler: 3784: send connect failure to nl80211: for bssid 04:d9:f5:fb:09:94 result: 1 and Status: 9 reasoncode: 1
06-29 03:41:08.362 I/[ 2481.908471] logd( 0): logdr: UID=1000 GID=1000 PID=14788 n tail=127 logMask=19 pid=0 start=0ns deadline=0ns
06-29 03:41:08.378 I/[ 2481.924570] [schedu][0xb1b6425ca][03( 0): 41:08.373530] wlan: [3371:I:HIF] Deinitializing Runtime PM wakelock &vdev->vdev_set_key_runtime_wakelock
06-29 03:41:08.378 I/[ 2481.924986] [schedu][0xb1b64445f][03( 0): 41:08.373938] wlan: [3371:I:HIF] Initializing Runtime PM wakelock &vdev->vdev_set_key_runtime_wakelock
06-29 03:41:08.381 D/android.hardware.wifi@1.0-service( 828): Successfully SetMacAddress.
06-29 03:41:08.383 I/GameModeConfig( 1522): isGameModeOn = false
06-29 03:41:08.384 I/GameModeConfig( 1522): isGameModeOn = false
06-29 03:41:08.384 I/GameModeConfig( 1522): isGameModeOn = false
06-29 03:41:08.384 I/GameModeConfig( 1522): isGameModeOn = false
06-29 03:41:08.384 I/GameModeConfig( 1522): isGameModeOn = false
06-29 03:41:08.384 I/GameModeConfig( 1522): isGameModeOn = false
06-29 03:41:08.384 I/GameModeConfig( 1522): isGameModeOn = false
06-29 03:41:08.388 I/GameModeConfig( 1522): isGameModeOn = false
06-29 03:41:08.388 I/GameModeConfig( 1522): isGameModeOn = false
06-29 03:41:08.388 I/GameModeConfig( 1522): isGameModeOn = false
06-29 03:41:08.388 I/GameModeConfig( 1522): isGameModeOn = false
06-29 03:41:08.388 I/GameModeConfig( 1522): isGameModeOn = false
06-29 03:41:08.388 I/GameModeConfig( 1522): isGameModeOn = false
06-29 03:41:08.388 I/GameModeConfig( 1522): isGameModeOn = false
06-29 03:41:08.395 I/[ 2481.932821] [wifi@1][0xb1b66900d][03( 0): 41:08.381774] wlan: [828:I:DP] dp_vdev_attach_wifi3: wlan_cfg_ap_bridge_enabled 0
06-29 03:41:08.395 E/[ 2481.940214] [wifi@1][0xb1b68bb3f][03( 0): 41:08.389176] wlan: [3455:E:wifipos] wifi_pos_process_app_reg_req: 608: Received App Req Req pid(-398458052), len(16)
06-29 03:41:08.395 I/[ 2481.940539] [wifi@1][0xb1b68d3dc][03( 0): 41:08.389504] wlan: [3455:I:wifipos] wifi_pos_get_ch_info: 461: num channels: 26
06-29 03:41:08.395 I/[ 2481.940916] [wifi@1][0xb1b68f027][03( 0): 41:08.389882] wlan: [3455:I:wifipos] wifi_pos_get_ch_info: 461: num channels: 26
06-29 03:41:08.489 I/ActivityManager( 1522): Killing 14540:com.smile.gifmaker/u0a105 (adj 915): empty #2
06-29 03:41:08.519 I/[ 2482.068373] logd( 0): logdr: UID=1000 GID=1000 PID=14806 n tail=127 logMask=80 pid=0 start=0ns deadline=0ns
06-29 03:41:08.524 I/GameModeConfig( 1522): isGameModeOn = false
06-29 03:41:08.527 D/CompatibilityChangeReporter( 1522): Compat change id reported: 171306433; UID 10105; state: DISABLED
06-29 03:41:08.535 W/BroadcastQueue( 1522): Skipping deliver [background] BroadcastRecord{2e9ba5e u0 com.kwai.chat.kwailink.ACTION_LINK_SERVICE_CREATED} to ReceiverList{c3b76f0 14540 com.smile.gifmaker/10105/u0 remote:98be333}: process gone or crashing
06-29 03:41:08.589 I/[ 2482.138738] [schedu][0xb1ba2e46d][03( 0): 41:08.587699] wlan: [3371:I:OSIF] scan start scan id 41271
06-29 03:41:08.594 E/android.hardware.wifi@1.0-service( 828): create file failed: Permission denied
06-29 03:41:08.594 E/android.hardware.wifi@1.0-service( 828): Error writing files to flash
06-29 03:41:08.690 W/ActivityManager( 1522): Background start not allowed: service Intent { pkg=com.smile.gifmaker cmp=com.smile.gifmaker/com.kwai.chat.kwailink.service.NewKwaiLinkService } to com.smile.gifmaker/com.kwai.chat.kwailink.service.NewKwaiLinkService from pid=14691 uid=10105 pkg=com.smile.gifmaker startFg?=false
06-29 03:41:08.712 W/ActivityManager( 1522): Receiver with filter android.content.IntentFilter@ae7f61a already registered for pid 14691, callerPackage is com.smile.gifmaker
06-29 03:41:09.038 D/PowerManagerService( 1522): acquireWakeLockInternal: lock=218282209, flags=0x1, tag="*alarm*", ws=WorkSource{1000}, uid=1000, pid=1522
06-29 03:41:09.038 D/PowerManagerService( 1522): updateWakeLockSummaryLocked: mWakefulness=Awake, mWakeLockSummary=0x1
06-29 03:41:09.038 D/PowerManagerService( 1522): updateUserActivitySummaryLocked: groupId=0, mWakefulness=Awake, mUserActivitySummary=0x1, nextTimeout=2528897 (in 46308 ms)
06-29 03:41:09.039 D/PowerManagerNotifier( 1522): onScreenPolicyUpdate: newPolicy=3
06-29 03:41:09.039 D/PowerManagerService( 1522): updateDisplayPowerStateLocked: displayReady=true, groupId=0, policy=BRIGHT, mWakefulness=Awake, mWakeLockSummary=0x1, mUserActivitySummary=0x1, mBootCompleted=true, screenBrightnessOverride=NaN, useAutoBrightness=false, mScreenBrightnessBoostInProgress=false, mIsVrModeEnabled= false, sQuiescent=false
06-29 03:41:09.039 D/PowerManagerNotifier( 1522): onWakeLockAcquired: flags=1, tag="*alarm*", packageName=android, ownerUid=1000, ownerPid=1522, workSource=WorkSource{1000}
06-29 03:41:09.040 D/PowerManagerService( 1522): releaseWakeLockInternal: lock=218282209 [*alarm*], flags=0x0
06-29 03:41:09.040 D/PowerManagerNotifier( 1522): onWakeLockReleased: flags=1, tag="*alarm*", packageName=android, ownerUid=1000, ownerPid=1522, workSource=WorkSource{1000}
06-29 03:41:09.040 D/PowerManagerService( 1522): updateWakeLockSummaryLocked: mWakefulness=Awake, mWakeLockSummary=0x1
06-29 03:41:09.040 D/PowerManagerService( 1522): updateUserActivitySummaryLocked: groupId=0, mWakefulness=Awake, mUserActivitySummary=0x1, nextTimeout=2528897 (in 46306 ms)
06-29 03:41:09.040 D/PowerManagerNotifier( 1522): onScreenPolicyUpdate: newPolicy=3
06-29 03:41:09.040 D/PowerManagerService( 1522): updateDisplayPowerStateLocked: displayReady=true, groupId=0, policy=BRIGHT, mWakefulness=Awake, mWakeLockSummary=0x1, mUserActivitySummary=0x1, mBootCompleted=true, screenBrightnessOverride=NaN, useAutoBrightness=false, mScreenBrightnessBoostInProgress=false, mIsVrModeEnabled= false, sQuiescent=false
06-29 03:41:09.791 I/[ 2483.341567] [schedu][0xb1d0347e6][03( 0): 41:09.790518] wlan: [3371:I:OSIF] vdev 0, scan id 41271 type COMPLETED(1) reason COMPLETED(1) scan found 21 bss
06-29 03:41:09.938 I/[ 2483.488751] [schedu][0xb1d2e66c0][03( 0): 41:09.937703] wlan: [3371:I:HIF] Deinitializing Runtime PM wakelock &vdev->vdev_set_key_runtime_wakelock
06-29 03:41:09.941 I/[ 2483.490532] [schedu][0xb1d2eec8a][03( 0): 41:09.939487] wlan: [3371:I:HIF] Initializing Runtime PM wakelock &vdev->vdev_set_key_runtime_wakelock
06-29 03:41:09.958 D/android.hardware.wifi@1.0-service( 828): Successfully SetMacAddress.
06-29 03:41:09.961 I/[ 2483.510065] [wifi@1][0xb1d34a60c][03( 0): 41:09.959027] wlan: [828:I:DP] dp_vdev_attach_wifi3: wlan_cfg_ap_bridge_enabled 0
06-29 03:41:09.977 E/[ 2483.526464] [wifi@1][0xb1d3973ee][03( 0): 41:09.975425] wlan: [3455:E:wifipos] wifi_pos_process_app_reg_req: 608: Received App Req Req pid(-398458052), len(16)
06-29 03:41:09.977 I/[ 2483.528388] [wifi@1][0xb1d3a045d][03( 0): 41:09.977351] wlan: [3455:I:wifipos] wifi_pos_get_ch_info: 461: num channels: 26
06-29 03:41:09.974 D/PowerManagerService( 1522): userActivityNoUpdateLocked: groupId=0, eventTime=2483523, event=2, flags=0x0, uid=1000
06-29 03:41:09.974 D/PowerManagerNotifier( 1522): onUserActivity: event=2, uid=1000
06-29 03:41:09.975 D/PowerManagerService( 1522): updateUserActivitySummaryLocked: groupId=0, mWakefulness=Awake, mUserActivitySummary=0x1, nextTimeout=2543523 (in 59997 ms)
06-29 03:41:09.975 D/PowerManagerNotifier( 1522): onScreenPolicyUpdate: newPolicy=3
06-29 03:41:09.975 D/PowerManagerService( 1522): updateDisplayPowerStateLocked: displayReady=true, groupId=0, policy=BRIGHT, mWakefulness=Awake, mWakeLockSummary=0x1, mUserActivitySummary=0x1, mBootCompleted=true, screenBrightnessOverride=NaN, useAutoBrightness=false, mScreenBrightnessBoostInProgress=false, mIsVrModeEnabled= false, sQuiescent=false
06-29 03:41:09.979 W/wificond( 1206): Scan is not started. Ignore abort request
06-29 03:41:09.981 I/[ 2483.528994] [wifi@1][0xb1d3a31e3][03( 0): 41:09.977958] wlan: [3455:I:wifipos] wifi_pos_get_ch_info: 461: num channels: 26
06-29 03:41:09.993 I/[ 2483.542885] [wpa_su][0xb1d3e43a4][03( 0): 41:09.991848] wlan: [3475:I:SME] vdev-0: Connecting to hht_test_wifi_fc4318c9 04:d9:f5:fb:09:94 rssi: -72 freq: 5300 akm 3 cipher: uc 6 mc 6, CC:
06-29 03:41:09.993 E/[ 2483.542999] [wpa_su][0xb1d3e4c67][03( 0): 41:09.991965] wlan: [3475:E:QDF] Cannot malloc 0 bytes @ csr_get_cfg_max_tx_power:14199
06-29 03:41:09.993 I/[ 2483.543852] [schedu][0xb1d3e8c2f][03( 0): 41:09.992815] wlan: [3371:I:WMI] send_vdev_start_cmd_tlv: 1062: send_vdev_start_cmd_tlv: vdev_id 0 freq 5300 chanmode 18 ch_info: 0x12 is_dfs 0 beacon interval 100 dtim 0 center_chan 5290 center_freq2 0 reg_info_1: 0x170000 reg_info_2: 0x1700, req->max_txpow: 0x17 Tx SS 1, Rx SS 1, ldpc_rx: 0, cac 0, regd 4, HE ops: 0req->dis_hw_ack: 1
06-29 03:41:09.997 E/[ 2483.547235] [wifico][0xb1d3f8a0b][03( 0): 41:09.996200] wlan: [1206:E:HDD] __wlan_hdd_cfg80211_scan: 572: Scan not allowed. scan_ebusy_cnt: 463 Session 0 Reason 1
06-29 03:41:09.996 E/wificond( 1206): NL80211_CMD_TRIGGER_SCAN failed: Device or resource busy
06-29 03:41:10.079 D/PowerManagerService( 1522): userActivityNoUpdateLocked: groupId=0, eventTime=2483630, event=2, flags=0x0, uid=1000
06-29 03:41:10.079 D/PowerManagerNotifier( 1522): onUserActivity: event=2, uid=1000
06-29 03:41:10.080 D/PowerManagerService( 1522): updateUserActivitySummaryLocked: groupId=0, mWakefulness=Awake, mUserActivitySummary=0x1, nextTimeout=2543630 (in 59999 ms)
06-29 03:41:10.080 D/PowerManagerNotifier( 1522): onScreenPolicyUpdate: newPolicy=3
06-29 03:41:10.080 D/PowerManagerService( 1522): updateDisplayPowerStateLocked: displayReady=true, groupId=0, policy=BRIGHT, mWakefulness=Awake, mWakeLockSummary=0x1, mUserActivitySummary=0x1, mBootCompleted=true, screenBrightnessOverride=NaN, useAutoBrightness=false, mScreenBrightnessBoostInProgress=false, mIsVrModeEnabled= false, sQuiescent=false
06-29 03:41:10.153 I/[ 2483.702074] [soft_i][0xb1d6ce65b][03( 0): 41:10.151031] wlan: [0:I:TXRX] HTT_T2H_MSG_TYPE_PEER_MAP msg for peer id 6 vdev id 0 n
06-29 03:41:10.153 E/[ 2483.702102] [soft_i][0xb1d6ce908][03( 0): 41:10.151067] wlan: [0:E:DP] dp_peer_find_add_id: peer 0000000000000000 ID 6 vid 0 mac 04:d9:f5:fb:09:94
06-29 03:41:10.153 I/[ 2483.702120] [soft_i][0xb1d6cea69][03( 0): 41:10.151085] wlan: [0:I:DP] dp_peer_find_add_id: ref_cnt: 2
06-29 03:41:10.153 E/[ 2483.702134] [soft_i][0xb1d6ceb7c][03( 0): 41:10.151099] wlan: [0:E:DP] dp_peer_map_ast: peer 0000000000000000 ID 3 vid 0 mac 04:d9:f5:fb:09:94
06-29 03:41:10.180 D/PowerManagerService( 1522): userActivityNoUpdateLocked: groupId=0, eventTime=2483730, event=2, flags=0x0, uid=1000
06-29 03:41:10.180 D/PowerManagerNotifier( 1522): onUserActivity: event=2, uid=1000
06-29 03:41:10.180 D/PowerManagerService( 1522): updateUserActivitySummaryLocked: groupId=0, mWakefulness=Awake, mUserActivitySummary=0x1, nextTimeout=2543730 (in 59999 ms)
06-29 03:41:10.181 D/PowerManagerNotifier( 1522): onScreenPolicyUpdate: newPolicy=3
06-29 03:41:10.181 D/PowerManagerService( 1522): updateDisplayPowerStateLocked: displayReady=true, groupId=0, policy=BRIGHT, mWakefulness=Awake, mWakeLockSummary=0x1, mUserActivitySummary=0x1, mBootCompleted=true, screenBrightnessOverride=NaN, useAutoBrightness=false, mScreenBrightnessBoostInProgress=false, mIsVrModeEnabled= false, sQuiescent=false
06-29 03:41:10.281 I/[ 2483.828476] [schedu][0xb1d91eed1][03( 0): 41:10.277437] wlan: [3371:I:PE] Auth TX: fail
06-29 03:41:10.280 D/PowerManagerService( 1522): userActivityNoUpdateLocked: groupId=0, eventTime=2483831, event=2, flags=0x0, uid=1000
06-29 03:41:10.280 D/PowerManagerNotifier( 1522): onUserActivity: event=2, uid=1000
06-29 03:41:10.280 D/PowerManagerService( 1522): updateUserActivitySummaryLocked: groupId=0, mWakefulness=Awake, mUserActivitySummary=0x1, nextTimeout=2543831 (in 60000 ms)
06-29 03:41:10.281 D/PowerManagerNotifier( 1522): onScreenPolicyUpdate: newPolicy=3
06-29 03:41:10.281 D/PowerManagerService( 1522): updateDisplayPowerStateLocked: displayReady=true, groupId=0, policy=BRIGHT, mWakefulness=Awake, mWakeLockSummary=0x1, mUserActivitySummary=0x1, mBootCompleted=true, screenBrightnessOverride=NaN, useAutoBrightness=false, mScreenBrightnessBoostInProgress=false, mIsVrModeEnabled= false, sQuiescent=false
06-29 03:41:10.380 D/PowerManagerService( 1522): userActivityNoUpdateLocked: groupId=0, eventTime=2483931, event=2, flags=0x0, uid=1000
