06-29 03:40:22.575 D/PowerManagerService( 1522): updateUserActivitySummaryLocked: groupId=0, mWakefulness=Awake, mUserActivitySummary=0x1, nextTimeout=2496125 (in 59999 ms)
06-29 03:40:22.575 D/PowerManagerNotifier( 1522): onScreenPolicyUpdate: newPolicy=3
06-29 03:40:22.575 D/PowerManagerService( 1522): updateDisplayPowerStateLocked: displayReady=true, groupId=0, policy=BRIGHT, mWakefulness=Awake, mWakeLockSummary=0x0, mUserActivitySummary=0x1, mBootCompleted=true, screenBrightnessOverride=NaN, useAutoBrightness=false, mScreenBrightnessBoostInProgress=false, mIsVrModeEnabled= false, sQuiescent=false
06-29 03:40:22.605 I/[ 2436.156202] [schedu][0xae7037202][03( 0): 40:22.605160] wlan: [3371:I:PE] Auth TX: success
06-29 03:40:22.609 I/[ 2436.158190] [schedu][0xae7040760][03( 0): 40:22.607151] wlan: [3371:I:PE] Auth RX: vdev 0 sys role 3 lim_state 5 from 98:97:cc:03:15:36 rssi -58 auth_alg 0 seq 2881
06-29 03:40:22.609 I/[ 2436.158486] [schedu][0xae7041dad][03( 0): 40:22.607449] wlan: [3371:I:PE] Assoc req TX: vdev 0 to 98:97:cc:03:15:36 seq num 3574
06-29 03:40:22.621 I/[ 2436.171786] [schedu][0xae708031d][03( 0): 40:22.620748] wlan: [3371:I:PE] Assoc req TX: success
06-29 03:40:22.629 I/[ 2436.177948] [schedu][0xae709d15d][03( 0): 40:22.626911] wlan: [3371:I:PE] Assoc rsp RX: subtype 0 vdev 0 sys role 3 lim state 10 rssi -59 from 98:97:cc:03:15:36
06-29 03:40:22.637 E/[ 2436.185850] [schedu][0xae70c21da][03( 0): 40:22.634811] wlan: [3371:E:QDF] Cannot malloc 0 bytes @ csr_get_cfg_max_tx_power:14199
06-29 03:40:22.637 E/[ 2436.185874] [schedu][0xae70c23e2][03( 0): 40:22.634838] wlan: [3371:E:QDF] Cannot malloc 0 bytes @ csr_get_cfg_max_tx_power:14199
06-29 03:40:22.637 I/[ 2436.188353] [schedu][0xae70cddc6][03( 0): 40:22.637317] wlan: [3371:I:HDD] hdd_association_completion_handler: 3187: hddDisconInProgress state=5, result=2, status=7
06-29 03:40:22.641 I/[ 2436.188542] [schedu][0xae70cec13][03( 0): 40:22.637507] wlan: [3371:I:HDD] wlan0(vdevid-0): disconnected
06-29 03:40:22.641 E/[ 2436.189386] [schedu][0xae70d2b41][03( 0): 40:22.638350] wlan: [3371:E:POLICY_MGR] policy_mgr_is_mcc_in_24G: 2881: unexpected num_connections value 0
06-29 03:40:22.701 W/[ 2436.248098] [schedu][0xae71e5de6][03( 0): 40:22.697052] wlan: [3371:W:HDD] hdd_association_completion_handler: 3291: Warning:ASSOC_LINKUP_TIMEOUT
06-29 03:40:22.702 E/[ 2436.249041] [schedu][0xae71ea561][03( 0): 40:22.698005] wlan: [3371:E:HDD] hdd_association_completion_handler: 3686: STA register with TL failed status: 16 [00000010]
06-29 03:40:22.702 I/[ 2436.250082] [schedu][0xae71ef363][03( 0): 40:22.699045] wlan: [3371:I:PE] Deauth TX: vdev 0 seq_num 3575 reason 3 waitForAck 1 to 98:97:cc:03:15:36 from 6e:37:ae:b7:f4:a8
06-29 03:40:22.704 D/PowerManagerService( 1522): userActivityNoUpdateLocked: groupId=0, eventTime=2436254, event=2, flags=0x0, uid=1000
06-29 03:40:22.705 D/PowerManagerNotifier( 1522): onUserActivity: event=2, uid=1000
06-29 03:40:22.705 D/PowerManagerService( 1522): updateUserActivitySummaryLocked: groupId=0, mWakefulness=Awake, mUserActivitySummary=0x1, nextTimeout=2496254 (in 59998 ms)
06-29 03:40:22.705 D/PowerManagerNotifier( 1522): onScreenPolicyUpdate: newPolicy=3
06-29 03:40:22.705 D/PowerManagerService( 1522): updateDisplayPowerStateLocked: displayReady=true, groupId=0, policy=BRIGHT, mWakefulness=Awake, mWakeLockSummary=0x0, mUserActivitySummary=0x1, mBootCompleted=true, screenBrightnessOverride=NaN, useAutoBrightness=false, mScreenBrightnessBoostInProgress=false, mIsVrModeEnabled= false, sQuiescent=false
06-29 03:40:22.717 E/[ 2436.267549] [schedu][0xae7241180][03( 0): 40:22.716513] wlan: [3371:E:HDD] hdd_get_roam_scan_ch_cb: 4213: Invalid len
06-29 03:40:22.751 I/[ 2436.300686] [schedu][0xae72dc650][03( 0): 40:22.749644] wlan: [3371:I:HDD] wlan0(vdevid-0): disconnected
06-29 03:40:22.751 I/[ 2436.301836] [wpa_su][0xae72e1cd2][03( 0): 40:22.750797] wlan: [3475:I:HDD] Disconnect reason: 3 WLAN_REASON_DEAUTH_LEAVING vendor: 0 LG: 1
06-29 03:40:22.802 I/[ 2436.348889] [schedu][0xae73be59d][03( 0): 40:22.797848] wlan: [3371:I:HIF] Deinitializing Runtime PM wakelock &vdev->vdev_set_key_runtime_wakelock
06-29 03:40:22.802 I/[ 2436.349509] [schedu][0xae73c146d][03( 0): 40:22.798472] wlan: [3371:I:HIF] Initializing Runtime PM wakelock &vdev->vdev_set_key_runtime_wakelock
06-29 03:40:22.805 D/PowerManagerService( 1522): userActivityNoUpdateLocked: groupId=0, eventTime=2436355, event=2, flags=0x0, uid=1000
06-29 03:40:22.805 D/PowerManagerNotifier( 1522): onUserActivity: event=2, uid=1000
06-29 03:40:22.805 D/PowerManagerService( 1522): updateUserActivitySummaryLocked: groupId=0, mWakefulness=Awake, mUserActivitySummary=0x1, nextTimeout=2496355 (in 59999 ms)
06-29 03:40:22.805 D/PowerManagerNotifier( 1522): onScreenPolicyUpdate: newPolicy=3
06-29 03:40:22.805 D/PowerManagerService( 1522): updateDisplayPowerStateLocked: displayReady=true, groupId=0, policy=BRIGHT, mWakefulness=Awake, mWakeLockSummary=0x0, mUserActivitySummary=0x1, mBootCompleted=true, screenBrightnessOverride=NaN, useAutoBrightness=false, mScreenBrightnessBoostInProgress=false, mIsVrModeEnabled= false, sQuiescent=false
06-29 03:40:22.809 D/android.hardware.wifi@1.0-service( 828): Successfully SetMacAddress.
06-29 03:40:22.811 I/[ 2436.360712] [wifi@1][0xae73f5c8f][03( 0): 40:22.809674] wlan: [828:I:DP] dp_vdev_attach_wifi3: wlan_cfg_ap_bridge_enabled 0
06-29 03:40:22.816 W/wificond( 1206): Scan is not started. Ignore abort request
06-29 03:40:22.821 E/[ 2436.370174] [wifi@1][0xae7422224][03( 0): 40:22.819135] wlan: [3455:E:wifipos] wifi_pos_process_app_reg_req: 608: Received App Req Req pid(-398458052), len(16)
06-29 03:40:22.821 I/[ 2436.370602] [wifi@1][0xae742429b][03( 0): 40:22.819568] wlan: [3455:I:wifipos] wifi_pos_get_ch_info: 461: num channels: 26
06-29 03:40:22.821 I/[ 2436.370978] [wifi@1][0xae7425ed9][03( 0): 40:22.819944] wlan: [3455:I:wifipos] wifi_pos_get_ch_info: 461: num channels: 26
06-29 03:40:22.837 I/[ 2436.388091] [wpa_su][0xae7476248][03( 0): 40:22.837057] wlan: [3475:I:SME] vdev-0: Connecting to hht_test_wifi_fc4318c9 04:d9:f5:fb:09:94 rssi: -71 freq: 5300 akm 3 cipher: uc 6 mc 6, CC:
06-29 03:40:22.837 E/[ 2436.388132] [wpa_su][0xae747659a][03( 0): 40:22.837101] wlan: [3475:E:QDF] Cannot malloc 0 bytes @ csr_get_cfg_max_tx_power:14199
06-29 03:40:22.846 I/[ 2436.394033] [schedu][0xae7491f78][03( 0): 40:22.842992] wlan: [3371:I:WMI] send_vdev_start_cmd_tlv: 1062: send_vdev_start_cmd_tlv: vdev_id 0 freq 5300 chanmode 18 ch_info: 0x12 is_dfs 0 beacon interval 100 dtim 0 center_chan 5290 center_freq2 0 reg_info_1: 0x170000 reg_info_2: 0x1700, req->max_txpow: 0x17 Tx SS 1, Rx SS 1, ldpc_rx: 0, cac 0, regd 4, HE ops: 0req->dis_hw_ack: 1
06-29 03:40:22.851 E/wificond( 1206): NL80211_CMD_TRIGGER_SCAN failed: Device or resource busy
06-29 03:40:22.853 E/[ 2436.402660] [wifico][0xae74ba6aa][03( 0): 40:22.851622] wlan: [1206:E:HDD] __wlan_hdd_cfg80211_scan: 572: Scan not allowed. scan_ebusy_cnt: 444 Session 0 Reason 1
06-29 03:40:22.875 E/wificond( 1206): NL80211_CMD_TRIGGER_SCAN failed: Device or resource busy
06-29 03:40:22.908 D/PowerManagerService( 1522): userActivityNoUpdateLocked: groupId=0, eventTime=2436458, event=2, flags=0x0, uid=1000
06-29 03:40:22.908 D/PowerManagerNotifier( 1522): onUserActivity: event=2, uid=1000
06-29 03:40:22.909 D/PowerManagerService( 1522): updateUserActivitySummaryLocked: groupId=0, mWakefulness=Awake, mUserActivitySummary=0x1, nextTimeout=2496458 (in 59999 ms)
06-29 03:40:22.909 D/PowerManagerNotifier( 1522): onScreenPolicyUpdate: newPolicy=3
06-29 03:40:22.909 D/PowerManagerService( 1522): updateDisplayPowerStateLocked: displayReady=true, groupId=0, policy=BRIGHT, mWakefulness=Awake, mWakeLockSummary=0x0, mUserActivitySummary=0x1, mBootCompleted=true, screenBrightnessOverride=NaN, useAutoBrightness=false, mScreenBrightnessBoostInProgress=false, mIsVrModeEnabled= false, sQuiescent=false
06-29 03:40:23.009 I/[ 2436.557598] [soft_i][0xae7790a7f][03( 0): 40:23.006554] wlan: [0:I:TXRX] HTT_T2H_MSG_TYPE_PEER_MAP msg for peer id 2 vdev id 0 n
06-29 03:40:23.009 E/[ 2436.557625] [soft_i][0xae7790d54][03( 0): 40:23.006591] wlan: [0:E:DP] dp_peer_find_add_id: peer 0000000000000000 ID 2 vid 0 mac 04:d9:f5:fb:09:94
06-29 03:40:23.009 I/[ 2436.557642] [soft_i][0xae7790e95][03( 0): 40:23.006607] wlan: [0:I:DP] dp_peer_find_add_id: ref_cnt: 2
06-29 03:40:23.009 E/[ 2436.557657] [soft_i][0xae7790fad][03( 0): 40:23.006622] wlan: [0:E:DP] dp_peer_map_ast: peer 0000000000000000 ID 3 vid 0 mac 04:d9:f5:fb:09:94
06-29 03:40:23.149 I/[ 2436.699214] [schedu][0xae7a287da][03( 0): 40:23.148171] wlan: [3371:I:PE] Auth TX: seq 1 seq num 3577 status 0 WEP 0 to 04:d9:f5:fb:09:94
06-29 03:40:23.161 I/[ 2436.710409] [schedu][0xae7a5cf8d][03( 0): 40:23.159367] wlan: [3371:I:PE] Auth TX: fail
06-29 03:40:23.209 I/[ 2436.756201] [schedu][0xae7b339e0][03( 0): 40:23.205158] wlan: [3371:I:PE] Auth TX: seq 1 seq num 3578 status 0 WEP 0 to 04:d9:f5:fb:09:94
06-29 03:40:23.269 I/[ 2436.816204] [schedu][0xae7c4ce0c][03( 0): 40:23.265160] wlan: [3371:I:PE] Auth TX: seq 1 seq num 3579 status 0 WEP 0 to 04:d9:f5:fb:09:94
06-29 03:40:23.329 I/[ 2436.876457] [schedu][0xae7d674d4][03( 0): 40:23.325411] wlan: [3371:I:PE] Auth TX: seq 1 seq num 3580 status 0 WEP 0 to 04:d9:f5:fb:09:94
06-29 03:40:23.389 I/[ 2436.936235] [schedu][0xae7e7f85e][03( 0): 40:23.385191] wlan: [3371:I:PE] Auth TX: seq 1 seq num 3581 status 0 WEP 0 to 04:d9:f5:fb:09:94
06-29 03:40:23.449 I/[ 2436.996272] [schedu][0xae7f98f28][03( 0): 40:23.445228] wlan: [3371:I:PE] Auth TX: seq 1 seq num 3582 status 0 WEP 0 to 04:d9:f5:fb:09:94
06-29 03:40:23.509 I/[ 2437.056346] [schedu][0xae80b28c6][03( 0): 40:23.505303] wlan: [3371:I:PE] Auth TX: seq 1 seq num 3583 status 0 WEP 0 to 04:d9:f5:fb:09:94
06-29 03:40:23.569 I/[ 2437.116218] [schedu][0xae81cb33f][03( 0): 40:23.565176] wlan: [3371:I:PE] Auth TX: seq 1 seq num 3584 status 0 WEP 0 to 04:d9:f5:fb:09:94
06-29 03:40:23.629 I/[ 2437.176406] [schedu][0xae82e5532][03( 0): 40:23.625362] wlan: [3371:I:PE] Auth TX: seq 1 seq num 3585 status 0 WEP 0 to 04:d9:f5:fb:09:94
06-29 03:40:23.692 I/[ 2437.236166] [schedu][0xae83fd741][03( 0): 40:23.685123] wlan: [3371:I:PE] Auth TX: seq 1 seq num 3586 status 0 WEP 0 to 04:d9:f5:fb:09:94
06-29 03:40:23.692 I/[ 2437.242863] [schedu][0xae841cdab][03( 0): 40:23.691822] wlan: [3371:I:PE] Auth TX: fail
06-29 03:40:23.745 I/[ 2437.296302] [schedu][0xae8517528][03( 0): 40:23.745255] wlan: [3371:I:PE] Auth TX: seq 1 seq num 3587 status 0 WEP 0 to 04:d9:f5:fb:09:94
06-29 03:40:23.809 I/[ 2437.356301] [schedu][0xae8630924][03( 0): 40:23.805255] wlan: [3371:I:PE] Auth TX: seq 1 seq num 3588 status 0 WEP 0 to 04:d9:f5:fb:09:94
06-29 03:40:23.869 I/[ 2437.416215] [schedu][0xae87496b4][03( 0): 40:23.865169] wlan: [3371:I:PE] Auth TX: seq 1 seq num 3589 status 0 WEP 0 to 04:d9:f5:fb:09:94
06-29 03:40:23.929 I/[ 2437.476209] [schedu][0xae8862a83][03( 0): 40:23.925166] wlan: [3371:I:PE] Auth TX: seq 1 seq num 3590 status 0 WEP 0 to 04:d9:f5:fb:09:94
06-29 03:40:23.989 I/[ 2437.536212] [schedu][0xae897be5a][03( 0): 40:23.985164] wlan: [3371:I:PE] Auth TX: seq 1 seq num 3591 status 0 WEP 0 to 04:d9:f5:fb:09:94
06-29 03:40:24.049 I/[ 2437.596904] [schedu][0xae8a98680][03( 0): 40:24.045860] wlan: [3371:I:PE] Auth TX: seq 1 seq num 3592 status 0 WEP 0 to 04:d9:f5:fb:09:94
06-29 03:40:24.109 I/[ 2437.656274] [schedu][0xae8baeb39][03( 0): 40:24.105229] wlan: [3371:I:PE] Auth TX: seq 1 seq num 3593 status 0 WEP 0 to 04:d9:f5:fb:09:94
06-29 03:40:24.149 W/[ 2437.696269] [schedu][0xae8c6a007][03( 0): 40:24.145187] wlan: [3371:W:PE] lim_process_auth_failure_timeout: 1777: received AUTH failure timeout in sessionid 0 limMlmstate 5 limSmeState 4
06-29 03:40:24.151 E/[ 2437.696426] [schedu][0xae8c6aee9][03( 0): 40:24.145385] wlan: [3371:E:PE] lim_process_mlm_auth_cnf: 558: Auth Failure occurred
06-29 03:40:24.151 I/[ 2437.696522] [schedu][0xae8c6b638][03( 0): 40:24.145483] wlan: [3371:I:PE] Deauth TX: vdev 0 seq_num 3594 reason 65530 waitForAck 0 to 04:d9:f5:fb:09:94 from a2:d7:5b:b4:b7:af
06-29 03:40:24.161 W/[ 2437.711299] [schedu][0xae8cb0a82][03( 0): 40:24.160260] wlan: [3371:W:SME] csr_roam_join_rsp_processor: 9876: SmeJoinReq failed with status_code= 0x000001FD [509] reason:65530
06-29 03:40:24.161 W/[ 2437.711480] [schedu][0xae8cb1869][03( 0): 40:24.160445] wlan: [3371:W:HDD] hdd_get_rssi_snr_by_bssid: 17749: sme_get_rssi_snr_by_bssid failed
06-29 03:40:24.161 E/[ 2437.711498] [schedu][0xae8cb19c2][03( 0): 40:24.160463] wlan: [3371:E:HDD] hdd_association_completion_handler: 3712: wlan0(vdevid-0): connection failed with 04:d9:f5:fb:09:94 result: 3 and Status: 7
06-29 03:40:24.161 W/[ 2437.711653] [schedu][0xae8cb2573][03( 0): 40:24.160619] wlan: [3371:W:HDD] hdd_get_rssi_snr_by_bssid: 17749: sme_get_rssi_snr_by_bssid failed
06-29 03:40:24.161 E/[ 2437.711680] [schedu][0xae8cb26bf][03( 0): 40:24.160636] wlan: [3371:E:HDD] hdd_association_completion_handler: 3712: wlan0(vdevid-0): connection failed with 04:d9:f5:fb:09:94 result: 1 and Status: 9
06-29 03:40:24.161 E/[ 2437.711780] [schedu][0xae8cb2eec][03( 0): 40:24.160745] wlan: [3371:E:HDD] hdd_association_completion_handler: 3784: send connect failure to nl80211: for bssid 04:d9:f5:fb:09:94 result: 1 and Status: 9 reasoncode: 65530
06-29 03:40:24.161 I/wificond( 1206): Connect timeout
06-29 03:40:24.189 D/PowerManagerService( 1522): userActivityNoUpdateLocked: groupId=0, eventTime=2437738, event=2, flags=0x0, uid=1000
06-29 03:40:24.189 D/PowerManagerNotifier( 1522): onUserActivity: event=2, uid=1000
06-29 03:40:24.190 D/PowerManagerService( 1522): updateUserActivitySummaryLocked: groupId=0, mWakefulness=Awake, mUserActivitySummary=0x1, nextTimeout=2497738 (in 59997 ms)
06-29 03:40:24.190 D/PowerManagerNotifier( 1522): onScreenPolicyUpdate: newPolicy=3
06-29 03:40:24.190 D/PowerManagerService( 1522): updateDisplayPowerStateLocked: displayReady=true, groupId=0, policy=BRIGHT, mWakefulness=Awake, mWakeLockSummary=0x0, mUserActivitySummary=0x1, mBootCompleted=true, screenBrightnessOverride=NaN, useAutoBrightness=false, mScreenBrightnessBoostInProgress=false, mIsVrModeEnabled= false, sQuiescent=false
06-29 03:40:24.197 I/[ 2437.745854] logd( 0): logdr: UID=1000 GID=1000 PID=14009 n tail=127 logMask=19 pid=0 start=0ns deadline=0ns
06-29 03:40:24.232 I/[ 2437.776765] [schedu][0xae8de385f][03( 0): 40:24.225725] wlan: [3371:I:HIF] Deinitializing Runtime PM wakelock &vdev->vdev_set_key_runtime_wakelock
06-29 03:40:24.232 I/[ 2437.777354] [schedu][0xae8de64e9][03( 0): 40:24.226318] wlan: [3371:I:HIF] Initializing Runtime PM wakelock &vdev->vdev_set_key_runtime_wakelock
06-29 03:40:24.237 I/[ 2437.787968] [wifi@1][0xae8e180ca][03( 0): 40:24.236930] wlan: [828:I:DP] dp_vdev_attach_wifi3: wlan_cfg_ap_bridge_enabled 0
06-29 03:40:24.236 D/android.hardware.wifi@1.0-service( 828): Successfully SetMacAddress.
06-29 03:40:24.253 E/[ 2437.803052] [wifi@1][0xae8e5ec07][03( 0): 40:24.252013] wlan: [3455:E:wifipos] wifi_pos_process_app_reg_req: 608: Received App Req Req pid(-398458052), len(16)
06-29 03:40:24.253 I/[ 2437.803499] [wifi@1][0xae8e60dd8][03( 0): 40:24.252464] wlan: [3455:I:wifipos] wifi_pos_get_ch_info: 461: num channels: 26
06-29 03:40:24.253 I/[ 2437.803875] [wifi@1][0xae8e62a19][03( 0): 40:24.252841] wlan: [3455:I:wifipos] wifi_pos_get_ch_info: 461: num channels: 26
06-29 03:40:24.309 I/[ 2437.857632] logd( 0): logdr: UID=1000 GID=1000 PID=14013 n tail=127 logMask=80 pid=0 start=0ns deadline=0ns
06-29 03:40:24.311 D/PowerManagerService( 1522): userActivityNoUpdateLocked: groupId=0, eventTime=2437861, event=2, flags=0x0, uid=1000
06-29 03:40:24.311 D/PowerManagerNotifier( 1522): onUserActivity: event=2, uid=1000
06-29 03:40:24.311 D/PowerManagerService( 1522): updateUserActivitySummaryLocked: groupId=0, mWakefulness=Awake, mUserActivitySummary=0x1, nextTimeout=2497861 (in 59999 ms)
06-29 03:40:24.311 D/PowerManagerNotifier( 1522): onScreenPolicyUpdate: newPolicy=3
06-29 03:40:24.311 D/PowerManagerService( 1522): updateDisplayPowerStateLocked: displayReady=true, groupId=0, policy=BRIGHT, mWakefulness=Awake, mWakeLockSummary=0x0, mUserActivitySummary=0x1, mBootCompleted=true, screenBrightnessOverride=NaN, useAutoBrightness=false, mScreenBrightnessBoostInProgress=false, mIsVrModeEnabled= false, sQuiescent=false
06-29 03:40:24.349 I/[ 2437.899752] [schedu][0xae9024054][03( 0): 40:24.348711] wlan: [3371:I:OSIF] vdev 0, scan id 41260 type COMPLETED(1) reason CANCELLED(2) scan found 0 bss
06-29 03:40:24.368 I/GameModeConfig( 1522): isGameModeOn = false
06-29 03:40:24.533 I/[ 2438.083232] [schedu][0xae9380152][03( 0): 40:24.532191] wlan: [3371:I:HIF] Deinitializing Runtime PM wakelock &vdev->vdev_set_key_runtime_wakelock
06-29 03:40:24.533 I/[ 2438.083912] [schedu][0xae9383492][03( 0): 40:24.532874] wlan: [3371:I:HIF] Initializing Runtime PM wakelock &vdev->vdev_set_key_runtime_wakelock
06-29 03:40:24.545 W/wificond( 1206): Scan aborted
06-29 03:40:24.546 D/android.hardware.wifi@1.0-service( 828): Successfully SetMacAddress.
06-29 03:40:24.549 I/[ 2438.098356] [wifi@1][0xae93c6fb9][03( 0): 40:24.547316] wlan: [828:I:DP] dp_vdev_attach_wifi3: wlan_cfg_ap_bridge_enabled 0
06-29 03:40:24.552 E/android.hardware.wifi@1.0-service( 828): create file failed: Permission denied
06-29 03:40:24.552 E/android.hardware.wifi@1.0-service( 828): Error writing files to flash
06-29 03:40:24.561 E/[ 2438.109066] [wifi@1][0xae93f92ef][03( 0): 40:24.558025] wlan: [3455:E:wifipos] wifi_pos_process_app_reg_req: 608: Received App Req Req pid(-398458052), len(16)
06-29 03:40:24.561 E/[ 2438.112134] link_delay_work_func( 0): DTC_ETH: SQI=0, link=0
06-29 03:40:24.565 I/[ 2438.115973] [wifi@1][0xae941991c][03( 0): 40:24.564934] wlan: [3455:I:wifipos] wifi_pos_get_ch_info: 461: num channels: 26
06-29 03:40:24.564 W/wificond( 1206): Scan is not started. Ignore abort request
06-29 03:40:24.569 I/[ 2438.116479] [wifi@1][0xae941bf4b][03( 0): 40:24.565444] wlan: [3455:I:wifipos] wifi_pos_get_ch_info: 461: num channels: 26
06-29 03:40:24.585 I/[ 2438.134294] [wpa_su][0xae946f735][03( 0): 40:24.583256] wlan: [3475:I:SME] vdev-0: Connecting to 200M_5G 98:97:cc:03:15:36 rssi: -59 freq: 5200 akm 9 cipher: uc 6 mc 6, CC:
06-29 03:40:24.585 E/[ 2438.134386] [wpa_su][0xae946fe74][03( 0): 40:24.583352] wlan: [3475:E:QDF] Cannot malloc 0 bytes @ csr_get_cfg_max_tx_power:14199
06-29 03:40:24.585 I/[ 2438.135186] [schedu][0xae9473a44][03( 0): 40:24.584150] wlan: [3371:I:WMI] send_vdev_start_cmd_tlv: 1062: send_vdev_start_cmd_tlv: vdev_id 0 freq 5200 chanmode 6 ch_info: 0x6 is_dfs 0 beacon interval 100 dtim 0 center_chan 5190 center_freq2 0 reg_info_1: 0x170000 reg_info_2: 0x1700, req->max_txpow: 0x17 Tx SS 1, Rx SS 1, ldpc_rx: 0, cac 0, regd 4, HE ops: 0req->dis_hw_ack: 0
06-29 03:40:24.764 I/[ 2438.315606] [soft_i][0xae97c147a][03( 0): 40:24.764554] wlan: [0:I:TXRX] HTT_T2H_MSG_TYPE_PEER_MAP msg for peer id 0 vdev id 0 n
06-29 03:40:24.764 E/[ 2438.315675] [soft_i][0xae97c1ae3][03( 0): 40:24.764638] wlan: [0:E:DP] dp_peer_find_add_id: peer 0000000000000000 ID 0 vid 0 mac 98:97:cc:03:15:36
06-29 03:40:24.764 I/[ 2438.315702] [soft_i][0xae97c1cfb][03( 0): 40:24.764666] wlan: [0:I:DP] dp_peer_find_add_id: ref_cnt: 2
06-29 03:40:24.764 E/[ 2438.315721] [soft_i][0xae97c1e5d][03( 0): 40:24.764684] wlan: [0:E:DP] dp_peer_map_ast: peer 0000000000000000 ID 113 vid 0 mac 98:97:cc:03:15:36
06-29 03:40:24.849 I/[ 2438.397828] [schedu][0xae9942bdb][03( 0): 40:24.846784] wlan: [3371:I:PE] Auth TX: seq 1 seq num 3596 status 0 WEP 0 to 98:97:cc:03:15:36
06-29 03:40:24.852 D/PowerManagerService( 1522): acquireWakeLockInternal: lock=218282209, flags=0x1, tag="*alarm*", ws=WorkSource{1000}, uid=1000, pid=1522
06-29 03:40:24.852 D/PowerManagerService( 1522): updateWakeLockSummaryLocked: mWakefulness=Awake, mWakeLockSummary=0x1
06-29 03:40:24.852 D/PowerManagerService( 1522): updateUserActivitySummaryLocked: groupId=0, mWakefulness=Awake, mUserActivitySummary=0x1, nextTimeout=2497861 (in 59458 ms)
06-29 03:40:24.852 D/PowerManagerNotifier( 1522): onScreenPolicyUpdate: newPolicy=3
06-29 03:40:24.852 D/PowerManagerService( 1522): updateDisplayPowerStateLocked: displayReady=true, groupId=0, policy=BRIGHT, mWakefulness=Awake, mWakeLockSummary=0x1, mUserActivitySummary=0x1, mBootCompleted=true, screenBrightnessOverride=NaN, useAutoBrightness=false, mScreenBrightnessBoostInProgress=false, mIsVrModeEnabled= false, sQuiescent=false
06-29 03:40:24.853 D/PowerManagerService( 1522): Acquiring suspend blocker "PowerManagerService.WakeLocks".
06-29 03:40:24.853 D/PowerManagerNotifier( 1522): onWakeLockAcquired: flags=1, tag="*alarm*", packageName=android, ownerUid=1000, ownerPid=1522, workSource=WorkSource{1000}
06-29 03:40:24.854 D/PowerManagerService( 1522): releaseWakeLockInternal: lock=218282209 [*alarm*], flags=0x0
06-29 03:40:24.854 D/PowerManagerNotifier( 1522): onWakeLockReleased: flags=1, tag="*alarm*", packageName=android, ownerUid=1000, ownerPid=1522, workSource=WorkSource{1000}
06-29 03:40:24.854 D/PowerManagerService( 1522): updateWakeLockSummaryLocked: mWakefulness=Awake, mWakeLockSummary=0x0
06-29 03:40:24.854 D/PowerManagerService( 1522): updateUserActivitySummaryLocked: groupId=0, mWakefulness=Awake, mUserActivitySummary=0x1, nextTimeout=2497861 (in 59456 ms)
06-29 03:40:24.854 D/PowerManagerNotifier( 1522): onScreenPolicyUpdate: newPolicy=3
06-29 03:40:24.854 D/PowerManagerService( 1522): updateDisplayPowerStateLocked: displayReady=true, groupId=0, policy=BRIGHT, mWakefulness=Awake, mWakeLockSummary=0x0, mUserActivitySummary=0x1, mBootCompleted=true, screenBrightnessOverride=NaN, useAutoBrightness=false, mScreenBrightnessBoostInProgress=false, mIsVrModeEnabled= false, sQuiescent=false
06-29 03:40:24.854 D/PowerManagerService( 1522): Releasing suspend blocker "PowerManagerService.WakeLocks".
06-29 03:40:24.857 I/[ 2438.407717] [schedu][0xae997120a][03( 0): 40:24.856680] wlan: [3371:I:PE] Auth TX: success
06-29 03:40:24.859 E/wificond( 1206): NL80211_CMD_TRIGGER_SCAN failed: Device or resource busy
06-29 03:40:24.861 E/[ 2438.410370] [wifico][0xae997d8e3][03( 0): 40:24.859331] wlan: [1206:E:HDD] __wlan_hdd_cfg80211_scan: 572: Scan not allowed. scan_ebusy_cnt: 446 Session 0 Reason 1
06-29 03:40:24.865 I/[ 2438.414427] [schedu][0xae99907dd][03( 0): 40:24.863371] wlan: [3371:I:PE] Auth RX: vdev 0 sys role 3 lim_state 5 from 98:97:cc:03:15:36 rssi -59 auth_alg 0 seq 2887
06-29 03:40:24.865 I/[ 2438.414998] [schedu][0xae9993432][03( 0): 40:24.863962] wlan: [3371:I:PE] Assoc req TX: vdev 0 to 98:97:cc:03:15:36 seq num 3597
06-29 03:40:24.881 I/[ 2438.429934] [schedu][0xae99d943b][03( 0): 40:24.878896] wlan: [3371:I:PE] Assoc req TX: success
06-29 03:40:24.889 I/[ 2438.437027] [schedu][0xae99fa865][03( 0): 40:24.885992] wlan: [3371:I:PE] Assoc rsp RX: subtype 0 vdev 0 sys role 3 lim state 10 rssi -59 from 98:97:cc:03:15:36
06-29 03:40:24.897 E/[ 2438.446017] [schedu][0xae9a24a58][03( 0): 40:24.894977] wlan: [3371:E:QDF] Cannot malloc 0 bytes @ csr_get_cfg_max_tx_power:14199
06-29 03:40:24.897 E/[ 2438.446045] [schedu][0xae9a24ca4][03( 0): 40:24.895008] wlan: [3371:E:QDF] Cannot malloc 0 bytes @ csr_get_cfg_max_tx_power:14199
06-29 03:40:24.897 E/[ 2438.448636] [soft_i][0xae9a30ef4][03( 0): 40:24.897599] wlan: [0:E:DP] dp_tx_initialize_threshold: tx flow control threshold is set, pool size is 4096
06-29 03:40:24.901 I/[ 2438.449331] [schedu][0xae9a34328][03( 0): 40:24.898295] wlan: [3371:I:HDD] wlan0(vdevid-0): 6e:37:ae:b7:f4:a8 connected to 98:97:cc:03:15:36
06-29 03:40:24.914 I/[ 2438.456468] [dp_rx_][0xae9a55a72][03( 0): 40:24.905432] wlan: [3376:I:QDF] EAPOL-1 RX: SA:98:97:cc:03:15:36 DA:6e:37:ae:b7:f4:a8
06-29 03:40:24.936 I/[ 2438.487520] [soft_i][0xae9ae71ba][03( 0): 40:24.936463] wlan: [0:I:QDF] EAPOL-2 TX: SA:6e:37:ae:b7:f4:a8 DA:98:97:cc:03:15:36 msdu_id:0 status: succ
06-29 03:40:24.942 I/[ 2438.493135] [dp_rx_][0xae9b017ff][03( 0): 40:24.942093] wlan: [3376:I:QDF] EAPOL-3 RX: SA:98:97:cc:03:15:36 DA:6e:37:ae:b7:f4:a8
06-29 03:40:24.953 I/[ 2438.501683] [soft_i][0xae9b298d8][03( 0): 40:24.950638] wlan: [0:I:QDF] EAPOL-4 TX: SA:6e:37:ae:b7:f4:a8 DA:98:97:cc:03:15:36 msdu_id:0 status: succ
06-29 03:40:24.957 E/[ 2438.504727] [schedu][0xae9b37de8][03( 0): 40:24.953692] wlan: [3371:E:QDF] Cannot malloc 0 bytes @ csr_get_cfg_max_tx_power:14199
06-29 03:40:24.969 I/[ 2438.517176] [schedu][0xae9b72332][03( 0): 40:24.966136] wlan: [3371:I:WMI] LFR3:OKC enabled
06-29 03:40:24.969 I/[ 2438.517186] [schedu][0xae9b72464][03( 0): 40:24.966151] wlan: [3371:I:WMI] LFR3:PMKSA caching enabled
06-29 03:40:25.048 D/PowerManagerService( 1522): acquireWakeLockInternal: lock=110234629, flags=0x1, tag="NetworkStats", ws=null, uid=1000, pid=1522
06-29 03:40:25.048 D/PowerManagerService( 1522): updateWakeLockSummaryLocked: mWakefulness=Awake, mWakeLockSummary=0x1
06-29 03:40:25.048 D/PowerManagerService( 1522): updateUserActivitySummaryLocked: groupId=0, mWakefulness=Awake, mUserActivitySummary=0x1, nextTimeout=2497861 (in 59262 ms)
06-29 03:40:25.048 D/PowerManagerNotifier( 1522): onScreenPolicyUpdate: newPolicy=3
06-29 03:40:25.049 D/PowerManagerService( 1522): updateDisplayPowerStateLocked: displayReady=true, groupId=0, policy=BRIGHT, mWakefulness=Awake, mWakeLockSummary=0x1, mUserActivitySummary=0x1, mBootCompleted=true, screenBrightnessOverride=NaN, useAutoBrightness=false, mScreenBrightnessBoostInProgress=false, mIsVrModeEnabled= false, sQuiescent=false
06-29 03:40:25.049 D/PowerManagerService( 1522): Acquiring suspend blocker "PowerManagerService.WakeLocks".
06-29 03:40:25.049 D/PowerManagerNotifier( 1522): onWakeLockAcquired: flags=1, tag="NetworkStats", packageName=android, ownerUid=1000, ownerPid=1522, workSource=null
06-29 03:40:25.055 D/PowerManagerService( 1522): releaseWakeLockInternal: lock=110234629 [NetworkStats], flags=0x0
06-29 03:40:25.055 D/PowerManagerNotifier( 1522): onWakeLockReleased: flags=1, tag="NetworkStats", packageName=android, ownerUid=1000, ownerPid=1522, workSource=null
06-29 03:40:25.056 D/PowerManagerService( 1522): updateWakeLockSummaryLocked: mWakefulness=Awake, mWakeLockSummary=0x0
06-29 03:40:25.056 D/PowerManagerService( 1522): updateUserActivitySummaryLocked: groupId=0, mWakefulness=Awake, mUserActivitySummary=0x1, nextTimeout=2497861 (in 59254 ms)
06-29 03:40:25.056 D/PowerManagerNotifier( 1522): onScreenPolicyUpdate: newPolicy=3
06-29 03:40:25.056 D/PowerManagerService( 1522): updateDisplayPowerStateLocked: displayReady=true, groupId=0, policy=BRIGHT, mWakefulness=Awake, mWakeLockSummary=0x0, mUserActivitySummary=0x1, mBootCompleted=true, screenBrightnessOverride=NaN, useAutoBrightness=false, mScreenBrightnessBoostInProgress=false, mIsVrModeEnabled= false, sQuiescent=false
06-29 03:40:25.056 D/PowerManagerService( 1522): Releasing suspend blocker "PowerManagerService.WakeLocks".
06-29 03:40:25.057 D/PowerManagerService( 1522): acquireWakeLockInternal: lock=110234629, flags=0x1, tag="NetworkStats", ws=null, uid=1000, pid=1522
06-29 03:40:25.057 D/PowerManagerService( 1522): updateWakeLockSummaryLocked: mWakefulness=Awake, mWakeLockSummary=0x1
06-29 03:40:25.057 D/PowerManagerService( 1522): updateUserActivitySummaryLocked: groupId=0, mWakefulness=Awake, mUserActivitySummary=0x1, nextTimeout=2497861 (in 59253 ms)
06-29 03:40:25.057 D/PowerManagerNotifier( 1522): onScreenPolicyUpdate: newPolicy=3
06-29 03:40:25.057 D/PowerManagerService( 1522): updateDisplayPowerStateLocked: displayReady=true, groupId=0, policy=BRIGHT, mWakefulness=Awake, mWakeLockSummary=0x1, mUserActivitySummary=0x1, mBootCompleted=true, screenBrightnessOverride=NaN, useAutoBrightness=false, mScreenBrightnessBoostInProgress=false, mIsVrModeEnabled= false, sQuiescent=false
06-29 03:40:25.057 D/PowerManagerService( 1522): Acquiring suspend blocker "PowerManagerService.WakeLocks".
06-29 03:40:25.062 D/PowerManagerNotifier( 1522): onWakeLockAcquired: flags=1, tag="NetworkStats", packageName=android, ownerUid=1000, ownerPid=1522, workSource=null
06-29 03:40:25.069 D/PowerManagerService( 1522): releaseWakeLockInternal: lock=110234629 [NetworkStats], flags=0x0
06-29 03:40:25.069 D/PowerManagerNotifier( 1522): onWakeLockReleased: flags=1, tag="NetworkStats", packageName=android, ownerUid=1000, ownerPid=1522, workSource=null
06-29 03:40:25.070 D/PowerManagerService( 1522): updateWakeLockSummaryLocked: mWakefulness=Awake, mWakeLockSummary=0x0
06-29 03:40:25.070 D/PowerManagerService( 1522): updateUserActivitySummaryLocked: groupId=0, mWakefulness=Awake, mUserActivitySummary=0x1, nextTimeout=2497861 (in 59240 ms)
06-29 03:40:25.070 D/PowerManagerNotifier( 1522): onScreenPolicyUpdate: newPolicy=3
06-29 03:40:25.070 D/PowerManagerService( 1522): updateDisplayPowerStateLocked: displayReady=true, groupId=0, policy=BRIGHT, mWakefulness=Awake, mWakeLockSummary=0x0, mUserActivitySummary=0x1, mBootCompleted=true, screenBrightnessOverride=NaN, useAutoBrightness=false, mScreenBrightnessBoostInProgress=false, mIsVrModeEnabled= false, sQuiescent=false
06-29 03:40:25.070 D/PowerManagerService( 1522): Releasing suspend blocker "PowerManagerService.WakeLocks".
06-29 03:40:25.075 I/[ 2438.626100] [soft_i][0xae9d70c89][03( 0): 40:25.075060] wlan: [0:I:QDF] DHCP-R TX: SA:6e:37:ae:b7:f4:a8 DA:ff:ff:ff:ff:ff:ff msdu_id:1 status: succ
06-29 03:40:25.121 I/[ 2438.668415] [soft_i][0xae9e37217][03( 0): 40:25.117374] wlan: [0:I:DP] dp_addba_requestprocess_wifi3 restore BA win 64 based on addba req
06-29 03:40:25.129 I/[ 2438.678727] [dp_rx_][0xae9e6773c][03( 0): 40:25.127683] wlan: [3376:I:QDF] DHCP-A RX: SA:98:97:cc:03:15:34 DA:6e:37:ae:b7:f4:a8
06-29 03:40:25.140 D/PowerManagerService( 1522): acquireWakeLockInternal: lock=110234629, flags=0x1, tag="NetworkStats", ws=null, uid=1000, pid=1522
06-29 03:40:25.140 D/PowerManagerService( 1522): updateWakeLockSummaryLocked: mWakefulness=Awake, mWakeLockSummary=0x1
06-29 03:40:25.141 D/PowerManagerService( 1522): updateUserActivitySummaryLocked: groupId=0, mWakefulness=Awake, mUserActivitySummary=0x1, nextTimeout=2497861 (in 59170 ms)
06-29 03:40:25.141 D/PowerManagerNotifier( 1522): onScreenPolicyUpdate: newPolicy=3
06-29 03:40:25.141 D/PowerManagerService( 1522): updateDisplayPowerStateLocked: displayReady=true, groupId=0, policy=BRIGHT, mWakefulness=Awake, mWakeLockSummary=0x1, mUserActivitySummary=0x1, mBootCompleted=true, screenBrightnessOverride=NaN, useAutoBrightness=false, mScreenBrightnessBoostInProgress=false, mIsVrModeEnabled= false, sQuiescent=false
06-29 03:40:25.142 D/PowerManagerService( 1522): Acquiring suspend blocker "PowerManagerService.WakeLocks".
06-29 03:40:25.142 D/PowerManagerNotifier( 1522): onWakeLockAcquired: flags=1, tag="NetworkStats", packageName=android, ownerUid=1000, ownerPid=1522, workSource=null
06-29 03:40:25.150 D/PowerManagerService( 1522): releaseWakeLockInternal: lock=110234629 [NetworkStats], flags=0x0
06-29 03:40:25.150 D/PowerManagerNotifier( 1522): onWakeLockReleased: flags=1, tag="NetworkStats", packageName=android, ownerUid=1000, ownerPid=1522, workSource=null
06-29 03:40:25.151 D/PowerManagerService( 1522): updateWakeLockSummaryLocked: mWakefulness=Awake, mWakeLockSummary=0x0
06-29 03:40:25.151 D/PowerManagerService( 1522): updateUserActivitySummaryLocked: groupId=0, mWakefulness=Awake, mUserActivitySummary=0x1, nextTimeout=2497861 (in 59159 ms)
06-29 03:40:25.151 D/PowerManagerNotifier( 1522): onScreenPolicyUpdate: newPolicy=3
06-29 03:40:25.151 D/PowerManagerService( 1522): updateDisplayPowerStateLocked: displayReady=true, groupId=0, policy=BRIGHT, mWakefulness=Awake, mWakeLockSummary=0x0, mUserActivitySummary=0x1, mBootCompleted=true, screenBrightnessOverride=NaN, useAutoBrightness=false, mScreenBrightnessBoostInProgress=false, mIsVrModeEnabled= false, sQuiescent=false
06-29 03:40:25.151 D/PowerManagerService( 1522): Releasing suspend blocker "PowerManagerService.WakeLocks".
06-29 03:40:25.154 D/PowerManagerService( 1522): acquireWakeLockInternal: lock=110234629, flags=0x1, tag="NetworkStats", ws=null, uid=1000, pid=1522
06-29 03:40:25.154 D/PowerManagerService( 1522): updateWakeLockSummaryLocked: mWakefulness=Awake, mWakeLockSummary=0x1
06-29 03:40:25.154 D/PowerManagerService( 1522): updateUserActivitySummaryLocked: groupId=0, mWakefulness=Awake, mUserActivitySummary=0x1, nextTimeout=2497861 (in 59156 ms)
06-29 03:40:25.154 D/PowerManagerNotifier( 1522): onScreenPolicyUpdate: newPolicy=3
06-29 03:40:25.154 D/PowerManagerService( 1522): updateDisplayPowerStateLocked: displayReady=true, groupId=0, policy=BRIGHT, mWakefulness=Awake, mWakeLockSummary=0x1, mUserActivitySummary=0x1, mBootCompleted=true, screenBrightnessOverride=NaN, useAutoBrightness=false, mScreenBrightnessBoostInProgress=false, mIsVrModeEnabled= false, sQuiescent=false
06-29 03:40:25.154 D/PowerManagerService( 1522): Acquiring suspend blocker "PowerManagerService.WakeLocks".
06-29 03:40:25.155 D/PowerManagerNotifier( 1522): onWakeLockAcquired: flags=1, tag="NetworkStats", packageName=android, ownerUid=1000, ownerPid=1522, workSource=null
06-29 03:40:25.169 D/PowerManagerService( 1522): releaseWakeLockInternal: lock=110234629 [NetworkStats], flags=0x0
06-29 03:40:25.169 D/PowerManagerNotifier( 1522): onWakeLockReleased: flags=1, tag="NetworkStats", packageName=android, ownerUid=1000, ownerPid=1522, workSource=null
06-29 03:40:25.169 D/PowerManagerService( 1522): updateWakeLockSummaryLocked: mWakefulness=Awake, mWakeLockSummary=0x0
06-29 03:40:25.169 D/PowerManagerService( 1522): updateUserActivitySummaryLocked: groupId=0, mWakefulness=Awake, mUserActivitySummary=0x1, nextTimeout=2497861 (in 59141 ms)
06-29 03:40:25.169 D/PowerManagerNotifier( 1522): onScreenPolicyUpdate: newPolicy=3
06-29 03:40:25.170 D/PowerManagerService( 1522): updateDisplayPowerStateLocked: displayReady=true, groupId=0, policy=BRIGHT, mWakefulness=Awake, mWakeLockSummary=0x0, mUserActivitySummary=0x1, mBootCompleted=true, screenBrightnessOverride=NaN, useAutoBrightness=false, mScreenBrightnessBoostInProgress=false, mIsVrModeEnabled= false, sQuiescent=false
06-29 03:40:25.170 D/PowerManagerService( 1522): Releasing suspend blocker "PowerManagerService.WakeLocks".
06-29 03:40:25.183 D/PowerManagerService( 1522): acquireWakeLockInternal: lock=110234629, flags=0x1, tag="NetworkStats", ws=null, uid=1000, pid=1522
06-29 03:40:25.183 D/PowerManagerService( 1522): updateWakeLockSummaryLocked: mWakefulness=Awake, mWakeLockSummary=0x1
06-29 03:40:25.183 D/PowerManagerService( 1522): updateUserActivitySummaryLocked: groupId=0, mWakefulness=Awake, mUserActivitySummary=0x1, nextTimeout=2497861 (in 59127 ms)
06-29 03:40:25.183 D/PowerManagerNotifier( 1522): onScreenPolicyUpdate: newPolicy=3
06-29 03:40:25.183 D/PowerManagerService( 1522): updateDisplayPowerStateLocked: displayReady=true, groupId=0, policy=BRIGHT, mWakefulness=Awake, mWakeLockSummary=0x1, mUserActivitySummary=0x1, mBootCompleted=true, screenBrightnessOverride=NaN, useAutoBrightness=false, mScreenBrightnessBoostInProgress=false, mIsVrModeEnabled= false, sQuiescent=false
06-29 03:40:25.183 D/PowerManagerService( 1522): Acquiring suspend blocker "PowerManagerService.WakeLocks".
06-29 03:40:25.183 D/PowerManagerNotifier( 1522): onWakeLockAcquired: flags=1, tag="NetworkStats", packageName=android, ownerUid=1000, ownerPid=1522, workSource=null
06-29 03:40:25.187 D/PowerManagerService( 1522): releaseWakeLockInternal: lock=110234629 [NetworkStats], flags=0x0
06-29 03:40:25.187 D/PowerManagerNotifier( 1522): onWakeLockReleased: flags=1, tag="NetworkStats", packageName=android, ownerUid=1000, ownerPid=1522, workSource=null
06-29 03:40:25.187 D/PowerManagerService( 1522): updateWakeLockSummaryLocked: mWakefulness=Awake, mWakeLockSummary=0x0
06-29 03:40:25.187 D/PowerManagerService( 1522): updateUserActivitySummaryLocked: groupId=0, mWakefulness=Awake, mUserActivitySummary=0x1, nextTimeout=2497861 (in 59123 ms)
06-29 03:40:25.187 D/PowerManagerNotifier( 1522): onScreenPolicyUpdate: newPolicy=3
06-29 03:40:25.187 D/PowerManagerService( 1522): updateDisplayPowerStateLocked: displayReady=true, groupId=0, policy=BRIGHT, mWakefulness=Awake, mWakeLockSummary=0x0, mUserActivitySummary=0x1, mBootCompleted=true, screenBrightnessOverride=NaN, useAutoBrightness=false, mScreenBrightnessBoostInProgress=false, mIsVrModeEnabled= false, sQuiescent=false
06-29 03:40:25.187 D/PowerManagerService( 1522): Releasing suspend blocker "PowerManagerService.WakeLocks".
06-29 03:40:25.189 E/NetlinkEvent( 675): NetlinkEvent::FindParam(): Parameter 'INTERFACE' not found
06-29 03:40:25.189 E/NetlinkEvent( 675): NetlinkEvent::FindParam(): Parameter 'STATE' not found
06-29 03:40:25.189 E/NetlinkEvent( 675): NetlinkEvent::FindParam(): Parameter 'TIME_NS' not found
06-29 03:40:25.189 E/NetlinkEvent( 675): NetlinkEvent::FindParam(): Parameter 'UID' not found
06-29 03:40:25.192 D/PowerManagerService( 1522): acquireWakeLockInternal: lock=110234629, flags=0x1, tag="NetworkStats", ws=null, uid=1000, pid=1522
06-29 03:40:25.192 D/PowerManagerService( 1522): updateWakeLockSummaryLocked: mWakefulness=Awake, mWakeLockSummary=0x1
06-29 03:40:25.192 D/PowerManagerService( 1522): updateUserActivitySummaryLocked: groupId=0, mWakefulness=Awake, mUserActivitySummary=0x1, nextTimeout=2497861 (in 59118 ms)
06-29 03:40:25.192 D/PowerManagerNotifier( 1522): onScreenPolicyUpdate: newPolicy=3
06-29 03:40:25.192 D/PowerManagerService( 1522): updateDisplayPowerStateLocked: displayReady=true, groupId=0, policy=BRIGHT, mWakefulness=Awake, mWakeLockSummary=0x1, mUserActivitySummary=0x1, mBootCompleted=true, screenBrightnessOverride=NaN, useAutoBrightness=false, mScreenBrightnessBoostInProgress=false, mIsVrModeEnabled= false, sQuiescent=false
06-29 03:40:25.192 D/PowerManagerService( 1522): Acquiring suspend blocker "PowerManagerService.WakeLocks".
06-29 03:40:25.195 D/PowerManagerNotifier( 1522): onWakeLockAcquired: flags=1, tag="NetworkStats", packageName=android, ownerUid=1000, ownerPid=1522, workSource=null
06-29 03:40:25.200 D/PowerManagerService( 1522): releaseWakeLockInternal: lock=110234629 [NetworkStats], flags=0x0
06-29 03:40:25.200 D/PowerManagerNotifier( 1522): onWakeLockReleased: flags=1, tag="NetworkStats", packageName=android, ownerUid=1000, ownerPid=1522, workSource=null
06-29 03:40:25.200 D/PowerManagerService( 1522): updateWakeLockSummaryLocked: mWakefulness=Awake, mWakeLockSummary=0x0
06-29 03:40:25.200 D/PowerManagerService( 1522): updateUserActivitySummaryLocked: groupId=0, mWakefulness=Awake, mUserActivitySummary=0x1, nextTimeout=2497861 (in 59110 ms)
06-29 03:40:25.200 D/PowerManagerNotifier( 1522): onScreenPolicyUpdate: newPolicy=3
06-29 03:40:25.200 D/PowerManagerService( 1522): updateDisplayPowerStateLocked: displayReady=true, groupId=0, policy=BRIGHT, mWakefulness=Awake, mWakeLockSummary=0x0, mUserActivitySummary=0x1, mBootCompleted=true, screenBrightnessOverride=NaN, useAutoBrightness=false, mScreenBrightnessBoostInProgress=false, mIsVrModeEnabled= false, sQuiescent=false
06-29 03:40:25.200 D/PowerManagerService( 1522): Releasing suspend blocker "PowerManagerService.WakeLocks".
06-29 03:40:25.201 I/[ 2438.748225] [soft_i][0xae9fad402][03( 0): 40:25.197186] wlan: [0:I:DP] dp_addba_requestprocess_wifi3 restore BA win 64 based on addba req
06-29 03:40:25.203 D/PowerManagerService( 1522): acquireWakeLockInternal: lock=86012356, flags=0x1, tag="NetworkTimeUpdateService", ws=null, uid=1000, pid=1522
06-29 03:40:25.203 D/PowerManagerService( 1522): updateWakeLockSummaryLocked: mWakefulness=Awake, mWakeLockSummary=0x1
06-29 03:40:25.203 D/PowerManagerService( 1522): updateUserActivitySummaryLocked: groupId=0, mWakefulness=Awake, mUserActivitySummary=0x1, nextTimeout=2497861 (in 59107 ms)
06-29 03:40:25.203 D/PowerManagerNotifier( 1522): onScreenPolicyUpdate: newPolicy=3
06-29 03:40:25.203 D/PowerManagerService( 1522): updateDisplayPowerStateLocked: displayReady=true, groupId=0, policy=BRIGHT, mWakefulness=Awake, mWakeLockSummary=0x1, mUserActivitySummary=0x1, mBootCompleted=true, screenBrightnessOverride=NaN, useAutoBrightness=false, mScreenBrightnessBoostInProgress=false, mIsVrModeEnabled= false, sQuiescent=false
06-29 03:40:25.203 D/PowerManagerService( 1522): Acquiring suspend blocker "PowerManagerService.WakeLocks".
06-29 03:40:25.203 D/PowerManagerNotifier( 1522): onWakeLockAcquired: flags=1, tag="NetworkTimeUpdateService", packageName=android, ownerUid=1000, ownerPid=1522, workSource=null
06-29 03:40:25.206 W/ContextImpl( 1522): Calling a method in the system process without a qualified user: android.app.ContextImpl.sendStickyBroadcast:1559 com.android.server.ConnectivityService.sendStickyBroadcast:2811 com.android.server.ConnectivityService.sendGeneralBroadcast:2786 com.android.server.ConnectivityService.sendConnectedBroadcast:2759 com.android.server.ConnectivityService.sendLegacyNetworkBroadcast:8704
06-29 03:40:25.216 D/PowerManagerService( 1522): acquireWakeLockInternal: lock=207078643, flags=0x1, tag="SyncLoopWakeLock", ws=null, uid=1000, pid=1522
06-29 03:40:25.216 D/PowerManagerService( 1522): updateWakeLockSummaryLocked: mWakefulness=Awake, mWakeLockSummary=0x1
06-29 03:40:25.216 D/PowerManagerService( 1522): updateUserActivitySummaryLocked: groupId=0, mWakefulness=Awake, mUserActivitySummary=0x1, nextTimeout=2497861 (in 59094 ms)
06-29 03:40:25.216 D/PowerManagerNotifier( 1522): onScreenPolicyUpdate: newPolicy=3
06-29 03:40:25.216 D/PowerManagerService( 1522): updateDisplayPowerStateLocked: displayReady=true, groupId=0, policy=BRIGHT, mWakefulness=Awake, mWakeLockSummary=0x1, mUserActivitySummary=0x1, mBootCompleted=true, screenBrightnessOverride=NaN, useAutoBrightness=false, mScreenBrightnessBoostInProgress=false, mIsVrModeEnabled= false, sQuiescent=false
06-29 03:40:25.216 D/PowerManagerNotifier( 1522): onWakeLockAcquired: flags=1, tag="SyncLoopWakeLock", packageName=android, ownerUid=1000, ownerPid=1522, workSource=null
06-29 03:40:25.219 W/BroadcastQueue( 1522): Target SDK mismatch: receiver ActivityInfo{10125f7 org.qiyi.android.commonphonepad.pushmessage.QYPushMsgBootReceiver} targets 33 but delivery restricted to [0, 23] broadcasting Intent { act=android.net.conn.CONNECTIVITY_CHANGE flg=0x4200010 (has extras) } from android (pid=1522, uid=1000) to com.qiyi.video/org.qiyi.android.commonphonepad.pushmessage.QYPushMsgBootReceiver
06-29 03:40:25.219 W/ContextImpl( 1522): Calling a method in the system process without a qualified user: android.app.ContextImpl.sendStickyBroadcast:1559 com.android.server.ConnectivityService.sendStickyBroadcast:2811 com.android.server.ConnectivityService.sendGeneralBroadcast:2786 com.android.server.ConnectivityService.sendInetConditionBroadcast:2763 com.android.server.ConnectivityService.updateInetCondition:8451
06-29 03:40:25.230 W/ProcessStats( 1522): Tracking association SourceState{562fd4e com.tencent.android.qqdownloader:live/10115 BTopFgs #11381} whose proc state 2 is better than process ProcessState{7d9de82 com.tencent.android.qqdownloader:daemon/10115 pkg=com.tencent.android.qqdownloader} proc state 3 (5 skipped)
06-29 03:40:25.230 W/BroadcastQueue( 1522): Target SDK mismatch: receiver ActivityInfo{567fac9 com.xiaomi.push.service.receivers.NetworkStatusReceiver} targets 29 but delivery restricted to [0, 23] broadcasting Intent { act=android.net.conn.CONNECTIVITY_CHANGE flg=0x4200010 (has extras) } from android (pid=1522, uid=1000) to com.ss.android.article.video.landscape/com.xiaomi.push.service.receivers.NetworkStatusReceiver
06-29 03:40:25.231 D/PowerManagerService( 1522): releaseWakeLockInternal: lock=207078643 [SyncLoopWakeLock], flags=0x0
06-29 03:40:25.231 D/PowerManagerNotifier( 1522): onWakeLockReleased: flags=1, tag="SyncLoopWakeLock", packageName=android, ownerUid=1000, ownerPid=1522, workSource=null
06-29 03:40:25.232 W/BroadcastQueue( 1522): Target SDK mismatch: receiver ActivityInfo{162e0da com.xiaomi.push.service.receivers.NetworkStatusReceiver} targets 30 but delivery restricted to [0, 23] broadcasting Intent { act=android.net.conn.CONNECTIVITY_CHANGE flg=0x4200010 (has extras) } from android (pid=1522, uid=1000) to com.hunantv.imgo.activity/com.xiaomi.push.service.receivers.NetworkStatusReceiver
06-29 03:40:25.232 W/BroadcastQueue( 1522): Target SDK mismatch: receiver ActivityInfo{a38590b com.xiaomi.push.service.receivers.NetworkStatusReceiver} targets 31 but delivery restricted to [0, 23] broadcasting Intent { act=android.net.conn.CONNECTIVITY_CHANGE flg=0x4200010 (has extras) } from android (pid=1522, uid=1000) to com.netease.newsreader.activity/com.xiaomi.push.service.receivers.NetworkStatusReceiver
06-29 03:40:25.232 W/BroadcastQueue( 1522): Target SDK mismatch: receiver ActivityInfo{ea173e8 com.xiaomi.push.service.receivers.NetworkStatusReceiver} targets 33 but delivery restricted to [0, 23] broadcasting Intent { act=android.net.conn.CONNECTIVITY_CHANGE flg=0x4200010 (has extras) } from android (pid=1522, uid=1000) to com.qiyi.video/com.xiaomi.push.service.receivers.NetworkStatusReceiver
06-29 03:40:25.232 W/BroadcastQueue( 1522): Target SDK mismatch: receiver ActivityInfo{97f3a01 com.tencent.pandora.libtcloudupload.videoupload.impl.TVCNetWorkStateReceiver} targets 29 but delivery restricted to [0, 23] broadcasting Intent { act=android.net.conn.CONNECTIVITY_CHANGE flg=0x4200010 (has extras) } from android (pid=1522, uid=1000) to com.tencent.tmgp.sgame/com.tencent.pandora.libtcloudupload.videoupload.impl.TVCNetWorkStateReceiver
06-29 03:40:25.232 W/BroadcastQueue( 1522): Target SDK mismatch: receiver ActivityInfo{c9e30a6 com.xiaomi.push.service.receivers.NetworkStatusReceiver} targets 33 but delivery restricted to [0, 23] broadcasting Intent { act=android.net.conn.CONNECTIVITY_CHANGE flg=0x4200010 (has extras) } from android (pid=1522, uid=1000) to com.xingin.xhs/com.xiaomi.push.service.receivers.NetworkStatusReceiver
06-29 03:40:25.232 W/BroadcastQueue( 1522): Target SDK mismatch: receiver ActivityInfo{8917ae7 com.taobao.accs.EventReceiver} targets 29 but delivery restricted to [0, 23] broadcasting Intent { act=android.net.conn.CONNECTIVITY_CHANGE flg=0x4200010 (has extras) } from android (pid=1522, uid=1000) to com.ss.android.article.video.landscape/com.taobao.accs.EventReceiver
06-29 03:40:25.232 W/BroadcastQueue( 1522): Target SDK mismatch: receiver ActivityInfo{f0de694 com.douyu.module.miuiwidget.widgetprovider.DYMIUIWidgetMatch44Provider} targets 28 but delivery restricted to [0, 23] broadcasting Intent { act=android.net.conn.CONNECTIVITY_CHANGE flg=0x4200010 (has extras) } from android (pid=1522, uid=1000) to air.tv.douyu.android/com.douyu.module.miuiwidget.widgetprovider.DYMIUIWidgetMatch44Provider
06-29 03:40:25.232 W/BroadcastQueue( 1522): Target SDK mismatch: receiver ActivityInfo{fa4753d com.douyu.module.miuiwidget.widgetprovider.DYMIUIWidgetMatch42Provider} targets 28 but delivery restricted to [0, 23] broadcasting Intent { act=android.net.conn.CONNECTIVITY_CHANGE flg=0x4200010 (has extras) } from android (pid=1522, uid=1000) to air.tv.douyu.android/com.douyu.module.miuiwidget.widgetprovider.DYMIUIWidgetMatch42Provider
06-29 03:40:25.232 W/BroadcastQueue( 1522): Target SDK mismatch: receiver ActivityInfo{eecb132 com.douyu.module.miuiwidget.widgetprovider.DYMIUIWidgetFollow42Provider} targets 28 but delivery restricted to [0, 23] broadcasting Intent { act=android.net.conn.CONNECTIVITY_CHANGE flg=0x4200010 (has extras) } from android (pid=1522, uid=1000) to air.tv.douyu.android/com.douyu.module.miuiwidget.widgetprovider.DYMIUIWidgetFollow42Provider
06-29 03:40:25.232 W/BroadcastQueue( 1522): Target SDK mismatch: receiver ActivityInfo{770de83 com.douyu.module.miuiwidget.widgetprovider.DYMIUIWidgetFollow22Provider} targets 28 but delivery restricted to [0, 23] broadcasting Intent { act=android.net.conn.CONNECTIVITY_CHANGE flg=0x4200010 (has extras) } from android (pid=1522, uid=1000) to air.tv.douyu.android/com.douyu.module.miuiwidget.widgetprovider.DYMIUIWidgetFollow22Provider
06-29 03:40:25.232 W/BroadcastQueue( 1522): Target SDK mismatch: receiver ActivityInfo{b2cd800 com.douyu.sdk.apkdownload.receiver.BroadcastReceiverNetworkChange} targets 28 but delivery restricted to [0, 23] broadcasting Intent { act=android.net.conn.CONNECTIVITY_CHANGE flg=0x4200010 (has extras) } from android (pid=1522, uid=1000) to air.tv.douyu.android/com.douyu.sdk.apkdownload.receiver.BroadcastReceiverNetworkChange
06-29 03:40:25.232 W/BroadcastQueue( 1522): Target SDK mismatch: receiver ActivityInfo{be82839 com.igexin.sdk.PushReceiver} targets 28 but delivery restricted to [0, 23] broadcasting Intent { act=android.net.conn.CONNECTIVITY_CHANGE flg=0x4200010 (has extras) } from android (pid=1522, uid=1000) to air.tv.douyu.android/com.igexin.sdk.PushReceiver
06-29 03:40:25.232 W/BroadcastQueue( 1522): Target SDK mismatch: receiver ActivityInfo{330ae7e com.happyelements.gsp.android.notification.gcn.GcnBroadcastReceiver} targets 26 but delivery restricted to [0, 23] broadcasting Intent { act=android.net.conn.CONNECTIVITY_CHANGE flg=0x4200010 (has extras) } from android (pid=1522, uid=1000) to com.happyelements.AndroidAnimal/com.happyelements.gsp.android.notification.gcn.GcnBroadcastReceiver
06-29 03:40:25.232 W/BroadcastQueue( 1522): Target SDK mismatch: receiver ActivityInfo{458dfdf com.igexin.sdk.PushReceiver} targets 30 but delivery restricted to [0, 23] broadcasting Intent { act=android.net.conn.CONNECTIVITY_CHANGE flg=0x4200010 (has extras) } from android (pid=1522, uid=1000) to com.hunantv.imgo.activity/com.igexin.sdk.PushReceiver
06-29 03:40:25.232 W/BroadcastQueue( 1522): Target SDK mismatch: receiver ActivityInfo{387742c cn.jpush.android.service.PushReceiver} targets 31 but delivery restricted to [0, 23] broadcasting Intent { act=android.net.conn.CONNECTIVITY_CHANGE flg=0x4200010 (has extras) } from android (pid=1522, uid=1000) to com.miHoYo.Yuanshen/cn.jpush.android.service.PushReceiver
