06-29 03:41:40.143 D/PowerManagerService( 1522): acquireWakeLockInternal: lock=74860393, flags=0x1, tag="AudioMix", ws=null, uid=1041, pid=0
06-29 03:41:40.143 D/PowerManagerService( 1522): updateWakeLockSummaryLocked: mWakefulness=Awake, mWakeLockSummary=0x1
06-29 03:41:40.143 D/PowerManagerService( 1522): updateUserActivitySummaryLocked: groupId=0, mWakefulness=Awake, mUserActivitySummary=0x1, nextTimeout=2573129 (in 59435 ms)
06-29 03:41:40.143 D/PowerManagerNotifier( 1522): onScreenPolicyUpdate: newPolicy=3
06-29 03:41:40.143 D/PowerManagerService( 1522): updateDisplayPowerStateLocked: displayReady=true, groupId=0, policy=BRIGHT, mWakefulness=Awake, mWakeLockSummary=0x1, mUserActivitySummary=0x1, mBootCompleted=true, screenBrightnessOverride=NaN, useAutoBrightness=false, mScreenBrightnessBoostInProgress=false, mIsVrModeEnabled= false, sQuiescent=false
06-29 03:41:40.143 D/PowerManagerNotifier( 1522): onWakeLockAcquired: flags=1, tag="AudioMix", packageName=audioserver, ownerUid=1041, ownerPid=0, workSource=null
06-29 03:41:40.143 D/PowerManagerService( 1522): updateWakeLockWorkSourceInternal: lock=74860393 [AudioMix], ws=null
06-29 03:41:40.143 D/PowerManagerService( 1522): acquireWakeLockInternal: lock=72652270, flags=0x1, tag="AudioMix", ws=null, uid=1041, pid=0
06-29 03:41:40.143 D/PowerManagerService( 1522): updateWakeLockSummaryLocked: mWakefulness=Awake, mWakeLockSummary=0x1
06-29 03:41:40.143 D/PowerManagerService( 1522): updateUserActivitySummaryLocked: groupId=0, mWakefulness=Awake, mUserActivitySummary=0x1, nextTimeout=2573129 (in 59435 ms)
06-29 03:41:40.143 D/PowerManagerNotifier( 1522): onScreenPolicyUpdate: newPolicy=3
06-29 03:41:40.143 D/PowerManagerService( 1522): updateDisplayPowerStateLocked: displayReady=true, groupId=0, policy=BRIGHT, mWakefulness=Awake, mWakeLockSummary=0x1, mUserActivitySummary=0x1, mBootCompleted=true, screenBrightnessOverride=NaN, useAutoBrightness=false, mScreenBrightnessBoostInProgress=false, mIsVrModeEnabled= false, sQuiescent=false
06-29 03:41:40.143 D/PowerManagerNotifier( 1522): onWakeLockAcquired: flags=1, tag="AudioMix", packageName=audioserver, ownerUid=1041, ownerPid=0, workSource=null
06-29 03:41:40.143 D/PowerManagerService( 1522): updateWakeLockWorkSourceInternal: lock=72652270 [AudioMix], ws=null
06-29 03:41:40.184 I/MicroServiceManager( 1522): requestResult(requestAudioFocus) parameters is{"functionInfo":{"IDCM_AudioFocus":"AudioFocus_Media"}}.
06-29 03:41:40.198 I/[ 2513.747943] msm_vidc( 0): high: 00000001: ....d: Opening video instance: 0000000000000000, 1
06-29 03:41:40.198 I/[ 2513.747976] msm_vidc( 0): err : 00000001: ....d: Failed to create debugfs for msm_vidc
06-29 03:41:40.255 D/PowerManagerService( 1522): updateWakeLockWorkSourceInternal: lock=194000368 [AudioMix], ws=WorkSource{10092}
06-29 03:41:40.255 D/PowerManagerNotifier( 1522): onWakeLockReleased: flags=1, tag="AudioMix", packageName=audioserver, ownerUid=1041, ownerPid=0, workSource=null
06-29 03:41:40.255 D/PowerManagerNotifier( 1522): onWakeLockAcquired: flags=1, tag="AudioMix", packageName=audioserver, ownerUid=1041, ownerPid=0, workSource=WorkSource{10092}
06-29 03:41:40.263 I/[ 2513.810882] afe_find_cal_topo_id_by_port( 0): port id: 0x9000, dev_acdb_id: 15
06-29 03:41:40.263 I/[ 2513.810884] afe_find_cal_topo_id_by_port( 0): top_id:112fc acdb_id:15 afe_port_id:0x9000
06-29 03:41:40.263 I/[ 2513.810885] afe_get_cal_topology_id( 0): port_id = 0x9000 acdb_id = 15 topology_id = 0x112fc cal_type_index=8 ret=0
06-29 03:41:40.263 I/[ 2513.811093] afe_send_port_topology_id( 0): AFE set topology id 0x112fc enable for port 0x9000 ret 0
06-29 03:41:40.263 I/[ 2513.811095] send_afe_cal_type( 0): cal_index is 0
06-29 03:41:40.263 I/[ 2513.811096] send_afe_cal_type( 0): dev_acdb_id[55] is 15
06-29 03:41:40.263 I/[ 2513.811097] afe_find_cal( 0): cal_index 0 port_id 0x9000 port_index 55
06-29 03:41:40.263 I/[ 2513.811098] afe_find_cal( 0): acdb_id 15 dev_acdb_id 15 sample_rate 48000 afe_sample_rates 48000
06-29 03:41:40.263 I/[ 2513.811099] afe_find_cal( 0): cal block is a match, size is 0
06-29 03:41:40.263 I/[ 2513.811099] send_afe_cal_type( 0): Sending cal_index cal 0
06-29 03:41:40.263 E/[ 2513.811100] send_afe_cal_type( 0): No cal sent for cal_index 0, port_id = 0x9000! ret -22
06-29 03:41:40.263 I/[ 2513.811302] afe_send_hw_delay( 0): port_id 0x9000 rate 48000 delay_usec 474 status 0
06-29 03:41:40.279 D/CompatibilityChangeReporter( 1522): Compat change id reported: 135634846; UID 10122; state: DISABLED
06-29 03:41:40.279 D/CompatibilityChangeReporter( 1522): Compat change id reported: 177438394; UID 10122; state: DISABLED
06-29 03:41:40.279 D/CompatibilityChangeReporter( 1522): Compat change id reported: 135772972; UID 10122; state: DISABLED
06-29 03:41:40.279 D/CompatibilityChangeReporter( 1522): Compat change id reported: 143937733; UID 10122; state: ENABLED
06-29 03:41:40.284 I/ActivityManager( 1522): Start proc 16839:com.xingin.xhs:longlink/u0a122 for service {com.xingin.xhs/com.xingin.xynetcore.NetcoreService}
06-29 03:41:40.301 I/[ 2513.848351] binder( 0): 16839:16839 ioctl 40046210 7fdcc9b894 returned -22
06-29 03:41:40.302 D/CompatibilityChangeReporter( 1522): Compat change id reported: 168419799; UID 10122; state: DISABLED
06-29 03:41:40.499 W/FileUtils(16641): Failed to chmod(/data/user/0/com.tencent.mm/app_tbs): android.system.ErrnoException: chmod failed: EACCES (Permission denied)
06-29 03:41:40.500 W/FileUtils(16641): Failed to chmod(/data/user/0/com.tencent.mm/app_tbs_common_share): android.system.ErrnoException: chmod failed: EACCES (Permission denied)
06-29 03:41:40.522 W/FileUtils(16641): Failed to chmod(/data/user/0/com.tencent.mobileqq/app_tbs): android.system.ErrnoException: chmod failed: EACCES (Permission denied)
06-29 03:41:40.522 W/FileUtils(16641): Failed to chmod(/data/user/0/com.tencent.mobileqq/app_tbs_common_share): android.system.ErrnoException: chmod failed: EACCES (Permission denied)
06-29 03:41:40.538 W/FileUtils(16641): Failed to chmod(/data/user/0/com.tencent.mm/app_tbs): android.system.ErrnoException: chmod failed: EACCES (Permission denied)
06-29 03:41:40.538 W/FileUtils(16641): Failed to chmod(/data/user/0/com.tencent.mm/app_tbs_common_share): android.system.ErrnoException: chmod failed: EACCES (Permission denied)
06-29 03:41:40.538 W/FileUtils(16641): Failed to chmod(/data/user/0/com.tencent.mobileqq/app_tbs): android.system.ErrnoException: chmod failed: EACCES (Permission denied)
06-29 03:41:40.539 W/FileUtils(16641): Failed to chmod(/data/user/0/com.tencent.mobileqq/app_tbs_common_share): android.system.ErrnoException: chmod failed: EACCES (Permission denied)
06-29 03:41:40.785 W/BroadcastQueue( 1522): Background execution not allowed: receiving Intent { act=android.media.AUDIO_BECOMING_NOISY flg=0x14000010 } to com.kugou.android.auto/.receiver.AutoStartReceiver
06-29 03:41:40.786 D/PowerManagerService( 1522): acquireWakeLockInternal: lock=126465943, flags=0x2000000a, tag="WindowManager", ws=WorkSource{10092}, uid=1000, pid=1522
06-29 03:41:40.786 D/PowerManagerService( 1522): updateWakeLockSummaryLocked: mWakefulness=Awake, mWakeLockSummary=0x23
06-29 03:41:40.786 D/PowerManagerService( 1522): updateUserActivitySummaryLocked: groupId=0, mWakefulness=Awake, mUserActivitySummary=0x1, nextTimeout=2573129 (in 58792 ms)
06-29 03:41:40.786 D/PowerManagerNotifier( 1522): onScreenPolicyUpdate: newPolicy=3
06-29 03:41:40.786 D/PowerManagerService( 1522): updateDisplayPowerStateLocked: displayReady=true, groupId=0, policy=BRIGHT, mWakefulness=Awake, mWakeLockSummary=0x23, mUserActivitySummary=0x1, mBootCompleted=true, screenBrightnessOverride=NaN, useAutoBrightness=false, mScreenBrightnessBoostInProgress=false, mIsVrModeEnabled= false, sQuiescent=false
06-29 03:41:40.786 D/PowerManagerNotifier( 1522): onWakeLockAcquired: flags=536870922, tag="WindowManager", packageName=android, ownerUid=1000, ownerPid=1522, workSource=WorkSource{10092}
06-29 03:41:40.788 I/MicroServiceManager( 1522): requestResult(requestAudioFocus) parameters is{"functionInfo":{"IDCM_AudioFocus":"AudioFocus_Media"}}.
06-29 03:41:40.841 D/PowerManagerService( 1522): releaseWakeLockInternal: lock=258975204 [*launch*], flags=0x0
06-29 03:41:40.841 D/PowerManagerNotifier( 1522): onWakeLockReleased: flags=1, tag="*launch*", packageName=android, ownerUid=1000, ownerPid=1522, workSource=WorkSource{10092}
06-29 03:41:40.841 D/PowerManagerService( 1522): updateWakeLockSummaryLocked: mWakefulness=Awake, mWakeLockSummary=0x23
06-29 03:41:40.842 D/PowerManagerService( 1522): updateUserActivitySummaryLocked: groupId=0, mWakefulness=Awake, mUserActivitySummary=0x1, nextTimeout=2573129 (in 58736 ms)
06-29 03:41:40.842 D/PowerManagerNotifier( 1522): onScreenPolicyUpdate: newPolicy=3
06-29 03:41:40.842 D/PowerManagerService( 1522): updateDisplayPowerStateLocked: displayReady=true, groupId=0, policy=BRIGHT, mWakefulness=Awake, mWakeLockSummary=0x23, mUserActivitySummary=0x1, mBootCompleted=true, screenBrightnessOverride=NaN, useAutoBrightness=false, mScreenBrightnessBoostInProgress=false, mIsVrModeEnabled= false, sQuiescent=false
06-29 03:41:41.009 W/[ 2514.550082] audit( 0): audit_lost=22736 audit_rate_limit=5 audit_backlog_limit=64
06-29 03:41:41.009 E/[ 2514.550087] audit( 0): rate limit exceeded
06-29 03:41:41.288 D/Build (16577): ro.build.display.id=01.00.C106_20230629_private_user
06-29 03:41:41.293 I/[ 2514.840927] binder( 0): 16577:16577 ioctl 40046210 7fcd034db4 returned -22
06-29 03:41:41.362 E/[ 2514.912109] link_delay_work_func( 0): DTC_ETH: SQI=0, link=0
06-29 03:41:41.389 W/BroadcastQueue( 1522): Background execution not allowed: receiving Intent { act=android.media.AUDIO_BECOMING_NOISY flg=0x14000010 } to com.kugou.android.auto/.receiver.AutoStartReceiver
06-29 03:41:41.797 W/ActivityManager( 1522): Receiver with filter android.content.IntentFilter@ee94c09 already registered for pid 16239, callerPackage is com.smile.gifmaker
06-29 03:41:41.960 W/ActivityManager( 1522): Background start not allowed: service Intent { pkg=com.smile.gifmaker cmp=com.smile.gifmaker/com.kwai.chat.kwailink.service.NewKwaiLinkService } to com.smile.gifmaker/com.kwai.chat.kwailink.service.NewKwaiLinkService from pid=16239 uid=10105 pkg=com.smile.gifmaker startFg?=false
06-29 03:41:41.991 D/CompatibilityChangeReporter( 1522): Compat change id reported: 135634846; UID 10105; state: DISABLED
06-29 03:41:41.991 D/CompatibilityChangeReporter( 1522): Compat change id reported: 143937733; UID 10105; state: DISABLED
06-29 03:41:41.997 I/ActivityManager( 1522): Start proc 17028:com.smile.gifmaker:messagesdk/u0a105 for service {com.smile.gifmaker/com.kwai.chat.kwailink.service.NewKwaiLinkService}
06-29 03:41:42.017 I/[ 2515.564979] binder( 0): 17028:17028 ioctl 40046210 ffb15498 returned -22
06-29 03:41:42.017 D/CompatibilityChangeReporter( 1522): Compat change id reported: 168419799; UID 10105; state: DISABLED
06-29 03:41:42.061 W/Looper (16207): Loop again would have the queued messages be executed before this one completed.
06-29 03:41:42.088 I/ActivityManager( 1522): Killing 16239:com.smile.gifmaker/u0a105 (adj 905): empty #2
06-29 03:41:42.121 W/[ 2515.665101] audit( 0): audit_lost=22749 audit_rate_limit=5 audit_backlog_limit=64
06-29 03:41:42.121 E/[ 2515.665106] audit( 0): rate limit exceeded
06-29 03:41:42.243 I/ActivityManager( 1522): Killing 14905:com.qualcomm.qti.qccauthmgr/u0a79 (adj 915): empty #2
06-29 03:41:42.269 E/ClipboardService( 1522): Denying clipboard access to com.xingin.xhs, application is not in focus nor is it a system service for user 0
06-29 03:41:42.312 I/[ 2515.863035] binder( 0): undelivered transaction 1960973, process died.
06-29 03:41:42.422 D/Build (16723): ro.build.display.id=01.00.C106_20230629_private_user
06-29 03:41:42.429 I/[ 2515.975419] binder( 0): 16723:16723 ioctl 40046210 7fc4f04c74 returned -22
06-29 03:41:42.438 E/ActivityThread(16207): Failed to find provider info for telephony
06-29 03:41:42.453 I/[ 2516.001968] msm_vidc( 0): err : ffffffff: .....: DBLP Set: status 0
06-29 03:41:42.672 W/Looper (16839): Loop again would have the queued messages be executed before this one completed.
06-29 03:41:42.805 D/CompatibilityChangeReporter( 1522): Compat change id reported: 171306433; UID 10122; state: ENABLED
06-29 03:41:42.973 I/[ 2516.521074] [soft_i][0xb42fbd7b0][03( 0): 41:42.970035] wlan: [0:I:DP] dp_addba_requestprocess_wifi3 restore BA win 64 based on addba req
06-29 03:41:43.033 D/PowerManagerService( 1522): acquireWakeLockInternal: lock=78432513, flags=0x1, tag="Mars::MicroMsg.WakerLock", ws=null, uid=10122, pid=16839
06-29 03:41:43.034 D/PowerManagerService( 1522): updateWakeLockSummaryLocked: mWakefulness=Awake, mWakeLockSummary=0x23
06-29 03:41:43.034 D/PowerManagerService( 1522): updateUserActivitySummaryLocked: groupId=0, mWakefulness=Awake, mUserActivitySummary=0x1, nextTimeout=2573129 (in 56544 ms)
06-29 03:41:43.034 D/PowerManagerNotifier( 1522): onScreenPolicyUpdate: newPolicy=3
06-29 03:41:43.034 D/PowerManagerService( 1522): updateDisplayPowerStateLocked: displayReady=true, groupId=0, policy=BRIGHT, mWakefulness=Awake, mWakeLockSummary=0x23, mUserActivitySummary=0x1, mBootCompleted=true, screenBrightnessOverride=NaN, useAutoBrightness=false, mScreenBrightnessBoostInProgress=false, mIsVrModeEnabled= false, sQuiescent=false
06-29 03:41:43.035 I/GameModeConfig( 1522): isGameModeOn = false
06-29 03:41:43.035 I/GameModeConfig( 1522): isGameModeOn = false
06-29 03:41:43.035 I/GameModeConfig( 1522): isGameModeOn = false
06-29 03:41:43.036 I/GameModeConfig( 1522): isGameModeOn = false
06-29 03:41:43.036 I/GameModeConfig( 1522): isGameModeOn = false
06-29 03:41:43.036 I/GameModeConfig( 1522): isGameModeOn = false
06-29 03:41:43.037 I/GameModeConfig( 1522): isGameModeOn = false
06-29 03:41:43.037 I/GameModeConfig( 1522): isGameModeOn = false
06-29 03:41:43.037 I/GameModeConfig( 1522): isGameModeOn = false
06-29 03:41:43.037 I/GameModeConfig( 1522): isGameModeOn = false
06-29 03:41:43.037 I/GameModeConfig( 1522): isGameModeOn = false
06-29 03:41:43.038 I/GameModeConfig( 1522): isGameModeOn = false
06-29 03:41:43.039 D/PowerManagerService( 1522): acquireWakeLockInternal: lock=177607590, flags=0x1, tag="Mars::MicroMsg.WakerLock", ws=null, uid=10122, pid=16839
06-29 03:41:43.039 D/PowerManagerService( 1522): updateWakeLockSummaryLocked: mWakefulness=Awake, mWakeLockSummary=0x23
06-29 03:41:43.039 D/PowerManagerService( 1522): updateUserActivitySummaryLocked: groupId=0, mWakefulness=Awake, mUserActivitySummary=0x1, nextTimeout=2573129 (in 56539 ms)
06-29 03:41:43.039 D/PowerManagerNotifier( 1522): onScreenPolicyUpdate: newPolicy=3
06-29 03:41:43.039 D/PowerManagerService( 1522): updateDisplayPowerStateLocked: displayReady=true, groupId=0, policy=BRIGHT, mWakefulness=Awake, mWakeLockSummary=0x23, mUserActivitySummary=0x1, mBootCompleted=true, screenBrightnessOverride=NaN, useAutoBrightness=false, mScreenBrightnessBoostInProgress=false, mIsVrModeEnabled= false, sQuiescent=false
06-29 03:41:43.046 D/PowerManagerService( 1522): acquireWakeLockInternal: lock=71770599, flags=0x1, tag="Mars::MicroMsg.WakerLock", ws=null, uid=10122, pid=16839
06-29 03:41:43.046 D/PowerManagerService( 1522): updateWakeLockSummaryLocked: mWakefulness=Awake, mWakeLockSummary=0x23
06-29 03:41:43.046 D/PowerManagerService( 1522): updateUserActivitySummaryLocked: groupId=0, mWakefulness=Awake, mUserActivitySummary=0x1, nextTimeout=2573129 (in 56532 ms)
06-29 03:41:43.046 D/PowerManagerNotifier( 1522): onScreenPolicyUpdate: newPolicy=3
06-29 03:41:43.046 D/PowerManagerService( 1522): updateDisplayPowerStateLocked: displayReady=true, groupId=0, policy=BRIGHT, mWakefulness=Awake, mWakeLockSummary=0x23, mUserActivitySummary=0x1, mBootCompleted=true, screenBrightnessOverride=NaN, useAutoBrightness=false, mScreenBrightnessBoostInProgress=false, mIsVrModeEnabled= false, sQuiescent=false
06-29 03:41:43.141 D/PowerManagerService( 1522): releaseWakeLockInternal: lock=72652270 [AudioMix], flags=0x0
06-29 03:41:43.142 D/PowerManagerNotifier( 1522): onWakeLockReleased: flags=1, tag="AudioMix", packageName=audioserver, ownerUid=1041, ownerPid=0, workSource=null
06-29 03:41:43.142 D/PowerManagerService( 1522): updateWakeLockSummaryLocked: mWakefulness=Awake, mWakeLockSummary=0x23
06-29 03:41:43.142 D/PowerManagerService( 1522): updateUserActivitySummaryLocked: groupId=0, mWakefulness=Awake, mUserActivitySummary=0x1, nextTimeout=2573129 (in 56436 ms)
06-29 03:41:43.142 D/PowerManagerNotifier( 1522): onScreenPolicyUpdate: newPolicy=3
06-29 03:41:43.142 D/PowerManagerService( 1522): updateDisplayPowerStateLocked: displayReady=true, groupId=0, policy=BRIGHT, mWakefulness=Awake, mWakeLockSummary=0x23, mUserActivitySummary=0x1, mBootCompleted=true, screenBrightnessOverride=NaN, useAutoBrightness=false, mScreenBrightnessBoostInProgress=false, mIsVrModeEnabled= false, sQuiescent=false
06-29 03:41:43.142 D/PowerManagerService( 1522): releaseWakeLockInternal: lock=139476531 [AudioMix], flags=0x0
06-29 03:41:43.142 D/PowerManagerNotifier( 1522): onWakeLockReleased: flags=1, tag="AudioMix", packageName=audioserver, ownerUid=1041, ownerPid=0, workSource=null
06-29 03:41:43.143 D/PowerManagerService( 1522): updateWakeLockSummaryLocked: mWakefulness=Awake, mWakeLockSummary=0x23
06-29 03:41:43.143 D/PowerManagerService( 1522): updateUserActivitySummaryLocked: groupId=0, mWakefulness=Awake, mUserActivitySummary=0x1, nextTimeout=2573129 (in 56435 ms)
06-29 03:41:43.143 D/PowerManagerNotifier( 1522): onScreenPolicyUpdate: newPolicy=3
06-29 03:41:43.143 D/PowerManagerService( 1522): updateDisplayPowerStateLocked: displayReady=true, groupId=0, policy=BRIGHT, mWakefulness=Awake, mWakeLockSummary=0x23, mUserActivitySummary=0x1, mBootCompleted=true, screenBrightnessOverride=NaN, useAutoBrightness=false, mScreenBrightnessBoostInProgress=false, mIsVrModeEnabled= false, sQuiescent=false
06-29 03:41:43.143 D/PowerManagerService( 1522): releaseWakeLockInternal: lock=169083298 [AudioMix], flags=0x0
06-29 03:41:43.143 D/PowerManagerNotifier( 1522): onWakeLockReleased: flags=1, tag="AudioMix", packageName=audioserver, ownerUid=1041, ownerPid=0, workSource=null
06-29 03:41:43.143 D/PowerManagerService( 1522): updateWakeLockSummaryLocked: mWakefulness=Awake, mWakeLockSummary=0x23
06-29 03:41:43.143 D/PowerManagerService( 1522): updateUserActivitySummaryLocked: groupId=0, mWakefulness=Awake, mUserActivitySummary=0x1, nextTimeout=2573129 (in 56435 ms)
06-29 03:41:43.143 D/PowerManagerNotifier( 1522): onScreenPolicyUpdate: newPolicy=3
06-29 03:41:43.143 D/PowerManagerService( 1522): updateDisplayPowerStateLocked: displayReady=true, groupId=0, policy=BRIGHT, mWakefulness=Awake, mWakeLockSummary=0x23, mUserActivitySummary=0x1, mBootCompleted=true, screenBrightnessOverride=NaN, useAutoBrightness=false, mScreenBrightnessBoostInProgress=false, mIsVrModeEnabled= false, sQuiescent=false
06-29 03:41:43.151 D/PowerManagerService( 1522): releaseWakeLockInternal: lock=74860393 [AudioMix], flags=0x0
06-29 03:41:43.152 D/PowerManagerNotifier( 1522): onWakeLockReleased: flags=1, tag="AudioMix", packageName=audioserver, ownerUid=1041, ownerPid=0, workSource=null
06-29 03:41:43.152 D/PowerManagerService( 1522): updateWakeLockSummaryLocked: mWakefulness=Awake, mWakeLockSummary=0x23
06-29 03:41:43.152 D/PowerManagerService( 1522): updateUserActivitySummaryLocked: groupId=0, mWakefulness=Awake, mUserActivitySummary=0x1, nextTimeout=2573129 (in 56426 ms)
06-29 03:41:43.152 D/PowerManagerNotifier( 1522): onScreenPolicyUpdate: newPolicy=3
06-29 03:41:43.153 D/PowerManagerService( 1522): updateDisplayPowerStateLocked: displayReady=true, groupId=0, policy=BRIGHT, mWakefulness=Awake, mWakeLockSummary=0x23, mUserActivitySummary=0x1, mBootCompleted=true, screenBrightnessOverride=NaN, useAutoBrightness=false, mScreenBrightnessBoostInProgress=false, mIsVrModeEnabled= false, sQuiescent=false
06-29 03:41:43.171 W/[ 2516.719939] audit( 0): audit_lost=22790 audit_rate_limit=5 audit_backlog_limit=64
06-29 03:41:43.171 E/[ 2516.719945] audit( 0): rate limit exceeded
06-29 03:41:43.197 I/ActivityManager( 1522): Killing 16839:com.xingin.xhs:longlink/u0a122 (adj 905): empty #2
06-29 03:41:43.199 I/ActivityManager( 1522): Killing 16207:com.xingin.xhs/u0a122 (adj 905): empty #3
06-29 03:41:43.240 D/CompatibilityChangeReporter( 1522): Compat change id reported: 171306433; UID 10105; state: DISABLED
06-29 03:41:43.291 D/Build (17103): ro.build.display.id=01.00.C106_20230629_private_user
06-29 03:41:43.298 I/[ 2516.844340] binder( 0): 17103:17103 ioctl 40046210 7fca3b1c24 returned -22
06-29 03:41:43.375 D/PowerManagerService( 1522): handleWakeLockDeath: lock=78432513 [Mars::MicroMsg.WakerLock]
06-29 03:41:43.376 D/PowerManagerService( 1522): updateWakeLockSummaryLocked: mWakefulness=Awake, mWakeLockSummary=0x23
06-29 03:41:43.376 D/PowerManagerService( 1522): updateUserActivitySummaryLocked: groupId=0, mWakefulness=Awake, mUserActivitySummary=0x1, nextTimeout=2573129 (in 56202 ms)
06-29 03:41:43.376 D/PowerManagerNotifier( 1522): onScreenPolicyUpdate: newPolicy=3
06-29 03:41:43.376 D/PowerManagerService( 1522): updateDisplayPowerStateLocked: displayReady=true, groupId=0, policy=BRIGHT, mWakefulness=Awake, mWakeLockSummary=0x23, mUserActivitySummary=0x1, mBootCompleted=true, screenBrightnessOverride=NaN, useAutoBrightness=false, mScreenBrightnessBoostInProgress=false, mIsVrModeEnabled= false, sQuiescent=false
06-29 03:41:43.376 D/PowerManagerService( 1522): handleWakeLockDeath: lock=71770599 [Mars::MicroMsg.WakerLock]
06-29 03:41:43.376 D/PowerManagerService( 1522): updateWakeLockSummaryLocked: mWakefulness=Awake, mWakeLockSummary=0x23
06-29 03:41:43.376 D/PowerManagerService( 1522): updateUserActivitySummaryLocked: groupId=0, mWakefulness=Awake, mUserActivitySummary=0x1, nextTimeout=2573129 (in 56202 ms)
06-29 03:41:43.376 D/PowerManagerNotifier( 1522): onScreenPolicyUpdate: newPolicy=3
06-29 03:41:43.376 D/PowerManagerService( 1522): updateDisplayPowerStateLocked: displayReady=true, groupId=0, policy=BRIGHT, mWakefulness=Awake, mWakeLockSummary=0x23, mUserActivitySummary=0x1, mBootCompleted=true, screenBrightnessOverride=NaN, useAutoBrightness=false, mScreenBrightnessBoostInProgress=false, mIsVrModeEnabled= false, sQuiescent=false
06-29 03:41:43.376 D/PowerManagerService( 1522): handleWakeLockDeath: lock=177607590 [Mars::MicroMsg.WakerLock]
06-29 03:41:43.376 D/PowerManagerService( 1522): updateWakeLockSummaryLocked: mWakefulness=Awake, mWakeLockSummary=0x23
06-29 03:41:43.376 D/PowerManagerService( 1522): updateUserActivitySummaryLocked: groupId=0, mWakefulness=Awake, mUserActivitySummary=0x1, nextTimeout=2573129 (in 56202 ms)
06-29 03:41:43.376 D/PowerManagerNotifier( 1522): onScreenPolicyUpdate: newPolicy=3
06-29 03:41:43.376 D/PowerManagerService( 1522): updateDisplayPowerStateLocked: displayReady=true, groupId=0, policy=BRIGHT, mWakefulness=Awake, mWakeLockSummary=0x23, mUserActivitySummary=0x1, mBootCompleted=true, screenBrightnessOverride=NaN, useAutoBrightness=false, mScreenBrightnessBoostInProgress=false, mIsVrModeEnabled= false, sQuiescent=false
06-29 03:41:43.377 W/ActivityManager( 1522): Scheduling restart of crashed service com.xingin.xhs/com.xingin.xynetcore.NetcoreService in 1000ms for connection
06-29 03:41:43.378 I/[ 2516.928417] init( 0): Untracked pid 17142 received signal 9
06-29 03:41:43.380 W/ActivityManager( 1522): Background start not allowed: service Intent { pkg=com.smile.gifmaker cmp=com.smile.gifmaker/com.kwai.chat.kwailink.service.NewKwaiLinkService } to com.smile.gifmaker/com.kwai.chat.kwailink.service.NewKwaiLinkService from pid=17028 uid=10105 pkg=com.smile.gifmaker startFg?=false
06-29 03:41:43.390 W/ActivityManager( 1522): Receiver with filter android.content.IntentFilter@81edbe1 already registered for pid 17028, callerPackage is com.smile.gifmaker
06-29 03:41:43.417 I/[ 2516.965763] init( 0): Untracked pid 17215 received signal 9
06-29 03:41:43.429 I/[ 2516.978763] init( 0): Untracked pid 17214 exited with status 0
06-29 03:41:43.465 I/[ 2517.013375] init( 0): Untracked pid 16723 received signal 9
06-29 03:41:43.465 I/[ 2517.014466] init( 0): Untracked pid 17103 received signal 9
06-29 03:41:46.169 D/PowerManagerService( 1522): acquireWakeLockInternal: lock=110234629, flags=0x1, tag="NetworkStats", ws=null, uid=1000, pid=1522
06-29 03:41:46.169 D/PowerManagerService( 1522): updateWakeLockSummaryLocked: mWakefulness=Awake, mWakeLockSummary=0x23
06-29 03:41:46.170 D/PowerManagerService( 1522): updateUserActivitySummaryLocked: groupId=0, mWakefulness=Awake, mUserActivitySummary=0x1, nextTimeout=2573129 (in 53408 ms)
06-29 03:41:46.170 D/PowerManagerNotifier( 1522): onScreenPolicyUpdate: newPolicy=3
06-29 03:41:46.170 D/PowerManagerService( 1522): updateDisplayPowerStateLocked: displayReady=true, groupId=0, policy=BRIGHT, mWakefulness=Awake, mWakeLockSummary=0x23, mUserActivitySummary=0x1, mBootCompleted=true, screenBrightnessOverride=NaN, useAutoBrightness=false, mScreenBrightnessBoostInProgress=false, mIsVrModeEnabled= false, sQuiescent=false
06-29 03:41:46.170 D/PowerManagerNotifier( 1522): onWakeLockAcquired: flags=1, tag="NetworkStats", packageName=android, ownerUid=1000, ownerPid=1522, workSource=null
06-29 03:41:46.194 D/PowerManagerService( 1522): releaseWakeLockInternal: lock=110234629 [NetworkStats], flags=0x0
06-29 03:41:46.194 D/PowerManagerNotifier( 1522): onWakeLockReleased: flags=1, tag="NetworkStats", packageName=android, ownerUid=1000, ownerPid=1522, workSource=null
06-29 03:41:46.194 D/PowerManagerService( 1522): updateWakeLockSummaryLocked: mWakefulness=Awake, mWakeLockSummary=0x23
06-29 03:41:46.194 D/PowerManagerService( 1522): updateUserActivitySummaryLocked: groupId=0, mWakefulness=Awake, mUserActivitySummary=0x1, nextTimeout=2573129 (in 53384 ms)
06-29 03:41:46.194 D/PowerManagerNotifier( 1522): onScreenPolicyUpdate: newPolicy=3
06-29 03:41:46.195 D/PowerManagerService( 1522): updateDisplayPowerStateLocked: displayReady=true, groupId=0, policy=BRIGHT, mWakefulness=Awake, mWakeLockSummary=0x23, mUserActivitySummary=0x1, mBootCompleted=true, screenBrightnessOverride=NaN, useAutoBrightness=false, mScreenBrightnessBoostInProgress=false, mIsVrModeEnabled= false, sQuiescent=false
06-29 03:41:46.485 E/[ 2520.032300] link_delay_work_func( 0): DTC_ETH: SQI=0, link=0
06-29 03:41:48.193 I/[ 2521.740667] msm_vidc( 0): high: 00000001: h264d: Closed video instance: 0000000000000000
06-29 03:41:48.686 D/CompatibilityChangeReporter( 1522): Compat change id reported: 149924527; UID 10092; state: ENABLED
06-29 03:41:48.687 D/CompatibilityChangeReporter( 1522): Compat change id reported: 132649864; UID 10092; state: DISABLED
06-29 03:41:48.745 W/[ 2522.295844] audit( 0): audit_lost=22797 audit_rate_limit=5 audit_backlog_limit=64
06-29 03:41:48.745 E/[ 2522.295846] audit( 0): rate limit exceeded
06-29 03:41:49.042 D/PowerManagerService( 1522): acquireWakeLockInternal: lock=125411416, flags=0x1, tag="AudioMix", ws=null, uid=1041, pid=0
06-29 03:41:49.042 D/PowerManagerService( 1522): updateWakeLockSummaryLocked: mWakefulness=Awake, mWakeLockSummary=0x23
06-29 03:41:49.042 D/PowerManagerService( 1522): updateUserActivitySummaryLocked: groupId=0, mWakefulness=Awake, mUserActivitySummary=0x1, nextTimeout=2573129 (in 50536 ms)
06-29 03:41:49.043 D/PowerManagerNotifier( 1522): onScreenPolicyUpdate: newPolicy=3
06-29 03:41:49.043 D/PowerManagerService( 1522): updateDisplayPowerStateLocked: displayReady=true, groupId=0, policy=BRIGHT, mWakefulness=Awake, mWakeLockSummary=0x23, mUserActivitySummary=0x1, mBootCompleted=true, screenBrightnessOverride=NaN, useAutoBrightness=false, mScreenBrightnessBoostInProgress=false, mIsVrModeEnabled= false, sQuiescent=false
06-29 03:41:49.044 D/PowerManagerNotifier( 1522): onWakeLockAcquired: flags=1, tag="AudioMix", packageName=audioserver, ownerUid=1041, ownerPid=0, workSource=null
06-29 03:41:49.044 D/PowerManagerService( 1522): acquireWakeLockInternal: lock=162809265, flags=0x1, tag="AudioMix", ws=null, uid=1041, pid=0
06-29 03:41:49.044 D/PowerManagerService( 1522): updateWakeLockSummaryLocked: mWakefulness=Awake, mWakeLockSummary=0x23
06-29 03:41:49.044 D/PowerManagerService( 1522): updateUserActivitySummaryLocked: groupId=0, mWakefulness=Awake, mUserActivitySummary=0x1, nextTimeout=2573129 (in 50534 ms)
06-29 03:41:49.044 D/PowerManagerNotifier( 1522): onScreenPolicyUpdate: newPolicy=3
06-29 03:41:49.044 D/PowerManagerService( 1522): updateDisplayPowerStateLocked: displayReady=true, groupId=0, policy=BRIGHT, mWakefulness=Awake, mWakeLockSummary=0x23, mUserActivitySummary=0x1, mBootCompleted=true, screenBrightnessOverride=NaN, useAutoBrightness=false, mScreenBrightnessBoostInProgress=false, mIsVrModeEnabled= false, sQuiescent=false
06-29 03:41:49.044 D/PowerManagerNotifier( 1522): onWakeLockAcquired: flags=1, tag="AudioMix", packageName=audioserver, ownerUid=1041, ownerPid=0, workSource=null
06-29 03:41:49.045 D/PowerManagerService( 1522): acquireWakeLockInternal: lock=115591830, flags=0x1, tag="AudioMix", ws=null, uid=1041, pid=0
06-29 03:41:49.045 D/PowerManagerService( 1522): updateWakeLockSummaryLocked: mWakefulness=Awake, mWakeLockSummary=0x23
06-29 03:41:49.045 D/PowerManagerService( 1522): updateUserActivitySummaryLocked: groupId=0, mWakefulness=Awake, mUserActivitySummary=0x1, nextTimeout=2573129 (in 50533 ms)
06-29 03:41:49.045 D/PowerManagerNotifier( 1522): onScreenPolicyUpdate: newPolicy=3
06-29 03:41:49.045 D/PowerManagerService( 1522): updateDisplayPowerStateLocked: displayReady=true, groupId=0, policy=BRIGHT, mWakefulness=Awake, mWakeLockSummary=0x23, mUserActivitySummary=0x1, mBootCompleted=true, screenBrightnessOverride=NaN, useAutoBrightness=false, mScreenBrightnessBoostInProgress=false, mIsVrModeEnabled= false, sQuiescent=false
06-29 03:41:49.045 D/PowerManagerNotifier( 1522): onWakeLockAcquired: flags=1, tag="AudioMix", packageName=audioserver, ownerUid=1041, ownerPid=0, workSource=null
06-29 03:41:49.045 D/PowerManagerService( 1522): acquireWakeLockInternal: lock=213591575, flags=0x1, tag="AudioMix", ws=null, uid=1041, pid=0
06-29 03:41:49.045 D/PowerManagerService( 1522): updateWakeLockSummaryLocked: mWakefulness=Awake, mWakeLockSummary=0x23
06-29 03:41:49.045 D/PowerManagerService( 1522): updateUserActivitySummaryLocked: groupId=0, mWakefulness=Awake, mUserActivitySummary=0x1, nextTimeout=2573129 (in 50533 ms)
06-29 03:41:49.045 D/PowerManagerNotifier( 1522): onScreenPolicyUpdate: newPolicy=3
06-29 03:41:49.045 D/PowerManagerService( 1522): updateDisplayPowerStateLocked: displayReady=true, groupId=0, policy=BRIGHT, mWakefulness=Awake, mWakeLockSummary=0x23, mUserActivitySummary=0x1, mBootCompleted=true, screenBrightnessOverride=NaN, useAutoBrightness=false, mScreenBrightnessBoostInProgress=false, mIsVrModeEnabled= false, sQuiescent=false
06-29 03:41:49.045 D/PowerManagerNotifier( 1522): onWakeLockAcquired: flags=1, tag="AudioMix", packageName=audioserver, ownerUid=1041, ownerPid=0, workSource=null
06-29 03:41:49.046 D/PowerManagerService( 1522): updateWakeLockWorkSourceInternal: lock=125411416 [AudioMix], ws=null
06-29 03:41:49.046 D/PowerManagerService( 1522): updateWakeLockWorkSourceInternal: lock=162809265 [AudioMix], ws=null
06-29 03:41:49.046 D/PowerManagerService( 1522): updateWakeLockWorkSourceInternal: lock=115591830 [AudioMix], ws=null
06-29 03:41:49.046 D/PowerManagerService( 1522): updateWakeLockWorkSourceInternal: lock=213591575 [AudioMix], ws=null
06-29 03:41:49.047 I/MicroServiceManager( 1522): requestResult(requestAudioFocus) parameters is{"functionInfo":{"IDCM_AudioFocus":"AudioFocus_Media"}}.
06-29 03:41:49.069 I/[ 2522.617949] msm_vidc( 0): high: 00000001: ....d: Opening video instance: 0000000000000000, 1
06-29 03:41:49.069 I/[ 2522.618041] msm_vidc( 0): err : 00000001: ....d: Failed to create debugfs for msm_vidc
06-29 03:41:49.650 W/BroadcastQueue( 1522): Background execution not allowed: receiving Intent { act=android.media.AUDIO_BECOMING_NOISY flg=0x14000010 } to com.kugou.android.auto/.receiver.AutoStartReceiver
06-29 03:41:50.837 E/[ 2524.384185] msm_pcm_playback_close( 0): CMD_EOS failed, cmd_pending 0x8
06-29 03:41:50.845 I/[ 2524.392148] afe_close( 0): port_id = 0x9000
06-29 03:41:50.891 D/PowerManagerService( 1522): updateWakeLockWorkSourceInternal: lock=194000368 [AudioMix], ws=WorkSource{10092}
06-29 03:41:50.905 I/[ 2524.453223] afe_find_cal_topo_id_by_port( 0): port id: 0x9000, dev_acdb_id: 15
06-29 03:41:50.905 I/[ 2524.453231] afe_find_cal_topo_id_by_port( 0): top_id:112fc acdb_id:15 afe_port_id:0x9000
06-29 03:41:50.905 I/[ 2524.453236] afe_get_cal_topology_id( 0): port_id = 0x9000 acdb_id = 15 topology_id = 0x112fc cal_type_index=8 ret=0
06-29 03:41:50.905 I/[ 2524.453459] afe_send_port_topology_id( 0): AFE set topology id 0x112fc enable for port 0x9000 ret 0
06-29 03:41:50.905 I/[ 2524.453462] send_afe_cal_type( 0): cal_index is 0
06-29 03:41:50.905 I/[ 2524.453466] send_afe_cal_type( 0): dev_acdb_id[55] is 15
06-29 03:41:50.905 I/[ 2524.453470] afe_find_cal( 0): cal_index 0 port_id 0x9000 port_index 55
06-29 03:41:50.905 I/[ 2524.453473] afe_find_cal( 0): acdb_id 15 dev_acdb_id 15 sample_rate 48000 afe_sample_rates 48000
06-29 03:41:50.905 I/[ 2524.453476] afe_find_cal( 0): cal block is a match, size is 0
06-29 03:41:50.905 I/[ 2524.453479] send_afe_cal_type( 0): Sending cal_index cal 0
06-29 03:41:50.905 E/[ 2524.453482] send_afe_cal_type( 0): No cal sent for cal_index 0, port_id = 0x9000! ret -22
06-29 03:41:50.905 I/[ 2524.453786] afe_send_hw_delay( 0): port_id 0x9000 rate 48000 delay_usec 474 status 0
06-29 03:41:50.953 D/PowerManagerService( 1522): updateWakeLockWorkSourceInternal: lock=194000368 [AudioMix], ws=WorkSource{10092}
06-29 03:41:51.605 E/[ 2525.152089] link_delay_work_func( 0): DTC_ETH: SQI=0, link=0
06-29 03:41:52.047 D/PowerManagerService( 1522): releaseWakeLockInternal: lock=162809265 [AudioMix], flags=0x0
06-29 03:41:52.047 D/PowerManagerNotifier( 1522): onWakeLockReleased: flags=1, tag="AudioMix", packageName=audioserver, ownerUid=1041, ownerPid=0, workSource=null
06-29 03:41:52.047 D/PowerManagerService( 1522): updateWakeLockSummaryLocked: mWakefulness=Awake, mWakeLockSummary=0x23
06-29 03:41:52.047 D/PowerManagerService( 1522): updateUserActivitySummaryLocked: groupId=0, mWakefulness=Awake, mUserActivitySummary=0x1, nextTimeout=2573129 (in 47531 ms)
06-29 03:41:52.047 D/PowerManagerNotifier( 1522): onScreenPolicyUpdate: newPolicy=3
06-29 03:41:52.047 D/PowerManagerService( 1522): updateDisplayPowerStateLocked: displayReady=true, groupId=0, policy=BRIGHT, mWakefulness=Awake, mWakeLockSummary=0x23, mUserActivitySummary=0x1, mBootCompleted=true, screenBrightnessOverride=NaN, useAutoBrightness=false, mScreenBrightnessBoostInProgress=false, mIsVrModeEnabled= false, sQuiescent=false
06-29 03:41:52.048 D/PowerManagerService( 1522): releaseWakeLockInternal: lock=125411416 [AudioMix], flags=0x0
06-29 03:41:52.048 D/PowerManagerNotifier( 1522): onWakeLockReleased: flags=1, tag="AudioMix", packageName=audioserver, ownerUid=1041, ownerPid=0, workSource=null
06-29 03:41:52.048 D/PowerManagerService( 1522): updateWakeLockSummaryLocked: mWakefulness=Awake, mWakeLockSummary=0x23
06-29 03:41:52.048 D/PowerManagerService( 1522): updateUserActivitySummaryLocked: groupId=0, mWakefulness=Awake, mUserActivitySummary=0x1, nextTimeout=2573129 (in 47530 ms)
06-29 03:41:52.048 D/PowerManagerNotifier( 1522): onScreenPolicyUpdate: newPolicy=3
06-29 03:41:52.048 D/PowerManagerService( 1522): updateDisplayPowerStateLocked: displayReady=true, groupId=0, policy=BRIGHT, mWakefulness=Awake, mWakeLockSummary=0x23, mUserActivitySummary=0x1, mBootCompleted=true, screenBrightnessOverride=NaN, useAutoBrightness=false, mScreenBrightnessBoostInProgress=false, mIsVrModeEnabled= false, sQuiescent=false
06-29 03:41:52.048 D/PowerManagerService( 1522): releaseWakeLockInternal: lock=115591830 [AudioMix], flags=0x0
06-29 03:41:52.048 D/PowerManagerNotifier( 1522): onWakeLockReleased: flags=1, tag="AudioMix", packageName=audioserver, ownerUid=1041, ownerPid=0, workSource=null
06-29 03:41:52.049 D/PowerManagerService( 1522): updateWakeLockSummaryLocked: mWakefulness=Awake, mWakeLockSummary=0x23
06-29 03:41:52.049 D/PowerManagerService( 1522): updateUserActivitySummaryLocked: groupId=0, mWakefulness=Awake, mUserActivitySummary=0x1, nextTimeout=2573129 (in 47529 ms)
06-29 03:41:52.049 D/PowerManagerNotifier( 1522): onScreenPolicyUpdate: newPolicy=3
06-29 03:41:52.049 D/PowerManagerService( 1522): updateDisplayPowerStateLocked: displayReady=true, groupId=0, policy=BRIGHT, mWakefulness=Awake, mWakeLockSummary=0x23, mUserActivitySummary=0x1, mBootCompleted=true, screenBrightnessOverride=NaN, useAutoBrightness=false, mScreenBrightnessBoostInProgress=false, mIsVrModeEnabled= false, sQuiescent=false
06-29 03:41:52.051 D/PowerManagerService( 1522): releaseWakeLockInternal: lock=213591575 [AudioMix], flags=0x0
06-29 03:41:52.051 D/PowerManagerNotifier( 1522): onWakeLockReleased: flags=1, tag="AudioMix", packageName=audioserver, ownerUid=1041, ownerPid=0, workSource=null
06-29 03:41:52.051 D/PowerManagerService( 1522): updateWakeLockSummaryLocked: mWakefulness=Awake, mWakeLockSummary=0x23
06-29 03:41:52.051 D/PowerManagerService( 1522): updateUserActivitySummaryLocked: groupId=0, mWakefulness=Awake, mUserActivitySummary=0x1, nextTimeout=2573129 (in 47527 ms)
06-29 03:41:52.051 D/PowerManagerNotifier( 1522): onScreenPolicyUpdate: newPolicy=3
06-29 03:41:52.051 D/PowerManagerService( 1522): updateDisplayPowerStateLocked: displayReady=true, groupId=0, policy=BRIGHT, mWakefulness=Awake, mWakeLockSummary=0x23, mUserActivitySummary=0x1, mBootCompleted=true, screenBrightnessOverride=NaN, useAutoBrightness=false, mScreenBrightnessBoostInProgress=false, mIsVrModeEnabled= false, sQuiescent=false
06-29 03:41:53.453 W/SocketClient( 675): write error (Broken pipe)
06-29 03:41:54.782 D/PowerManagerService( 1522): acquireWakeLockInternal: lock=255352619, flags=0x1, tag="AudioMix", ws=null, uid=1041, pid=0
06-29 03:41:54.782 D/PowerManagerService( 1522): updateWakeLockSummaryLocked: mWakefulness=Awake, mWakeLockSummary=0x23
06-29 03:41:54.782 D/PowerManagerService( 1522): updateUserActivitySummaryLocked: groupId=0, mWakefulness=Awake, mUserActivitySummary=0x1, nextTimeout=2573129 (in 44796 ms)
06-29 03:41:54.782 D/PowerManagerNotifier( 1522): onScreenPolicyUpdate: newPolicy=3
06-29 03:41:54.783 D/PowerManagerService( 1522): updateDisplayPowerStateLocked: displayReady=true, groupId=0, policy=BRIGHT, mWakefulness=Awake, mWakeLockSummary=0x23, mUserActivitySummary=0x1, mBootCompleted=true, screenBrightnessOverride=NaN, useAutoBrightness=false, mScreenBrightnessBoostInProgress=false, mIsVrModeEnabled= false, sQuiescent=false
06-29 03:41:54.783 D/PowerManagerNotifier( 1522): onWakeLockAcquired: flags=1, tag="AudioMix", packageName=audioserver, ownerUid=1041, ownerPid=0, workSource=null
06-29 03:41:54.784 D/PowerManagerService( 1522): updateWakeLockWorkSourceInternal: lock=255352619 [AudioMix], ws=null
06-29 03:41:54.786 D/PowerManagerService( 1522): acquireWakeLockInternal: lock=239193992, flags=0x1, tag="AudioMix", ws=null, uid=1041, pid=0
06-29 03:41:54.786 D/PowerManagerService( 1522): updateWakeLockSummaryLocked: mWakefulness=Awake, mWakeLockSummary=0x23
06-29 03:41:54.786 D/PowerManagerService( 1522): updateUserActivitySummaryLocked: groupId=0, mWakefulness=Awake, mUserActivitySummary=0x1, nextTimeout=2573129 (in 44792 ms)
06-29 03:41:54.786 D/PowerManagerNotifier( 1522): onScreenPolicyUpdate: newPolicy=3
06-29 03:41:54.787 D/PowerManagerService( 1522): updateDisplayPowerStateLocked: displayReady=true, groupId=0, policy=BRIGHT, mWakefulness=Awake, mWakeLockSummary=0x23, mUserActivitySummary=0x1, mBootCompleted=true, screenBrightnessOverride=NaN, useAutoBrightness=false, mScreenBrightnessBoostInProgress=false, mIsVrModeEnabled= false, sQuiescent=false
06-29 03:41:54.787 D/PowerManagerNotifier( 1522): onWakeLockAcquired: flags=1, tag="AudioMix", packageName=audioserver, ownerUid=1041, ownerPid=0, workSource=null
06-29 03:41:54.787 I/MicroServiceManager( 1522): requestResult(requestAudioFocus) parameters is{"functionInfo":{"IDCM_AudioFocus":"AudioFocus_Media"}}.
06-29 03:41:54.787 D/PowerManagerService( 1522): acquireWakeLockInternal: lock=175176993, flags=0x1, tag="AudioMix", ws=null, uid=1041, pid=0
06-29 03:41:54.787 D/PowerManagerService( 1522): updateWakeLockSummaryLocked: mWakefulness=Awake, mWakeLockSummary=0x23
06-29 03:41:54.787 D/PowerManagerService( 1522): updateUserActivitySummaryLocked: groupId=0, mWakefulness=Awake, mUserActivitySummary=0x1, nextTimeout=2573129 (in 44791 ms)
06-29 03:41:54.787 D/PowerManagerNotifier( 1522): onScreenPolicyUpdate: newPolicy=3
06-29 03:41:54.787 D/PowerManagerService( 1522): updateDisplayPowerStateLocked: displayReady=true, groupId=0, policy=BRIGHT, mWakefulness=Awake, mWakeLockSummary=0x23, mUserActivitySummary=0x1, mBootCompleted=true, screenBrightnessOverride=NaN, useAutoBrightness=false, mScreenBrightnessBoostInProgress=false, mIsVrModeEnabled= false, sQuiescent=false
06-29 03:41:54.787 D/PowerManagerNotifier( 1522): onWakeLockAcquired: flags=1, tag="AudioMix", packageName=audioserver, ownerUid=1041, ownerPid=0, workSource=null
06-29 03:41:54.788 D/PowerManagerService( 1522): acquireWakeLockInternal: lock=130155846, flags=0x1, tag="AudioMix", ws=null, uid=1041, pid=0
06-29 03:41:54.788 D/PowerManagerService( 1522): updateWakeLockSummaryLocked: mWakefulness=Awake, mWakeLockSummary=0x23
06-29 03:41:54.788 D/PowerManagerService( 1522): updateUserActivitySummaryLocked: groupId=0, mWakefulness=Awake, mUserActivitySummary=0x1, nextTimeout=2573129 (in 44790 ms)
06-29 03:41:54.788 D/PowerManagerNotifier( 1522): onScreenPolicyUpdate: newPolicy=3
06-29 03:41:54.788 D/PowerManagerService( 1522): updateDisplayPowerStateLocked: displayReady=true, groupId=0, policy=BRIGHT, mWakefulness=Awake, mWakeLockSummary=0x23, mUserActivitySummary=0x1, mBootCompleted=true, screenBrightnessOverride=NaN, useAutoBrightness=false, mScreenBrightnessBoostInProgress=false, mIsVrModeEnabled= false, sQuiescent=false
06-29 03:41:54.788 D/PowerManagerNotifier( 1522): onWakeLockAcquired: flags=1, tag="AudioMix", packageName=audioserver, ownerUid=1041, ownerPid=0, workSource=null
06-29 03:41:54.788 D/PowerManagerService( 1522): updateWakeLockWorkSourceInternal: lock=239193992 [AudioMix], ws=null
06-29 03:41:54.789 D/PowerManagerService( 1522): updateWakeLockWorkSourceInternal: lock=175176993 [AudioMix], ws=null
06-29 03:41:54.789 D/PowerManagerService( 1522): updateWakeLockWorkSourceInternal: lock=130155846 [AudioMix], ws=null
06-29 03:41:54.796 D/PowerManagerService( 1522): updateWakeLockWorkSourceInternal: lock=255352619 [AudioMix], ws=WorkSource{10092}
06-29 03:41:54.796 D/PowerManagerNotifier( 1522): onWakeLockReleased: flags=1, tag="AudioMix", packageName=audioserver, ownerUid=1041, ownerPid=0, workSource=null
06-29 03:41:54.796 D/PowerManagerNotifier( 1522): onWakeLockAcquired: flags=1, tag="AudioMix", packageName=audioserver, ownerUid=1041, ownerPid=0, workSource=WorkSource{10092}
06-29 03:41:54.809 I/ ( 0): [ 2528.359009] snd_pcm_hw_constraint_integer failed
06-29 03:41:54.809 I/[ 2528.359016] msm_pcm_open( 0): P buffer bytes minmax constraint ret 1
06-29 03:41:55.137 D/PowerManagerService( 1522): releaseWakeLockInternal: lock=86012356 [NetworkTimeUpdateService], flags=0x0
06-29 03:41:55.137 D/PowerManagerNotifier( 1522): onWakeLockReleased: flags=1, tag="NetworkTimeUpdateService", packageName=android, ownerUid=1000, ownerPid=1522, workSource=null
06-29 03:41:55.138 D/PowerManagerService( 1522): updateWakeLockSummaryLocked: mWakefulness=Awake, mWakeLockSummary=0x23
06-29 03:41:55.138 D/PowerManagerService( 1522): updateUserActivitySummaryLocked: groupId=0, mWakefulness=Awake, mUserActivitySummary=0x1, nextTimeout=2573129 (in 44440 ms)
06-29 03:41:55.138 D/PowerManagerNotifier( 1522): onScreenPolicyUpdate: newPolicy=3
06-29 03:41:55.138 D/PowerManagerService( 1522): updateDisplayPowerStateLocked: displayReady=true, groupId=0, policy=BRIGHT, mWakefulness=Awake, mWakeLockSummary=0x23, mUserActivitySummary=0x1, mBootCompleted=true, screenBrightnessOverride=NaN, useAutoBrightness=false, mScreenBrightnessBoostInProgress=false, mIsVrModeEnabled= false, sQuiescent=false
06-29 03:41:55.172 D/PowerManagerService( 1522): acquireWakeLockInternal: lock=218282209, flags=0x1, tag="*alarm*", ws=WorkSource{10105}, uid=1000, pid=1522
06-29 03:41:55.173 D/PowerManagerService( 1522): updateWakeLockSummaryLocked: mWakefulness=Awake, mWakeLockSummary=0x23
06-29 03:41:55.173 D/PowerManagerService( 1522): updateUserActivitySummaryLocked: groupId=0, mWakefulness=Awake, mUserActivitySummary=0x1, nextTimeout=2573129 (in 44405 ms)
06-29 03:41:55.173 D/PowerManagerNotifier( 1522): onScreenPolicyUpdate: newPolicy=3
06-29 03:41:55.173 D/PowerManagerService( 1522): updateDisplayPowerStateLocked: displayReady=true, groupId=0, policy=BRIGHT, mWakefulness=Awake, mWakeLockSummary=0x23, mUserActivitySummary=0x1, mBootCompleted=true, screenBrightnessOverride=NaN, useAutoBrightness=false, mScreenBrightnessBoostInProgress=false, mIsVrModeEnabled= false, sQuiescent=false
06-29 03:41:55.173 D/PowerManagerNotifier( 1522): onWakeLockAcquired: flags=1, tag="*alarm*", packageName=android, ownerUid=1000, ownerPid=1522, workSource=WorkSource{10105}
06-29 03:41:55.174 D/PowerManagerService( 1522): releaseWakeLockInternal: lock=218282209 [*alarm*], flags=0x0
06-29 03:41:55.174 D/PowerManagerNotifier( 1522): onWakeLockReleased: flags=1, tag="*alarm*", packageName=android, ownerUid=1000, ownerPid=1522, workSource=WorkSource{10105}
06-29 03:41:55.175 D/PowerManagerService( 1522): updateWakeLockSummaryLocked: mWakefulness=Awake, mWakeLockSummary=0x23
06-29 03:41:55.175 D/PowerManagerService( 1522): updateUserActivitySummaryLocked: groupId=0, mWakefulness=Awake, mUserActivitySummary=0x1, nextTimeout=2573129 (in 44403 ms)
06-29 03:41:55.175 D/PowerManagerNotifier( 1522): onScreenPolicyUpdate: newPolicy=3
06-29 03:41:55.175 D/PowerManagerService( 1522): updateDisplayPowerStateLocked: displayReady=true, groupId=0, policy=BRIGHT, mWakefulness=Awake, mWakeLockSummary=0x23, mUserActivitySummary=0x1, mBootCompleted=true, screenBrightnessOverride=NaN, useAutoBrightness=false, mScreenBrightnessBoostInProgress=false, mIsVrModeEnabled= false, sQuiescent=false
06-29 03:41:55.397 W/BroadcastQueue( 1522): Background execution not allowed: receiving Intent { act=android.media.AUDIO_BECOMING_NOISY flg=0x14000010 } to com.kugou.android.auto/.receiver.AutoStartReceiver
06-29 03:41:56.721 E/[ 2530.272112] link_delay_work_func( 0): DTC_ETH: SQI=0, link=0
06-29 03:41:57.791 D/PowerManagerService( 1522): releaseWakeLockInternal: lock=130155846 [AudioMix], flags=0x0
06-29 03:41:57.791 D/PowerManagerNotifier( 1522): onWakeLockReleased: flags=1, tag="AudioMix", packageName=audioserver, ownerUid=1041, ownerPid=0, workSource=null
06-29 03:41:57.791 D/PowerManagerService( 1522): updateWakeLockSummaryLocked: mWakefulness=Awake, mWakeLockSummary=0x23
06-29 03:41:57.791 D/PowerManagerService( 1522): updateUserActivitySummaryLocked: groupId=0, mWakefulness=Awake, mUserActivitySummary=0x1, nextTimeout=2573129 (in 41787 ms)
06-29 03:41:57.792 D/PowerManagerNotifier( 1522): onScreenPolicyUpdate: newPolicy=3
06-29 03:41:57.792 D/PowerManagerService( 1522): updateDisplayPowerStateLocked: displayReady=true, groupId=0, policy=BRIGHT, mWakefulness=Awake, mWakeLockSummary=0x23, mUserActivitySummary=0x1, mBootCompleted=true, screenBrightnessOverride=NaN, useAutoBrightness=false, mScreenBrightnessBoostInProgress=false, mIsVrModeEnabled= false, sQuiescent=false
06-29 03:41:57.794 D/PowerManagerService( 1522): releaseWakeLockInternal: lock=175176993 [AudioMix], flags=0x0
06-29 03:41:57.794 D/PowerManagerNotifier( 1522): onWakeLockReleased: flags=1, tag="AudioMix", packageName=audioserver, ownerUid=1041, ownerPid=0, workSource=null
06-29 03:41:57.794 D/PowerManagerService( 1522): updateWakeLockSummaryLocked: mWakefulness=Awake, mWakeLockSummary=0x23
06-29 03:41:57.794 D/PowerManagerService( 1522): updateUserActivitySummaryLocked: groupId=0, mWakefulness=Awake, mUserActivitySummary=0x1, nextTimeout=2573129 (in 41784 ms)
06-29 03:41:57.794 D/PowerManagerNotifier( 1522): onScreenPolicyUpdate: newPolicy=3
06-29 03:41:57.794 D/PowerManagerService( 1522): updateDisplayPowerStateLocked: displayReady=true, groupId=0, policy=BRIGHT, mWakefulness=Awake, mWakeLockSummary=0x23, mUserActivitySummary=0x1, mBootCompleted=true, screenBrightnessOverride=NaN, useAutoBrightness=false, mScreenBrightnessBoostInProgress=false, mIsVrModeEnabled= false, sQuiescent=false
06-29 03:41:57.795 D/PowerManagerService( 1522): releaseWakeLockInternal: lock=239193992 [AudioMix], flags=0x0
06-29 03:41:57.795 D/PowerManagerNotifier( 1522): onWakeLockReleased: flags=1, tag="AudioMix", packageName=audioserver, ownerUid=1041, ownerPid=0, workSource=null
06-29 03:41:57.796 D/PowerManagerService( 1522): updateWakeLockSummaryLocked: mWakefulness=Awake, mWakeLockSummary=0x23
06-29 03:41:57.796 D/PowerManagerService( 1522): updateUserActivitySummaryLocked: groupId=0, mWakefulness=Awake, mUserActivitySummary=0x1, nextTimeout=2573129 (in 41782 ms)
06-29 03:41:57.796 D/PowerManagerNotifier( 1522): onScreenPolicyUpdate: newPolicy=3
06-29 03:41:57.796 D/PowerManagerService( 1522): updateDisplayPowerStateLocked: displayReady=true, groupId=0, policy=BRIGHT, mWakefulness=Awake, mWakeLockSummary=0x23, mUserActivitySummary=0x1, mBootCompleted=true, screenBrightnessOverride=NaN, useAutoBrightness=false, mScreenBrightnessBoostInProgress=false, mIsVrModeEnabled= false, sQuiescent=false
06-29 03:42:00.002 D/PowerManagerService( 1522): acquireWakeLockInternal: lock=218282209, flags=0x1, tag="*alarm*", ws=WorkSource{1000}, uid=1000, pid=1522
06-29 03:42:00.003 D/PowerManagerService( 1522): updateWakeLockSummaryLocked: mWakefulness=Awake, mWakeLockSummary=0x23
