06-29 03:40:39.596 W/BroadcastQueue( 1522): Target SDK mismatch: receiver ActivityInfo{5799639 com.iqiyi.hcim.service.BroadcastCenter} targets 33 but delivery restricted to [0, 23] broadcasting Intent { act=android.net.conn.CONNECTIVITY_CHANGE flg=0x4200010 (has extras) } from android (pid=1522, uid=1000) to com.qiyi.video/com.iqiyi.hcim.service.BroadcastCenter
06-29 03:40:39.596 W/BroadcastQueue( 1522): Target SDK mismatch: receiver ActivityInfo{9a0847e com.tencent.mobileqq.msf.core.NetConnInfoCenter} targets 26 but delivery restricted to [0, 23] broadcasting Intent { act=android.net.conn.CONNECTIVITY_CHANGE flg=0x4200010 (has extras) } from android (pid=1522, uid=1000) to com.tencent.mobileqq/.msf.core.NetConnInfoCenter
06-29 03:40:39.596 W/BroadcastQueue( 1522): Target SDK mismatch: receiver ActivityInfo{92afddf com.tencent.msdk.dns.HttpDnsCache$ConnectivityChangeReceiver} targets 29 but delivery restricted to [0, 23] broadcasting Intent { act=android.net.conn.CONNECTIVITY_CHANGE flg=0x4200010 (has extras) } from android (pid=1522, uid=1000) to com.tencent.tmgp.sgame/com.tencent.msdk.dns.HttpDnsCache$ConnectivityChangeReceiver
06-29 03:40:39.596 W/BroadcastQueue( 1522): Target SDK mismatch: receiver ActivityInfo{a223a2c com.tencent.special.httpdns.Cache$ConnectReceiver} targets 29 but delivery restricted to [0, 23] broadcasting Intent { act=android.net.conn.CONNECTIVITY_CHANGE flg=0x4200010 (has extras) } from android (pid=1522, uid=1000) to com.tencent.tmgp.sgame/com.tencent.special.httpdns.Cache$ConnectReceiver
06-29 03:40:39.596 W/BroadcastQueue( 1522): Target SDK mismatch: receiver ActivityInfo{8545cf5 cn.jpush.android.service.PushReceiver} targets 33 but delivery restricted to [0, 23] broadcasting Intent { act=android.net.conn.CONNECTIVITY_CHANGE flg=0x4200010 (has extras) } from android (pid=1522, uid=1000) to com.xingin.xhs/cn.jpush.android.service.PushReceiver
06-29 03:40:39.596 W/BroadcastQueue( 1522): Target SDK mismatch: receiver ActivityInfo{abc6a8a com.igexin.sdk.PushReceiver} targets 33 but delivery restricted to [0, 23] broadcasting Intent { act=android.net.conn.CONNECTIVITY_CHANGE flg=0x4200010 (has extras) } from android (pid=1522, uid=1000) to com.xingin.xhs/com.igexin.sdk.PushReceiver
06-29 03:40:39.743 I/[ 2453.293719] [soft_i][0xafaa0332b][03( 0): 40:39.742669] wlan: [0:I:TXRX] HTT_T2H_MSG_TYPE_PEER_MAP msg for peer id 8 vdev id 0 n
06-29 03:40:39.743 E/[ 2453.293798] [soft_i][0xafaa039eb][03( 0): 40:39.742759] wlan: [0:E:DP] dp_peer_find_add_id: peer 0000000000000000 ID 8 vid 0 mac 04:d9:f5:fb:09:94
06-29 03:40:39.743 I/[ 2453.293828] [soft_i][0xafaa03c2b][03( 0): 40:39.742789] wlan: [0:I:DP] dp_peer_find_add_id: ref_cnt: 2
06-29 03:40:39.743 E/[ 2453.293855] [soft_i][0xafaa03e34][03( 0): 40:39.742816] wlan: [0:E:DP] dp_peer_map_ast: peer 0000000000000000 ID 3 vid 0 mac 04:d9:f5:fb:09:94
06-29 03:40:39.841 I/[ 2453.390068] [schedu][0xafabc6e0c][03( 0): 40:39.839027] wlan: [3371:I:PE] Auth TX: seq 1 seq num 3650 status 0 WEP 0 to 04:d9:f5:fb:09:94
06-29 03:40:39.848 I/[ 2453.396618] [schedu][0xafabe5979][03( 0): 40:39.845579] wlan: [3371:I:PE] Auth TX: fail
06-29 03:40:39.901 I/[ 2453.448195] [schedu][0xafacd7582][03( 0): 40:39.897153] wlan: [3371:I:PE] Auth TX: seq 1 seq num 3651 status 0 WEP 0 to 04:d9:f5:fb:09:94
06-29 03:40:39.921 E/[ 2453.472086] link_delay_work_func( 0): DTC_ETH: SQI=0, link=0
06-29 03:40:39.957 I/[ 2453.508294] [schedu][0xafadf10f0][03( 0): 40:39.957252] wlan: [3371:I:PE] Auth TX: seq 1 seq num 3652 status 0 WEP 0 to 04:d9:f5:fb:09:94
06-29 03:40:40.021 I/[ 2453.568398] [schedu][0xafaf0ac91][03( 0): 40:40.017354] wlan: [3371:I:PE] Auth TX: seq 1 seq num 3653 status 0 WEP 0 to 04:d9:f5:fb:09:94
06-29 03:40:40.081 I/[ 2453.628436] [schedu][0xafb024381][03( 0): 40:40.077393] wlan: [3371:I:PE] Auth TX: seq 1 seq num 3654 status 0 WEP 0 to 04:d9:f5:fb:09:94
06-29 03:40:40.137 I/[ 2453.688243] [schedu][0xafb13c902][03( 0): 40:40.137200] wlan: [3371:I:PE] Auth TX: seq 1 seq num 3655 status 0 WEP 0 to 04:d9:f5:fb:09:94
06-29 03:40:40.198 I/[ 2453.748317] [schedu][0xafb256273][03( 0): 40:40.197272] wlan: [3371:I:PE] Auth TX: seq 1 seq num 3656 status 0 WEP 0 to 04:d9:f5:fb:09:94
06-29 03:40:40.261 I/[ 2453.808216] [schedu][0xafb36ef0c][03( 0): 40:40.257174] wlan: [3371:I:PE] Auth TX: seq 1 seq num 3657 status 0 WEP 0 to 04:d9:f5:fb:09:94
06-29 03:40:40.310 D/PowerManagerService( 1522): acquireWakeLockInternal: lock=218282209, flags=0x1, tag="*alarm*", ws=WorkSource{1073}, uid=1000, pid=1522
06-29 03:40:40.310 D/PowerManagerService( 1522): updateWakeLockSummaryLocked: mWakefulness=Awake, mWakeLockSummary=0x1
06-29 03:40:40.310 D/PowerManagerService( 1522): updateUserActivitySummaryLocked: groupId=0, mWakefulness=Awake, mUserActivitySummary=0x1, nextTimeout=2508208 (in 54347 ms)
06-29 03:40:40.310 D/PowerManagerNotifier( 1522): onScreenPolicyUpdate: newPolicy=3
06-29 03:40:40.311 D/PowerManagerService( 1522): updateDisplayPowerStateLocked: displayReady=true, groupId=0, policy=BRIGHT, mWakefulness=Awake, mWakeLockSummary=0x1, mUserActivitySummary=0x1, mBootCompleted=true, screenBrightnessOverride=NaN, useAutoBrightness=false, mScreenBrightnessBoostInProgress=false, mIsVrModeEnabled= false, sQuiescent=false
06-29 03:40:40.311 D/PowerManagerNotifier( 1522): onWakeLockAcquired: flags=1, tag="*alarm*", packageName=android, ownerUid=1000, ownerPid=1522, workSource=WorkSource{1073}
06-29 03:40:40.312 D/PowerManagerService( 1522): releaseWakeLockInternal: lock=218282209 [*alarm*], flags=0x0
06-29 03:40:40.312 D/PowerManagerNotifier( 1522): onWakeLockReleased: flags=1, tag="*alarm*", packageName=android, ownerUid=1000, ownerPid=1522, workSource=WorkSource{1073}
06-29 03:40:40.313 D/PowerManagerService( 1522): updateWakeLockSummaryLocked: mWakefulness=Awake, mWakeLockSummary=0x1
06-29 03:40:40.313 D/PowerManagerService( 1522): updateUserActivitySummaryLocked: groupId=0, mWakefulness=Awake, mUserActivitySummary=0x1, nextTimeout=2508208 (in 54344 ms)
06-29 03:40:40.313 D/PowerManagerNotifier( 1522): onScreenPolicyUpdate: newPolicy=3
06-29 03:40:40.313 D/PowerManagerService( 1522): updateDisplayPowerStateLocked: displayReady=true, groupId=0, policy=BRIGHT, mWakefulness=Awake, mWakeLockSummary=0x1, mUserActivitySummary=0x1, mBootCompleted=true, screenBrightnessOverride=NaN, useAutoBrightness=false, mScreenBrightnessBoostInProgress=false, mIsVrModeEnabled= false, sQuiescent=false
06-29 03:40:40.321 I/[ 2453.868525] [schedu][0xafb489a40][03( 0): 40:40.317483] wlan: [3371:I:PE] Auth TX: seq 1 seq num 3658 status 0 WEP 0 to 04:d9:f5:fb:09:94
06-29 03:40:40.381 I/[ 2453.928932] [schedu][0xafb5a4cc2][03( 0): 40:40.377890] wlan: [3371:I:PE] Auth TX: seq 1 seq num 3659 status 0 WEP 0 to 04:d9:f5:fb:09:94
06-29 03:40:40.385 I/[ 2453.935810] [schedu][0xafb5c50a6][03( 0): 40:40.384768] wlan: [3371:I:PE] Auth TX: fail
06-29 03:40:40.441 I/[ 2453.988547] [schedu][0xafb6bc3db][03( 0): 40:40.437504] wlan: [3371:I:PE] Auth TX: seq 1 seq num 3660 status 0 WEP 0 to 04:d9:f5:fb:09:94
06-29 03:40:40.501 I/[ 2454.048500] [schedu][0xafb7d543c][03( 0): 40:40.497456] wlan: [3371:I:PE] Auth TX: seq 1 seq num 3661 status 0 WEP 0 to 04:d9:f5:fb:09:94
06-29 03:40:40.561 I/[ 2454.108364] [schedu][0xafb8edb5d][03( 0): 40:40.557284] wlan: [3371:I:PE] Auth TX: seq 1 seq num 3662 status 0 WEP 0 to 04:d9:f5:fb:09:94
06-29 03:40:40.621 I/[ 2454.168411] [schedu][0xafba0751f][03( 0): 40:40.617362] wlan: [3371:I:PE] Auth TX: seq 1 seq num 3663 status 0 WEP 0 to 04:d9:f5:fb:09:94
06-29 03:40:40.677 I/[ 2454.228146] [schedu][0xafbb1f5f2][03( 0): 40:40.677105] wlan: [3371:I:PE] Auth TX: seq 1 seq num 3664 status 0 WEP 0 to 04:d9:f5:fb:09:94
06-29 03:40:40.741 I/[ 2454.288320] [schedu][0xafbc39667][03( 0): 40:40.737272] wlan: [3371:I:PE] Auth TX: seq 1 seq num 3665 status 0 WEP 0 to 04:d9:f5:fb:09:94
06-29 03:40:40.745 D/PowerManagerService( 1522): releaseWakeLockInternal: lock=86012356 [NetworkTimeUpdateService], flags=0x0
06-29 03:40:40.745 D/PowerManagerNotifier( 1522): onWakeLockReleased: flags=1, tag="NetworkTimeUpdateService", packageName=android, ownerUid=1000, ownerPid=1522, workSource=null
06-29 03:40:40.745 D/PowerManagerService( 1522): updateWakeLockSummaryLocked: mWakefulness=Awake, mWakeLockSummary=0x1
06-29 03:40:40.745 D/PowerManagerService( 1522): updateUserActivitySummaryLocked: groupId=0, mWakefulness=Awake, mUserActivitySummary=0x1, nextTimeout=2508208 (in 53912 ms)
06-29 03:40:40.745 D/PowerManagerNotifier( 1522): onScreenPolicyUpdate: newPolicy=3
06-29 03:40:40.745 D/PowerManagerService( 1522): updateDisplayPowerStateLocked: displayReady=true, groupId=0, policy=BRIGHT, mWakefulness=Awake, mWakeLockSummary=0x1, mUserActivitySummary=0x1, mBootCompleted=true, screenBrightnessOverride=NaN, useAutoBrightness=false, mScreenBrightnessBoostInProgress=false, mIsVrModeEnabled= false, sQuiescent=false
06-29 03:40:40.802 I/[ 2454.348893] [schedu][0xafbd55576][03( 0): 40:40.797846] wlan: [3371:I:PE] Auth TX: seq 1 seq num 3666 status 0 WEP 0 to 04:d9:f5:fb:09:94
06-29 03:40:40.851 W/[ 2454.400229] [schedu][0xafbe45f9e][03( 0): 40:40.849181] wlan: [3371:W:PE] lim_process_auth_failure_timeout: 1777: received AUTH failure timeout in sessionid 0 limMlmstate 5 limSmeState 4
06-29 03:40:40.853 E/[ 2454.400375] [schedu][0xafbe46b2d][03( 0): 40:40.849335] wlan: [3371:E:PE] lim_process_mlm_auth_cnf: 558: Auth Failure occurred
06-29 03:40:40.853 I/[ 2454.400465] [schedu][0xafbe471fc][03( 0): 40:40.849426] wlan: [3371:I:PE] Deauth TX: vdev 0 seq_num 3667 reason 65530 waitForAck 0 to 04:d9:f5:fb:09:94 from a2:d7:5b:b4:b7:af
06-29 03:40:40.867 I/wificond( 1206): Connect timeout
06-29 03:40:40.869 W/[ 2454.417109] [schedu][0xafbe9523d][03( 0): 40:40.866069] wlan: [3371:W:SME] csr_roam_join_rsp_processor: 9876: SmeJoinReq failed with status_code= 0x000001FD [509] reason:65530
06-29 03:40:40.869 W/[ 2454.417295] [schedu][0xafbe9608b][03( 0): 40:40.866260] wlan: [3371:W:HDD] hdd_get_rssi_snr_by_bssid: 17749: sme_get_rssi_snr_by_bssid failed
06-29 03:40:40.869 E/[ 2454.417327] [schedu][0xafbe961dd][03( 0): 40:40.866278] wlan: [3371:E:HDD] hdd_association_completion_handler: 3712: wlan0(vdevid-0): connection failed with 04:d9:f5:fb:09:94 result: 3 and Status: 7
06-29 03:40:40.869 W/[ 2454.417482] [schedu][0xafbe96e86][03( 0): 40:40.866447] wlan: [3371:W:HDD] hdd_get_rssi_snr_by_bssid: 17749: sme_get_rssi_snr_by_bssid failed
06-29 03:40:40.869 E/[ 2454.417515] [schedu][0xafbe970ff][03( 0): 40:40.866480] wlan: [3371:E:HDD] hdd_association_completion_handler: 3712: wlan0(vdevid-0): connection failed with 04:d9:f5:fb:09:94 result: 1 and Status: 9
06-29 03:40:40.869 E/[ 2454.417618] [schedu][0xafbe978b7][03( 0): 40:40.866582] wlan: [3371:E:HDD] hdd_association_completion_handler: 3784: send connect failure to nl80211: for bssid 04:d9:f5:fb:09:94 result: 1 and Status: 9 reasoncode: 65530
06-29 03:40:40.893 I/[ 2454.443284] logd( 0): logdr: UID=1000 GID=1000 PID=14402 n tail=127 logMask=19 pid=0 start=0ns deadline=0ns
06-29 03:40:40.919 I/[ 2454.470018] [schedu][0xafbf8d220][03( 0): 40:40.918975] wlan: [3371:I:HIF] Deinitializing Runtime PM wakelock &vdev->vdev_set_key_runtime_wakelock
06-29 03:40:40.922 I/[ 2454.470668] [schedu][0xafbf901c7][03( 0): 40:40.919610] wlan: [3371:I:HIF] Initializing Runtime PM wakelock &vdev->vdev_set_key_runtime_wakelock
06-29 03:40:40.929 I/[ 2454.479879] [wifi@1][0xafbfbb620][03( 0): 40:40.928841] wlan: [828:I:DP] dp_vdev_attach_wifi3: wlan_cfg_ap_bridge_enabled 0
06-29 03:40:40.928 D/android.hardware.wifi@1.0-service( 828): Successfully SetMacAddress.
06-29 03:40:40.945 E/[ 2454.495372] [wifi@1][0xafc004005][03( 0): 40:40.944333] wlan: [3455:E:wifipos] wifi_pos_process_app_reg_req: 608: Received App Req Req pid(-398458052), len(16)
06-29 03:40:40.949 I/[ 2454.496809] [wifi@1][0xafc00abf7][03( 0): 40:40.945772] wlan: [3455:I:wifipos] wifi_pos_get_ch_info: 461: num channels: 26
06-29 03:40:40.949 I/[ 2454.497197] [wifi@1][0xafc00c937][03( 0): 40:40.946162] wlan: [3455:I:wifipos] wifi_pos_get_ch_info: 461: num channels: 26
06-29 03:40:41.009 I/[ 2454.556978] logd( 0): logdr: UID=1000 GID=1000 PID=14406 n tail=127 logMask=80 pid=0 start=0ns deadline=0ns
06-29 03:40:41.073 I/GameModeConfig( 1522): isGameModeOn = false
06-29 03:40:41.077 I/[ 2454.625309] [schedu][0xafc2650f4][03( 0): 40:41.074266] wlan: [3371:I:OSIF] scan start scan id 41265
06-29 03:40:41.097 E/android.hardware.wifi@1.0-service( 828): create file failed: Permission denied
06-29 03:40:41.097 E/android.hardware.wifi@1.0-service( 828): Error writing files to flash
06-29 03:40:41.616 W/ActivityManager( 1522): Background start not allowed: service Intent { act=android.net.conn.CONNECTIVITY_CHANGE cmp=com.qiyi.video/com.ss.android.socialbase.downloader.notification.DownloadNotificationService } to com.qiyi.video/com.ss.android.socialbase.downloader.notification.DownloadNotificationService from pid=14860 uid=10123 pkg=com.qiyi.video startFg?=false
06-29 03:40:41.808 D/PowerManagerService( 1522): acquireWakeLockInternal: lock=218282209, flags=0x1, tag="*alarm*", ws=WorkSource{1000}, uid=1000, pid=1522
06-29 03:40:41.808 D/PowerManagerService( 1522): updateWakeLockSummaryLocked: mWakefulness=Awake, mWakeLockSummary=0x1
06-29 03:40:41.808 D/PowerManagerService( 1522): updateUserActivitySummaryLocked: groupId=0, mWakefulness=Awake, mUserActivitySummary=0x1, nextTimeout=2508208 (in 52849 ms)
06-29 03:40:41.809 D/PowerManagerNotifier( 1522): onScreenPolicyUpdate: newPolicy=3
06-29 03:40:41.809 D/PowerManagerService( 1522): updateDisplayPowerStateLocked: displayReady=true, groupId=0, policy=BRIGHT, mWakefulness=Awake, mWakeLockSummary=0x1, mUserActivitySummary=0x1, mBootCompleted=true, screenBrightnessOverride=NaN, useAutoBrightness=false, mScreenBrightnessBoostInProgress=false, mIsVrModeEnabled= false, sQuiescent=false
06-29 03:40:41.809 D/PowerManagerNotifier( 1522): onWakeLockAcquired: flags=1, tag="*alarm*", packageName=android, ownerUid=1000, ownerPid=1522, workSource=WorkSource{1000}
06-29 03:40:41.810 D/PowerManagerService( 1522): releaseWakeLockInternal: lock=218282209 [*alarm*], flags=0x0
06-29 03:40:41.810 D/PowerManagerNotifier( 1522): onWakeLockReleased: flags=1, tag="*alarm*", packageName=android, ownerUid=1000, ownerPid=1522, workSource=WorkSource{1000}
06-29 03:40:41.810 D/PowerManagerService( 1522): updateWakeLockSummaryLocked: mWakefulness=Awake, mWakeLockSummary=0x1
06-29 03:40:41.810 D/PowerManagerService( 1522): updateUserActivitySummaryLocked: groupId=0, mWakefulness=Awake, mUserActivitySummary=0x1, nextTimeout=2508208 (in 52847 ms)
06-29 03:40:41.810 D/PowerManagerNotifier( 1522): onScreenPolicyUpdate: newPolicy=3
06-29 03:40:41.810 D/PowerManagerService( 1522): updateDisplayPowerStateLocked: displayReady=true, groupId=0, policy=BRIGHT, mWakefulness=Awake, mWakeLockSummary=0x1, mUserActivitySummary=0x1, mBootCompleted=true, screenBrightnessOverride=NaN, useAutoBrightness=false, mScreenBrightnessBoostInProgress=false, mIsVrModeEnabled= false, sQuiescent=false
06-29 03:40:42.265 I/[ 2455.810049] [schedu][0xafd816812][03( 0): 40:42.259001] wlan: [3371:I:OSIF] vdev 0, scan id 41265 type COMPLETED(1) reason COMPLETED(1) scan found 23 bss
06-29 03:40:42.437 I/[ 2455.984130] [schedu][0xafdb46827][03( 0): 40:42.433082] wlan: [3371:I:HIF] Deinitializing Runtime PM wakelock &vdev->vdev_set_key_runtime_wakelock
06-29 03:40:42.437 I/[ 2455.985337] [schedu][0xafdb4c319][03( 0): 40:42.434294] wlan: [3371:I:HIF] Initializing Runtime PM wakelock &vdev->vdev_set_key_runtime_wakelock
06-29 03:40:42.446 D/android.hardware.wifi@1.0-service( 828): Successfully SetMacAddress.
06-29 03:40:42.449 I/[ 2455.997479] [wifi@1][0xafdb85247][03( 0): 40:42.446443] wlan: [828:I:DP] dp_vdev_attach_wifi3: wlan_cfg_ap_bridge_enabled 0
06-29 03:40:42.452 W/wificond( 1206): Scan is not started. Ignore abort request
06-29 03:40:42.457 E/[ 2456.007319] [wifi@1][0xafdbb3421][03( 0): 40:42.456281] wlan: [3455:E:wifipos] wifi_pos_process_app_reg_req: 608: Received App Req Req pid(-398458052), len(16)
06-29 03:40:42.457 I/[ 2456.007697] [wifi@1][0xafdbb50b7][03( 0): 40:42.456662] wlan: [3455:I:wifipos] wifi_pos_get_ch_info: 461: num channels: 26
06-29 03:40:42.457 I/[ 2456.007999] [wifi@1][0xafdbb6759][03( 0): 40:42.456964] wlan: [3455:I:wifipos] wifi_pos_get_ch_info: 461: num channels: 26
06-29 03:40:42.466 I/[ 2456.014398] [wpa_su][0xafdbd4737][03( 0): 40:42.463362] wlan: [3475:I:SME] vdev-0: Connecting to hht_test_wifi_fc4318c9 04:d9:f5:fb:09:94 rssi: -73 freq: 5300 akm 3 cipher: uc 6 mc 6, CC:
06-29 03:40:42.466 E/[ 2456.014464] [wpa_su][0xafdbd4c5b][03( 0): 40:42.463431] wlan: [3475:E:QDF] Cannot malloc 0 bytes @ csr_get_cfg_max_tx_power:14199
06-29 03:40:42.466 I/[ 2456.015274] [schedu][0xafdbd88e4][03( 0): 40:42.464238] wlan: [3371:I:WMI] send_vdev_start_cmd_tlv: 1062: send_vdev_start_cmd_tlv: vdev_id 0 freq 5300 chanmode 18 ch_info: 0x12 is_dfs 0 beacon interval 100 dtim 0 center_chan 5290 center_freq2 0 reg_info_1: 0x170000 reg_info_2: 0x1700, req->max_txpow: 0x17 Tx SS 1, Rx SS 1, ldpc_rx: 0, cac 0, regd 4, HE ops: 0req->dis_hw_ack: 1
06-29 03:40:42.471 E/wificond( 1206): NL80211_CMD_TRIGGER_SCAN failed: Device or resource busy
06-29 03:40:42.473 E/[ 2456.022434] [wifico][0xafdbfa1f0][03( 0): 40:42.471399] wlan: [1206:E:HDD] __wlan_hdd_cfg80211_scan: 572: Scan not allowed. scan_ebusy_cnt: 452 Session 0 Reason 1
06-29 03:40:42.530 I/GameModeConfig( 1522): isGameModeOn = false
06-29 03:40:42.641 I/[ 2456.190921] [soft_i][0xafdf0fbfb][03( 0): 40:42.639853] wlan: [0:I:TXRX] HTT_T2H_MSG_TYPE_PEER_MAP msg for peer id 5 vdev id 0 n
06-29 03:40:42.641 E/[ 2456.190956] [soft_i][0xafdf100fc][03( 0): 40:42.639919] wlan: [0:E:DP] dp_peer_find_add_id: peer 0000000000000000 ID 5 vid 0 mac 04:d9:f5:fb:09:94
06-29 03:40:42.643 I/[ 2456.190976] [soft_i][0xafdf10294][03( 0): 40:42.639941] wlan: [0:I:DP] dp_peer_find_add_id: ref_cnt: 2
06-29 03:40:42.643 E/[ 2456.190994] [soft_i][0xafdf103e8][03( 0): 40:42.639958] wlan: [0:E:DP] dp_peer_map_ast: peer 0000000000000000 ID 3 vid 0 mac 04:d9:f5:fb:09:94
06-29 03:40:42.837 I/[ 2456.386386] [schedu][0xafe2a41f7][03( 0): 40:42.835346] wlan: [3371:I:PE] Auth TX: fail
06-29 03:40:42.885 E/wificond( 1206): NL80211_CMD_TRIGGER_SCAN failed: Device or resource busy
06-29 03:40:43.837 I/[ 2457.384553] [schedu][0xaff4eafb4][03( 0): 40:43.833502] wlan: [3371:I:PE] Auth TX: fail
06-29 03:40:44.472 D/PowerManagerService( 1522): acquireWakeLockInternal: lock=218282209, flags=0x1, tag="*alarm*", ws=WorkSource{1000}, uid=1000, pid=1522
06-29 03:40:44.473 D/PowerManagerService( 1522): updateWakeLockSummaryLocked: mWakefulness=Awake, mWakeLockSummary=0x1
06-29 03:40:44.473 D/PowerManagerService( 1522): updateUserActivitySummaryLocked: groupId=0, mWakefulness=Awake, mUserActivitySummary=0x1, nextTimeout=2508208 (in 50184 ms)
06-29 03:40:44.473 D/PowerManagerNotifier( 1522): onScreenPolicyUpdate: newPolicy=3
06-29 03:40:44.474 D/PowerManagerService( 1522): updateDisplayPowerStateLocked: displayReady=true, groupId=0, policy=BRIGHT, mWakefulness=Awake, mWakeLockSummary=0x1, mUserActivitySummary=0x1, mBootCompleted=true, screenBrightnessOverride=NaN, useAutoBrightness=false, mScreenBrightnessBoostInProgress=false, mIsVrModeEnabled= false, sQuiescent=false
06-29 03:40:44.474 D/PowerManagerNotifier( 1522): onWakeLockAcquired: flags=1, tag="*alarm*", packageName=android, ownerUid=1000, ownerPid=1522, workSource=WorkSource{1000}
06-29 03:40:44.480 D/PowerManagerService( 1522): releaseWakeLockInternal: lock=218282209 [*alarm*], flags=0x0
06-29 03:40:44.480 D/PowerManagerNotifier( 1522): onWakeLockReleased: flags=1, tag="*alarm*", packageName=android, ownerUid=1000, ownerPid=1522, workSource=WorkSource{1000}
06-29 03:40:44.480 D/PowerManagerService( 1522): updateWakeLockSummaryLocked: mWakefulness=Awake, mWakeLockSummary=0x1
06-29 03:40:44.480 D/PowerManagerService( 1522): updateUserActivitySummaryLocked: groupId=0, mWakefulness=Awake, mUserActivitySummary=0x1, nextTimeout=2508208 (in 50177 ms)
06-29 03:40:44.481 D/PowerManagerNotifier( 1522): onScreenPolicyUpdate: newPolicy=3
06-29 03:40:44.481 D/PowerManagerService( 1522): updateDisplayPowerStateLocked: displayReady=true, groupId=0, policy=BRIGHT, mWakefulness=Awake, mWakeLockSummary=0x1, mUserActivitySummary=0x1, mBootCompleted=true, screenBrightnessOverride=NaN, useAutoBrightness=false, mScreenBrightnessBoostInProgress=false, mIsVrModeEnabled= false, sQuiescent=false
06-29 03:40:44.490 E/wificond( 1206): NL80211_CMD_TRIGGER_SCAN failed: Device or resource busy
06-29 03:40:44.493 E/[ 2458.040940] [wifico][0xb000efd3f][03( 0): 40:44.489896] wlan: [1206:E:HDD] __wlan_hdd_cfg80211_scan: 572: Scan not allowed. scan_ebusy_cnt: 454 Session 0 Reason 1
06-29 03:40:45.045 E/[ 2458.592301] link_delay_work_func( 0): DTC_ETH: SQI=0, link=0
06-29 03:40:46.491 D/PowerManagerService( 1522): acquireWakeLockInternal: lock=218282209, flags=0x1, tag="*alarm*", ws=WorkSource{1000}, uid=1000, pid=1522
06-29 03:40:46.492 D/PowerManagerService( 1522): updateWakeLockSummaryLocked: mWakefulness=Awake, mWakeLockSummary=0x1
06-29 03:40:46.492 D/PowerManagerService( 1522): updateUserActivitySummaryLocked: groupId=0, mWakefulness=Awake, mUserActivitySummary=0x1, nextTimeout=2508208 (in 48165 ms)
06-29 03:40:46.492 D/PowerManagerNotifier( 1522): onScreenPolicyUpdate: newPolicy=3
06-29 03:40:46.492 D/PowerManagerService( 1522): updateDisplayPowerStateLocked: displayReady=true, groupId=0, policy=BRIGHT, mWakefulness=Awake, mWakeLockSummary=0x1, mUserActivitySummary=0x1, mBootCompleted=true, screenBrightnessOverride=NaN, useAutoBrightness=false, mScreenBrightnessBoostInProgress=false, mIsVrModeEnabled= false, sQuiescent=false
06-29 03:40:46.492 D/PowerManagerNotifier( 1522): onWakeLockAcquired: flags=1, tag="*alarm*", packageName=android, ownerUid=1000, ownerPid=1522, workSource=WorkSource{1000}
06-29 03:40:46.493 D/PowerManagerService( 1522): releaseWakeLockInternal: lock=218282209 [*alarm*], flags=0x0
06-29 03:40:46.493 D/PowerManagerNotifier( 1522): onWakeLockReleased: flags=1, tag="*alarm*", packageName=android, ownerUid=1000, ownerPid=1522, workSource=WorkSource{1000}
06-29 03:40:46.493 D/PowerManagerService( 1522): updateWakeLockSummaryLocked: mWakefulness=Awake, mWakeLockSummary=0x1
06-29 03:40:46.493 D/PowerManagerService( 1522): updateUserActivitySummaryLocked: groupId=0, mWakefulness=Awake, mUserActivitySummary=0x1, nextTimeout=2508208 (in 48164 ms)
06-29 03:40:46.494 D/PowerManagerNotifier( 1522): onScreenPolicyUpdate: newPolicy=3
06-29 03:40:46.494 D/PowerManagerService( 1522): updateDisplayPowerStateLocked: displayReady=true, groupId=0, policy=BRIGHT, mWakefulness=Awake, mWakeLockSummary=0x1, mUserActivitySummary=0x1, mBootCompleted=true, screenBrightnessOverride=NaN, useAutoBrightness=false, mScreenBrightnessBoostInProgress=false, mIsVrModeEnabled= false, sQuiescent=false
06-29 03:40:46.502 E/wificond( 1206): NL80211_CMD_TRIGGER_SCAN failed: Device or resource busy
06-29 03:40:46.505 E/[ 2460.053582] [wifico][0xb025ca136][03( 0): 40:46.502536] wlan: [1206:E:HDD] __wlan_hdd_cfg80211_scan: 572: Scan not allowed. scan_ebusy_cnt: 455 Session 0 Reason 1
06-29 03:40:47.827 D/PowerManagerService( 1522): userActivityNoUpdateLocked: groupId=0, eventTime=2461376, event=2, flags=0x0, uid=1000
06-29 03:40:47.827 D/PowerManagerNotifier( 1522): onUserActivity: event=2, uid=1000
06-29 03:40:47.828 D/PowerManagerService( 1522): updateUserActivitySummaryLocked: groupId=0, mWakefulness=Awake, mUserActivitySummary=0x1, nextTimeout=2521376 (in 59997 ms)
06-29 03:40:47.828 D/PowerManagerNotifier( 1522): onScreenPolicyUpdate: newPolicy=3
06-29 03:40:47.828 D/PowerManagerService( 1522): updateDisplayPowerStateLocked: displayReady=true, groupId=0, policy=BRIGHT, mWakefulness=Awake, mWakeLockSummary=0x1, mUserActivitySummary=0x1, mBootCompleted=true, screenBrightnessOverride=NaN, useAutoBrightness=false, mScreenBrightnessBoostInProgress=false, mIsVrModeEnabled= false, sQuiescent=false
06-29 03:40:47.857 W/[ 2461.408242] [schedu][0xb03e980cb][03( 0): 40:47.857197] wlan: [3371:W:PE] lim_process_sae_auth_timeout: 112: SAE auth timeout sessionid 0 mlmstate 1D SmeState 4
06-29 03:40:47.857 E/[ 2461.408417] [schedu][0xb03e98e98][03( 0): 40:47.857381] wlan: [3371:E:PE] lim_process_mlm_auth_cnf: 558: Auth Failure occurred
06-29 03:40:47.857 I/[ 2461.408488] [schedu][0xb03e993f2][03( 0): 40:47.857452] wlan: [3371:I:PE] Deauth TX: vdev 0 seq_num 3671 reason 65530 waitForAck 0 to 04:d9:f5:fb:09:94 from a2:d7:5b:b4:b7:af
06-29 03:40:47.875 I/wificond( 1206): Connect timeout
06-29 03:40:47.877 W/[ 2461.424877] [schedu][0xb03ee610a][03( 0): 40:47.873840] wlan: [3371:W:SME] csr_roam_join_rsp_processor: 9876: SmeJoinReq failed with status_code= 0x000001FD [509] reason:65530
06-29 03:40:47.877 W/[ 2461.425091] [schedu][0xb03ee713b][03( 0): 40:47.874056] wlan: [3371:W:HDD] hdd_get_rssi_snr_by_bssid: 17749: sme_get_rssi_snr_by_bssid failed
06-29 03:40:47.877 E/[ 2461.425110] [schedu][0xb03ee72a2][03( 0): 40:47.874075] wlan: [3371:E:HDD] hdd_association_completion_handler: 3712: wlan0(vdevid-0): connection failed with 04:d9:f5:fb:09:94 result: 3 and Status: 7
06-29 03:40:47.877 W/[ 2461.425282] [schedu][0xb03ee7f87][03( 0): 40:47.874247] wlan: [3371:W:HDD] hdd_get_rssi_snr_by_bssid: 17749: sme_get_rssi_snr_by_bssid failed
06-29 03:40:47.877 E/[ 2461.425303] [schedu][0xb03ee8111][03( 0): 40:47.874267] wlan: [3371:E:HDD] hdd_association_completion_handler: 3712: wlan0(vdevid-0): connection failed with 04:d9:f5:fb:09:94 result: 1 and Status: 9
06-29 03:40:47.877 E/[ 2461.425419] [schedu][0xb03ee8904][03( 0): 40:47.874373] wlan: [3371:E:HDD] hdd_association_completion_handler: 3784: send connect failure to nl80211: for bssid 04:d9:f5:fb:09:94 result: 1 and Status: 9 reasoncode: 65530
06-29 03:40:47.901 I/[ 2461.447759] logd( 0): logdr: UID=1000 GID=1000 PID=14417 n tail=127 logMask=19 pid=0 start=0ns deadline=0ns
06-29 03:40:47.931 I/[ 2461.479180] [schedu][0xb03fe4982][03( 0): 40:47.928140] wlan: [3371:I:HIF] Deinitializing Runtime PM wakelock &vdev->vdev_set_key_runtime_wakelock
06-29 03:40:47.931 I/[ 2461.479642] [schedu][0xb03fe6c82][03( 0): 40:47.928606] wlan: [3371:I:HIF] Initializing Runtime PM wakelock &vdev->vdev_set_key_runtime_wakelock
06-29 03:40:47.941 I/[ 2461.491364] [wifi@1][0xb0401db94][03( 0): 40:47.940327] wlan: [828:I:DP] dp_vdev_attach_wifi3: wlan_cfg_ap_bridge_enabled 0
06-29 03:40:47.940 D/android.hardware.wifi@1.0-service( 828): Successfully SetMacAddress.
06-29 03:40:47.940 D/PowerManagerService( 1522): userActivityNoUpdateLocked: groupId=0, eventTime=2461490, event=2, flags=0x0, uid=1000
06-29 03:40:47.940 D/PowerManagerNotifier( 1522): onUserActivity: event=2, uid=1000
06-29 03:40:47.940 D/PowerManagerService( 1522): updateUserActivitySummaryLocked: groupId=0, mWakefulness=Awake, mUserActivitySummary=0x1, nextTimeout=2521490 (in 59999 ms)
06-29 03:40:47.940 D/PowerManagerNotifier( 1522): onScreenPolicyUpdate: newPolicy=3
06-29 03:40:47.940 D/PowerManagerService( 1522): updateDisplayPowerStateLocked: displayReady=true, groupId=0, policy=BRIGHT, mWakefulness=Awake, mWakeLockSummary=0x1, mUserActivitySummary=0x1, mBootCompleted=true, screenBrightnessOverride=NaN, useAutoBrightness=false, mScreenBrightnessBoostInProgress=false, mIsVrModeEnabled= false, sQuiescent=false
06-29 03:40:47.958 I/thunderperf( 1522): PlatormCompat.setOverrides: Uid1=1000 Pid1=25596 Uid2=1000 Pid2=25596
06-29 03:40:47.959 E/[ 2461.509253] [wifi@1][0xb040718ec][03( 0): 40:47.958212] wlan: [3455:E:wifipos] wifi_pos_process_app_reg_req: 608: Received App Req Req pid(-398458052), len(16)
06-29 03:40:47.958 I/thunderperf( 1522): PlatormCompat.setOverrides: needCheck:false
06-29 03:40:47.959 I/[ 2461.509848] [wifi@1][0xb0407441c][03( 0): 40:47.958788] wlan: [3455:I:wifipos] wifi_pos_get_ch_info: 461: num channels: 26
06-29 03:40:47.959 I/thunderperf( 1522): CompatConfig.addOverrideUnsafe: bef-state=0
06-29 03:40:47.959 I/thunderperf( 1522): CompatConfig.addOverrideUnsafe: aft-state=0
06-29 03:40:47.959 I/thunderperf( 1522): CompatConfig.addOverrideUnsafe: bef-state=0
06-29 03:40:47.959 I/thunderperf( 1522): CompatConfig.addOverrideUnsafe: aft-state=0
06-29 03:40:47.960 I/thunderperf( 1522): CompatConfig.addOverrideUnsafe: bef-state=0
06-29 03:40:47.960 I/thunderperf( 1522): CompatConfig.addOverrideUnsafe: aft-state=0
06-29 03:40:47.961 I/[ 2461.511186] [wifi@1][0xb0407aa13][03( 0): 40:47.960147] wlan: [3455:I:wifipos] wifi_pos_get_ch_info: 461: num channels: 26
06-29 03:40:47.960 I/thunderperf( 1522): CompatConfig.addOverrideUnsafe: bef-state=0
06-29 03:40:47.960 I/thunderperf( 1522): CompatConfig.addOverrideUnsafe: aft-state=0
06-29 03:40:47.961 I/thunderperf( 1522): CompatConfig.addOverrideUnsafe: bef-state=0
06-29 03:40:47.961 I/thunderperf( 1522): CompatConfig.addOverrideUnsafe: aft-state=0
06-29 03:40:47.961 I/thunderperf( 1522): CompatConfig.addOverrideUnsafe: bef-state=0
06-29 03:40:47.961 I/thunderperf( 1522): CompatConfig.addOverrideUnsafe: aft-state=0
06-29 03:40:47.962 I/thunderperf( 1522): CompatConfig.addOverrideUnsafe: bef-state=0
06-29 03:40:47.962 I/thunderperf( 1522): CompatConfig.addOverrideUnsafe: aft-state=0
06-29 03:40:47.962 I/thunderperf( 1522): CompatConfig.addOverrideUnsafe: bef-state=0
06-29 03:40:47.962 I/thunderperf( 1522): CompatConfig.addOverrideUnsafe: aft-state=0
06-29 03:40:47.963 I/thunderperf( 1522): CompatConfig.addOverrideUnsafe: bef-state=0
06-29 03:40:47.963 I/thunderperf( 1522): CompatConfig.addOverrideUnsafe: aft-state=0
06-29 03:40:47.963 I/thunderperf( 1522): CompatConfig.addOverrideUnsafe: bef-state=0
06-29 03:40:47.963 I/thunderperf( 1522): CompatConfig.addOverrideUnsafe: aft-state=0
06-29 03:40:47.963 I/thunderperf( 1522): CompatConfig.addOverrideUnsafe: bef-state=0
06-29 03:40:47.963 I/thunderperf( 1522): CompatConfig.addOverrideUnsafe: aft-state=0
06-29 03:40:47.964 I/thunderperf( 1522): CompatConfig.addOverrideUnsafe: bef-state=0
06-29 03:40:47.964 I/thunderperf( 1522): CompatConfig.addOverrideUnsafe: aft-state=0
06-29 03:40:47.964 I/thunderperf( 1522): CompatConfig.addOverrideUnsafe: bef-state=0
06-29 03:40:47.964 I/thunderperf( 1522): CompatConfig.addOverrideUnsafe: aft-state=0
06-29 03:40:47.964 I/thunderperf( 1522): CompatConfig.addOverrideUnsafe: bef-state=0
06-29 03:40:47.964 I/thunderperf( 1522): CompatConfig.addOverrideUnsafe: aft-state=0
06-29 03:40:47.983 I/ActivityTaskManager( 1522): START u0 {act=android.intent.action.MAIN cmp=com.android.settings/.SubSettings (has extras)} from uid 1000
06-29 03:40:47.984 D/ActivityTaskManager( 1522): TaskLaunchParamsModifier:task=null activity=ActivityRecord{12aeac0 u0 com.android.settings/.SubSettings taskAffinity=1000:com.android.settings display-area-from-source=DefaultTaskDisplayArea@3626345 display-id=0 display-windowing-mode=1 suggested-display-area=DefaultTaskDisplayArea@3626345
06-29 03:40:47.984 D/ActivityTaskManager( 1522): TaskLaunchParamsModifier:task=Task{baa0bd6 #76 type=standard A=1000:com.android.settings.root U=0 visible=true mode=fullscreen translucent=false sz=1 visible freeform task=true rootAffinity=1000:com.android.settings.root isMini=false} activity=ActivityRecord{12aeac0 u0 com.android.settings/.SubSettings taskAffinity=1000:com.android.settings t-1} display-area-from-source=DefaultTaskDisplayArea@3626345 display-id=0 display-windowing-mode=1 suggested-display-area=DefaultTaskDisplayArea@3626345 non-freeform-display display-area=DefaultTaskDisplayArea@3626345
06-29 03:40:47.989 D/PowerManagerService( 1522): acquireWakeLockInternal: lock=258975204, flags=0x1, tag="*launch*", ws=WorkSource{1000}, uid=1000, pid=1522
06-29 03:40:47.989 D/PowerManagerService( 1522): updateWakeLockSummaryLocked: mWakefulness=Awake, mWakeLockSummary=0x1
06-29 03:40:47.989 D/PowerManagerService( 1522): updateUserActivitySummaryLocked: groupId=0, mWakefulness=Awake, mUserActivitySummary=0x1, nextTimeout=2521490 (in 59950 ms)
06-29 03:40:47.989 D/PowerManagerNotifier( 1522): onScreenPolicyUpdate: newPolicy=3
06-29 03:40:47.989 D/PowerManagerService( 1522): updateDisplayPowerStateLocked: displayReady=true, groupId=0, policy=BRIGHT, mWakefulness=Awake, mWakeLockSummary=0x1, mUserActivitySummary=0x1, mBootCompleted=true, screenBrightnessOverride=NaN, useAutoBrightness=false, mScreenBrightnessBoostInProgress=false, mIsVrModeEnabled= false, sQuiescent=false
06-29 03:40:47.989 D/PowerManagerNotifier( 1522): onWakeLockAcquired: flags=1, tag="*launch*", packageName=android, ownerUid=1000, ownerPid=1522, workSource=WorkSource{1000}
06-29 03:40:47.995 I/ActivityTaskManager( 1522): FOREGROUND_APPLICATION_CHANGED to com.android.settings.SubSettings
06-29 03:40:47.995 I/ActivityTaskManager( 1522): The Process com.android.settings Already Exists in BG. So sending its PID: 25596
06-29 03:40:47.995 W/ActivityTaskManager( 1522): Tried to set launchTime (0) < mLastActivityLaunchTime (1812353)
06-29 03:40:47.997 I/[ 2461.547483] logd( 0): logdr: UID=1000 GID=1000 PID=14422 n tail=127 logMask=80 pid=0 start=0ns deadline=0ns
06-29 03:40:47.999 W/ProcessStats( 1522): Tracking association SourceState{562fd4e com.tencent.android.qqdownloader:live/10115 BTopFgs #11462} whose proc state 2 is better than process ProcessState{7d9de82 com.tencent.android.qqdownloader:daemon/10115 pkg=com.tencent.android.qqdownloader} proc state 3 (19 skipped)
06-29 03:40:48.022 D/CompatibilityChangeReporter( 1522): Compat change id reported: 135634846; UID 10079; state: DISABLED
06-29 03:40:48.022 D/CompatibilityChangeReporter( 1522): Compat change id reported: 177438394; UID 10079; state: DISABLED
06-29 03:40:48.022 D/CompatibilityChangeReporter( 1522): Compat change id reported: 135772972; UID 10079; state: DISABLED
06-29 03:40:48.022 D/CompatibilityChangeReporter( 1522): Compat change id reported: 135754954; UID 10079; state: ENABLED
06-29 03:40:48.022 D/CompatibilityChangeReporter( 1522): Compat change id reported: 143937733; UID 10079; state: ENABLED
06-29 03:40:48.027 I/thunderperf( 1522): PlatormCompat.setOverrides: Uid1=1000 Pid1=25596 Uid2=1000 Pid2=25596
06-29 03:40:48.027 I/ActivityManager( 1522): Start proc 14425:com.qualcomm.qti.qccauthmgr/u0a79 for content provider {com.qualcomm.qti.qccauthmgr/com.qualcomm.qti.qccauthmgr.providers.SMQContentProvider}
06-29 03:40:48.027 I/thunderperf( 1522): PlatormCompat.setOverrides: needCheck:false
06-29 03:40:48.027 I/thunderperf( 1522): CompatConfig.addOverrideUnsafe: bef-state=0
06-29 03:40:48.027 I/thunderperf( 1522): CompatConfig.addOverrideUnsafe: aft-state=0
06-29 03:40:48.028 I/thunderperf( 1522): CompatConfig.addOverrideUnsafe: bef-state=0
06-29 03:40:48.028 I/thunderperf( 1522): CompatConfig.addOverrideUnsafe: aft-state=0
06-29 03:40:48.028 I/thunderperf( 1522): CompatConfig.addOverrideUnsafe: bef-state=0
06-29 03:40:48.028 I/thunderperf( 1522): CompatConfig.addOverrideUnsafe: aft-state=0
06-29 03:40:48.028 I/thunderperf( 1522): CompatConfig.addOverrideUnsafe: bef-state=0
06-29 03:40:48.028 I/thunderperf( 1522): CompatConfig.addOverrideUnsafe: aft-state=0
06-29 03:40:48.028 I/thunderperf( 1522): CompatConfig.addOverrideUnsafe: bef-state=0
06-29 03:40:48.028 I/thunderperf( 1522): CompatConfig.addOverrideUnsafe: aft-state=0
06-29 03:40:48.028 I/thunderperf( 1522): CompatConfig.addOverrideUnsafe: bef-state=0
06-29 03:40:48.029 I/thunderperf( 1522): CompatConfig.addOverrideUnsafe: aft-state=0
06-29 03:40:48.029 I/thunderperf( 1522): CompatConfig.addOverrideUnsafe: bef-state=0
06-29 03:40:48.029 I/thunderperf( 1522): CompatConfig.addOverrideUnsafe: aft-state=0
06-29 03:40:48.029 I/thunderperf( 1522): CompatConfig.addOverrideUnsafe: bef-state=0
06-29 03:40:48.029 I/thunderperf( 1522): CompatConfig.addOverrideUnsafe: aft-state=0
06-29 03:40:48.029 I/thunderperf( 1522): CompatConfig.addOverrideUnsafe: bef-state=0
06-29 03:40:48.029 I/thunderperf( 1522): CompatConfig.addOverrideUnsafe: aft-state=0
06-29 03:40:48.029 I/thunderperf( 1522): CompatConfig.addOverrideUnsafe: bef-state=0
06-29 03:40:48.029 I/thunderperf( 1522): CompatConfig.addOverrideUnsafe: aft-state=0
06-29 03:40:48.029 I/thunderperf( 1522): CompatConfig.addOverrideUnsafe: bef-state=0
06-29 03:40:48.029 I/thunderperf( 1522): CompatConfig.addOverrideUnsafe: aft-state=0
06-29 03:40:48.030 I/thunderperf( 1522): CompatConfig.addOverrideUnsafe: bef-state=0
06-29 03:40:48.030 I/thunderperf( 1522): CompatConfig.addOverrideUnsafe: aft-state=0
06-29 03:40:48.030 I/thunderperf( 1522): CompatConfig.addOverrideUnsafe: bef-state=0
06-29 03:40:48.030 I/thunderperf( 1522): CompatConfig.addOverrideUnsafe: aft-state=0
06-29 03:40:48.030 I/thunderperf( 1522): CompatConfig.addOverrideUnsafe: bef-state=0
06-29 03:40:48.030 I/thunderperf( 1522): CompatConfig.addOverrideUnsafe: aft-state=0
06-29 03:40:48.033 I/ActivityTaskManager( 1522): START u0 {act=android.intent.action.MAIN cmp=com.android.settings/.homepage.SettingsHomepageActivity (has extras)} from uid 1000
06-29 03:40:48.034 D/ActivityTaskManager( 1522): TaskLaunchParamsModifier:task=null activity=ActivityRecord{1c9d931 u0 com.android.settings/.homepage.SettingsHomepageActivity taskAffinity=1000:com.android.settings.root display-area-from-source=DefaultTaskDisplayArea@3626345 display-id=0 display-windowing-mode=1 suggested-display-area=DefaultTaskDisplayArea@3626345
06-29 03:40:48.034 D/ActivityTaskManager( 1522): TaskLaunchParamsModifier:task=Task{baa0bd6 #76 type=standard A=1000:com.android.settings.root U=0 visible=true mode=fullscreen translucent=false sz=2 visible freeform task=true rootAffinity=1000:com.android.settings.root isMini=false} activity=ActivityRecord{1c9d931 u0 com.android.settings/.homepage.SettingsHomepageActivity taskAffinity=1000:com.android.settings.root t-1} display-area-from-source=DefaultTaskDisplayArea@3626345 display-id=0 display-windowing-mode=1 suggested-display-area=DefaultTaskDisplayArea@3626345 non-freeform-display display-area=DefaultTaskDisplayArea@3626345
06-29 03:40:48.037 I/[ 2461.587202] binder( 0): 14425:14425 ioctl 40046210 7fdcc9b894 returned -22
06-29 03:40:48.039 D/PowerManagerService( 1522): acquireWakeLockInternal: lock=258975204, flags=0x1, tag="*launch*", ws=WorkSource{1000}, uid=1000, pid=1522
06-29 03:40:48.039 D/PowerManagerService( 1522): updateWakeLockSummaryLocked: mWakefulness=Awake, mWakeLockSummary=0x1
06-29 03:40:48.039 D/PowerManagerService( 1522): updateUserActivitySummaryLocked: groupId=0, mWakefulness=Awake, mUserActivitySummary=0x1, nextTimeout=2521490 (in 59900 ms)
06-29 03:40:48.039 D/PowerManagerNotifier( 1522): onScreenPolicyUpdate: newPolicy=3
06-29 03:40:48.039 D/PowerManagerService( 1522): updateDisplayPowerStateLocked: displayReady=true, groupId=0, policy=BRIGHT, mWakefulness=Awake, mWakeLockSummary=0x1, mUserActivitySummary=0x1, mBootCompleted=true, screenBrightnessOverride=NaN, useAutoBrightness=false, mScreenBrightnessBoostInProgress=false, mIsVrModeEnabled= false, sQuiescent=false
06-29 03:40:48.041 D/CompatibilityChangeReporter( 1522): Compat change id reported: 168419799; UID 10079; state: DISABLED
06-29 03:40:48.042 W/ActivityTaskManager( 1522): Duplicate finish request for r=ActivityRecord{12aeac0 u0 com.android.settings/.SubSettings taskAffinity=1000:com.android.settings t76 f}}
06-29 03:40:48.045 I/ActivityTaskManager( 1522): FOREGROUND_APPLICATION_CHANGED to com.android.settings.homepage.SettingsHomepageActivity
06-29 03:40:48.080 I/GameModeConfig( 1522): isGameModeOn = false
06-29 03:40:48.098 E/android.hardware.wifi@1.0-service( 828): create file failed: Permission denied
06-29 03:40:48.098 E/android.hardware.wifi@1.0-service( 828): Error writing files to flash
06-29 03:40:48.102 I/[ 2461.653798] [schedu][0xb04317264][03( 0): 40:48.102765] wlan: [3371:I:OSIF] scan start scan id 41266
06-29 03:40:48.117 D/PowerManagerService( 1522): releaseWakeLockInternal: lock=258975204 [*launch*], flags=0x0
06-29 03:40:48.117 D/PowerManagerNotifier( 1522): onWakeLockReleased: flags=1, tag="*launch*", packageName=android, ownerUid=1000, ownerPid=1522, workSource=WorkSource{1000}
06-29 03:40:48.117 D/PowerManagerService( 1522): updateWakeLockSummaryLocked: mWakefulness=Awake, mWakeLockSummary=0x1
06-29 03:40:48.117 D/PowerManagerService( 1522): updateUserActivitySummaryLocked: groupId=0, mWakefulness=Awake, mUserActivitySummary=0x1, nextTimeout=2521490 (in 59822 ms)
06-29 03:40:48.117 D/PowerManagerNotifier( 1522): onScreenPolicyUpdate: newPolicy=3
06-29 03:40:48.117 D/PowerManagerService( 1522): updateDisplayPowerStateLocked: displayReady=true, groupId=0, policy=BRIGHT, mWakefulness=Awake, mWakeLockSummary=0x1, mUserActivitySummary=0x1, mBootCompleted=true, screenBrightnessOverride=NaN, useAutoBrightness=false, mScreenBrightnessBoostInProgress=false, mIsVrModeEnabled= false, sQuiescent=false
06-29 03:40:48.504 D/PowerManagerService( 1522): acquireWakeLockInternal: lock=218282209, flags=0x1, tag="*alarm*", ws=WorkSource{1000}, uid=1000, pid=1522
06-29 03:40:48.504 D/PowerManagerService( 1522): updateWakeLockSummaryLocked: mWakefulness=Awake, mWakeLockSummary=0x1
06-29 03:40:48.504 D/PowerManagerService( 1522): updateUserActivitySummaryLocked: groupId=0, mWakefulness=Awake, mUserActivitySummary=0x1, nextTimeout=2521490 (in 59435 ms)
06-29 03:40:48.504 D/PowerManagerNotifier( 1522): onScreenPolicyUpdate: newPolicy=3
06-29 03:40:48.504 D/PowerManagerService( 1522): updateDisplayPowerStateLocked: displayReady=true, groupId=0, policy=BRIGHT, mWakefulness=Awake, mWakeLockSummary=0x1, mUserActivitySummary=0x1, mBootCompleted=true, screenBrightnessOverride=NaN, useAutoBrightness=false, mScreenBrightnessBoostInProgress=false, mIsVrModeEnabled= false, sQuiescent=false
06-29 03:40:48.504 D/PowerManagerNotifier( 1522): onWakeLockAcquired: flags=1, tag="*alarm*", packageName=android, ownerUid=1000, ownerPid=1522, workSource=WorkSource{1000}
06-29 03:40:48.504 D/PowerManagerService( 1522): releaseWakeLockInternal: lock=218282209 [*alarm*], flags=0x0
06-29 03:40:48.504 D/PowerManagerNotifier( 1522): onWakeLockReleased: flags=1, tag="*alarm*", packageName=android, ownerUid=1000, ownerPid=1522, workSource=WorkSource{1000}
06-29 03:40:48.504 D/PowerManagerService( 1522): updateWakeLockSummaryLocked: mWakefulness=Awake, mWakeLockSummary=0x1
06-29 03:40:48.504 D/PowerManagerService( 1522): updateUserActivitySummaryLocked: groupId=0, mWakefulness=Awake, mUserActivitySummary=0x1, nextTimeout=2521490 (in 59435 ms)
06-29 03:40:48.504 D/PowerManagerNotifier( 1522): onScreenPolicyUpdate: newPolicy=3
06-29 03:40:48.504 D/PowerManagerService( 1522): updateDisplayPowerStateLocked: displayReady=true, groupId=0, policy=BRIGHT, mWakefulness=Awake, mWakeLockSummary=0x1, mUserActivitySummary=0x1, mBootCompleted=true, screenBrightnessOverride=NaN, useAutoBrightness=false, mScreenBrightnessBoostInProgress=false, mIsVrModeEnabled= false, sQuiescent=false
06-29 03:40:49.278 I/[ 2462.828972] [schedu][0xb0589bc8d][03( 0): 40:49.277940] wlan: [3371:I:OSIF] vdev 0, scan id 41266 type COMPLETED(1) reason COMPLETED(1) scan found 23 bss
06-29 03:40:49.380 I/[ 2462.931117] [schedu][0xb05a7a968][03( 0): 40:49.380085] wlan: [3371:I:HIF] Deinitializing Runtime PM wakelock &vdev->vdev_set_key_runtime_wakelock
06-29 03:40:49.381 I/[ 2462.931309] [schedu][0xb05a7b7ca][03( 0): 40:49.380277] wlan: [3371:I:HIF] Initializing Runtime PM wakelock &vdev->vdev_set_key_runtime_wakelock
06-29 03:40:49.381 D/android.hardware.wifi@1.0-service( 828): Successfully SetMacAddress.
06-29 03:40:49.382 I/[ 2462.933024] [wifi@1][0xb05a83873][03( 0): 40:49.381992] wlan: [828:I:DP] dp_vdev_attach_wifi3: wlan_cfg_ap_bridge_enabled 0
06-29 03:40:49.387 W/wificond( 1206): Scan is not started. Ignore abort request
06-29 03:40:49.388 E/[ 2462.938582] [wifi@1][0xb05a9d93f][03( 0): 40:49.387550] wlan: [3455:E:wifipos] wifi_pos_process_app_reg_req: 608: Received App Req Req pid(-398458052), len(16)
06-29 03:40:49.388 I/[ 2462.938776] [wifi@1][0xb05a9e7d1][03( 0): 40:49.387744] wlan: [3455:I:wifipos] wifi_pos_get_ch_info: 461: num channels: 26
06-29 03:40:49.389 I/[ 2462.939672] [wpa_su][0xb05aa2aff][03( 0): 40:49.388640] wlan: [3475:I:SME] vdev-0: Connecting to hht_test_wifi_fc4318c9 04:d9:f5:fb:09:94 rssi: -71 freq: 5300 akm 3 cipher: uc 6 mc 6, CC:
06-29 03:40:49.389 E/[ 2462.939701] [wpa_su][0xb05aa2d45][03( 0): 40:49.388670] wlan: [3475:E:QDF] Cannot malloc 0 bytes @ csr_get_cfg_max_tx_power:14199
06-29 03:40:49.389 I/[ 2462.939788] [wifi@1][0xb05aa33b7][03( 0): 40:49.388756] wlan: [3455:I:wifipos] wifi_pos_get_ch_info: 461: num channels: 26
06-29 03:40:49.390 I/[ 2462.941619] [schedu][0xb05aabd0f][03( 0): 40:49.390587] wlan: [3371:I:WMI] send_vdev_start_cmd_tlv: 1062: send_vdev_start_cmd_tlv: vdev_id 0 freq 5300 chanmode 18 ch_info: 0x12 is_dfs 0 beacon interval 100 dtim 0 center_chan 5290 center_freq2 0 reg_info_1: 0x170000 reg_info_2: 0x1700, req->max_txpow: 0x17 Tx SS 1, Rx SS 1, ldpc_rx: 0, cac 0, regd 4, HE ops: 0req->dis_hw_ack: 1
06-29 03:40:49.391 E/wificond( 1206): NL80211_CMD_TRIGGER_SCAN failed: Device or resource busy
06-29 03:40:49.391 E/[ 2462.942705] [wifico][0xb05ab0e80][03( 0): 40:49.391673] wlan: [1206:E:HDD] __wlan_hdd_cfg80211_scan: 572: Scan not allowed. scan_ebusy_cnt: 456 Session 0 Reason 1
06-29 03:40:49.528 I/[ 2463.079790] [soft_i][0xb05d3373c][03( 0): 40:49.528750] wlan: [0:I:TXRX] HTT_T2H_MSG_TYPE_PEER_MAP msg for peer id 10 vdev id 0 n
06-29 03:40:49.529 E/[ 2463.079837] [soft_i][0xb05d33b3c][03( 0): 40:49.528803] wlan: [0:E:DP] dp_peer_find_add_id: peer 0000000000000000 ID 10 vid 0 mac 04:d9:f5:fb:09:94
06-29 03:40:49.529 I/[ 2463.079850] [soft_i][0xb05d33c3c][03( 0): 40:49.528816] wlan: [0:I:DP] dp_peer_find_add_id: ref_cnt: 2
06-29 03:40:49.529 E/[ 2463.079861] [soft_i][0xb05d33d0c][03( 0): 40:49.528827] wlan: [0:E:DP] dp_peer_map_ast: peer 0000000000000000 ID 3 vid 0 mac 04:d9:f5:fb:09:94
06-29 03:40:49.680 I/[ 2463.231162] [schedu][0xb05ff90c9][03( 0): 40:49.680130] wlan: [3371:I:PE] Auth TX: fail
06-29 03:40:50.163 E/[ 2463.712084] link_delay_work_func( 0): DTC_ETH: SQI=0, link=0
06-29 03:40:50.191 D/PowerManagerService( 1522): userActivityNoUpdateLocked: groupId=0, eventTime=2463741, event=2, flags=0x0, uid=1000
06-29 03:40:50.191 D/PowerManagerNotifier( 1522): onUserActivity: event=2, uid=1000
06-29 03:40:50.191 D/PowerManagerService( 1522): updateUserActivitySummaryLocked: groupId=0, mWakefulness=Awake, mUserActivitySummary=0x1, nextTimeout=2523741 (in 59999 ms)
06-29 03:40:50.192 D/PowerManagerNotifier( 1522): onScreenPolicyUpdate: newPolicy=3
06-29 03:40:50.192 D/PowerManagerService( 1522): updateDisplayPowerStateLocked: displayReady=true, groupId=0, policy=BRIGHT, mWakefulness=Awake, mWakeLockSummary=0x1, mUserActivitySummary=0x1, mBootCompleted=true, screenBrightnessOverride=NaN, useAutoBrightness=false, mScreenBrightnessBoostInProgress=false, mIsVrModeEnabled= false, sQuiescent=false
06-29 03:40:50.294 D/PowerManagerService( 1522): userActivityNoUpdateLocked: groupId=0, eventTime=2463844, event=2, flags=0x0, uid=1000
06-29 03:40:50.294 D/PowerManagerNotifier( 1522): onUserActivity: event=2, uid=1000
06-29 03:40:50.295 D/PowerManagerService( 1522): updateUserActivitySummaryLocked: groupId=0, mWakefulness=Awake, mUserActivitySummary=0x1, nextTimeout=2523844 (in 59999 ms)
06-29 03:40:50.295 D/PowerManagerNotifier( 1522): onScreenPolicyUpdate: newPolicy=3
06-29 03:40:50.295 D/PowerManagerService( 1522): updateDisplayPowerStateLocked: displayReady=true, groupId=0, policy=BRIGHT, mWakefulness=Awake, mWakeLockSummary=0x1, mUserActivitySummary=0x1, mBootCompleted=true, screenBrightnessOverride=NaN, useAutoBrightness=false, mScreenBrightnessBoostInProgress=false, mIsVrModeEnabled= false, sQuiescent=false
06-29 03:40:50.398 D/PowerManagerService( 1522): userActivityNoUpdateLocked: groupId=0, eventTime=2463948, event=2, flags=0x0, uid=1000
06-29 03:40:50.398 D/PowerManagerNotifier( 1522): onUserActivity: event=2, uid=1000
06-29 03:40:50.398 D/PowerManagerService( 1522): updateUserActivitySummaryLocked: groupId=0, mWakefulness=Awake, mUserActivitySummary=0x1, nextTimeout=2523948 (in 59999 ms)
06-29 03:40:50.398 D/PowerManagerNotifier( 1522): onScreenPolicyUpdate: newPolicy=3
06-29 03:40:50.398 D/PowerManagerService( 1522): updateDisplayPowerStateLocked: displayReady=true, groupId=0, policy=BRIGHT, mWakefulness=Awake, mWakeLockSummary=0x1, mUserActivitySummary=0x1, mBootCompleted=true, screenBrightnessOverride=NaN, useAutoBrightness=false, mScreenBrightnessBoostInProgress=false, mIsVrModeEnabled= false, sQuiescent=false
06-29 03:40:50.498 D/PowerManagerService( 1522): userActivityNoUpdateLocked: groupId=0, eventTime=2464048, event=2, flags=0x0, uid=1000
06-29 03:40:50.498 D/PowerManagerNotifier( 1522): onUserActivity: event=2, uid=1000
06-29 03:40:50.498 D/PowerManagerService( 1522): updateUserActivitySummaryLocked: groupId=0, mWakefulness=Awake, mUserActivitySummary=0x1, nextTimeout=2524048 (in 59999 ms)
06-29 03:40:50.498 D/PowerManagerNotifier( 1522): onScreenPolicyUpdate: newPolicy=3
06-29 03:40:50.498 D/PowerManagerService( 1522): updateDisplayPowerStateLocked: displayReady=true, groupId=0, policy=BRIGHT, mWakefulness=Awake, mWakeLockSummary=0x1, mUserActivitySummary=0x1, mBootCompleted=true, screenBrightnessOverride=NaN, useAutoBrightness=false, mScreenBrightnessBoostInProgress=false, mIsVrModeEnabled= false, sQuiescent=false
06-29 03:40:50.599 D/PowerManagerService( 1522): userActivityNoUpdateLocked: groupId=0, eventTime=2464150, event=2, flags=0x0, uid=1000
06-29 03:40:50.599 D/PowerManagerNotifier( 1522): onUserActivity: event=2, uid=1000
06-29 03:40:50.599 D/PowerManagerService( 1522): updateUserActivitySummaryLocked: groupId=0, mWakefulness=Awake, mUserActivitySummary=0x1, nextTimeout=2524150 (in 60000 ms)
06-29 03:40:50.599 D/PowerManagerNotifier( 1522): onScreenPolicyUpdate: newPolicy=3
