06-29 03:41:10.381 D/PowerManagerNotifier( 1522): onUserActivity: event=2, uid=1000
06-29 03:41:10.381 D/PowerManagerService( 1522): updateUserActivitySummaryLocked: groupId=0, mWakefulness=Awake, mUserActivitySummary=0x1, nextTimeout=2543931 (in 59999 ms)
06-29 03:41:10.381 D/PowerManagerNotifier( 1522): onScreenPolicyUpdate: newPolicy=3
06-29 03:41:10.381 D/PowerManagerService( 1522): updateDisplayPowerStateLocked: displayReady=true, groupId=0, policy=BRIGHT, mWakefulness=Awake, mWakeLockSummary=0x1, mUserActivitySummary=0x1, mBootCompleted=true, screenBrightnessOverride=NaN, useAutoBrightness=false, mScreenBrightnessBoostInProgress=false, mIsVrModeEnabled= false, sQuiescent=false
06-29 03:41:10.491 D/PowerManagerService( 1522): userActivityNoUpdateLocked: groupId=0, eventTime=2484041, event=2, flags=0x0, uid=1000
06-29 03:41:10.491 D/PowerManagerNotifier( 1522): onUserActivity: event=2, uid=1000
06-29 03:41:10.491 D/PowerManagerService( 1522): updateUserActivitySummaryLocked: groupId=0, mWakefulness=Awake, mUserActivitySummary=0x1, nextTimeout=2544041 (in 59999 ms)
06-29 03:41:10.491 D/PowerManagerNotifier( 1522): onScreenPolicyUpdate: newPolicy=3
06-29 03:41:10.492 D/PowerManagerService( 1522): updateDisplayPowerStateLocked: displayReady=true, groupId=0, policy=BRIGHT, mWakefulness=Awake, mWakeLockSummary=0x1, mUserActivitySummary=0x1, mBootCompleted=true, screenBrightnessOverride=NaN, useAutoBrightness=false, mScreenBrightnessBoostInProgress=false, mIsVrModeEnabled= false, sQuiescent=false
06-29 03:41:10.592 D/PowerManagerService( 1522): userActivityNoUpdateLocked: groupId=0, eventTime=2484142, event=2, flags=0x0, uid=1000
06-29 03:41:10.592 D/PowerManagerNotifier( 1522): onUserActivity: event=2, uid=1000
06-29 03:41:10.592 D/PowerManagerService( 1522): updateUserActivitySummaryLocked: groupId=0, mWakefulness=Awake, mUserActivitySummary=0x1, nextTimeout=2544142 (in 59999 ms)
06-29 03:41:10.592 D/PowerManagerNotifier( 1522): onScreenPolicyUpdate: newPolicy=3
06-29 03:41:10.592 D/PowerManagerService( 1522): updateDisplayPowerStateLocked: displayReady=true, groupId=0, policy=BRIGHT, mWakefulness=Awake, mWakeLockSummary=0x1, mUserActivitySummary=0x1, mBootCompleted=true, screenBrightnessOverride=NaN, useAutoBrightness=false, mScreenBrightnessBoostInProgress=false, mIsVrModeEnabled= false, sQuiescent=false
06-29 03:41:10.645 E/[ 2484.192079] link_delay_work_func( 0): DTC_ETH: SQI=0, link=0
06-29 03:41:10.723 D/PowerManagerService( 1522): userActivityNoUpdateLocked: groupId=0, eventTime=2484273, event=2, flags=0x0, uid=1000
06-29 03:41:10.724 D/PowerManagerNotifier( 1522): onUserActivity: event=2, uid=1000
06-29 03:41:10.724 D/PowerManagerService( 1522): updateUserActivitySummaryLocked: groupId=0, mWakefulness=Awake, mUserActivitySummary=0x1, nextTimeout=2544273 (in 59998 ms)
06-29 03:41:10.724 D/PowerManagerNotifier( 1522): onScreenPolicyUpdate: newPolicy=3
06-29 03:41:10.724 D/PowerManagerService( 1522): updateDisplayPowerStateLocked: displayReady=true, groupId=0, policy=BRIGHT, mWakefulness=Awake, mWakeLockSummary=0x1, mUserActivitySummary=0x1, mBootCompleted=true, screenBrightnessOverride=NaN, useAutoBrightness=false, mScreenBrightnessBoostInProgress=false, mIsVrModeEnabled= false, sQuiescent=false
06-29 03:41:10.834 D/PowerManagerService( 1522): userActivityNoUpdateLocked: groupId=0, eventTime=2484384, event=2, flags=0x0, uid=1000
06-29 03:41:10.834 D/PowerManagerNotifier( 1522): onUserActivity: event=2, uid=1000
06-29 03:41:10.834 D/PowerManagerService( 1522): updateUserActivitySummaryLocked: groupId=0, mWakefulness=Awake, mUserActivitySummary=0x1, nextTimeout=2544384 (in 59999 ms)
06-29 03:41:10.834 D/PowerManagerNotifier( 1522): onScreenPolicyUpdate: newPolicy=3
06-29 03:41:10.834 D/PowerManagerService( 1522): updateDisplayPowerStateLocked: displayReady=true, groupId=0, policy=BRIGHT, mWakefulness=Awake, mWakeLockSummary=0x1, mUserActivitySummary=0x1, mBootCompleted=true, screenBrightnessOverride=NaN, useAutoBrightness=false, mScreenBrightnessBoostInProgress=false, mIsVrModeEnabled= false, sQuiescent=false
06-29 03:41:11.289 I/[ 2484.840744] [schedu][0xb1eba7e47][03( 0): 41:11.289697] wlan: [3371:I:PE] Auth TX: fail
06-29 03:41:12.000 D/PowerManagerService( 1522): acquireWakeLockInternal: lock=218282209, flags=0x1, tag="*alarm*", ws=WorkSource{1000}, uid=1000, pid=1522
06-29 03:41:12.000 D/PowerManagerService( 1522): updateWakeLockSummaryLocked: mWakefulness=Awake, mWakeLockSummary=0x1
06-29 03:41:12.000 D/PowerManagerService( 1522): updateUserActivitySummaryLocked: groupId=0, mWakefulness=Awake, mUserActivitySummary=0x1, nextTimeout=2544384 (in 58833 ms)
06-29 03:41:12.000 D/PowerManagerNotifier( 1522): onScreenPolicyUpdate: newPolicy=3
06-29 03:41:12.000 D/PowerManagerService( 1522): updateDisplayPowerStateLocked: displayReady=true, groupId=0, policy=BRIGHT, mWakefulness=Awake, mWakeLockSummary=0x1, mUserActivitySummary=0x1, mBootCompleted=true, screenBrightnessOverride=NaN, useAutoBrightness=false, mScreenBrightnessBoostInProgress=false, mIsVrModeEnabled= false, sQuiescent=false
06-29 03:41:12.001 D/PowerManagerNotifier( 1522): onWakeLockAcquired: flags=1, tag="*alarm*", packageName=android, ownerUid=1000, ownerPid=1522, workSource=WorkSource{1000}
06-29 03:41:12.002 D/PowerManagerService( 1522): releaseWakeLockInternal: lock=218282209 [*alarm*], flags=0x0
06-29 03:41:12.002 D/PowerManagerNotifier( 1522): onWakeLockReleased: flags=1, tag="*alarm*", packageName=android, ownerUid=1000, ownerPid=1522, workSource=WorkSource{1000}
06-29 03:41:12.002 D/PowerManagerService( 1522): updateWakeLockSummaryLocked: mWakefulness=Awake, mWakeLockSummary=0x1
06-29 03:41:12.002 D/PowerManagerService( 1522): updateUserActivitySummaryLocked: groupId=0, mWakefulness=Awake, mUserActivitySummary=0x1, nextTimeout=2544384 (in 58831 ms)
06-29 03:41:12.002 D/PowerManagerNotifier( 1522): onScreenPolicyUpdate: newPolicy=3
06-29 03:41:12.002 D/PowerManagerService( 1522): updateDisplayPowerStateLocked: displayReady=true, groupId=0, policy=BRIGHT, mWakefulness=Awake, mWakeLockSummary=0x1, mUserActivitySummary=0x1, mBootCompleted=true, screenBrightnessOverride=NaN, useAutoBrightness=false, mScreenBrightnessBoostInProgress=false, mIsVrModeEnabled= false, sQuiescent=false
06-29 03:41:12.009 E/[ 2485.558786] [wifico][0xb1f8cdbca][03( 0): 41:12.007743] wlan: [1206:E:HDD] __wlan_hdd_cfg80211_scan: 572: Scan not allowed. scan_ebusy_cnt: 464 Session 0 Reason 1
06-29 03:41:12.007 E/wificond( 1206): NL80211_CMD_TRIGGER_SCAN failed: Device or resource busy
06-29 03:41:12.696 D/PowerManagerService( 1522): userActivityNoUpdateLocked: groupId=0, eventTime=2486246, event=2, flags=0x0, uid=1000
06-29 03:41:12.697 D/PowerManagerNotifier( 1522): onUserActivity: event=2, uid=1000
06-29 03:41:12.697 D/PowerManagerService( 1522): updateUserActivitySummaryLocked: groupId=0, mWakefulness=Awake, mUserActivitySummary=0x1, nextTimeout=2546246 (in 59998 ms)
06-29 03:41:12.697 D/PowerManagerNotifier( 1522): onScreenPolicyUpdate: newPolicy=3
06-29 03:41:12.697 D/PowerManagerService( 1522): updateDisplayPowerStateLocked: displayReady=true, groupId=0, policy=BRIGHT, mWakefulness=Awake, mWakeLockSummary=0x1, mUserActivitySummary=0x1, mBootCompleted=true, screenBrightnessOverride=NaN, useAutoBrightness=false, mScreenBrightnessBoostInProgress=false, mIsVrModeEnabled= false, sQuiescent=false
06-29 03:41:12.802 D/PowerManagerService( 1522): userActivityNoUpdateLocked: groupId=0, eventTime=2486352, event=2, flags=0x0, uid=1000
06-29 03:41:12.802 D/PowerManagerNotifier( 1522): onUserActivity: event=2, uid=1000
06-29 03:41:12.802 D/PowerManagerService( 1522): updateUserActivitySummaryLocked: groupId=0, mWakefulness=Awake, mUserActivitySummary=0x1, nextTimeout=2546352 (in 59999 ms)
06-29 03:41:12.802 D/PowerManagerNotifier( 1522): onScreenPolicyUpdate: newPolicy=3
06-29 03:41:12.803 D/PowerManagerService( 1522): updateDisplayPowerStateLocked: displayReady=true, groupId=0, policy=BRIGHT, mWakefulness=Awake, mWakeLockSummary=0x1, mUserActivitySummary=0x1, mBootCompleted=true, screenBrightnessOverride=NaN, useAutoBrightness=false, mScreenBrightnessBoostInProgress=false, mIsVrModeEnabled= false, sQuiescent=false
06-29 03:41:12.911 D/PowerManagerService( 1522): userActivityNoUpdateLocked: groupId=0, eventTime=2486461, event=2, flags=0x0, uid=1000
06-29 03:41:12.911 D/PowerManagerNotifier( 1522): onUserActivity: event=2, uid=1000
06-29 03:41:12.911 D/PowerManagerService( 1522): updateUserActivitySummaryLocked: groupId=0, mWakefulness=Awake, mUserActivitySummary=0x1, nextTimeout=2546461 (in 59999 ms)
06-29 03:41:12.911 D/PowerManagerNotifier( 1522): onScreenPolicyUpdate: newPolicy=3
06-29 03:41:12.911 D/PowerManagerService( 1522): updateDisplayPowerStateLocked: displayReady=true, groupId=0, policy=BRIGHT, mWakefulness=Awake, mWakeLockSummary=0x1, mUserActivitySummary=0x1, mBootCompleted=true, screenBrightnessOverride=NaN, useAutoBrightness=false, mScreenBrightnessBoostInProgress=false, mIsVrModeEnabled= false, sQuiescent=false
06-29 03:41:13.011 D/PowerManagerService( 1522): userActivityNoUpdateLocked: groupId=0, eventTime=2486562, event=2, flags=0x0, uid=1000
06-29 03:41:13.012 D/PowerManagerNotifier( 1522): onUserActivity: event=2, uid=1000
06-29 03:41:13.012 D/PowerManagerService( 1522): updateUserActivitySummaryLocked: groupId=0, mWakefulness=Awake, mUserActivitySummary=0x1, nextTimeout=2546562 (in 59999 ms)
06-29 03:41:13.012 D/PowerManagerNotifier( 1522): onScreenPolicyUpdate: newPolicy=3
06-29 03:41:13.012 D/PowerManagerService( 1522): updateDisplayPowerStateLocked: displayReady=true, groupId=0, policy=BRIGHT, mWakefulness=Awake, mWakeLockSummary=0x1, mUserActivitySummary=0x1, mBootCompleted=true, screenBrightnessOverride=NaN, useAutoBrightness=false, mScreenBrightnessBoostInProgress=false, mIsVrModeEnabled= false, sQuiescent=false
06-29 03:41:13.121 D/PowerManagerService( 1522): userActivityNoUpdateLocked: groupId=0, eventTime=2486672, event=2, flags=0x0, uid=1000
06-29 03:41:13.122 D/PowerManagerNotifier( 1522): onUserActivity: event=2, uid=1000
06-29 03:41:13.122 D/PowerManagerService( 1522): updateUserActivitySummaryLocked: groupId=0, mWakefulness=Awake, mUserActivitySummary=0x1, nextTimeout=2546672 (in 59999 ms)
06-29 03:41:13.122 D/PowerManagerNotifier( 1522): onScreenPolicyUpdate: newPolicy=3
06-29 03:41:13.122 D/PowerManagerService( 1522): updateDisplayPowerStateLocked: displayReady=true, groupId=0, policy=BRIGHT, mWakefulness=Awake, mWakeLockSummary=0x1, mUserActivitySummary=0x1, mBootCompleted=true, screenBrightnessOverride=NaN, useAutoBrightness=false, mScreenBrightnessBoostInProgress=false, mIsVrModeEnabled= false, sQuiescent=false
06-29 03:41:13.222 D/PowerManagerService( 1522): userActivityNoUpdateLocked: groupId=0, eventTime=2486772, event=2, flags=0x0, uid=1000
06-29 03:41:13.222 D/PowerManagerNotifier( 1522): onUserActivity: event=2, uid=1000
06-29 03:41:13.222 D/PowerManagerService( 1522): updateUserActivitySummaryLocked: groupId=0, mWakefulness=Awake, mUserActivitySummary=0x1, nextTimeout=2546772 (in 59999 ms)
06-29 03:41:13.222 D/PowerManagerNotifier( 1522): onScreenPolicyUpdate: newPolicy=3
06-29 03:41:13.222 D/PowerManagerService( 1522): updateDisplayPowerStateLocked: displayReady=true, groupId=0, policy=BRIGHT, mWakefulness=Awake, mWakeLockSummary=0x1, mUserActivitySummary=0x1, mBootCompleted=true, screenBrightnessOverride=NaN, useAutoBrightness=false, mScreenBrightnessBoostInProgress=false, mIsVrModeEnabled= false, sQuiescent=false
06-29 03:41:14.009 D/PowerManagerService( 1522): acquireWakeLockInternal: lock=218282209, flags=0x1, tag="*alarm*", ws=WorkSource{1000}, uid=1000, pid=1522
06-29 03:41:14.010 D/PowerManagerService( 1522): updateWakeLockSummaryLocked: mWakefulness=Awake, mWakeLockSummary=0x1
06-29 03:41:14.010 D/PowerManagerService( 1522): updateUserActivitySummaryLocked: groupId=0, mWakefulness=Awake, mUserActivitySummary=0x1, nextTimeout=2546772 (in 59211 ms)
06-29 03:41:14.010 D/PowerManagerNotifier( 1522): onScreenPolicyUpdate: newPolicy=3
06-29 03:41:14.010 D/PowerManagerService( 1522): updateDisplayPowerStateLocked: displayReady=true, groupId=0, policy=BRIGHT, mWakefulness=Awake, mWakeLockSummary=0x1, mUserActivitySummary=0x1, mBootCompleted=true, screenBrightnessOverride=NaN, useAutoBrightness=false, mScreenBrightnessBoostInProgress=false, mIsVrModeEnabled= false, sQuiescent=false
06-29 03:41:14.011 D/PowerManagerNotifier( 1522): onWakeLockAcquired: flags=1, tag="*alarm*", packageName=android, ownerUid=1000, ownerPid=1522, workSource=WorkSource{1000}
06-29 03:41:14.012 D/PowerManagerService( 1522): releaseWakeLockInternal: lock=218282209 [*alarm*], flags=0x0
06-29 03:41:14.012 D/PowerManagerNotifier( 1522): onWakeLockReleased: flags=1, tag="*alarm*", packageName=android, ownerUid=1000, ownerPid=1522, workSource=WorkSource{1000}
06-29 03:41:14.013 D/PowerManagerService( 1522): updateWakeLockSummaryLocked: mWakefulness=Awake, mWakeLockSummary=0x1
06-29 03:41:14.013 D/PowerManagerService( 1522): updateUserActivitySummaryLocked: groupId=0, mWakefulness=Awake, mUserActivitySummary=0x1, nextTimeout=2546772 (in 59208 ms)
06-29 03:41:14.013 D/PowerManagerNotifier( 1522): onScreenPolicyUpdate: newPolicy=3
06-29 03:41:14.013 D/PowerManagerService( 1522): updateDisplayPowerStateLocked: displayReady=true, groupId=0, policy=BRIGHT, mWakefulness=Awake, mWakeLockSummary=0x1, mUserActivitySummary=0x1, mBootCompleted=true, screenBrightnessOverride=NaN, useAutoBrightness=false, mScreenBrightnessBoostInProgress=false, mIsVrModeEnabled= false, sQuiescent=false
06-29 03:41:14.023 E/wificond( 1206): NL80211_CMD_TRIGGER_SCAN failed: Device or resource busy
06-29 03:41:14.025 E/[ 2487.573970] [wifico][0xb21db3e0b][03( 0): 41:14.022920] wlan: [1206:E:HDD] __wlan_hdd_cfg80211_scan: 572: Scan not allowed. scan_ebusy_cnt: 465 Session 0 Reason 1
06-29 03:41:14.153 W/ActivityManager( 1522): Stopping service due to app idle: u0a92 -2m0s137ms com.tencent.tmgp.sgame/com.tencent.android.tpush.service.XGVipPushService
06-29 03:41:14.161 I/ActivityManager( 1522): Killing 14691:com.smile.gifmaker:messagesdk/u0a105 (adj 905): empty #2
06-29 03:41:14.205 I/ActivityManager( 1522): Killing 14425:com.qualcomm.qti.qccauthmgr/u0a79 (adj 915): empty #2
06-29 03:41:14.225 D/PowerManagerService( 1522): userActivityNoUpdateLocked: groupId=0, eventTime=2487775, event=2, flags=0x0, uid=1000
06-29 03:41:14.225 D/PowerManagerNotifier( 1522): onUserActivity: event=2, uid=1000
06-29 03:41:14.225 D/PowerManagerService( 1522): updateUserActivitySummaryLocked: groupId=0, mWakefulness=Awake, mUserActivitySummary=0x1, nextTimeout=2547775 (in 59999 ms)
06-29 03:41:14.225 D/PowerManagerNotifier( 1522): onScreenPolicyUpdate: newPolicy=3
06-29 03:41:14.225 D/PowerManagerService( 1522): updateDisplayPowerStateLocked: displayReady=true, groupId=0, policy=BRIGHT, mWakefulness=Awake, mWakeLockSummary=0x1, mUserActivitySummary=0x1, mBootCompleted=true, screenBrightnessOverride=NaN, useAutoBrightness=false, mScreenBrightnessBoostInProgress=false, mIsVrModeEnabled= false, sQuiescent=false
06-29 03:41:14.359 D/PowerManagerService( 1522): userActivityNoUpdateLocked: groupId=0, eventTime=2487909, event=2, flags=0x0, uid=1000
06-29 03:41:14.359 D/PowerManagerNotifier( 1522): onUserActivity: event=2, uid=1000
06-29 03:41:14.360 D/PowerManagerService( 1522): updateUserActivitySummaryLocked: groupId=0, mWakefulness=Awake, mUserActivitySummary=0x1, nextTimeout=2547909 (in 59998 ms)
06-29 03:41:14.360 D/PowerManagerNotifier( 1522): onScreenPolicyUpdate: newPolicy=3
06-29 03:41:14.360 D/PowerManagerService( 1522): updateDisplayPowerStateLocked: displayReady=true, groupId=0, policy=BRIGHT, mWakefulness=Awake, mWakeLockSummary=0x1, mUserActivitySummary=0x1, mBootCompleted=true, screenBrightnessOverride=NaN, useAutoBrightness=false, mScreenBrightnessBoostInProgress=false, mIsVrModeEnabled= false, sQuiescent=false
06-29 03:41:14.414 W/ContextImpl( 1522): Calling a method in the system process without a qualified user: android.app.ContextImpl.sendBroadcastMultiplePermissions:1206 android.content.Context.sendBroadcastWithMultiplePermissions:2262 com.android.server.wifi.WifiServiceImpl.broadcastWifiCredentialChanged:4925 com.android.server.wifi.WifiServiceImpl.lambda$forget$109:5067 com.android.server.wifi.WifiServiceImpl.$r8$lambda$WdoLbiwh44HopuCBPTcaSOWzrAY:0
06-29 03:41:14.417 I/[ 2487.967838] [wpa_su][0xb224ea2e7][03( 0): 41:14.416798] wlan: [3475:I:HDD] wlan0(vdevid-0): Received Disconnect reason:3 WLAN_REASON_DEAUTH_LEAVING
06-29 03:41:15.509 W/[ 2489.060008] [schedu][0xb238e9adf][03( 0): 41:15.508958] wlan: [3371:W:PE] lim_process_sae_auth_timeout: 112: SAE auth timeout sessionid 0 mlmstate 1D SmeState 4
06-29 03:41:15.513 E/[ 2489.060313] [schedu][0xb238eb1ed][03( 0): 41:15.509265] wlan: [3371:E:PE] lim_process_mlm_auth_cnf: 558: Auth Failure occurred
06-29 03:41:15.513 I/[ 2489.060474] [schedu][0xb238ebe7d][03( 0): 41:15.509433] wlan: [3371:I:PE] Deauth TX: vdev 0 seq_num 3772 reason 65530 waitForAck 0 to 04:d9:f5:fb:09:94 from a2:d7:5b:b4:b7:af
06-29 03:41:15.528 W/[ 2489.076478] [schedu][0xb23936ea4][03( 0): 41:15.525435] wlan: [3371:W:SME] csr_roam_join_rsp_processor: 9876: SmeJoinReq failed with status_code= 0x000001FD [509] reason:65530
06-29 03:41:15.528 E/[ 2489.076527] [schedu][0xb239372a8][03( 0): 41:15.525488] wlan: [3371:E:SME] csr_nonscan_pending_ll_next: 503: No cmd found
06-29 03:41:15.528 E/[ 2489.076555] [schedu][0xb239374bb][03( 0): 41:15.525516] wlan: [3371:E:SME] csr_roam_join_rsp_processor: 9996: disconnect is pending, complete roam
06-29 03:41:15.528 W/[ 2489.076902] [schedu][0xb23938c55][03( 0): 41:15.525831] wlan: [3371:W:HDD] hdd_get_rssi_snr_by_bssid: 17749: sme_get_rssi_snr_by_bssid failed
06-29 03:41:15.528 E/[ 2489.076938] [schedu][0xb23939156][03( 0): 41:15.525897] wlan: [3371:E:HDD] hdd_association_completion_handler: 3718: wlan0(vdevid-0): connection failed with 04:d9:f5:fb:09:94 result: 3 and Status: 7
06-29 03:41:15.528 W/[ 2489.077257] [schedu][0xb2393a92f][03( 0): 41:15.526215] wlan: [3371:W:HDD] hdd_get_rssi_snr_by_bssid: 17749: sme_get_rssi_snr_by_bssid failed
06-29 03:41:15.528 I/[ 2489.077297] [schedu][0xb2393ac45][03( 0): 41:15.526257] wlan: [3371:I:HDD] hdd_association_completion_handler: 3187: hddDisconInProgress state=5, result=1, status=9
06-29 03:41:15.528 E/[ 2489.077317] [schedu][0xb2393adb6][03( 0): 41:15.526276] wlan: [3371:E:HDD] hdd_association_completion_handler: 3712: wlan0(vdevid-0): connection failed with 04:d9:f5:fb:09:94 result: 1 and Status: 9
06-29 03:41:15.528 I/[ 2489.077686] [wpa_su][0xb2393c94f][03( 0): 41:15.526644] wlan: [3475:I:HDD] Disconnect reason: 3 WLAN_REASON_DEAUTH_LEAVING vendor: 0 LG: 1
06-29 03:41:15.537 E/[ 2489.086481] [schedu][0xb23965d5c][03( 0): 41:15.535444] wlan: [3371:E:HDD] __wlan_hdd_validate_mac_address: 1361: MAC is all zero (via hdd_dis_connect_handler)
06-29 03:41:15.537 I/[ 2489.086540] [schedu][0xb23966205][03( 0): 41:15.535506] wlan: [3371:I:HDD] wlan0(vdevid-0): disconnected
06-29 03:41:15.537 W/[ 2489.087924] [schedu][0xb2396c9bf][03( 0): 41:15.536889] wlan: [3371:W:SME] csr_roam_process_disassoc_deauth: 9346: failed with status 16
06-29 03:41:15.574 I/[ 2489.120264] [schedu][0xb23a0426f][03( 0): 41:15.569219] wlan: [3371:I:HIF] Deinitializing Runtime PM wakelock &vdev->vdev_set_key_runtime_wakelock
06-29 03:41:15.574 I/[ 2489.122529] [schedu][0xb23a0ec7f][03( 0): 41:15.571486] wlan: [3371:I:HIF] Initializing Runtime PM wakelock &vdev->vdev_set_key_runtime_wakelock
06-29 03:41:15.582 D/android.hardware.wifi@1.0-service( 828): Successfully SetMacAddress.
06-29 03:41:15.586 I/[ 2489.134440] [wifi@1][0xb23a46a4a][03( 0): 41:15.583403] wlan: [828:I:DP] dp_vdev_attach_wifi3: wlan_cfg_ap_bridge_enabled 0
06-29 03:41:15.593 E/[ 2489.142688] [wifi@1][0xb23a6d4f3][03( 0): 41:15.591652] wlan: [3455:E:wifipos] wifi_pos_process_app_reg_req: 608: Received App Req Req pid(-398458052), len(16)
06-29 03:41:15.593 I/[ 2489.143097] [wifi@1][0xb23a6f3af][03( 0): 41:15.592062] wlan: [3455:I:wifipos] wifi_pos_get_ch_info: 461: num channels: 26
06-29 03:41:15.593 I/[ 2489.143405] [wifi@1][0xb23a70ac9][03( 0): 41:15.592370] wlan: [3455:I:wifipos] wifi_pos_get_ch_info: 461: num channels: 26
06-29 03:41:15.757 D/PowerManagerService( 1522): userActivityNoUpdateLocked: groupId=0, eventTime=2489306, event=2, flags=0x0, uid=1000
06-29 03:41:15.757 D/PowerManagerNotifier( 1522): onUserActivity: event=2, uid=1000
06-29 03:41:15.757 D/PowerManagerService( 1522): updateUserActivitySummaryLocked: groupId=0, mWakefulness=Awake, mUserActivitySummary=0x1, nextTimeout=2549306 (in 59998 ms)
06-29 03:41:15.757 D/PowerManagerNotifier( 1522): onScreenPolicyUpdate: newPolicy=3
06-29 03:41:15.758 D/PowerManagerService( 1522): updateDisplayPowerStateLocked: displayReady=true, groupId=0, policy=BRIGHT, mWakefulness=Awake, mWakeLockSummary=0x1, mUserActivitySummary=0x1, mBootCompleted=true, screenBrightnessOverride=NaN, useAutoBrightness=false, mScreenBrightnessBoostInProgress=false, mIsVrModeEnabled= false, sQuiescent=false
06-29 03:41:15.765 E/[ 2489.312226] link_delay_work_func( 0): DTC_ETH: SQI=0, link=0
06-29 03:41:15.813 I/[ 2489.362602] [schedu][0xb23e741fc][03( 0): 41:15.811559] wlan: [3371:I:OSIF] scan start scan id 41272
06-29 03:41:15.920 D/PowerManagerService( 1522): userActivityNoUpdateLocked: groupId=0, eventTime=2489470, event=2, flags=0x0, uid=1000
06-29 03:41:15.920 D/PowerManagerNotifier( 1522): onUserActivity: event=2, uid=1000
06-29 03:41:15.921 D/PowerManagerService( 1522): updateUserActivitySummaryLocked: groupId=0, mWakefulness=Awake, mUserActivitySummary=0x1, nextTimeout=2549470 (in 59998 ms)
06-29 03:41:15.921 D/PowerManagerNotifier( 1522): onScreenPolicyUpdate: newPolicy=3
06-29 03:41:15.921 D/PowerManagerService( 1522): updateDisplayPowerStateLocked: displayReady=true, groupId=0, policy=BRIGHT, mWakefulness=Awake, mWakeLockSummary=0x1, mUserActivitySummary=0x1, mBootCompleted=true, screenBrightnessOverride=NaN, useAutoBrightness=false, mScreenBrightnessBoostInProgress=false, mIsVrModeEnabled= false, sQuiescent=false
06-29 03:41:15.928 I/thunderperf( 1522): PlatormCompat.setOverrides: Uid1=1000 Pid1=25596 Uid2=1000 Pid2=25596
06-29 03:41:15.928 I/thunderperf( 1522): PlatormCompat.setOverrides: needCheck:false
06-29 03:41:15.928 I/thunderperf( 1522): CompatConfig.addOverrideUnsafe: bef-state=0
06-29 03:41:15.928 I/thunderperf( 1522): CompatConfig.addOverrideUnsafe: aft-state=0
06-29 03:41:15.929 I/thunderperf( 1522): CompatConfig.addOverrideUnsafe: bef-state=0
06-29 03:41:15.929 I/thunderperf( 1522): CompatConfig.addOverrideUnsafe: aft-state=0
06-29 03:41:15.930 I/thunderperf( 1522): CompatConfig.addOverrideUnsafe: bef-state=0
06-29 03:41:15.930 I/thunderperf( 1522): CompatConfig.addOverrideUnsafe: aft-state=0
06-29 03:41:15.931 I/thunderperf( 1522): CompatConfig.addOverrideUnsafe: bef-state=0
06-29 03:41:15.931 I/thunderperf( 1522): CompatConfig.addOverrideUnsafe: aft-state=0
06-29 03:41:15.931 I/thunderperf( 1522): CompatConfig.addOverrideUnsafe: bef-state=0
06-29 03:41:15.931 I/thunderperf( 1522): CompatConfig.addOverrideUnsafe: aft-state=0
06-29 03:41:15.932 I/thunderperf( 1522): CompatConfig.addOverrideUnsafe: bef-state=0
06-29 03:41:15.932 I/thunderperf( 1522): CompatConfig.addOverrideUnsafe: aft-state=0
06-29 03:41:15.932 I/thunderperf( 1522): CompatConfig.addOverrideUnsafe: bef-state=0
06-29 03:41:15.932 I/thunderperf( 1522): CompatConfig.addOverrideUnsafe: aft-state=0
06-29 03:41:15.933 I/thunderperf( 1522): CompatConfig.addOverrideUnsafe: bef-state=0
06-29 03:41:15.933 I/thunderperf( 1522): CompatConfig.addOverrideUnsafe: aft-state=0
06-29 03:41:15.934 I/thunderperf( 1522): CompatConfig.addOverrideUnsafe: bef-state=0
06-29 03:41:15.934 I/thunderperf( 1522): CompatConfig.addOverrideUnsafe: aft-state=0
06-29 03:41:15.935 I/thunderperf( 1522): CompatConfig.addOverrideUnsafe: bef-state=0
06-29 03:41:15.935 I/thunderperf( 1522): CompatConfig.addOverrideUnsafe: aft-state=0
06-29 03:41:15.936 I/thunderperf( 1522): CompatConfig.addOverrideUnsafe: bef-state=0
06-29 03:41:15.936 I/thunderperf( 1522): CompatConfig.addOverrideUnsafe: aft-state=0
06-29 03:41:15.936 I/thunderperf( 1522): CompatConfig.addOverrideUnsafe: bef-state=0
06-29 03:41:15.937 I/thunderperf( 1522): CompatConfig.addOverrideUnsafe: aft-state=0
06-29 03:41:15.937 I/thunderperf( 1522): CompatConfig.addOverrideUnsafe: bef-state=0
06-29 03:41:15.937 I/thunderperf( 1522): CompatConfig.addOverrideUnsafe: aft-state=0
06-29 03:41:15.938 I/thunderperf( 1522): CompatConfig.addOverrideUnsafe: bef-state=0
06-29 03:41:15.938 I/thunderperf( 1522): CompatConfig.addOverrideUnsafe: aft-state=0
06-29 03:41:15.953 I/ActivityTaskManager( 1522): START u0 {act=android.intent.action.MAIN cmp=com.android.settings/.SubSettings (has extras)} from uid 1000
06-29 03:41:15.954 D/ActivityTaskManager( 1522): TaskLaunchParamsModifier:task=null activity=ActivityRecord{52e1f7 u0 com.android.settings/.SubSettings taskAffinity=1000:com.android.settings display-area-from-source=DefaultTaskDisplayArea@3626345 display-id=0 display-windowing-mode=1 suggested-display-area=DefaultTaskDisplayArea@3626345
06-29 03:41:15.954 D/ActivityTaskManager( 1522): TaskLaunchParamsModifier:task=Task{baa0bd6 #76 type=standard A=1000:com.android.settings.root U=0 visible=true mode=fullscreen translucent=false sz=1 visible freeform task=true rootAffinity=1000:com.android.settings.root isMini=false} activity=ActivityRecord{52e1f7 u0 com.android.settings/.SubSettings taskAffinity=1000:com.android.settings t-1} display-area-from-source=DefaultTaskDisplayArea@3626345 display-id=0 display-windowing-mode=1 suggested-display-area=DefaultTaskDisplayArea@3626345 non-freeform-display display-area=DefaultTaskDisplayArea@3626345
06-29 03:41:15.958 D/PowerManagerService( 1522): acquireWakeLockInternal: lock=258975204, flags=0x1, tag="*launch*", ws=WorkSource{1000}, uid=1000, pid=1522
06-29 03:41:15.958 D/PowerManagerService( 1522): updateWakeLockSummaryLocked: mWakefulness=Awake, mWakeLockSummary=0x1
06-29 03:41:15.958 D/PowerManagerService( 1522): updateUserActivitySummaryLocked: groupId=0, mWakefulness=Awake, mUserActivitySummary=0x1, nextTimeout=2549470 (in 59961 ms)
06-29 03:41:15.958 D/PowerManagerNotifier( 1522): onScreenPolicyUpdate: newPolicy=3
06-29 03:41:15.958 D/PowerManagerService( 1522): updateDisplayPowerStateLocked: displayReady=true, groupId=0, policy=BRIGHT, mWakefulness=Awake, mWakeLockSummary=0x1, mUserActivitySummary=0x1, mBootCompleted=true, screenBrightnessOverride=NaN, useAutoBrightness=false, mScreenBrightnessBoostInProgress=false, mIsVrModeEnabled= false, sQuiescent=false
06-29 03:41:15.958 D/PowerManagerNotifier( 1522): onWakeLockAcquired: flags=1, tag="*launch*", packageName=android, ownerUid=1000, ownerPid=1522, workSource=WorkSource{1000}
06-29 03:41:15.962 I/ActivityTaskManager( 1522): FOREGROUND_APPLICATION_CHANGED to com.android.settings.SubSettings
06-29 03:41:15.962 I/ActivityTaskManager( 1522): The Process com.android.settings Already Exists in BG. So sending its PID: 25596
06-29 03:41:15.962 W/ActivityTaskManager( 1522): Tried to set launchTime (0) < mLastActivityLaunchTime (2461547)
06-29 03:41:15.977 D/CompatibilityChangeReporter( 1522): Compat change id reported: 135634846; UID 10079; state: DISABLED
06-29 03:41:15.977 D/CompatibilityChangeReporter( 1522): Compat change id reported: 177438394; UID 10079; state: DISABLED
06-29 03:41:15.977 D/CompatibilityChangeReporter( 1522): Compat change id reported: 135772972; UID 10079; state: DISABLED
06-29 03:41:15.977 D/CompatibilityChangeReporter( 1522): Compat change id reported: 135754954; UID 10079; state: ENABLED
06-29 03:41:15.977 D/CompatibilityChangeReporter( 1522): Compat change id reported: 143937733; UID 10079; state: ENABLED
06-29 03:41:15.982 I/ActivityManager( 1522): Start proc 14905:com.qualcomm.qti.qccauthmgr/u0a79 for content provider {com.qualcomm.qti.qccauthmgr/com.qualcomm.qti.qccauthmgr.providers.SMQContentProvider}
06-29 03:41:15.982 I/thunderperf( 1522): PlatormCompat.setOverrides: Uid1=1000 Pid1=25596 Uid2=1000 Pid2=25596
06-29 03:41:15.982 I/thunderperf( 1522): PlatormCompat.setOverrides: needCheck:false
06-29 03:41:15.982 I/thunderperf( 1522): CompatConfig.addOverrideUnsafe: bef-state=0
06-29 03:41:15.982 I/thunderperf( 1522): CompatConfig.addOverrideUnsafe: aft-state=0
06-29 03:41:15.983 I/thunderperf( 1522): CompatConfig.addOverrideUnsafe: bef-state=0
06-29 03:41:15.983 I/thunderperf( 1522): CompatConfig.addOverrideUnsafe: aft-state=0
06-29 03:41:15.983 I/thunderperf( 1522): CompatConfig.addOverrideUnsafe: bef-state=0
06-29 03:41:15.983 I/thunderperf( 1522): CompatConfig.addOverrideUnsafe: aft-state=0
06-29 03:41:15.983 I/thunderperf( 1522): CompatConfig.addOverrideUnsafe: bef-state=0
06-29 03:41:15.983 I/thunderperf( 1522): CompatConfig.addOverrideUnsafe: aft-state=0
06-29 03:41:15.983 I/thunderperf( 1522): CompatConfig.addOverrideUnsafe: bef-state=0
06-29 03:41:15.983 I/thunderperf( 1522): CompatConfig.addOverrideUnsafe: aft-state=0
06-29 03:41:15.983 I/thunderperf( 1522): CompatConfig.addOverrideUnsafe: bef-state=0
06-29 03:41:15.983 I/thunderperf( 1522): CompatConfig.addOverrideUnsafe: aft-state=0
06-29 03:41:15.984 I/thunderperf( 1522): CompatConfig.addOverrideUnsafe: bef-state=0
06-29 03:41:15.984 I/thunderperf( 1522): CompatConfig.addOverrideUnsafe: aft-state=0
06-29 03:41:15.984 I/thunderperf( 1522): CompatConfig.addOverrideUnsafe: bef-state=0
06-29 03:41:15.984 I/thunderperf( 1522): CompatConfig.addOverrideUnsafe: aft-state=0
06-29 03:41:15.984 I/thunderperf( 1522): CompatConfig.addOverrideUnsafe: bef-state=0
06-29 03:41:15.984 I/thunderperf( 1522): CompatConfig.addOverrideUnsafe: aft-state=0
06-29 03:41:15.984 I/thunderperf( 1522): CompatConfig.addOverrideUnsafe: bef-state=0
06-29 03:41:15.984 I/thunderperf( 1522): CompatConfig.addOverrideUnsafe: aft-state=0
06-29 03:41:15.985 I/thunderperf( 1522): CompatConfig.addOverrideUnsafe: bef-state=0
06-29 03:41:15.985 I/thunderperf( 1522): CompatConfig.addOverrideUnsafe: aft-state=0
06-29 03:41:15.985 I/thunderperf( 1522): CompatConfig.addOverrideUnsafe: bef-state=0
06-29 03:41:15.985 I/thunderperf( 1522): CompatConfig.addOverrideUnsafe: aft-state=0
06-29 03:41:15.985 I/thunderperf( 1522): CompatConfig.addOverrideUnsafe: bef-state=0
06-29 03:41:15.985 I/thunderperf( 1522): CompatConfig.addOverrideUnsafe: aft-state=0
06-29 03:41:15.985 I/thunderperf( 1522): CompatConfig.addOverrideUnsafe: bef-state=0
06-29 03:41:15.985 I/thunderperf( 1522): CompatConfig.addOverrideUnsafe: aft-state=0
06-29 03:41:15.989 I/ActivityTaskManager( 1522): START u0 {act=android.intent.action.MAIN cmp=com.android.settings/.homepage.SettingsHomepageActivity (has extras)} from uid 1000
06-29 03:41:15.989 D/ActivityTaskManager( 1522): TaskLaunchParamsModifier:task=null activity=ActivityRecord{2cbd6c9 u0 com.android.settings/.homepage.SettingsHomepageActivity taskAffinity=1000:com.android.settings.root display-area-from-source=DefaultTaskDisplayArea@3626345 display-id=0 display-windowing-mode=1 suggested-display-area=DefaultTaskDisplayArea@3626345
06-29 03:41:15.989 D/ActivityTaskManager( 1522): TaskLaunchParamsModifier:task=Task{baa0bd6 #76 type=standard A=1000:com.android.settings.root U=0 visible=true mode=fullscreen translucent=false sz=2 visible freeform task=true rootAffinity=1000:com.android.settings.root isMini=false} activity=ActivityRecord{2cbd6c9 u0 com.android.settings/.homepage.SettingsHomepageActivity taskAffinity=1000:com.android.settings.root t-1} display-area-from-source=DefaultTaskDisplayArea@3626345 display-id=0 display-windowing-mode=1 suggested-display-area=DefaultTaskDisplayArea@3626345 non-freeform-display display-area=DefaultTaskDisplayArea@3626345
06-29 03:41:15.992 I/[ 2489.541992] binder( 0): 14905:14905 ioctl 40046210 7fdcc9b894 returned -22
06-29 03:41:15.994 D/PowerManagerService( 1522): acquireWakeLockInternal: lock=258975204, flags=0x1, tag="*launch*", ws=WorkSource{1000}, uid=1000, pid=1522
06-29 03:41:15.994 D/PowerManagerService( 1522): updateWakeLockSummaryLocked: mWakefulness=Awake, mWakeLockSummary=0x1
06-29 03:41:15.994 D/PowerManagerService( 1522): updateUserActivitySummaryLocked: groupId=0, mWakefulness=Awake, mUserActivitySummary=0x1, nextTimeout=2549470 (in 59925 ms)
06-29 03:41:15.994 D/PowerManagerNotifier( 1522): onScreenPolicyUpdate: newPolicy=3
06-29 03:41:15.994 D/PowerManagerService( 1522): updateDisplayPowerStateLocked: displayReady=true, groupId=0, policy=BRIGHT, mWakefulness=Awake, mWakeLockSummary=0x1, mUserActivitySummary=0x1, mBootCompleted=true, screenBrightnessOverride=NaN, useAutoBrightness=false, mScreenBrightnessBoostInProgress=false, mIsVrModeEnabled= false, sQuiescent=false
06-29 03:41:15.997 W/ActivityTaskManager( 1522): Duplicate finish request for r=ActivityRecord{52e1f7 u0 com.android.settings/.SubSettings taskAffinity=1000:com.android.settings t76 f}}
06-29 03:41:15.997 D/CompatibilityChangeReporter( 1522): Compat change id reported: 168419799; UID 10079; state: DISABLED
06-29 03:41:16.000 I/ActivityTaskManager( 1522): FOREGROUND_APPLICATION_CHANGED to com.android.settings.homepage.SettingsHomepageActivity
06-29 03:41:16.025 D/PowerManagerService( 1522): acquireWakeLockInternal: lock=218282209, flags=0x1, tag="*alarm*", ws=WorkSource{1000}, uid=1000, pid=1522
06-29 03:41:16.025 D/PowerManagerService( 1522): updateWakeLockSummaryLocked: mWakefulness=Awake, mWakeLockSummary=0x1
06-29 03:41:16.025 D/PowerManagerService( 1522): updateUserActivitySummaryLocked: groupId=0, mWakefulness=Awake, mUserActivitySummary=0x1, nextTimeout=2549470 (in 59894 ms)
06-29 03:41:16.025 D/PowerManagerNotifier( 1522): onScreenPolicyUpdate: newPolicy=3
06-29 03:41:16.025 D/PowerManagerService( 1522): updateDisplayPowerStateLocked: displayReady=true, groupId=0, policy=BRIGHT, mWakefulness=Awake, mWakeLockSummary=0x1, mUserActivitySummary=0x1, mBootCompleted=true, screenBrightnessOverride=NaN, useAutoBrightness=false, mScreenBrightnessBoostInProgress=false, mIsVrModeEnabled= false, sQuiescent=false
06-29 03:41:16.025 D/PowerManagerNotifier( 1522): onWakeLockAcquired: flags=1, tag="*alarm*", packageName=android, ownerUid=1000, ownerPid=1522, workSource=WorkSource{1000}
06-29 03:41:16.025 D/PowerManagerService( 1522): releaseWakeLockInternal: lock=218282209 [*alarm*], flags=0x0
06-29 03:41:16.025 D/PowerManagerNotifier( 1522): onWakeLockReleased: flags=1, tag="*alarm*", packageName=android, ownerUid=1000, ownerPid=1522, workSource=WorkSource{1000}
06-29 03:41:16.025 D/PowerManagerService( 1522): updateWakeLockSummaryLocked: mWakefulness=Awake, mWakeLockSummary=0x1
06-29 03:41:16.025 D/PowerManagerService( 1522): updateUserActivitySummaryLocked: groupId=0, mWakefulness=Awake, mUserActivitySummary=0x1, nextTimeout=2549470 (in 59894 ms)
06-29 03:41:16.025 D/PowerManagerNotifier( 1522): onScreenPolicyUpdate: newPolicy=3
06-29 03:41:16.025 D/PowerManagerService( 1522): updateDisplayPowerStateLocked: displayReady=true, groupId=0, policy=BRIGHT, mWakefulness=Awake, mWakeLockSummary=0x1, mUserActivitySummary=0x1, mBootCompleted=true, screenBrightnessOverride=NaN, useAutoBrightness=false, mScreenBrightnessBoostInProgress=false, mIsVrModeEnabled= false, sQuiescent=false
06-29 03:41:16.063 D/PowerManagerService( 1522): releaseWakeLockInternal: lock=258975204 [*launch*], flags=0x0
06-29 03:41:16.063 D/PowerManagerNotifier( 1522): onWakeLockReleased: flags=1, tag="*launch*", packageName=android, ownerUid=1000, ownerPid=1522, workSource=WorkSource{1000}
06-29 03:41:16.063 D/PowerManagerService( 1522): updateWakeLockSummaryLocked: mWakefulness=Awake, mWakeLockSummary=0x1
06-29 03:41:16.063 D/PowerManagerService( 1522): updateUserActivitySummaryLocked: groupId=0, mWakefulness=Awake, mUserActivitySummary=0x1, nextTimeout=2549470 (in 59856 ms)
06-29 03:41:16.063 D/PowerManagerNotifier( 1522): onScreenPolicyUpdate: newPolicy=3
06-29 03:41:16.063 D/PowerManagerService( 1522): updateDisplayPowerStateLocked: displayReady=true, groupId=0, policy=BRIGHT, mWakefulness=Awake, mWakeLockSummary=0x1, mUserActivitySummary=0x1, mBootCompleted=true, screenBrightnessOverride=NaN, useAutoBrightness=false, mScreenBrightnessBoostInProgress=false, mIsVrModeEnabled= false, sQuiescent=false
06-29 03:41:17.021 I/[ 2490.569219] [schedu][0xb2548c2fa][03( 0): 41:17.018186] wlan: [3371:I:OSIF] vdev 0, scan id 41272 type COMPLETED(1) reason COMPLETED(1) scan found 23 bss
06-29 03:41:17.115 I/[ 2490.666130] [schedu][0xb25652745][03( 0): 41:17.115096] wlan: [3371:I:HIF] Deinitializing Runtime PM wakelock &vdev->vdev_set_key_runtime_wakelock
06-29 03:41:17.115 I/[ 2490.666326] [schedu][0xb25653612][03( 0): 41:17.115294] wlan: [3371:I:HIF] Initializing Runtime PM wakelock &vdev->vdev_set_key_runtime_wakelock
06-29 03:41:17.117 D/android.hardware.wifi@1.0-service( 828): Successfully SetMacAddress.
06-29 03:41:17.117 I/[ 2490.668222] [wifi@1][0xb2565c445][03( 0): 41:17.117190] wlan: [828:I:DP] dp_vdev_attach_wifi3: wlan_cfg_ap_bridge_enabled 0
06-29 03:41:17.119 W/wificond( 1206): Scan is not started. Ignore abort request
06-29 03:41:17.121 E/[ 2490.672359] [wifi@1][0xb2566fa74][03( 0): 41:17.121326] wlan: [3455:E:wifipos] wifi_pos_process_app_reg_req: 608: Received App Req Req pid(-398458052), len(16)
06-29 03:41:17.121 I/[ 2490.672522] [wifi@1][0xb256706cc][03( 0): 41:17.121490] wlan: [3455:I:wifipos] wifi_pos_get_ch_info: 461: num channels: 26
06-29 03:41:17.125 I/[ 2490.672633] [wifi@1][0xb25670f10][03( 0): 41:17.121600] wlan: [3455:I:wifipos] wifi_pos_get_ch_info: 461: num channels: 26
06-29 03:41:17.126 I/[ 2490.677743] [wpa_su][0xb25688e5a][03( 0): 41:17.126711] wlan: [3475:I:SME] vdev-0: Connecting to 200M_5G 98:97:cc:03:15:36 rssi: -60 freq: 5200 akm 9 cipher: uc 6 mc 6, CC:
06-29 03:41:17.126 E/[ 2490.677779] [wpa_su][0xb25689116][03( 0): 41:17.126747] wlan: [3475:E:QDF] Cannot malloc 0 bytes @ csr_get_cfg_max_tx_power:14199
06-29 03:41:17.127 I/[ 2490.678018] [schedu][0xb2568a300][03( 0): 41:17.126986] wlan: [3371:I:WMI] send_vdev_start_cmd_tlv: 1062: send_vdev_start_cmd_tlv: vdev_id 0 freq 5200 chanmode 6 ch_info: 0x6 is_dfs 0 beacon interval 100 dtim 0 center_chan 5190 center_freq2 0 reg_info_1: 0x170000 reg_info_2: 0x1700, req->max_txpow: 0x17 Tx SS 1, Rx SS 1, ldpc_rx: 0, cac 0, regd 4, HE ops: 0req->dis_hw_ack: 0
06-29 03:41:17.143 E/wificond( 1206): NL80211_CMD_TRIGGER_SCAN failed: Device or resource busy
06-29 03:41:17.143 E/[ 2490.694076] [wifico][0xb256d5730][03( 0): 41:17.143042] wlan: [1206:E:HDD] __wlan_hdd_cfg80211_scan: 572: Scan not allowed. scan_ebusy_cnt: 466 Session 0 Reason 1
06-29 03:41:17.308 I/[ 2490.858929] [soft_i][0xb259da2dd][03( 0): 41:17.307891] wlan: [0:I:TXRX] HTT_T2H_MSG_TYPE_PEER_MAP msg for peer id 0 vdev id 0 n
06-29 03:41:17.308 E/[ 2490.858967] [soft_i][0xb259da5f9][03( 0): 41:17.307933] wlan: [0:E:DP] dp_peer_find_add_id: peer 0000000000000000 ID 0 vid 0 mac 98:97:cc:03:15:36
06-29 03:41:17.308 I/[ 2490.858979] [soft_i][0xb259da6f2][03( 0): 41:17.307946] wlan: [0:I:DP] dp_peer_find_add_id: ref_cnt: 2
06-29 03:41:17.308 E/[ 2490.858991] [soft_i][0xb259da7cb][03( 0): 41:17.307957] wlan: [0:E:DP] dp_peer_map_ast: peer 0000000000000000 ID 113 vid 0 mac 98:97:cc:03:15:36
06-29 03:41:17.374 D/PowerManagerService( 1522): userActivityNoUpdateLocked: groupId=0, eventTime=2490924, event=2, flags=0x0, uid=1000
06-29 03:41:17.374 D/PowerManagerNotifier( 1522): onUserActivity: event=2, uid=1000
06-29 03:41:17.374 D/PowerManagerService( 1522): updateUserActivitySummaryLocked: groupId=0, mWakefulness=Awake, mUserActivitySummary=0x1, nextTimeout=2550924 (in 59999 ms)
06-29 03:41:17.374 D/PowerManagerNotifier( 1522): onScreenPolicyUpdate: newPolicy=3
06-29 03:41:17.374 D/PowerManagerService( 1522): updateDisplayPowerStateLocked: displayReady=true, groupId=0, policy=BRIGHT, mWakefulness=Awake, mWakeLockSummary=0x1, mUserActivitySummary=0x1, mBootCompleted=true, screenBrightnessOverride=NaN, useAutoBrightness=false, mScreenBrightnessBoostInProgress=false, mIsVrModeEnabled= false, sQuiescent=false
06-29 03:41:17.381 I/[ 2490.928079] [schedu][0xb25b1e583][03( 0): 41:17.377046] wlan: [3371:I:PE] Auth TX: seq 1 seq num 3774 status 0 WEP 0 to 98:97:cc:03:15:36
06-29 03:41:17.381 I/[ 2490.930574] [schedu][0xb25b2a0b8][03( 0): 41:17.379542] wlan: [3371:I:PE] Auth TX: success
06-29 03:41:17.385 I/[ 2490.934149] [schedu][0xb25b3acbc][03( 0): 41:17.383116] wlan: [3371:I:PE] Auth RX: vdev 0 sys role 3 lim_state 5 from 98:97:cc:03:15:36 rssi -56 auth_alg 0 seq 3019
06-29 03:41:17.385 I/[ 2490.934216] [schedu][0xb25b3b1e9][03( 0): 41:17.383185] wlan: [3371:I:PE] Assoc req TX: vdev 0 to 98:97:cc:03:15:36 seq num 3775
06-29 03:41:17.389 I/[ 2490.936908] [schedu][0xb25b47bbb][03( 0): 41:17.385876] wlan: [3371:I:PE] Assoc req TX: success
06-29 03:41:17.391 I/[ 2490.942531] [schedu][0xb25b6216c][03( 0): 41:17.391499] wlan: [3371:I:PE] Assoc rsp RX: subtype 0 vdev 0 sys role 3 lim state 10 rssi -57 from 98:97:cc:03:15:36
06-29 03:41:17.398 E/[ 2490.949302] [schedu][0xb25b81d5c][03( 0): 41:17.398271] wlan: [3371:E:QDF] Cannot malloc 0 bytes @ csr_get_cfg_max_tx_power:14199
06-29 03:41:17.398 E/[ 2490.949308] [schedu][0xb25b81dc7][03( 0): 41:17.398277] wlan: [3371:E:QDF] Cannot malloc 0 bytes @ csr_get_cfg_max_tx_power:14199
06-29 03:41:17.398 E/[ 2490.949500] [soft_i][0xb25b82c31][03( 0): 41:17.398469] wlan: [0:E:DP] dp_tx_initialize_threshold: tx flow control threshold is set, pool size is 4096
06-29 03:41:17.398 I/[ 2490.949524] [schedu][0xb25b82dfc][03( 0): 41:17.398493] wlan: [3371:I:HDD] wlan0(vdevid-0): 6e:37:ae:b7:f4:a8 connected to 98:97:cc:03:15:36
06-29 03:41:17.399 I/[ 2490.950370] [dp_rx_][0xb25b86d65][03( 0): 41:17.399338] wlan: [3376:I:QDF] EAPOL-1 RX: SA:98:97:cc:03:15:36 DA:6e:37:ae:b7:f4:a8
06-29 03:41:17.403 I/[ 2490.954475] [soft_i][0xb25b9a0ba][03( 0): 41:17.403437] wlan: [0:I:QDF] EAPOL-2 TX: SA:6e:37:ae:b7:f4:a8 DA:98:97:cc:03:15:36 msdu_id:0 status: succ
06-29 03:41:17.406 I/[ 2490.957266] [dp_rx_][0xb25ba726e][03( 0): 41:17.406232] wlan: [3376:I:QDF] EAPOL-3 RX: SA:98:97:cc:03:15:36 DA:6e:37:ae:b7:f4:a8
06-29 03:41:17.409 I/[ 2490.960679] [soft_i][0xb25bb724b][03( 0): 41:17.409644] wlan: [0:I:QDF] EAPOL-4 TX: SA:6e:37:ae:b7:f4:a8 DA:98:97:cc:03:15:36 msdu_id:0 status: succ
06-29 03:41:17.444 E/[ 2490.995508] [schedu][0xb25c5a694][03( 0): 41:17.444474] wlan: [3371:E:QDF] Cannot malloc 0 bytes @ csr_get_cfg_max_tx_power:14199
06-29 03:41:17.457 I/[ 2491.004299] [schedu][0xb25c83a10][03( 0): 41:17.453267] wlan: [3371:I:WMI] LFR3:OKC enabled
06-29 03:41:17.457 I/[ 2491.004300] [schedu][0xb25c83a3d][03( 0): 41:17.453269] wlan: [3371:I:WMI] LFR3:PMKSA caching enabled
06-29 03:41:17.491 D/PowerManagerService( 1522): acquireWakeLockInternal: lock=110234629, flags=0x1, tag="NetworkStats", ws=null, uid=1000, pid=1522
06-29 03:41:17.492 D/PowerManagerService( 1522): updateWakeLockSummaryLocked: mWakefulness=Awake, mWakeLockSummary=0x1
06-29 03:41:17.492 D/PowerManagerService( 1522): updateUserActivitySummaryLocked: groupId=0, mWakefulness=Awake, mUserActivitySummary=0x1, nextTimeout=2550924 (in 59881 ms)
06-29 03:41:17.492 D/PowerManagerNotifier( 1522): onScreenPolicyUpdate: newPolicy=3
06-29 03:41:17.492 D/PowerManagerService( 1522): updateDisplayPowerStateLocked: displayReady=true, groupId=0, policy=BRIGHT, mWakefulness=Awake, mWakeLockSummary=0x1, mUserActivitySummary=0x1, mBootCompleted=true, screenBrightnessOverride=NaN, useAutoBrightness=false, mScreenBrightnessBoostInProgress=false, mIsVrModeEnabled= false, sQuiescent=false
06-29 03:41:17.492 D/PowerManagerNotifier( 1522): onWakeLockAcquired: flags=1, tag="NetworkStats", packageName=android, ownerUid=1000, ownerPid=1522, workSource=null
06-29 03:41:17.494 D/PowerManagerService( 1522): releaseWakeLockInternal: lock=110234629 [NetworkStats], flags=0x0
06-29 03:41:17.494 D/PowerManagerNotifier( 1522): onWakeLockReleased: flags=1, tag="NetworkStats", packageName=android, ownerUid=1000, ownerPid=1522, workSource=null
06-29 03:41:17.494 D/PowerManagerService( 1522): updateWakeLockSummaryLocked: mWakefulness=Awake, mWakeLockSummary=0x1
06-29 03:41:17.494 D/PowerManagerService( 1522): updateUserActivitySummaryLocked: groupId=0, mWakefulness=Awake, mUserActivitySummary=0x1, nextTimeout=2550924 (in 59879 ms)
06-29 03:41:17.494 D/PowerManagerNotifier( 1522): onScreenPolicyUpdate: newPolicy=3
06-29 03:41:17.494 D/PowerManagerService( 1522): updateDisplayPowerStateLocked: displayReady=true, groupId=0, policy=BRIGHT, mWakefulness=Awake, mWakeLockSummary=0x1, mUserActivitySummary=0x1, mBootCompleted=true, screenBrightnessOverride=NaN, useAutoBrightness=false, mScreenBrightnessBoostInProgress=false, mIsVrModeEnabled= false, sQuiescent=false
06-29 03:41:17.494 D/PowerManagerService( 1522): acquireWakeLockInternal: lock=110234629, flags=0x1, tag="NetworkStats", ws=null, uid=1000, pid=1522
06-29 03:41:17.494 D/PowerManagerService( 1522): updateWakeLockSummaryLocked: mWakefulness=Awake, mWakeLockSummary=0x1
06-29 03:41:17.494 D/PowerManagerService( 1522): updateUserActivitySummaryLocked: groupId=0, mWakefulness=Awake, mUserActivitySummary=0x1, nextTimeout=2550924 (in 59879 ms)
06-29 03:41:17.494 D/PowerManagerNotifier( 1522): onScreenPolicyUpdate: newPolicy=3
06-29 03:41:17.494 D/PowerManagerService( 1522): updateDisplayPowerStateLocked: displayReady=true, groupId=0, policy=BRIGHT, mWakefulness=Awake, mWakeLockSummary=0x1, mUserActivitySummary=0x1, mBootCompleted=true, screenBrightnessOverride=NaN, useAutoBrightness=false, mScreenBrightnessBoostInProgress=false, mIsVrModeEnabled= false, sQuiescent=false
06-29 03:41:17.494 D/PowerManagerNotifier( 1522): onWakeLockAcquired: flags=1, tag="NetworkStats", packageName=android, ownerUid=1000, ownerPid=1522, workSource=null
06-29 03:41:17.496 D/PowerManagerService( 1522): releaseWakeLockInternal: lock=110234629 [NetworkStats], flags=0x0
06-29 03:41:17.496 D/PowerManagerNotifier( 1522): onWakeLockReleased: flags=1, tag="NetworkStats", packageName=android, ownerUid=1000, ownerPid=1522, workSource=null
06-29 03:41:17.496 D/PowerManagerService( 1522): updateWakeLockSummaryLocked: mWakefulness=Awake, mWakeLockSummary=0x1
06-29 03:41:17.496 D/PowerManagerService( 1522): updateUserActivitySummaryLocked: groupId=0, mWakefulness=Awake, mUserActivitySummary=0x1, nextTimeout=2550924 (in 59877 ms)
06-29 03:41:17.496 D/PowerManagerNotifier( 1522): onScreenPolicyUpdate: newPolicy=3
06-29 03:41:17.496 D/PowerManagerService( 1522): updateDisplayPowerStateLocked: displayReady=true, groupId=0, policy=BRIGHT, mWakefulness=Awake, mWakeLockSummary=0x1, mUserActivitySummary=0x1, mBootCompleted=true, screenBrightnessOverride=NaN, useAutoBrightness=false, mScreenBrightnessBoostInProgress=false, mIsVrModeEnabled= false, sQuiescent=false
06-29 03:41:17.540 I/[ 2491.091011] [soft_i][0xb25e1a0c2][03( 0): 41:17.539970] wlan: [0:I:QDF] DHCP-R TX: SA:6e:37:ae:b7:f4:a8 DA:ff:ff:ff:ff:ff:ff msdu_id:2 status: succ
06-29 03:41:17.609 I/[ 2491.158264] [schedu][0xb25f55545][03( 0): 41:17.607230] wlan: [3371:I:OSIF] scan start scan id 41273
06-29 03:41:17.629 I/[ 2491.178571] [soft_i][0xb25fb486c][03( 0): 41:17.627539] wlan: [0:I:DP] dp_addba_requestprocess_wifi3 restore BA win 64 based on addba req
06-29 03:41:17.645 I/[ 2491.194800] [dp_rx_][0xb2600097a][03( 0): 41:17.643766] wlan: [3376:I:QDF] DHCP-R RX: SA:6e:37:ae:b7:f4:a8 DA:ff:ff:ff:ff:ff:ff
06-29 03:41:17.664 I/[ 2491.213661] [dp_rx_][0xb26059014][03( 0): 41:17.662627] wlan: [3376:I:QDF] DHCP-A RX: SA:98:97:cc:03:15:34 DA:6e:37:ae:b7:f4:a8
06-29 03:41:17.667 D/PowerManagerService( 1522): acquireWakeLockInternal: lock=110234629, flags=0x1, tag="NetworkStats", ws=null, uid=1000, pid=1522
06-29 03:41:17.667 D/PowerManagerService( 1522): updateWakeLockSummaryLocked: mWakefulness=Awake, mWakeLockSummary=0x1
06-29 03:41:17.667 D/PowerManagerService( 1522): updateUserActivitySummaryLocked: groupId=0, mWakefulness=Awake, mUserActivitySummary=0x1, nextTimeout=2550924 (in 59706 ms)
06-29 03:41:17.667 D/PowerManagerNotifier( 1522): onScreenPolicyUpdate: newPolicy=3
06-29 03:41:17.667 D/PowerManagerService( 1522): updateDisplayPowerStateLocked: displayReady=true, groupId=0, policy=BRIGHT, mWakefulness=Awake, mWakeLockSummary=0x1, mUserActivitySummary=0x1, mBootCompleted=true, screenBrightnessOverride=NaN, useAutoBrightness=false, mScreenBrightnessBoostInProgress=false, mIsVrModeEnabled= false, sQuiescent=false
06-29 03:41:17.667 D/PowerManagerNotifier( 1522): onWakeLockAcquired: flags=1, tag="NetworkStats", packageName=android, ownerUid=1000, ownerPid=1522, workSource=null
06-29 03:41:17.673 D/PowerManagerService( 1522): releaseWakeLockInternal: lock=110234629 [NetworkStats], flags=0x0
06-29 03:41:17.673 D/PowerManagerNotifier( 1522): onWakeLockReleased: flags=1, tag="NetworkStats", packageName=android, ownerUid=1000, ownerPid=1522, workSource=null
06-29 03:41:17.674 D/PowerManagerService( 1522): updateWakeLockSummaryLocked: mWakefulness=Awake, mWakeLockSummary=0x1
06-29 03:41:17.674 D/PowerManagerService( 1522): updateUserActivitySummaryLocked: groupId=0, mWakefulness=Awake, mUserActivitySummary=0x1, nextTimeout=2550924 (in 59699 ms)
06-29 03:41:17.674 D/PowerManagerNotifier( 1522): onScreenPolicyUpdate: newPolicy=3
06-29 03:41:17.674 D/PowerManagerService( 1522): updateDisplayPowerStateLocked: displayReady=true, groupId=0, policy=BRIGHT, mWakefulness=Awake, mWakeLockSummary=0x1, mUserActivitySummary=0x1, mBootCompleted=true, screenBrightnessOverride=NaN, useAutoBrightness=false, mScreenBrightnessBoostInProgress=false, mIsVrModeEnabled= false, sQuiescent=false
06-29 03:41:17.674 D/PowerManagerService( 1522): acquireWakeLockInternal: lock=110234629, flags=0x1, tag="NetworkStats", ws=null, uid=1000, pid=1522
06-29 03:41:17.674 D/PowerManagerService( 1522): updateWakeLockSummaryLocked: mWakefulness=Awake, mWakeLockSummary=0x1
