06-29 03:40:03.546 I/GameModeConfig( 1522): isGameModeOn = false
06-29 03:40:03.553 I/GameModeConfig( 1522): isGameModeOn = false
06-29 03:40:03.553 I/GameModeConfig( 1522): isGameModeOn = false
06-29 03:40:03.553 I/GameModeConfig( 1522): isGameModeOn = false
06-29 03:40:03.554 I/GameModeConfig( 1522): isGameModeOn = false
06-29 03:40:03.554 I/GameModeConfig( 1522): isGameModeOn = false
06-29 03:40:03.554 I/GameModeConfig( 1522): isGameModeOn = false
06-29 03:40:03.554 I/GameModeConfig( 1522): isGameModeOn = false
06-29 03:40:03.883 W/ActivityManager( 1522): Receiver with filter android.content.IntentFilter@95c289e already registered for pid 13477, callerPackage is com.smile.gifmaker
06-29 03:40:03.899 W/ActivityManager( 1522): Background start not allowed: service Intent { pkg=com.smile.gifmaker cmp=com.smile.gifmaker/com.kwai.chat.kwailink.service.NewKwaiLinkService } to com.smile.gifmaker/com.kwai.chat.kwailink.service.NewKwaiLinkService from pid=13477 uid=10105 pkg=com.smile.gifmaker startFg?=false
06-29 03:40:03.903 D/CompatibilityChangeReporter( 1522): Compat change id reported: 135634846; UID 10105; state: DISABLED
06-29 03:40:03.903 D/CompatibilityChangeReporter( 1522): Compat change id reported: 143937733; UID 10105; state: DISABLED
06-29 03:40:03.910 I/ActivityManager( 1522): Start proc 13669:com.smile.gifmaker:messagesdk/u0a105 for service {com.smile.gifmaker/com.kwai.chat.kwailink.service.NewKwaiLinkService}
06-29 03:40:03.928 I/[ 2417.472381] binder( 0): 13669:13669 ioctl 40046210 ffb15498 returned -22
06-29 03:40:04.060 I/GameModeConfig( 1522): isGameModeOn = false
06-29 03:40:04.061 I/GameModeConfig( 1522): isGameModeOn = false
06-29 03:40:04.061 I/GameModeConfig( 1522): isGameModeOn = false
06-29 03:40:04.061 I/GameModeConfig( 1522): isGameModeOn = false
06-29 03:40:04.061 I/GameModeConfig( 1522): isGameModeOn = false
06-29 03:40:04.061 I/GameModeConfig( 1522): isGameModeOn = false
06-29 03:40:04.061 I/GameModeConfig( 1522): isGameModeOn = false
06-29 03:40:04.097 E/[ 2417.632089] link_delay_work_func( 0): DTC_ETH: SQI=0, link=0
06-29 03:40:04.319 I/[ 2417.864578] [schedu][0xad21492a5][03( 0): 40:04.313542] wlan: [3371:I:PE] Auth TX: fail
06-29 03:40:04.653 W/[ 2418.203243] audit( 0): audit_lost=21948 audit_rate_limit=5 audit_backlog_limit=64
06-29 03:40:04.653 E/[ 2418.203249] audit( 0): rate limit exceeded
06-29 03:40:04.942 W/ActivityManager( 1522): Background start not allowed: service Intent { pkg=com.smile.gifmaker cmp=com.smile.gifmaker/com.kwai.chat.kwailink.service.NewKwaiLinkService } to com.smile.gifmaker/com.kwai.chat.kwailink.service.NewKwaiLinkService from pid=13477 uid=10105 pkg=com.smile.gifmaker startFg?=false
06-29 03:40:04.953 D/PowerManagerService( 1522): acquireWakeLockInternal: lock=218282209, flags=0x1, tag="*alarm*", ws=WorkSource{1000}, uid=1000, pid=1522
06-29 03:40:04.953 D/PowerManagerService( 1522): updateWakeLockSummaryLocked: mWakefulness=Awake, mWakeLockSummary=0x1
06-29 03:40:04.953 D/PowerManagerService( 1522): updateUserActivitySummaryLocked: groupId=0, mWakefulness=Awake, mUserActivitySummary=0x1, nextTimeout=2476567 (in 58063 ms)
06-29 03:40:04.953 D/PowerManagerNotifier( 1522): onScreenPolicyUpdate: newPolicy=3
06-29 03:40:04.953 D/PowerManagerService( 1522): updateDisplayPowerStateLocked: displayReady=true, groupId=0, policy=BRIGHT, mWakefulness=Awake, mWakeLockSummary=0x1, mUserActivitySummary=0x1, mBootCompleted=true, screenBrightnessOverride=NaN, useAutoBrightness=false, mScreenBrightnessBoostInProgress=false, mIsVrModeEnabled= false, sQuiescent=false
06-29 03:40:04.953 D/PowerManagerNotifier( 1522): onWakeLockAcquired: flags=1, tag="*alarm*", packageName=android, ownerUid=1000, ownerPid=1522, workSource=WorkSource{1000}
06-29 03:40:04.954 D/PowerManagerService( 1522): releaseWakeLockInternal: lock=218282209 [*alarm*], flags=0x0
06-29 03:40:04.954 D/PowerManagerNotifier( 1522): onWakeLockReleased: flags=1, tag="*alarm*", packageName=android, ownerUid=1000, ownerPid=1522, workSource=WorkSource{1000}
06-29 03:40:04.955 D/PowerManagerService( 1522): updateWakeLockSummaryLocked: mWakefulness=Awake, mWakeLockSummary=0x1
06-29 03:40:04.955 D/PowerManagerService( 1522): updateUserActivitySummaryLocked: groupId=0, mWakefulness=Awake, mUserActivitySummary=0x1, nextTimeout=2476567 (in 58061 ms)
06-29 03:40:04.955 D/PowerManagerNotifier( 1522): onScreenPolicyUpdate: newPolicy=3
06-29 03:40:04.955 D/PowerManagerService( 1522): updateDisplayPowerStateLocked: displayReady=true, groupId=0, policy=BRIGHT, mWakefulness=Awake, mWakeLockSummary=0x1, mUserActivitySummary=0x1, mBootCompleted=true, screenBrightnessOverride=NaN, useAutoBrightness=false, mScreenBrightnessBoostInProgress=false, mIsVrModeEnabled= false, sQuiescent=false
06-29 03:40:04.963 E/[ 2418.509083] [wifico][0xad2d1642c][03( 0): 40:04.958042] wlan: [1206:E:HDD] __wlan_hdd_cfg80211_scan: 572: Scan not allowed. scan_ebusy_cnt: 436 Session 0 Reason 1
06-29 03:40:04.958 E/wificond( 1206): NL80211_CMD_TRIGGER_SCAN failed: Device or resource busy
06-29 03:40:05.079 I/GameModeConfig( 1522): isGameModeOn = false
06-29 03:40:05.079 I/GameModeConfig( 1522): isGameModeOn = false
06-29 03:40:05.079 I/GameModeConfig( 1522): isGameModeOn = false
06-29 03:40:05.079 I/GameModeConfig( 1522): isGameModeOn = false
06-29 03:40:05.079 I/GameModeConfig( 1522): isGameModeOn = false
06-29 03:40:05.079 I/GameModeConfig( 1522): isGameModeOn = false
06-29 03:40:05.080 I/GameModeConfig( 1522): isGameModeOn = false
06-29 03:40:05.080 I/GameModeConfig( 1522): isGameModeOn = false
06-29 03:40:05.080 I/GameModeConfig( 1522): isGameModeOn = false
06-29 03:40:05.080 I/GameModeConfig( 1522): isGameModeOn = false
06-29 03:40:05.081 I/GameModeConfig( 1522): isGameModeOn = false
06-29 03:40:05.081 I/GameModeConfig( 1522): isGameModeOn = false
06-29 03:40:05.081 I/GameModeConfig( 1522): isGameModeOn = false
06-29 03:40:05.081 I/GameModeConfig( 1522): isGameModeOn = false
06-29 03:40:05.211 I/ActivityManager( 1522): Killing 13477:com.smile.gifmaker/u0a105 (adj 915): empty #2
06-29 03:40:05.246 D/CompatibilityChangeReporter( 1522): Compat change id reported: 171306433; UID 10105; state: DISABLED
06-29 03:40:05.252 W/BroadcastQueue( 1522): Skipping deliver [background] BroadcastRecord{a5eab9d u0 com.kwai.chat.kwailink.ACTION_LINK_SERVICE_CREATED} to ReceiverList{99bfd20 13477 com.smile.gifmaker/10105/u0 remote:47ee423}: process gone or crashing
06-29 03:40:05.305 I/[ 2418.855526] binder( 0): undelivered transaction 1864280, process died.
06-29 03:40:05.362 W/ActivityManager( 1522): Background start not allowed: service Intent { pkg=com.smile.gifmaker cmp=com.smile.gifmaker/com.kwai.chat.kwailink.service.NewKwaiLinkService } to com.smile.gifmaker/com.kwai.chat.kwailink.service.NewKwaiLinkService from pid=13669 uid=10105 pkg=com.smile.gifmaker startFg?=false
06-29 03:40:05.371 W/ActivityManager( 1522): Receiver with filter android.content.IntentFilter@8b3f45b already registered for pid 13669, callerPackage is com.smile.gifmaker
06-29 03:40:06.233 D/PowerManagerService( 1522): userActivityNoUpdateLocked: groupId=0, eventTime=2419783, event=2, flags=0x0, uid=1000
06-29 03:40:06.234 D/PowerManagerNotifier( 1522): onUserActivity: event=2, uid=1000
06-29 03:40:06.234 D/PowerManagerService( 1522): updateUserActivitySummaryLocked: groupId=0, mWakefulness=Awake, mUserActivitySummary=0x1, nextTimeout=2479783 (in 59998 ms)
06-29 03:40:06.234 D/PowerManagerNotifier( 1522): onScreenPolicyUpdate: newPolicy=3
06-29 03:40:06.234 D/PowerManagerService( 1522): updateDisplayPowerStateLocked: displayReady=true, groupId=0, policy=BRIGHT, mWakefulness=Awake, mWakeLockSummary=0x1, mUserActivitySummary=0x1, mBootCompleted=true, screenBrightnessOverride=NaN, useAutoBrightness=false, mScreenBrightnessBoostInProgress=false, mIsVrModeEnabled= false, sQuiescent=false
06-29 03:40:06.333 D/PowerManagerService( 1522): userActivityNoUpdateLocked: groupId=0, eventTime=2419883, event=2, flags=0x0, uid=1000
06-29 03:40:06.333 D/PowerManagerNotifier( 1522): onUserActivity: event=2, uid=1000
06-29 03:40:06.333 D/PowerManagerService( 1522): updateUserActivitySummaryLocked: groupId=0, mWakefulness=Awake, mUserActivitySummary=0x1, nextTimeout=2479883 (in 59999 ms)
06-29 03:40:06.333 D/PowerManagerNotifier( 1522): onScreenPolicyUpdate: newPolicy=3
06-29 03:40:06.333 D/PowerManagerService( 1522): updateDisplayPowerStateLocked: displayReady=true, groupId=0, policy=BRIGHT, mWakefulness=Awake, mWakeLockSummary=0x1, mUserActivitySummary=0x1, mBootCompleted=true, screenBrightnessOverride=NaN, useAutoBrightness=false, mScreenBrightnessBoostInProgress=false, mIsVrModeEnabled= false, sQuiescent=false
06-29 03:40:06.453 D/PowerManagerService( 1522): userActivityNoUpdateLocked: groupId=0, eventTime=2420004, event=2, flags=0x0, uid=1000
06-29 03:40:06.453 D/PowerManagerNotifier( 1522): onUserActivity: event=2, uid=1000
06-29 03:40:06.454 D/PowerManagerService( 1522): updateUserActivitySummaryLocked: groupId=0, mWakefulness=Awake, mUserActivitySummary=0x1, nextTimeout=2480004 (in 59999 ms)
06-29 03:40:06.454 D/PowerManagerNotifier( 1522): onScreenPolicyUpdate: newPolicy=3
06-29 03:40:06.454 D/PowerManagerService( 1522): updateDisplayPowerStateLocked: displayReady=true, groupId=0, policy=BRIGHT, mWakefulness=Awake, mWakeLockSummary=0x1, mUserActivitySummary=0x1, mBootCompleted=true, screenBrightnessOverride=NaN, useAutoBrightness=false, mScreenBrightnessBoostInProgress=false, mIsVrModeEnabled= false, sQuiescent=false
06-29 03:40:06.613 D/PowerManagerService( 1522): userActivityNoUpdateLocked: groupId=0, eventTime=2420163, event=2, flags=0x0, uid=1000
06-29 03:40:06.613 D/PowerManagerNotifier( 1522): onUserActivity: event=2, uid=1000
06-29 03:40:06.613 D/PowerManagerService( 1522): updateUserActivitySummaryLocked: groupId=0, mWakefulness=Awake, mUserActivitySummary=0x1, nextTimeout=2480163 (in 59999 ms)
06-29 03:40:06.613 D/PowerManagerNotifier( 1522): onScreenPolicyUpdate: newPolicy=3
06-29 03:40:06.613 D/PowerManagerService( 1522): updateDisplayPowerStateLocked: displayReady=true, groupId=0, policy=BRIGHT, mWakefulness=Awake, mWakeLockSummary=0x1, mUserActivitySummary=0x1, mBootCompleted=true, screenBrightnessOverride=NaN, useAutoBrightness=false, mScreenBrightnessBoostInProgress=false, mIsVrModeEnabled= false, sQuiescent=false
06-29 03:40:06.713 D/PowerManagerService( 1522): userActivityNoUpdateLocked: groupId=0, eventTime=2420263, event=2, flags=0x0, uid=1000
06-29 03:40:06.713 D/PowerManagerNotifier( 1522): onUserActivity: event=2, uid=1000
06-29 03:40:06.713 D/PowerManagerService( 1522): updateUserActivitySummaryLocked: groupId=0, mWakefulness=Awake, mUserActivitySummary=0x1, nextTimeout=2480263 (in 59999 ms)
06-29 03:40:06.713 D/PowerManagerNotifier( 1522): onScreenPolicyUpdate: newPolicy=3
06-29 03:40:06.713 D/PowerManagerService( 1522): updateDisplayPowerStateLocked: displayReady=true, groupId=0, policy=BRIGHT, mWakefulness=Awake, mWakeLockSummary=0x1, mUserActivitySummary=0x1, mBootCompleted=true, screenBrightnessOverride=NaN, useAutoBrightness=false, mScreenBrightnessBoostInProgress=false, mIsVrModeEnabled= false, sQuiescent=false
06-29 03:40:06.959 D/PowerManagerService( 1522): acquireWakeLockInternal: lock=218282209, flags=0x1, tag="*alarm*", ws=WorkSource{1000}, uid=1000, pid=1522
06-29 03:40:06.959 D/PowerManagerService( 1522): updateWakeLockSummaryLocked: mWakefulness=Awake, mWakeLockSummary=0x1
06-29 03:40:06.959 D/PowerManagerService( 1522): updateUserActivitySummaryLocked: groupId=0, mWakefulness=Awake, mUserActivitySummary=0x1, nextTimeout=2480263 (in 59753 ms)
06-29 03:40:06.959 D/PowerManagerNotifier( 1522): onScreenPolicyUpdate: newPolicy=3
06-29 03:40:06.959 D/PowerManagerService( 1522): updateDisplayPowerStateLocked: displayReady=true, groupId=0, policy=BRIGHT, mWakefulness=Awake, mWakeLockSummary=0x1, mUserActivitySummary=0x1, mBootCompleted=true, screenBrightnessOverride=NaN, useAutoBrightness=false, mScreenBrightnessBoostInProgress=false, mIsVrModeEnabled= false, sQuiescent=false
06-29 03:40:06.959 D/PowerManagerNotifier( 1522): onWakeLockAcquired: flags=1, tag="*alarm*", packageName=android, ownerUid=1000, ownerPid=1522, workSource=WorkSource{1000}
06-29 03:40:06.960 D/PowerManagerService( 1522): releaseWakeLockInternal: lock=218282209 [*alarm*], flags=0x0
06-29 03:40:06.960 D/PowerManagerNotifier( 1522): onWakeLockReleased: flags=1, tag="*alarm*", packageName=android, ownerUid=1000, ownerPid=1522, workSource=WorkSource{1000}
06-29 03:40:06.960 D/PowerManagerService( 1522): updateWakeLockSummaryLocked: mWakefulness=Awake, mWakeLockSummary=0x1
06-29 03:40:06.960 D/PowerManagerService( 1522): updateUserActivitySummaryLocked: groupId=0, mWakefulness=Awake, mUserActivitySummary=0x1, nextTimeout=2480263 (in 59752 ms)
06-29 03:40:06.960 D/PowerManagerNotifier( 1522): onScreenPolicyUpdate: newPolicy=3
06-29 03:40:06.961 D/PowerManagerService( 1522): updateDisplayPowerStateLocked: displayReady=true, groupId=0, policy=BRIGHT, mWakefulness=Awake, mWakeLockSummary=0x1, mUserActivitySummary=0x1, mBootCompleted=true, screenBrightnessOverride=NaN, useAutoBrightness=false, mScreenBrightnessBoostInProgress=false, mIsVrModeEnabled= false, sQuiescent=false
06-29 03:40:06.973 E/[ 2420.524126] [wifico][0xad51fbc63][03( 0): 40:06.973085] wlan: [1206:E:HDD] __wlan_hdd_cfg80211_scan: 572: Scan not allowed. scan_ebusy_cnt: 437 Session 0 Reason 1
06-29 03:40:06.973 E/wificond( 1206): NL80211_CMD_TRIGGER_SCAN failed: Device or resource busy
06-29 03:40:07.643 D/PowerManagerService( 1522): userActivityNoUpdateLocked: groupId=0, eventTime=2421193, event=2, flags=0x0, uid=1000
06-29 03:40:07.643 D/PowerManagerNotifier( 1522): onUserActivity: event=2, uid=1000
06-29 03:40:07.643 D/PowerManagerService( 1522): updateUserActivitySummaryLocked: groupId=0, mWakefulness=Awake, mUserActivitySummary=0x1, nextTimeout=2481193 (in 59999 ms)
06-29 03:40:07.644 D/PowerManagerNotifier( 1522): onScreenPolicyUpdate: newPolicy=3
06-29 03:40:07.645 D/PowerManagerService( 1522): updateDisplayPowerStateLocked: displayReady=true, groupId=0, policy=BRIGHT, mWakefulness=Awake, mWakeLockSummary=0x1, mUserActivitySummary=0x1, mBootCompleted=true, screenBrightnessOverride=NaN, useAutoBrightness=false, mScreenBrightnessBoostInProgress=false, mIsVrModeEnabled= false, sQuiescent=false
06-29 03:40:07.748 I/thunderperf( 1522): PlatormCompat.setOverrides: Uid1=10072 Pid1=2563 Uid2=10072 Pid2=2563
06-29 03:40:07.748 I/thunderperf( 1522): PlatormCompat.setOverrides: needCheck:false
06-29 03:40:07.748 I/thunderperf( 1522): CompatConfig.addOverrideUnsafe: bef-state=1
06-29 03:40:07.749 E/thunderperf( 1522): CompatConfig.addOverrideUnsafe: exception:java.lang.SecurityException: Cannot override a change on a non-debuggable app and user build.
06-29 03:40:07.749 I/thunderperf( 1522): CompatConfig.addOverrideUnsafe: aft-state=1
06-29 03:40:07.752 I/thunderperf( 1522): CompatConfig.addOverrideUnsafe: bef-state=1
06-29 03:40:07.752 E/thunderperf( 1522): CompatConfig.addOverrideUnsafe: exception:java.lang.SecurityException: Cannot override a change on a non-debuggable app and user build.
06-29 03:40:07.753 I/thunderperf( 1522): CompatConfig.addOverrideUnsafe: aft-state=1
06-29 03:40:07.753 I/thunderperf( 1522): CompatConfig.addOverrideUnsafe: bef-state=1
06-29 03:40:07.753 E/thunderperf( 1522): CompatConfig.addOverrideUnsafe: exception:java.lang.SecurityException: Cannot override a change on a non-debuggable app and user build.
06-29 03:40:07.753 I/thunderperf( 1522): CompatConfig.addOverrideUnsafe: aft-state=1
06-29 03:40:07.754 I/thunderperf( 1522): CompatConfig.addOverrideUnsafe: bef-state=1
06-29 03:40:07.754 E/thunderperf( 1522): CompatConfig.addOverrideUnsafe: exception:java.lang.SecurityException: Cannot override a change on a non-debuggable app and user build.
06-29 03:40:07.754 I/thunderperf( 1522): CompatConfig.addOverrideUnsafe: aft-state=1
06-29 03:40:07.755 I/thunderperf( 1522): CompatConfig.addOverrideUnsafe: bef-state=1
06-29 03:40:07.755 E/thunderperf( 1522): CompatConfig.addOverrideUnsafe: exception:java.lang.SecurityException: Cannot override a change on a non-debuggable app and user build.
06-29 03:40:07.755 I/thunderperf( 1522): CompatConfig.addOverrideUnsafe: aft-state=1
06-29 03:40:07.755 I/thunderperf( 1522): CompatConfig.addOverrideUnsafe: bef-state=1
06-29 03:40:07.755 E/thunderperf( 1522): CompatConfig.addOverrideUnsafe: exception:java.lang.SecurityException: Cannot override a change on a non-debuggable app and user build.
06-29 03:40:07.755 I/thunderperf( 1522): CompatConfig.addOverrideUnsafe: aft-state=1
06-29 03:40:07.756 I/thunderperf( 1522): CompatConfig.addOverrideUnsafe: bef-state=1
06-29 03:40:07.756 E/thunderperf( 1522): CompatConfig.addOverrideUnsafe: exception:java.lang.SecurityException: Cannot override a change on a non-debuggable app and user build.
06-29 03:40:07.756 I/thunderperf( 1522): CompatConfig.addOverrideUnsafe: aft-state=1
06-29 03:40:07.757 I/thunderperf( 1522): CompatConfig.addOverrideUnsafe: bef-state=1
06-29 03:40:07.757 E/thunderperf( 1522): CompatConfig.addOverrideUnsafe: exception:java.lang.SecurityException: Cannot override a change on a non-debuggable app and user build.
06-29 03:40:07.757 I/thunderperf( 1522): CompatConfig.addOverrideUnsafe: aft-state=1
06-29 03:40:07.757 I/thunderperf( 1522): CompatConfig.addOverrideUnsafe: bef-state=1
06-29 03:40:07.758 E/thunderperf( 1522): CompatConfig.addOverrideUnsafe: exception:java.lang.SecurityException: Cannot override a change on a non-debuggable app and user build.
06-29 03:40:07.758 I/thunderperf( 1522): CompatConfig.addOverrideUnsafe: aft-state=1
06-29 03:40:07.758 I/thunderperf( 1522): CompatConfig.addOverrideUnsafe: bef-state=1
06-29 03:40:07.758 E/thunderperf( 1522): CompatConfig.addOverrideUnsafe: exception:java.lang.SecurityException: Cannot override a change on a non-debuggable app and user build.
06-29 03:40:07.758 I/thunderperf( 1522): CompatConfig.addOverrideUnsafe: aft-state=1
06-29 03:40:07.759 I/thunderperf( 1522): CompatConfig.addOverrideUnsafe: bef-state=1
06-29 03:40:07.759 E/thunderperf( 1522): CompatConfig.addOverrideUnsafe: exception:java.lang.SecurityException: Cannot override a change on a non-debuggable app and user build.
06-29 03:40:07.759 I/thunderperf( 1522): CompatConfig.addOverrideUnsafe: aft-state=1
06-29 03:40:07.759 I/thunderperf( 1522): CompatConfig.addOverrideUnsafe: bef-state=1
06-29 03:40:07.759 E/thunderperf( 1522): CompatConfig.addOverrideUnsafe: exception:java.lang.SecurityException: Cannot override a change on a non-debuggable app and user build.
06-29 03:40:07.759 I/thunderperf( 1522): CompatConfig.addOverrideUnsafe: aft-state=1
06-29 03:40:07.760 I/thunderperf( 1522): CompatConfig.addOverrideUnsafe: bef-state=1
06-29 03:40:07.760 E/thunderperf( 1522): CompatConfig.addOverrideUnsafe: exception:java.lang.SecurityException: Cannot override a change on a non-debuggable app and user build.
06-29 03:40:07.760 I/thunderperf( 1522): CompatConfig.addOverrideUnsafe: aft-state=1
06-29 03:40:07.760 I/thunderperf( 1522): CompatConfig.addOverrideUnsafe: bef-state=1
06-29 03:40:07.760 E/thunderperf( 1522): CompatConfig.addOverrideUnsafe: exception:java.lang.SecurityException: Cannot override a change on a non-debuggable app and user build.
06-29 03:40:07.760 I/thunderperf( 1522): CompatConfig.addOverrideUnsafe: aft-state=1
06-29 03:40:07.773 I/ActivityTaskManager( 1522): START u0 {act=android.intent.action.MAIN cat=[android.intent.category.LAUNCHER] flg=0x10200000 cmp=com.android.settings/.Settings bnds=[2306,440][2508,640]} from uid 10072
06-29 03:40:07.774 D/ActivityTaskManager( 1522): TaskLaunchParamsModifier:task=null activity=ActivityRecord{18b8c28 u0 com.android.settings/.Settings taskAffinity=1000:com.android.settings.root display-area-from-source=DefaultTaskDisplayArea@3626345 display-id=0 display-windowing-mode=1 suggested-display-area=DefaultTaskDisplayArea@3626345
06-29 03:40:07.774 D/ActivityTaskManager( 1522): TaskLaunchParamsModifier:task=Task{baa0bd6 #76 type=standard A=1000:com.android.settings.root U=0 visible=false mode=fullscreen translucent=true sz=1 visible freeform task=true rootAffinity=1000:com.android.settings.root isMini=false} activity=ActivityRecord{18b8c28 u0 com.android.settings/.Settings taskAffinity=1000:com.android.settings.root t-1} display-area-from-source=DefaultTaskDisplayArea@3626345 display-id=0 display-windowing-mode=1 suggested-display-area=DefaultTaskDisplayArea@3626345 non-freeform-display display-area=DefaultTaskDisplayArea@3626345
06-29 03:40:07.778 D/PowerManagerService( 1522): acquireWakeLockInternal: lock=258975204, flags=0x1, tag="*launch*", ws=WorkSource{1000}, uid=1000, pid=1522
06-29 03:40:07.778 D/PowerManagerService( 1522): updateWakeLockSummaryLocked: mWakefulness=Awake, mWakeLockSummary=0x1
06-29 03:40:07.778 D/PowerManagerService( 1522): updateUserActivitySummaryLocked: groupId=0, mWakefulness=Awake, mUserActivitySummary=0x1, nextTimeout=2481193 (in 59864 ms)
06-29 03:40:07.778 D/PowerManagerNotifier( 1522): onScreenPolicyUpdate: newPolicy=3
06-29 03:40:07.778 D/PowerManagerService( 1522): updateDisplayPowerStateLocked: displayReady=true, groupId=0, policy=BRIGHT, mWakefulness=Awake, mWakeLockSummary=0x1, mUserActivitySummary=0x1, mBootCompleted=true, screenBrightnessOverride=NaN, useAutoBrightness=false, mScreenBrightnessBoostInProgress=false, mIsVrModeEnabled= false, sQuiescent=false
06-29 03:40:07.778 D/PowerManagerNotifier( 1522): onWakeLockAcquired: flags=1, tag="*launch*", packageName=android, ownerUid=1000, ownerPid=1522, workSource=WorkSource{1000}
06-29 03:40:07.789 I/ActivityTaskManager( 1522): FOREGROUND_APPLICATION_CHANGED to com.android.settings.homepage.SettingsHomepageActivity
06-29 03:40:07.860 D/PowerManagerService( 1522): releaseWakeLockInternal: lock=258975204 [*launch*], flags=0x0
06-29 03:40:07.860 D/PowerManagerNotifier( 1522): onWakeLockReleased: flags=1, tag="*launch*", packageName=android, ownerUid=1000, ownerPid=1522, workSource=WorkSource{1000}
06-29 03:40:07.860 D/PowerManagerService( 1522): updateWakeLockSummaryLocked: mWakefulness=Awake, mWakeLockSummary=0x1
06-29 03:40:07.860 D/PowerManagerService( 1522): updateUserActivitySummaryLocked: groupId=0, mWakefulness=Awake, mUserActivitySummary=0x1, nextTimeout=2481193 (in 59782 ms)
06-29 03:40:07.860 D/PowerManagerNotifier( 1522): onScreenPolicyUpdate: newPolicy=3
06-29 03:40:07.860 D/PowerManagerService( 1522): updateDisplayPowerStateLocked: displayReady=true, groupId=0, policy=BRIGHT, mWakefulness=Awake, mWakeLockSummary=0x1, mUserActivitySummary=0x1, mBootCompleted=true, screenBrightnessOverride=NaN, useAutoBrightness=false, mScreenBrightnessBoostInProgress=false, mIsVrModeEnabled= false, sQuiescent=false
06-29 03:40:08.072 I/ActivityThread(10837): Removing dead content provider:android.content.ContentProviderProxy@1dbce95
06-29 03:40:08.073 I/[ 2421.622713] binder( 0): 10837:13090 transaction failed 29189/-22, size 412-16 line 3071
06-29 03:40:08.073 D/CompatibilityChangeReporter( 1522): Compat change id reported: 135634846; UID 10092; state: DISABLED
06-29 03:40:08.073 D/CompatibilityChangeReporter( 1522): Compat change id reported: 177438394; UID 10092; state: DISABLED
06-29 03:40:08.074 D/CompatibilityChangeReporter( 1522): Compat change id reported: 135772972; UID 10092; state: DISABLED
06-29 03:40:08.074 D/CompatibilityChangeReporter( 1522): Compat change id reported: 135754954; UID 10092; state: DISABLED
06-29 03:40:08.074 D/CompatibilityChangeReporter( 1522): Compat change id reported: 143937733; UID 10092; state: DISABLED
06-29 03:40:08.081 I/ActivityManager( 1522): Start proc 13825:com.tencent.tmgp.sgame/u0a92 for content provider {com.tencent.tmgp.sgame/com.tencent.tpns.baseapi.base.SettingsContentProvider}
06-29 03:40:08.093 I/[ 2421.643705] binder( 0): 13825:13825 ioctl 40046210 7fdcc9b894 returned -22
06-29 03:40:08.096 D/CompatibilityChangeReporter( 1522): Compat change id reported: 168419799; UID 10092; state: DISABLED
06-29 03:40:08.196 D/ActivityThread(13825): Loading provider com.tencent.tmgp.sgame.XG_SETTINGS_PROVIDER: com.tencent.tpns.baseapi.base.SettingsContentProvider
06-29 03:40:08.225 I/ActivityManager( 1522): Killing 13669:com.smile.gifmaker:messagesdk/u0a105 (adj 905): empty #2
06-29 03:40:08.433 W/[ 2421.984164] [schedu][0xad6cb7aeb][03( 0): 40:08.433119] wlan: [3371:W:PE] lim_process_sae_auth_timeout: 112: SAE auth timeout sessionid 0 mlmstate 1D SmeState 4
06-29 03:40:08.433 E/[ 2421.984346] [schedu][0xad6cb8932][03( 0): 40:08.433309] wlan: [3371:E:PE] lim_process_mlm_auth_cnf: 558: Auth Failure occurred
06-29 03:40:08.433 I/[ 2421.984412] [schedu][0xad6cb8e41][03( 0): 40:08.433376] wlan: [3371:I:PE] Deauth TX: vdev 0 seq_num 3543 reason 65530 waitForAck 0 to 04:d9:f5:fb:09:94 from a2:d7:5b:b4:b7:af
06-29 03:40:08.446 I/wificond( 1206): Connect timeout
06-29 03:40:08.448 W/[ 2421.996686] [schedu][0xad6cf2684][03( 0): 40:08.445646] wlan: [3371:W:SME] csr_roam_join_rsp_processor: 9876: SmeJoinReq failed with status_code= 0x000001FD [509] reason:65530
06-29 03:40:08.448 W/[ 2421.996864] [schedu][0xad6cf3447][03( 0): 40:08.445830] wlan: [3371:W:HDD] hdd_get_rssi_snr_by_bssid: 17749: sme_get_rssi_snr_by_bssid failed
06-29 03:40:08.448 E/[ 2421.996879] [schedu][0xad6cf3561][03( 0): 40:08.445845] wlan: [3371:E:HDD] hdd_association_completion_handler: 3712: wlan0(vdevid-0): connection failed with 04:d9:f5:fb:09:94 result: 3 and Status: 7
06-29 03:40:08.448 W/[ 2421.997011] [schedu][0xad6cf3f5d][03( 0): 40:08.445978] wlan: [3371:W:HDD] hdd_get_rssi_snr_by_bssid: 17749: sme_get_rssi_snr_by_bssid failed
06-29 03:40:08.448 E/[ 2421.997027] [schedu][0xad6cf408b][03( 0): 40:08.445993] wlan: [3371:E:HDD] hdd_association_completion_handler: 3712: wlan0(vdevid-0): connection failed with 04:d9:f5:fb:09:94 result: 1 and Status: 9
06-29 03:40:08.448 E/[ 2421.997123] [schedu][0xad6cf47a7][03( 0): 40:08.446088] wlan: [3371:E:HDD] hdd_association_completion_handler: 3784: send connect failure to nl80211: for bssid 04:d9:f5:fb:09:94 result: 1 and Status: 9 reasoncode: 65530
06-29 03:40:08.469 I/[ 2422.018985] logd( 0): logdr: UID=1000 GID=1000 PID=13895 n tail=127 logMask=19 pid=0 start=0ns deadline=0ns
06-29 03:40:08.497 I/[ 2422.047980] [schedu][0xad6de2d72][03( 0): 40:08.496939] wlan: [3371:I:HIF] Deinitializing Runtime PM wakelock &vdev->vdev_set_key_runtime_wakelock
06-29 03:40:08.502 I/[ 2422.049055] [schedu][0xad6de7e53][03( 0): 40:08.498017] wlan: [3371:I:HIF] Initializing Runtime PM wakelock &vdev->vdev_set_key_runtime_wakelock
06-29 03:40:08.507 D/android.hardware.wifi@1.0-service( 828): Successfully SetMacAddress.
06-29 03:40:08.509 I/[ 2422.058918] [wifi@1][0xad6e16206][03( 0): 40:08.507880] wlan: [828:I:DP] dp_vdev_attach_wifi3: wlan_cfg_ap_bridge_enabled 0
06-29 03:40:08.525 E/[ 2422.074109] [wifi@1][0xad6e5d563][03( 0): 40:08.523071] wlan: [3455:E:wifipos] wifi_pos_process_app_reg_req: 608: Received App Req Req pid(-398458052), len(16)
06-29 03:40:08.525 I/[ 2422.074501] [wifi@1][0xad6e5f301][03( 0): 40:08.523466] wlan: [3455:I:wifipos] wifi_pos_get_ch_info: 461: num channels: 26
06-29 03:40:08.525 I/[ 2422.074938] [wifi@1][0xad6e613c6][03( 0): 40:08.523903] wlan: [3455:I:wifipos] wifi_pos_get_ch_info: 461: num channels: 26
06-29 03:40:08.589 I/[ 2422.136297] logd( 0): logdr: UID=1000 GID=1000 PID=13899 n tail=127 logMask=80 pid=0 start=0ns deadline=0ns
06-29 03:40:08.653 I/GameModeConfig( 1522): isGameModeOn = false
06-29 03:40:08.669 I/[ 2422.219071] [schedu][0xad7104d67][03( 0): 40:08.668032] wlan: [3371:I:OSIF] scan start scan id 41257
06-29 03:40:08.675 E/android.hardware.wifi@1.0-service( 828): create file failed: Permission denied
06-29 03:40:08.675 E/android.hardware.wifi@1.0-service( 828): Error writing files to flash
06-29 03:40:08.974 D/PowerManagerService( 1522): acquireWakeLockInternal: lock=218282209, flags=0x1, tag="*alarm*", ws=WorkSource{1000}, uid=1000, pid=1522
06-29 03:40:08.975 D/PowerManagerService( 1522): updateWakeLockSummaryLocked: mWakefulness=Awake, mWakeLockSummary=0x1
06-29 03:40:08.975 D/PowerManagerService( 1522): updateUserActivitySummaryLocked: groupId=0, mWakefulness=Awake, mUserActivitySummary=0x1, nextTimeout=2481193 (in 58667 ms)
06-29 03:40:08.975 D/PowerManagerNotifier( 1522): onScreenPolicyUpdate: newPolicy=3
06-29 03:40:08.975 D/PowerManagerService( 1522): updateDisplayPowerStateLocked: displayReady=true, groupId=0, policy=BRIGHT, mWakefulness=Awake, mWakeLockSummary=0x1, mUserActivitySummary=0x1, mBootCompleted=true, screenBrightnessOverride=NaN, useAutoBrightness=false, mScreenBrightnessBoostInProgress=false, mIsVrModeEnabled= false, sQuiescent=false
06-29 03:40:08.975 D/PowerManagerNotifier( 1522): onWakeLockAcquired: flags=1, tag="*alarm*", packageName=android, ownerUid=1000, ownerPid=1522, workSource=WorkSource{1000}
06-29 03:40:08.976 D/PowerManagerService( 1522): releaseWakeLockInternal: lock=218282209 [*alarm*], flags=0x0
06-29 03:40:08.976 D/PowerManagerNotifier( 1522): onWakeLockReleased: flags=1, tag="*alarm*", packageName=android, ownerUid=1000, ownerPid=1522, workSource=WorkSource{1000}
06-29 03:40:08.976 D/PowerManagerService( 1522): updateWakeLockSummaryLocked: mWakefulness=Awake, mWakeLockSummary=0x1
06-29 03:40:08.976 D/PowerManagerService( 1522): updateUserActivitySummaryLocked: groupId=0, mWakefulness=Awake, mUserActivitySummary=0x1, nextTimeout=2481193 (in 58666 ms)
06-29 03:40:08.976 D/PowerManagerNotifier( 1522): onScreenPolicyUpdate: newPolicy=3
06-29 03:40:08.976 D/PowerManagerService( 1522): updateDisplayPowerStateLocked: displayReady=true, groupId=0, policy=BRIGHT, mWakefulness=Awake, mWakeLockSummary=0x1, mUserActivitySummary=0x1, mBootCompleted=true, screenBrightnessOverride=NaN, useAutoBrightness=false, mScreenBrightnessBoostInProgress=false, mIsVrModeEnabled= false, sQuiescent=false
06-29 03:40:09.084 D/PowerManagerService( 1522): userActivityNoUpdateLocked: groupId=0, eventTime=2422633, event=2, flags=0x0, uid=1000
06-29 03:40:09.084 D/PowerManagerNotifier( 1522): onUserActivity: event=2, uid=1000
06-29 03:40:09.084 D/PowerManagerService( 1522): updateUserActivitySummaryLocked: groupId=0, mWakefulness=Awake, mUserActivitySummary=0x1, nextTimeout=2482633 (in 59998 ms)
06-29 03:40:09.084 D/PowerManagerNotifier( 1522): onScreenPolicyUpdate: newPolicy=3
06-29 03:40:09.084 D/PowerManagerService( 1522): updateDisplayPowerStateLocked: displayReady=true, groupId=0, policy=BRIGHT, mWakefulness=Awake, mWakeLockSummary=0x1, mUserActivitySummary=0x1, mBootCompleted=true, screenBrightnessOverride=NaN, useAutoBrightness=false, mScreenBrightnessBoostInProgress=false, mIsVrModeEnabled= false, sQuiescent=false
06-29 03:40:09.197 D/PowerManagerService( 1522): userActivityNoUpdateLocked: groupId=0, eventTime=2422747, event=2, flags=0x0, uid=1000
06-29 03:40:09.197 D/PowerManagerNotifier( 1522): onUserActivity: event=2, uid=1000
06-29 03:40:09.197 D/PowerManagerService( 1522): updateUserActivitySummaryLocked: groupId=0, mWakefulness=Awake, mUserActivitySummary=0x1, nextTimeout=2482747 (in 59999 ms)
06-29 03:40:09.197 D/PowerManagerNotifier( 1522): onScreenPolicyUpdate: newPolicy=3
06-29 03:40:09.197 D/PowerManagerService( 1522): updateDisplayPowerStateLocked: displayReady=true, groupId=0, policy=BRIGHT, mWakefulness=Awake, mWakeLockSummary=0x1, mUserActivitySummary=0x1, mBootCompleted=true, screenBrightnessOverride=NaN, useAutoBrightness=false, mScreenBrightnessBoostInProgress=false, mIsVrModeEnabled= false, sQuiescent=false
06-29 03:40:09.205 E/[ 2422.752101] link_delay_work_func( 0): DTC_ETH: SQI=0, link=0
06-29 03:40:09.564 D/PowerManagerService( 1522): userActivityNoUpdateLocked: groupId=0, eventTime=2423114, event=2, flags=0x0, uid=1000
06-29 03:40:09.564 D/PowerManagerNotifier( 1522): onUserActivity: event=2, uid=1000
06-29 03:40:09.565 D/PowerManagerService( 1522): updateUserActivitySummaryLocked: groupId=0, mWakefulness=Awake, mUserActivitySummary=0x1, nextTimeout=2483114 (in 59998 ms)
06-29 03:40:09.565 D/PowerManagerNotifier( 1522): onScreenPolicyUpdate: newPolicy=3
06-29 03:40:09.565 D/PowerManagerService( 1522): updateDisplayPowerStateLocked: displayReady=true, groupId=0, policy=BRIGHT, mWakefulness=Awake, mWakeLockSummary=0x1, mUserActivitySummary=0x1, mBootCompleted=true, screenBrightnessOverride=NaN, useAutoBrightness=false, mScreenBrightnessBoostInProgress=false, mIsVrModeEnabled= false, sQuiescent=false
06-29 03:40:09.836 E/UserRestrictionsUtils( 1522): Unknown restriction queried by uid 1000 (com.android.keychain et al): null
06-29 03:40:09.857 I/[ 2423.406770] [schedu][0xad86c42c5][03( 0): 40:09.855730] wlan: [3371:I:OSIF] vdev 0, scan id 41257 type COMPLETED(1) reason COMPLETED(1) scan found 23 bss
06-29 03:40:10.013 I/[ 2423.563110] [schedu][0xad89a1047][03( 0): 40:10.012070] wlan: [3371:I:HIF] Deinitializing Runtime PM wakelock &vdev->vdev_set_key_runtime_wakelock
06-29 03:40:10.013 I/[ 2423.563826] [schedu][0xad89a4651][03( 0): 40:10.012791] wlan: [3371:I:HIF] Initializing Runtime PM wakelock &vdev->vdev_set_key_runtime_wakelock
06-29 03:40:10.029 D/android.hardware.wifi@1.0-service( 828): Successfully SetMacAddress.
06-29 03:40:10.033 I/[ 2423.581055] [wifi@1][0xad89f5241][03( 0): 40:10.030016] wlan: [828:I:DP] dp_vdev_attach_wifi3: wlan_cfg_ap_bridge_enabled 0
06-29 03:40:10.041 E/[ 2423.590391] [wifi@1][0xad8a20e83][03( 0): 40:10.039353] wlan: [3455:E:wifipos] wifi_pos_process_app_reg_req: 608: Received App Req Req pid(-398458052), len(16)
06-29 03:40:10.041 I/[ 2423.590761] [wifi@1][0xad8a22a77][03( 0): 40:10.039726] wlan: [3455:I:wifipos] wifi_pos_get_ch_info: 461: num channels: 26
06-29 03:40:10.041 I/[ 2423.591095] [wifi@1][0xad8a24394][03( 0): 40:10.040061] wlan: [3455:I:wifipos] wifi_pos_get_ch_info: 461: num channels: 26
06-29 03:40:10.038 W/wificond( 1206): Scan is not started. Ignore abort request
06-29 03:40:10.049 I/[ 2423.597635] [wpa_su][0xad8a42dd1][03( 0): 40:10.046597] wlan: [3475:I:SME] vdev-0: Connecting to hht_test_wifi_fc4318c9 04:d9:f5:fb:09:94 rssi: -71 freq: 5300 akm 3 cipher: uc 6 mc 6, CC:
06-29 03:40:10.049 E/[ 2423.597737] [wpa_su][0xad8a435c7][03( 0): 40:10.046703] wlan: [3475:E:QDF] Cannot malloc 0 bytes @ csr_get_cfg_max_tx_power:14199
06-29 03:40:10.049 I/[ 2423.599266] [schedu][0xad8a4a82d][03( 0): 40:10.048229] wlan: [3371:I:WMI] send_vdev_start_cmd_tlv: 1062: send_vdev_start_cmd_tlv: vdev_id 0 freq 5300 chanmode 18 ch_info: 0x12 is_dfs 0 beacon interval 100 dtim 0 center_chan 5290 center_freq2 0 reg_info_1: 0x170000 reg_info_2: 0x1700, req->max_txpow: 0x17 Tx SS 1, Rx SS 1, ldpc_rx: 0, cac 0, regd 4, HE ops: 0req->dis_hw_ack: 1
06-29 03:40:10.065 E/[ 2423.612231] [wifico][0xad8a87454][03( 0): 40:10.061191] wlan: [1206:E:HDD] __wlan_hdd_cfg80211_scan: 572: Scan not allowed. scan_ebusy_cnt: 438 Session 0 Reason 1
06-29 03:40:10.060 D/PowerManagerNotifier( 1522): onLongPartialWakeLockStart: ownerUid=1000, workSource=null
06-29 03:40:10.060 D/PowerManagerService( 1522): releaseWakeLockInternal: lock=8918968 [ConnectivityService], flags=0x0
06-29 03:40:10.060 D/PowerManagerNotifier( 1522): onWakeLockReleased: flags=1, tag="ConnectivityService", packageName=android, ownerUid=1000, ownerPid=1522, workSource=null
06-29 03:40:10.060 D/PowerManagerNotifier( 1522): onLongPartialWakeLockFinish: ownerUid=1000, workSource=null
06-29 03:40:10.061 D/PowerManagerService( 1522): updateWakeLockSummaryLocked: mWakefulness=Awake, mWakeLockSummary=0x0
06-29 03:40:10.061 D/PowerManagerService( 1522): updateUserActivitySummaryLocked: groupId=0, mWakefulness=Awake, mUserActivitySummary=0x1, nextTimeout=2483114 (in 59502 ms)
06-29 03:40:10.061 D/PowerManagerNotifier( 1522): onScreenPolicyUpdate: newPolicy=3
06-29 03:40:10.061 D/PowerManagerService( 1522): updateDisplayPowerStateLocked: displayReady=true, groupId=0, policy=BRIGHT, mWakefulness=Awake, mWakeLockSummary=0x0, mUserActivitySummary=0x1, mBootCompleted=true, screenBrightnessOverride=NaN, useAutoBrightness=false, mScreenBrightnessBoostInProgress=false, mIsVrModeEnabled= false, sQuiescent=false
06-29 03:40:10.061 D/PowerManagerService( 1522): Releasing suspend blocker "PowerManagerService.WakeLocks".
06-29 03:40:10.061 E/wificond( 1206): NL80211_CMD_TRIGGER_SCAN failed: Device or resource busy
06-29 03:40:10.159 E/wificond( 1206): NL80211_CMD_TRIGGER_SCAN failed: Device or resource busy
06-29 03:40:10.225 I/[ 2423.775306] [soft_i][0xad8d83ae6][03( 0): 40:10.224265] wlan: [0:I:TXRX] HTT_T2H_MSG_TYPE_PEER_MAP msg for peer id 2 vdev id 0 n
06-29 03:40:10.225 E/[ 2423.775330] [soft_i][0xad8d83d42][03( 0): 40:10.224296] wlan: [0:E:DP] dp_peer_find_add_id: peer 0000000000000000 ID 2 vid 0 mac 04:d9:f5:fb:09:94
06-29 03:40:10.225 I/[ 2423.775345] [soft_i][0xad8d83e70][03( 0): 40:10.224312] wlan: [0:I:DP] dp_peer_find_add_id: ref_cnt: 2
06-29 03:40:10.225 E/[ 2423.775357] [soft_i][0xad8d83f4d][03( 0): 40:10.224324] wlan: [0:E:DP] dp_peer_map_ast: peer 0000000000000000 ID 3 vid 0 mac 04:d9:f5:fb:09:94
06-29 03:40:10.286 I/GameModeConfig( 1522): isGameModeOn = false
06-29 03:40:10.377 I/[ 2423.927317] [schedu][0xad904c3bc][03( 0): 40:10.376276] wlan: [3371:I:PE] Auth TX: fail
06-29 03:40:11.389 I/[ 2424.936500] [schedu][0xada2c6c0b][03( 0): 40:11.385454] wlan: [3371:I:PE] Auth TX: fail
06-29 03:40:12.063 D/PowerManagerService( 1522): acquireWakeLockInternal: lock=218282209, flags=0x1, tag="*alarm*", ws=WorkSource{1000}, uid=1000, pid=1522
06-29 03:40:12.064 D/PowerManagerService( 1522): updateWakeLockSummaryLocked: mWakefulness=Awake, mWakeLockSummary=0x1
06-29 03:40:12.064 D/PowerManagerService( 1522): updateUserActivitySummaryLocked: groupId=0, mWakefulness=Awake, mUserActivitySummary=0x1, nextTimeout=2483114 (in 57499 ms)
06-29 03:40:12.064 D/PowerManagerNotifier( 1522): onScreenPolicyUpdate: newPolicy=3
06-29 03:40:12.065 D/PowerManagerService( 1522): updateDisplayPowerStateLocked: displayReady=true, groupId=0, policy=BRIGHT, mWakefulness=Awake, mWakeLockSummary=0x1, mUserActivitySummary=0x1, mBootCompleted=true, screenBrightnessOverride=NaN, useAutoBrightness=false, mScreenBrightnessBoostInProgress=false, mIsVrModeEnabled= false, sQuiescent=false
06-29 03:40:12.065 W/ProcessStats( 1522): Tracking association SourceState{562fd4e com.tencent.android.qqdownloader:live/10115 BTopFgs #11363} whose proc state 2 is better than process ProcessState{7d9de82 com.tencent.android.qqdownloader:daemon/10115 pkg=com.tencent.android.qqdownloader} proc state 3 (48 skipped)
06-29 03:40:12.065 D/PowerManagerService( 1522): Acquiring suspend blocker "PowerManagerService.WakeLocks".
06-29 03:40:12.066 D/PowerManagerNotifier( 1522): onWakeLockAcquired: flags=1, tag="*alarm*", packageName=android, ownerUid=1000, ownerPid=1522, workSource=WorkSource{1000}
06-29 03:40:12.069 D/PowerManagerService( 1522): releaseWakeLockInternal: lock=218282209 [*alarm*], flags=0x0
06-29 03:40:12.069 D/PowerManagerNotifier( 1522): onWakeLockReleased: flags=1, tag="*alarm*", packageName=android, ownerUid=1000, ownerPid=1522, workSource=WorkSource{1000}
06-29 03:40:12.069 D/PowerManagerService( 1522): updateWakeLockSummaryLocked: mWakefulness=Awake, mWakeLockSummary=0x0
06-29 03:40:12.069 D/PowerManagerService( 1522): updateUserActivitySummaryLocked: groupId=0, mWakefulness=Awake, mUserActivitySummary=0x1, nextTimeout=2483114 (in 57494 ms)
06-29 03:40:12.069 D/PowerManagerNotifier( 1522): onScreenPolicyUpdate: newPolicy=3
06-29 03:40:12.069 D/PowerManagerService( 1522): updateDisplayPowerStateLocked: displayReady=true, groupId=0, policy=BRIGHT, mWakefulness=Awake, mWakeLockSummary=0x0, mUserActivitySummary=0x1, mBootCompleted=true, screenBrightnessOverride=NaN, useAutoBrightness=false, mScreenBrightnessBoostInProgress=false, mIsVrModeEnabled= false, sQuiescent=false
06-29 03:40:12.069 D/PowerManagerService( 1522): Releasing suspend blocker "PowerManagerService.WakeLocks".
06-29 03:40:12.078 E/wificond( 1206): NL80211_CMD_TRIGGER_SCAN failed: Device or resource busy
06-29 03:40:12.081 E/[ 2425.629850] [wifico][0xadaf78d4c][03( 0): 40:12.078804] wlan: [1206:E:HDD] __wlan_hdd_cfg80211_scan: 572: Scan not allowed. scan_ebusy_cnt: 440 Session 0 Reason 1
06-29 03:40:12.240 D/PowerManagerService( 1522): userActivityNoUpdateLocked: groupId=0, eventTime=2425789, event=2, flags=0x0, uid=1000
06-29 03:40:12.240 D/PowerManagerNotifier( 1522): onUserActivity: event=2, uid=1000
06-29 03:40:12.240 D/PowerManagerService( 1522): updateUserActivitySummaryLocked: groupId=0, mWakefulness=Awake, mUserActivitySummary=0x1, nextTimeout=2485789 (in 59998 ms)
06-29 03:40:12.240 D/PowerManagerNotifier( 1522): onScreenPolicyUpdate: newPolicy=3
06-29 03:40:12.241 D/PowerManagerService( 1522): updateDisplayPowerStateLocked: displayReady=true, groupId=0, policy=BRIGHT, mWakefulness=Awake, mWakeLockSummary=0x0, mUserActivitySummary=0x1, mBootCompleted=true, screenBrightnessOverride=NaN, useAutoBrightness=false, mScreenBrightnessBoostInProgress=false, mIsVrModeEnabled= false, sQuiescent=false
06-29 03:40:12.356 D/PowerManagerService( 1522): userActivityNoUpdateLocked: groupId=0, eventTime=2425906, event=2, flags=0x0, uid=1000
06-29 03:40:12.356 D/PowerManagerNotifier( 1522): onUserActivity: event=2, uid=1000
06-29 03:40:12.356 D/PowerManagerService( 1522): updateUserActivitySummaryLocked: groupId=0, mWakefulness=Awake, mUserActivitySummary=0x1, nextTimeout=2485906 (in 59999 ms)
06-29 03:40:12.356 D/PowerManagerNotifier( 1522): onScreenPolicyUpdate: newPolicy=3
06-29 03:40:12.356 D/PowerManagerService( 1522): updateDisplayPowerStateLocked: displayReady=true, groupId=0, policy=BRIGHT, mWakefulness=Awake, mWakeLockSummary=0x0, mUserActivitySummary=0x1, mBootCompleted=true, screenBrightnessOverride=NaN, useAutoBrightness=false, mScreenBrightnessBoostInProgress=false, mIsVrModeEnabled= false, sQuiescent=false
06-29 03:40:12.515 D/PowerManagerService( 1522): acquireWakeLockInternal: lock=110234629, flags=0x1, tag="NetworkStats", ws=null, uid=1000, pid=1522
06-29 03:40:12.515 D/PowerManagerService( 1522): updateWakeLockSummaryLocked: mWakefulness=Awake, mWakeLockSummary=0x1
06-29 03:40:12.515 D/PowerManagerService( 1522): updateUserActivitySummaryLocked: groupId=0, mWakefulness=Awake, mUserActivitySummary=0x1, nextTimeout=2485906 (in 59840 ms)
06-29 03:40:12.515 D/PowerManagerNotifier( 1522): onScreenPolicyUpdate: newPolicy=3
06-29 03:40:12.515 D/PowerManagerService( 1522): updateDisplayPowerStateLocked: displayReady=true, groupId=0, policy=BRIGHT, mWakefulness=Awake, mWakeLockSummary=0x1, mUserActivitySummary=0x1, mBootCompleted=true, screenBrightnessOverride=NaN, useAutoBrightness=false, mScreenBrightnessBoostInProgress=false, mIsVrModeEnabled= false, sQuiescent=false
06-29 03:40:12.515 D/PowerManagerService( 1522): Acquiring suspend blocker "PowerManagerService.WakeLocks".
06-29 03:40:12.516 D/PowerManagerNotifier( 1522): onWakeLockAcquired: flags=1, tag="NetworkStats", packageName=android, ownerUid=1000, ownerPid=1522, workSource=null
06-29 03:40:12.522 D/PowerManagerService( 1522): releaseWakeLockInternal: lock=110234629 [NetworkStats], flags=0x0
06-29 03:40:12.522 D/PowerManagerNotifier( 1522): onWakeLockReleased: flags=1, tag="NetworkStats", packageName=android, ownerUid=1000, ownerPid=1522, workSource=null
06-29 03:40:12.522 D/PowerManagerService( 1522): updateWakeLockSummaryLocked: mWakefulness=Awake, mWakeLockSummary=0x0
06-29 03:40:12.522 D/PowerManagerService( 1522): updateUserActivitySummaryLocked: groupId=0, mWakefulness=Awake, mUserActivitySummary=0x1, nextTimeout=2485906 (in 59833 ms)
06-29 03:40:12.523 D/PowerManagerNotifier( 1522): onScreenPolicyUpdate: newPolicy=3
06-29 03:40:12.523 D/PowerManagerService( 1522): updateDisplayPowerStateLocked: displayReady=true, groupId=0, policy=BRIGHT, mWakefulness=Awake, mWakeLockSummary=0x0, mUserActivitySummary=0x1, mBootCompleted=true, screenBrightnessOverride=NaN, useAutoBrightness=false, mScreenBrightnessBoostInProgress=false, mIsVrModeEnabled= false, sQuiescent=false
06-29 03:40:12.523 D/PowerManagerService( 1522): Releasing suspend blocker "PowerManagerService.WakeLocks".
06-29 03:40:12.531 D/PowerManagerService( 1522): acquireWakeLockInternal: lock=110234629, flags=0x1, tag="NetworkStats", ws=null, uid=1000, pid=1522
06-29 03:40:12.531 D/PowerManagerService( 1522): updateWakeLockSummaryLocked: mWakefulness=Awake, mWakeLockSummary=0x1
06-29 03:40:12.531 D/PowerManagerService( 1522): updateUserActivitySummaryLocked: groupId=0, mWakefulness=Awake, mUserActivitySummary=0x1, nextTimeout=2485906 (in 59824 ms)
06-29 03:40:12.531 D/PowerManagerNotifier( 1522): onScreenPolicyUpdate: newPolicy=3
06-29 03:40:12.531 D/PowerManagerService( 1522): updateDisplayPowerStateLocked: displayReady=true, groupId=0, policy=BRIGHT, mWakefulness=Awake, mWakeLockSummary=0x1, mUserActivitySummary=0x1, mBootCompleted=true, screenBrightnessOverride=NaN, useAutoBrightness=false, mScreenBrightnessBoostInProgress=false, mIsVrModeEnabled= false, sQuiescent=false
06-29 03:40:12.531 D/PowerManagerService( 1522): Acquiring suspend blocker "PowerManagerService.WakeLocks".
06-29 03:40:12.533 D/PowerManagerNotifier( 1522): onWakeLockAcquired: flags=1, tag="NetworkStats", packageName=android, ownerUid=1000, ownerPid=1522, workSource=null
06-29 03:40:12.538 D/PowerManagerService( 1522): releaseWakeLockInternal: lock=110234629 [NetworkStats], flags=0x0
06-29 03:40:12.538 D/PowerManagerNotifier( 1522): onWakeLockReleased: flags=1, tag="NetworkStats", packageName=android, ownerUid=1000, ownerPid=1522, workSource=null
06-29 03:40:12.538 D/PowerManagerService( 1522): updateWakeLockSummaryLocked: mWakefulness=Awake, mWakeLockSummary=0x0
06-29 03:40:12.538 D/PowerManagerService( 1522): updateUserActivitySummaryLocked: groupId=0, mWakefulness=Awake, mUserActivitySummary=0x1, nextTimeout=2485906 (in 59817 ms)
06-29 03:40:12.538 D/PowerManagerNotifier( 1522): onScreenPolicyUpdate: newPolicy=3
06-29 03:40:12.538 D/PowerManagerService( 1522): updateDisplayPowerStateLocked: displayReady=true, groupId=0, policy=BRIGHT, mWakefulness=Awake, mWakeLockSummary=0x0, mUserActivitySummary=0x1, mBootCompleted=true, screenBrightnessOverride=NaN, useAutoBrightness=false, mScreenBrightnessBoostInProgress=false, mIsVrModeEnabled= false, sQuiescent=false
06-29 03:40:12.538 D/PowerManagerService( 1522): Releasing suspend blocker "PowerManagerService.WakeLocks".
06-29 03:40:12.661 E/[ 2426.211766] [wifico][0xadba20972][03( 0): 40:12.660726] wlan: [1206:E:HDD] __wlan_hdd_cfg80211_scan: 572: Scan not allowed. scan_ebusy_cnt: 441 Session 0 Reason 1
06-29 03:40:12.660 E/wificond( 1206): NL80211_CMD_TRIGGER_SCAN failed: Device or resource busy
06-29 03:40:14.080 D/PowerManagerService( 1522): acquireWakeLockInternal: lock=218282209, flags=0x1, tag="*alarm*", ws=WorkSource{1000}, uid=1000, pid=1522
06-29 03:40:14.081 D/PowerManagerService( 1522): updateWakeLockSummaryLocked: mWakefulness=Awake, mWakeLockSummary=0x1
06-29 03:40:14.081 D/PowerManagerService( 1522): updateUserActivitySummaryLocked: groupId=0, mWakefulness=Awake, mUserActivitySummary=0x1, nextTimeout=2485906 (in 58274 ms)
06-29 03:40:14.081 D/PowerManagerNotifier( 1522): onScreenPolicyUpdate: newPolicy=3
06-29 03:40:14.081 D/PowerManagerService( 1522): updateDisplayPowerStateLocked: displayReady=true, groupId=0, policy=BRIGHT, mWakefulness=Awake, mWakeLockSummary=0x1, mUserActivitySummary=0x1, mBootCompleted=true, screenBrightnessOverride=NaN, useAutoBrightness=false, mScreenBrightnessBoostInProgress=false, mIsVrModeEnabled= false, sQuiescent=false
06-29 03:40:14.081 D/PowerManagerService( 1522): Acquiring suspend blocker "PowerManagerService.WakeLocks".
06-29 03:40:14.088 D/PowerManagerNotifier( 1522): onWakeLockAcquired: flags=1, tag="*alarm*", packageName=android, ownerUid=1000, ownerPid=1522, workSource=WorkSource{1000}
06-29 03:40:14.090 D/PowerManagerService( 1522): updateWakeLockWorkSourceInternal: lock=218282209 [*alarm*], ws=WorkSource{10105}
06-29 03:40:14.090 D/PowerManagerNotifier( 1522): onWakeLockChanging: flags=1, tag="*alarm*", packageName=android, ownerUid=1000, ownerPid=1522, workSource=WorkSource{10105}
06-29 03:40:14.090 D/PowerManagerService( 1522): releaseWakeLockInternal: lock=218282209 [*alarm*], flags=0x0
06-29 03:40:14.090 D/PowerManagerNotifier( 1522): onWakeLockReleased: flags=1, tag="*alarm*", packageName=android, ownerUid=1000, ownerPid=1522, workSource=WorkSource{10105}
06-29 03:40:14.090 D/PowerManagerService( 1522): updateWakeLockSummaryLocked: mWakefulness=Awake, mWakeLockSummary=0x0
06-29 03:40:14.090 D/PowerManagerService( 1522): updateUserActivitySummaryLocked: groupId=0, mWakefulness=Awake, mUserActivitySummary=0x1, nextTimeout=2485906 (in 58265 ms)
06-29 03:40:14.090 D/PowerManagerNotifier( 1522): onScreenPolicyUpdate: newPolicy=3
06-29 03:40:14.090 D/PowerManagerService( 1522): updateDisplayPowerStateLocked: displayReady=true, groupId=0, policy=BRIGHT, mWakefulness=Awake, mWakeLockSummary=0x0, mUserActivitySummary=0x1, mBootCompleted=true, screenBrightnessOverride=NaN, useAutoBrightness=false, mScreenBrightnessBoostInProgress=false, mIsVrModeEnabled= false, sQuiescent=false
06-29 03:40:14.090 D/PowerManagerService( 1522): Releasing suspend blocker "PowerManagerService.WakeLocks".
06-29 03:40:14.091 E/wificond( 1206): NL80211_CMD_TRIGGER_SCAN failed: Device or resource busy
06-29 03:40:14.093 E/[ 2427.642307] [wifico][0xadd4523dc][03( 0): 40:14.091264] wlan: [1206:E:HDD] __wlan_hdd_cfg80211_scan: 572: Scan not allowed. scan_ebusy_cnt: 442 Session 0 Reason 1
06-29 03:40:14.325 E/[ 2427.872517] link_delay_work_func( 0): DTC_ETH: SQI=0, link=0
06-29 03:40:15.345 W/[ 2428.896131] [schedu][0xadeb47881][03( 0): 40:15.345086] wlan: [3371:W:PE] lim_process_sae_auth_timeout: 112: SAE auth timeout sessionid 0 mlmstate 1D SmeState 4
06-29 03:40:15.345 E/[ 2428.896243] [schedu][0xadeb48189][03( 0): 40:15.345207] wlan: [3371:E:PE] lim_process_mlm_auth_cnf: 558: Auth Failure occurred
