06-29 03:41:35.579 D/PowerManagerNotifier( 1522): onScreenPolicyUpdate: newPolicy=3
06-29 03:41:35.579 D/PowerManagerService( 1522): updateDisplayPowerStateLocked: displayReady=true, groupId=0, policy=BRIGHT, mWakefulness=Awake, mWakeLockSummary=0x23, mUserActivitySummary=0x1, mBootCompleted=true, screenBrightnessOverride=NaN, useAutoBrightness=false, mScreenBrightnessBoostInProgress=false, mIsVrModeEnabled= false, sQuiescent=false
06-29 03:41:35.585 D/PowerManagerService( 1522): releaseWakeLockInternal: lock=8906288 [i], flags=0x0
06-29 03:41:35.585 D/PowerManagerNotifier( 1522): onWakeLockReleased: flags=1, tag="i", packageName=com.tencent.android.qqdownloader, ownerUid=10115, ownerPid=23916, workSource=null
06-29 03:41:35.585 D/PowerManagerService( 1522): updateWakeLockSummaryLocked: mWakefulness=Awake, mWakeLockSummary=0x23
06-29 03:41:35.585 D/PowerManagerService( 1522): updateUserActivitySummaryLocked: groupId=0, mWakefulness=Awake, mUserActivitySummary=0x1, nextTimeout=2557298 (in 48162 ms)
06-29 03:41:35.585 D/PowerManagerNotifier( 1522): onScreenPolicyUpdate: newPolicy=3
06-29 03:41:35.585 D/PowerManagerService( 1522): updateDisplayPowerStateLocked: displayReady=true, groupId=0, policy=BRIGHT, mWakefulness=Awake, mWakeLockSummary=0x23, mUserActivitySummary=0x1, mBootCompleted=true, screenBrightnessOverride=NaN, useAutoBrightness=false, mScreenBrightnessBoostInProgress=false, mIsVrModeEnabled= false, sQuiescent=false
06-29 03:41:35.637 E/[ 2509.184095] msm_pcm_playback_close( 0): CMD_EOS failed, cmd_pending 0x8
06-29 03:41:35.641 I/[ 2509.191711] afe_close( 0): port_id = 0x9000
06-29 03:41:35.650 D/PowerManagerService( 1522): releaseWakeLockInternal: lock=200264974 [AudioMix], flags=0x0
06-29 03:41:35.650 D/PowerManagerNotifier( 1522): onWakeLockReleased: flags=1, tag="AudioMix", packageName=audioserver, ownerUid=1041, ownerPid=0, workSource=null
06-29 03:41:35.651 D/PowerManagerService( 1522): updateWakeLockSummaryLocked: mWakefulness=Awake, mWakeLockSummary=0x23
06-29 03:41:35.651 D/PowerManagerService( 1522): updateUserActivitySummaryLocked: groupId=0, mWakefulness=Awake, mUserActivitySummary=0x1, nextTimeout=2557298 (in 48096 ms)
06-29 03:41:35.651 D/PowerManagerNotifier( 1522): onScreenPolicyUpdate: newPolicy=3
06-29 03:41:35.651 D/PowerManagerService( 1522): updateDisplayPowerStateLocked: displayReady=true, groupId=0, policy=BRIGHT, mWakefulness=Awake, mWakeLockSummary=0x23, mUserActivitySummary=0x1, mBootCompleted=true, screenBrightnessOverride=NaN, useAutoBrightness=false, mScreenBrightnessBoostInProgress=false, mIsVrModeEnabled= false, sQuiescent=false
06-29 03:41:35.702 D/PowerManagerService( 1522): acquireWakeLockInternal: lock=184152165, flags=0x1, tag="i", ws=null, uid=10115, pid=23916
06-29 03:41:35.703 D/PowerManagerService( 1522): updateWakeLockSummaryLocked: mWakefulness=Awake, mWakeLockSummary=0x23
06-29 03:41:35.703 D/PowerManagerService( 1522): updateUserActivitySummaryLocked: groupId=0, mWakefulness=Awake, mUserActivitySummary=0x1, nextTimeout=2557298 (in 48044 ms)
06-29 03:41:35.703 D/PowerManagerNotifier( 1522): onScreenPolicyUpdate: newPolicy=3
06-29 03:41:35.703 D/PowerManagerService( 1522): updateDisplayPowerStateLocked: displayReady=true, groupId=0, policy=BRIGHT, mWakefulness=Awake, mWakeLockSummary=0x23, mUserActivitySummary=0x1, mBootCompleted=true, screenBrightnessOverride=NaN, useAutoBrightness=false, mScreenBrightnessBoostInProgress=false, mIsVrModeEnabled= false, sQuiescent=false
06-29 03:41:35.703 D/PowerManagerNotifier( 1522): onWakeLockAcquired: flags=1, tag="i", packageName=com.tencent.android.qqdownloader, ownerUid=10115, ownerPid=23916, workSource=null
06-29 03:41:35.709 D/PowerManagerService( 1522): acquireWakeLockInternal: lock=113791290, flags=0x1, tag="i", ws=null, uid=10115, pid=23916
06-29 03:41:35.709 D/PowerManagerService( 1522): updateWakeLockSummaryLocked: mWakefulness=Awake, mWakeLockSummary=0x23
06-29 03:41:35.709 D/PowerManagerService( 1522): updateUserActivitySummaryLocked: groupId=0, mWakefulness=Awake, mUserActivitySummary=0x1, nextTimeout=2557298 (in 48038 ms)
06-29 03:41:35.709 D/PowerManagerNotifier( 1522): onScreenPolicyUpdate: newPolicy=3
06-29 03:41:35.709 D/PowerManagerService( 1522): updateDisplayPowerStateLocked: displayReady=true, groupId=0, policy=BRIGHT, mWakefulness=Awake, mWakeLockSummary=0x23, mUserActivitySummary=0x1, mBootCompleted=true, screenBrightnessOverride=NaN, useAutoBrightness=false, mScreenBrightnessBoostInProgress=false, mIsVrModeEnabled= false, sQuiescent=false
06-29 03:41:35.709 D/PowerManagerNotifier( 1522): onWakeLockAcquired: flags=1, tag="i", packageName=com.tencent.android.qqdownloader, ownerUid=10115, ownerPid=23916, workSource=null
06-29 03:41:35.792 D/PowerManagerService( 1522): releaseWakeLockInternal: lock=113791290 [i], flags=0x0
06-29 03:41:35.792 D/PowerManagerNotifier( 1522): onWakeLockReleased: flags=1, tag="i", packageName=com.tencent.android.qqdownloader, ownerUid=10115, ownerPid=23916, workSource=null
06-29 03:41:35.792 D/PowerManagerService( 1522): updateWakeLockSummaryLocked: mWakefulness=Awake, mWakeLockSummary=0x23
06-29 03:41:35.792 D/PowerManagerService( 1522): updateUserActivitySummaryLocked: groupId=0, mWakefulness=Awake, mUserActivitySummary=0x1, nextTimeout=2557298 (in 47955 ms)
06-29 03:41:35.792 D/PowerManagerNotifier( 1522): onScreenPolicyUpdate: newPolicy=3
06-29 03:41:35.792 D/PowerManagerService( 1522): updateDisplayPowerStateLocked: displayReady=true, groupId=0, policy=BRIGHT, mWakefulness=Awake, mWakeLockSummary=0x23, mUserActivitySummary=0x1, mBootCompleted=true, screenBrightnessOverride=NaN, useAutoBrightness=false, mScreenBrightnessBoostInProgress=false, mIsVrModeEnabled= false, sQuiescent=false
06-29 03:41:35.879 D/PowerManagerService( 1522): releaseWakeLockInternal: lock=184152165 [i], flags=0x0
06-29 03:41:35.879 D/PowerManagerNotifier( 1522): onWakeLockReleased: flags=1, tag="i", packageName=com.tencent.android.qqdownloader, ownerUid=10115, ownerPid=23916, workSource=null
06-29 03:41:35.880 D/PowerManagerService( 1522): updateWakeLockSummaryLocked: mWakefulness=Awake, mWakeLockSummary=0x23
06-29 03:41:35.880 D/PowerManagerService( 1522): updateUserActivitySummaryLocked: groupId=0, mWakefulness=Awake, mUserActivitySummary=0x1, nextTimeout=2557298 (in 47867 ms)
06-29 03:41:35.880 D/PowerManagerNotifier( 1522): onScreenPolicyUpdate: newPolicy=3
06-29 03:41:35.880 D/PowerManagerService( 1522): updateDisplayPowerStateLocked: displayReady=true, groupId=0, policy=BRIGHT, mWakefulness=Awake, mWakeLockSummary=0x23, mUserActivitySummary=0x1, mBootCompleted=true, screenBrightnessOverride=NaN, useAutoBrightness=false, mScreenBrightnessBoostInProgress=false, mIsVrModeEnabled= false, sQuiescent=false
06-29 03:41:35.886 I/GameModeConfig( 1522): isGameModeOn = false
06-29 03:41:35.895 D/PowerManagerService( 1522): acquireWakeLockInternal: lock=218282209, flags=0x1, tag="*alarm*", ws=WorkSource{1073}, uid=1000, pid=1522
06-29 03:41:35.896 D/PowerManagerService( 1522): updateWakeLockSummaryLocked: mWakefulness=Awake, mWakeLockSummary=0x23
06-29 03:41:35.896 D/PowerManagerService( 1522): updateUserActivitySummaryLocked: groupId=0, mWakefulness=Awake, mUserActivitySummary=0x1, nextTimeout=2557298 (in 47851 ms)
06-29 03:41:35.896 D/PowerManagerNotifier( 1522): onScreenPolicyUpdate: newPolicy=3
06-29 03:41:35.896 D/PowerManagerService( 1522): updateDisplayPowerStateLocked: displayReady=true, groupId=0, policy=BRIGHT, mWakefulness=Awake, mWakeLockSummary=0x23, mUserActivitySummary=0x1, mBootCompleted=true, screenBrightnessOverride=NaN, useAutoBrightness=false, mScreenBrightnessBoostInProgress=false, mIsVrModeEnabled= false, sQuiescent=false
06-29 03:41:35.896 D/PowerManagerNotifier( 1522): onWakeLockAcquired: flags=1, tag="*alarm*", packageName=android, ownerUid=1000, ownerPid=1522, workSource=WorkSource{1073}
06-29 03:41:35.897 D/PowerManagerService( 1522): releaseWakeLockInternal: lock=218282209 [*alarm*], flags=0x0
06-29 03:41:35.897 D/PowerManagerNotifier( 1522): onWakeLockReleased: flags=1, tag="*alarm*", packageName=android, ownerUid=1000, ownerPid=1522, workSource=WorkSource{1073}
06-29 03:41:35.897 D/PowerManagerService( 1522): updateWakeLockSummaryLocked: mWakefulness=Awake, mWakeLockSummary=0x23
06-29 03:41:35.897 D/PowerManagerService( 1522): updateUserActivitySummaryLocked: groupId=0, mWakefulness=Awake, mUserActivitySummary=0x1, nextTimeout=2557298 (in 47850 ms)
06-29 03:41:35.897 D/PowerManagerNotifier( 1522): onScreenPolicyUpdate: newPolicy=3
06-29 03:41:35.897 D/PowerManagerService( 1522): updateDisplayPowerStateLocked: displayReady=true, groupId=0, policy=BRIGHT, mWakefulness=Awake, mWakeLockSummary=0x23, mUserActivitySummary=0x1, mBootCompleted=true, screenBrightnessOverride=NaN, useAutoBrightness=false, mScreenBrightnessBoostInProgress=false, mIsVrModeEnabled= false, sQuiescent=false
06-29 03:41:35.950 D/PowerManagerService( 1522): acquireWakeLockInternal: lock=149320171, flags=0x1, tag="i", ws=null, uid=10115, pid=23916
06-29 03:41:35.950 D/PowerManagerService( 1522): updateWakeLockSummaryLocked: mWakefulness=Awake, mWakeLockSummary=0x23
06-29 03:41:35.950 D/PowerManagerService( 1522): updateUserActivitySummaryLocked: groupId=0, mWakefulness=Awake, mUserActivitySummary=0x1, nextTimeout=2557298 (in 47797 ms)
06-29 03:41:35.951 D/PowerManagerNotifier( 1522): onScreenPolicyUpdate: newPolicy=3
06-29 03:41:35.951 D/PowerManagerService( 1522): updateDisplayPowerStateLocked: displayReady=true, groupId=0, policy=BRIGHT, mWakefulness=Awake, mWakeLockSummary=0x23, mUserActivitySummary=0x1, mBootCompleted=true, screenBrightnessOverride=NaN, useAutoBrightness=false, mScreenBrightnessBoostInProgress=false, mIsVrModeEnabled= false, sQuiescent=false
06-29 03:41:35.951 D/PowerManagerNotifier( 1522): onWakeLockAcquired: flags=1, tag="i", packageName=com.tencent.android.qqdownloader, ownerUid=10115, ownerPid=23916, workSource=null
06-29 03:41:35.957 D/PowerManagerService( 1522): acquireWakeLockInternal: lock=127290184, flags=0x1, tag="i", ws=null, uid=10115, pid=23916
06-29 03:41:35.957 D/PowerManagerService( 1522): updateWakeLockSummaryLocked: mWakefulness=Awake, mWakeLockSummary=0x23
06-29 03:41:35.957 D/PowerManagerService( 1522): updateUserActivitySummaryLocked: groupId=0, mWakefulness=Awake, mUserActivitySummary=0x1, nextTimeout=2557298 (in 47790 ms)
06-29 03:41:35.957 D/PowerManagerNotifier( 1522): onScreenPolicyUpdate: newPolicy=3
06-29 03:41:35.957 D/PowerManagerService( 1522): updateDisplayPowerStateLocked: displayReady=true, groupId=0, policy=BRIGHT, mWakefulness=Awake, mWakeLockSummary=0x23, mUserActivitySummary=0x1, mBootCompleted=true, screenBrightnessOverride=NaN, useAutoBrightness=false, mScreenBrightnessBoostInProgress=false, mIsVrModeEnabled= false, sQuiescent=false
06-29 03:41:35.957 D/PowerManagerNotifier( 1522): onWakeLockAcquired: flags=1, tag="i", packageName=com.tencent.android.qqdownloader, ownerUid=10115, ownerPid=23916, workSource=null
06-29 03:41:35.996 D/PowerManagerService( 1522): acquireWakeLockInternal: lock=127806945, flags=0x1, tag="i", ws=null, uid=10115, pid=23916
06-29 03:41:35.996 D/PowerManagerService( 1522): updateWakeLockSummaryLocked: mWakefulness=Awake, mWakeLockSummary=0x23
06-29 03:41:35.996 D/PowerManagerService( 1522): updateUserActivitySummaryLocked: groupId=0, mWakefulness=Awake, mUserActivitySummary=0x1, nextTimeout=2557298 (in 47751 ms)
06-29 03:41:35.996 D/PowerManagerNotifier( 1522): onScreenPolicyUpdate: newPolicy=3
06-29 03:41:35.996 D/PowerManagerService( 1522): updateDisplayPowerStateLocked: displayReady=true, groupId=0, policy=BRIGHT, mWakefulness=Awake, mWakeLockSummary=0x23, mUserActivitySummary=0x1, mBootCompleted=true, screenBrightnessOverride=NaN, useAutoBrightness=false, mScreenBrightnessBoostInProgress=false, mIsVrModeEnabled= false, sQuiescent=false
06-29 03:41:35.996 D/PowerManagerNotifier( 1522): onWakeLockAcquired: flags=1, tag="i", packageName=com.tencent.android.qqdownloader, ownerUid=10115, ownerPid=23916, workSource=null
06-29 03:41:36.023 D/PowerManagerService( 1522): releaseWakeLockInternal: lock=149320171 [i], flags=0x0
06-29 03:41:36.023 D/PowerManagerNotifier( 1522): onWakeLockReleased: flags=1, tag="i", packageName=com.tencent.android.qqdownloader, ownerUid=10115, ownerPid=23916, workSource=null
06-29 03:41:36.023 D/PowerManagerService( 1522): updateWakeLockSummaryLocked: mWakefulness=Awake, mWakeLockSummary=0x23
06-29 03:41:36.023 D/PowerManagerService( 1522): updateUserActivitySummaryLocked: groupId=0, mWakefulness=Awake, mUserActivitySummary=0x1, nextTimeout=2557298 (in 47724 ms)
06-29 03:41:36.023 D/PowerManagerNotifier( 1522): onScreenPolicyUpdate: newPolicy=3
06-29 03:41:36.024 D/PowerManagerService( 1522): updateDisplayPowerStateLocked: displayReady=true, groupId=0, policy=BRIGHT, mWakefulness=Awake, mWakeLockSummary=0x23, mUserActivitySummary=0x1, mBootCompleted=true, screenBrightnessOverride=NaN, useAutoBrightness=false, mScreenBrightnessBoostInProgress=false, mIsVrModeEnabled= false, sQuiescent=false
06-29 03:41:36.059 D/PowerManagerService( 1522): releaseWakeLockInternal: lock=127290184 [i], flags=0x0
06-29 03:41:36.059 D/PowerManagerNotifier( 1522): onWakeLockReleased: flags=1, tag="i", packageName=com.tencent.android.qqdownloader, ownerUid=10115, ownerPid=23916, workSource=null
06-29 03:41:36.059 D/PowerManagerService( 1522): updateWakeLockSummaryLocked: mWakefulness=Awake, mWakeLockSummary=0x23
06-29 03:41:36.059 D/PowerManagerService( 1522): updateUserActivitySummaryLocked: groupId=0, mWakefulness=Awake, mUserActivitySummary=0x1, nextTimeout=2557298 (in 47688 ms)
06-29 03:41:36.060 D/PowerManagerNotifier( 1522): onScreenPolicyUpdate: newPolicy=3
06-29 03:41:36.060 D/PowerManagerService( 1522): updateDisplayPowerStateLocked: displayReady=true, groupId=0, policy=BRIGHT, mWakefulness=Awake, mWakeLockSummary=0x23, mUserActivitySummary=0x1, mBootCompleted=true, screenBrightnessOverride=NaN, useAutoBrightness=false, mScreenBrightnessBoostInProgress=false, mIsVrModeEnabled= false, sQuiescent=false
06-29 03:41:36.074 D/PowerManagerService( 1522): releaseWakeLockInternal: lock=127806945 [i], flags=0x0
06-29 03:41:36.074 D/PowerManagerNotifier( 1522): onWakeLockReleased: flags=1, tag="i", packageName=com.tencent.android.qqdownloader, ownerUid=10115, ownerPid=23916, workSource=null
06-29 03:41:36.074 D/PowerManagerService( 1522): updateWakeLockSummaryLocked: mWakefulness=Awake, mWakeLockSummary=0x23
06-29 03:41:36.074 D/PowerManagerService( 1522): updateUserActivitySummaryLocked: groupId=0, mWakefulness=Awake, mUserActivitySummary=0x1, nextTimeout=2557298 (in 47673 ms)
06-29 03:41:36.074 D/PowerManagerNotifier( 1522): onScreenPolicyUpdate: newPolicy=3
06-29 03:41:36.075 D/PowerManagerService( 1522): updateDisplayPowerStateLocked: displayReady=true, groupId=0, policy=BRIGHT, mWakefulness=Awake, mWakeLockSummary=0x23, mUserActivitySummary=0x1, mBootCompleted=true, screenBrightnessOverride=NaN, useAutoBrightness=false, mScreenBrightnessBoostInProgress=false, mIsVrModeEnabled= false, sQuiescent=false
06-29 03:41:36.082 D/PowerManagerService( 1522): releaseWakeLockInternal: lock=8918968 [ConnectivityService], flags=0x0
06-29 03:41:36.083 D/PowerManagerNotifier( 1522): onWakeLockReleased: flags=1, tag="ConnectivityService", packageName=android, ownerUid=1000, ownerPid=1522, workSource=null
06-29 03:41:36.083 D/PowerManagerService( 1522): updateWakeLockSummaryLocked: mWakefulness=Awake, mWakeLockSummary=0x23
06-29 03:41:36.083 D/PowerManagerService( 1522): updateUserActivitySummaryLocked: groupId=0, mWakefulness=Awake, mUserActivitySummary=0x1, nextTimeout=2557298 (in 47664 ms)
06-29 03:41:36.083 D/PowerManagerNotifier( 1522): onScreenPolicyUpdate: newPolicy=3
06-29 03:41:36.083 D/PowerManagerService( 1522): updateDisplayPowerStateLocked: displayReady=true, groupId=0, policy=BRIGHT, mWakefulness=Awake, mWakeLockSummary=0x23, mUserActivitySummary=0x1, mBootCompleted=true, screenBrightnessOverride=NaN, useAutoBrightness=false, mScreenBrightnessBoostInProgress=false, mIsVrModeEnabled= false, sQuiescent=false
06-29 03:41:36.205 D/PowerManagerService( 1522): acquireWakeLockInternal: lock=224020230, flags=0x1, tag="i", ws=null, uid=10115, pid=23916
06-29 03:41:36.205 D/PowerManagerService( 1522): updateWakeLockSummaryLocked: mWakefulness=Awake, mWakeLockSummary=0x23
06-29 03:41:36.205 D/PowerManagerService( 1522): updateUserActivitySummaryLocked: groupId=0, mWakefulness=Awake, mUserActivitySummary=0x1, nextTimeout=2557298 (in 47542 ms)
06-29 03:41:36.206 D/PowerManagerNotifier( 1522): onScreenPolicyUpdate: newPolicy=3
06-29 03:41:36.206 D/PowerManagerService( 1522): updateDisplayPowerStateLocked: displayReady=true, groupId=0, policy=BRIGHT, mWakefulness=Awake, mWakeLockSummary=0x23, mUserActivitySummary=0x1, mBootCompleted=true, screenBrightnessOverride=NaN, useAutoBrightness=false, mScreenBrightnessBoostInProgress=false, mIsVrModeEnabled= false, sQuiescent=false
06-29 03:41:36.206 D/PowerManagerNotifier( 1522): onWakeLockAcquired: flags=1, tag="i", packageName=com.tencent.android.qqdownloader, ownerUid=10115, ownerPid=23916, workSource=null
06-29 03:41:36.245 E/[ 2509.792388] link_delay_work_func( 0): DTC_ETH: SQI=0, link=0
06-29 03:41:36.272 D/PowerManagerService( 1522): releaseWakeLockInternal: lock=224020230 [i], flags=0x0
06-29 03:41:36.272 D/PowerManagerNotifier( 1522): onWakeLockReleased: flags=1, tag="i", packageName=com.tencent.android.qqdownloader, ownerUid=10115, ownerPid=23916, workSource=null
06-29 03:41:36.273 D/PowerManagerService( 1522): updateWakeLockSummaryLocked: mWakefulness=Awake, mWakeLockSummary=0x23
06-29 03:41:36.273 D/PowerManagerService( 1522): updateUserActivitySummaryLocked: groupId=0, mWakefulness=Awake, mUserActivitySummary=0x1, nextTimeout=2557298 (in 47474 ms)
06-29 03:41:36.273 D/PowerManagerNotifier( 1522): onScreenPolicyUpdate: newPolicy=3
06-29 03:41:36.273 D/PowerManagerService( 1522): updateDisplayPowerStateLocked: displayReady=true, groupId=0, policy=BRIGHT, mWakefulness=Awake, mWakeLockSummary=0x23, mUserActivitySummary=0x1, mBootCompleted=true, screenBrightnessOverride=NaN, useAutoBrightness=false, mScreenBrightnessBoostInProgress=false, mIsVrModeEnabled= false, sQuiescent=false
06-29 03:41:36.534 D/PowerManagerService( 1522): userActivityNoUpdateLocked: groupId=0, eventTime=2510083, event=2, flags=0x0, uid=1000
06-29 03:41:36.534 D/PowerManagerNotifier( 1522): onUserActivity: event=2, uid=1000
06-29 03:41:36.535 D/PowerManagerService( 1522): updateUserActivitySummaryLocked: groupId=0, mWakefulness=Awake, mUserActivitySummary=0x1, nextTimeout=2570083 (in 59997 ms)
06-29 03:41:36.535 D/PowerManagerNotifier( 1522): onScreenPolicyUpdate: newPolicy=3
06-29 03:41:36.535 D/PowerManagerService( 1522): updateDisplayPowerStateLocked: displayReady=true, groupId=0, policy=BRIGHT, mWakefulness=Awake, mWakeLockSummary=0x23, mUserActivitySummary=0x1, mBootCompleted=true, screenBrightnessOverride=NaN, useAutoBrightness=false, mScreenBrightnessBoostInProgress=false, mIsVrModeEnabled= false, sQuiescent=false
06-29 03:41:36.655 D/PowerManagerService( 1522): userActivityNoUpdateLocked: groupId=0, eventTime=2510205, event=2, flags=0x0, uid=1000
06-29 03:41:36.655 D/PowerManagerNotifier( 1522): onUserActivity: event=2, uid=1000
06-29 03:41:36.655 D/PowerManagerService( 1522): updateUserActivitySummaryLocked: groupId=0, mWakefulness=Awake, mUserActivitySummary=0x1, nextTimeout=2570205 (in 59999 ms)
06-29 03:41:36.655 D/PowerManagerNotifier( 1522): onScreenPolicyUpdate: newPolicy=3
06-29 03:41:36.655 D/PowerManagerService( 1522): updateDisplayPowerStateLocked: displayReady=true, groupId=0, policy=BRIGHT, mWakefulness=Awake, mWakeLockSummary=0x23, mUserActivitySummary=0x1, mBootCompleted=true, screenBrightnessOverride=NaN, useAutoBrightness=false, mScreenBrightnessBoostInProgress=false, mIsVrModeEnabled= false, sQuiescent=false
06-29 03:41:36.688 D/PowerManagerService( 1522): acquireWakeLockInternal: lock=258975204, flags=0x1, tag="*launch*", ws=WorkSource{10092}, uid=1000, pid=1522
06-29 03:41:36.688 D/PowerManagerService( 1522): updateWakeLockSummaryLocked: mWakefulness=Awake, mWakeLockSummary=0x23
06-29 03:41:36.688 D/PowerManagerService( 1522): updateUserActivitySummaryLocked: groupId=0, mWakefulness=Awake, mUserActivitySummary=0x1, nextTimeout=2570205 (in 59966 ms)
06-29 03:41:36.688 D/PowerManagerNotifier( 1522): onScreenPolicyUpdate: newPolicy=3
06-29 03:41:36.688 D/PowerManagerService( 1522): updateDisplayPowerStateLocked: displayReady=true, groupId=0, policy=BRIGHT, mWakefulness=Awake, mWakeLockSummary=0x23, mUserActivitySummary=0x1, mBootCompleted=true, screenBrightnessOverride=NaN, useAutoBrightness=false, mScreenBrightnessBoostInProgress=false, mIsVrModeEnabled= false, sQuiescent=false
06-29 03:41:36.688 D/PowerManagerNotifier( 1522): onWakeLockAcquired: flags=1, tag="*launch*", packageName=android, ownerUid=1000, ownerPid=1522, workSource=WorkSource{10092}
06-29 03:41:36.743 I/ActivityManager( 1522): Process com.tencent.tmgp.sgame (pid 15349) has died: fg TOP
06-29 03:41:36.743 I/WindowManager( 1522): WIN DEATH: Window{b6406c2 u0 com.tencent.tmgp.sgame/com.tencent.tmgp.sgame.SGameActivity}
06-29 03:41:36.745 D/PowerManagerService( 1522): releaseWakeLockInternal: lock=126465943 [WindowManager], flags=0x0
06-29 03:41:36.745 D/PowerManagerNotifier( 1522): onWakeLockReleased: flags=536870922, tag="WindowManager", packageName=android, ownerUid=1000, ownerPid=1522, workSource=WorkSource{10092}
06-29 03:41:36.745 D/PowerManagerService( 1522): userActivityNoUpdateLocked: groupId=0, eventTime=2510296, event=0, flags=0x1, uid=1000
06-29 03:41:36.745 D/PowerManagerNotifier( 1522): onUserActivity: event=0, uid=1000
06-29 03:41:36.745 D/PowerManagerService( 1522): updateWakeLockSummaryLocked: mWakefulness=Awake, mWakeLockSummary=0x1
06-29 03:41:36.745 D/PowerManagerService( 1522): updateUserActivitySummaryLocked: groupId=0, mWakefulness=Awake, mUserActivitySummary=0x1, nextTimeout=2570205 (in 59909 ms)
06-29 03:41:36.745 D/PowerManagerNotifier( 1522): onScreenPolicyUpdate: newPolicy=3
06-29 03:41:36.745 D/PowerManagerService( 1522): updateDisplayPowerStateLocked: displayReady=true, groupId=0, policy=BRIGHT, mWakefulness=Awake, mWakeLockSummary=0x1, mUserActivitySummary=0x1, mBootCompleted=true, screenBrightnessOverride=NaN, useAutoBrightness=false, mScreenBrightnessBoostInProgress=false, mIsVrModeEnabled= false, sQuiescent=false
06-29 03:41:36.751 D/PowerManagerService( 1522): updateWakeLockWorkSourceInternal: lock=258975204 [*launch*], ws=WorkSource{10072}
06-29 03:41:36.751 D/PowerManagerNotifier( 1522): onWakeLockChanging: flags=1, tag="*launch*", packageName=android, ownerUid=1000, ownerPid=1522, workSource=WorkSource{10072}
06-29 03:41:36.751 I/ActivityTaskManager( 1522): FOREGROUND_APPLICATION_CHANGED to com.android.launcher3.uioverrides.QuickstepLauncher
06-29 03:41:36.756 W/ActivityTaskManager( 1522): Can't find TaskDisplayArea to determine support for multi window. Task id=82 attached=false
06-29 03:41:36.756 W/ActivityTaskManager( 1522): Can't find TaskDisplayArea to determine support for multi window. Task id=82 attached=false
06-29 03:41:36.763 W/ActivityManager( 1522): setHasOverlayUi called on unknown pid: 15349
06-29 03:41:36.784 D/CompatibilityChangeReporter( 1522): Compat change id reported: 135634846; UID 10122; state: DISABLED
06-29 03:41:36.784 D/CompatibilityChangeReporter( 1522): Compat change id reported: 177438394; UID 10122; state: DISABLED
06-29 03:41:36.784 D/CompatibilityChangeReporter( 1522): Compat change id reported: 135772972; UID 10122; state: DISABLED
06-29 03:41:36.784 D/CompatibilityChangeReporter( 1522): Compat change id reported: 143937733; UID 10122; state: ENABLED
06-29 03:41:36.785 D/CompatibilityChangeReporter( 1522): Compat change id reported: 135634846; UID 10026; state: DISABLED
06-29 03:41:36.785 D/CompatibilityChangeReporter( 1522): Compat change id reported: 177438394; UID 10026; state: DISABLED
06-29 03:41:36.785 D/CompatibilityChangeReporter( 1522): Compat change id reported: 135772972; UID 10026; state: DISABLED
06-29 03:41:36.785 D/CompatibilityChangeReporter( 1522): Compat change id reported: 135754954; UID 10026; state: ENABLED
06-29 03:41:36.786 D/CompatibilityChangeReporter( 1522): Compat change id reported: 135634846; UID 10104; state: DISABLED
06-29 03:41:36.786 D/CompatibilityChangeReporter( 1522): Compat change id reported: 177438394; UID 10104; state: DISABLED
06-29 03:41:36.786 D/CompatibilityChangeReporter( 1522): Compat change id reported: 135772972; UID 10104; state: DISABLED
06-29 03:41:36.786 D/CompatibilityChangeReporter( 1522): Compat change id reported: 135754954; UID 10104; state: DISABLED
06-29 03:41:36.787 D/CompatibilityChangeReporter( 1522): Compat change id reported: 135634846; UID 10105; state: DISABLED
06-29 03:41:36.793 I/ActivityManager( 1522): Start proc 16207:com.xingin.xhs/u0a122 for null
06-29 03:41:36.800 D/PowerManagerService( 1522): releaseWakeLockInternal: lock=258975204 [*launch*], flags=0x0
06-29 03:41:36.800 D/PowerManagerNotifier( 1522): onWakeLockReleased: flags=1, tag="*launch*", packageName=android, ownerUid=1000, ownerPid=1522, workSource=WorkSource{10072}
06-29 03:41:36.800 D/CompatibilityChangeReporter( 1522): Compat change id reported: 143937733; UID 10026; state: ENABLED
06-29 03:41:36.800 D/PowerManagerService( 1522): updateWakeLockSummaryLocked: mWakefulness=Awake, mWakeLockSummary=0x1
06-29 03:41:36.800 D/PowerManagerService( 1522): updateUserActivitySummaryLocked: groupId=0, mWakefulness=Awake, mUserActivitySummary=0x1, nextTimeout=2570205 (in 59854 ms)
06-29 03:41:36.801 D/PowerManagerNotifier( 1522): onScreenPolicyUpdate: newPolicy=3
06-29 03:41:36.801 D/PowerManagerService( 1522): updateDisplayPowerStateLocked: displayReady=true, groupId=0, policy=BRIGHT, mWakefulness=Awake, mWakeLockSummary=0x1, mUserActivitySummary=0x1, mBootCompleted=true, screenBrightnessOverride=NaN, useAutoBrightness=false, mScreenBrightnessBoostInProgress=false, mIsVrModeEnabled= false, sQuiescent=false
06-29 03:41:36.806 I/ActivityManager( 1522): Start proc 16209:com.microsoft.emmx/u0a26 for null
06-29 03:41:36.807 D/CompatibilityChangeReporter( 1522): Compat change id reported: 143937733; UID 10104; state: DISABLED
06-29 03:41:36.812 I/ActivityManager( 1522): Start proc 16224:com.kugou.android.auto/u0a104 for null
06-29 03:41:36.813 D/CompatibilityChangeReporter( 1522): Compat change id reported: 143937733; UID 10105; state: DISABLED
06-29 03:41:36.817 I/[ 2510.366944] binder( 0): 16209:16209 ioctl 40046210 7fdcc9b894 returned -22
06-29 03:41:36.817 I/[ 2510.367109] binder( 0): 16207:16207 ioctl 40046210 7fdcc9b894 returned -22
06-29 03:41:36.817 I/ActivityManager( 1522): Start proc 16239:com.smile.gifmaker/u0a105 for null
06-29 03:41:36.826 D/CompatibilityChangeReporter( 1522): Compat change id reported: 168419799; UID 10026; state: DISABLED
06-29 03:41:36.832 I/[ 2510.382860] binder( 0): 16224:16224 ioctl 40046210 7fdcc9b894 returned -22
06-29 03:41:36.832 I/[ 2510.383135] binder( 0): 16239:16239 ioctl 40046210 ffb15498 returned -22
06-29 03:41:36.835 D/CompatibilityChangeReporter( 1522): Compat change id reported: 168419799; UID 10122; state: DISABLED
06-29 03:41:36.839 D/CompatibilityChangeReporter( 1522): Compat change id reported: 168419799; UID 10104; state: DISABLED
06-29 03:41:36.842 D/CompatibilityChangeReporter( 1522): Compat change id reported: 168419799; UID 10105; state: DISABLED
06-29 03:41:36.891 I/GameModeConfig( 1522): isGameModeOn = false
06-29 03:41:37.023 W/ActivityManager( 1522): Unable to start service Intent { act=android.intent.action.START_LEBO_SERVICE pkg=com.hpplay.happyplay.aw } U=0: not found
06-29 03:41:37.135 W/ActivityManager( 1522): Background start not allowed: service Intent { act=android.net.conn.CONNECTIVITY_CHANGE cmp=com.qiyi.video/com.ss.android.socialbase.downloader.notification.DownloadNotificationService } to com.qiyi.video/com.ss.android.socialbase.downloader.notification.DownloadNotificationService from pid=14860 uid=10123 pkg=com.qiyi.video startFg?=false
06-29 03:41:37.686 W/Looper (16239): Loop again would have the queued messages be executed before this one completed.
06-29 03:41:38.140 I/ActivityManager( 1522): Killing 16224:com.kugou.android.auto/u0a104 (adj 905): empty #2
06-29 03:41:38.141 I/ActivityManager( 1522): Killing 16209:com.microsoft.emmx/u0a26 (adj 905): empty #3
06-29 03:41:38.142 I/ActivityManager( 1522): Killing 15836:com.smile.gifmaker:messagesdk/u0a105 (adj 905): empty #4
06-29 03:41:38.206 D/PowerManagerService( 1522): releaseWakeLockInternal: lock=13417417 [wns], flags=0x0
06-29 03:41:38.206 D/PowerManagerNotifier( 1522): onWakeLockReleased: flags=1, tag="wns", packageName=com.tencent.qqmusicpad, ownerUid=10118, ownerPid=5441, workSource=null
06-29 03:41:38.207 D/PowerManagerService( 1522): updateWakeLockSummaryLocked: mWakefulness=Awake, mWakeLockSummary=0x1
06-29 03:41:38.207 D/PowerManagerService( 1522): updateUserActivitySummaryLocked: groupId=0, mWakefulness=Awake, mUserActivitySummary=0x1, nextTimeout=2570205 (in 58447 ms)
06-29 03:41:38.207 D/PowerManagerNotifier( 1522): onScreenPolicyUpdate: newPolicy=3
06-29 03:41:38.207 D/PowerManagerService( 1522): updateDisplayPowerStateLocked: displayReady=true, groupId=0, policy=BRIGHT, mWakefulness=Awake, mWakeLockSummary=0x1, mUserActivitySummary=0x1, mBootCompleted=true, screenBrightnessOverride=NaN, useAutoBrightness=false, mScreenBrightnessBoostInProgress=false, mIsVrModeEnabled= false, sQuiescent=false
06-29 03:41:38.505 W/[ 2512.054338] audit( 0): audit_lost=22060 audit_rate_limit=5 audit_backlog_limit=64
06-29 03:41:38.505 E/[ 2512.054343] audit( 0): rate limit exceeded
06-29 03:41:38.679 W/Looper (16239): Loop again would have the queued messages be executed before this one completed.
06-29 03:41:38.721 I/[ 2512.269175] binder( 0): 16207:16549 ioctl 40046210 720819f684 returned -22
06-29 03:41:38.792 W/ActivityManager( 1522): Unable to start service Intent { act=com.google.android.gms.ads.identifier.service.START pkg=com.google.android.gms } U=0: not found
06-29 03:41:38.799 E/ActivityThread(16207): Failed to find provider info for com.vivo.vms.IdProvider
06-29 03:41:38.800 E/ActivityThread(16207): Failed to find provider info for com.meizu.flyme.openidsdk
06-29 03:41:38.800 E/ActivityThread(16207): Failed to find provider info for cn.nubia.identity
06-29 03:41:38.801 W/ActivityManager( 1522): Unable to start service Intent { act=android.service.action.msa pkg=com.android.creator } U=0: not found
06-29 03:41:38.980 E/PackageDexUsage( 1522): Unsupported context?
06-29 03:41:39.101 I/[ 2512.650623] binder( 0): 16574:16574 ioctl 40046210 7fc16f9294 returned -22
06-29 03:41:39.579 D/PowerManagerService( 1522): userActivityNoUpdateLocked: groupId=0, eventTime=2513129, event=2, flags=0x0, uid=1000
06-29 03:41:39.579 D/PowerManagerNotifier( 1522): onUserActivity: event=2, uid=1000
06-29 03:41:39.580 D/PowerManagerService( 1522): updateUserActivitySummaryLocked: groupId=0, mWakefulness=Awake, mUserActivitySummary=0x1, nextTimeout=2573129 (in 59998 ms)
06-29 03:41:39.580 D/PowerManagerNotifier( 1522): onScreenPolicyUpdate: newPolicy=3
06-29 03:41:39.580 D/PowerManagerService( 1522): updateDisplayPowerStateLocked: displayReady=true, groupId=0, policy=BRIGHT, mWakefulness=Awake, mWakeLockSummary=0x1, mUserActivitySummary=0x1, mBootCompleted=true, screenBrightnessOverride=NaN, useAutoBrightness=false, mScreenBrightnessBoostInProgress=false, mIsVrModeEnabled= false, sQuiescent=false
06-29 03:41:39.692 I/thunderperf( 1522): PlatormCompat.setOverrides: Uid1=10072 Pid1=2563 Uid2=10072 Pid2=2563
06-29 03:41:39.692 I/thunderperf( 1522): PlatormCompat.setOverrides: needCheck:false
06-29 03:41:39.692 I/thunderperf( 1522): CompatConfig.addOverrideUnsafe: bef-state=1
06-29 03:41:39.692 E/thunderperf( 1522): CompatConfig.addOverrideUnsafe: exception:java.lang.SecurityException: Cannot override a change on a non-debuggable app and user build.
06-29 03:41:39.692 I/thunderperf( 1522): CompatConfig.addOverrideUnsafe: aft-state=1
06-29 03:41:39.693 I/thunderperf( 1522): CompatConfig.addOverrideUnsafe: bef-state=1
06-29 03:41:39.694 E/thunderperf( 1522): CompatConfig.addOverrideUnsafe: exception:java.lang.SecurityException: Cannot override a change on a non-debuggable app and user build.
06-29 03:41:39.694 I/thunderperf( 1522): CompatConfig.addOverrideUnsafe: aft-state=1
06-29 03:41:39.694 I/thunderperf( 1522): CompatConfig.addOverrideUnsafe: bef-state=1
06-29 03:41:39.694 E/thunderperf( 1522): CompatConfig.addOverrideUnsafe: exception:java.lang.SecurityException: Cannot override a change on a non-debuggable app and user build.
06-29 03:41:39.694 I/thunderperf( 1522): CompatConfig.addOverrideUnsafe: aft-state=1
06-29 03:41:39.695 I/thunderperf( 1522): CompatConfig.addOverrideUnsafe: bef-state=1
06-29 03:41:39.695 E/thunderperf( 1522): CompatConfig.addOverrideUnsafe: exception:java.lang.SecurityException: Cannot override a change on a non-debuggable app and user build.
06-29 03:41:39.695 I/thunderperf( 1522): CompatConfig.addOverrideUnsafe: aft-state=1
06-29 03:41:39.696 I/thunderperf( 1522): CompatConfig.addOverrideUnsafe: bef-state=1
06-29 03:41:39.696 E/thunderperf( 1522): CompatConfig.addOverrideUnsafe: exception:java.lang.SecurityException: Cannot override a change on a non-debuggable app and user build.
06-29 03:41:39.696 I/thunderperf( 1522): CompatConfig.addOverrideUnsafe: aft-state=1
06-29 03:41:39.697 I/thunderperf( 1522): CompatConfig.addOverrideUnsafe: bef-state=1
06-29 03:41:39.697 E/thunderperf( 1522): CompatConfig.addOverrideUnsafe: exception:java.lang.SecurityException: Cannot override a change on a non-debuggable app and user build.
06-29 03:41:39.697 I/thunderperf( 1522): CompatConfig.addOverrideUnsafe: aft-state=1
06-29 03:41:39.697 I/thunderperf( 1522): CompatConfig.addOverrideUnsafe: bef-state=1
06-29 03:41:39.698 E/thunderperf( 1522): CompatConfig.addOverrideUnsafe: exception:java.lang.SecurityException: Cannot override a change on a non-debuggable app and user build.
06-29 03:41:39.698 I/thunderperf( 1522): CompatConfig.addOverrideUnsafe: aft-state=1
06-29 03:41:39.698 I/thunderperf( 1522): CompatConfig.addOverrideUnsafe: bef-state=1
06-29 03:41:39.699 E/thunderperf( 1522): CompatConfig.addOverrideUnsafe: exception:java.lang.SecurityException: Cannot override a change on a non-debuggable app and user build.
06-29 03:41:39.699 I/thunderperf( 1522): CompatConfig.addOverrideUnsafe: aft-state=1
06-29 03:41:39.699 I/thunderperf( 1522): CompatConfig.addOverrideUnsafe: bef-state=1
06-29 03:41:39.700 E/thunderperf( 1522): CompatConfig.addOverrideUnsafe: exception:java.lang.SecurityException: Cannot override a change on a non-debuggable app and user build.
06-29 03:41:39.700 I/thunderperf( 1522): CompatConfig.addOverrideUnsafe: aft-state=1
06-29 03:41:39.700 I/thunderperf( 1522): CompatConfig.addOverrideUnsafe: bef-state=1
06-29 03:41:39.700 E/thunderperf( 1522): CompatConfig.addOverrideUnsafe: exception:java.lang.SecurityException: Cannot override a change on a non-debuggable app and user build.
06-29 03:41:39.701 I/thunderperf( 1522): CompatConfig.addOverrideUnsafe: aft-state=1
06-29 03:41:39.701 I/thunderperf( 1522): CompatConfig.addOverrideUnsafe: bef-state=1
06-29 03:41:39.702 E/thunderperf( 1522): CompatConfig.addOverrideUnsafe: exception:java.lang.SecurityException: Cannot override a change on a non-debuggable app and user build.
06-29 03:41:39.702 I/thunderperf( 1522): CompatConfig.addOverrideUnsafe: aft-state=1
06-29 03:41:39.702 I/thunderperf( 1522): CompatConfig.addOverrideUnsafe: bef-state=1
06-29 03:41:39.703 E/thunderperf( 1522): CompatConfig.addOverrideUnsafe: exception:java.lang.SecurityException: Cannot override a change on a non-debuggable app and user build.
06-29 03:41:39.703 I/thunderperf( 1522): CompatConfig.addOverrideUnsafe: aft-state=1
06-29 03:41:39.703 I/thunderperf( 1522): CompatConfig.addOverrideUnsafe: bef-state=1
06-29 03:41:39.703 E/thunderperf( 1522): CompatConfig.addOverrideUnsafe: exception:java.lang.SecurityException: Cannot override a change on a non-debuggable app and user build.
06-29 03:41:39.703 I/thunderperf( 1522): CompatConfig.addOverrideUnsafe: aft-state=1
06-29 03:41:39.704 I/thunderperf( 1522): CompatConfig.addOverrideUnsafe: bef-state=1
06-29 03:41:39.704 E/thunderperf( 1522): CompatConfig.addOverrideUnsafe: exception:java.lang.SecurityException: Cannot override a change on a non-debuggable app and user build.
06-29 03:41:39.704 I/thunderperf( 1522): CompatConfig.addOverrideUnsafe: aft-state=1
06-29 03:41:39.712 I/ActivityTaskManager( 1522): START u0 {act=android.intent.action.MAIN cat=[android.intent.category.LAUNCHER] flg=0x10200000 cmp=com.tencent.tmgp.sgame/.SGameActivity bnds=[1026,96][1326,394]} from uid 10072
06-29 03:41:39.713 D/ActivityTaskManager( 1522): TaskLaunchParamsModifier:task=null activity=ActivityRecord{7a20c8a u0 com.tencent.tmgp.sgame/.SGameActivity taskAffinity=10092:com.tencent.tmgp.sgame display-area-from-source=DefaultTaskDisplayArea@3626345 display-id=0 display-windowing-mode=1 suggested-display-area=DefaultTaskDisplayArea@3626345
06-29 03:41:39.714 D/ActivityTaskManager( 1522): TaskLaunchParamsModifier:task=null activity=ActivityRecord{7a20c8a u0 com.tencent.tmgp.sgame/.SGameActivity taskAffinity=10092:com.tencent.tmgp.sgame t-1} display-area-from-source=DefaultTaskDisplayArea@3626345 display-id=0 display-windowing-mode=1 suggested-display-area=DefaultTaskDisplayArea@3626345 inherit-from-source=fullscreen activity-options-fullscreen=Rect(0, 0 - 0, 0) non-freeform-display display-area=DefaultTaskDisplayArea@3626345
06-29 03:41:39.715 W/ActivityTaskManager( 1522): Can't find TaskDisplayArea to determine support for multi window. Task id=83 attached=false
06-29 03:41:39.716 D/ActivityTaskManager( 1522): TaskLaunchParamsModifier:task=Task{d2e5d71 #83 type=standard A=10092:com.tencent.tmgp.sgame U=0 visible=false mode=fullscreen translucent=true sz=0 visible freeform task=true rootAffinity=10092:com.tencent.tmgp.sgame isMini=false} activity=ActivityRecord{7a20c8a u0 com.tencent.tmgp.sgame/.SGameActivity taskAffinity=10092:com.tencent.tmgp.sgame t-1} display-area-from-source=DefaultTaskDisplayArea@3626345 display-id=0 display-windowing-mode=1 suggested-display-area=DefaultTaskDisplayArea@3626345 inherit-from-source=fullscreen activity-options-fullscreen=Rect(0, 0 - 0, 0) non-freeform-display display-area=DefaultTaskDisplayArea@3626345
06-29 03:41:39.719 D/CompatibilityChangeReporter( 1522): Compat change id reported: 174042980; UID 10092; state: DISABLED
06-29 03:41:39.720 D/CompatibilityChangeReporter( 1522): Compat change id reported: 184838306; UID 10092; state: DISABLED
06-29 03:41:39.720 D/CompatibilityChangeReporter( 1522): Compat change id reported: 185004937; UID 10092; state: DISABLED
06-29 03:41:39.720 D/CompatibilityChangeReporter( 1522): Compat change id reported: 181136395; UID 10092; state: DISABLED
06-29 03:41:39.720 D/CompatibilityChangeReporter( 1522): Compat change id reported: 174042936; UID 10092; state: DISABLED
06-29 03:41:39.721 D/CompatibilityChangeReporter( 1522): Compat change id reported: 168419799; UID 10092; state: DISABLED
06-29 03:41:39.722 D/PowerManagerService( 1522): acquireWakeLockInternal: lock=258975204, flags=0x1, tag="*launch*", ws=WorkSource{10092}, uid=1000, pid=1522
06-29 03:41:39.722 D/PowerManagerService( 1522): updateWakeLockSummaryLocked: mWakefulness=Awake, mWakeLockSummary=0x1
06-29 03:41:39.722 D/PowerManagerService( 1522): updateUserActivitySummaryLocked: groupId=0, mWakefulness=Awake, mUserActivitySummary=0x1, nextTimeout=2573129 (in 59856 ms)
06-29 03:41:39.722 D/PowerManagerNotifier( 1522): onScreenPolicyUpdate: newPolicy=3
06-29 03:41:39.722 D/PowerManagerService( 1522): updateDisplayPowerStateLocked: displayReady=true, groupId=0, policy=BRIGHT, mWakefulness=Awake, mWakeLockSummary=0x1, mUserActivitySummary=0x1, mBootCompleted=true, screenBrightnessOverride=NaN, useAutoBrightness=false, mScreenBrightnessBoostInProgress=false, mIsVrModeEnabled= false, sQuiescent=false
06-29 03:41:39.722 D/PowerManagerNotifier( 1522): onWakeLockAcquired: flags=1, tag="*launch*", packageName=android, ownerUid=1000, ownerPid=1522, workSource=WorkSource{10092}
06-29 03:41:39.727 I/ActivityTaskManager( 1522): FOREGROUND_APPLICATION_CHANGED to com.tencent.tmgp.sgame.SGameActivity
06-29 03:41:39.729 D/CompatibilityChangeReporter( 1522): Compat change id reported: 135634846; UID 10092; state: DISABLED
06-29 03:41:39.729 D/CompatibilityChangeReporter( 1522): Compat change id reported: 177438394; UID 10092; state: DISABLED
06-29 03:41:39.729 D/CompatibilityChangeReporter( 1522): Compat change id reported: 135772972; UID 10092; state: DISABLED
06-29 03:41:39.729 D/CompatibilityChangeReporter( 1522): Compat change id reported: 135754954; UID 10092; state: DISABLED
06-29 03:41:39.729 D/CompatibilityChangeReporter( 1522): Compat change id reported: 143937733; UID 10092; state: DISABLED
06-29 03:41:39.734 I/ActivityManager( 1522): Start proc 16641:com.tencent.tmgp.sgame/u0a92 for pre-top-activity {com.tencent.tmgp.sgame/com.tencent.tmgp.sgame.SGameActivity}
06-29 03:41:39.734 W/ContextImpl( 1522): Calling a method in the system process without a qualified user: android.app.ContextImpl.sendBroadcast:1173 com.qualcomm.qti.Performance$SendGameLaunchBroadcast.run:217 java.lang.Thread.run:920
06-29 03:41:39.750 I/[ 2513.294135] binder( 0): 16641:16641 ioctl 40046210 7fdcc9b894 returned -22
06-29 03:41:39.759 W/ContextImpl( 2050): Calling a method in the system process without a qualified user: android.app.ContextImpl.startService:1816 android.content.ContextWrapper.startService:774 com.thundercomm.gamemode.ingame.services.GameModeActionUtils.startGameModeService:118 com.thundercomm.gamemode.ingame.services.GameModeActionUtils.startGameModeEntry:29 com.thundercomm.gamemode.ingame.services.ActivityMonitoringService$1.onActivityLaunch:140
06-29 03:41:39.761 I/GameModeConfig( 1522): Current uri is uri = content://com.thundercomm.gamemode.api/gamemode_settings/gamemode_isgaming
06-29 03:41:39.763 I/GameModeConfig( 1522): isGameModeOn = false
06-29 03:41:39.763 I/GameModeConfig( 1522): isGameModeOn = false
06-29 03:41:39.763 I/GameModeConfig( 1522): isDisableVoice = true
06-29 03:41:39.787 D/ActivityThread(16641): Loading provider com.tencent.tmgp.sgame.XG_SETTINGS_PROVIDER: com.tencent.tpns.baseapi.base.SettingsContentProvider
06-29 03:41:39.936 W/[ 2513.482829] audit( 0): audit_lost=22704 audit_rate_limit=5 audit_backlog_limit=64
06-29 03:41:39.936 E/[ 2513.482833] audit( 0): rate limit exceeded
06-29 03:41:39.947 D/PowerManagerService( 1522): acquireWakeLockInternal: lock=218282209, flags=0x1, tag="*alarm*", ws=WorkSource{1073}, uid=1000, pid=1522
06-29 03:41:39.947 D/PowerManagerService( 1522): updateWakeLockSummaryLocked: mWakefulness=Awake, mWakeLockSummary=0x1
06-29 03:41:39.947 D/PowerManagerService( 1522): updateUserActivitySummaryLocked: groupId=0, mWakefulness=Awake, mUserActivitySummary=0x1, nextTimeout=2573129 (in 59631 ms)
06-29 03:41:39.947 D/PowerManagerNotifier( 1522): onScreenPolicyUpdate: newPolicy=3
06-29 03:41:39.947 D/PowerManagerService( 1522): updateDisplayPowerStateLocked: displayReady=true, groupId=0, policy=BRIGHT, mWakefulness=Awake, mWakeLockSummary=0x1, mUserActivitySummary=0x1, mBootCompleted=true, screenBrightnessOverride=NaN, useAutoBrightness=false, mScreenBrightnessBoostInProgress=false, mIsVrModeEnabled= false, sQuiescent=false
06-29 03:41:39.947 D/PowerManagerNotifier( 1522): onWakeLockAcquired: flags=1, tag="*alarm*", packageName=android, ownerUid=1000, ownerPid=1522, workSource=WorkSource{1073}
06-29 03:41:39.947 D/PowerManagerService( 1522): releaseWakeLockInternal: lock=218282209 [*alarm*], flags=0x0
06-29 03:41:39.947 D/PowerManagerNotifier( 1522): onWakeLockReleased: flags=1, tag="*alarm*", packageName=android, ownerUid=1000, ownerPid=1522, workSource=WorkSource{1073}
06-29 03:41:39.947 D/PowerManagerService( 1522): updateWakeLockSummaryLocked: mWakefulness=Awake, mWakeLockSummary=0x1
06-29 03:41:39.947 D/PowerManagerService( 1522): updateUserActivitySummaryLocked: groupId=0, mWakefulness=Awake, mUserActivitySummary=0x1, nextTimeout=2573129 (in 59631 ms)
06-29 03:41:39.948 D/PowerManagerNotifier( 1522): onScreenPolicyUpdate: newPolicy=3
06-29 03:41:39.948 D/PowerManagerService( 1522): updateDisplayPowerStateLocked: displayReady=true, groupId=0, policy=BRIGHT, mWakefulness=Awake, mWakeLockSummary=0x1, mUserActivitySummary=0x1, mBootCompleted=true, screenBrightnessOverride=NaN, useAutoBrightness=false, mScreenBrightnessBoostInProgress=false, mIsVrModeEnabled= false, sQuiescent=false
06-29 03:41:39.967 I/GameModeConfig( 1522): isGameModeOn = false
06-29 03:41:39.967 I/GameModeConfig( 1522): isGameModeOn = false
06-29 03:41:39.967 I/GameModeConfig( 1522): isGameModeOn = false
06-29 03:41:39.967 I/GameModeConfig( 1522): isGameModeOn = false
06-29 03:41:39.968 I/GameModeConfig( 1522): isGameModeOn = false
06-29 03:41:39.968 I/GameModeConfig( 1522): isGameModeOn = false
06-29 03:41:39.971 I/GameModeConfig( 1522): isGameModeOn = false
06-29 03:41:39.971 I/GameModeConfig( 1522): isGameModeOn = false
06-29 03:41:39.971 I/GameModeConfig( 1522): isGameModeOn = false
06-29 03:41:39.971 I/GameModeConfig( 1522): isGameModeOn = false
06-29 03:41:39.971 I/GameModeConfig( 1522): isGameModeOn = false
06-29 03:41:39.971 I/GameModeConfig( 1522): isGameModeOn = false
06-29 03:41:40.095 W/ProcessStats( 1522): Tracking association SourceState{562fd4e com.tencent.android.qqdownloader:live/10115 BTopFgs #11694} whose proc state 2 is better than process ProcessState{7d9de82 com.tencent.android.qqdownloader:daemon/10115 pkg=com.tencent.android.qqdownloader} proc state 3 (30 skipped)
06-29 03:41:40.115 W/WindowManager( 1522): Failed looking up window session=Session{7faedf9 16641:u0a10092} callers=com.android.server.wm.WindowManagerService.windowForClientLocked:5628 com.android.server.wm.Session.insetsModified:629 android.view.IWindowSession$Stub.onTransact:1151
06-29 03:41:40.124 W/WindowManager( 1522): Failed looking up window session=Session{7faedf9 16641:u0a10092} callers=com.android.server.wm.WindowManagerService.windowForClientLocked:5628 com.android.server.wm.Session.insetsModified:629 android.view.IWindowSession$Stub.onTransact:1151
06-29 03:41:40.153 I/[ 2513.701166] binder( 0): 16641:16683 ioctl 40046210 723e3c51f4 returned -22
06-29 03:41:40.142 D/PowerManagerService( 1522): acquireWakeLockInternal: lock=169083298, flags=0x1, tag="AudioMix", ws=null, uid=1041, pid=0
06-29 03:41:40.142 D/PowerManagerService( 1522): updateWakeLockSummaryLocked: mWakefulness=Awake, mWakeLockSummary=0x1
06-29 03:41:40.142 D/PowerManagerService( 1522): updateUserActivitySummaryLocked: groupId=0, mWakefulness=Awake, mUserActivitySummary=0x1, nextTimeout=2573129 (in 59436 ms)
06-29 03:41:40.142 D/PowerManagerNotifier( 1522): onScreenPolicyUpdate: newPolicy=3
06-29 03:41:40.142 D/PowerManagerService( 1522): updateDisplayPowerStateLocked: displayReady=true, groupId=0, policy=BRIGHT, mWakefulness=Awake, mWakeLockSummary=0x1, mUserActivitySummary=0x1, mBootCompleted=true, screenBrightnessOverride=NaN, useAutoBrightness=false, mScreenBrightnessBoostInProgress=false, mIsVrModeEnabled= false, sQuiescent=false
06-29 03:41:40.142 D/PowerManagerNotifier( 1522): onWakeLockAcquired: flags=1, tag="AudioMix", packageName=audioserver, ownerUid=1041, ownerPid=0, workSource=null
06-29 03:41:40.142 D/PowerManagerService( 1522): acquireWakeLockInternal: lock=139476531, flags=0x1, tag="AudioMix", ws=null, uid=1041, pid=0
06-29 03:41:40.142 D/PowerManagerService( 1522): updateWakeLockSummaryLocked: mWakefulness=Awake, mWakeLockSummary=0x1
06-29 03:41:40.142 D/PowerManagerService( 1522): updateUserActivitySummaryLocked: groupId=0, mWakefulness=Awake, mUserActivitySummary=0x1, nextTimeout=2573129 (in 59436 ms)
06-29 03:41:40.142 D/PowerManagerNotifier( 1522): onScreenPolicyUpdate: newPolicy=3
06-29 03:41:40.142 D/PowerManagerService( 1522): updateDisplayPowerStateLocked: displayReady=true, groupId=0, policy=BRIGHT, mWakefulness=Awake, mWakeLockSummary=0x1, mUserActivitySummary=0x1, mBootCompleted=true, screenBrightnessOverride=NaN, useAutoBrightness=false, mScreenBrightnessBoostInProgress=false, mIsVrModeEnabled= false, sQuiescent=false
06-29 03:41:40.142 D/PowerManagerNotifier( 1522): onWakeLockAcquired: flags=1, tag="AudioMix", packageName=audioserver, ownerUid=1041, ownerPid=0, workSource=null
06-29 03:41:40.142 D/PowerManagerService( 1522): updateWakeLockWorkSourceInternal: lock=169083298 [AudioMix], ws=null
06-29 03:41:40.142 D/PowerManagerService( 1522): updateWakeLockWorkSourceInternal: lock=139476531 [AudioMix], ws=null
06-29 03:41:40.142 D/PowerManagerService( 1522): acquireWakeLockInternal: lock=194000368, flags=0x1, tag="AudioMix", ws=null, uid=1041, pid=0
06-29 03:41:40.142 D/PowerManagerService( 1522): updateWakeLockSummaryLocked: mWakefulness=Awake, mWakeLockSummary=0x1
06-29 03:41:40.143 D/PowerManagerService( 1522): updateUserActivitySummaryLocked: groupId=0, mWakefulness=Awake, mUserActivitySummary=0x1, nextTimeout=2573129 (in 59435 ms)
06-29 03:41:40.143 D/PowerManagerNotifier( 1522): onScreenPolicyUpdate: newPolicy=3
06-29 03:41:40.143 D/PowerManagerService( 1522): updateDisplayPowerStateLocked: displayReady=true, groupId=0, policy=BRIGHT, mWakefulness=Awake, mWakeLockSummary=0x1, mUserActivitySummary=0x1, mBootCompleted=true, screenBrightnessOverride=NaN, useAutoBrightness=false, mScreenBrightnessBoostInProgress=false, mIsVrModeEnabled= false, sQuiescent=false
06-29 03:41:40.143 D/PowerManagerNotifier( 1522): onWakeLockAcquired: flags=1, tag="AudioMix", packageName=audioserver, ownerUid=1041, ownerPid=0, workSource=null
06-29 03:41:40.143 D/PowerManagerService( 1522): updateWakeLockWorkSourceInternal: lock=194000368 [AudioMix], ws=null
