07-21 16:35:27.007 19518 19518 I auditd : type=1400 audit(0.0:16397): avc: denied { map } for comm="thread_ad" path="/dev/__properties__/u:object_r:wifi_prop:s0" dev="tmpfs" ino=2444 scontext=u:r:untrusted_app:s0:c102,c256,c512,c768 tcontext=u:object_r:wifi_prop:s0 tclass=file permissive=1 app=tv.danmaku.bilibilihd
07-21 16:35:27.007 19518 19518 I auditd : type=1400 audit(0.0:16398): avc: denied { read } for comm="thread_ad" name="u:object_r:wifi_hal_prop:s0" dev="tmpfs" ino=2442 scontext=u:r:untrusted_app:s0:c102,c256,c512,c768 tcontext=u:object_r:wifi_hal_prop:s0 tclass=file permissive=1 app=tv.danmaku.bilibilihd
07-21 16:35:27.007 19518 19518 I auditd : type=1400 audit(0.0:16399): avc: denied { open } for comm="thread_ad" path="/dev/__properties__/u:object_r:wifi_hal_prop:s0" dev="tmpfs" ino=2442 scontext=u:r:untrusted_app:s0:c102,c256,c512,c768 tcontext=u:object_r:wifi_hal_prop:s0 tclass=file permissive=1 app=tv.danmaku.bilibilihd
07-21 16:35:27.012 0 0 W [ 4113.982594] audit: audit_lost=12535 audit_rate_limit=5 audit_backlog_limit=64
07-21 16:35:27.013 0 0 E [ 4113.982597] audit: rate limit exceeded
07-21 16:35:27.139 1563 19837 D CompatibilityChangeReporter: Compat change id reported: 135634846; UID 10102; state: DISABLED
07-21 16:35:27.139 1563 19837 D CompatibilityChangeReporter: Compat change id reported: 177438394; UID 10102; state: DISABLED
07-21 16:35:27.139 1563 19837 D CompatibilityChangeReporter: Compat change id reported: 135772972; UID 10102; state: DISABLED
07-21 16:35:27.139 1563 19837 D CompatibilityChangeReporter: Compat change id reported: 135754954; UID 10102; state: ENABLED
07-21 16:35:27.139 1563 1701 D CompatibilityChangeReporter: Compat change id reported: 143937733; UID 10102; state: ENABLED
07-21 16:35:27.141 1563 19837 W ActivityManager: Background start not allowed: service Intent { cmp=tv.danmaku.bilibilihd/com.bilibili.lib.neuron.internal.NeuronRemoteService (has extras) } to tv.danmaku.bilibilihd/com.bilibili.lib.neuron.internal.NeuronRemoteService from pid=19518 uid=10102 pkg=tv.danmaku.bilibilihd startFg?=false
07-21 16:35:27.142 1563 19837 W ActivityManager: Background start not allowed: service Intent { cmp=tv.danmaku.bilibilihd/com.bilibili.lib.neuron.internal.NeuronLocalService (has extras) } to tv.danmaku.bilibilihd/com.bilibili.lib.neuron.internal.NeuronLocalService from pid=19518 uid=10102 pkg=tv.danmaku.bilibilihd startFg?=false
07-21 16:35:27.143 1563 1701 I am_proc_start: [0,19664,10102,tv.danmaku.bilibilihd:ijkservice,service,{tv.danmaku.bilibilihd/tv.danmaku.ijk.media.player.services.IjkMediaPlayerService}]
07-21 16:35:27.143 1563 1701 I ActivityManager: Start proc 19664:tv.danmaku.bilibilihd:ijkservice/u0a102 for service {tv.danmaku.bilibilihd/tv.danmaku.ijk.media.player.services.IjkMediaPlayerService}
07-21 16:35:27.154 0 0 I [ 4114.123030] binder: 19664:19664 ioctl 40046210 7ff1724834 returned -22
07-21 16:35:27.155 1563 19837 I am_proc_bound: [0,19664,tv.danmaku.bilibilihd:ijkservice]
07-21 16:35:27.155 1563 19837 D CompatibilityChangeReporter: Compat change id reported: 168419799; UID 10102; state: DISABLED
07-21 16:35:27.158 1563 1701 I am_proc_start: [0,19687,10102,tv.danmaku.bilibilihd:pushservice,content provider,{tv.danmaku.bilibilihd/com.bilibili.lib.neuron.internal2.provider.NeuronContentProvider}]
07-21 16:35:27.158 1563 1701 I ActivityManager: Start proc 19687:tv.danmaku.bilibilihd:pushservice/u0a102 for content provider {tv.danmaku.bilibilihd/com.bilibili.lib.neuron.internal2.provider.NeuronContentProvider}
07-21 16:35:27.171 0 0 I [ 4114.137305] binder: 19687:19687 ioctl 40046210 7ff1724834 returned -22
07-21 16:35:27.167 1563 19837 I am_proc_bound: [0,19687,tv.danmaku.bilibilihd:pushservice]
07-21 16:35:27.340 0 0 W [ 4114.312050] ALERT: changing window size from 8000000 to 20000000 at 4114312024450
07-21 16:35:27.347 1563 1690 I wm_stop_activity: [0,51676365,com.android.launcher3/.uioverrides.QuickstepLauncher]
07-21 16:35:27.348 1563 1690 I ActivityManager: Killing 19518:tv.danmaku.bilibilihd/u0a102 (adj 905): empty #2
07-21 16:35:27.348 1563 1690 I am_kill : [0,19518,tv.danmaku.bilibilihd,905,empty #2]
07-21 16:35:27.350 2587 2587 I wm_on_stop_called: [51676365,com.android.launcher3.uioverrides.QuickstepLauncher,STOP_ACTIVITY_ITEM]
07-21 16:35:27.356 1563 19837 E ContentProviderHelper: ProcessRecord{539bd69 19518:tv.danmaku.bilibilihd/u0a102} was killed by AM but isn't really dead
07-21 16:35:27.357 1563 1700 I am_wtf : [0,19664,system_server,-1,ContentProviderHelper,ProcessRecord{539bd69 19518:tv.danmaku.bilibilihd/u0a102} was killed by AM but isn't really dead]
07-21 16:35:27.357 1563 19837 W ActivityManager: ProcessRecord{539bd69 19518:tv.danmaku.bilibilihd/u0a102} is attached to a previous process
07-21 16:35:27.357 1563 19837 W ActivityManager: Existing proc ProcessRecord{539bd69 19518:tv.danmaku.bilibilihd/u0a102} was killed 9ms ago when adding ProcessRecord{fb1e95c 0:tv.danmaku.bilibilihd/u0a102}
07-21 16:35:27.357 1563 19837 D CompatibilityChangeReporter: Compat change id reported: 135634846; UID 10102; state: DISABLED
07-21 16:35:27.357 1563 19837 D CompatibilityChangeReporter: Compat change id reported: 177438394; UID 10102; state: DISABLED
07-21 16:35:27.357 1563 19837 D CompatibilityChangeReporter: Compat change id reported: 135772972; UID 10102; state: DISABLED
07-21 16:35:27.357 1563 19837 D CompatibilityChangeReporter: Compat change id reported: 135754954; UID 10102; state: ENABLED
07-21 16:35:27.357 1563 1700 I DropBoxManagerService: add tag=system_server_wtf isTagEnabled=true flags=0x2
07-21 16:35:27.364 0 0 I [ 4114.335589] [drm: dsi_display_set_mode] [msm-dsi-info]: mdp_transfer_time_us=0 us
07-21 16:35:27.364 0 0 I [ 4114.335592] [drm: dsi_display_set_mode] [msm-dsi-info]: hactive= 2560,vactive= 1080,fps=30
07-21 16:35:27.364 0 0 I [ 4114.335679] [MAX975X: max96755x_drm_notifier_callback] *INFO* receives BLANK: UNBLANK
07-21 16:35:27.379 1563 1690 I DisplayDeviceRepository: Display device changed: DisplayDeviceInfo{"内置屏幕": uniqueId="local:4630946816427681409", 2560 x 1080, modeId 3, defaultModeId 1, supportedModes [{id=1, width=2560, height=1080, fps=60.000004, alternativeRefreshRates=[30.000002, 45.0]}, {id=2, width=2560, height=1080, fps=45.0, alternativeRefreshRates=[30.000002, 60.000004]}, {id=3, width=2560, height=1080, fps=30.000002, alternativeRefreshRates=[45.0, 60.000004]}], colorMode 0, supportedColorModes [0], hdrCapabilities HdrCapabilities{mSupportedHdrTypes=[2, 3, 4], mMaxLuminance=500.0, mMaxAverageLuminance=500.0, mMinLuminance=0.0}, allmSupported false, gameContentTypeSupported false, density 240, 320.315 x 318.976 dpi, appVsyncOff 1000000, presDeadline 33333333, touch INTERNAL, rotation 0, type INTERNAL, address {port=129, model=0x40446d97fee5e6}, deviceProductInfo DeviceProductInfo{name=, manufacturerPnpId=QCM, productId=1, modelYear=null, manufactureDate=ManufactureDate{week=27, year=2006}, connectionToSinkType=0}, state ON, frameRateOverride , brightnessMinimum 0.0, brightnessMaximum 1.0, brightnessDefault 1.0, FLAG_DEFAULT_DISPLAY, FLAG_ROTATES_WITH_CONTENT, FLAG_SECURE, FLAG_SUPPORTS_PROTECTED_BUFFERS}
07-21 16:35:27.413 689 749 E FrameworkListener: read() failed (Connection reset by peer)
07-21 16:35:27.415 0 0 I [ 4114.386814] binder: undelivered TRANSACTION_COMPLETE
07-21 16:35:27.415 0 0 I [ 4114.386822] binder: undelivered transaction 1908132, process died.
07-21 16:35:27.415 1563 12235 I am_proc_died: [0,19518,tv.danmaku.bilibilihd,905,19]
07-21 16:35:27.417 1563 1701 W ActivityManager: Slow operation: 61ms so far, now at startProcess: asking zygote to start proc
07-21 16:35:27.417 1563 1701 D CompatibilityChangeReporter: Compat change id reported: 143937733; UID 10102; state: ENABLED
07-21 16:35:27.421 1563 1701 W ActivityManager: Slow operation: 65ms so far, now at startProcess: returned from zygote!
07-21 16:35:27.421 1563 1701 W ActivityManager: Slow operation: 65ms so far, now at startProcess: done updating battery stats
07-21 16:35:27.421 1563 1701 I am_proc_start: [0,19762,10102,tv.danmaku.bilibilihd,content provider,{tv.danmaku.bilibilihd/com.bilibili.xpref.XprefProvider}]
07-21 16:35:27.422 1563 1701 W ActivityManager: Slow operation: 65ms so far, now at startProcess: building log message
07-21 16:35:27.422 1563 1701 I ActivityManager: Start proc 19762:tv.danmaku.bilibilihd/u0a102 for content provider {tv.danmaku.bilibilihd/com.bilibili.xpref.XprefProvider}
07-21 16:35:27.422 1563 1701 W ActivityManager: Slow operation: 65ms so far, now at startProcess: starting to update pids map
07-21 16:35:27.422 1563 1701 W ActivityManager: Slow operation: 65ms so far, now at startProcess: done updating pids map
07-21 16:35:27.428 0 0 I [ 4114.399149] binder: 19762:19762 ioctl 40046210 7ff1724834 returned -22
07-21 16:35:27.429 1563 2056 I am_proc_bound: [0,19762,tv.danmaku.bilibilihd]
07-21 16:35:27.438 1563 1826 I input_interaction: Interaction with: e24def1 gamemode.floatview (server), edge-swipe (server), swipe-up (server), PointerEventDispatcher0 (server),
07-21 16:35:27.439 1563 1826 D PowerManagerService: userActivityNoUpdateLocked: groupId=0, eventTime=4114410, event=2, flags=0x0, uid=1000
07-21 16:35:27.439 1563 1826 D PowerManagerNotifier: onUserActivity: event=2, uid=1000
07-21 16:35:27.439 1563 1826 D PowerManagerService: updateUserActivitySummaryLocked: groupId=0, mWakefulness=Awake, mUserActivitySummary=0x1, nextTimeout=4174410 (in 60000 ms)
07-21 16:35:27.439 1563 1826 D PowerManagerNotifier: onScreenPolicyUpdate: newPolicy=3
07-21 16:35:27.439 1563 1826 D PowerManagerService: updateDisplayPowerStateLocked: displayReady=true, groupId=0, policy=BRIGHT, mWakefulness=Awake, mWakeLockSummary=0x0, mUserActivitySummary=0x1, mBootCompleted=true, screenBrightnessOverride=NaN, useAutoBrightness=false, mScreenBrightnessBoostInProgress=false, mIsVrModeEnabled= false, sQuiescent=false
07-21 16:35:27.536 1563 1815 I commit_sys_config_file: [settings-1-0,2]
07-21 16:35:27.568 0 0 I : [ 4114.536409] atmel_mxt_ts 0-004a: Enter resume
07-21 16:35:27.715 1563 1700 W BroadcastQueue: Permission Denial: broadcasting Intent { act=android.net.conn.CONNECTIVITY_CHANGE flg=0x4200010 (has extras) } from null (pid=-1, uid=-1) requires com.tencent.bugly.BuglyBroadcastReceiver.permission due to registered receiver BroadcastFilter{29ff7aa 10102/u0 ReceiverList{3c76a95 19687 tv.danmaku.bilibilihd:pushservice/10102/u0 remote:4a87a4c}}
07-21 16:35:27.726 1563 1700 W BroadcastQueue: Permission Denial: broadcasting Intent { act=android.net.conn.CONNECTIVITY_CHANGE flg=0x4200010 (has extras) } from null (pid=-1, uid=-1) requires com.tencent.bugly.BuglyBroadcastReceiver.permission due to registered receiver BroadcastFilter{8dde476 10102/u0 ReceiverList{a011b11 19664 tv.danmaku.bilibilihd:ijkservice/10102/u0 remote:8ef38}}
07-21 16:35:27.784 0 0 I [ 4114.753778] binder: 19762:19842 ioctl 40046210 7156119f94 returned -22
07-21 16:35:27.832 1563 2056 I ActivityManager: Killing 19664:tv.danmaku.bilibilihd:ijkservice/u0a102 (adj 915): empty #2
07-21 16:35:27.832 1563 2056 I am_kill : [0,19664,tv.danmaku.bilibilihd:ijkservice,915,empty #2]
07-21 16:35:27.832 1563 2056 I ActivityManager: Killing 19687:tv.danmaku.bilibilihd:pushservice/u0a102 (adj 925): empty #3
07-21 16:35:27.832 1563 2056 I am_kill : [0,19687,tv.danmaku.bilibilihd:pushservice,925,empty #3]
07-21 16:35:27.851 1563 1700 W BroadcastQueue: Permission Denial: broadcasting Intent { act=android.net.conn.CONNECTIVITY_CHANGE flg=0x4200010 (has extras) } from null (pid=-1, uid=-1) requires com.tencent.bugly.BuglyBroadcastReceiver.permission due to registered receiver BroadcastFilter{835956b 10102/u0 ReceiverList{e17d2ba 19762 tv.danmaku.bilibilihd/10102/u0 remote:eb887e5}}
07-21 16:35:27.858 1563 1700 W BroadcastQueue: Skipping deliver [background] BroadcastRecord{16ebd61 u0 tv.danmaku.bilibilihd.permission.BLKV} to ReceiverList{2deb2f7 19687 tv.danmaku.bilibilihd:pushservice/10102/u0 remote:31bfef6}: process gone or crashing
07-21 16:35:27.858 1563 1700 W BroadcastQueue: Skipping deliver [background] BroadcastRecord{16ebd61 u0 tv.danmaku.bilibilihd.permission.BLKV} to ReceiverList{c811482 19664 tv.danmaku.bilibilihd:ijkservice/10102/u0 remote:72a13cd}: process gone or crashing
07-21 16:35:27.858 1563 1700 W BroadcastQueue: Skipping deliver [background] BroadcastRecord{16ebd61 u0 tv.danmaku.bilibilihd.permission.BLKV} to ReceiverList{4223f48 19664 tv.danmaku.bilibilihd:ijkservice/10102/u0 remote:919b5eb}: process gone or crashing
07-21 16:35:27.858 1563 1700 W BroadcastQueue: Skipping deliver [background] BroadcastRecord{16ebd61 u0 tv.danmaku.bilibilihd.permission.BLKV} to ReceiverList{be491b6 19687 tv.danmaku.bilibilihd:pushservice/10102/u0 remote:fed3551}: process gone or crashing
07-21 16:35:27.873 19762 19881 E ActivityThread: Failed to find provider info for com.android.badge
07-21 16:35:27.907 1563 19837 I am_proc_died: [0,19664,tv.danmaku.bilibilihd:ijkservice,915,19]
07-21 16:35:27.907 0 0 I [ 4114.878639] binder: undelivered TRANSACTION_COMPLETE
07-21 16:35:27.907 0 0 I [ 4114.878644] binder: undelivered transaction 1909620, process died.
07-21 16:35:27.907 0 0 I [ 4114.878659] binder: undelivered transaction 1909606, process died.
07-21 16:35:27.907 0 0 I [ 4114.878688] binder: undelivered TRANSACTION_COMPLETE
07-21 16:35:27.907 0 0 I [ 4114.878691] binder: undelivered transaction 1909619, process died.
07-21 16:35:28.014 1563 2056 W ActivityManager: Background start not allowed: service Intent { cmp=tv.danmaku.bilibilihd/com.bilibili.lib.neuron.internal.NeuronRemoteService (has extras) } to tv.danmaku.bilibilihd/com.bilibili.lib.neuron.internal.NeuronRemoteService from pid=19762 uid=10102 pkg=tv.danmaku.bilibilihd startFg?=false
07-21 16:35:28.016 1563 2056 W ActivityManager: Background start not allowed: service Intent { cmp=tv.danmaku.bilibilihd/com.bilibili.lib.neuron.internal.NeuronLocalService (has extras) } to tv.danmaku.bilibilihd/com.bilibili.lib.neuron.internal.NeuronLocalService from pid=19762 uid=10102 pkg=tv.danmaku.bilibilihd startFg?=false
07-21 16:35:28.016 1563 2056 I am_proc_died: [0,19687,tv.danmaku.bilibilihd:pushservice,925,19]
07-21 16:35:28.019 1563 2056 D CompatibilityChangeReporter: Compat change id reported: 135634846; UID 10102; state: DISABLED
07-21 16:35:28.019 1563 2056 D CompatibilityChangeReporter: Compat change id reported: 177438394; UID 10102; state: DISABLED
07-21 16:35:28.019 1563 2056 D CompatibilityChangeReporter: Compat change id reported: 135772972; UID 10102; state: DISABLED
07-21 16:35:28.019 1563 2056 D CompatibilityChangeReporter: Compat change id reported: 135754954; UID 10102; state: ENABLED
07-21 16:35:28.020 1563 1701 D CompatibilityChangeReporter: Compat change id reported: 143937733; UID 10102; state: ENABLED
07-21 16:35:28.023 1563 1701 I am_proc_start: [0,19926,10102,tv.danmaku.bilibilihd:ijkservice,service,{tv.danmaku.bilibilihd/tv.danmaku.ijk.media.player.services.IjkMediaPlayerService}]
07-21 16:35:28.023 1563 1701 I ActivityManager: Start proc 19926:tv.danmaku.bilibilihd:ijkservice/u0a102 for service {tv.danmaku.bilibilihd/tv.danmaku.ijk.media.player.services.IjkMediaPlayerService}
07-21 16:35:28.028 1563 1701 I am_proc_start: [0,19927,10102,tv.danmaku.bilibilihd:pushservice,content provider,{tv.danmaku.bilibilihd/com.bilibili.lib.neuron.internal2.provider.NeuronContentProvider}]
07-21 16:35:28.028 1563 1701 I ActivityManager: Start proc 19927:tv.danmaku.bilibilihd:pushservice/u0a102 for content provider {tv.danmaku.bilibilihd/com.bilibili.lib.neuron.internal2.provider.NeuronContentProvider}
07-21 16:35:28.032 0 0 I [ 4115.002803] binder: 19926:19926 ioctl 40046210 7ff1724834 returned -22
07-21 16:35:28.033 1563 2056 I am_proc_bound: [0,19926,tv.danmaku.bilibilihd:ijkservice]
07-21 16:35:28.036 1563 2056 I am_proc_bound: [0,19927,tv.danmaku.bilibilihd:pushservice]
07-21 16:35:28.036 0 0 I [ 4115.005728] binder: 19927:19927 ioctl 40046210 7ff1724834 returned -22
07-21 16:35:28.131 19967 19967 I auditd : type=1400 audit(0.0:16432): avc: denied { open } for comm="ps" path="/proc/sys/kernel/pid_max" dev="proc" ino=1943435 scontext=u:r:untrusted_app:s0:c102,c256,c512,c768 tcontext=u:object_r:proc_pid_max:s0 tclass=file permissive=1 app=tv.danmaku.bilibilihd
07-21 16:35:28.250 1563 1700 W BroadcastQueue: Permission Denial: broadcasting Intent { act=android.net.conn.CONNECTIVITY_CHANGE flg=0x4200010 (has extras) } from null (pid=-1, uid=-1) requires com.tencent.bugly.BuglyBroadcastReceiver.permission due to registered receiver BroadcastFilter{a5724a9 10102/u0 ReceiverList{ba14030 19926 tv.danmaku.bilibilihd:ijkservice/10102/u0 remote:bb20973}}
07-21 16:35:28.263 19762 19762 I auditd : type=1400 audit(0.0:16433): avc: denied { open } for comm="thread_back_io" path="/dev/__properties__/u:object_r:net_dns_prop:s0" dev="tmpfs" ino=2252 scontext=u:r:untrusted_app:s0:c102,c256,c512,c768 tcontext=u:object_r:net_dns_prop:s0 tclass=file permissive=1 app=tv.danmaku.bilibilihd
07-21 16:35:28.263 19762 19762 I auditd : type=1400 audit(0.0:16434): avc: denied { getattr } for comm="thread_back_io" path="/dev/__properties__/u:object_r:net_dns_prop:s0" dev="tmpfs" ino=2252 scontext=u:r:untrusted_app:s0:c102,c256,c512,c768 tcontext=u:object_r:net_dns_prop:s0 tclass=file permissive=1 app=tv.danmaku.bilibilihd
07-21 16:35:28.263 19762 19762 I auditd : type=1400 audit(0.0:16435): avc: denied { map } for comm="thread_back_io" path="/dev/__properties__/u:object_r:net_dns_prop:s0" dev="tmpfs" ino=2252 scontext=u:r:untrusted_app:s0:c102,c256,c512,c768 tcontext=u:object_r:net_dns_prop:s0 tclass=file permissive=1 app=tv.danmaku.bilibilihd
07-21 16:35:28.291 1563 15393 I ActivityManager: Killing 19927:tv.danmaku.bilibilihd:pushservice/u0a102 (adj 905): empty #2
07-21 16:35:28.291 1563 15393 I am_kill : [0,19927,tv.danmaku.bilibilihd:pushservice,905,empty #2]
07-21 16:35:28.292 1563 15393 I ActivityManager: Killing 19926:tv.danmaku.bilibilihd:ijkservice/u0a102 (adj 905): empty #3
07-21 16:35:28.292 1563 15393 I am_kill : [0,19926,tv.danmaku.bilibilihd:ijkservice,905,empty #3]
07-21 16:35:28.323 1563 15393 I am_proc_died: [0,19927,tv.danmaku.bilibilihd:pushservice,905,19]
07-21 16:35:28.323 19762 19762 I ActivityThread: Removing dead content provider:android.content.ContentProviderProxy@6431f50
07-21 16:35:28.324 1563 21026 I am_proc_died: [0,19926,tv.danmaku.bilibilihd:ijkservice,905,19]
07-21 16:35:28.324 0 0 I [ 4115.294421] binder: undelivered TRANSACTION_COMPLETE
07-21 16:35:28.324 0 0 I [ 4115.294430] binder: undelivered transaction 1910928, process died.
07-21 16:35:28.324 0 0 I [ 4115.294436] binder: undelivered transaction 1910926, process died.
07-21 16:35:28.324 0 0 I [ 4115.294726] binder: undelivered TRANSACTION_COMPLETE
07-21 16:35:28.324 0 0 I [ 4115.294732] binder: undelivered transaction 1910936, process died.
07-21 16:35:28.324 0 0 I [ 4115.294744] binder: send failed reply for transaction 1910932 to 19762:19762
07-21 16:35:28.324 1563 21026 W ActivityManager: Scheduling restart of crashed service tv.danmaku.bilibilihd/tv.danmaku.ijk.media.player.services.IjkMediaPlayerService in 1000ms for connection
07-21 16:35:28.324 1563 21026 I am_schedule_service_restart: [0,tv.danmaku.bilibilihd/tv.danmaku.ijk.media.player.services.IjkMediaPlayerService,1000]
07-21 16:35:28.874 1563 21026 W ActivityManager: Background start not allowed: service Intent { cmp=tv.danmaku.bilibilihd/com.bilibili.lib.neuron.internal.NeuronLocalService (has extras) } to tv.danmaku.bilibilihd/com.bilibili.lib.neuron.internal.NeuronLocalService from pid=19762 uid=10102 pkg=tv.danmaku.bilibilihd startFg?=false
07-21 16:35:28.876 1563 21026 D CompatibilityChangeReporter: Compat change id reported: 135634846; UID 10102; state: DISABLED
07-21 16:35:28.876 1563 21026 D CompatibilityChangeReporter: Compat change id reported: 177438394; UID 10102; state: DISABLED
07-21 16:35:28.876 1563 21026 D CompatibilityChangeReporter: Compat change id reported: 135772972; UID 10102; state: DISABLED
07-21 16:35:28.876 1563 21026 D CompatibilityChangeReporter: Compat change id reported: 135754954; UID 10102; state: ENABLED
07-21 16:35:28.876 1563 1701 D CompatibilityChangeReporter: Compat change id reported: 143937733; UID 10102; state: ENABLED
07-21 16:35:28.879 1563 1701 I am_proc_start: [0,20036,10102,tv.danmaku.bilibilihd:pushservice,content provider,{tv.danmaku.bilibilihd/com.bilibili.lib.neuron.internal2.provider.NeuronContentProvider}]
07-21 16:35:28.879 1563 1701 I ActivityManager: Start proc 20036:tv.danmaku.bilibilihd:pushservice/u0a102 for content provider {tv.danmaku.bilibilihd/com.bilibili.lib.neuron.internal2.provider.NeuronContentProvider}
07-21 16:35:28.888 1563 21026 I am_proc_bound: [0,20036,tv.danmaku.bilibilihd:pushservice]
07-21 16:35:28.888 0 0 I [ 4115.857616] binder: 20036:20036 ioctl 40046210 7ff1724834 returned -22
07-21 16:35:29.062 1563 21026 I ActivityManager: Killing 19762:tv.danmaku.bilibilihd/u0a102 (adj 905): empty #2
07-21 16:35:29.062 1563 21026 I am_kill : [0,19762,tv.danmaku.bilibilihd,905,empty #2]
07-21 16:35:29.063 1563 21026 E ContentProviderHelper: ProcessRecord{fb1e95c 19762:tv.danmaku.bilibilihd/u0a102} was killed by AM but isn't really dead
07-21 16:35:29.063 1563 1700 I am_wtf : [0,20036,system_server,-1,ContentProviderHelper,ProcessRecord{fb1e95c 19762:tv.danmaku.bilibilihd/u0a102} was killed by AM but isn't really dead]
07-21 16:35:29.063 1563 21026 W ActivityManager: ProcessRecord{fb1e95c 19762:tv.danmaku.bilibilihd/u0a102} is attached to a previous process
07-21 16:35:29.064 1563 21026 W ActivityManager: Existing proc ProcessRecord{fb1e95c 19762:tv.danmaku.bilibilihd/u0a102} was killed 1ms ago when adding ProcessRecord{61443ab 0:tv.danmaku.bilibilihd/u0a102}
07-21 16:35:29.064 1563 21026 D CompatibilityChangeReporter: Compat change id reported: 135634846; UID 10102; state: DISABLED
07-21 16:35:29.064 1563 21026 D CompatibilityChangeReporter: Compat change id reported: 177438394; UID 10102; state: DISABLED
07-21 16:35:29.064 1563 1700 I DropBoxManagerService: add tag=system_server_wtf isTagEnabled=true flags=0x2
07-21 16:35:29.064 1563 21026 D CompatibilityChangeReporter: Compat change id reported: 135772972; UID 10102; state: DISABLED
07-21 16:35:29.064 1563 21026 D CompatibilityChangeReporter: Compat change id reported: 135754954; UID 10102; state: ENABLED
07-21 16:35:29.113 1563 21026 I am_proc_died: [0,19762,tv.danmaku.bilibilihd,905,19]
07-21 16:35:29.113 1563 21026 I ActivityManager: Killing 20036:tv.danmaku.bilibilihd:pushservice/u0a102 (adj 905): depends on provider tv.danmaku.bilibilihd/com.bilibili.xpref.XprefProvider in dying proc tv.danmaku.bilibilihd (adj -10000)
07-21 16:35:29.113 1563 21026 I am_kill : [0,20036,tv.danmaku.bilibilihd:pushservice,905,depends on provider tv.danmaku.bilibilihd/com.bilibili.xpref.XprefProvider in dying proc tv.danmaku.bilibilihd (adj -10000)]
07-21 16:35:29.115 1563 1701 W ActivityManager: Slow operation: 52ms so far, now at startProcess: asking zygote to start proc
07-21 16:35:29.115 1563 1701 D CompatibilityChangeReporter: Compat change id reported: 143937733; UID 10102; state: ENABLED
07-21 16:35:29.116 0 0 I [ 4116.085503] binder: send failed reply for transaction 1911229 to 20036:20061
07-21 16:35:29.116 0 0 I [ 4116.085509] binder: send failed reply for transaction 1911237 to 20036:20036
07-21 16:35:29.119 1563 1701 W ActivityManager: Slow operation: 55ms so far, now at startProcess: returned from zygote!
07-21 16:35:29.127 0 0 I [ 4116.097128] binder: 20083:20083 ioctl 40046210 7ff1724834 returned -22
07-21 16:35:29.119 1563 1701 W ActivityManager: Slow operation: 56ms so far, now at startProcess: done updating battery stats
07-21 16:35:29.119 1563 1701 I am_proc_start: [0,20083,10102,tv.danmaku.bilibilihd,content provider,{tv.danmaku.bilibilihd/com.bilibili.xpref.XprefProvider}]
07-21 16:35:29.119 1563 1701 W ActivityManager: Slow operation: 56ms so far, now at startProcess: building log message
07-21 16:35:29.119 1563 1701 I ActivityManager: Start proc 20083:tv.danmaku.bilibilihd/u0a102 for content provider {tv.danmaku.bilibilihd/com.bilibili.xpref.XprefProvider}
07-21 16:35:29.119 1563 1701 W ActivityManager: Slow operation: 56ms so far, now at startProcess: starting to update pids map
07-21 16:35:29.119 1563 1701 W ActivityManager: Slow operation: 56ms so far, now at startProcess: done updating pids map
07-21 16:35:29.127 1563 19837 I am_proc_bound: [0,20083,tv.danmaku.bilibilihd]
07-21 16:35:29.145 0 0 I [ 4116.116438] binder: undelivered TRANSACTION_COMPLETE
07-21 16:35:29.145 0 0 I [ 4116.116443] binder: undelivered TRANSACTION_ERROR: 29189
07-21 16:35:29.145 0 0 I [ 4116.116463] binder: undelivered TRANSACTION_COMPLETE
07-21 16:35:29.145 0 0 I [ 4116.116466] binder: undelivered TRANSACTION_ERROR: 29189
07-21 16:35:29.145 1563 19837 I am_proc_died: [0,20036,tv.danmaku.bilibilihd:pushservice,905,19]
07-21 16:35:29.183 1563 1826 I input_interaction: Interaction with: 43bbdaf gamemode.menuview (server), edge-swipe (server), swipe-up (server), PointerEventDispatcher0 (server),
07-21 16:35:29.183 1563 1826 D PowerManagerService: userActivityNoUpdateLocked: groupId=0, eventTime=4116154, event=2, flags=0x0, uid=1000
07-21 16:35:29.183 1563 1826 D PowerManagerNotifier: onUserActivity: event=2, uid=1000
07-21 16:35:29.183 1563 1826 D PowerManagerService: updateUserActivitySummaryLocked: groupId=0, mWakefulness=Awake, mUserActivitySummary=0x1, nextTimeout=4176154 (in 59999 ms)
07-21 16:35:29.183 1563 1826 D PowerManagerNotifier: onScreenPolicyUpdate: newPolicy=3
07-21 16:35:29.183 1563 1826 D PowerManagerService: updateDisplayPowerStateLocked: displayReady=true, groupId=0, policy=BRIGHT, mWakefulness=Awake, mWakeLockSummary=0x0, mUserActivitySummary=0x1, mBootCompleted=true, screenBrightnessOverride=NaN, useAutoBrightness=false, mScreenBrightnessBoostInProgress=false, mIsVrModeEnabled= false, sQuiescent=false
07-21 16:35:29.479 0 0 I [ 4116.445834] binder: 20083:20141 ioctl 40046210 7152996f94 returned -22
07-21 16:35:29.488 20083 20149 E ActivityThread: Failed to find provider info for com.android.badge
07-21 16:35:29.563 20083 20083 I auditd : type=1400 audit(0.0:16436): avc: denied { open } for comm="pool-3-thread-1" path="/dev/__properties__/u:object_r:wifi_prop:s0" dev="tmpfs" ino=2444 scontext=u:r:untrusted_app:s0:c102,c256,c512,c768 tcontext=u:object_r:wifi_prop:s0 tclass=file permissive=1 app=tv.danmaku.bilibilihd
07-21 16:35:29.563 20083 20083 I auditd : type=1400 audit(0.0:16437): avc: denied { getattr } for comm="pool-3-thread-1" path="/dev/__properties__/u:object_r:wifi_prop:s0" dev="tmpfs" ino=2444 scontext=u:r:untrusted_app:s0:c102,c256,c512,c768 tcontext=u:object_r:wifi_prop:s0 tclass=file permissive=1 app=tv.danmaku.bilibilihd
07-21 16:35:29.563 20083 20083 I auditd : type=1400 audit(0.0:16438): avc: denied { map } for comm="pool-3-thread-1" path="/dev/__properties__/u:object_r:wifi_prop:s0" dev="tmpfs" ino=2444 scontext=u:r:untrusted_app:s0:c102,c256,c512,c768 tcontext=u:object_r:wifi_prop:s0 tclass=file permissive=1 app=tv.danmaku.bilibilihd
07-21 16:35:29.563 20083 20083 I auditd : type=1400 audit(0.0:16439): avc: denied { open } for comm="pool-3-thread-1" path="/dev/__properties__/u:object_r:wifi_hal_prop:s0" dev="tmpfs" ino=2442 scontext=u:r:untrusted_app:s0:c102,c256,c512,c768 tcontext=u:object_r:wifi_hal_prop:s0 tclass=file permissive=1 app=tv.danmaku.bilibilihd
07-21 16:35:29.563 20083 20083 I auditd : type=1400 audit(0.0:16440): avc: denied { getattr } for comm="pool-3-thread-1" path="/dev/__properties__/u:object_r:wifi_hal_prop:s0" dev="tmpfs" ino=2442 scontext=u:r:untrusted_app:s0:c102,c256,c512,c768 tcontext=u:object_r:wifi_hal_prop:s0 tclass=file permissive=1 app=tv.danmaku.bilibilihd
07-21 16:35:29.563 20083 20083 I auditd : type=1400 audit(0.0:16441): avc: denied { map } for comm="pool-3-thread-1" path="/dev/__properties__/u:object_r:wifi_hal_prop:s0" dev="tmpfs" ino=2442 scontext=u:r:untrusted_app:s0:c102,c256,c512,c768 tcontext=u:object_r:wifi_hal_prop:s0 tclass=file permissive=1 app=tv.danmaku.bilibilihd
07-21 16:35:29.568 0 0 W [ 4116.537546] audit: audit_lost=12567 audit_rate_limit=5 audit_backlog_limit=64
07-21 16:35:29.568 0 0 E [ 4116.537550] audit: rate limit exceeded
07-21 16:35:29.578 1563 1700 W BroadcastQueue: Permission Denial: broadcasting Intent { act=android.net.conn.CONNECTIVITY_CHANGE flg=0x4200010 (has extras) } from null (pid=-1, uid=-1) requires com.tencent.bugly.BuglyBroadcastReceiver.permission due to registered receiver BroadcastFilter{a3bad5b 10102/u0 ReceiverList{ee8946a 20083 tv.danmaku.bilibilihd/10102/u0 remote:b118255}}
07-21 16:35:29.687 1563 10187 W ActivityManager: Background start not allowed: service Intent { cmp=tv.danmaku.bilibilihd/com.bilibili.lib.neuron.internal.NeuronRemoteService (has extras) } to tv.danmaku.bilibilihd/com.bilibili.lib.neuron.internal.NeuronRemoteService from pid=20083 uid=10102 pkg=tv.danmaku.bilibilihd startFg?=false
07-21 16:35:29.689 1563 10187 W ActivityManager: Background start not allowed: service Intent { cmp=tv.danmaku.bilibilihd/com.bilibili.lib.neuron.internal.NeuronLocalService (has extras) } to tv.danmaku.bilibilihd/com.bilibili.lib.neuron.internal.NeuronLocalService from pid=20083 uid=10102 pkg=tv.danmaku.bilibilihd startFg?=false
07-21 16:35:29.692 1563 10187 D CompatibilityChangeReporter: Compat change id reported: 135634846; UID 10102; state: DISABLED
07-21 16:35:29.692 1563 10187 D CompatibilityChangeReporter: Compat change id reported: 177438394; UID 10102; state: DISABLED
07-21 16:35:29.692 1563 10187 D CompatibilityChangeReporter: Compat change id reported: 135772972; UID 10102; state: DISABLED
07-21 16:35:29.692 1563 10187 D CompatibilityChangeReporter: Compat change id reported: 135754954; UID 10102; state: ENABLED
07-21 16:35:29.692 1563 1701 D CompatibilityChangeReporter: Compat change id reported: 143937733; UID 10102; state: ENABLED
07-21 16:35:29.696 1563 1701 I am_proc_start: [0,20226,10102,tv.danmaku.bilibilihd:ijkservice,service,{tv.danmaku.bilibilihd/tv.danmaku.ijk.media.player.services.IjkMediaPlayerService}]
07-21 16:35:29.696 1563 1701 I ActivityManager: Start proc 20226:tv.danmaku.bilibilihd:ijkservice/u0a102 for service {tv.danmaku.bilibilihd/tv.danmaku.ijk.media.player.services.IjkMediaPlayerService}
07-21 16:35:29.696 0 0 I [ 4116.667743] init: processing action (sys.tlog.tlogdshc.active=1) from (/system/etc/init/tlogd.rc:198)
07-21 16:35:29.696 0 0 I [ 4116.667911] init: starting service 'tlogdshc'...
07-21 16:35:29.705 1563 1701 I am_proc_start: [0,20238,10102,tv.danmaku.bilibilihd:pushservice,content provider,{tv.danmaku.bilibilihd/com.bilibili.lib.neuron.internal2.provider.NeuronContentProvider}]
07-21 16:35:29.705 1563 1701 I ActivityManager: Start proc 20238:tv.danmaku.bilibilihd:pushservice/u0a102 for content provider {tv.danmaku.bilibilihd/com.bilibili.lib.neuron.internal2.provider.NeuronContentProvider}
07-21 16:35:29.711 1563 1826 I input_interaction: Interaction with: 979ab7d com.tencent.tmgp.sgame/com.tencent.tmgp.sgame.SGameActivity (server), edge-swipe (server), swipe-up (server), PointerEventDispatcher0 (server),
07-21 16:35:29.711 1563 1826 D PowerManagerService: userActivityNoUpdateLocked: groupId=0, eventTime=4116682, event=2, flags=0x0, uid=1000
07-21 16:35:29.711 1563 1826 D PowerManagerNotifier: onUserActivity: event=2, uid=1000
07-21 16:35:29.711 1563 1826 D PowerManagerService: updateUserActivitySummaryLocked: groupId=0, mWakefulness=Awake, mUserActivitySummary=0x1, nextTimeout=4176682 (in 59999 ms)
07-21 16:35:29.711 1563 1826 D PowerManagerNotifier: onScreenPolicyUpdate: newPolicy=3
07-21 16:35:29.711 1563 1826 D PowerManagerService: updateDisplayPowerStateLocked: displayReady=true, groupId=0, policy=BRIGHT, mWakefulness=Awake, mWakeLockSummary=0x0, mUserActivitySummary=0x1, mBootCompleted=true, screenBrightnessOverride=NaN, useAutoBrightness=false, mScreenBrightnessBoostInProgress=false, mIsVrModeEnabled= false, sQuiescent=false
07-21 16:35:29.712 0 0 I [ 4116.681298] binder: 20226:20226 ioctl 40046210 7ff1724834 returned -22
07-21 16:35:29.713 1563 19837 D FreeFormWindowHelper: Current Display FreeFormTask is null
07-21 16:35:29.715 1563 10187 I am_proc_bound: [0,20226,tv.danmaku.bilibilihd:ijkservice]
07-21 16:35:29.716 0 0 I [ 4116.686806] binder: 20238:20238 ioctl 40046210 7ff1724834 returned -22
07-21 16:35:29.717 1563 6494 I wm_task_moved: [1,0,0]
07-21 16:35:29.717 1563 21026 I am_proc_bound: [0,20238,tv.danmaku.bilibilihd:pushservice]
07-21 16:35:29.717 1563 6494 I wm_task_moved: [1,0,6]
07-21 16:35:29.719 1563 10187 D FreeFormWindowHelper: Current Display FreeFormTask is null
07-21 16:35:29.720 1563 19837 D FreeFormWindowHelper: Current Display FreeFormTask is null
07-21 16:35:29.721 2587 2587 I wm_on_restart_called: [51676365,com.android.launcher3.uioverrides.QuickstepLauncher,performRestartActivity]
07-21 16:35:29.721 1563 6494 D FreeFormWindowHelper: Current Display FreeFormTask is null
07-21 16:35:29.721 1563 6494 D FreeFormWindowHelper: Current Display FreeFormTask is null
07-21 16:35:29.724 1563 1690 I ActivityManager: Killing 20083:tv.danmaku.bilibilihd/u0a102 (adj 905): empty #2
07-21 16:35:29.724 1563 1690 I am_kill : [0,20083,tv.danmaku.bilibilihd,905,empty #2]
07-21 16:35:29.735 2587 2587 I wm_on_start_called: [51676365,com.android.launcher3.uioverrides.QuickstepLauncher,handleStartActivity]
07-21 16:35:29.736 1563 6494 D FreeFormWindowHelper: Current Display FreeFormTask is null
07-21 16:35:29.740 1563 6494 D FreeFormWindowHelper: Current Display FreeFormTask is null
07-21 16:35:29.741 1563 6494 D FreeFormWindowHelper: Current Display FreeFormTask is null
07-21 16:35:29.741 1563 6494 W ActivityTaskManager: getTaskSnapshot: taskId=392 not found
07-21 16:35:29.742 1563 6494 W ActivityTaskManager: getTaskSnapshot: taskId=392 not found
07-21 16:35:29.742 1563 6494 W ActivityTaskManager: getTaskSnapshot: taskId=392 not found
07-21 16:35:29.742 1563 6494 W ActivityTaskManager: getTaskSnapshot: taskId=392 not found
07-21 16:35:29.749 0 0 I [ 4116.720730] init: Service 'tlogdshc' (pid 20228) exited with status 0 oneshot service took 0.052000 seconds in background
07-21 16:35:29.749 0 0 I [ 4116.720746] init: Sending signal 9 to service 'tlogdshc' (pid 20228) process group...
07-21 16:35:29.749 0 0 I [ 4116.720834] libprocessgroup: Successfully killed process cgroup uid 0 pid 20228 in 0ms
07-21 16:35:29.743 13409 13409 I view_enqueue_input_event: [Motion - Cancel,com.tencent.tmgp.sgame/com.tencent.tmgp.sgame.SGameActivity]
07-21 16:35:29.744 2587 2587 I sysui_latency: [1,30]
07-21 16:35:29.745 1563 1687 D AutofillManagerService: Close system dialogs
07-21 16:35:29.748 1563 1691 I input_focus: [Focus request recents_animation_input_consumer,reason=UpdateInputWindows]
07-21 16:35:29.748 1563 1687 I sysui_multi_action: [319,3,322,28,325,4116,757,761,758,9,759,5,806,com.android.launcher3,871,com.android.launcher3.uioverrides.QuickstepLauncher,905,0,1320,8,1321,5]
07-21 16:35:29.750 1563 1826 I input_interaction: Interaction with: edge-swipe (server), swipe-up (server), PointerEventDispatcher0 (server),
07-21 16:35:29.768 1563 21026 D FreeFormWindowHelper: Current Display FreeFormTask is null
07-21 16:35:29.769 1563 21026 D FreeFormWindowHelper: Current Display FreeFormTask is null
07-21 16:35:29.770 1563 10185 D FreeFormWindowHelper: Current Display FreeFormTask is null
07-21 16:35:29.770 1563 10185 D FreeFormWindowHelper: Current Display FreeFormTask is null
07-21 16:35:29.771 1563 21026 W ActivityTaskManager: getTaskSnapshot: taskId=442 not found
07-21 16:35:29.772 1563 21026 W ActivityTaskManager: getTaskSnapshot: taskId=443 not found
07-21 16:35:29.773 1563 21026 W ActivityTaskManager: getTaskSnapshot: taskId=443 not found
07-21 16:35:29.773 1563 21026 W ActivityTaskManager: getTaskSnapshot: taskId=443 not found
07-21 16:35:29.802 1563 21026 D FreeFormWindowHelper: Current Display FreeFormTask is null
07-21 16:35:29.802 1563 6494 D FreeFormWindowHelper: Current Display FreeFormTask is null
07-21 16:35:29.803 1563 1826 I input_focus: [Focus leaving 979ab7d com.tencent.tmgp.sgame/com.tencent.tmgp.sgame.SGameActivity (server),reason=NOT_FOCUSABLE]
07-21 16:35:29.803 1563 1826 I input_focus: [Focus entering recents_animation_input_consumer (server),reason=setFocusedWindow]
07-21 16:35:29.818 1563 1826 D PowerManagerService: userActivityNoUpdateLocked: groupId=0, eventTime=4116789, event=2, flags=0x0, uid=1000
07-21 16:35:29.818 1563 1826 D PowerManagerNotifier: onUserActivity: event=2, uid=1000
07-21 16:35:29.818 1563 1826 D PowerManagerService: updateUserActivitySummaryLocked: groupId=0, mWakefulness=Awake, mUserActivitySummary=0x1, nextTimeout=4176789 (in 60000 ms)
07-21 16:35:29.818 1563 1826 D PowerManagerNotifier: onScreenPolicyUpdate: newPolicy=3
07-21 16:35:29.818 1563 1826 D PowerManagerService: updateDisplayPowerStateLocked: displayReady=true, groupId=0, policy=BRIGHT, mWakefulness=Awake, mWakeLockSummary=0x0, mUserActivitySummary=0x1, mBootCompleted=true, screenBrightnessOverride=NaN, useAutoBrightness=false, mScreenBrightnessBoostInProgress=false, mIsVrModeEnabled= false, sQuiescent=false
07-21 16:35:29.819 1563 10185 I am_proc_died: [0,20083,tv.danmaku.bilibilihd,905,19]
07-21 16:35:29.835 1563 10185 D FreeFormWindowHelper: Current Display FreeFormTask is null
07-21 16:35:29.836 1563 9239 D FreeFormWindowHelper: Current Display FreeFormTask is null
07-21 16:35:29.888 1563 10185 D CompatibilityChangeReporter: Compat change id reported: 135634846; UID 10102; state: DISABLED
07-21 16:35:29.888 1563 10185 D CompatibilityChangeReporter: Compat change id reported: 177438394; UID 10102; state: DISABLED
07-21 16:35:29.888 1563 10185 D CompatibilityChangeReporter: Compat change id reported: 135772972; UID 10102; state: DISABLED
07-21 16:35:29.888 1563 10185 D CompatibilityChangeReporter: Compat change id reported: 135754954; UID 10102; state: ENABLED
07-21 16:35:29.888 1563 1701 D CompatibilityChangeReporter: Compat change id reported: 143937733; UID 10102; state: ENABLED
07-21 16:35:29.892 1563 1701 I am_proc_start: [0,20312,10102,tv.danmaku.bilibilihd,content provider,{tv.danmaku.bilibilihd/com.bilibili.xpref.XprefProvider}]
07-21 16:35:29.893 1563 1701 I ActivityManager: Start proc 20312:tv.danmaku.bilibilihd/u0a102 for content provider {tv.danmaku.bilibilihd/com.bilibili.xpref.XprefProvider}
07-21 16:35:29.900 0 0 I [ 4116.870988] binder: 20312:20312 ioctl 40046210 7ff1724834 returned -22
07-21 16:35:29.901 1563 10185 I am_proc_bound: [0,20312,tv.danmaku.bilibilihd]
07-21 16:35:29.918 1563 1826 D PowerManagerService: userActivityNoUpdateLocked: groupId=0, eventTime=4116889, event=2, flags=0x0, uid=1000
07-21 16:35:29.918 1563 1826 D PowerManagerNotifier: onUserActivity: event=2, uid=1000
07-21 16:35:29.918 1563 1826 D PowerManagerService: updateUserActivitySummaryLocked: groupId=0, mWakefulness=Awake, mUserActivitySummary=0x1, nextTimeout=4176889 (in 60000 ms)
07-21 16:35:29.918 1563 1826 D PowerManagerNotifier: onScreenPolicyUpdate: newPolicy=3
07-21 16:35:29.918 1563 1826 D PowerManagerService: updateDisplayPowerStateLocked: displayReady=true, groupId=0, policy=BRIGHT, mWakefulness=Awake, mWakeLockSummary=0x0, mUserActivitySummary=0x1, mBootCompleted=true, screenBrightnessOverride=NaN, useAutoBrightness=false, mScreenBrightnessBoostInProgress=false, mIsVrModeEnabled= false, sQuiescent=false
07-21 16:35:29.937 1563 20340 D PowerManagerService: acquireWakeLockInternal: lock=258260044, flags=0x1, tag="*vibrator*", ws=WorkSource{10079}, uid=1000, pid=1563
07-21 16:35:29.937 1563 20340 D PowerManagerService: updateWakeLockSummaryLocked: mWakefulness=Awake, mWakeLockSummary=0x1
07-21 16:35:29.937 1563 20340 D PowerManagerService: updateUserActivitySummaryLocked: groupId=0, mWakefulness=Awake, mUserActivitySummary=0x1, nextTimeout=4176889 (in 59981 ms)
07-21 16:35:29.937 1563 20340 D PowerManagerNotifier: onScreenPolicyUpdate: newPolicy=3
07-21 16:35:29.937 1563 20340 D PowerManagerService: updateDisplayPowerStateLocked: displayReady=true, groupId=0, policy=BRIGHT, mWakefulness=Awake, mWakeLockSummary=0x1, mUserActivitySummary=0x1, mBootCompleted=true, screenBrightnessOverride=NaN, useAutoBrightness=false, mScreenBrightnessBoostInProgress=false, mIsVrModeEnabled= false, sQuiescent=false
07-21 16:35:29.937 1563 20340 D PowerManagerService: Acquiring suspend blocker "PowerManagerService.WakeLocks".
07-21 16:35:29.937 1563 1815 I commit_sys_config_file: [settings-1-0,3]
07-21 16:35:29.937 1563 20340 D PowerManagerNotifier: onWakeLockAcquired: flags=1, tag="*vibrator*", packageName=android, ownerUid=1000, ownerPid=1563, workSource=WorkSource{10079}
07-21 16:35:29.995 1563 21017 D FreeFormWindowHelper: Current Display FreeFormTask is null
07-21 16:35:29.995 1563 21026 D FreeFormWindowHelper: Current Display FreeFormTask is null
07-21 16:35:29.995 1563 21009 D FreeFormWindowHelper: Current Display FreeFormTask is null
07-21 16:35:29.998 1563 20340 D PowerManagerService: releaseWakeLockInternal: lock=258260044 [*vibrator*], flags=0x0
07-21 16:35:29.998 1563 20340 D PowerManagerNotifier: onWakeLockReleased: flags=1, tag="*vibrator*", packageName=android, ownerUid=1000, ownerPid=1563, workSource=WorkSource{10079}
07-21 16:35:29.998 1563 20340 D PowerManagerService: updateWakeLockSummaryLocked: mWakefulness=Awake, mWakeLockSummary=0x0
07-21 16:35:29.998 1563 20340 D PowerManagerService: updateUserActivitySummaryLocked: groupId=0, mWakefulness=Awake, mUserActivitySummary=0x1, nextTimeout=4176889 (in 59920 ms)
07-21 16:35:29.998 1563 20340 D PowerManagerNotifier: onScreenPolicyUpdate: newPolicy=3
07-21 16:35:29.998 1563 20340 D PowerManagerService: updateDisplayPowerStateLocked: displayReady=true, groupId=0, policy=BRIGHT, mWakefulness=Awake, mWakeLockSummary=0x0, mUserActivitySummary=0x1, mBootCompleted=true, screenBrightnessOverride=NaN, useAutoBrightness=false, mScreenBrightnessBoostInProgress=false, mIsVrModeEnabled= false, sQuiescent=false
07-21 16:35:29.998 1563 20340 D PowerManagerService: Releasing suspend blocker "PowerManagerService.WakeLocks".
07-21 16:35:30.047 1563 1699 I sysui_latency: [8,33]
07-21 16:35:30.202 1563 1700 W BroadcastQueue: Permission Denial: broadcasting Intent { act=android.net.conn.CONNECTIVITY_CHANGE flg=0x4200010 (has extras) } from null (pid=-1, uid=-1) requires com.tencent.bugly.BuglyBroadcastReceiver.permission due to registered receiver BroadcastFilter{35ffbb7 10102/u0 ReceiverList{6a5f2b6 20238 tv.danmaku.bilibilihd:pushservice/10102/u0 remote:b437a51}}
07-21 16:35:30.211 1563 1700 W BroadcastQueue: Permission Denial: broadcasting Intent { act=android.net.conn.CONNECTIVITY_CHANGE flg=0x4200010 (has extras) } from null (pid=-1, uid=-1) requires com.tencent.bugly.BuglyBroadcastReceiver.permission due to registered receiver BroadcastFilter{f168442 10102/u0 ReceiverList{b746a8d 20226 tv.danmaku.bilibilihd:ijkservice/10102/u0 remote:51a1f24}}
07-21 16:35:30.246 1563 21009 I ActivityManager: Killing 20226:tv.danmaku.bilibilihd:ijkservice/u0a102 (adj 915): empty #2
07-21 16:35:30.246 1563 21009 I am_kill : [0,20226,tv.danmaku.bilibilihd:ijkservice,915,empty #2]
07-21 16:35:30.247 1563 21009 I ActivityManager: Killing 20238:tv.danmaku.bilibilihd:pushservice/u0a102 (adj 925): empty #3
07-21 16:35:30.247 1563 21009 I am_kill : [0,20238,tv.danmaku.bilibilihd:pushservice,925,empty #3]
07-21 16:35:30.305 20312 20411 E ActivityThread: Failed to find provider info for com.android.badge
07-21 16:35:30.318 1563 21026 I am_proc_died: [0,20238,tv.danmaku.bilibilihd:pushservice,925,19]
07-21 16:35:30.324 1563 21026 I am_proc_died: [0,20226,tv.danmaku.bilibilihd:ijkservice,915,19]
07-21 16:35:30.360 0 0 I [ 4117.331004] binder: 20437:20437 ioctl 40046210 ff9965c8 returned -22
07-21 16:35:30.336 1563 3528 D FreeFormWindowHelper: Current Display FreeFormTask is null
07-21 16:35:30.338 1563 21026 I wm_task_moved: [1,1,7]
07-21 16:35:30.340 1563 21026 I wm_focused_root_task: [0,0,1,77,RecentsAnimation.onAnimationFinished()]
07-21 16:35:30.340 13409 13409 I wm_on_top_resumed_lost_called: [182464186,com.tencent.tmgp.sgame.SGameActivity,topStateChangedWhenResumed]
07-21 16:35:30.341 1563 21026 I wm_pause_activity: [0,182464186,com.tencent.tmgp.sgame/.SGameActivity,userLeaving=false,pauseBackTasks]
07-21 16:35:30.341 1563 21026 D PowerManagerService: acquireWakeLockInternal: lock=195562495, flags=0x1, tag="*launch*", ws=WorkSource{10079}, uid=1000, pid=1563
07-21 16:35:30.341 1563 21026 D PowerManagerService: updateWakeLockSummaryLocked: mWakefulness=Awake, mWakeLockSummary=0x1
07-21 16:35:30.341 1563 21026 D PowerManagerService: updateUserActivitySummaryLocked: groupId=0, mWakefulness=Awake, mUserActivitySummary=0x1, nextTimeout=4176889 (in 59577 ms)
07-21 16:35:30.341 1563 21026 D PowerManagerNotifier: onScreenPolicyUpdate: newPolicy=3
07-21 16:35:30.341 1563 21026 D PowerManagerService: updateDisplayPowerStateLocked: displayReady=true, groupId=0, policy=BRIGHT, mWakefulness=Awake, mWakeLockSummary=0x1, mUserActivitySummary=0x1, mBootCompleted=true, screenBrightnessOverride=NaN, useAutoBrightness=false, mScreenBrightnessBoostInProgress=false, mIsVrModeEnabled= false, sQuiescent=false
07-21 16:35:30.341 1563 21026 D PowerManagerService: Acquiring suspend blocker "PowerManagerService.WakeLocks".
07-21 16:35:30.341 1563 21026 D PowerManagerNotifier: onWakeLockAcquired: flags=1, tag="*launch*", packageName=android, ownerUid=1000, ownerPid=1563, workSource=WorkSource{10079}
07-21 16:35:30.341 1563 21026 I ActivityTaskManager: FOREGROUND_APPLICATION_CHANGED to com.android.launcher3.uioverrides.QuickstepLauncher
07-21 16:35:30.341 1563 21026 I wm_set_resumed_activity: [0,com.android.launcher3/.uioverrides.QuickstepLauncher,resumeTopActivityInnerLocked]
07-21 16:35:30.343 1563 21026 I wm_resume_activity: [0,51676365,59,com.android.launcher3/.uioverrides.QuickstepLauncher]
07-21 16:35:30.343 1563 21026 D FreeFormWindowHelper: handleFreeformTask : Task{2e16b62 #1 type=home ?? U=0 visible=true mode=fullscreen translucent=false sz=1 visible freeform task=true rootAffinity=null isMini=false}
07-21 16:35:30.343 1563 21026 D FreeFormWindowHelper: mFreeFormTask : null
07-21 16:35:30.343 1563 21026 D FreeFormWindowHelper: mInRecent : false
07-21 16:35:30.343 1563 21026 D FreeFormWindowHelper:
07-21 16:35:30.343 2587 2587 I wm_on_resume_called: [51676365,com.android.launcher3.uioverrides.QuickstepLauncher,RESUME_ACTIVITY]
07-21 16:35:30.343 1563 21026 I wm_add_to_stopping: [0,182464186,com.tencent.tmgp.sgame/.SGameActivity,makeInvisible]
07-21 16:35:30.343 1563 21026 D FreeFormWindowHelper: handleFreeformTask : Task{2e16b62 #1 type=home ?? U=0 visible=true mode=fullscreen translucent=false sz=1 visible freeform task=true rootAffinity=null isMini=false}
07-21 16:35:30.343 1563 21026 D FreeFormWindowHelper: mFreeFormTask : null
07-21 16:35:30.343 1563 21026 D FreeFormWindowHelper: mInRecent : false
07-21 16:35:30.343 1563 21026 D FreeFormWindowHelper:
07-21 16:35:30.346 1563 1691 I input_focus: [Focus request 28c4f40 com.android.launcher3/com.android.launcher3.uioverrides.QuickstepLauncher,reason=UpdateInputWindows]
07-21 16:35:30.346 1563 1690 I sysui_multi_action: [757,803,799,window_time_0,802,4]
07-21 16:35:30.346 13409 13409 I wm_on_paused_called: [182464186,com.tencent.tmgp.sgame.SGameActivity,performPause]
07-21 16:35:30.346 1563 9082 D PowerManagerService: releaseWakeLockInternal: lock=195562495 [*launch*], flags=0x0
07-21 16:35:30.346 1563 9082 D PowerManagerNotifier: onWakeLockReleased: flags=1, tag="*launch*", packageName=android, ownerUid=1000, ownerPid=1563, workSource=WorkSource{10079}
07-21 16:35:30.346 1563 9082 D PowerManagerService: updateWakeLockSummaryLocked: mWakefulness=Awake, mWakeLockSummary=0x0
07-21 16:35:30.346 1563 9082 D PowerManagerService: updateUserActivitySummaryLocked: groupId=0, mWakefulness=Awake, mUserActivitySummary=0x1, nextTimeout=4176889 (in 59571 ms)
07-21 16:35:30.346 1563 9082 D PowerManagerNotifier: onScreenPolicyUpdate: newPolicy=3
07-21 16:35:30.346 1563 9082 D PowerManagerService: updateDisplayPowerStateLocked: displayReady=true, groupId=0, policy=BRIGHT, mWakefulness=Awake, mWakeLockSummary=0x0, mUserActivitySummary=0x1, mBootCompleted=true, screenBrightnessOverride=NaN, useAutoBrightness=false, mScreenBrightnessBoostInProgress=false, mIsVrModeEnabled= false, sQuiescent=false
07-21 16:35:30.346 1563 9082 D PowerManagerService: Releasing suspend blocker "PowerManagerService.WakeLocks".
07-21 16:35:30.347 1563 9082 I wm_stop_activity: [0,182464186,com.tencent.tmgp.sgame/.SGameActivity]
07-21 16:35:30.349 1563 1690 I am_uid_running: 10024
07-21 16:35:30.349 1563 1690 D CompatibilityChangeReporter: Compat change id reported: 135634846; UID 10024; state: DISABLED
07-21 16:35:30.349 1563 1701 D CompatibilityChangeReporter: Compat change id reported: 143937733; UID 10024; state: DISABLED
07-21 16:35:30.350 1563 1690 I sysui_multi_action: [757,803,799,window_time_0,802,0]
07-21 16:35:30.352 1563 1701 I am_proc_start: [0,20437,10024,com.bilibili.bilithings,NULL,]
07-21 16:35:30.352 1563 1701 I ActivityManager: Start proc 20437:com.bilibili.bilithings/u0a24 for null
07-21 16:35:30.361 1563 6493 I am_proc_bound: [0,20437,com.bilibili.bilithings]
07-21 16:35:30.362 1563 6493 D CompatibilityChangeReporter: Compat change id reported: 168419799; UID 10024; state: DISABLED
07-21 16:35:30.371 1563 6493 D FreeFormWindowHelper: enterRecentTasks
07-21 16:35:30.371 1563 9105 D FreeFormWindowHelper: Current Display FreeFormTask is null
07-21 16:35:30.371 1563 9105 D FreeFormWindowHelper: Current Display FreeFormTask is null
07-21 16:35:30.371 1563 9105 D FreeFormWindowHelper: Current Display FreeFormTask is null
07-21 16:35:30.397 0 0 I [ 4117.368531] binder: 20312:20409 ioctl 40046210 715320bf94 returned -22
07-21 16:35:30.371 1563 6493 D FreeFormWindowHelper: Current Display FreeFormTask is null
