07-21 16:33:29.015 1563 1845 I netstats_wifi_sample: [7898943,9386,12552284,20478,7898943,9386,12552284,20478,108032046,116453,10029234,18317,1689928409015]
07-21 16:33:29.019 0 0 I [ 3995.976241] binder: 15034:15034 ioctl 40046210 7ff1724834 returned -22
07-21 16:33:29.033 0 0 I [ 3995.988821] binder: 15041:15041 ioctl 40046210 7ff1724834 returned -22
07-21 16:33:29.050 1563 1701 I am_proc_start: [0,15041,10028,com.android.documentsui,broadcast,{com.android.documentsui/com.android.documentsui.PackageReceiver}]
07-21 16:33:29.051 1563 21017 I am_proc_bound: [0,15034,com.android.permissioncontroller]
07-21 16:33:29.057 1563 21017 I am_uid_active: 10092
07-21 16:33:29.057 1563 24291 I am_proc_bound: [0,15041,com.android.documentsui]
07-21 16:33:29.062 1563 1563 I notification_cancel_all: [1000,1563,com.tencent.mm,0,0,0,5,NULL]
07-21 16:33:29.066 1563 1846 I commit_sys_config_file: [net-policy,3986345]
07-21 16:33:29.067 1563 1886 I commit_sys_config_file: [session_index,1]
07-21 16:33:29.068 1563 1886 I commit_sys_config_file: [blobs_index,1]
07-21 16:33:29.070 1563 1845 I netstats_mobile_sample: [0,0,0,0,0,0,0,0,0,0,0,0,1689928409070]
07-21 16:33:29.070 1563 1845 I netstats_wifi_sample: [7898943,9386,12552284,20478,7898943,9386,12552284,20478,108032046,116453,10029234,18317,1689928409070]
07-21 16:33:29.088 1563 24291 I am_kill : [0,14813,com.smile.gifmaker:push_v3,905,empty #2]
07-21 16:33:29.091 1563 1700 I am_wtf : [0,1563,system_server,-1,JobScheduler.Connectivity,UidStats was null after job for com.tencent.android.qqdownloader was registered]
07-21 16:33:29.114 1563 1563 I notification_cancel_all: [1000,1563,com.tencent.android.qqdownloader,0,0,0,5,NULL]
07-21 16:33:29.115 1563 1563 I notification_cancel_all: [1000,1563,com.ximalaya.ting.android,0,0,0,5,NULL]
07-21 16:33:29.117 1563 1846 I commit_sys_config_file: [net-policy,3986396]
07-21 16:33:29.119 1563 1886 I commit_sys_config_file: [session_index,4]
07-21 16:33:29.119 1563 1886 I commit_sys_config_file: [blobs_index,0]
07-21 16:33:29.121 1563 1845 I netstats_mobile_sample: [0,0,0,0,0,0,0,0,0,0,0,0,1689928409121]
07-21 16:33:29.121 1563 1845 I netstats_wifi_sample: [7898943,9386,12552284,20478,7898943,9386,12552284,20478,108032046,116453,10029234,18317,1689928409121]
07-21 16:33:29.141 1563 1846 I commit_sys_config_file: [net-policy,3986420]
07-21 16:33:29.142 1563 1886 I commit_sys_config_file: [session_index,2]
07-21 16:33:29.143 1563 1886 I commit_sys_config_file: [blobs_index,2]
07-21 16:33:29.162 1563 1845 I netstats_mobile_sample: [0,0,0,0,0,0,0,0,0,0,0,0,1689928409162]
07-21 16:33:29.162 1563 1845 I netstats_wifi_sample: [7898943,9386,12552284,20478,7898943,9386,12552284,20478,108032046,116453,10029234,18317,1689928409162]
07-21 16:33:29.163 1563 1563 I notification_cancel_all: [1000,1563,com.ss.android.ugc.aweme,0,0,0,5,NULL]
07-21 16:33:29.172 1563 1886 I commit_sys_config_file: [session_index,3]
07-21 16:33:29.174 1563 1886 I commit_sys_config_file: [blobs_index,1]
07-21 16:33:29.182 0 0 I [ 3996.141195] binder: undelivered transaction 1826684, process died.
07-21 16:33:29.182 0 0 I [ 3996.141201] binder: undelivered transaction 1826956, process died.
07-21 16:33:29.182 0 0 I [ 3996.141533] binder: undelivered transaction 1826303, process died.
07-21 16:33:29.182 1563 13803 I am_proc_died: [0,14813,com.smile.gifmaker:push_v3,905,19]
07-21 16:33:29.184 1563 13803 I am_uid_stopped: 10106
07-21 16:33:29.216 1563 1563 I notification_cancel_all: [1000,1563,com.baidu.appsearch,0,0,0,5,NULL]
07-21 16:33:29.219 1563 10016 I am_uid_running: 10021
07-21 16:33:29.227 1563 1886 I commit_sys_config_file: [session_index,6]
07-21 16:33:29.229 1563 1886 I commit_sys_config_file: [blobs_index,1]
07-21 16:33:29.240 0 0 I [ 3996.197003] binder: 15091:15091 ioctl 40046210 7ff1724834 returned -22
07-21 16:33:29.241 1563 1701 I am_proc_start: [0,15091,10021,android.process.media,content provider,{com.android.providers.downloads/com.android.providers.downloads.DownloadStorageProvider}]
07-21 16:33:29.241 1563 15393 I am_proc_bound: [0,15091,android.process.media]
07-21 16:33:29.246 1563 1886 I commit_sys_config_file: [session_index,1]
07-21 16:33:29.246 1563 1886 I commit_sys_config_file: [blobs_index,0]
07-21 16:33:29.248 1563 1563 I notification_cancel_all: [1000,1563,com.netease.cloudmusic,0,0,0,5,NULL]
07-21 16:33:29.254 1563 1846 I commit_sys_config_file: [net-policy,3986533]
07-21 16:33:29.255 1563 1846 I commit_sys_config_file: [net-policy,3986534]
07-21 16:33:29.255 1563 1846 I commit_sys_config_file: [net-policy,3986534]
07-21 16:33:29.256 1563 1563 I notification_cancel_all: [1000,1563,com.netease.newsreader.activity,0,0,0,5,NULL]
07-21 16:33:29.257 1563 1563 I notification_cancel_all: [1000,1563,com.tencent.wemeet.app,0,0,0,5,NULL]
07-21 16:33:29.263 1563 1845 I netstats_mobile_sample: [0,0,0,0,0,0,0,0,0,0,0,0,1689928409263]
07-21 16:33:29.263 1563 1845 I netstats_wifi_sample: [7898943,9386,12552284,20478,7898943,9386,12552284,20478,108032046,116453,10029234,18317,1689928409263]
07-21 16:33:29.270 1563 10016 I am_kill : [0,15041,com.android.documentsui,905,empty #2]
07-21 16:33:29.272 1563 1845 I netstats_mobile_sample: [0,0,0,0,0,0,0,0,0,0,0,0,1689928409272]
07-21 16:33:29.272 1563 1845 I netstats_wifi_sample: [7898943,9386,12552284,20478,7898943,9386,12552284,20478,108032046,116453,10029234,18317,1689928409272]
07-21 16:33:29.279 1563 1845 I service_manager_stats: [100,110,5253]
07-21 16:33:29.281 1563 1845 I netstats_mobile_sample: [0,0,0,0,0,0,0,0,0,0,0,0,1689928409281]
07-21 16:33:29.281 1563 1845 I netstats_wifi_sample: [7898943,9386,12552284,20478,7898943,9386,12552284,20478,108032046,116453,10029234,18317,1689928409281]
07-21 16:33:29.295 0 0 I [ 3996.252854] binder: undelivered transaction 1827740, process died.
07-21 16:33:29.294 1563 10016 I am_proc_died: [0,15041,com.android.documentsui,905,19]
07-21 16:33:29.294 1563 10016 I am_uid_stopped: 10028
07-21 16:33:29.294 1563 10016 I am_kill : [0,15091,android.process.media,915,empty #2]
07-21 16:33:29.305 1563 21009 I am_uid_running: 10037
07-21 16:33:29.312 1563 1701 I am_proc_start: [0,15114,10037,com.microsoft.emmx,broadcast,{com.microsoft.emmx/org.chromium.chrome.browser.browserservices.InstalledWebappBroadcastReceiver}]
07-21 16:33:29.316 0 0 I [ 3996.275702] binder: undelivered TRANSACTION_COMPLETE
07-21 16:33:29.316 0 0 I [ 3996.275708] binder: undelivered transaction 1827756, process died.
07-21 16:33:29.316 0 0 I [ 3996.275724] binder: undelivered transaction 1827865, process died.
07-21 16:33:29.317 1563 21009 I am_proc_died: [0,15091,android.process.media,915,19]
07-21 16:33:29.317 1563 21009 I am_uid_stopped: 10021
07-21 16:33:29.324 0 0 I [ 3996.281754] binder: 15114:15114 ioctl 40046210 7ff1724834 returned -22
07-21 16:33:29.325 1563 1924 I commit_sys_config_file: [sync-accounts,2]
07-21 16:33:29.326 1563 21009 I am_proc_bound: [0,15114,com.microsoft.emmx]
07-21 16:33:29.326 1563 1924 I commit_sys_config_file: [sync-status,0]
07-21 16:33:29.326 1563 1924 I commit_sys_config_file: [sync-stats,1]
07-21 16:33:29.333 1563 1689 I commit_sys_config_file: [notification-policy,3986990]
07-21 16:33:29.401 1563 1815 I commit_sys_config_file: [settings-3-0,5]
07-21 16:33:29.405 1563 1924 I commit_sys_config_file: [sync-accounts,81]
07-21 16:33:29.405 1563 1924 I commit_sys_config_file: [sync-status,79]
07-21 16:33:29.406 1563 1924 I commit_sys_config_file: [sync-stats,80]
07-21 16:33:29.606 1563 1815 I commit_sys_config_file: [settings-3-0,3]
07-21 16:33:29.700 0 0 I [ 3996.657674] init: processing action (sys.tlog.tlogdshc.active=1) from (/system/etc/init/tlogd.rc:198)
07-21 16:33:29.700 0 0 I [ 3996.658098] init: starting service 'tlogdshc'...
07-21 16:33:29.701 1563 17518 I am_uid_running: 10021
07-21 16:33:29.703 1563 17518 I am_kill : [0,15114,com.microsoft.emmx,905,empty #2]
07-21 16:33:29.711 1563 1701 I am_proc_start: [0,15169,10021,android.process.media,broadcast,{com.android.providers.downloads/com.android.providers.downloads.DownloadReceiver}]
07-21 16:33:29.728 0 0 I [ 3996.685513] binder: 15169:15169 ioctl 40046210 7ff1724834 returned -22
07-21 16:33:29.731 1563 17518 I am_proc_died: [0,15114,com.microsoft.emmx,905,19]
07-21 16:33:29.731 1563 17518 I am_uid_stopped: 10037
07-21 16:33:29.733 1563 9082 I am_proc_bound: [0,15169,android.process.media]
07-21 16:33:29.816 0 0 I [ 3996.775272] init: Service 'tlogdshc' (pid 15167) exited with status 0 oneshot service took 0.114000 seconds in background
07-21 16:33:29.817 0 0 I [ 3996.775298] init: Sending signal 9 to service 'tlogdshc' (pid 15167) process group...
07-21 16:33:29.817 0 0 I [ 3996.775505] libprocessgroup: Successfully killed process cgroup uid 0 pid 15167 in 0ms
07-21 16:33:29.820 1563 9082 I am_kill : [0,15019,com.android.keychain,905,empty #2]
07-21 16:33:29.823 1563 1700 I am_uid_running: 10028
07-21 16:33:29.832 1563 1701 I am_proc_start: [0,15193,10028,com.android.documentsui,broadcast,{com.android.documentsui/com.android.documentsui.PackageReceiver}]
07-21 16:33:29.840 1563 9082 I am_proc_died: [0,15019,com.android.keychain,905,19]
07-21 16:33:29.857 0 0 I [ 3996.812460] binder: 15193:15193 ioctl 40046210 7ff1724834 returned -22
07-21 16:33:29.859 1563 9082 I am_proc_bound: [0,15193,com.android.documentsui]
07-21 16:33:29.910 1563 2056 I am_uid_running: 10031
07-21 16:33:29.923 1563 1701 I am_proc_start: [0,15219,10031,com.android.externalstorage,content provider,{com.android.externalstorage/com.android.externalstorage.ExternalStorageProvider}]
07-21 16:33:29.936 1563 2056 I am_kill : [0,15169,android.process.media,905,empty #2]
07-21 16:33:29.944 0 0 I [ 3996.901379] binder: 15219:15219 ioctl 40046210 7ff1724834 returned -22
07-21 16:33:29.949 1563 9082 I am_proc_bound: [0,15219,com.android.externalstorage]
07-21 16:33:29.954 1563 2064 I am_kill : [0,15193,com.android.documentsui,905,empty #2]
07-21 16:33:29.958 1563 2064 I am_uid_running: 10037
07-21 16:33:29.966 1563 2056 I am_proc_died: [0,15169,android.process.media,905,19]
07-21 16:33:29.967 1563 2056 I am_uid_stopped: 10021
07-21 16:33:29.969 1563 1701 I am_proc_start: [0,15236,10037,com.microsoft.emmx,broadcast,{com.microsoft.emmx/org.chromium.chrome.browser.browserservices.InstalledWebappBroadcastReceiver}]
07-21 16:33:29.981 1563 9082 I am_proc_died: [0,15193,com.android.documentsui,905,19]
07-21 16:33:29.982 1563 9082 I am_uid_stopped: 10028
07-21 16:33:29.992 0 0 I [ 3996.948442] binder: 15236:15236 ioctl 40046210 7ff1724834 returned -22
07-21 16:33:29.993 1563 3528 I am_proc_bound: [0,15236,com.microsoft.emmx]
07-21 16:33:30.216 1563 9082 I am_uid_running: 10021
07-21 16:33:30.218 1563 9082 I am_kill : [0,15219,com.android.externalstorage,905,empty #2]
07-21 16:33:30.227 1563 1701 I am_proc_start: [0,15280,10021,android.process.media,broadcast,{com.android.providers.downloads/com.android.providers.downloads.DownloadReceiver}]
07-21 16:33:30.240 1563 9082 I am_proc_died: [0,15219,com.android.externalstorage,905,19]
07-21 16:33:30.240 1563 9082 I am_uid_stopped: 10031
07-21 16:33:30.249 0 0 I [ 3997.206261] binder: 15280:15280 ioctl 40046210 7ff1724834 returned -22
07-21 16:33:30.253 1563 9082 I am_proc_bound: [0,15280,android.process.media]
07-21 16:33:30.324 1563 2230 I am_kill : [0,15236,com.microsoft.emmx,905,empty #2]
07-21 16:33:30.326 1563 1700 I am_uid_running: 10028
07-21 16:33:30.342 1563 1701 I am_proc_start: [0,15303,10028,com.android.documentsui,broadcast,{com.android.documentsui/com.android.documentsui.PackageReceiver}]
07-21 16:33:30.357 1563 2230 I am_proc_died: [0,15236,com.microsoft.emmx,905,19]
07-21 16:33:30.357 1563 2230 I am_uid_stopped: 10037
07-21 16:33:30.368 0 0 I [ 3997.325631] binder: 15303:15303 ioctl 40046210 7ff1724834 returned -22
07-21 16:33:30.375 1563 2056 I am_proc_bound: [0,15303,com.android.documentsui]
07-21 16:33:30.432 1563 2230 I am_uid_running: 10031
07-21 16:33:30.443 1563 2056 I am_kill : [0,15303,com.android.documentsui,915,empty #2]
07-21 16:33:30.450 1563 1701 I am_proc_start: [0,15330,10031,com.android.externalstorage,content provider,{com.android.externalstorage/com.android.externalstorage.ExternalStorageProvider}]
07-21 16:33:30.459 1563 2056 I am_uid_running: 10037
07-21 16:33:30.476 1563 1701 I am_proc_start: [0,15345,10037,com.microsoft.emmx,broadcast,{com.microsoft.emmx/org.chromium.chrome.browser.browserservices.InstalledWebappBroadcastReceiver}]
07-21 16:33:30.476 0 0 I [ 3997.432899] binder: 15330:15330 ioctl 40046210 7ff1724834 returned -22
07-21 16:33:30.476 1563 3528 I am_proc_bound: [0,15330,com.android.externalstorage]
07-21 16:33:30.485 1563 2056 I am_proc_died: [0,15303,com.android.documentsui,915,19]
07-21 16:33:30.486 1563 2056 I am_uid_stopped: 10028
07-21 16:33:30.487 1563 2056 I am_kill : [0,15280,android.process.media,915,empty #2]
07-21 16:33:30.504 0 0 I [ 3997.460214] binder: 15345:15345 ioctl 40046210 7ff1724834 returned -22
07-21 16:33:30.509 1563 3528 I am_proc_died: [0,15280,android.process.media,915,19]
07-21 16:33:30.510 1563 3528 I am_uid_stopped: 10021
07-21 16:33:30.511 1563 2056 I am_proc_bound: [0,15345,com.microsoft.emmx]
07-21 16:33:30.740 1563 2230 I am_uid_running: 10021
07-21 16:33:30.742 1563 2230 I am_kill : [0,15330,com.android.externalstorage,905,empty #2]
07-21 16:33:30.762 1563 1701 I am_proc_start: [0,15391,10021,android.process.media,broadcast,{com.android.providers.downloads/com.android.providers.downloads.DownloadReceiver}]
07-21 16:33:30.768 1563 3528 I am_proc_died: [0,15330,com.android.externalstorage,905,19]
07-21 16:33:30.768 1563 3528 I am_uid_stopped: 10031
07-21 16:33:30.784 0 0 I [ 3997.743498] binder: 15391:15391 ioctl 40046210 7ff1724834 returned -22
07-21 16:33:30.792 1563 3528 I am_proc_bound: [0,15391,android.process.media]
07-21 16:33:30.857 1563 3528 I am_kill : [0,15345,com.microsoft.emmx,905,empty #2]
07-21 16:33:30.861 1563 1700 I am_uid_running: 10028
07-21 16:33:30.877 1563 1701 I am_proc_start: [0,15413,10028,com.android.documentsui,broadcast,{com.android.documentsui/com.android.documentsui.PackageReceiver}]
07-21 16:33:30.884 1563 3528 I am_proc_died: [0,15345,com.microsoft.emmx,905,19]
07-21 16:33:30.885 1563 3528 I am_uid_stopped: 10037
07-21 16:33:30.916 0 0 I [ 3997.874258] binder: 15413:15413 ioctl 40046210 7ff1724834 returned -22
07-21 16:33:30.924 1563 3528 I am_proc_bound: [0,15413,com.android.documentsui]
07-21 16:33:30.990 1563 2230 I am_uid_running: 2000
07-21 16:33:31.001 1563 3528 I am_kill : [0,15413,com.android.documentsui,915,empty #2]
07-21 16:33:31.011 1563 1701 I am_proc_start: [0,15440,2000,com.android.shell,content provider,{com.android.shell/com.android.shell.BugreportStorageProvider}]
07-21 16:33:31.021 1563 2221 I am_uid_running: 10037
07-21 16:33:31.032 0 0 I [ 3997.988773] binder: 15440:15440 ioctl 40046210 7ff1724834 returned -22
07-21 16:33:31.035 1563 3528 I am_proc_bound: [0,15440,com.android.shell]
07-21 16:33:31.045 1563 1701 I am_proc_start: [0,15455,10037,com.microsoft.emmx,broadcast,{com.microsoft.emmx/org.chromium.chrome.browser.browserservices.InstalledWebappBroadcastReceiver}]
07-21 16:33:31.049 1563 3528 I am_proc_died: [0,15413,com.android.documentsui,915,19]
07-21 16:33:31.050 1563 3528 I am_uid_stopped: 10028
07-21 16:33:31.051 1563 3528 I am_kill : [0,15391,android.process.media,915,empty #2]
07-21 16:33:31.073 0 0 I [ 3998.030218] binder: 15455:15455 ioctl 40046210 7ff1724834 returned -22
07-21 16:33:31.076 1563 3528 I am_proc_bound: [0,15455,com.microsoft.emmx]
07-21 16:33:31.085 1563 9082 I am_proc_died: [0,15391,android.process.media,915,19]
07-21 16:33:31.086 1563 9082 I am_uid_stopped: 10021
07-21 16:33:31.222 1563 1689 I commit_sys_config_file: [jobs,3]
07-21 16:33:31.298 1563 2221 I am_uid_running: 10021
07-21 16:33:31.300 1563 2221 I am_kill : [0,15440,com.android.shell,905,empty #2]
07-21 16:33:31.313 1563 1701 I am_proc_start: [0,15501,10021,android.process.media,broadcast,{com.android.providers.downloads/com.android.providers.downloads.DownloadReceiver}]
07-21 16:33:31.321 1563 2221 I am_proc_died: [0,15440,com.android.shell,905,19]
07-21 16:33:31.321 1563 2221 I am_uid_stopped: 2000
07-21 16:33:31.340 0 0 I [ 3998.299719] binder: 15501:15501 ioctl 40046210 7ff1724834 returned -22
07-21 16:33:31.345 1563 2221 I am_proc_bound: [0,15501,android.process.media]
07-21 16:33:31.410 1563 2221 I am_kill : [0,15455,com.microsoft.emmx,905,empty #2]
07-21 16:33:31.412 1563 1700 I am_uid_running: 10028
07-21 16:33:31.427 1563 1701 I am_proc_start: [0,15523,10028,com.android.documentsui,broadcast,{com.android.documentsui/com.android.documentsui.PackageReceiver}]
07-21 16:33:31.436 1563 9082 I am_proc_died: [0,15455,com.microsoft.emmx,905,19]
07-21 16:33:31.437 1563 9082 I am_uid_stopped: 10037
07-21 16:33:31.456 0 0 I [ 3998.412985] binder: 15523:15523 ioctl 40046210 7ff1724834 returned -22
07-21 16:33:31.461 1563 9082 I am_proc_bound: [0,15523,com.android.documentsui]
07-21 16:33:31.511 1563 9082 I am_uid_running: 10031
07-21 16:33:31.527 1563 1701 I am_proc_start: [0,15550,10031,com.android.externalstorage,content provider,{com.android.externalstorage/com.android.externalstorage.ExternalStorageProvider}]
07-21 16:33:31.531 1563 3528 I am_kill : [0,15501,android.process.media,905,empty #2]
07-21 16:33:31.550 1563 2226 I am_uid_running: 10037
07-21 16:33:31.553 0 0 I [ 3998.511798] binder: 15550:15550 ioctl 40046210 7ff1724834 returned -22
07-21 16:33:31.558 1563 9082 I am_proc_died: [0,15501,android.process.media,905,19]
07-21 16:33:31.558 1563 9082 I am_uid_stopped: 10021
07-21 16:33:31.561 1563 2390 I am_proc_bound: [0,15550,com.android.externalstorage]
07-21 16:33:31.567 1563 1701 I am_proc_start: [0,15566,10037,com.microsoft.emmx,broadcast,{com.microsoft.emmx/org.chromium.chrome.browser.browserservices.InstalledWebappBroadcastReceiver}]
07-21 16:33:31.597 1563 2390 I am_proc_bound: [0,15566,com.microsoft.emmx]
07-21 16:33:31.597 0 0 I [ 3998.554046] binder: 15566:15566 ioctl 40046210 7ff1724834 returned -22
07-21 16:33:31.599 1563 2390 I am_kill : [0,15523,com.android.documentsui,905,empty #2]
07-21 16:33:31.622 0 0 I [ 3998.580594] binder: undelivered TRANSACTION_COMPLETE
07-21 16:33:31.622 0 0 I [ 3998.580602] binder: undelivered transaction 1832100, process died.
07-21 16:33:31.622 1563 9082 I am_proc_died: [0,15523,com.android.documentsui,905,19]
07-21 16:33:31.623 1563 9082 I am_uid_stopped: 10028
07-21 16:33:31.823 1563 9082 I am_uid_running: 10021
07-21 16:33:31.824 1563 9082 I am_kill : [0,15550,com.android.externalstorage,905,empty #2]
07-21 16:33:31.835 1563 1701 I am_proc_start: [0,15612,10021,android.process.media,broadcast,{com.android.providers.downloads/com.android.providers.downloads.DownloadReceiver}]
07-21 16:33:31.845 1563 9082 I am_proc_died: [0,15550,com.android.externalstorage,905,19]
07-21 16:33:31.846 1563 9082 I am_uid_stopped: 10031
07-21 16:33:31.860 0 0 I [ 3998.817736] binder: 15612:15612 ioctl 40046210 7ff1724834 returned -22
07-21 16:33:31.865 1563 9082 I am_proc_bound: [0,15612,android.process.media]
07-21 16:33:31.930 1563 9082 I am_kill : [0,15566,com.microsoft.emmx,905,empty #2]
07-21 16:33:31.933 1563 1700 I am_uid_running: 10028
07-21 16:33:31.951 1563 1701 I am_proc_start: [0,15634,10028,com.android.documentsui,broadcast,{com.android.documentsui/com.android.documentsui.PackageReceiver}]
07-21 16:33:31.964 1563 9082 I am_proc_died: [0,15566,com.microsoft.emmx,905,19]
07-21 16:33:31.965 1563 9082 I am_uid_stopped: 10037
07-21 16:33:31.984 0 0 I [ 3998.940941] binder: 15634:15634 ioctl 40046210 7ff1724834 returned -22
07-21 16:33:31.992 1563 9082 I am_proc_bound: [0,15634,com.android.documentsui]
07-21 16:33:32.044 1563 9082 I am_uid_running: 10031
07-21 16:33:32.061 1563 1701 I am_proc_start: [0,15660,10031,com.android.externalstorage,content provider,{com.android.externalstorage/com.android.externalstorage.ExternalStorageProvider}]
07-21 16:33:32.068 1563 6493 I am_kill : [0,15612,android.process.media,905,empty #2]
07-21 16:33:32.092 0 0 I [ 3999.048921] binder: 15660:15660 ioctl 40046210 7ff1724834 returned -22
07-21 16:33:32.092 1563 6493 I am_proc_bound: [0,15660,com.android.externalstorage]
07-21 16:33:32.095 1563 2221 I am_uid_running: 10037
07-21 16:33:32.097 1563 2221 I am_kill : [0,15634,com.android.documentsui,905,empty #2]
07-21 16:33:32.098 1563 9082 I am_proc_died: [0,15612,android.process.media,905,19]
07-21 16:33:32.098 1563 9082 I am_uid_stopped: 10021
07-21 16:33:32.099 1563 9082 I am_kill : [0,13428,com.thundercomm.gamemode.provider,915,empty #2]
07-21 16:33:32.104 1563 1701 I am_proc_start: [0,15676,10037,com.microsoft.emmx,broadcast,{com.microsoft.emmx/org.chromium.chrome.browser.browserservices.InstalledWebappBroadcastReceiver}]
07-21 16:33:32.120 0 0 I [ 3999.078344] binder: 15676:15676 ioctl 40046210 7ff1724834 returned -22
07-21 16:33:32.122 1563 9082 I am_proc_bound: [0,15676,com.microsoft.emmx]
07-21 16:33:32.128 1563 2221 I am_proc_died: [0,13428,com.thundercomm.gamemode.provider,915,19]
07-21 16:33:32.128 1563 2221 I am_uid_stopped: 10064
07-21 16:33:32.131 1563 9082 I am_proc_died: [0,15634,com.android.documentsui,905,19]
07-21 16:33:32.132 1563 9082 I am_uid_stopped: 10028
07-21 16:33:32.132 0 0 I [ 3999.090290] binder_alloc: 15634: binder_alloc_buf, no vma
07-21 16:33:32.132 0 0 I [ 3999.090297] binder: 1563:6493 transaction failed 29189/-3, size 1892-16 line 3240
07-21 16:33:32.220 0 0 I [ 3999.178487] logd: start watching /data/system/packages.list ...
07-21 16:33:32.220 0 0 I [ 3999.179756] logd: ReadPackageList, total packages: 124
07-21 16:33:32.222 1563 1740 I commit_sys_config_file: [package-user-0,2]
07-21 16:33:32.222 1563 1740 I commit_sys_config_file: [package,35]
07-21 16:33:32.381 1563 21017 I am_uid_running: 10021
07-21 16:33:32.383 1563 21017 I am_kill : [0,15660,com.android.externalstorage,905,empty #2]
07-21 16:33:32.391 1563 1701 I am_proc_start: [0,15727,10021,android.process.media,broadcast,{com.android.providers.downloads/com.android.providers.downloads.DownloadReceiver}]
07-21 16:33:32.404 0 0 I [ 3999.363705] binder: 15727:15727 ioctl 40046210 7ff1724834 returned -22
07-21 16:33:32.408 1563 9082 I am_proc_bound: [0,15727,android.process.media]
07-21 16:33:32.430 1563 2056 I am_proc_died: [0,15660,com.android.externalstorage,905,19]
07-21 16:33:32.430 1563 2056 I am_uid_stopped: 10031
07-21 16:33:32.513 1563 9082 I am_kill : [0,15676,com.microsoft.emmx,905,empty #2]
07-21 16:33:32.515 1563 1700 I am_uid_running: 10028
07-21 16:33:32.522 1563 1701 I am_proc_start: [0,15765,10028,com.android.documentsui,broadcast,{com.android.documentsui/com.android.documentsui.PackageReceiver}]
07-21 16:33:32.529 1563 1699 I sysui_multi_action: [757,1717,758,1,759,0]
07-21 16:33:32.529 1563 1699 I sysui_multi_action: [757,1717,758,2,759,0]
07-21 16:33:32.529 1563 1699 I sysui_multi_action: [757,1717,758,3,759,0]
07-21 16:33:32.537 0 0 I [ 3999.494677] binder: 15765:15765 ioctl 40046210 7ff1724834 returned -22
07-21 16:33:32.538 1563 19837 I am_proc_bound: [0,15765,com.android.documentsui]
07-21 16:33:32.558 1563 19837 I am_proc_died: [0,15676,com.microsoft.emmx,905,19]
07-21 16:33:32.558 1563 19837 I am_uid_stopped: 10037
07-21 16:33:32.608 1563 19837 I am_kill : [0,15727,android.process.media,905,empty #2]
07-21 16:33:32.618 1563 19837 I am_uid_running: 10031
07-21 16:33:32.625 1563 12235 I am_uid_running: 10037
07-21 16:33:32.627 1563 1701 I am_proc_start: [0,15791,10031,com.android.externalstorage,content provider,{com.android.externalstorage/com.android.externalstorage.ExternalStorageProvider}]
07-21 16:33:32.634 1563 12235 I am_proc_died: [0,15727,android.process.media,905,19]
07-21 16:33:32.635 1563 12235 I am_uid_stopped: 10021
07-21 16:33:32.637 1563 1701 I am_proc_start: [0,15798,10037,com.microsoft.emmx,broadcast,{com.microsoft.emmx/org.chromium.chrome.browser.browserservices.InstalledWebappBroadcastReceiver}]
07-21 16:33:32.640 0 0 I [ 3999.599363] binder: 15791:15791 ioctl 40046210 7ff1724834 returned -22
07-21 16:33:32.642 1563 9082 I am_proc_bound: [0,15791,com.android.externalstorage]
07-21 16:33:32.647 0 0 I [ 3999.604155] binder: 15798:15798 ioctl 40046210 7ff1724834 returned -22
07-21 16:33:32.647 1563 9082 I am_proc_bound: [0,15798,com.microsoft.emmx]
07-21 16:33:32.651 1563 9082 I am_kill : [0,15765,com.android.documentsui,905,empty #2]
07-21 16:33:32.681 1563 12235 I am_proc_died: [0,15765,com.android.documentsui,905,19]
07-21 16:33:32.682 1563 12235 I am_uid_stopped: 10028
07-21 16:33:32.685 0 0 I [ 3999.640955] binder: undelivered transaction 1834253, process died.
07-21 16:33:32.874 1563 12235 I am_uid_running: 10021
07-21 16:33:32.876 1563 12235 I am_kill : [0,15791,com.android.externalstorage,905,empty #2]
07-21 16:33:32.892 1563 1701 I am_proc_start: [0,15860,10021,android.process.media,broadcast,{com.android.providers.downloads/com.android.providers.downloads.DownloadReceiver}]
07-21 16:33:32.913 0 0 I [ 3999.869564] binder: 15860:15860 ioctl 40046210 7ff1724834 returned -22
07-21 16:33:32.916 1563 21017 I am_proc_bound: [0,15860,android.process.media]
07-21 16:33:32.924 1563 21017 I am_proc_died: [0,15791,com.android.externalstorage,905,19]
07-21 16:33:32.925 1563 21017 I am_uid_stopped: 10031
07-21 16:33:32.986 1563 21017 I am_kill : [0,15798,com.microsoft.emmx,905,empty #2]
07-21 16:33:32.990 1563 1700 I am_uid_running: 10028
07-21 16:33:32.999 1563 1701 I am_proc_start: [0,15882,10028,com.android.documentsui,broadcast,{com.android.documentsui/com.android.documentsui.PackageReceiver}]
07-21 16:33:33.021 0 0 I [ 3999.979450] binder: 15882:15882 ioctl 40046210 7ff1724834 returned -22
07-21 16:33:33.026 1563 21017 I am_proc_bound: [0,15882,com.android.documentsui]
07-21 16:33:33.032 1563 26128 I am_proc_died: [0,15798,com.microsoft.emmx,905,19]
07-21 16:33:33.033 1563 26128 I am_uid_stopped: 10037
07-21 16:33:33.084 1563 21017 I am_uid_running: 10031
07-21 16:33:33.094 1563 1701 I am_proc_start: [0,15907,10031,com.android.externalstorage,content provider,{com.android.externalstorage/com.android.externalstorage.ExternalStorageProvider}]
07-21 16:33:33.103 1563 21017 I am_kill : [0,15860,android.process.media,905,empty #2]
07-21 16:33:33.116 0 0 I [ 4000.072723] binder: 15907:15907 ioctl 40046210 7ff1724834 returned -22
07-21 16:33:33.121 1563 2056 I am_proc_bound: [0,15907,com.android.externalstorage]
07-21 16:33:33.126 1563 26128 I am_kill : [0,15882,com.android.documentsui,905,empty #2]
07-21 16:33:33.138 1563 1791 I am_uid_running: 10037
07-21 16:33:33.144 1563 1791 I am_proc_died: [0,15860,android.process.media,905,19]
07-21 16:33:33.144 1563 1791 I am_uid_stopped: 10021
07-21 16:33:33.147 1563 1701 I am_proc_start: [0,15925,10037,com.microsoft.emmx,broadcast,{com.microsoft.emmx/org.chromium.chrome.browser.browserservices.InstalledWebappBroadcastReceiver}]
07-21 16:33:33.158 1563 26128 I am_proc_died: [0,15882,com.android.documentsui,905,19]
07-21 16:33:33.159 1563 26128 I am_uid_stopped: 10028
07-21 16:33:33.168 0 0 I [ 4000.126477] binder: 15925:15925 ioctl 40046210 7ff1724834 returned -22
07-21 16:33:33.175 1563 1791 I am_proc_bound: [0,15925,com.microsoft.emmx]
07-21 16:33:33.404 1563 1791 I am_uid_running: 10021
07-21 16:33:33.408 1563 1791 I am_kill : [0,15907,com.android.externalstorage,905,empty #2]
07-21 16:33:33.414 1563 1701 I am_proc_start: [0,15969,10021,android.process.media,broadcast,{com.android.providers.downloads/com.android.providers.downloads.DownloadReceiver}]
07-21 16:33:33.429 0 0 I [ 4000.385244] binder: 15969:15969 ioctl 40046210 7ff1724834 returned -22
07-21 16:33:33.429 1563 1791 I am_proc_bound: [0,15969,android.process.media]
07-21 16:33:33.433 1563 26128 I am_proc_died: [0,15907,com.android.externalstorage,905,19]
07-21 16:33:33.433 1563 26128 I am_uid_stopped: 10031
07-21 16:33:33.494 1563 26128 I am_kill : [0,15925,com.microsoft.emmx,905,empty #2]
07-21 16:33:33.522 1563 26128 I am_proc_died: [0,15925,com.microsoft.emmx,905,19]
07-21 16:33:33.523 1563 26128 I am_uid_stopped: 10037
07-21 16:33:34.762 1563 1815 I commit_sys_config_file: [settings-1-0,9]
07-21 16:33:37.077 1563 1845 I netstats_mobile_sample: [0,0,0,0,0,0,0,0,0,0,0,0,1689928417077]
07-21 16:33:37.077 1563 1845 I netstats_wifi_sample: [7915291,9402,12578970,20522,7915291,9402,12578970,20522,108253326,116677,10050884,18357,1689928417077]
07-21 16:33:37.075 689 689 I auditd : type=1400 audit(0.0:16299): avc: denied { add_name } for comm="Binder:689_1" name="globalAlert" scontext=u:r:netd:s0 tcontext=u:object_r:proc_net:s0 tclass=dir permissive=1
07-21 16:33:38.872 1563 1977 I commit_sys_config_file: [appops,3986435]
07-21 16:33:39.128 1563 1689 I commit_sys_config_file: [uri-grants,9]
07-21 16:33:39.226 1563 1690 I commit_sys_config_file: [warnings-config,6]
07-21 16:33:39.545 1563 1691 I input_focus: [Focus request 2a3ca17 com.android.launcher3/com.android.launcher3.uioverrides.QuickstepLauncher,reason=UpdateInputWindows]
07-21 16:33:39.567 1563 1826 I input_focus: [Focus leaving 28c4f40 com.android.launcher3/com.android.launcher3.uioverrides.QuickstepLauncher (server),reason=Waiting for window because NOT_VISIBLE]
07-21 16:33:39.590 1563 1826 I input_focus: [Focus entering 2a3ca17 com.android.launcher3/com.android.launcher3.uioverrides.QuickstepLauncher (server),reason=Window became focusable. Previous reason: NOT_VISIBLE]
07-21 16:33:40.432 1563 1826 I input_interaction: Interaction with: 2a3ca17 com.android.launcher3/com.android.launcher3.uioverrides.QuickstepLauncher (server), edge-swipe (server), swipe-up (server), PointerEventDispatcher0 (server),
07-21 16:33:40.611 1563 1691 I input_focus: [Focus request 28c4f40 com.android.launcher3/com.android.launcher3.uioverrides.QuickstepLauncher,reason=UpdateInputWindows]
07-21 16:33:40.636 1563 1826 I input_focus: [Focus entering 28c4f40 com.android.launcher3/com.android.launcher3.uioverrides.QuickstepLauncher (server),reason=setFocusedWindow]
07-21 16:33:40.884 0 0 I [ 4007.840988] sdcardfs: removing com.wandoujia.phoenix2
07-21 16:33:40.888 1563 1740 I commit_sys_config_file: [package-user-0,2]
07-21 16:33:40.888 1563 1740 I commit_sys_config_file: [package,37]
07-21 16:33:40.888 0 0 I [ 4007.844761] logd: start watching /data/system/packages.list ...
07-21 16:33:40.888 0 0 I [ 4007.846871] logd: ReadPackageList, total packages: 123
07-21 16:33:41.760 0 0 I [ 4008.718295] sdcardfs: removing com.tencent.qqlive
07-21 16:33:41.764 0 0 I [ 4008.721924] logd: start watching /data/system/packages.list ...
07-21 16:33:41.764 0 0 I [ 4008.723276] logd: ReadPackageList, total packages: 122
07-21 16:33:41.765 1563 1740 I commit_sys_config_file: [package-user-0,2]
07-21 16:33:41.765 1563 1740 I commit_sys_config_file: [package,38]
07-21 16:33:41.937 1563 1826 I input_interaction: Interaction with: 28c4f40 com.android.launcher3/com.android.launcher3.uioverrides.QuickstepLauncher (server), c461ca2 com.android.systemui.ImageWallpaper (server), edge-swipe (server), swipe-up (server), PointerEventDispatcher0 (server),
07-21 16:33:41.941 21043 21043 I force_gc: bg
07-21 16:33:41.942 2071 2071 I force_gc: bg
07-21 16:33:42.019 21043 21043 I force_gc: bg
07-21 16:33:42.027 1563 1886 I commit_sys_config_file: [session_index,2]
07-21 16:33:42.028 1563 1886 I commit_sys_config_file: [blobs_index,1]
07-21 16:33:42.029 1563 1886 I commit_sys_config_file: [session_index,1]
07-21 16:33:42.030 1563 1886 I commit_sys_config_file: [blobs_index,1]
07-21 16:33:42.032 1563 1846 I commit_sys_config_file: [net-policy,3999311]
07-21 16:33:42.034 1563 1846 I commit_sys_config_file: [net-policy,3999313]
07-21 16:33:42.034 1563 1845 I netstats_mobile_sample: [0,0,0,0,0,0,0,0,0,0,0,0,1689928422034]
07-21 16:33:42.034 1563 1845 I netstats_wifi_sample: [7923235,9417,12589640,20539,7923235,9417,12589640,20539,108351390,116805,10059036,18372,1689928422034]
07-21 16:33:42.078 1563 1845 I netstats_mobile_sample: [0,0,0,0,0,0,0,0,0,0,0,0,1689928422078]
07-21 16:33:42.078 1563 1845 I netstats_wifi_sample: [7923235,9417,12589640,20539,7923235,9417,12589640,20539,108351390,116805,10059036,18372,1689928422078]
07-21 16:33:42.079 1563 1701 I am_proc_start: [0,16006,1000,com.android.keychain,service,{com.android.keychain/com.android.keychain.KeyChainService}]
07-21 16:33:42.080 1563 1700 I am_uid_running: 10028
07-21 16:33:42.088 1563 1701 I am_proc_start: [0,16008,10028,com.android.documentsui,broadcast,{com.android.documentsui/com.android.documentsui.PackageReceiver}]
07-21 16:33:42.104 0 0 I [ 4009.060883] binder: 16006:16006 ioctl 40046210 7ff1724834 returned -22
07-21 16:33:42.114 0 0 I [ 4009.068373] binder: 16008:16008 ioctl 40046210 7ff1724834 returned -22
07-21 16:33:42.112 1563 21017 I am_proc_bound: [0,16006,com.android.keychain]
07-21 16:33:42.113 1563 1563 I notification_cancel_all: [1000,1563,com.wandoujia.phoenix2,0,0,0,5,NULL]
07-21 16:33:42.119 1563 1563 I notification_cancel_all: [1000,1563,com.tencent.qqlive,0,0,0,5,NULL]
07-21 16:33:42.119 1563 21009 I am_proc_bound: [0,16008,com.android.documentsui]
07-21 16:33:42.146 1563 21009 I am_kill : [0,15969,android.process.media,905,empty #2]
07-21 16:33:42.181 1563 26128 I am_proc_died: [0,15969,android.process.media,905,19]
07-21 16:33:42.182 1563 26128 I am_uid_stopped: 10021
07-21 16:33:42.200 1563 21017 I am_uid_running: 10031
07-21 16:33:42.209 1563 1701 I am_proc_start: [0,16052,10031,com.android.externalstorage,content provider,{com.android.externalstorage/com.android.externalstorage.ExternalStorageProvider}]
07-21 16:33:42.210 1563 26128 I am_kill : [0,16008,com.android.documentsui,905,empty #2]
07-21 16:33:42.241 0 0 I [ 4009.198254] binder: 16052:16052 ioctl 40046210 7ff1724834 returned -22
07-21 16:33:42.237 1563 2226 I am_uid_running: 10037
07-21 16:33:42.247 1563 21009 I am_proc_bound: [0,16052,com.android.externalstorage]
07-21 16:33:42.256 1563 1701 I am_proc_start: [0,16067,10037,com.microsoft.emmx,broadcast,{com.microsoft.emmx/org.chromium.chrome.browser.browserservices.InstalledWebappBroadcastReceiver}]
07-21 16:33:42.262 0 0 I [ 4009.219560] binder: undelivered transaction 1838417, process died.
07-21 16:33:42.262 1563 26128 I am_proc_died: [0,16008,com.android.documentsui,905,19]
07-21 16:33:42.263 1563 26128 I am_uid_stopped: 10028
07-21 16:33:42.264 1563 26128 I am_kill : [0,16006,com.android.keychain,915,empty #2]
07-21 16:33:42.272 0 0 I [ 4009.231188] binder: 16067:16067 ioctl 40046210 7ff1724834 returned -22
07-21 16:33:42.277 1563 1815 I commit_sys_config_file: [settings-1-0,9]
07-21 16:33:42.282 1563 9082 I am_proc_bound: [0,16067,com.microsoft.emmx]
07-21 16:33:42.301 1563 2390 I am_proc_died: [0,16006,com.android.keychain,0,6]
07-21 16:33:42.302 1563 2390 I am_schedule_service_restart: [0,com.android.keychain/.KeyChainService,1000]
07-21 16:33:42.303 0 0 I [ 4009.260165] binder: undelivered transaction 1838739, process died.
07-21 16:33:42.303 0 0 I [ 4009.260170] binder: undelivered transaction 1838745, process died.
07-21 16:33:42.303 0 0 I [ 4009.260289] binder: undelivered transaction 1838730, process died.
07-21 16:33:42.382 1563 1689 I commit_sys_config_file: [notification-policy,4000039]
07-21 16:33:42.438 1563 1815 I commit_sys_config_file: [settings-3-0,3]
07-21 16:33:42.516 1563 2226 I am_uid_running: 10021
07-21 16:33:42.517 1563 2226 I am_kill : [0,16052,com.android.externalstorage,905,empty #2]
07-21 16:33:42.527 1563 1701 I am_proc_start: [0,16129,10021,android.process.media,broadcast,{com.android.providers.downloads/com.android.providers.downloads.DownloadReceiver}]
07-21 16:33:42.538 1563 2226 I am_proc_died: [0,16052,com.android.externalstorage,905,19]
07-21 16:33:42.539 1563 2226 I am_uid_stopped: 10031
07-21 16:33:42.548 0 0 I [ 4009.506282] binder: 16129:16129 ioctl 40046210 7ff1724834 returned -22
07-21 16:33:42.552 1563 2226 I am_proc_bound: [0,16129,android.process.media]
07-21 16:33:42.616 1563 2226 I am_kill : [0,16067,com.microsoft.emmx,905,empty #2]
07-21 16:33:42.618 1563 1700 I am_uid_running: 10028
07-21 16:33:42.629 1563 1701 I am_proc_start: [0,16156,10028,com.android.documentsui,broadcast,{com.android.documentsui/com.android.documentsui.PackageReceiver}]
07-21 16:33:42.646 1563 2226 I am_proc_died: [0,16067,com.microsoft.emmx,905,19]
07-21 16:33:42.646 1563 2226 I am_uid_stopped: 10037
07-21 16:33:42.653 0 0 I [ 4009.608634] binder: 16156:16156 ioctl 40046210 7ff1724834 returned -22
07-21 16:33:42.655 1563 2226 I am_proc_bound: [0,16156,com.android.documentsui]
07-21 16:33:42.704 1563 2226 I am_uid_running: 10031
07-21 16:33:42.714 1563 1701 I am_proc_start: [0,16187,10031,com.android.externalstorage,content provider,{com.android.externalstorage/com.android.externalstorage.ExternalStorageProvider}]
07-21 16:33:42.730 1563 9082 I am_kill : [0,16129,android.process.media,905,empty #2]
07-21 16:33:42.740 0 0 I [ 4009.697286] binder: 16187:16187 ioctl 40046210 7ff1724834 returned -22
07-21 16:33:42.746 1563 26128 I am_proc_bound: [0,16187,com.android.externalstorage]
07-21 16:33:42.750 1563 2226 I am_kill : [0,16156,com.android.documentsui,905,empty #2]
07-21 16:33:42.754 1563 9082 I am_uid_running: 10037
07-21 16:33:42.765 1563 1701 I am_proc_start: [0,16205,10037,com.microsoft.emmx,broadcast,{com.microsoft.emmx/org.chromium.chrome.browser.browserservices.InstalledWebappBroadcastReceiver}]
07-21 16:33:42.770 1563 9082 I am_proc_died: [0,16129,android.process.media,905,19]
07-21 16:33:42.771 1563 9082 I am_uid_stopped: 10021
07-21 16:33:42.784 1563 9082 I am_proc_died: [0,16156,com.android.documentsui,905,19]
07-21 16:33:42.785 1563 9082 I am_uid_stopped: 10028
07-21 16:33:42.789 0 0 I [ 4009.746328] binder: 16205:16205 ioctl 40046210 7ff1724834 returned -22
07-21 16:33:42.792 1563 2226 I am_proc_bound: [0,16205,com.microsoft.emmx]
07-21 16:33:43.018 1563 2226 I am_uid_running: 10021
07-21 16:33:43.020 1563 2226 I am_kill : [0,16187,com.android.externalstorage,905,empty #2]
07-21 16:33:43.037 1563 1701 I am_proc_start: [0,16251,10021,android.process.media,broadcast,{com.android.providers.downloads/com.android.providers.downloads.DownloadReceiver}]
07-21 16:33:43.060 1563 9082 I am_proc_died: [0,16187,com.android.externalstorage,905,19]
07-21 16:33:43.061 1563 9082 I am_uid_stopped: 10031
07-21 16:33:43.063 0 0 I [ 4010.022679] binder: 16251:16251 ioctl 40046210 7ff1724834 returned -22
07-21 16:33:43.070 1563 26128 I am_proc_bound: [0,16251,android.process.media]
07-21 16:33:43.132 1563 26128 I am_kill : [0,16205,com.microsoft.emmx,905,empty #2]
07-21 16:33:43.163 1563 9082 I am_proc_died: [0,16205,com.microsoft.emmx,905,19]
07-21 16:33:43.163 1563 9082 I am_uid_stopped: 10037
07-21 16:33:43.313 1563 1701 I am_proc_start: [0,16276,1000,com.android.keychain,service,{com.android.keychain/com.android.keychain.KeyChainService}]
07-21 16:33:43.329 0 0 I [ 4010.287855] binder: 16276:16276 ioctl 40046210 7ff1724834 returned -22
07-21 16:33:43.331 1563 9082 I am_proc_bound: [0,16276,com.android.keychain]
07-21 16:33:44.189 2587 2587 I view_enqueue_input_event: [Motion - Cancel,com.android.launcher3/com.android.launcher3.uioverrides.QuickstepLauncher]
07-21 16:33:44.198 1563 1826 I input_interaction: Interaction with: edge-swipe (server), swipe-up (server), PointerEventDispatcher0 (server),
07-21 16:33:44.336 1563 1815 I commit_sys_config_file: [settings-1-0,6] --------- beginning of system
07-21 16:33:44.353 1563 1563 D PowerManagerService: updateDisplayPowerStateLocked: displayReady=true, groupId=0, policy=BRIGHT, mWakefulness=Awake, mWakeLockSummary=0x23, mUserActivitySummary=0x1, mBootCompleted=true, screenBrightnessOverride=NaN, useAutoBrightness=false, mScreenBrightnessBoostInProgress=false, mIsVrModeEnabled= false, sQuiescent=false
07-21 16:33:44.353 1563 1563 D PowerManagerNotifier: onWakeLockAcquired: flags=536870922, tag="WindowManager", packageName=android, ownerUid=1000, ownerPid=1563, workSource=WorkSource{10080}
07-21 16:33:44.379 1563 1826 D PowerManagerService: userActivityNoUpdateLocked: groupId=0, eventTime=4011338, event=2, flags=0x0, uid=1000
07-21 16:33:44.379 1563 1826 D PowerManagerNotifier: onUserActivity: event=2, uid=1000
07-21 16:33:44.379 1563 1826 D PowerManagerService: updateUserActivitySummaryLocked: groupId=0, mWakefulness=Awake, mUserActivitySummary=0x1, nextTimeout=4071338 (in 60000 ms)
07-21 16:33:44.379 1563 1826 D PowerManagerNotifier: onScreenPolicyUpdate: newPolicy=3
07-21 16:33:44.379 1563 1826 D PowerManagerService: updateDisplayPowerStateLocked: displayReady=true, groupId=0, policy=BRIGHT, mWakefulness=Awake, mWakeLockSummary=0x23, mUserActivitySummary=0x1, mBootCompleted=true, screenBrightnessOverride=NaN, useAutoBrightness=false, mScreenBrightnessBoostInProgress=false, mIsVrModeEnabled= false, sQuiescent=false
07-21 16:33:44.392 1563 16297 D PowerManagerService: releaseWakeLockInternal: lock=258260044 [*vibrator*], flags=0x0
07-21 16:33:44.392 1563 16297 D PowerManagerNotifier: onWakeLockReleased: flags=1, tag="*vibrator*", packageName=android, ownerUid=1000, ownerPid=1563, workSource=WorkSource{10079}
07-21 16:33:44.392 1563 16297 D PowerManagerService: updateWakeLockSummaryLocked: mWakefulness=Awake, mWakeLockSummary=0x23
07-21 16:33:44.392 1563 16297 D PowerManagerService: updateUserActivitySummaryLocked: groupId=0, mWakefulness=Awake, mUserActivitySummary=0x1, nextTimeout=4071338 (in 59987 ms)
07-21 16:33:44.392 1563 16297 D PowerManagerNotifier: onScreenPolicyUpdate: newPolicy=3
07-21 16:33:44.392 1563 16297 D PowerManagerService: updateDisplayPowerStateLocked: displayReady=true, groupId=0, policy=BRIGHT, mWakefulness=Awake, mWakeLockSummary=0x23, mUserActivitySummary=0x1, mBootCompleted=true, screenBrightnessOverride=NaN, useAutoBrightness=false, mScreenBrightnessBoostInProgress=false, mIsVrModeEnabled= false, sQuiescent=false
07-21 16:33:44.480 1563 1826 D PowerManagerService: userActivityNoUpdateLocked: groupId=0, eventTime=4011438, event=2, flags=0x0, uid=1000
07-21 16:33:44.480 1563 1826 D PowerManagerNotifier: onUserActivity: event=2, uid=1000
07-21 16:33:44.480 1563 1826 D PowerManagerService: updateUserActivitySummaryLocked: groupId=0, mWakefulness=Awake, mUserActivitySummary=0x1, nextTimeout=4071438 (in 59999 ms)
07-21 16:33:44.480 1563 1826 D PowerManagerNotifier: onScreenPolicyUpdate: newPolicy=3
07-21 16:33:44.480 1563 1826 D PowerManagerService: updateDisplayPowerStateLocked: displayReady=true, groupId=0, policy=BRIGHT, mWakefulness=Awake, mWakeLockSummary=0x23, mUserActivitySummary=0x1, mBootCompleted=true, screenBrightnessOverride=NaN, useAutoBrightness=false, mScreenBrightnessBoostInProgress=false, mIsVrModeEnabled= false, sQuiescent=false
07-21 16:33:44.484 1563 1563 I service_manager_stats: [100,95,15205]
07-21 16:33:44.496 1563 2230 D FreeFormWindowHelper: Current Display FreeFormTask is null
07-21 16:33:44.496 1563 21026 D FreeFormWindowHelper: Current Display FreeFormTask is null
07-21 16:33:44.513 1563 9105 D FreeFormWindowHelper: Current Display FreeFormTask is null
07-21 16:33:44.513 1563 21009 D FreeFormWindowHelper: Current Display FreeFormTask is null
07-21 16:33:44.529 1563 9105 D FreeFormWindowHelper: Current Display FreeFormTask is null
07-21 16:33:44.530 1563 6494 D FreeFormWindowHelper: Current Display FreeFormTask is null
07-21 16:33:44.546 1563 2230 D FreeFormWindowHelper: Current Display FreeFormTask is null
07-21 16:33:44.546 1563 9105 D FreeFormWindowHelper: Current Display FreeFormTask is null
07-21 16:33:44.563 1563 19837 D FreeFormWindowHelper: Current Display FreeFormTask is null
07-21 16:33:44.564 1563 6494 D FreeFormWindowHelper: Current Display FreeFormTask is null
07-21 16:33:44.581 1563 21026 D FreeFormWindowHelper: Current Display FreeFormTask is null
07-21 16:33:44.581 1563 17518 D FreeFormWindowHelper: Current Display FreeFormTask is null
07-21 16:33:44.599 1563 19837 D FreeFormWindowHelper: Current Display FreeFormTask is null
07-21 16:33:44.599 1563 19837 D FreeFormWindowHelper: Current Display FreeFormTask is null
07-21 16:33:44.616 1563 19837 D PowerManagerService: releaseWakeLockInternal: lock=199516543 [WindowManager], flags=0x0
07-21 16:33:44.616 1563 19837 D PowerManagerNotifier: onWakeLockReleased: flags=536870922, tag="WindowManager", packageName=android, ownerUid=1000, ownerPid=1563, workSource=WorkSource{10080}
07-21 16:33:44.616 1563 19837 D PowerManagerService: userActivityNoUpdateLocked: groupId=0, eventTime=4011576, event=0, flags=0x1, uid=1000
07-21 16:33:44.617 1563 19837 D PowerManagerNotifier: onUserActivity: event=0, uid=1000
07-21 16:33:44.617 1563 19837 D PowerManagerService: updateWakeLockSummaryLocked: mWakefulness=Awake, mWakeLockSummary=0x0
07-21 16:33:44.617 1563 19837 D PowerManagerService: updateUserActivitySummaryLocked: groupId=0, mWakefulness=Awake, mUserActivitySummary=0x1, nextTimeout=4071438 (in 59862 ms)
07-21 16:33:44.617 1563 19837 D PowerManagerNotifier: onScreenPolicyUpdate: newPolicy=3
07-21 16:33:44.617 1563 19837 D PowerManagerService: updateDisplayPowerStateLocked: displayReady=true, groupId=0, policy=BRIGHT, mWakefulness=Awake, mWakeLockSummary=0x0, mUserActivitySummary=0x1, mBootCompleted=true, screenBrightnessOverride=NaN, useAutoBrightness=false, mScreenBrightnessBoostInProgress=false, mIsVrModeEnabled= false, sQuiescent=false
07-21 16:33:44.617 1563 19837 D PowerManagerService: Releasing suspend blocker "PowerManagerService.WakeLocks".
07-21 16:33:44.618 1563 19837 W NotificationService: Toast already killed. pkg=com.android.launcher3 token=android.os.BinderProxy@c306bff
07-21 16:33:44.619 1563 21026 D FreeFormWindowHelper: Current Display FreeFormTask is null
07-21 16:33:44.619 1563 19837 D FreeFormWindowHelper: Current Display FreeFormTask is null
07-21 16:33:44.631 1563 21026 D FreeFormWindowHelper: Current Display FreeFormTask is null
07-21 16:33:44.631 1563 2230 D FreeFormWindowHelper: Current Display FreeFormTask is null
07-21 16:33:44.647 1563 19837 D FreeFormWindowHelper: Current Display FreeFormTask is null
07-21 16:33:44.648 1563 21026 D FreeFormWindowHelper: Current Display FreeFormTask is null
07-21 16:33:44.665 1563 9105 D FreeFormWindowHelper: Current Display FreeFormTask is null
07-21 16:33:44.665 1563 9105 D FreeFormWindowHelper: Current Display FreeFormTask is null
07-21 16:33:44.681 1563 6494 D FreeFormWindowHelper: Current Display FreeFormTask is null
07-21 16:33:44.681 1563 6494 D FreeFormWindowHelper: Current Display FreeFormTask is null
07-21 16:33:44.692 1563 1815 I commit_sys_config_file: [settings-1-0,8]
07-21 16:33:44.698 1563 19837 D FreeFormWindowHelper: Current Display FreeFormTask is null
07-21 16:33:44.698 1563 19837 D FreeFormWindowHelper: Current Display FreeFormTask is null
07-21 16:33:44.714 1563 2230 D FreeFormWindowHelper: Current Display FreeFormTask is null
07-21 16:33:44.714 1563 2230 D FreeFormWindowHelper: Current Display FreeFormTask is null
07-21 16:33:44.731 1563 19837 D FreeFormWindowHelper: Current Display FreeFormTask is null
07-21 16:33:44.731 1563 9105 D FreeFormWindowHelper: Current Display FreeFormTask is null
07-21 16:33:44.748 1563 2230 D FreeFormWindowHelper: Current Display FreeFormTask is null
07-21 16:33:44.748 1563 2056 D FreeFormWindowHelper: Current Display FreeFormTask is null
07-21 16:33:44.764 1563 19837 D FreeFormWindowHelper: Current Display FreeFormTask is null
07-21 16:33:44.765 1563 19837 D FreeFormWindowHelper: Current Display FreeFormTask is null
07-21 16:33:44.781 1563 2230 D FreeFormWindowHelper: Current Display FreeFormTask is null
07-21 16:33:44.781 1563 19837 D FreeFormWindowHelper: Current Display FreeFormTask is null
07-21 16:33:44.799 1563 2230 D FreeFormWindowHelper: enterRecentTasks
07-21 16:33:44.799 1563 2230 D FreeFormWindowHelper: Current Display FreeFormTask is null
07-21 16:33:44.799 1563 2230 D FreeFormWindowHelper: Current Display FreeFormTask is null
07-21 16:33:44.800 1563 2230 D FreeFormWindowHelper: Current Display FreeFormTask is null
07-21 16:33:44.800 1563 2230 D FreeFormWindowHelper: Current Display FreeFormTask is null
07-21 16:33:44.821 1563 19837 D FreeFormWindowHelper: Current Display FreeFormTask is null
07-21 16:33:44.821 1563 19837 D FreeFormWindowHelper: Current Display FreeFormTask is null
07-21 16:33:45.154 1563 1826 I input_interaction: Interaction with: 28c4f40 com.android.launcher3/com.android.launcher3.uioverrides.QuickstepLauncher (server), c461ca2 com.android.systemui.ImageWallpaper (server), edge-swipe (server), swipe-up (server), PointerEventDispatcher0 (server),
07-21 16:33:45.155 1563 1826 D PowerManagerService: userActivityNoUpdateLocked: groupId=0, eventTime=4012112, event=2, flags=0x0, uid=1000
07-21 16:33:45.155 1563 1826 D PowerManagerNotifier: onUserActivity: event=2, uid=1000
07-21 16:33:45.156 1563 1826 D PowerManagerService: updateUserActivitySummaryLocked: groupId=0, mWakefulness=Awake, mUserActivitySummary=0x1, nextTimeout=4072112 (in 59997 ms)
07-21 16:33:45.156 1563 1826 D PowerManagerNotifier: onScreenPolicyUpdate: newPolicy=3
07-21 16:33:45.156 1563 1826 D PowerManagerService: updateDisplayPowerStateLocked: displayReady=true, groupId=0, policy=BRIGHT, mWakefulness=Awake, mWakeLockSummary=0x0, mUserActivitySummary=0x1, mBootCompleted=true, screenBrightnessOverride=NaN, useAutoBrightness=false, mScreenBrightnessBoostInProgress=false, mIsVrModeEnabled= false, sQuiescent=false
07-21 16:33:45.242 1563 19837 D FreeFormWindowHelper: recentTask : null
07-21 16:33:45.242 1563 19837 I wm_task_moved: [1,1,7]
07-21 16:33:45.244 1563 19837 I wm_set_resumed_activity: [0,com.android.launcher3/.uioverrides.QuickstepLauncher,positionChildAt]
07-21 16:33:45.245 1563 19837 I wm_task_moved: [77,1,7]
07-21 16:33:45.245 1563 19837 I wm_task_to_front: [0,77]
07-21 16:33:45.245 1563 19837 I wm_focused_root_task: [0,0,77,1,moveTaskToFront findTaskToMoveToFront]
07-21 16:33:45.246 1563 19837 I wm_set_resumed_activity: [0,com.tencent.tmgp.sgame/.SGameActivity,moveTaskToFront findTaskToMoveToFront]
07-21 16:33:45.249 1563 19837 I wm_pause_activity: [0,51676365,com.android.launcher3/.uioverrides.QuickstepLauncher,userLeaving=true,pauseBackTasks]
