07-21 16:34:25.575 1563 1563 I Telecom : InCallController: updateCarModeForConnections: car mode apps: : SSH.oR@AHw
07-21 16:34:25.577 1563 1563 I AlarmManager: App id 10116 lost SCHEDULE_EXACT_ALARM on update
07-21 16:34:25.577 1563 1563 I notification_cancel_all: [1000,1563,com.ss.android.article.news,0,0,0,5,NULL]
07-21 16:34:25.578 1563 1563 I ConditionProviders: Disallowing condition provider com.ss.android.article.news (userSet: true)
07-21 16:34:25.578 1563 1860 I GameModeConfig: isGameModeOn = true
07-21 16:34:25.579 1563 1860 I GameModeConfig: isGaming = false
07-21 16:34:25.579 1563 1860 I GameModeConfig: isGameModeOn = true
07-21 16:34:25.579 1563 1860 I GameModeConfig: isGaming = false
07-21 16:34:25.579 1563 1860 I GameModeConfig: isGameModeOn = true
07-21 16:34:25.579 1563 1860 I GameModeConfig: isGaming = false
07-21 16:34:25.579 1563 1860 I GameModeConfig: isGameModeOn = true
07-21 16:34:25.579 1563 1860 I GameModeConfig: isGaming = false
07-21 16:34:25.580 1563 1924 D PowerManagerService: acquireWakeLockInternal: lock=68651489, flags=0x1, tag="SyncLoopWakeLock", ws=null, uid=1000, pid=1563
07-21 16:34:25.580 1563 1924 D PowerManagerService: updateWakeLockSummaryLocked: mWakefulness=Awake, mWakeLockSummary=0x1
07-21 16:34:25.580 1563 1924 D PowerManagerService: updateUserActivitySummaryLocked: groupId=0, mWakefulness=Awake, mUserActivitySummary=0x1, nextTimeout=4102530 (in 49979 ms)
07-21 16:34:25.580 1563 1924 D PowerManagerNotifier: onScreenPolicyUpdate: newPolicy=3
07-21 16:34:25.580 1563 1924 D PowerManagerService: updateDisplayPowerStateLocked: displayReady=true, groupId=0, policy=BRIGHT, mWakefulness=Awake, mWakeLockSummary=0x1, mUserActivitySummary=0x1, mBootCompleted=true, screenBrightnessOverride=NaN, useAutoBrightness=false, mScreenBrightnessBoostInProgress=false, mIsVrModeEnabled= false, sQuiescent=false
07-21 16:34:25.580 1563 1924 D PowerManagerService: Acquiring suspend blocker "PowerManagerService.WakeLocks".
07-21 16:34:25.581 1563 1924 D PowerManagerNotifier: onWakeLockAcquired: flags=1, tag="SyncLoopWakeLock", packageName=android, ownerUid=1000, ownerPid=1563, workSource=null
07-21 16:34:25.581 1563 1563 I GameModeConfig: isGameModeOn = true
07-21 16:34:25.581 1563 1563 I GameModeConfig: isGaming = false
07-21 16:34:25.582 1563 1846 I service_manager_stats: [100,81,41111]
07-21 16:34:25.584 0 0 I [ 4052.555160] binder: 17452:17452 ioctl 40046210 7ff1724834 returned -22
07-21 16:34:25.590 1563 1699 I CompanionDeviceManagerService: Writing associations to disk: []
07-21 16:34:25.591 1563 10187 I am_proc_bound: [0,17452,com.android.keychain]
07-21 16:34:25.592 1563 1701 W ActivityManager: Slow operation: 57ms so far, now at startProcess: returned from zygote!
07-21 16:34:25.598 1563 1924 I commit_sys_config_file: [sync-accounts,56286]
07-21 16:34:25.598 1563 1701 W ActivityManager: Slow operation: 63ms so far, now at startProcess: done updating battery stats
07-21 16:34:25.598 1563 1701 I am_proc_start: [0,17467,10028,com.android.documentsui,broadcast,{com.android.documentsui/com.android.documentsui.PackageReceiver}]
07-21 16:34:25.598 1563 1701 W ActivityManager: Slow operation: 63ms so far, now at startProcess: building log message
07-21 16:34:25.598 1563 1701 I ActivityManager: Start proc 17467:com.android.documentsui/u0a28 for broadcast {com.android.documentsui/com.android.documentsui.PackageReceiver}
07-21 16:34:25.598 1563 1701 W ActivityManager: Slow operation: 63ms so far, now at startProcess: starting to update pids map
07-21 16:34:25.598 1563 1701 W ActivityManager: Slow operation: 64ms so far, now at startProcess: done updating pids map
07-21 16:34:25.598 1563 1924 I commit_sys_config_file: [sync-status,56285]
07-21 16:34:25.599 1563 1924 I commit_sys_config_file: [sync-stats,56286]
07-21 16:34:25.599 1563 1924 D PowerManagerService: releaseWakeLockInternal: lock=68651489 [SyncLoopWakeLock], flags=0x0
07-21 16:34:25.600 1563 1924 D PowerManagerNotifier: onWakeLockReleased: flags=1, tag="SyncLoopWakeLock", packageName=android, ownerUid=1000, ownerPid=1563, workSource=null
07-21 16:34:25.600 1563 1924 D PowerManagerService: updateWakeLockSummaryLocked: mWakefulness=Awake, mWakeLockSummary=0x0
07-21 16:34:25.600 1563 1924 D PowerManagerService: updateUserActivitySummaryLocked: groupId=0, mWakefulness=Awake, mUserActivitySummary=0x1, nextTimeout=4102530 (in 49959 ms)
07-21 16:34:25.600 1563 1924 D PowerManagerNotifier: onScreenPolicyUpdate: newPolicy=3
07-21 16:34:25.600 1563 1924 D PowerManagerService: updateDisplayPowerStateLocked: displayReady=true, groupId=0, policy=BRIGHT, mWakefulness=Awake, mWakeLockSummary=0x0, mUserActivitySummary=0x1, mBootCompleted=true, screenBrightnessOverride=NaN, useAutoBrightness=false, mScreenBrightnessBoostInProgress=false, mIsVrModeEnabled= false, sQuiescent=false
07-21 16:34:25.600 1563 1924 D PowerManagerService: Releasing suspend blocker "PowerManagerService.WakeLocks".
07-21 16:34:25.612 0 0 I [ 4052.582200] binder: 17467:17467 ioctl 40046210 7ff1724834 returned -22
07-21 16:34:25.654 1563 10187 I am_proc_bound: [0,17467,com.android.documentsui]
07-21 16:34:25.657 1563 10187 D CompatibilityChangeReporter: Compat change id reported: 168419799; UID 10028; state: DISABLED
07-21 16:34:25.708 1563 10187 I am_uid_running: 10031
07-21 16:34:25.708 1563 10187 D CompatibilityChangeReporter: Compat change id reported: 135634846; UID 10031; state: DISABLED
07-21 16:34:25.708 1563 10187 D CompatibilityChangeReporter: Compat change id reported: 177438394; UID 10031; state: DISABLED
07-21 16:34:25.708 1563 10187 D CompatibilityChangeReporter: Compat change id reported: 135772972; UID 10031; state: DISABLED
07-21 16:34:25.708 1563 10187 D CompatibilityChangeReporter: Compat change id reported: 135754954; UID 10031; state: ENABLED
07-21 16:34:25.709 1563 1701 D CompatibilityChangeReporter: Compat change id reported: 143937733; UID 10031; state: ENABLED
07-21 16:34:25.716 1563 1701 I am_proc_start: [0,17497,10031,com.android.externalstorage,content provider,{com.android.externalstorage/com.android.externalstorage.ExternalStorageProvider}]
07-21 16:34:25.716 1563 1701 I ActivityManager: Start proc 17497:com.android.externalstorage/u0a31 for content provider {com.android.externalstorage/com.android.externalstorage.ExternalStorageProvider}
07-21 16:34:25.735 0 0 I [ 4052.705650] binder: 17497:17497 ioctl 40046210 7ff1724834 returned -22
07-21 16:34:25.736 1563 13803 I ActivityManager: Killing 17467:com.android.documentsui/u0a28 (adj 905): empty #2
07-21 16:34:25.736 1563 13803 I am_kill : [0,17467,com.android.documentsui,905,empty #2]
07-21 16:34:25.744 1563 10187 I am_proc_bound: [0,17497,com.android.externalstorage]
07-21 16:34:25.746 1563 10187 D CompatibilityChangeReporter: Compat change id reported: 168419799; UID 10031; state: DISABLED
07-21 16:34:25.749 1563 13803 I ActivityManager: Killing 17452:com.android.keychain/1000 (adj 905): empty #2
07-21 16:34:25.749 1563 13803 I am_kill : [0,17452,com.android.keychain,905,empty #2]
07-21 16:34:25.762 1563 10187 D CompatibilityChangeReporter: Compat change id reported: 168419799; UID 1000; state: DISABLED
07-21 16:34:25.765 1563 1563 D PowerManagerService: acquireWakeLockInternal: lock=130422056, flags=0x1, tag="*job*/com.android.providers.media.module/com.android.providers.media.MediaService", ws=WorkSource{10093}, uid=1000, pid=1563
07-21 16:34:25.765 1563 1563 D PowerManagerService: updateWakeLockSummaryLocked: mWakefulness=Awake, mWakeLockSummary=0x1
07-21 16:34:25.765 1563 1563 D PowerManagerService: updateUserActivitySummaryLocked: groupId=0, mWakefulness=Awake, mUserActivitySummary=0x1, nextTimeout=4102530 (in 49794 ms)
07-21 16:34:25.765 1563 1563 D PowerManagerNotifier: onScreenPolicyUpdate: newPolicy=3
07-21 16:34:25.765 1563 1563 D PowerManagerService: updateDisplayPowerStateLocked: displayReady=true, groupId=0, policy=BRIGHT, mWakefulness=Awake, mWakeLockSummary=0x1, mUserActivitySummary=0x1, mBootCompleted=true, screenBrightnessOverride=NaN, useAutoBrightness=false, mScreenBrightnessBoostInProgress=false, mIsVrModeEnabled= false, sQuiescent=false
07-21 16:34:25.765 1563 1563 D PowerManagerService: Acquiring suspend blocker "PowerManagerService.WakeLocks".
07-21 16:34:25.766 1563 1563 D PowerManagerNotifier: onWakeLockAcquired: flags=1, tag="*job*/com.android.providers.media.module/com.android.providers.media.MediaService", packageName=android, ownerUid=1000, ownerPid=1563, workSource=WorkSource{10093}
07-21 16:34:25.767 1563 10187 D PowerManagerService: releaseWakeLockInternal: lock=130422056 [*job*/com.android.providers.media.module/com.android.providers.media.MediaService], flags=0x0
07-21 16:34:25.768 1563 10187 D PowerManagerNotifier: onWakeLockReleased: flags=1, tag="*job*/com.android.providers.media.module/com.android.providers.media.MediaService", packageName=android, ownerUid=1000, ownerPid=1563, workSource=WorkSource{10093}
07-21 16:34:25.768 1563 10187 D PowerManagerService: updateWakeLockSummaryLocked: mWakefulness=Awake, mWakeLockSummary=0x0
07-21 16:34:25.768 1563 10187 D PowerManagerService: updateUserActivitySummaryLocked: groupId=0, mWakefulness=Awake, mUserActivitySummary=0x1, nextTimeout=4102530 (in 49791 ms)
07-21 16:34:25.768 1563 10187 D PowerManagerNotifier: onScreenPolicyUpdate: newPolicy=3
07-21 16:34:25.768 1563 10187 D PowerManagerService: updateDisplayPowerStateLocked: displayReady=true, groupId=0, policy=BRIGHT, mWakefulness=Awake, mWakeLockSummary=0x0, mUserActivitySummary=0x1, mBootCompleted=true, screenBrightnessOverride=NaN, useAutoBrightness=false, mScreenBrightnessBoostInProgress=false, mIsVrModeEnabled= false, sQuiescent=false
07-21 16:34:25.768 1563 10187 D PowerManagerService: Releasing suspend blocker "PowerManagerService.WakeLocks".
07-21 16:34:25.770 1563 13803 I am_uid_running: 10037
07-21 16:34:25.771 1563 13803 D CompatibilityChangeReporter: Compat change id reported: 135634846; UID 10037; state: DISABLED
07-21 16:34:25.771 1563 13803 D CompatibilityChangeReporter: Compat change id reported: 177438394; UID 10037; state: DISABLED
07-21 16:34:25.771 1563 13803 D CompatibilityChangeReporter: Compat change id reported: 135772972; UID 10037; state: DISABLED
07-21 16:34:25.771 1563 13803 D CompatibilityChangeReporter: Compat change id reported: 135754954; UID 10037; state: ENABLED
07-21 16:34:25.771 1563 1701 D CompatibilityChangeReporter: Compat change id reported: 143937733; UID 10037; state: ENABLED
07-21 16:34:25.772 1563 26128 I am_proc_died: [0,17467,com.android.documentsui,905,19]
07-21 16:34:25.772 1563 26128 I am_uid_stopped: 10028
07-21 16:34:25.776 1563 1701 I am_proc_start: [0,17515,10037,com.microsoft.emmx,broadcast,{com.microsoft.emmx/org.chromium.chrome.browser.browserservices.InstalledWebappBroadcastReceiver}]
07-21 16:34:25.776 1563 1701 I ActivityManager: Start proc 17515:com.microsoft.emmx/u0a37 for broadcast {com.microsoft.emmx/org.chromium.chrome.browser.browserservices.InstalledWebappBroadcastReceiver}
07-21 16:34:25.780 1563 2231 I am_proc_died: [0,17452,com.android.keychain,905,19]
07-21 16:34:25.788 0 0 I [ 4052.759920] binder: 17515:17515 ioctl 40046210 7ff1724834 returned -22
07-21 16:34:25.790 1563 2231 I am_proc_bound: [0,17515,com.microsoft.emmx]
07-21 16:34:25.791 1563 2231 D CompatibilityChangeReporter: Compat change id reported: 168419799; UID 10037; state: DISABLED
07-21 16:34:25.837 1563 1689 I commit_sys_config_file: [notification-policy,4043507]
07-21 16:34:25.881 1563 1815 I commit_sys_config_file: [settings-3-0,3]
07-21 16:34:25.894 1563 1740 I PackageManager: Removing permission com.qiyi.video.permission.PROCESS_PUSH_MSG that used to be declared by com.qiyi.video
07-21 16:34:25.895 1563 1740 I PackageManager: Removing permission com.qiyi.video.permission.PUSH_PROVIDER that used to be declared by com.qiyi.video
07-21 16:34:25.895 1563 1740 I PackageManager: Removing permission com.qiyi.video.openadsdk.permission.TT_PANGOLIN that used to be declared by com.qiyi.video
07-21 16:34:25.895 1563 1740 I PackageManager: Removing permission com.qiyi.video.permission.MIPUSH_RECEIVE that used to be declared by com.qiyi.video
07-21 16:34:25.895 1563 1740 I PackageManager: Removing permission com.qiyi.video.permission.PUSH_WRITE_PROVIDER that used to be declared by com.qiyi.video
07-21 16:34:25.895 1563 1740 I PackageManager: Permission ownership changed. Updating all permissions.
07-21 16:34:25.942 1563 1740 W PackageManager: /data/system/packages.xml fsync begin
07-21 16:34:25.946 1563 1740 W PackageManager: /data/system/packages.xml fsync end
07-21 16:34:25.956 0 0 I [ 4052.924853] sdcardfs: removing com.qiyi.video
07-21 16:34:25.959 1563 1740 I commit_sys_config_file: [package-user-0,2]
07-21 16:34:25.959 1563 1740 I commit_sys_config_file: [package,34]
07-21 16:34:25.960 0 0 I [ 4052.928552] logd: start watching /data/system/packages.list ...
07-21 16:34:25.960 0 0 I [ 4052.931100] logd: ReadPackageList, total packages: 116
07-21 16:34:25.966 1563 1740 D PackageManager: Instant App installer not found with android.intent.action.INSTALL_INSTANT_APP_PACKAGE
07-21 16:34:25.966 1563 1740 D PackageManager: Clear ephemeral installer activity
07-21 16:34:26.074 1563 24291 I am_uid_running: 10021
07-21 16:34:26.075 1563 24291 D CompatibilityChangeReporter: Compat change id reported: 135634846; UID 10021; state: DISABLED
07-21 16:34:26.075 1563 24291 D CompatibilityChangeReporter: Compat change id reported: 177438394; UID 10021; state: DISABLED
07-21 16:34:26.075 1563 24291 D CompatibilityChangeReporter: Compat change id reported: 135772972; UID 10021; state: DISABLED
07-21 16:34:26.075 1563 24291 D CompatibilityChangeReporter: Compat change id reported: 135754954; UID 10021; state: ENABLED
07-21 16:34:26.075 1563 1701 D CompatibilityChangeReporter: Compat change id reported: 143937733; UID 10021; state: ENABLED
07-21 16:34:26.076 1563 24291 I ActivityManager: Killing 17497:com.android.externalstorage/u0a31 (adj 905): empty #2
07-21 16:34:26.076 1563 24291 I am_kill : [0,17497,com.android.externalstorage,905,empty #2]
07-21 16:34:26.082 1563 1701 I am_proc_start: [0,17560,10021,android.process.media,broadcast,{com.android.providers.downloads/com.android.providers.downloads.DownloadReceiver}]
07-21 16:34:26.082 1563 1701 I ActivityManager: Start proc 17560:android.process.media/u0a21 for broadcast {com.android.providers.downloads/com.android.providers.downloads.DownloadReceiver}
07-21 16:34:26.107 1563 24291 I am_proc_bound: [0,17560,android.process.media]
07-21 16:34:26.108 0 0 I [ 4053.073455] binder: 17560:17560 ioctl 40046210 7ff1724834 returned -22
07-21 16:34:26.108 1563 24291 D CompatibilityChangeReporter: Compat change id reported: 168419799; UID 10021; state: DISABLED
07-21 16:34:26.126 1563 1700 I ActivityManager: Force stopping com.duowan.mobile appid=10123 user=0: deletePackageX
07-21 16:34:26.127 1563 1700 D FreeFormWindowHelper: handleFreeformTask : Task{2e16b62 #1 type=home ?? U=0 visible=true mode=fullscreen translucent=false sz=1 visible freeform task=true rootAffinity=null isMini=false}
07-21 16:34:26.127 1563 1700 D FreeFormWindowHelper: mFreeFormTask : null
07-21 16:34:26.127 1563 1700 D FreeFormWindowHelper: mInRecent : false
07-21 16:34:26.127 1563 1700 D FreeFormWindowHelper:
07-21 16:34:26.131 1563 24291 I am_proc_died: [0,17497,com.android.externalstorage,905,19]
07-21 16:34:26.131 1563 24291 I am_uid_stopped: 10031
07-21 16:34:26.154 1563 1740 I PackageManager: Removing permission com.duowan.mobile.push.permission.MESSAGE that used to be declared by com.duowan.mobile
07-21 16:34:26.154 1563 1740 I PackageManager: Removing permission com.duowan.mobile.permission.MIPUSH_RECEIVE that used to be declared by com.duowan.mobile
07-21 16:34:26.155 1563 1740 I PackageManager: Removing permission com.duowan.mobile.permission.PUSH_PROVIDER that used to be declared by com.duowan.mobile
07-21 16:34:26.155 1563 1740 I PackageManager: Removing permission com.duowan.mobile.permission.sofire.RECEIVE that used to be declared by com.duowan.mobile
07-21 16:34:26.155 1563 1740 I PackageManager: Removing permission baidu.push.permission.WRITE_PUSHINFOPROVIDER.com.duowan.mobile that used to be declared by com.duowan.mobile
07-21 16:34:26.155 1563 1740 I PackageManager: Removing permission com.duowan.mobile.permission.PUSH_WRITE_PROVIDER that used to be declared by com.duowan.mobile
07-21 16:34:26.155 1563 1740 I PackageManager: Removing permission com.duowan.mobile.permission.PROCESS_PUSH_MSG that used to be declared by com.duowan.mobile
07-21 16:34:26.155 1563 1740 I PackageManager: Permission ownership changed. Updating all permissions.
07-21 16:34:26.180 1563 1740 W PackageManager: /data/system/packages.xml fsync begin
07-21 16:34:26.186 1563 1740 W PackageManager: /data/system/packages.xml fsync end
07-21 16:34:26.193 0 0 I [ 4053.164529] sdcardfs: removing com.duowan.mobile
07-21 16:34:26.200 0 0 I [ 4053.169428] logd: start watching /data/system/packages.list ...
07-21 16:34:26.200 0 0 I [ 4053.172370] logd: ReadPackageList, total packages: 115
07-21 16:34:26.201 1563 1740 I commit_sys_config_file: [package-user-0,3]
07-21 16:34:26.201 1563 1740 I commit_sys_config_file: [package,36]
07-21 16:34:26.203 1563 1860 I GameModeConfig: isGameModeOn = true
07-21 16:34:26.203 1563 1860 I GameModeConfig: isGaming = false
07-21 16:34:26.203 1563 1860 I GameModeConfig: isGameModeOn = true
07-21 16:34:26.203 1563 1860 I GameModeConfig: isGaming = false
07-21 16:34:26.203 1563 1860 I GameModeConfig: isGameModeOn = true
07-21 16:34:26.203 1563 1860 I GameModeConfig: isGaming = false
07-21 16:34:26.203 1563 1860 I GameModeConfig: isGameModeOn = true
07-21 16:34:26.203 1563 1860 I GameModeConfig: isGaming = false
07-21 16:34:26.209 1563 1740 D PackageManager: Instant App installer not found with android.intent.action.INSTALL_INSTANT_APP_PACKAGE
07-21 16:34:26.209 1563 1740 D PackageManager: Clear ephemeral installer activity
07-21 16:34:26.235 1563 17518 I ActivityManager: Killing 17515:com.microsoft.emmx/u0a37 (adj 905): empty #2
07-21 16:34:26.235 1563 17518 I am_kill : [0,17515,com.microsoft.emmx,905,empty #2]
07-21 16:34:26.260 1563 24291 I am_proc_died: [0,17515,com.microsoft.emmx,905,19]
07-21 16:34:26.261 1563 24291 I am_uid_stopped: 10037
07-21 16:34:26.343 1563 1740 W PackageManager: /data/system/packages.xml fsync begin
07-21 16:34:26.350 1563 1740 W PackageManager: /data/system/packages.xml fsync end
07-21 16:34:26.364 0 0 I [ 4053.334942] logd: start watching /data/system/packages.list ...
07-21 16:34:26.366 1563 1740 I commit_sys_config_file: [package-user-0,2]
07-21 16:34:26.366 1563 1740 I commit_sys_config_file: [package,42]
07-21 16:34:26.366 1563 1740 I ActivityManager: Force stopping com.tencent.wework appid=10098 user=0: pkg removed
07-21 16:34:26.367 1563 1740 D FreeFormWindowHelper: handleFreeformTask : Task{2e16b62 #1 type=home ?? U=0 visible=true mode=fullscreen translucent=false sz=1 visible freeform task=true rootAffinity=null isMini=false}
07-21 16:34:26.367 1563 1740 D FreeFormWindowHelper: mFreeFormTask : null
07-21 16:34:26.367 1563 1740 D FreeFormWindowHelper: mInRecent : false
07-21 16:34:26.367 1563 1740 D FreeFormWindowHelper:
07-21 16:34:26.368 0 0 I [ 4053.337101] logd: ReadPackageList, total packages: 115
07-21 16:34:26.424 1563 1740 I ActivityManager: Force stopping com.youku.phone appid=10099 user=0: pkg removed
07-21 16:34:26.427 1563 1740 D FreeFormWindowHelper: handleFreeformTask : Task{2e16b62 #1 type=home ?? U=0 visible=true mode=fullscreen translucent=false sz=1 visible freeform task=true rootAffinity=null isMini=false}
07-21 16:34:26.427 1563 1740 D FreeFormWindowHelper: mFreeFormTask : null
07-21 16:34:26.427 1563 1740 D FreeFormWindowHelper: mInRecent : false
07-21 16:34:26.427 1563 1740 D FreeFormWindowHelper:
07-21 16:34:26.433 1563 1687 D CompanionDeviceManagerService: onPackageRemoved(packageName = com.tencent.wework, uid = 10098)
07-21 16:34:26.433 1563 1838 V StorageManagerService: Package com.tencent.wework does not have legacy storage
07-21 16:34:26.433 1563 1687 I CompanionDeviceManagerService: Updating associations: [] --> []
07-21 16:34:26.433 1563 1845 D PowerManagerService: acquireWakeLockInternal: lock=122799120, flags=0x1, tag="NetworkStats", ws=null, uid=1000, pid=1563
07-21 16:34:26.434 1563 1808 I RollbackManager: broadcast=ACTION_PACKAGE_FULLY_REMOVED pkg=com.tencent.wework
07-21 16:34:26.434 1563 1845 D PowerManagerService: updateWakeLockSummaryLocked: mWakefulness=Awake, mWakeLockSummary=0x1
07-21 16:34:26.434 1563 1845 D PowerManagerService: updateUserActivitySummaryLocked: groupId=0, mWakefulness=Awake, mUserActivitySummary=0x1, nextTimeout=4102530 (in 49125 ms)
07-21 16:34:26.434 1563 1845 D PowerManagerNotifier: onScreenPolicyUpdate: newPolicy=3
07-21 16:34:26.434 1563 1845 D PowerManagerService: updateDisplayPowerStateLocked: displayReady=true, groupId=0, policy=BRIGHT, mWakefulness=Awake, mWakeLockSummary=0x1, mUserActivitySummary=0x1, mBootCompleted=true, screenBrightnessOverride=NaN, useAutoBrightness=false, mScreenBrightnessBoostInProgress=false, mIsVrModeEnabled= false, sQuiescent=false
07-21 16:34:26.434 1563 1845 D PowerManagerService: Acquiring suspend blocker "PowerManagerService.WakeLocks".
07-21 16:34:26.434 1563 1845 D PowerManagerNotifier: onWakeLockAcquired: flags=1, tag="NetworkStats", packageName=android, ownerUid=1000, ownerPid=1563, workSource=null
07-21 16:34:26.436 1563 1700 W BroadcastQueue: Background execution not allowed: receiving Intent { act=android.intent.action.PACKAGE_REMOVED dat=package:com.tencent.wework flg=0x4000010 (has extras) } to com.android.gallery3d/.app.PackagesMonitor
07-21 16:34:26.441 1563 1838 V StorageManagerService: Package com.youku.phone does not have legacy storage
07-21 16:34:26.441 1563 1846 I commit_sys_config_file: [net-policy,4043733]
07-21 16:34:26.442 1563 1886 I commit_sys_config_file: [session_index,8]
07-21 16:34:26.443 1563 1886 I commit_sys_config_file: [blobs_index,1]
07-21 16:34:26.444 1563 1845 I netstats_mobile_sample: [0,0,0,0,0,0,0,0,0,0,0,0,1689928466444]
07-21 16:34:26.444 1563 1845 I netstats_wifi_sample: [8008982,9514,12728170,20765,8008982,9514,12728170,20765,109539550,118133,10169804,18574,1689928466444]
07-21 16:34:26.447 1563 1687 D CompanionDeviceManagerService: onPackageRemoved(packageName = com.youku.phone, uid = 10099)
07-21 16:34:26.447 1563 1687 I CompanionDeviceManagerService: Updating associations: [] --> []
07-21 16:34:26.478 1563 1845 D PowerManagerService: releaseWakeLockInternal: lock=122799120 [NetworkStats], flags=0x0
07-21 16:34:26.478 1563 1845 D PowerManagerNotifier: onWakeLockReleased: flags=1, tag="NetworkStats", packageName=android, ownerUid=1000, ownerPid=1563, workSource=null
07-21 16:34:26.481 1563 1699 W TextServicesManagerService: no available spell checker services found
07-21 16:34:26.484 1563 1845 D PowerManagerService: updateWakeLockSummaryLocked: mWakefulness=Awake, mWakeLockSummary=0x0
07-21 16:34:26.484 1563 1845 D PowerManagerService: updateUserActivitySummaryLocked: groupId=0, mWakefulness=Awake, mUserActivitySummary=0x1, nextTimeout=4102530 (in 49075 ms)
07-21 16:34:26.484 1563 1845 D PowerManagerNotifier: onScreenPolicyUpdate: newPolicy=3
07-21 16:34:26.484 1563 1845 D PowerManagerService: updateDisplayPowerStateLocked: displayReady=true, groupId=0, policy=BRIGHT, mWakefulness=Awake, mWakeLockSummary=0x0, mUserActivitySummary=0x1, mBootCompleted=true, screenBrightnessOverride=NaN, useAutoBrightness=false, mScreenBrightnessBoostInProgress=false, mIsVrModeEnabled= false, sQuiescent=false
07-21 16:34:26.484 1563 1845 D PowerManagerService: Releasing suspend blocker "PowerManagerService.WakeLocks".
07-21 16:34:26.487 1563 1563 D CompatibilityChangeReporter: Compat change id reported: 135634846; UID 1000; state: DISABLED
07-21 16:34:26.487 1563 1563 D CompatibilityChangeReporter: Compat change id reported: 177438394; UID 1000; state: DISABLED
07-21 16:34:26.487 1563 1563 D CompatibilityChangeReporter: Compat change id reported: 135772972; UID 1000; state: DISABLED
07-21 16:34:26.487 1563 1563 D CompatibilityChangeReporter: Compat change id reported: 135754954; UID 1000; state: ENABLED
07-21 16:34:26.488 1563 1563 I GameManagerService: Disabling downscale for com.tencent.wework
07-21 16:34:26.488 1563 1563 I thunderperf: CompatConfig.addOverrideUnsafe: bef-state=0
07-21 16:34:26.488 1563 1563 I thunderperf: CompatConfig.addOverrideUnsafe: aft-state=0
07-21 16:34:26.495 1563 1808 I RollbackManager: broadcast=ACTION_PACKAGE_FULLY_REMOVED pkg=com.youku.phone
07-21 16:34:26.496 1563 1700 W BroadcastQueue: Background execution not allowed: receiving Intent { act=android.intent.action.PACKAGE_REMOVED dat=package:com.tencent.wework flg=0x4000010 (has extras) } to com.ss.android.article.video.landscape/com.taobao.accs.EventReceiver
07-21 16:34:26.496 1563 1845 D PowerManagerService: acquireWakeLockInternal: lock=122799120, flags=0x1, tag="NetworkStats", ws=null, uid=1000, pid=1563
07-21 16:34:26.496 1563 1700 W BroadcastQueue: Background execution not allowed: receiving Intent { act=android.intent.action.PACKAGE_REMOVED dat=package:com.tencent.wework flg=0x4000010 (has extras) } to com.ss.android.article.video.landscape/com.taobao.agoo.AgooCommondReceiver
07-21 16:34:26.496 1563 1700 W BroadcastQueue: Background execution not allowed: receiving Intent { act=android.intent.action.PACKAGE_REMOVED dat=package:com.tencent.wework flg=0x4000010 (has extras) } to air.tv.douyu.android/com.douyu.sdk.apkdownload.receiver.BroadcastReceiverPackageInstall
07-21 16:34:26.496 1563 1700 I am_uid_running: 10028
07-21 16:34:26.497 1563 1886 I commit_sys_config_file: [session_index,2]
07-21 16:34:26.497 1563 1845 D PowerManagerService: updateWakeLockSummaryLocked: mWakefulness=Awake, mWakeLockSummary=0x1
07-21 16:34:26.497 1563 1845 D PowerManagerService: updateUserActivitySummaryLocked: groupId=0, mWakefulness=Awake, mUserActivitySummary=0x1, nextTimeout=4102530 (in 49061 ms)
07-21 16:34:26.497 1563 1846 I commit_sys_config_file: [net-policy,4043789]
07-21 16:34:26.497 1563 1700 D CompatibilityChangeReporter: Compat change id reported: 135634846; UID 10028; state: DISABLED
07-21 16:34:26.497 1563 1886 I commit_sys_config_file: [blobs_index,1]
07-21 16:34:26.497 1563 1845 D PowerManagerNotifier: onScreenPolicyUpdate: newPolicy=3
07-21 16:34:26.497 1563 1845 D PowerManagerService: updateDisplayPowerStateLocked: displayReady=true, groupId=0, policy=BRIGHT, mWakefulness=Awake, mWakeLockSummary=0x1, mUserActivitySummary=0x1, mBootCompleted=true, screenBrightnessOverride=NaN, useAutoBrightness=false, mScreenBrightnessBoostInProgress=false, mIsVrModeEnabled= false, sQuiescent=false
07-21 16:34:26.497 1563 1700 D CompatibilityChangeReporter: Compat change id reported: 177438394; UID 10028; state: DISABLED
07-21 16:34:26.498 1563 1700 D CompatibilityChangeReporter: Compat change id reported: 135772972; UID 10028; state: DISABLED
07-21 16:34:26.498 1563 1700 D CompatibilityChangeReporter: Compat change id reported: 135754954; UID 10028; state: ENABLED
07-21 16:34:26.498 1563 1845 D PowerManagerService: Acquiring suspend blocker "PowerManagerService.WakeLocks".
07-21 16:34:26.499 1563 1701 I am_proc_start: [0,17589,1000,com.android.keychain,service,{com.android.keychain/com.android.keychain.KeyChainService}]
07-21 16:34:26.499 1563 1701 I ActivityManager: Start proc 17589:com.android.keychain/1000 for service {com.android.keychain/com.android.keychain.KeyChainService}
07-21 16:34:26.500 1563 1701 D CompatibilityChangeReporter: Compat change id reported: 143937733; UID 10028; state: ENABLED
07-21 16:34:26.502 1563 1740 I ActivityManager: Force stopping com.smile.gifmaker appid=10106 user=0: pkg removed
07-21 16:34:26.505 1563 1845 D PowerManagerNotifier: onWakeLockAcquired: flags=1, tag="NetworkStats", packageName=android, ownerUid=1000, ownerPid=1563, workSource=null
07-21 16:34:26.506 1563 1740 D FreeFormWindowHelper: handleFreeformTask : Task{2e16b62 #1 type=home ?? U=0 visible=true mode=fullscreen translucent=false sz=1 visible freeform task=true rootAffinity=null isMini=false}
07-21 16:34:26.506 1563 1740 D FreeFormWindowHelper: mFreeFormTask : null
07-21 16:34:26.506 1563 1740 D FreeFormWindowHelper: mInRecent : false
07-21 16:34:26.506 1563 1740 D FreeFormWindowHelper:
07-21 16:34:26.506 2587 2587 I force_gc: bg
07-21 16:34:26.506 1925 1925 I force_gc: bg
07-21 16:34:26.509 1563 1563 I Telecom : CarModeTracker: Package com.tencent.wework is not tracked.: SSH.oR@AH8
07-21 16:34:26.509 1563 1563 I Telecom : InCallController: updateCarModeForConnections: car mode apps: : SSH.oR@AH8
07-21 16:34:26.512 1563 1701 I am_proc_start: [0,17590,10028,com.android.documentsui,broadcast,{com.android.documentsui/com.android.documentsui.PackageReceiver}]
07-21 16:34:26.512 1563 1701 I ActivityManager: Start proc 17590:com.android.documentsui/u0a28 for broadcast {com.android.documentsui/com.android.documentsui.PackageReceiver}
07-21 16:34:26.513 1563 1699 I CompanionDeviceManagerService: Writing associations to disk: []
07-21 16:34:26.515 1563 1845 I netstats_mobile_sample: [0,0,0,0,0,0,0,0,0,0,0,0,1689928466515]
07-21 16:34:26.515 1563 1845 I netstats_wifi_sample: [8008982,9514,12728170,20765,8008982,9514,12728170,20765,109539550,118133,10169804,18574,1689928466515]
07-21 16:34:26.530 0 0 I [ 4053.500212] binder: 17589:17589 ioctl 40046210 7ff1724834 returned -22
07-21 16:34:26.531 0 0 I [ 4053.502307] binder: 17590:17590 ioctl 40046210 7ff1724834 returned -22
07-21 16:34:26.538 1563 1699 W TextServicesManagerService: no available spell checker services found
07-21 16:34:26.543 1563 1845 D PowerManagerService: releaseWakeLockInternal: lock=122799120 [NetworkStats], flags=0x0
07-21 16:34:26.543 1563 1845 D PowerManagerNotifier: onWakeLockReleased: flags=1, tag="NetworkStats", packageName=android, ownerUid=1000, ownerPid=1563, workSource=null
07-21 16:34:26.550 1563 1845 D PowerManagerService: updateWakeLockSummaryLocked: mWakefulness=Awake, mWakeLockSummary=0x0
07-21 16:34:26.550 1563 1845 D PowerManagerService: updateUserActivitySummaryLocked: groupId=0, mWakefulness=Awake, mUserActivitySummary=0x1, nextTimeout=4102530 (in 49008 ms)
07-21 16:34:26.550 1563 1845 D PowerManagerNotifier: onScreenPolicyUpdate: newPolicy=3
07-21 16:34:26.550 1563 1845 D PowerManagerService: updateDisplayPowerStateLocked: displayReady=true, groupId=0, policy=BRIGHT, mWakefulness=Awake, mWakeLockSummary=0x0, mUserActivitySummary=0x1, mBootCompleted=true, screenBrightnessOverride=NaN, useAutoBrightness=false, mScreenBrightnessBoostInProgress=false, mIsVrModeEnabled= false, sQuiescent=false
07-21 16:34:26.550 1563 1845 D PowerManagerService: Releasing suspend blocker "PowerManagerService.WakeLocks".
07-21 16:34:26.550 1563 21026 I am_proc_bound: [0,17590,com.android.documentsui]
07-21 16:34:26.551 1563 1563 I GameManagerService: Disabling downscale for com.youku.phone
07-21 16:34:26.551 1563 1563 I thunderperf: CompatConfig.addOverrideUnsafe: bef-state=0
07-21 16:34:26.551 1563 1563 I thunderperf: CompatConfig.addOverrideUnsafe: aft-state=0
07-21 16:34:26.555 1563 21026 D CompatibilityChangeReporter: Compat change id reported: 168419799; UID 10028; state: DISABLED
07-21 16:34:26.561 1563 17518 I am_proc_bound: [0,17589,com.android.keychain]
07-21 16:34:26.563 1563 1563 I Telecom : CarModeTracker: Package com.youku.phone is not tracked.: SSH.oR@AIE
07-21 16:34:26.563 1563 1563 I Telecom : InCallController: updateCarModeForConnections: car mode apps: : SSH.oR@AIE
07-21 16:34:26.563 1563 1563 I notification_cancel_all: [1000,1563,com.tencent.wework,0,0,0,5,NULL]
07-21 16:34:26.564 1563 1563 I ConditionProviders: Disallowing condition provider com.tencent.wework (userSet: true)
07-21 16:34:26.568 1563 1740 I ActivityManager: Force stopping com.hunantv.imgo.activity appid=10116 user=0: pkg removed
07-21 16:34:26.570 1563 1740 D FreeFormWindowHelper: handleFreeformTask : Task{2e16b62 #1 type=home ?? U=0 visible=true mode=fullscreen translucent=false sz=1 visible freeform task=true rootAffinity=null isMini=false}
07-21 16:34:26.570 1563 1740 D FreeFormWindowHelper: mFreeFormTask : null
07-21 16:34:26.570 1563 1740 D FreeFormWindowHelper: mInRecent : false
07-21 16:34:26.570 1563 1740 D FreeFormWindowHelper:
07-21 16:34:26.578 1563 1687 D CompanionDeviceManagerService: onPackageRemoved(packageName = com.smile.gifmaker, uid = 10106)
07-21 16:34:26.578 1563 1687 I CompanionDeviceManagerService: Updating associations: [] --> []
07-21 16:34:26.579 1563 1838 V StorageManagerService: Package com.smile.gifmaker does not have legacy storage
07-21 16:34:26.580 1563 1808 I RollbackManager: broadcast=ACTION_PACKAGE_FULLY_REMOVED pkg=com.smile.gifmaker
07-21 16:34:26.581 1563 1845 D PowerManagerService: acquireWakeLockInternal: lock=122799120, flags=0x1, tag="NetworkStats", ws=null, uid=1000, pid=1563
07-21 16:34:26.581 1563 1845 D PowerManagerService: updateWakeLockSummaryLocked: mWakefulness=Awake, mWakeLockSummary=0x1
07-21 16:34:26.581 1563 1845 D PowerManagerService: updateUserActivitySummaryLocked: groupId=0, mWakefulness=Awake, mUserActivitySummary=0x1, nextTimeout=4102530 (in 48977 ms)
07-21 16:34:26.581 1563 1845 D PowerManagerNotifier: onScreenPolicyUpdate: newPolicy=3
07-21 16:34:26.581 1563 1845 D PowerManagerService: updateDisplayPowerStateLocked: displayReady=true, groupId=0, policy=BRIGHT, mWakefulness=Awake, mWakeLockSummary=0x1, mUserActivitySummary=0x1, mBootCompleted=true, screenBrightnessOverride=NaN, useAutoBrightness=false, mScreenBrightnessBoostInProgress=false, mIsVrModeEnabled= false, sQuiescent=false
07-21 16:34:26.581 1563 1845 D PowerManagerService: Acquiring suspend blocker "PowerManagerService.WakeLocks".
07-21 16:34:26.582 1563 1838 V StorageManagerService: Package com.hunantv.imgo.activity does not have legacy storage
07-21 16:34:26.582 1563 1845 D PowerManagerNotifier: onWakeLockAcquired: flags=1, tag="NetworkStats", packageName=android, ownerUid=1000, ownerPid=1563, workSource=null
07-21 16:34:26.583 1563 1860 I GameModeConfig: isGameModeOn = true
07-21 16:34:26.583 1563 1860 I GameModeConfig: isGaming = false
07-21 16:34:26.583 1563 1860 I GameModeConfig: isGameModeOn = true
07-21 16:34:26.583 1563 1860 I GameModeConfig: isGaming = false
07-21 16:34:26.583 1563 1860 I GameModeConfig: isGameModeOn = true
07-21 16:34:26.583 1563 1860 I GameModeConfig: isGaming = false
07-21 16:34:26.583 1563 1860 I GameModeConfig: isGameModeOn = true
07-21 16:34:26.583 1563 1860 I GameModeConfig: isGaming = false
07-21 16:34:26.583 1563 1563 I notification_cancel_all: [1000,1563,com.youku.phone,0,0,0,5,NULL]
07-21 16:34:26.584 1563 1563 I ConditionProviders: Disallowing condition provider com.youku.phone (userSet: true)
07-21 16:34:26.585 1563 1687 D CompanionDeviceManagerService: onPackageRemoved(packageName = com.hunantv.imgo.activity, uid = 10116)
07-21 16:34:26.585 1563 1687 I CompanionDeviceManagerService: Updating associations: [] --> []
07-21 16:34:26.590 1563 1846 I commit_sys_config_file: [net-policy,4043881]
07-21 16:34:26.590 1563 1886 I commit_sys_config_file: [session_index,9]
07-21 16:34:26.591 1563 1845 I netstats_mobile_sample: [0,0,0,0,0,0,0,0,0,0,0,0,1689928466591]
07-21 16:34:26.591 1563 1845 I netstats_wifi_sample: [8008982,9514,12728170,20765,8008982,9514,12728170,20765,109539550,118133,10169804,18574,1689928466591]
07-21 16:34:26.593 689 17584 W SocketClient: write error (Broken pipe)
07-21 16:34:26.593 1563 1860 I GameModeConfig: isGameModeOn = true
07-21 16:34:26.593 1563 1860 I GameModeConfig: isGaming = false
07-21 16:34:26.593 1563 1860 I GameModeConfig: isGameModeOn = true
07-21 16:34:26.593 1563 1860 I GameModeConfig: isGaming = false
07-21 16:34:26.593 1563 1860 I GameModeConfig: isGameModeOn = true
07-21 16:34:26.593 1563 1860 I GameModeConfig: isGaming = false
07-21 16:34:26.593 1563 1860 I GameModeConfig: isGameModeOn = true
07-21 16:34:26.593 1563 1860 I GameModeConfig: isGaming = false
07-21 16:34:26.599 1563 1845 D PowerManagerService: releaseWakeLockInternal: lock=122799120 [NetworkStats], flags=0x0
07-21 16:34:26.599 1563 1845 D PowerManagerNotifier: onWakeLockReleased: flags=1, tag="NetworkStats", packageName=android, ownerUid=1000, ownerPid=1563, workSource=null
07-21 16:34:26.605 1563 1886 I commit_sys_config_file: [blobs_index,15]
07-21 16:34:26.609 1563 1699 I CompanionDeviceManagerService: Writing associations to disk: []
07-21 16:34:26.627 1563 1563 I GameModeConfig: isGameModeOn = true
07-21 16:34:26.627 1563 1563 I GameModeConfig: isGaming = false
07-21 16:34:26.628 1563 1740 I ActivityManager: Force stopping com.qiyi.video appid=10122 user=0: pkg removed
07-21 16:34:26.628 1563 1845 D PowerManagerService: updateWakeLockSummaryLocked: mWakefulness=Awake, mWakeLockSummary=0x0
07-21 16:34:26.628 1563 1845 D PowerManagerService: updateUserActivitySummaryLocked: groupId=0, mWakefulness=Awake, mUserActivitySummary=0x1, nextTimeout=4102530 (in 48931 ms)
07-21 16:34:26.628 1563 1845 D PowerManagerNotifier: onScreenPolicyUpdate: newPolicy=3
07-21 16:34:26.628 1563 1845 D PowerManagerService: updateDisplayPowerStateLocked: displayReady=true, groupId=0, policy=BRIGHT, mWakefulness=Awake, mWakeLockSummary=0x0, mUserActivitySummary=0x1, mBootCompleted=true, screenBrightnessOverride=NaN, useAutoBrightness=false, mScreenBrightnessBoostInProgress=false, mIsVrModeEnabled= false, sQuiescent=false
07-21 16:34:26.628 1563 1845 D PowerManagerService: Releasing suspend blocker "PowerManagerService.WakeLocks".
07-21 16:34:26.629 1563 1740 D FreeFormWindowHelper: handleFreeformTask : Task{2e16b62 #1 type=home ?? U=0 visible=true mode=fullscreen translucent=false sz=1 visible freeform task=true rootAffinity=null isMini=false}
07-21 16:34:26.629 1563 1740 D FreeFormWindowHelper: mFreeFormTask : null
07-21 16:34:26.629 1563 1740 D FreeFormWindowHelper: mInRecent : false
07-21 16:34:26.630 1563 1740 D FreeFormWindowHelper:
07-21 16:34:26.639 1563 1563 I GameManagerService: Disabling downscale for com.smile.gifmaker
07-21 16:34:26.639 1563 1563 I thunderperf: CompatConfig.addOverrideUnsafe: bef-state=0
07-21 16:34:26.639 1563 1563 I thunderperf: CompatConfig.addOverrideUnsafe: aft-state=0
07-21 16:34:26.644 1563 1808 I RollbackManager: broadcast=ACTION_PACKAGE_FULLY_REMOVED pkg=com.hunantv.imgo.activity
07-21 16:34:26.645 1563 1845 D PowerManagerService: acquireWakeLockInternal: lock=122799120, flags=0x1, tag="NetworkStats", ws=null, uid=1000, pid=1563
07-21 16:34:26.645 1563 1845 D PowerManagerService: updateWakeLockSummaryLocked: mWakefulness=Awake, mWakeLockSummary=0x1
07-21 16:34:26.645 1563 1845 D PowerManagerService: updateUserActivitySummaryLocked: groupId=0, mWakefulness=Awake, mUserActivitySummary=0x1, nextTimeout=4102530 (in 48913 ms)
07-21 16:34:26.645 1563 1845 D PowerManagerNotifier: onScreenPolicyUpdate: newPolicy=3
07-21 16:34:26.645 1563 1845 D PowerManagerService: updateDisplayPowerStateLocked: displayReady=true, groupId=0, policy=BRIGHT, mWakefulness=Awake, mWakeLockSummary=0x1, mUserActivitySummary=0x1, mBootCompleted=true, screenBrightnessOverride=NaN, useAutoBrightness=false, mScreenBrightnessBoostInProgress=false, mIsVrModeEnabled= false, sQuiescent=false
07-21 16:34:26.645 1563 1687 D CompanionDeviceManagerService: onPackageRemoved(packageName = com.qiyi.video, uid = 10122)
07-21 16:34:26.645 1563 1845 D PowerManagerService: Acquiring suspend blocker "PowerManagerService.WakeLocks".
07-21 16:34:26.646 1563 1687 I CompanionDeviceManagerService: Updating associations: [] --> []
07-21 16:34:26.646 1563 1838 V StorageManagerService: Package com.qiyi.video does not have legacy storage
07-21 16:34:26.647 1563 1740 I ActivityManager: Force stopping com.qiyi.video appid=10122 user=0: pkg removed
07-21 16:34:26.647 1563 1845 D PowerManagerNotifier: onWakeLockAcquired: flags=1, tag="NetworkStats", packageName=android, ownerUid=1000, ownerPid=1563, workSource=null
07-21 16:34:26.649 1563 1740 D FreeFormWindowHelper: handleFreeformTask : Task{2e16b62 #1 type=home ?? U=0 visible=true mode=fullscreen translucent=false sz=1 visible freeform task=true rootAffinity=null isMini=false}
07-21 16:34:26.649 1563 1740 D FreeFormWindowHelper: mFreeFormTask : null
07-21 16:34:26.649 1563 1740 D FreeFormWindowHelper: mInRecent : false
07-21 16:34:26.649 1563 1740 D FreeFormWindowHelper:
07-21 16:34:26.660 1563 1886 I commit_sys_config_file: [session_index,15]
07-21 16:34:26.660 1563 1846 I commit_sys_config_file: [net-policy,4043951]
07-21 16:34:26.667 1563 1886 I commit_sys_config_file: [blobs_index,8]
07-21 16:34:26.689 1563 1563 I Telecom : CarModeTracker: Package com.smile.gifmaker is not tracked.: SSH.oR@AIM
07-21 16:34:26.689 1563 1563 I Telecom : InCallController: updateCarModeForConnections: car mode apps: : SSH.oR@AIM
07-21 16:34:26.689 1563 24291 I am_uid_running: 10033
07-21 16:34:26.690 1563 24291 D CompatibilityChangeReporter: Compat change id reported: 135634846; UID 10033; state: DISABLED
07-21 16:34:26.690 1563 24291 D CompatibilityChangeReporter: Compat change id reported: 177438394; UID 10033; state: DISABLED
07-21 16:34:26.690 1563 24291 D CompatibilityChangeReporter: Compat change id reported: 135772972; UID 10033; state: DISABLED
07-21 16:34:26.690 1563 24291 D CompatibilityChangeReporter: Compat change id reported: 135754954; UID 10033; state: ENABLED
07-21 16:34:26.690 1563 1701 D CompatibilityChangeReporter: Compat change id reported: 143937733; UID 10033; state: ENABLED
07-21 16:34:26.691 1563 1845 I netstats_mobile_sample: [0,0,0,0,0,0,0,0,0,0,0,0,1689928466691]
07-21 16:34:26.691 1563 1845 I netstats_wifi_sample: [8008982,9514,12728170,20765,8008982,9514,12728170,20765,109539550,118133,10169804,18574,1689928466691]
07-21 16:34:26.697 1563 1808 I RollbackManager: broadcast=ACTION_PACKAGE_FULLY_REMOVED pkg=com.qiyi.video
07-21 16:34:26.699 1563 1701 I am_proc_start: [0,17632,10033,com.android.traceur,content provider,{com.android.traceur/com.android.traceur.StorageProvider}]
07-21 16:34:26.699 1563 1701 I ActivityManager: Start proc 17632:com.android.traceur/u0a33 for content provider {com.android.traceur/com.android.traceur.StorageProvider}
07-21 16:34:26.700 1563 1886 I commit_sys_config_file: [session_index,3]
07-21 16:34:26.701 1563 1740 I ActivityManager: Force stopping com.duowan.mobile appid=10123 user=0: pkg removed
07-21 16:34:26.702 1563 1886 I commit_sys_config_file: [blobs_index,1]
07-21 16:34:26.702 1563 1563 I GameManagerService: Disabling downscale for com.hunantv.imgo.activity
07-21 16:34:26.702 1563 1563 I thunderperf: CompatConfig.addOverrideUnsafe: bef-state=0
07-21 16:34:26.702 1563 1563 I thunderperf: CompatConfig.addOverrideUnsafe: aft-state=0
07-21 16:34:26.702 1563 1740 D FreeFormWindowHelper: handleFreeformTask : Task{2e16b62 #1 type=home ?? U=0 visible=true mode=fullscreen translucent=false sz=1 visible freeform task=true rootAffinity=null isMini=false}
07-21 16:34:26.702 1563 1740 D FreeFormWindowHelper: mFreeFormTask : null
07-21 16:34:26.702 1563 1740 D FreeFormWindowHelper: mInRecent : false
07-21 16:34:26.702 1563 1740 D FreeFormWindowHelper:
07-21 16:34:26.703 1563 1845 D PowerManagerService: releaseWakeLockInternal: lock=122799120 [NetworkStats], flags=0x0
07-21 16:34:26.703 1563 1845 D PowerManagerNotifier: onWakeLockReleased: flags=1, tag="NetworkStats", packageName=android, ownerUid=1000, ownerPid=1563, workSource=null
07-21 16:34:26.703 1563 1845 D PowerManagerService: updateWakeLockSummaryLocked: mWakefulness=Awake, mWakeLockSummary=0x0
07-21 16:34:26.703 1563 1845 D PowerManagerService: updateUserActivitySummaryLocked: groupId=0, mWakefulness=Awake, mUserActivitySummary=0x1, nextTimeout=4102530 (in 48856 ms)
07-21 16:34:26.703 1563 1845 D PowerManagerNotifier: onScreenPolicyUpdate: newPolicy=3
07-21 16:34:26.703 1563 1845 D PowerManagerService: updateDisplayPowerStateLocked: displayReady=true, groupId=0, policy=BRIGHT, mWakefulness=Awake, mWakeLockSummary=0x0, mUserActivitySummary=0x1, mBootCompleted=true, screenBrightnessOverride=NaN, useAutoBrightness=false, mScreenBrightnessBoostInProgress=false, mIsVrModeEnabled= false, sQuiescent=false
07-21 16:34:26.703 1563 1845 D PowerManagerService: Releasing suspend blocker "PowerManagerService.WakeLocks".
07-21 16:34:26.706 1563 1838 V StorageManagerService: Package com.duowan.mobile does not have legacy storage
07-21 16:34:26.707 1563 1687 D CompanionDeviceManagerService: onPackageRemoved(packageName = com.duowan.mobile, uid = 10123)
07-21 16:34:26.707 1563 1687 I CompanionDeviceManagerService: Updating associations: [] --> []
07-21 16:34:26.709 1563 24291 I ActivityManager: Killing 17560:android.process.media/u0a21 (adj 905): empty #2
07-21 16:34:26.709 1563 24291 I am_kill : [0,17560,android.process.media,905,empty #2]
07-21 16:34:26.712 0 0 I [ 4053.683968] binder: 17632:17632 ioctl 40046210 7ff1724834 returned -22
07-21 16:34:26.712 1563 1563 I Telecom : CarModeTracker: Package com.hunantv.imgo.activity is not tracked.: SSH.oR@AIU
07-21 16:34:26.712 1563 1563 I Telecom : InCallController: updateCarModeForConnections: car mode apps: : SSH.oR@AIU
07-21 16:34:26.713 1563 1845 D PowerManagerService: acquireWakeLockInternal: lock=122799120, flags=0x1, tag="NetworkStats", ws=null, uid=1000, pid=1563
07-21 16:34:26.713 1563 1845 D PowerManagerService: updateWakeLockSummaryLocked: mWakefulness=Awake, mWakeLockSummary=0x1
07-21 16:34:26.713 1563 1845 D PowerManagerService: updateUserActivitySummaryLocked: groupId=0, mWakefulness=Awake, mUserActivitySummary=0x1, nextTimeout=4102530 (in 48846 ms)
07-21 16:34:26.713 1563 1845 D PowerManagerNotifier: onScreenPolicyUpdate: newPolicy=3
07-21 16:34:26.713 1563 1845 D PowerManagerService: updateDisplayPowerStateLocked: displayReady=true, groupId=0, policy=BRIGHT, mWakefulness=Awake, mWakeLockSummary=0x1, mUserActivitySummary=0x1, mBootCompleted=true, screenBrightnessOverride=NaN, useAutoBrightness=false, mScreenBrightnessBoostInProgress=false, mIsVrModeEnabled= false, sQuiescent=false
07-21 16:34:26.713 1563 1845 D PowerManagerService: Acquiring suspend blocker "PowerManagerService.WakeLocks".
07-21 16:34:26.713 1563 1845 D PowerManagerNotifier: onWakeLockAcquired: flags=1, tag="NetworkStats", packageName=android, ownerUid=1000, ownerPid=1563, workSource=null
07-21 16:34:26.714 1563 1846 I commit_sys_config_file: [net-policy,4044005]
07-21 16:34:26.714 1563 1740 I ActivityManager: Force stopping com.duowan.mobile appid=10123 user=0: pkg removed
07-21 16:34:26.715 1563 1740 D FreeFormWindowHelper: handleFreeformTask : Task{2e16b62 #1 type=home ?? U=0 visible=true mode=fullscreen translucent=false sz=1 visible freeform task=true rootAffinity=null isMini=false}
07-21 16:34:26.715 1563 1740 D FreeFormWindowHelper: mFreeFormTask : null
07-21 16:34:26.715 1563 1740 D FreeFormWindowHelper: mInRecent : false
07-21 16:34:26.715 1563 1740 D FreeFormWindowHelper:
07-21 16:34:26.735 0 0 I [ 4053.707003] binder: undelivered transaction 1861341, process died.
07-21 16:34:26.739 1563 1815 I commit_sys_config_file: [settings-3-0,2]
07-21 16:34:26.769 1563 1563 I GameModeConfig: isGameModeOn = true
07-21 16:34:26.769 1563 1563 I GameModeConfig: isGaming = false
07-21 16:34:26.770 1563 1563 I notification_cancel_all: [1000,1563,com.smile.gifmaker,0,0,0,5,NULL]
07-21 16:34:26.771 1563 1563 I ConditionProviders: Disallowing condition provider com.smile.gifmaker (userSet: true)
07-21 16:34:26.771 1563 24291 I am_proc_bound: [0,17632,com.android.traceur]
07-21 16:34:26.773 1563 24291 D CompatibilityChangeReporter: Compat change id reported: 168419799; UID 10033; state: DISABLED
07-21 16:34:26.775 1563 1690 I ActivityManager: Killing 17590:com.android.documentsui/u0a28 (adj 915): empty #2
07-21 16:34:26.775 1563 1690 I am_kill : [0,17590,com.android.documentsui,915,empty #2]
07-21 16:34:26.776 1563 1845 I netstats_mobile_sample: [0,0,0,0,0,0,0,0,0,0,0,0,1689928466776]
07-21 16:34:26.776 1563 1845 I netstats_wifi_sample: [8008982,9514,12728170,20765,8008982,9514,12728170,20765,109539550,118133,10169804,18574,1689928466776]
07-21 16:34:26.777 1563 10187 I am_proc_died: [0,17560,android.process.media,905,19]
07-21 16:34:26.778 1563 10187 I am_uid_stopped: 10021
07-21 16:34:26.784 1563 1808 I RollbackManager: broadcast=ACTION_PACKAGE_FULLY_REMOVED pkg=com.duowan.mobile
07-21 16:34:26.785 1563 1860 I GameModeConfig: isGameModeOn = true
07-21 16:34:26.785 1563 1860 I GameModeConfig: isGaming = false
07-21 16:34:26.785 1563 1860 I GameModeConfig: isGameModeOn = true
07-21 16:34:26.785 1563 1860 I GameModeConfig: isGaming = false
07-21 16:34:26.785 1563 1860 I GameModeConfig: isGameModeOn = true
07-21 16:34:26.785 1563 1860 I GameModeConfig: isGaming = false
07-21 16:34:26.785 1563 1860 I GameModeConfig: isGameModeOn = true
07-21 16:34:26.786 1563 1860 I GameModeConfig: isGaming = false
07-21 16:34:26.789 1563 1886 I commit_sys_config_file: [session_index,4]
07-21 16:34:26.790 1563 1886 I commit_sys_config_file: [blobs_index,1]
07-21 16:34:26.794 1563 1845 D PowerManagerService: releaseWakeLockInternal: lock=122799120 [NetworkStats], flags=0x0
07-21 16:34:26.794 1563 1845 D PowerManagerNotifier: onWakeLockReleased: flags=1, tag="NetworkStats", packageName=android, ownerUid=1000, ownerPid=1563, workSource=null
07-21 16:34:26.794 1563 1563 D CompatibilityChangeReporter: Compat change id reported: 168419799; UID 1000; state: DISABLED
07-21 16:34:26.794 1563 1845 D PowerManagerService: updateWakeLockSummaryLocked: mWakefulness=Awake, mWakeLockSummary=0x0
07-21 16:34:26.794 1563 1845 D PowerManagerService: updateUserActivitySummaryLocked: groupId=0, mWakefulness=Awake, mUserActivitySummary=0x1, nextTimeout=4102530 (in 48765 ms)
07-21 16:34:26.794 1563 1845 D PowerManagerNotifier: onScreenPolicyUpdate: newPolicy=3
