07-21 16:34:49.287 1563 1740 I PackageManager: Removing permission com.kugou.android.auto.permission.MIPUSH_RECEIVE that used to be declared by com.kugou.android.auto
07-21 16:34:49.287 1563 1740 I PackageManager: Permission ownership changed. Updating all permissions.
07-21 16:34:49.305 1563 1826 I input_focus: [Focus entering 28c4f40 com.android.launcher3/com.android.launcher3.uioverrides.QuickstepLauncher (server),reason=setFocusedWindow]
07-21 16:34:49.337 1563 1740 W PackageManager: /data/system/packages.xml fsync begin
07-21 16:34:49.346 1563 1740 W PackageManager: /data/system/packages.xml fsync end
07-21 16:34:49.364 0 0 I [ 4076.332268] sdcardfs: removing com.kugou.android.auto
07-21 16:34:49.368 0 0 I [ 4076.338554] logd: start watching /data/system/packages.list ...
07-21 16:34:49.368 0 0 I [ 4076.339638] logd: ReadPackageList, total packages: 114
07-21 16:34:49.373 1563 1740 I commit_sys_config_file: [package-user-0,5]
07-21 16:34:49.373 1563 1740 I commit_sys_config_file: [package,58]
07-21 16:34:49.380 1563 1740 D PackageManager: Instant App installer not found with android.intent.action.INSTALL_INSTANT_APP_PACKAGE
07-21 16:34:49.380 1563 1740 D PackageManager: Clear ephemeral installer activity
07-21 16:34:49.391 1563 1687 W Looper : Slow dispatch took 103ms android.fg h=android.os.Handler c= m=0
07-21 16:34:49.527 1563 1700 I ActivityManager: Force stopping com.ss.android.lark appid=10119 user=0: deletePackageX
07-21 16:34:49.529 1563 1700 D FreeFormWindowHelper: handleFreeformTask : Task{2e16b62 #1 type=home ?? U=0 visible=true mode=fullscreen translucent=false sz=1 visible freeform task=true rootAffinity=null isMini=false}
07-21 16:34:49.529 1563 1700 D FreeFormWindowHelper: mFreeFormTask : null
07-21 16:34:49.529 1563 1700 D FreeFormWindowHelper: mInRecent : true
07-21 16:34:49.529 1563 1700 D FreeFormWindowHelper: The start activity is recent, hide freeform task : null
07-21 16:34:49.529 1563 1700 D FreeFormWindowHelper:
07-21 16:34:49.943 1563 1740 I PackageManager: Removing permission com.ss.android.lark.permission.PUSH_WRITE_PROVIDER that used to be declared by com.ss.android.lark
07-21 16:34:49.943 1563 1740 I PackageManager: Removing permission com.ss.android.lark.permission.C2D_MESSAGE that used to be declared by com.ss.android.lark
07-21 16:34:49.943 1563 1740 I PackageManager: Removing permission com.ss.android.lark.permission.SAFE_EXPORTED_PROVIDER that used to be declared by com.ss.android.lark
07-21 16:34:49.944 1563 1740 I PackageManager: Removing permission com.ss.android.lark.push.permission.MESSAGE that used to be declared by com.ss.android.lark
07-21 16:34:49.944 1563 1740 I PackageManager: Removing permission com.ss.android.lark.permission.PUSH_PROVIDER that used to be declared by com.ss.android.lark
07-21 16:34:49.944 1563 1740 I PackageManager: Removing permission com.ss.android.lark.permission.broadcast.metrics that used to be declared by com.ss.android.lark
07-21 16:34:49.944 1563 1740 I PackageManager: Removing permission com.ss.android.lark.permission.MIPUSH_RECEIVE that used to be declared by com.ss.android.lark
07-21 16:34:49.944 1563 1740 I PackageManager: Removing permission com.ss.android.lark.setting.permissions.UI_MODE_BROADCAST that used to be declared by com.ss.android.lark
07-21 16:34:49.944 1563 1740 I PackageManager: Removing permission com.ss.android.lark.miniapp.PROCESS_COMMUNICATION that used to be declared by com.ss.android.lark
07-21 16:34:49.944 1563 1740 I PackageManager: Removing permission com.ss.android.lark.permission.PROCESS_PUSH_MSG that used to be declared by com.ss.android.lark
07-21 16:34:49.944 1563 1740 I PackageManager: Removing permission com.ss.android.lark.user.READ_PROVIDER that used to be declared by com.ss.android.lark
07-21 16:34:49.944 1563 1740 I PackageManager: Removing permission com.ss.android.lark.language.permissions.LANGUAGE_BROADCAST that used to be declared by com.ss.android.lark
07-21 16:34:49.944 1563 1740 I PackageManager: Permission ownership changed. Updating all permissions.
07-21 16:34:49.967 1563 1740 W PackageManager: /data/system/packages.xml fsync begin
07-21 16:34:49.975 1563 1740 W PackageManager: /data/system/packages.xml fsync end
07-21 16:34:49.984 0 0 I [ 4076.953484] sdcardfs: removing com.ss.android.lark
07-21 16:34:49.987 1563 1740 I commit_sys_config_file: [package-user-0,2]
07-21 16:34:49.987 1563 1740 I commit_sys_config_file: [package,34]
07-21 16:34:49.988 0 0 I [ 4076.956955] logd: start watching /data/system/packages.list ...
07-21 16:34:49.988 0 0 I [ 4076.958094] logd: ReadPackageList, total packages: 113
07-21 16:34:49.996 1563 1740 D PackageManager: Instant App installer not found with android.intent.action.INSTALL_INSTANT_APP_PACKAGE
07-21 16:34:49.996 1563 1740 D PackageManager: Clear ephemeral installer activity
07-21 16:34:50.108 1563 1700 I ActivityManager: Force stopping com.github.uiautomator appid=10120 user=0: deletePackageX
07-21 16:34:50.110 1563 1700 D FreeFormWindowHelper: handleFreeformTask : Task{2e16b62 #1 type=home ?? U=0 visible=true mode=fullscreen translucent=false sz=1 visible freeform task=true rootAffinity=null isMini=false}
07-21 16:34:50.110 1563 1700 D FreeFormWindowHelper: mFreeFormTask : null
07-21 16:34:50.110 1563 1700 D FreeFormWindowHelper: mInRecent : true
07-21 16:34:50.110 1563 1700 D FreeFormWindowHelper: The start activity is recent, hide freeform task : null
07-21 16:34:50.111 1563 1700 D FreeFormWindowHelper:
07-21 16:34:50.135 1563 1740 W PackageManager: /data/system/packages.xml fsync begin
07-21 16:34:50.144 1563 1740 W PackageManager: /data/system/packages.xml fsync end
07-21 16:34:50.152 0 0 I [ 4077.123286] sdcardfs: removing com.github.uiautomator
07-21 16:34:50.156 0 0 I [ 4077.127450] logd: start watching /data/system/packages.list ...
07-21 16:34:50.159 1563 1740 I commit_sys_config_file: [package-user-0,2]
07-21 16:34:50.160 0 0 I [ 4077.131155] logd: ReadPackageList, total packages: 112
07-21 16:34:50.159 1563 1740 I commit_sys_config_file: [package,37]
07-21 16:34:50.163 1563 1740 D PackageManager: Instant App installer not found with android.intent.action.INSTALL_INSTANT_APP_PACKAGE
07-21 16:34:50.163 1563 1740 D PackageManager: Clear ephemeral installer activity
07-21 16:34:50.232 1563 1700 I ActivityManager: Force stopping com.tencent.mobileqq appid=10095 user=0: deletePackageX
07-21 16:34:50.233 1563 1700 I ActivityManager: Force stopping service ServiceRecord{bc89d75 u0 com.tencent.mobileqq/.app.CoreService}
07-21 16:34:50.234 1563 1700 D FreeFormWindowHelper: handleFreeformTask : Task{2e16b62 #1 type=home ?? U=0 visible=true mode=fullscreen translucent=false sz=1 visible freeform task=true rootAffinity=null isMini=false}
07-21 16:34:50.234 1563 1700 D FreeFormWindowHelper: mFreeFormTask : null
07-21 16:34:50.234 1563 1700 D FreeFormWindowHelper: mInRecent : true
07-21 16:34:50.235 1563 1700 D FreeFormWindowHelper: The start activity is recent, hide freeform task : null
07-21 16:34:50.235 1563 1700 D FreeFormWindowHelper:
07-21 16:34:50.915 1563 1740 I PackageManager: Removing permission com.tencent.qqhead.permission.getheadresp that used to be declared by com.tencent.mobileqq
07-21 16:34:50.915 1563 1740 I PackageManager: Removing permission com.tencent.mobileqq.permission.PUSH_PROVIDER that used to be declared by com.tencent.mobileqq
07-21 16:34:50.915 1563 1740 I PackageManager: Removing permission com.tencent.msg.permission.pushnotify that used to be declared by com.tencent.mobileqq
07-21 16:34:50.916 1563 1740 I PackageManager: Removing permission com.tencent.mobileqq.permission.PROCESS_PUSH_MSG that used to be declared by com.tencent.mobileqq
07-21 16:34:50.916 1563 1740 I PackageManager: Removing permission com.tencent.music.data.permission2 that used to be declared by com.tencent.mobileqq
07-21 16:34:50.916 1563 1740 I PackageManager: Removing permission com.tencent.mobileqq.permission.TMF_SHARK that used to be declared by com.tencent.mobileqq
07-21 16:34:50.916 1563 1740 I PackageManager: Removing permission com.tencent.mobileqq.permission.MIPUSH_RECEIVE that used to be declared by com.tencent.mobileqq
07-21 16:34:50.916 1563 1740 I PackageManager: Removing permission com.tencent.qzone.permission.notify that used to be declared by com.tencent.mobileqq
07-21 16:34:50.916 1563 1740 I PackageManager: Removing permission com.tencent.qav.permission.broadcast that used to be declared by com.tencent.mobileqq
07-21 16:34:50.916 1563 1740 I PackageManager: Removing permission com.tencent.mobileqq.vfs.broadcast that used to be declared by com.tencent.mobileqq
07-21 16:34:50.917 1563 1740 I PackageManager: Removing permission com.tencent.mobileqq.backtrace.warmed_up that used to be declared by com.tencent.mobileqq
07-21 16:34:50.917 1563 1740 I PackageManager: Removing permission com.tencent.mobileqq.permission.MM_MESSAGE that used to be declared by com.tencent.mobileqq
07-21 16:34:50.917 1563 1740 I PackageManager: Removing permission com.huawei.hwmultidisplay.permission.WINDOW_CAST_MODE that used to be declared by com.tencent.mobileqq
07-21 16:34:50.917 1563 1740 I PackageManager: Removing permission com.tencent.photos.permission.DATA that used to be declared by com.tencent.mobileqq
07-21 16:34:50.917 1563 1740 I PackageManager: Removing permission com.tencent.wifisdk.permission.disconnect that used to be declared by com.tencent.mobileqq
07-21 16:34:50.917 1563 1740 I PackageManager: Removing permission com.tencent.msf.service.permission that used to be declared by com.tencent.mobileqq
07-21 16:34:50.917 1563 1740 I PackageManager: Removing permission com.tencent.msf.permission.account.sync that used to be declared by com.tencent.mobileqq
07-21 16:34:50.918 1563 1740 I PackageManager: Removing permission com.tencent.mobileqq.permission.PUSH_WRITE_PROVIDER that used to be declared by com.tencent.mobileqq
07-21 16:34:50.918 1563 1740 I PackageManager: Removing permission com.tencent.mobileqq.voiceassist.permission.WRITE that used to be declared by com.tencent.mobileqq
07-21 16:34:50.918 1563 1740 I PackageManager: Removing permission com.tencent.mobileqq.voiceassist.permission.READ that used to be declared by com.tencent.mobileqq
07-21 16:34:50.918 1563 1740 I PackageManager: Permission ownership changed. Updating all permissions.
07-21 16:34:50.943 1563 1740 W PackageManager: /data/system/packages.xml fsync begin
07-21 16:34:50.960 1563 1740 W PackageManager: /data/system/packages.xml fsync end
07-21 16:34:50.968 0 0 I [ 4077.939215] sdcardfs: removing com.tencent.mobileqq
07-21 16:34:50.972 0 0 I [ 4077.942466] logd: start watching /data/system/packages.list ...
07-21 16:34:50.972 0 0 I [ 4077.943736] logd: ReadPackageList, total packages: 111
07-21 16:34:50.973 1563 1740 I commit_sys_config_file: [package-user-0,2]
07-21 16:34:50.973 1563 1740 I commit_sys_config_file: [package,45]
07-21 16:34:50.975 1563 1740 D PackageManager: Instant App installer not found with android.intent.action.INSTALL_INSTANT_APP_PACKAGE
07-21 16:34:50.975 1563 1740 D PackageManager: Clear ephemeral installer activity
07-21 16:34:51.157 1563 1700 I ActivityManager: Force stopping com.cmcc.cmvideo appid=10101 user=0: deletePackageX
07-21 16:34:51.157 1563 1740 I PackageManager: Removing permission cmvideo.permisson.activity.launch that used to be declared by com.cmcc.cmvideo
07-21 16:34:51.157 1563 1740 I PackageManager: Removing permission com.cmcc.cmvideo.push.permission.MESSAGE that used to be declared by com.cmcc.cmvideo
07-21 16:34:51.157 1563 1740 I PackageManager: Removing permission com.cmcc.cmvideo.openadsdk.permission.TT_PANGOLIN that used to be declared by com.cmcc.cmvideo
07-21 16:34:51.157 1563 1740 I PackageManager: Removing permission com.cmcc.cmvideo.permission.C2D_MESSAGE that used to be declared by com.cmcc.cmvideo
07-21 16:34:51.158 1563 1740 I PackageManager: Removing permission com.cmcc.cmvideo.permission.PUSH_WRITE_PROVIDER that used to be declared by com.cmcc.cmvideo
07-21 16:34:51.158 1563 1740 I PackageManager: Removing permission com.cmcc.cmvideo.permission.MIPUSH_RECEIVE that used to be declared by com.cmcc.cmvideo
07-21 16:34:51.158 1563 1740 I PackageManager: Removing permission com.cmcc.cmvideo.permission.PROCESS_PUSH_MSG that used to be declared by com.cmcc.cmvideo
07-21 16:34:51.158 1563 1740 I PackageManager: Removing permission com.cmcc.cmvideo.MPUSH that used to be declared by com.cmcc.cmvideo
07-21 16:34:51.158 1563 1740 I PackageManager: Removing permission getui.permission.GetuiService.com.cmcc.cmvideo that used to be declared by com.cmcc.cmvideo
07-21 16:34:51.158 1563 1740 I PackageManager: Removing permission com.cmcc.cmvideo.permission.PUSH_PROVIDER that used to be declared by com.cmcc.cmvideo
07-21 16:34:51.158 1563 1740 I PackageManager: Permission ownership changed. Updating all permissions.
07-21 16:34:51.163 1563 1700 D FreeFormWindowHelper: handleFreeformTask : Task{2e16b62 #1 type=home ?? U=0 visible=true mode=fullscreen translucent=false sz=1 visible freeform task=true rootAffinity=null isMini=false}
07-21 16:34:51.163 1563 1700 D FreeFormWindowHelper: mFreeFormTask : null
07-21 16:34:51.163 1563 1700 D FreeFormWindowHelper: mInRecent : true
07-21 16:34:51.163 1563 1700 D FreeFormWindowHelper: The start activity is recent, hide freeform task : null
07-21 16:34:51.163 1563 1700 D FreeFormWindowHelper:
07-21 16:34:51.180 1563 1740 W PackageManager: /data/system/packages.xml fsync begin
07-21 16:34:51.188 1563 1740 W PackageManager: /data/system/packages.xml fsync end
07-21 16:34:51.196 0 0 I [ 4078.165937] sdcardfs: removing com.cmcc.cmvideo
07-21 16:34:51.200 1563 1740 I commit_sys_config_file: [package-user-0,2]
07-21 16:34:51.200 1563 1740 I commit_sys_config_file: [package,32]
07-21 16:34:51.200 0 0 I [ 4078.169222] logd: start watching /data/system/packages.list ...
07-21 16:34:51.202 1563 1740 D PackageManager: Instant App installer not found with android.intent.action.INSTALL_INSTANT_APP_PACKAGE
07-21 16:34:51.202 1563 1740 D PackageManager: Clear ephemeral installer activity
07-21 16:34:51.204 0 0 I [ 4078.172525] logd: ReadPackageList, total packages: 110
07-21 16:34:51.319 1563 1700 I ActivityManager: Force stopping air.tv.douyu.android appid=10108 user=0: deletePackageX
07-21 16:34:51.322 1563 1700 D FreeFormWindowHelper: handleFreeformTask : Task{2e16b62 #1 type=home ?? U=0 visible=true mode=fullscreen translucent=false sz=1 visible freeform task=true rootAffinity=null isMini=false}
07-21 16:34:51.322 1563 1700 D FreeFormWindowHelper: mFreeFormTask : null
07-21 16:34:51.322 1563 1700 D FreeFormWindowHelper: mInRecent : true
07-21 16:34:51.323 1563 1700 D FreeFormWindowHelper: The start activity is recent, hide freeform task : null
07-21 16:34:51.323 1563 1700 D FreeFormWindowHelper:
07-21 16:34:51.323 1563 1740 I PackageManager: Removing permission air.tv.douyu.android.push.permission.MESSAGE that used to be declared by air.tv.douyu.android
07-21 16:34:51.323 1563 1740 I PackageManager: Removing permission getui.permission.GetuiService.air.tv.douyu.android that used to be declared by air.tv.douyu.android
07-21 16:34:51.323 1563 1740 I PackageManager: Removing permission air.tv.douyu.android.permission.PUSH_WRITE_PROVIDER that used to be declared by air.tv.douyu.android
07-21 16:34:51.323 1563 1740 I PackageManager: Removing permission air.tv.douyu.android.permission.PROCESS_PUSH_MSG that used to be declared by air.tv.douyu.android
07-21 16:34:51.323 1563 1740 I PackageManager: Removing permission air.tv.douyu.android.permission.C2D_MESSAGE that used to be declared by air.tv.douyu.android
07-21 16:34:51.323 1563 1740 I PackageManager: Removing permission air.tv.douyu.android.permission.PUSH_PROVIDER that used to be declared by air.tv.douyu.android
07-21 16:34:51.323 1563 1740 I PackageManager: Removing permission air.tv.douyu.android.permission.MIPUSH_RECEIVE that used to be declared by air.tv.douyu.android
07-21 16:34:51.323 1563 1740 I PackageManager: Removing permission air.tv.douyu.android.permission.TMF_SHARK that used to be declared by air.tv.douyu.android
07-21 16:34:51.323 1563 1740 I PackageManager: Permission ownership changed. Updating all permissions.
07-21 16:34:51.346 1563 1740 W PackageManager: /data/system/packages.xml fsync begin
07-21 16:34:51.354 1563 1740 W PackageManager: /data/system/packages.xml fsync end
07-21 16:34:51.364 0 0 I [ 4078.334496] sdcardfs: removing air.tv.douyu.android
07-21 16:34:51.369 1563 1740 I commit_sys_config_file: [package-user-0,3]
07-21 16:34:51.369 1563 1740 I commit_sys_config_file: [package,37]
07-21 16:34:51.375 1563 1740 D PackageManager: Instant App installer not found with android.intent.action.INSTALL_INSTANT_APP_PACKAGE
07-21 16:34:51.375 1563 1740 D PackageManager: Clear ephemeral installer activity
07-21 16:34:51.492 1563 1740 I ActivityManager: Force stopping com.kugou.android.auto appid=10118 user=0: pkg removed
07-21 16:34:51.493 1563 1740 D FreeFormWindowHelper: handleFreeformTask : Task{2e16b62 #1 type=home ?? U=0 visible=true mode=fullscreen translucent=false sz=1 visible freeform task=true rootAffinity=null isMini=false}
07-21 16:34:51.493 1563 1740 D FreeFormWindowHelper: mFreeFormTask : null
07-21 16:34:51.493 1563 1740 D FreeFormWindowHelper: mInRecent : true
07-21 16:34:51.493 1563 1740 D FreeFormWindowHelper: The start activity is recent, hide freeform task : null
07-21 16:34:51.493 1563 1740 D FreeFormWindowHelper:
07-21 16:34:51.493 2587 2587 I force_gc: bg
07-21 16:34:51.494 21043 21043 I force_gc: bg
07-21 16:34:51.497 2071 2071 I force_gc: bg
07-21 16:34:51.499 1563 1687 D CompanionDeviceManagerService: onPackageRemoved(packageName = com.kugou.android.auto, uid = 10118)
07-21 16:34:51.499 1563 1687 I CompanionDeviceManagerService: Updating associations: [] --> []
07-21 16:34:51.499 1563 1838 V StorageManagerService: Package com.kugou.android.auto does not have legacy storage
07-21 16:34:51.500 1563 1700 W BroadcastQueue: Background execution not allowed: receiving Intent { act=android.intent.action.PACKAGE_REMOVED dat=package:com.kugou.android.auto flg=0x4000010 (has extras) } to com.android.gallery3d/.app.PackagesMonitor
07-21 16:34:51.519 1563 1699 W TextServicesManagerService: no available spell checker services found
07-21 16:34:51.585 1563 1563 D CompatibilityChangeReporter: Compat change id reported: 135634846; UID 1000; state: DISABLED
07-21 16:34:51.585 1563 1563 D CompatibilityChangeReporter: Compat change id reported: 177438394; UID 1000; state: DISABLED
07-21 16:34:51.585 1563 1563 D CompatibilityChangeReporter: Compat change id reported: 135772972; UID 1000; state: DISABLED
07-21 16:34:51.585 1563 1563 D CompatibilityChangeReporter: Compat change id reported: 135754954; UID 1000; state: ENABLED
07-21 16:34:51.585 1563 1740 I ActivityManager: Force stopping com.ss.android.lark appid=10119 user=0: pkg removed
07-21 16:34:51.586 1563 1563 I GameManagerService: Disabling downscale for com.kugou.android.auto
07-21 16:34:51.586 1563 1563 I thunderperf: CompatConfig.addOverrideUnsafe: bef-state=0
07-21 16:34:51.586 1563 1563 I thunderperf: CompatConfig.addOverrideUnsafe: aft-state=0
07-21 16:34:51.586 1563 1740 D FreeFormWindowHelper: handleFreeformTask : Task{2e16b62 #1 type=home ?? U=0 visible=true mode=fullscreen translucent=false sz=1 visible freeform task=true rootAffinity=null isMini=false}
07-21 16:34:51.586 1563 1740 D FreeFormWindowHelper: mFreeFormTask : null
07-21 16:34:51.586 1563 1740 D FreeFormWindowHelper: mInRecent : true
07-21 16:34:51.586 1563 1740 D FreeFormWindowHelper: The start activity is recent, hide freeform task : null
07-21 16:34:51.587 1563 1740 D FreeFormWindowHelper:
07-21 16:34:51.593 1563 1701 I am_proc_start: [0,18449,1000,com.android.keychain,service,{com.android.keychain/com.android.keychain.KeyChainService}]
07-21 16:34:51.593 1563 1701 I ActivityManager: Start proc 18449:com.android.keychain/1000 for service {com.android.keychain/com.android.keychain.KeyChainService}
07-21 16:34:51.594 1563 1808 I RollbackManager: broadcast=ACTION_PACKAGE_FULLY_REMOVED pkg=com.kugou.android.auto
07-21 16:34:51.595 1563 1845 D PowerManagerService: acquireWakeLockInternal: lock=122799120, flags=0x1, tag="NetworkStats", ws=null, uid=1000, pid=1563
07-21 16:34:51.595 1563 1845 D PowerManagerService: updateWakeLockSummaryLocked: mWakefulness=Awake, mWakeLockSummary=0x1
07-21 16:34:51.595 1563 1845 D PowerManagerService: updateUserActivitySummaryLocked: groupId=0, mWakefulness=Awake, mUserActivitySummary=0x1, nextTimeout=4136150 (in 57583 ms)
07-21 16:34:51.595 1563 1845 D PowerManagerNotifier: onScreenPolicyUpdate: newPolicy=3
07-21 16:34:51.595 1563 1845 D PowerManagerService: updateDisplayPowerStateLocked: displayReady=true, groupId=0, policy=BRIGHT, mWakefulness=Awake, mWakeLockSummary=0x1, mUserActivitySummary=0x1, mBootCompleted=true, screenBrightnessOverride=NaN, useAutoBrightness=false, mScreenBrightnessBoostInProgress=false, mIsVrModeEnabled= false, sQuiescent=false
07-21 16:34:51.595 1563 1845 D PowerManagerService: Acquiring suspend blocker "PowerManagerService.WakeLocks".
07-21 16:34:51.596 1563 1687 D CompanionDeviceManagerService: onPackageRemoved(packageName = com.ss.android.lark, uid = 10119)
07-21 16:34:51.596 1563 1687 I CompanionDeviceManagerService: Updating associations: [] --> []
07-21 16:34:51.596 1563 1838 V StorageManagerService: Package com.ss.android.lark does not have legacy storage
07-21 16:34:51.597 1563 1845 D PowerManagerNotifier: onWakeLockAcquired: flags=1, tag="NetworkStats", packageName=android, ownerUid=1000, ownerPid=1563, workSource=null
07-21 16:34:51.598 1563 1700 W BroadcastQueue: Background execution not allowed: receiving Intent { act=android.intent.action.PACKAGE_REMOVED dat=package:com.kugou.android.auto flg=0x4000010 (has extras) } to com.ss.android.article.video.landscape/com.taobao.accs.EventReceiver
07-21 16:34:51.608 1563 1886 I commit_sys_config_file: [session_index,12]
07-21 16:34:51.610 1563 1846 I commit_sys_config_file: [net-policy,4068901]
07-21 16:34:51.615 1563 1886 I commit_sys_config_file: [blobs_index,6]
07-21 16:34:51.620 0 0 I [ 4078.589141] binder: 18449:18449 ioctl 40046210 7ff1724834 returned -22
07-21 16:34:51.640 1563 17518 I am_proc_bound: [0,18449,com.android.keychain]
07-21 16:34:51.641 1563 1563 I Telecom : CarModeTracker: Package com.kugou.android.auto is not tracked.: SSH.oR@AJE
07-21 16:34:51.641 1563 1563 I Telecom : InCallController: updateCarModeForConnections: car mode apps: : SSH.oR@AJE
07-21 16:34:51.641 1563 1699 I CompanionDeviceManagerService: Writing associations to disk: []
07-21 16:34:51.651 1563 1845 I netstats_mobile_sample: [0,0,0,0,0,0,0,0,0,0,0,0,1689928491650]
07-21 16:34:51.651 1563 1845 I netstats_wifi_sample: [8060561,9572,12813360,20902,8060561,9572,12813360,20902,110234158,118853,10237368,18697,1689928491650]
07-21 16:34:51.653 1563 1740 I ActivityManager: Force stopping com.github.uiautomator appid=10120 user=0: pkg removed
07-21 16:34:51.656 1563 1740 D FreeFormWindowHelper: handleFreeformTask : Task{2e16b62 #1 type=home ?? U=0 visible=true mode=fullscreen translucent=false sz=1 visible freeform task=true rootAffinity=null isMini=false}
07-21 16:34:51.656 1563 1740 D FreeFormWindowHelper: mFreeFormTask : null
07-21 16:34:51.656 1563 1740 D FreeFormWindowHelper: mInRecent : true
07-21 16:34:51.656 1563 1740 D FreeFormWindowHelper: The start activity is recent, hide freeform task : null
07-21 16:34:51.656 1563 1740 D FreeFormWindowHelper:
07-21 16:34:51.663 1563 1845 D PowerManagerService: releaseWakeLockInternal: lock=122799120 [NetworkStats], flags=0x0
07-21 16:34:51.663 1563 1845 D PowerManagerNotifier: onWakeLockReleased: flags=1, tag="NetworkStats", packageName=android, ownerUid=1000, ownerPid=1563, workSource=null
07-21 16:34:51.663 1563 1845 D PowerManagerService: updateWakeLockSummaryLocked: mWakefulness=Awake, mWakeLockSummary=0x0
07-21 16:34:51.663 1563 1845 D PowerManagerService: updateUserActivitySummaryLocked: groupId=0, mWakefulness=Awake, mUserActivitySummary=0x1, nextTimeout=4136150 (in 57516 ms)
07-21 16:34:51.663 1563 1845 D PowerManagerNotifier: onScreenPolicyUpdate: newPolicy=3
07-21 16:34:51.663 1563 1845 D PowerManagerService: updateDisplayPowerStateLocked: displayReady=true, groupId=0, policy=BRIGHT, mWakefulness=Awake, mWakeLockSummary=0x0, mUserActivitySummary=0x1, mBootCompleted=true, screenBrightnessOverride=NaN, useAutoBrightness=false, mScreenBrightnessBoostInProgress=false, mIsVrModeEnabled= false, sQuiescent=false
07-21 16:34:51.663 1563 1845 D PowerManagerService: Releasing suspend blocker "PowerManagerService.WakeLocks".
07-21 16:34:51.666 1563 1563 I AlarmManager: App id 10108 lost SCHEDULE_EXACT_ALARM on update
07-21 16:34:51.666 1563 1563 I notification_cancel_all: [1000,1563,com.kugou.android.auto,0,0,0,5,NULL]
07-21 16:34:51.668 1563 1563 I ConditionProviders: Disallowing condition provider com.kugou.android.auto (userSet: true)
07-21 16:34:51.668 1563 1808 I RollbackManager: broadcast=ACTION_PACKAGE_FULLY_REMOVED pkg=com.ss.android.lark
07-21 16:34:51.669 1563 1845 D PowerManagerService: acquireWakeLockInternal: lock=122799120, flags=0x1, tag="NetworkStats", ws=null, uid=1000, pid=1563
07-21 16:34:51.669 1563 1845 D PowerManagerService: updateWakeLockSummaryLocked: mWakefulness=Awake, mWakeLockSummary=0x1
07-21 16:34:51.669 1563 1845 D PowerManagerService: updateUserActivitySummaryLocked: groupId=0, mWakefulness=Awake, mUserActivitySummary=0x1, nextTimeout=4136150 (in 57510 ms)
07-21 16:34:51.669 1563 1845 D PowerManagerNotifier: onScreenPolicyUpdate: newPolicy=3
07-21 16:34:51.669 1563 1845 D PowerManagerService: updateDisplayPowerStateLocked: displayReady=true, groupId=0, policy=BRIGHT, mWakefulness=Awake, mWakeLockSummary=0x1, mUserActivitySummary=0x1, mBootCompleted=true, screenBrightnessOverride=NaN, useAutoBrightness=false, mScreenBrightnessBoostInProgress=false, mIsVrModeEnabled= false, sQuiescent=false
07-21 16:34:51.669 1563 1845 D PowerManagerService: Acquiring suspend blocker "PowerManagerService.WakeLocks".
07-21 16:34:51.669 1563 1687 D CompanionDeviceManagerService: onPackageRemoved(packageName = com.github.uiautomator, uid = 10120)
07-21 16:34:51.669 1563 1838 V StorageManagerService: Package com.github.uiautomator does not have legacy storage
07-21 16:34:51.669 1563 1687 I CompanionDeviceManagerService: Updating associations: [] --> []
07-21 16:34:51.670 1563 1845 D PowerManagerNotifier: onWakeLockAcquired: flags=1, tag="NetworkStats", packageName=android, ownerUid=1000, ownerPid=1563, workSource=null
07-21 16:34:51.671 1563 1846 I commit_sys_config_file: [net-policy,4068962]
07-21 16:34:51.671 1563 1886 I commit_sys_config_file: [session_index,2]
07-21 16:34:51.672 1563 1886 I commit_sys_config_file: [blobs_index,0]
07-21 16:34:51.678 1563 1845 I netstats_mobile_sample: [0,0,0,0,0,0,0,0,0,0,0,0,1689928491678]
07-21 16:34:51.678 1563 1845 I netstats_wifi_sample: [8060561,9572,12813360,20902,8060561,9572,12813360,20902,110234158,118853,10237368,18697,1689928491678]
07-21 16:34:51.687 1563 1845 D PowerManagerService: releaseWakeLockInternal: lock=122799120 [NetworkStats], flags=0x0
07-21 16:34:51.687 1563 1845 D PowerManagerNotifier: onWakeLockReleased: flags=1, tag="NetworkStats", packageName=android, ownerUid=1000, ownerPid=1563, workSource=null
07-21 16:34:51.687 1563 1845 D PowerManagerService: updateWakeLockSummaryLocked: mWakefulness=Awake, mWakeLockSummary=0x0
07-21 16:34:51.687 1563 1845 D PowerManagerService: updateUserActivitySummaryLocked: groupId=0, mWakefulness=Awake, mUserActivitySummary=0x1, nextTimeout=4136150 (in 57491 ms)
07-21 16:34:51.687 1563 1845 D PowerManagerNotifier: onScreenPolicyUpdate: newPolicy=3
07-21 16:34:51.687 1563 1845 D PowerManagerService: updateDisplayPowerStateLocked: displayReady=true, groupId=0, policy=BRIGHT, mWakefulness=Awake, mWakeLockSummary=0x0, mUserActivitySummary=0x1, mBootCompleted=true, screenBrightnessOverride=NaN, useAutoBrightness=false, mScreenBrightnessBoostInProgress=false, mIsVrModeEnabled= false, sQuiescent=false
07-21 16:34:51.687 1563 1845 D PowerManagerService: Releasing suspend blocker "PowerManagerService.WakeLocks".
07-21 16:34:51.715 1563 1700 W BroadcastQueue: Background execution not allowed: receiving Intent { act=android.intent.action.PACKAGE_REMOVED dat=package:com.kugou.android.auto flg=0x4000010 (has extras) } to com.ss.android.article.video.landscape/com.taobao.agoo.AgooCommondReceiver
07-21 16:34:51.724 1563 1860 I GameModeConfig: isGameModeOn = true
07-21 16:34:51.724 1563 1860 I GameModeConfig: isGaming = false
07-21 16:34:51.724 1563 1860 I GameModeConfig: isGameModeOn = true
07-21 16:34:51.724 1563 1860 I GameModeConfig: isGaming = false
07-21 16:34:51.724 1563 1860 I GameModeConfig: isGameModeOn = true
07-21 16:34:51.724 1563 1860 I GameModeConfig: isGaming = false
07-21 16:34:51.725 1563 1860 I GameModeConfig: isGameModeOn = true
07-21 16:34:51.725 1563 1860 I GameModeConfig: isGaming = false
07-21 16:34:51.727 1563 1563 I GameManagerService: Disabling downscale for com.ss.android.lark
07-21 16:34:51.727 1563 1563 I thunderperf: CompatConfig.addOverrideUnsafe: bef-state=0
07-21 16:34:51.727 1563 1563 I thunderperf: CompatConfig.addOverrideUnsafe: aft-state=0
07-21 16:34:51.761 1563 1563 I Telecom : CarModeTracker: Package com.ss.android.lark is not tracked.: SSH.oR@AJM
07-21 16:34:51.761 1563 1563 I Telecom : InCallController: updateCarModeForConnections: car mode apps: : SSH.oR@AJM
07-21 16:34:51.762 1563 1563 I GameModeConfig: isGameModeOn = true
07-21 16:34:51.762 1563 1563 I GameModeConfig: isGaming = false
07-21 16:34:51.764 1563 1740 I ActivityManager: Force stopping com.tencent.mobileqq appid=10095 user=0: pkg removed
07-21 16:34:51.766 1563 1740 D FreeFormWindowHelper: handleFreeformTask : Task{2e16b62 #1 type=home ?? U=0 visible=true mode=fullscreen translucent=false sz=1 visible freeform task=true rootAffinity=null isMini=false}
07-21 16:34:51.766 1563 1740 D FreeFormWindowHelper: mFreeFormTask : null
07-21 16:34:51.766 1563 1740 D FreeFormWindowHelper: mInRecent : true
07-21 16:34:51.766 1563 1740 D FreeFormWindowHelper: The start activity is recent, hide freeform task : null
07-21 16:34:51.766 1563 1740 D FreeFormWindowHelper:
07-21 16:34:51.770 1927 1927 I force_gc: bg
07-21 16:34:51.774 1563 1563 I GameManagerService: Disabling downscale for com.github.uiautomator
07-21 16:34:51.774 1563 1563 I thunderperf: CompatConfig.addOverrideUnsafe: bef-state=0
07-21 16:34:51.775 1563 1563 I thunderperf: CompatConfig.addOverrideUnsafe: aft-state=0
07-21 16:34:51.775 1563 1740 I ActivityManager: Force stopping com.cmcc.cmvideo appid=10101 user=0: pkg removed
07-21 16:34:51.777 1563 1740 D FreeFormWindowHelper: handleFreeformTask : Task{2e16b62 #1 type=home ?? U=0 visible=true mode=fullscreen translucent=false sz=1 visible freeform task=true rootAffinity=null isMini=false}
07-21 16:34:51.777 1563 1740 D FreeFormWindowHelper: mFreeFormTask : null
07-21 16:34:51.777 1563 1740 D FreeFormWindowHelper: mInRecent : true
07-21 16:34:51.777 1563 1740 D FreeFormWindowHelper: The start activity is recent, hide freeform task : null
07-21 16:34:51.777 1563 1740 D FreeFormWindowHelper:
07-21 16:34:51.787 1563 1808 I RollbackManager: broadcast=ACTION_PACKAGE_FULLY_REMOVED pkg=com.github.uiautomator
07-21 16:34:51.787 1563 1845 D PowerManagerService: acquireWakeLockInternal: lock=122799120, flags=0x1, tag="NetworkStats", ws=null, uid=1000, pid=1563
07-21 16:34:51.787 1563 1845 D PowerManagerService: updateWakeLockSummaryLocked: mWakefulness=Awake, mWakeLockSummary=0x1
07-21 16:34:51.787 1563 1845 D PowerManagerService: updateUserActivitySummaryLocked: groupId=0, mWakefulness=Awake, mUserActivitySummary=0x1, nextTimeout=4136150 (in 57391 ms)
07-21 16:34:51.787 1563 1845 D PowerManagerNotifier: onScreenPolicyUpdate: newPolicy=3
07-21 16:34:51.787 1563 1845 D PowerManagerService: updateDisplayPowerStateLocked: displayReady=true, groupId=0, policy=BRIGHT, mWakefulness=Awake, mWakeLockSummary=0x1, mUserActivitySummary=0x1, mBootCompleted=true, screenBrightnessOverride=NaN, useAutoBrightness=false, mScreenBrightnessBoostInProgress=false, mIsVrModeEnabled= false, sQuiescent=false
07-21 16:34:51.787 1563 1845 D PowerManagerService: Acquiring suspend blocker "PowerManagerService.WakeLocks".
07-21 16:34:51.788 1563 1845 D PowerManagerNotifier: onWakeLockAcquired: flags=1, tag="NetworkStats", packageName=android, ownerUid=1000, ownerPid=1563, workSource=null
07-21 16:34:51.789 1563 1886 I commit_sys_config_file: [session_index,2]
07-21 16:34:51.789 1563 1838 V StorageManagerService: Package com.tencent.mobileqq does not have legacy storage
07-21 16:34:51.789 1563 1563 I Telecom : CarModeTracker: Package com.github.uiautomator is not tracked.: SSH.oR@AJU
07-21 16:34:51.789 1563 1563 I Telecom : InCallController: updateCarModeForConnections: car mode apps: : SSH.oR@AJU
07-21 16:34:51.790 1563 1886 I commit_sys_config_file: [blobs_index,2]
07-21 16:34:51.791 1563 1845 I service_manager_stats: [100,85,20520]
07-21 16:34:51.791 1563 1687 D CompanionDeviceManagerService: onPackageRemoved(packageName = com.tencent.mobileqq, uid = 10095)
07-21 16:34:51.791 1563 1687 I CompanionDeviceManagerService: Updating associations: [] --> []
07-21 16:34:51.792 1563 1808 I RollbackManager: broadcast=ACTION_PACKAGE_FULLY_REMOVED pkg=com.tencent.mobileqq
07-21 16:34:51.795 1563 1886 I commit_sys_config_file: [session_index,3]
07-21 16:34:51.796 1563 1563 I notification_cancel_all: [1000,1563,com.ss.android.lark,0,0,0,5,NULL]
07-21 16:34:51.797 1563 1563 I ConditionProviders: Disallowing condition provider com.ss.android.lark (userSet: true)
07-21 16:34:51.797 1563 1886 I commit_sys_config_file: [blobs_index,1]
07-21 16:34:51.798 1563 1845 I netstats_mobile_sample: [0,0,0,0,0,0,0,0,0,0,0,0,1689928491798]
07-21 16:34:51.798 1563 1845 I netstats_wifi_sample: [8060561,9572,12813360,20902,8060561,9572,12813360,20902,110234158,118853,10237368,18697,1689928491798]
07-21 16:34:51.801 1563 1845 D PowerManagerService: releaseWakeLockInternal: lock=122799120 [NetworkStats], flags=0x0
07-21 16:34:51.802 1563 1845 D PowerManagerNotifier: onWakeLockReleased: flags=1, tag="NetworkStats", packageName=android, ownerUid=1000, ownerPid=1563, workSource=null
07-21 16:34:51.802 1563 1845 D PowerManagerService: updateWakeLockSummaryLocked: mWakefulness=Awake, mWakeLockSummary=0x0
07-21 16:34:51.802 1563 1845 D PowerManagerService: updateUserActivitySummaryLocked: groupId=0, mWakefulness=Awake, mUserActivitySummary=0x1, nextTimeout=4136150 (in 57377 ms)
07-21 16:34:51.802 1563 1845 D PowerManagerNotifier: onScreenPolicyUpdate: newPolicy=3
07-21 16:34:51.802 1563 1845 D PowerManagerService: updateDisplayPowerStateLocked: displayReady=true, groupId=0, policy=BRIGHT, mWakefulness=Awake, mWakeLockSummary=0x0, mUserActivitySummary=0x1, mBootCompleted=true, screenBrightnessOverride=NaN, useAutoBrightness=false, mScreenBrightnessBoostInProgress=false, mIsVrModeEnabled= false, sQuiescent=false
07-21 16:34:51.802 1563 1845 D PowerManagerService: Releasing suspend blocker "PowerManagerService.WakeLocks".
07-21 16:34:51.803 1563 1838 V StorageManagerService: Package com.cmcc.cmvideo does not have legacy storage
07-21 16:34:51.804 1563 1700 I am_uid_running: 10028
07-21 16:34:51.805 1563 1700 D CompatibilityChangeReporter: Compat change id reported: 135634846; UID 10028; state: DISABLED
07-21 16:34:51.805 1563 1700 D CompatibilityChangeReporter: Compat change id reported: 177438394; UID 10028; state: DISABLED
07-21 16:34:51.805 1563 1700 D CompatibilityChangeReporter: Compat change id reported: 135772972; UID 10028; state: DISABLED
07-21 16:34:51.805 1563 1700 D CompatibilityChangeReporter: Compat change id reported: 135754954; UID 10028; state: ENABLED
07-21 16:34:51.805 1563 1701 D CompatibilityChangeReporter: Compat change id reported: 143937733; UID 10028; state: ENABLED
07-21 16:34:51.806 1563 1845 D PowerManagerService: acquireWakeLockInternal: lock=122799120, flags=0x1, tag="NetworkStats", ws=null, uid=1000, pid=1563
07-21 16:34:51.806 1563 1845 D PowerManagerService: updateWakeLockSummaryLocked: mWakefulness=Awake, mWakeLockSummary=0x1
07-21 16:34:51.806 1563 1845 D PowerManagerService: updateUserActivitySummaryLocked: groupId=0, mWakefulness=Awake, mUserActivitySummary=0x1, nextTimeout=4136150 (in 57372 ms)
07-21 16:34:51.806 1563 1845 D PowerManagerNotifier: onScreenPolicyUpdate: newPolicy=3
07-21 16:34:51.806 1563 1845 D PowerManagerService: updateDisplayPowerStateLocked: displayReady=true, groupId=0, policy=BRIGHT, mWakefulness=Awake, mWakeLockSummary=0x1, mUserActivitySummary=0x1, mBootCompleted=true, screenBrightnessOverride=NaN, useAutoBrightness=false, mScreenBrightnessBoostInProgress=false, mIsVrModeEnabled= false, sQuiescent=false
07-21 16:34:51.806 1563 1845 D PowerManagerService: Acquiring suspend blocker "PowerManagerService.WakeLocks".
07-21 16:34:51.807 1563 1845 D PowerManagerNotifier: onWakeLockAcquired: flags=1, tag="NetworkStats", packageName=android, ownerUid=1000, ownerPid=1563, workSource=null
07-21 16:34:51.832 0 0 I [ 4078.803159] binder: 18469:18469 ioctl 40046210 7ff1724834 returned -22
07-21 16:34:51.851 1563 1860 I GameModeConfig: isGameModeOn = true
07-21 16:34:51.851 1563 1860 I GameModeConfig: isGaming = false
07-21 16:34:51.851 1563 1687 D CompanionDeviceManagerService: onPackageRemoved(packageName = com.cmcc.cmvideo, uid = 10101)
07-21 16:34:51.851 1563 1860 I GameModeConfig: isGameModeOn = true
07-21 16:34:51.851 1563 1687 I CompanionDeviceManagerService: Updating associations: [] --> []
07-21 16:34:51.851 1563 1860 I GameModeConfig: isGaming = false
07-21 16:34:51.851 1563 1860 I GameModeConfig: isGameModeOn = true
07-21 16:34:51.851 1563 1860 I GameModeConfig: isGaming = false
07-21 16:34:51.851 1563 1860 I GameModeConfig: isGameModeOn = true
07-21 16:34:51.851 1563 1860 I GameModeConfig: isGaming = false
07-21 16:34:51.851 1563 1563 I notification_cancel_all: [1000,1563,com.github.uiautomator,0,0,0,5,NULL]
07-21 16:34:51.852 1563 1563 I ConditionProviders: Disallowing condition provider com.github.uiautomator (userSet: true)
07-21 16:34:51.853 1563 12235 I am_proc_start: [0,18469,10028,com.android.documentsui,broadcast,{com.android.documentsui/com.android.documentsui.PackageReceiver}]
07-21 16:34:51.853 1563 12235 I ActivityManager: Start proc 18469:com.android.documentsui/u0a28 for broadcast {com.android.documentsui/com.android.documentsui.PackageReceiver}
07-21 16:34:51.853 1563 12235 I am_proc_bound: [0,18469,com.android.documentsui]
07-21 16:34:51.854 1563 12235 D CompatibilityChangeReporter: Compat change id reported: 168419799; UID 10028; state: DISABLED
07-21 16:34:51.856 1563 1845 I netstats_mobile_sample: [0,0,0,0,0,0,0,0,0,0,0,0,1689928491856]
07-21 16:34:51.856 1563 1845 I netstats_wifi_sample: [8060561,9572,12813360,20902,8060561,9572,12813360,20902,110234158,118853,10237368,18697,1689928491856]
07-21 16:34:51.875 1563 1845 D PowerManagerService: releaseWakeLockInternal: lock=122799120 [NetworkStats], flags=0x0
07-21 16:34:51.875 1563 1845 D PowerManagerNotifier: onWakeLockReleased: flags=1, tag="NetworkStats", packageName=android, ownerUid=1000, ownerPid=1563, workSource=null
07-21 16:34:51.909 1563 1845 D PowerManagerService: updateWakeLockSummaryLocked: mWakefulness=Awake, mWakeLockSummary=0x0
07-21 16:34:51.909 1563 1845 D PowerManagerService: updateUserActivitySummaryLocked: groupId=0, mWakefulness=Awake, mUserActivitySummary=0x1, nextTimeout=4136150 (in 57270 ms)
07-21 16:34:51.909 1563 1845 D PowerManagerNotifier: onScreenPolicyUpdate: newPolicy=3
07-21 16:34:51.909 1563 1845 D PowerManagerService: updateDisplayPowerStateLocked: displayReady=true, groupId=0, policy=BRIGHT, mWakefulness=Awake, mWakeLockSummary=0x0, mUserActivitySummary=0x1, mBootCompleted=true, screenBrightnessOverride=NaN, useAutoBrightness=false, mScreenBrightnessBoostInProgress=false, mIsVrModeEnabled= false, sQuiescent=false
07-21 16:34:51.909 1563 1845 D PowerManagerService: Releasing suspend blocker "PowerManagerService.WakeLocks".
07-21 16:34:51.909 1563 12235 W ActivityManager: Slow operation: 57ms so far, now at attachApplicationLocked: after sendPendingBroadcastsLocked
07-21 16:34:51.913 1563 1860 I GameModeConfig: isGameModeOn = true
07-21 16:34:51.913 1563 1860 I GameModeConfig: isGaming = false
07-21 16:34:51.913 1563 1860 I GameModeConfig: isGameModeOn = true
07-21 16:34:51.913 1563 1860 I GameModeConfig: isGaming = false
07-21 16:34:51.913 1563 1860 I GameModeConfig: isGameModeOn = true
07-21 16:34:51.913 1563 1860 I GameModeConfig: isGaming = false
07-21 16:34:51.913 1563 1860 I GameModeConfig: isGameModeOn = true
07-21 16:34:51.913 1563 1860 I GameModeConfig: isGaming = false
07-21 16:34:51.915 1563 1846 I commit_sys_config_file: [net-policy,4069207]
07-21 16:34:51.917 1563 1846 I commit_sys_config_file: [net-policy,4069209]
07-21 16:34:51.923 1563 1740 I ActivityManager: Force stopping air.tv.douyu.android appid=10108 user=0: pkg removed
07-21 16:34:51.924 1563 1740 D FreeFormWindowHelper: handleFreeformTask : Task{2e16b62 #1 type=home ?? U=0 visible=true mode=fullscreen translucent=false sz=1 visible freeform task=true rootAffinity=null isMini=false}
07-21 16:34:51.924 1563 1740 D FreeFormWindowHelper: mFreeFormTask : null
07-21 16:34:51.924 1563 1740 D FreeFormWindowHelper: mInRecent : true
07-21 16:34:51.924 1563 1740 D FreeFormWindowHelper: The start activity is recent, hide freeform task : null
07-21 16:34:51.924 1563 1740 D FreeFormWindowHelper:
07-21 16:34:51.932 1563 1808 I RollbackManager: broadcast=ACTION_PACKAGE_FULLY_REMOVED pkg=com.cmcc.cmvideo
07-21 16:34:51.933 1563 1886 I commit_sys_config_file: [session_index,1]
07-21 16:34:51.934 1563 1846 I commit_sys_config_file: [net-policy,4069225]
07-21 16:34:51.934 1563 1838 V StorageManagerService: Package air.tv.douyu.android does not have legacy storage
07-21 16:34:51.935 1563 1699 W TextServicesManagerService: no available spell checker services found
07-21 16:34:51.935 1563 1687 D CompanionDeviceManagerService: onPackageRemoved(packageName = air.tv.douyu.android, uid = 10108)
07-21 16:34:51.935 1563 1687 I CompanionDeviceManagerService: Updating associations: [] --> []
07-21 16:34:51.936 1563 1886 I commit_sys_config_file: [blobs_index,3]
07-21 16:34:51.936 1563 1808 I RollbackManager: broadcast=ACTION_PACKAGE_FULLY_REMOVED pkg=air.tv.douyu.android
07-21 16:34:51.938 1563 1886 I commit_sys_config_file: [session_index,2]
07-21 16:34:51.943 1563 1563 D CompatibilityChangeReporter: Compat change id reported: 168419799; UID 1000; state: DISABLED
07-21 16:34:51.946 1563 1563 I GameManagerService: Disabling downscale for com.tencent.mobileqq
07-21 16:34:51.946 1563 1563 I thunderperf: CompatConfig.addOverrideUnsafe: bef-state=0
07-21 16:34:51.946 1563 1563 I thunderperf: CompatConfig.addOverrideUnsafe: aft-state=0
07-21 16:34:51.957 1563 1886 I commit_sys_config_file: [blobs_index,19]
07-21 16:34:51.988 1563 1563 I Telecom : CarModeTracker: Package com.tencent.mobileqq is not tracked.: SSH.oR@AJc
07-21 16:34:51.988 1563 1845 D PowerManagerService: acquireWakeLockInternal: lock=122799120, flags=0x1, tag="NetworkStats", ws=null, uid=1000, pid=1563
07-21 16:34:51.988 1563 1563 I Telecom : InCallController: updateCarModeForConnections: car mode apps: : SSH.oR@AJc
07-21 16:34:51.988 1563 1845 D PowerManagerService: updateWakeLockSummaryLocked: mWakefulness=Awake, mWakeLockSummary=0x1
07-21 16:34:51.989 1563 1845 D PowerManagerService: updateUserActivitySummaryLocked: groupId=0, mWakefulness=Awake, mUserActivitySummary=0x1, nextTimeout=4136150 (in 57190 ms)
07-21 16:34:51.989 1563 1845 D PowerManagerNotifier: onScreenPolicyUpdate: newPolicy=3
07-21 16:34:51.989 1563 1845 D PowerManagerService: updateDisplayPowerStateLocked: displayReady=true, groupId=0, policy=BRIGHT, mWakefulness=Awake, mWakeLockSummary=0x1, mUserActivitySummary=0x1, mBootCompleted=true, screenBrightnessOverride=NaN, useAutoBrightness=false, mScreenBrightnessBoostInProgress=false, mIsVrModeEnabled= false, sQuiescent=false
07-21 16:34:51.989 1563 1845 D PowerManagerService: Acquiring suspend blocker "PowerManagerService.WakeLocks".
07-21 16:34:51.989 1563 1699 I CompanionDeviceManagerService: Writing associations to disk: []
07-21 16:34:51.989 1563 1563 I GameModeConfig: isGameModeOn = true
07-21 16:34:51.989 1563 1563 I GameModeConfig: isGaming = false
07-21 16:34:51.990 1563 1845 D PowerManagerNotifier: onWakeLockAcquired: flags=1, tag="NetworkStats", packageName=android, ownerUid=1000, ownerPid=1563, workSource=null
07-21 16:34:51.996 1563 1563 I GameManagerService: Disabling downscale for com.cmcc.cmvideo
07-21 16:34:51.996 1563 1563 I thunderperf: CompatConfig.addOverrideUnsafe: bef-state=0
07-21 16:34:51.996 1563 1563 I thunderperf: CompatConfig.addOverrideUnsafe: aft-state=0
07-21 16:34:51.997 1563 1845 I netstats_mobile_sample: [0,0,0,0,0,0,0,0,0,0,0,0,1689928491997]
07-21 16:34:51.998 1563 1845 I netstats_wifi_sample: [8060561,9572,12813360,20902,8060561,9572,12813360,20902,110234158,118853,10237368,18697,1689928491997]
07-21 16:34:52.001 1563 1845 D PowerManagerService: releaseWakeLockInternal: lock=122799120 [NetworkStats], flags=0x0
07-21 16:34:52.001 1563 1845 D PowerManagerNotifier: onWakeLockReleased: flags=1, tag="NetworkStats", packageName=android, ownerUid=1000, ownerPid=1563, workSource=null
07-21 16:34:52.001 1563 1845 D PowerManagerService: updateWakeLockSummaryLocked: mWakefulness=Awake, mWakeLockSummary=0x0
07-21 16:34:52.001 1563 1845 D PowerManagerService: updateUserActivitySummaryLocked: groupId=0, mWakefulness=Awake, mUserActivitySummary=0x1, nextTimeout=4136150 (in 57177 ms)
07-21 16:34:52.001 1563 1845 D PowerManagerNotifier: onScreenPolicyUpdate: newPolicy=3
07-21 16:34:52.001 1563 1845 D PowerManagerService: updateDisplayPowerStateLocked: displayReady=true, groupId=0, policy=BRIGHT, mWakefulness=Awake, mWakeLockSummary=0x0, mUserActivitySummary=0x1, mBootCompleted=true, screenBrightnessOverride=NaN, useAutoBrightness=false, mScreenBrightnessBoostInProgress=false, mIsVrModeEnabled= false, sQuiescent=false
07-21 16:34:52.002 1563 1845 D PowerManagerService: Releasing suspend blocker "PowerManagerService.WakeLocks".
07-21 16:34:52.014 1563 26128 I am_uid_running: 10031
07-21 16:34:52.014 1563 26128 D CompatibilityChangeReporter: Compat change id reported: 135634846; UID 10031; state: DISABLED
07-21 16:34:52.014 1563 26128 D CompatibilityChangeReporter: Compat change id reported: 177438394; UID 10031; state: DISABLED
07-21 16:34:52.014 1563 26128 D CompatibilityChangeReporter: Compat change id reported: 135772972; UID 10031; state: DISABLED
07-21 16:34:52.014 1563 26128 D CompatibilityChangeReporter: Compat change id reported: 135754954; UID 10031; state: ENABLED
07-21 16:34:52.015 1563 1701 D CompatibilityChangeReporter: Compat change id reported: 143937733; UID 10031; state: ENABLED
07-21 16:34:52.022 1563 1701 I am_proc_start: [0,18496,10031,com.android.externalstorage,content provider,{com.android.externalstorage/com.android.externalstorage.ExternalStorageProvider}]
07-21 16:34:52.022 1563 1701 I ActivityManager: Start proc 18496:com.android.externalstorage/u0a31 for content provider {com.android.externalstorage/com.android.externalstorage.ExternalStorageProvider}
07-21 16:34:52.025 1563 1689 I commit_sys_config_file: [notification-policy,4069694]
07-21 16:34:52.025 1563 1845 D PowerManagerService: acquireWakeLockInternal: lock=122799120, flags=0x1, tag="NetworkStats", ws=null, uid=1000, pid=1563
07-21 16:34:52.025 1563 1845 D PowerManagerService: updateWakeLockSummaryLocked: mWakefulness=Awake, mWakeLockSummary=0x1
07-21 16:34:52.025 1563 1845 D PowerManagerService: updateUserActivitySummaryLocked: groupId=0, mWakefulness=Awake, mUserActivitySummary=0x1, nextTimeout=4136150 (in 57153 ms)
07-21 16:34:52.025 1563 1845 D PowerManagerNotifier: onScreenPolicyUpdate: newPolicy=3
07-21 16:34:52.026 1563 1845 D PowerManagerService: updateDisplayPowerStateLocked: displayReady=true, groupId=0, policy=BRIGHT, mWakefulness=Awake, mWakeLockSummary=0x1, mUserActivitySummary=0x1, mBootCompleted=true, screenBrightnessOverride=NaN, useAutoBrightness=false, mScreenBrightnessBoostInProgress=false, mIsVrModeEnabled= false, sQuiescent=false
07-21 16:34:52.026 1563 1845 D PowerManagerService: Acquiring suspend blocker "PowerManagerService.WakeLocks".
07-21 16:34:52.026 1563 1845 D PowerManagerNotifier: onWakeLockAcquired: flags=1, tag="NetworkStats", packageName=android, ownerUid=1000, ownerPid=1563, workSource=null
07-21 16:34:52.028 1563 1846 I commit_sys_config_file: [net-policy,4069320]
07-21 16:34:52.032 1563 1845 I netstats_mobile_sample: [0,0,0,0,0,0,0,0,0,0,0,0,1689928492032]
07-21 16:34:52.032 1563 1845 I netstats_wifi_sample: [8060561,9572,12813360,20902,8060561,9572,12813360,20902,110234158,118853,10237368,18697,1689928492032]
07-21 16:34:52.036 1563 1563 W Looper : Slow delivery took 232ms main h=android.app.ActivityThread$H c=android.app.LoadedApk$ReceiverDispatcher$Args$$ExternalSyntheticLambda0@45a42de m=0
07-21 16:34:52.036 1563 1845 D PowerManagerService: releaseWakeLockInternal: lock=122799120 [NetworkStats], flags=0x0
07-21 16:34:52.036 1563 1845 D PowerManagerNotifier: onWakeLockReleased: flags=1, tag="NetworkStats", packageName=android, ownerUid=1000, ownerPid=1563, workSource=null
07-21 16:34:52.036 1563 1845 D PowerManagerService: updateWakeLockSummaryLocked: mWakefulness=Awake, mWakeLockSummary=0x0
07-21 16:34:52.037 1563 1845 D PowerManagerService: updateUserActivitySummaryLocked: groupId=0, mWakefulness=Awake, mUserActivitySummary=0x1, nextTimeout=4136150 (in 57142 ms)
07-21 16:34:52.037 1563 1845 D PowerManagerNotifier: onScreenPolicyUpdate: newPolicy=3
