07-21 16:35:07.367 2587 2587 I wm_on_top_resumed_lost_called: [51676365,com.android.launcher3.uioverrides.QuickstepLauncher,topStateChangedWhenResumed]
07-21 16:35:07.369 2587 2587 I wm_on_paused_called: [51676365,com.android.launcher3.uioverrides.QuickstepLauncher,performPause]
07-21 16:35:07.373 1563 21017 I ActivityTaskManager: FOREGROUND_APPLICATION_CHANGED to com.tencent.tmgp.sgame.SGameActivity
07-21 16:35:07.374 1563 21017 I wm_set_resumed_activity: [0,com.tencent.tmgp.sgame/.SGameActivity,resumeTopActivityInnerLocked]
07-21 16:35:07.375 1563 21017 I wm_add_to_stopping: [0,51676365,com.android.launcher3/.uioverrides.QuickstepLauncher,makeInvisible]
07-21 16:35:07.378 1563 21017 I wm_resume_activity: [0,182464186,77,com.tencent.tmgp.sgame/.SGameActivity]
07-21 16:35:07.378 1563 21017 D FreeFormWindowHelper: handleFreeformTask : Task{b9f24c8 #77 type=standard A=10110:com.tencent.tmgp.sgame U=0 visible=true mode=fullscreen translucent=false sz=1 visible freeform task=true rootAffinity=10110:com.tencent.tmgp.sgame isMini=false}
07-21 16:35:07.378 1563 21017 D FreeFormWindowHelper: mFreeFormTask : null
07-21 16:35:07.378 1563 21017 D FreeFormWindowHelper: mInRecent : false
07-21 16:35:07.378 1563 21017 D FreeFormWindowHelper:
07-21 16:35:07.394 1563 1690 I ActivityManager: Killing 19218:com.bilibili.bilithings/u0a24 (adj 905): empty #2
07-21 16:35:07.394 1563 1690 I am_kill : [0,19218,com.bilibili.bilithings,905,empty #2]
07-21 16:35:07.399 1563 1826 I input_focus: [Focus leaving 28c4f40 com.android.launcher3/com.android.launcher3.uioverrides.QuickstepLauncher (server),reason=NO_WINDOW]
07-21 16:35:07.400 1563 1691 I input_focus: [Focus request 979ab7d com.tencent.tmgp.sgame/com.tencent.tmgp.sgame.SGameActivity,reason=UpdateInputWindows]
07-21 16:35:07.403 1563 1690 I sysui_multi_action: [757,803,799,window_time_0,802,6]
07-21 16:35:07.406 2071 4426 W ContextImpl: Calling a method in the system process without a qualified user: android.app.ContextImpl.startService:1816 android.content.ContextWrapper.startService:774 com.thundercomm.gamemode.ingame.services.GameModeActionUtils.startGameModeService:118 com.thundercomm.gamemode.ingame.services.GameModeActionUtils.startGameModeEntry:29 com.thundercomm.gamemode.ingame.services.ActivityMonitoringService$1.onActivityLaunch:145
07-21 16:35:07.409 13409 13409 I wm_on_restart_called: [182464186,com.tencent.tmgp.sgame.SGameActivity,performRestartActivity]
07-21 16:35:07.409 13409 13409 I wm_on_start_called: [182464186,com.tencent.tmgp.sgame.SGameActivity,handleStartActivity]
07-21 16:35:07.409 13409 13409 I wm_on_resume_called: [182464186,com.tencent.tmgp.sgame.SGameActivity,RESUME_ACTIVITY]
07-21 16:35:07.409 13409 13409 I wm_on_top_resumed_gained_called: [182464186,com.tencent.tmgp.sgame.SGameActivity,topWhenResuming]
07-21 16:35:07.414 1563 1563 I GameModeConfig: Current uri is uri = content://com.thundercomm.gamemode.api/gamemode_settings/gamemode_isgaming
07-21 16:35:07.418 1563 1563 I GameModeConfig: isGameModeOn = true
07-21 16:35:07.418 1563 1563 I GameModeConfig: isGaming = true
07-21 16:35:07.418 1563 1563 I GameModeConfig: isDisableNotification = true
07-21 16:35:07.418 1563 1563 I GameModeConfig: isGameModeOn = true
07-21 16:35:07.418 1563 1563 I GameModeConfig: isGaming = true
07-21 16:35:07.418 1563 1563 I GameModeConfig: isDisableNotification = true
07-21 16:35:07.426 1563 1687 I sysui_multi_action: [319,28,321,25,322,57,325,4094,757,761,758,9,759,4,806,com.tencent.tmgp.sgame,871,com.tencent.tmgp.sgame.SGameActivity,904,com.android.launcher3,905,0,1320,17,1321,1]
07-21 16:35:07.431 1563 21026 D PowerManagerService: releaseWakeLockInternal: lock=195562495 [*launch*], flags=0x0
07-21 16:35:07.431 1563 21026 D PowerManagerNotifier: onWakeLockReleased: flags=1, tag="*launch*", packageName=android, ownerUid=1000, ownerPid=1563, workSource=WorkSource{10110}
07-21 16:35:07.431 1563 21026 D PowerManagerService: updateWakeLockSummaryLocked: mWakefulness=Awake, mWakeLockSummary=0x0
07-21 16:35:07.431 1563 21026 D PowerManagerService: updateUserActivitySummaryLocked: groupId=0, mWakefulness=Awake, mUserActivitySummary=0x1, nextTimeout=4154262 (in 59859 ms)
07-21 16:35:07.431 1563 21026 D PowerManagerNotifier: onScreenPolicyUpdate: newPolicy=3
07-21 16:35:07.431 1563 21026 D PowerManagerService: updateDisplayPowerStateLocked: displayReady=true, groupId=0, policy=BRIGHT, mWakefulness=Awake, mWakeLockSummary=0x0, mUserActivitySummary=0x1, mBootCompleted=true, screenBrightnessOverride=NaN, useAutoBrightness=false, mScreenBrightnessBoostInProgress=false, mIsVrModeEnabled= false, sQuiescent=false
07-21 16:35:07.431 1563 21026 D PowerManagerService: Releasing suspend blocker "PowerManagerService.WakeLocks".
07-21 16:35:07.433 1563 1826 I input_focus: [Focus entering 979ab7d com.tencent.tmgp.sgame/com.tencent.tmgp.sgame.SGameActivity (server),reason=Window became focusable. Previous reason: NOT_VISIBLE]
07-21 16:35:07.434 1927 2150 D StartingSurfaceDrawer: Task start finish, remove starting surface for task 77
07-21 16:35:07.440 0 0 W [ 4094.412052] ALERT: changing window size from 16000000 to 8000000 at 4094412026697
07-21 16:35:07.467 1563 21026 I am_proc_died: [0,19218,com.bilibili.bilithings,905,19]
07-21 16:35:07.468 1563 21026 I am_uid_stopped: 10024
07-21 16:35:07.480 1563 21017 D FreeFormWindowHelper: Current Display FreeFormTask is null
07-21 16:35:07.753 1563 1690 I wm_stop_activity: [0,51676365,com.android.launcher3/.uioverrides.QuickstepLauncher]
07-21 16:35:07.772 1563 13803 D FreeFormWindowHelper: exitRecentTasks
07-21 16:35:07.778 2587 2587 I wm_on_stop_called: [51676365,com.android.launcher3.uioverrides.QuickstepLauncher,STOP_ACTIVITY_ITEM]
07-21 16:35:07.912 0 0 W [ 4094.884089] ALERT: changing window size from 8000000 to 20000000 at 4094884053207
07-21 16:35:07.922 0 0 I [ 4094.891746] [drm: dsi_display_set_mode] [msm-dsi-info]: mdp_transfer_time_us=0 us
07-21 16:35:07.922 0 0 I [ 4094.891756] [drm: dsi_display_set_mode] [msm-dsi-info]: hactive= 2560,vactive= 1080,fps=30
07-21 16:35:07.922 0 0 I [ 4094.891928] [MAX975X: max96755x_drm_notifier_callback] *INFO* receives BLANK: UNBLANK
07-21 16:35:07.933 1563 1690 I DisplayDeviceRepository: Display device changed: DisplayDeviceInfo{"内置屏幕": uniqueId="local:4630946816427681409", 2560 x 1080, modeId 3, defaultModeId 1, supportedModes [{id=1, width=2560, height=1080, fps=60.000004, alternativeRefreshRates=[30.000002, 45.0]}, {id=2, width=2560, height=1080, fps=45.0, alternativeRefreshRates=[30.000002, 60.000004]}, {id=3, width=2560, height=1080, fps=30.000002, alternativeRefreshRates=[45.0, 60.000004]}], colorMode 0, supportedColorModes [0], hdrCapabilities HdrCapabilities{mSupportedHdrTypes=[2, 3, 4], mMaxLuminance=500.0, mMaxAverageLuminance=500.0, mMinLuminance=0.0}, allmSupported false, gameContentTypeSupported false, density 240, 320.315 x 318.976 dpi, appVsyncOff 1000000, presDeadline 33333333, touch INTERNAL, rotation 0, type INTERNAL, address {port=129, model=0x40446d97fee5e6}, deviceProductInfo DeviceProductInfo{name=, manufacturerPnpId=QCM, productId=1, modelYear=null, manufactureDate=ManufactureDate{week=27, year=2006}, connectionToSinkType=0}, state ON, frameRateOverride , brightnessMinimum 0.0, brightnessMaximum 1.0, brightnessDefault 1.0, FLAG_DEFAULT_DISPLAY, FLAG_ROTATES_WITH_CONTENT, FLAG_SECURE, FLAG_SUPPORTS_PROTECTED_BUFFERS}
07-21 16:35:08.080 1563 1826 I input_interaction: Interaction with: e1a7595 gamemode.floatview (server), edge-swipe (server), swipe-up (server), PointerEventDispatcher0 (server),
07-21 16:35:08.081 1563 1826 D PowerManagerService: userActivityNoUpdateLocked: groupId=0, eventTime=4095050, event=2, flags=0x0, uid=1000
07-21 16:35:08.081 1563 1826 D PowerManagerNotifier: onUserActivity: event=2, uid=1000
07-21 16:35:08.081 1563 1826 D PowerManagerService: updateUserActivitySummaryLocked: groupId=0, mWakefulness=Awake, mUserActivitySummary=0x1, nextTimeout=4155050 (in 59997 ms)
07-21 16:35:08.081 1563 1826 D PowerManagerNotifier: onScreenPolicyUpdate: newPolicy=3
07-21 16:35:08.081 1563 1826 D PowerManagerService: updateDisplayPowerStateLocked: displayReady=true, groupId=0, policy=BRIGHT, mWakefulness=Awake, mWakeLockSummary=0x0, mUserActivitySummary=0x1, mBootCompleted=true, screenBrightnessOverride=NaN, useAutoBrightness=false, mScreenBrightnessBoostInProgress=false, mIsVrModeEnabled= false, sQuiescent=false
07-21 16:35:08.116 1563 1815 I commit_sys_config_file: [settings-1-0,7]
07-21 16:35:08.124 0 0 I : [ 4095.092484] atmel_mxt_ts 0-004a: Enter resume
07-21 16:35:09.280 1563 1826 I input_interaction: Interaction with: b3b63fe gamemode.menuview (server), edge-swipe (server), swipe-up (server), PointerEventDispatcher0 (server),
07-21 16:35:09.281 1563 1826 D PowerManagerService: userActivityNoUpdateLocked: groupId=0, eventTime=4096251, event=2, flags=0x0, uid=1000
07-21 16:35:09.281 1563 1826 D PowerManagerNotifier: onUserActivity: event=2, uid=1000
07-21 16:35:09.282 1563 1826 D PowerManagerService: updateUserActivitySummaryLocked: groupId=0, mWakefulness=Awake, mUserActivitySummary=0x1, nextTimeout=4156251 (in 59998 ms)
07-21 16:35:09.282 1563 1826 D PowerManagerNotifier: onScreenPolicyUpdate: newPolicy=3
07-21 16:35:09.282 1563 1826 D PowerManagerService: updateDisplayPowerStateLocked: displayReady=true, groupId=0, policy=BRIGHT, mWakefulness=Awake, mWakeLockSummary=0x0, mUserActivitySummary=0x1, mBootCompleted=true, screenBrightnessOverride=NaN, useAutoBrightness=false, mScreenBrightnessBoostInProgress=false, mIsVrModeEnabled= false, sQuiescent=false
07-21 16:35:09.417 1563 1826 D PowerManagerService: userActivityNoUpdateLocked: groupId=0, eventTime=4096387, event=2, flags=0x0, uid=1000
07-21 16:35:09.417 1563 1826 D PowerManagerNotifier: onUserActivity: event=2, uid=1000
07-21 16:35:09.418 1563 1826 D PowerManagerService: updateUserActivitySummaryLocked: groupId=0, mWakefulness=Awake, mUserActivitySummary=0x1, nextTimeout=4156387 (in 59998 ms)
07-21 16:35:09.418 1563 1826 D PowerManagerNotifier: onScreenPolicyUpdate: newPolicy=3
07-21 16:35:09.418 1563 1826 D PowerManagerService: updateDisplayPowerStateLocked: displayReady=true, groupId=0, policy=BRIGHT, mWakefulness=Awake, mWakeLockSummary=0x0, mUserActivitySummary=0x1, mBootCompleted=true, screenBrightnessOverride=NaN, useAutoBrightness=false, mScreenBrightnessBoostInProgress=false, mIsVrModeEnabled= false, sQuiescent=false
07-21 16:35:09.517 1563 1826 D PowerManagerService: userActivityNoUpdateLocked: groupId=0, eventTime=4096488, event=2, flags=0x0, uid=1000
07-21 16:35:09.517 1563 1826 D PowerManagerNotifier: onUserActivity: event=2, uid=1000
07-21 16:35:09.517 1563 1826 D PowerManagerService: updateUserActivitySummaryLocked: groupId=0, mWakefulness=Awake, mUserActivitySummary=0x1, nextTimeout=4156488 (in 59999 ms)
07-21 16:35:09.517 1563 1826 D PowerManagerNotifier: onScreenPolicyUpdate: newPolicy=3
07-21 16:35:09.517 1563 1826 D PowerManagerService: updateDisplayPowerStateLocked: displayReady=true, groupId=0, policy=BRIGHT, mWakefulness=Awake, mWakeLockSummary=0x0, mUserActivitySummary=0x1, mBootCompleted=true, screenBrightnessOverride=NaN, useAutoBrightness=false, mScreenBrightnessBoostInProgress=false, mIsVrModeEnabled= false, sQuiescent=false
07-21 16:35:09.518 1563 1563 I service_manager_stats: [100,62,17727]
07-21 16:35:09.617 1563 1826 D PowerManagerService: userActivityNoUpdateLocked: groupId=0, eventTime=4096588, event=2, flags=0x0, uid=1000
07-21 16:35:09.618 1563 1826 D PowerManagerNotifier: onUserActivity: event=2, uid=1000
07-21 16:35:09.618 1563 1826 D PowerManagerService: updateUserActivitySummaryLocked: groupId=0, mWakefulness=Awake, mUserActivitySummary=0x1, nextTimeout=4156588 (in 59999 ms)
07-21 16:35:09.618 1563 1826 D PowerManagerNotifier: onScreenPolicyUpdate: newPolicy=3
07-21 16:35:09.618 1563 1826 D PowerManagerService: updateDisplayPowerStateLocked: displayReady=true, groupId=0, policy=BRIGHT, mWakefulness=Awake, mWakeLockSummary=0x0, mUserActivitySummary=0x1, mBootCompleted=true, screenBrightnessOverride=NaN, useAutoBrightness=false, mScreenBrightnessBoostInProgress=false, mIsVrModeEnabled= false, sQuiescent=false
07-21 16:35:09.718 1563 1826 D PowerManagerService: userActivityNoUpdateLocked: groupId=0, eventTime=4096689, event=2, flags=0x0, uid=1000
07-21 16:35:09.719 1563 1826 D PowerManagerNotifier: onUserActivity: event=2, uid=1000
07-21 16:35:09.719 1563 1826 D PowerManagerService: updateUserActivitySummaryLocked: groupId=0, mWakefulness=Awake, mUserActivitySummary=0x1, nextTimeout=4156689 (in 59999 ms)
07-21 16:35:09.719 1563 1826 D PowerManagerNotifier: onScreenPolicyUpdate: newPolicy=3
07-21 16:35:09.719 1563 1826 D PowerManagerService: updateDisplayPowerStateLocked: displayReady=true, groupId=0, policy=BRIGHT, mWakefulness=Awake, mWakeLockSummary=0x0, mUserActivitySummary=0x1, mBootCompleted=true, screenBrightnessOverride=NaN, useAutoBrightness=false, mScreenBrightnessBoostInProgress=false, mIsVrModeEnabled= false, sQuiescent=false
07-21 16:35:09.818 1563 1826 D PowerManagerService: userActivityNoUpdateLocked: groupId=0, eventTime=4096789, event=2, flags=0x0, uid=1000
07-21 16:35:09.818 1563 1826 D PowerManagerNotifier: onUserActivity: event=2, uid=1000
07-21 16:35:09.819 1563 1826 D PowerManagerService: updateUserActivitySummaryLocked: groupId=0, mWakefulness=Awake, mUserActivitySummary=0x1, nextTimeout=4156789 (in 59999 ms)
07-21 16:35:09.819 1563 1826 D PowerManagerNotifier: onScreenPolicyUpdate: newPolicy=3
07-21 16:35:09.819 1563 1826 D PowerManagerService: updateDisplayPowerStateLocked: displayReady=true, groupId=0, policy=BRIGHT, mWakefulness=Awake, mWakeLockSummary=0x0, mUserActivitySummary=0x1, mBootCompleted=true, screenBrightnessOverride=NaN, useAutoBrightness=false, mScreenBrightnessBoostInProgress=false, mIsVrModeEnabled= false, sQuiescent=false
07-21 16:35:09.918 1563 1826 D PowerManagerService: userActivityNoUpdateLocked: groupId=0, eventTime=4096889, event=2, flags=0x0, uid=1000
07-21 16:35:09.919 1563 1826 D PowerManagerNotifier: onUserActivity: event=2, uid=1000
07-21 16:35:09.919 1563 1826 D PowerManagerService: updateUserActivitySummaryLocked: groupId=0, mWakefulness=Awake, mUserActivitySummary=0x1, nextTimeout=4156889 (in 59999 ms)
07-21 16:35:09.919 1563 1826 D PowerManagerNotifier: onScreenPolicyUpdate: newPolicy=3
07-21 16:35:09.919 1563 1826 D PowerManagerService: updateDisplayPowerStateLocked: displayReady=true, groupId=0, policy=BRIGHT, mWakefulness=Awake, mWakeLockSummary=0x0, mUserActivitySummary=0x1, mBootCompleted=true, screenBrightnessOverride=NaN, useAutoBrightness=false, mScreenBrightnessBoostInProgress=false, mIsVrModeEnabled= false, sQuiescent=false
07-21 16:35:10.019 1563 1826 D PowerManagerService: userActivityNoUpdateLocked: groupId=0, eventTime=4096990, event=2, flags=0x0, uid=1000
07-21 16:35:10.019 1563 1826 D PowerManagerNotifier: onUserActivity: event=2, uid=1000
07-21 16:35:10.020 1563 1826 D PowerManagerService: updateUserActivitySummaryLocked: groupId=0, mWakefulness=Awake, mUserActivitySummary=0x1, nextTimeout=4156990 (in 59999 ms)
07-21 16:35:10.020 1563 1826 D PowerManagerNotifier: onScreenPolicyUpdate: newPolicy=3
07-21 16:35:10.020 1563 1826 D PowerManagerService: updateDisplayPowerStateLocked: displayReady=true, groupId=0, policy=BRIGHT, mWakefulness=Awake, mWakeLockSummary=0x0, mUserActivitySummary=0x1, mBootCompleted=true, screenBrightnessOverride=NaN, useAutoBrightness=false, mScreenBrightnessBoostInProgress=false, mIsVrModeEnabled= false, sQuiescent=false
07-21 16:35:11.591 1563 1826 I input_interaction: Interaction with: 979ab7d com.tencent.tmgp.sgame/com.tencent.tmgp.sgame.SGameActivity (server), edge-swipe (server), swipe-up (server), PointerEventDispatcher0 (server),
07-21 16:35:11.592 1563 1826 D PowerManagerService: userActivityNoUpdateLocked: groupId=0, eventTime=4098562, event=2, flags=0x0, uid=1000
07-21 16:35:11.592 1563 1826 D PowerManagerNotifier: onUserActivity: event=2, uid=1000
07-21 16:35:11.593 1563 1826 D PowerManagerService: updateUserActivitySummaryLocked: groupId=0, mWakefulness=Awake, mUserActivitySummary=0x1, nextTimeout=4158562 (in 59998 ms)
07-21 16:35:11.593 1563 1826 D PowerManagerNotifier: onScreenPolicyUpdate: newPolicy=3
07-21 16:35:11.593 1563 1826 D PowerManagerService: updateDisplayPowerStateLocked: displayReady=true, groupId=0, policy=BRIGHT, mWakefulness=Awake, mWakeLockSummary=0x0, mUserActivitySummary=0x1, mBootCompleted=true, screenBrightnessOverride=NaN, useAutoBrightness=false, mScreenBrightnessBoostInProgress=false, mIsVrModeEnabled= false, sQuiescent=false
07-21 16:35:11.596 1563 21026 D FreeFormWindowHelper: Current Display FreeFormTask is null
07-21 16:35:11.605 1563 21026 I wm_task_moved: [1,0,0]
07-21 16:35:11.605 1563 21009 D FreeFormWindowHelper: Current Display FreeFormTask is null
07-21 16:35:11.605 1563 21026 I wm_task_moved: [1,0,6]
07-21 16:35:11.606 1563 21009 D FreeFormWindowHelper: Current Display FreeFormTask is null
07-21 16:35:11.617 1563 21026 D FreeFormWindowHelper: Current Display FreeFormTask is null
07-21 16:35:11.618 2587 2587 I wm_on_restart_called: [51676365,com.android.launcher3.uioverrides.QuickstepLauncher,performRestartActivity]
07-21 16:35:11.618 1563 26128 D FreeFormWindowHelper: Current Display FreeFormTask is null
07-21 16:35:11.618 1563 26128 D FreeFormWindowHelper: Current Display FreeFormTask is null
07-21 16:35:11.618 1563 26128 D FreeFormWindowHelper: Current Display FreeFormTask is null
07-21 16:35:11.625 2587 2587 I wm_on_start_called: [51676365,com.android.launcher3.uioverrides.QuickstepLauncher,handleStartActivity]
07-21 16:35:11.626 1563 21026 W ActivityTaskManager: getTaskSnapshot: taskId=279 not found
07-21 16:35:11.627 1563 21026 W ActivityTaskManager: getTaskSnapshot: taskId=279 not found
07-21 16:35:11.627 1563 21026 W ActivityTaskManager: getTaskSnapshot: taskId=279 not found
07-21 16:35:11.627 1563 21026 W ActivityTaskManager: getTaskSnapshot: taskId=280 not found
07-21 16:35:11.661 1563 21026 D FreeFormWindowHelper: Current Display FreeFormTask is null
07-21 16:35:11.661 1563 21026 D FreeFormWindowHelper: Current Display FreeFormTask is null
07-21 16:35:11.672 1563 1687 I sysui_multi_action: [319,10,322,62,325,4098,757,761,758,9,759,5,806,com.android.launcher3,871,com.android.launcher3.uioverrides.QuickstepLauncher,905,0,1320,8,1321,5]
07-21 16:35:11.684 1563 26128 D FreeFormWindowHelper: Current Display FreeFormTask is null
07-21 16:35:11.684 1563 26128 D FreeFormWindowHelper: Current Display FreeFormTask is null
07-21 16:35:11.759 1563 1826 D PowerManagerService: userActivityNoUpdateLocked: groupId=0, eventTime=4098729, event=2, flags=0x0, uid=1000
07-21 16:35:11.760 1563 1826 D PowerManagerNotifier: onUserActivity: event=2, uid=1000
07-21 16:35:11.760 1563 1826 D PowerManagerService: updateUserActivitySummaryLocked: groupId=0, mWakefulness=Awake, mUserActivitySummary=0x1, nextTimeout=4158729 (in 59998 ms)
07-21 16:35:11.760 1563 1826 D PowerManagerNotifier: onScreenPolicyUpdate: newPolicy=3
07-21 16:35:11.760 1563 1826 D PowerManagerService: updateDisplayPowerStateLocked: displayReady=true, groupId=0, policy=BRIGHT, mWakefulness=Awake, mWakeLockSummary=0x0, mUserActivitySummary=0x1, mBootCompleted=true, screenBrightnessOverride=NaN, useAutoBrightness=false, mScreenBrightnessBoostInProgress=false, mIsVrModeEnabled= false, sQuiescent=false
07-21 16:35:11.768 13409 13409 I view_enqueue_input_event: [Motion - Cancel,com.tencent.tmgp.sgame/com.tencent.tmgp.sgame.SGameActivity]
07-21 16:35:11.769 2587 2587 I sysui_latency: [1,71]
07-21 16:35:11.770 1563 1687 D AutofillManagerService: Close system dialogs
07-21 16:35:11.770 1563 21026 D FreeFormWindowHelper: Current Display FreeFormTask is null
07-21 16:35:11.770 1563 1691 I input_focus: [Focus request recents_animation_input_consumer,reason=UpdateInputWindows]
07-21 16:35:11.771 1563 21009 D FreeFormWindowHelper: Current Display FreeFormTask is null
07-21 16:35:11.772 1563 21009 W ActivityTaskManager: getTaskSnapshot: taskId=443 not found
07-21 16:35:11.773 1563 21009 W ActivityTaskManager: getTaskSnapshot: taskId=443 not found
07-21 16:35:11.774 1563 21009 W ActivityTaskManager: getTaskSnapshot: taskId=443 not found
07-21 16:35:11.774 1563 21009 W ActivityTaskManager: getTaskSnapshot: taskId=443 not found
07-21 16:35:11.778 1563 1826 I input_interaction: Interaction with: edge-swipe (server), swipe-up (server), PointerEventDispatcher0 (server),
07-21 16:35:11.792 1563 21009 D FreeFormWindowHelper: Current Display FreeFormTask is null
07-21 16:35:11.792 1563 21009 D FreeFormWindowHelper: Current Display FreeFormTask is null
07-21 16:35:11.825 1563 26128 D FreeFormWindowHelper: Current Display FreeFormTask is null
07-21 16:35:11.825 1563 21009 D FreeFormWindowHelper: Current Display FreeFormTask is null
07-21 16:35:11.826 1563 1826 I input_focus: [Focus leaving 979ab7d com.tencent.tmgp.sgame/com.tencent.tmgp.sgame.SGameActivity (server),reason=NOT_FOCUSABLE]
07-21 16:35:11.826 1563 1826 I input_focus: [Focus entering recents_animation_input_consumer (server),reason=setFocusedWindow]
07-21 16:35:11.834 1563 26128 D FreeFormWindowHelper: exitRecentTasks
07-21 16:35:11.838 1563 1815 I commit_sys_config_file: [settings-1-0,13]
07-21 16:35:11.859 1563 1598 D FreeFormWindowHelper: Current Display FreeFormTask is null
07-21 16:35:11.859 1563 21026 D FreeFormWindowHelper: Current Display FreeFormTask is null
07-21 16:35:11.971 1563 1699 I sysui_latency: [8,71]
07-21 16:35:12.043 1563 1815 I commit_sys_config_file: [settings-1-0,7]
07-21 16:35:12.494 1563 17518 D FreeFormWindowHelper: Current Display FreeFormTask is null
07-21 16:35:12.494 1563 17518 D FreeFormWindowHelper: Current Display FreeFormTask is null
07-21 16:35:12.495 1563 15393 D FreeFormWindowHelper: Current Display FreeFormTask is null
07-21 16:35:12.496 1563 26128 I wm_task_moved: [1,1,7]
07-21 16:35:12.500 1563 26128 I wm_task_moved: [59,1,2147483647]
07-21 16:35:12.500 1563 26128 I wm_task_to_front: [0,59]
07-21 16:35:12.500 13409 13409 I wm_on_top_resumed_lost_called: [182464186,com.tencent.tmgp.sgame.SGameActivity,topStateChangedWhenResumed]
07-21 16:35:12.500 1563 26128 I wm_focused_root_task: [0,0,1,77,RecentsAnimation.onAnimationFinished()]
07-21 16:35:12.501 1563 26128 I wm_set_resumed_activity: [0,com.android.launcher3/.uioverrides.QuickstepLauncher,RecentsAnimation.onAnimationFinished()]
07-21 16:35:12.502 1563 26128 I wm_pause_activity: [0,182464186,com.tencent.tmgp.sgame/.SGameActivity,userLeaving=true,pauseBackTasks]
07-21 16:35:12.502 1563 26128 D PowerManagerService: acquireWakeLockInternal: lock=195562495, flags=0x1, tag="*launch*", ws=WorkSource{10079}, uid=1000, pid=1563
07-21 16:35:12.503 1563 26128 D PowerManagerService: updateWakeLockSummaryLocked: mWakefulness=Awake, mWakeLockSummary=0x1
07-21 16:35:12.503 1563 26128 D PowerManagerService: updateUserActivitySummaryLocked: groupId=0, mWakefulness=Awake, mUserActivitySummary=0x1, nextTimeout=4158729 (in 59255 ms)
07-21 16:35:12.503 1563 26128 D PowerManagerNotifier: onScreenPolicyUpdate: newPolicy=3
07-21 16:35:12.503 1563 26128 D PowerManagerService: updateDisplayPowerStateLocked: displayReady=true, groupId=0, policy=BRIGHT, mWakefulness=Awake, mWakeLockSummary=0x1, mUserActivitySummary=0x1, mBootCompleted=true, screenBrightnessOverride=NaN, useAutoBrightness=false, mScreenBrightnessBoostInProgress=false, mIsVrModeEnabled= false, sQuiescent=false
07-21 16:35:12.503 1563 26128 D PowerManagerService: Acquiring suspend blocker "PowerManagerService.WakeLocks".
07-21 16:35:12.504 1563 26128 D PowerManagerNotifier: onWakeLockAcquired: flags=1, tag="*launch*", packageName=android, ownerUid=1000, ownerPid=1563, workSource=WorkSource{10079}
07-21 16:35:12.504 1563 26128 I wm_add_to_stopping: [0,182464186,com.tencent.tmgp.sgame/.SGameActivity,makeInvisible]
07-21 16:35:12.504 1563 26128 I ActivityTaskManager: FOREGROUND_APPLICATION_CHANGED to com.android.launcher3.uioverrides.QuickstepLauncher
07-21 16:35:12.505 1563 26128 I wm_set_resumed_activity: [0,com.android.launcher3/.uioverrides.QuickstepLauncher,resumeTopActivityInnerLocked]
07-21 16:35:12.508 1563 26128 I wm_resume_activity: [0,51676365,59,com.android.launcher3/.uioverrides.QuickstepLauncher]
07-21 16:35:12.508 1563 26128 D FreeFormWindowHelper: handleFreeformTask : Task{2e16b62 #1 type=home ?? U=0 visible=true mode=fullscreen translucent=false sz=1 visible freeform task=true rootAffinity=null isMini=false}
07-21 16:35:12.508 2587 2587 I wm_on_resume_called: [51676365,com.android.launcher3.uioverrides.QuickstepLauncher,RESUME_ACTIVITY]
07-21 16:35:12.510 1563 26128 D FreeFormWindowHelper: mFreeFormTask : null
07-21 16:35:12.510 1563 26128 D FreeFormWindowHelper: mInRecent : false
07-21 16:35:12.510 1563 26128 D FreeFormWindowHelper:
07-21 16:35:12.511 1563 26128 D FreeFormWindowHelper: handleFreeformTask : Task{2e16b62 #1 type=home ?? U=0 visible=true mode=fullscreen translucent=false sz=1 visible freeform task=true rootAffinity=null isMini=false}
07-21 16:35:12.511 1563 26128 D FreeFormWindowHelper: mFreeFormTask : null
07-21 16:35:12.511 1563 26128 D FreeFormWindowHelper: mInRecent : false
07-21 16:35:12.511 1563 26128 D FreeFormWindowHelper:
07-21 16:35:12.518 1563 1691 I input_focus: [Focus request 28c4f40 com.android.launcher3/com.android.launcher3.uioverrides.QuickstepLauncher,reason=UpdateInputWindows]
07-21 16:35:12.519 13409 13409 I wm_on_paused_called: [182464186,com.tencent.tmgp.sgame.SGameActivity,performPause]
07-21 16:35:12.520 1563 1690 I wm_stop_activity: [0,182464186,com.tencent.tmgp.sgame/.SGameActivity]
07-21 16:35:12.520 1563 1690 I sysui_multi_action: [757,803,799,window_time_0,802,5]
07-21 16:35:12.520 1563 21026 D PowerManagerService: releaseWakeLockInternal: lock=195562495 [*launch*], flags=0x0
07-21 16:35:12.520 1563 21026 D PowerManagerNotifier: onWakeLockReleased: flags=1, tag="*launch*", packageName=android, ownerUid=1000, ownerPid=1563, workSource=WorkSource{10079}
07-21 16:35:12.521 1563 21026 D PowerManagerService: updateWakeLockSummaryLocked: mWakefulness=Awake, mWakeLockSummary=0x0
07-21 16:35:12.521 1563 21026 D PowerManagerService: updateUserActivitySummaryLocked: groupId=0, mWakefulness=Awake, mUserActivitySummary=0x1, nextTimeout=4158729 (in 59237 ms)
07-21 16:35:12.521 1563 21026 D PowerManagerNotifier: onScreenPolicyUpdate: newPolicy=3
07-21 16:35:12.521 1563 21026 D PowerManagerService: updateDisplayPowerStateLocked: displayReady=true, groupId=0, policy=BRIGHT, mWakefulness=Awake, mWakeLockSummary=0x0, mUserActivitySummary=0x1, mBootCompleted=true, screenBrightnessOverride=NaN, useAutoBrightness=false, mScreenBrightnessBoostInProgress=false, mIsVrModeEnabled= false, sQuiescent=false
07-21 16:35:12.521 1563 21026 D PowerManagerService: Releasing suspend blocker "PowerManagerService.WakeLocks".
07-21 16:35:12.522 1563 1690 I am_uid_running: 10102
07-21 16:35:12.523 1563 1690 D CompatibilityChangeReporter: Compat change id reported: 135634846; UID 10102; state: DISABLED
07-21 16:35:12.523 1563 1690 D CompatibilityChangeReporter: Compat change id reported: 177438394; UID 10102; state: DISABLED
07-21 16:35:12.523 1563 1690 D CompatibilityChangeReporter: Compat change id reported: 135772972; UID 10102; state: DISABLED
07-21 16:35:12.523 1563 1690 D CompatibilityChangeReporter: Compat change id reported: 135754954; UID 10102; state: ENABLED
07-21 16:35:12.523 1563 1701 D CompatibilityChangeReporter: Compat change id reported: 143937733; UID 10102; state: ENABLED
07-21 16:35:12.523 1563 1690 I am_uid_running: 10024
07-21 16:35:12.523 1563 1690 D CompatibilityChangeReporter: Compat change id reported: 135634846; UID 10024; state: DISABLED
07-21 16:35:12.524 1563 1690 I sysui_multi_action: [757,803,799,window_time_0,802,0]
07-21 16:35:12.528 2587 2587 I wm_on_top_resumed_gained_called: [51676365,com.android.launcher3.uioverrides.QuickstepLauncher,topStateChangedWhenResumed]
07-21 16:35:12.529 1563 1826 I input_focus: [Focus leaving recents_animation_input_consumer (server),reason=NOT_VISIBLE]
07-21 16:35:12.529 1563 1826 I input_focus: [Focus entering 28c4f40 com.android.launcher3/com.android.launcher3.uioverrides.QuickstepLauncher (server),reason=setFocusedWindow]
07-21 16:35:12.531 1563 1701 I am_proc_start: [0,19354,10102,tv.danmaku.bilibilihd,NULL,]
07-21 16:35:12.531 1563 1701 I ActivityManager: Start proc 19354:tv.danmaku.bilibilihd/u0a102 for null
07-21 16:35:12.534 1563 1701 D CompatibilityChangeReporter: Compat change id reported: 143937733; UID 10024; state: DISABLED
07-21 16:35:12.538 1563 1701 I am_proc_start: [0,19359,10024,com.bilibili.bilithings,NULL,]
07-21 16:35:12.538 1563 1701 I ActivityManager: Start proc 19359:com.bilibili.bilithings/u0a24 for null
07-21 16:35:12.542 13409 13409 I wm_on_stop_called: [182464186,com.tencent.tmgp.sgame.SGameActivity,STOP_ACTIVITY_ITEM]
07-21 16:35:12.548 0 0 I [ 4099.519188] binder: 19354:19354 ioctl 40046210 7ff1724834 returned -22
07-21 16:35:12.548 0 0 I [ 4099.519971] binder: 19359:19359 ioctl 40046210 ff9965c8 returned -22
07-21 16:35:12.553 1563 15393 I am_proc_bound: [0,19354,tv.danmaku.bilibilihd]
07-21 16:35:12.555 1563 26128 I am_proc_bound: [0,19359,com.bilibili.bilithings]
07-21 16:35:12.565 1563 26128 I ActivityManager: Killing 19354:tv.danmaku.bilibilihd/u0a102 (adj 915): empty #2
07-21 16:35:12.565 1563 26128 I am_kill : [0,19354,tv.danmaku.bilibilihd,915,empty #2]
07-21 16:35:12.566 1563 26128 I ActivityManager: Killing 15034:com.android.permissioncontroller/u0a92 (adj 925): empty #3
07-21 16:35:12.566 1563 26128 I am_kill : [0,15034,com.android.permissioncontroller,925,empty #3]
07-21 16:35:12.568 2071 4426 W ContextImpl: Calling a method in the system process without a qualified user: android.app.ContextImpl.startService:1816 android.content.ContextWrapper.startService:774 com.thundercomm.gamemode.ingame.services.GameModeActionUtils.startGameModeService:118 com.thundercomm.gamemode.ingame.services.GameModeActionUtils.startGameModeEntry:29 com.thundercomm.gamemode.ingame.services.ActivityMonitoringService$1.onActivityLaunch:145
07-21 16:35:12.573 1563 1563 I GameModeConfig: Current uri is uri = content://com.thundercomm.gamemode.api/gamemode_settings/gamemode_isgaming
07-21 16:35:12.576 1563 1563 I GameModeConfig: isGameModeOn = true
07-21 16:35:12.576 1563 1563 I GameModeConfig: isGaming = false
07-21 16:35:12.577 1563 1563 I GameModeConfig: isGameModeOn = true
07-21 16:35:12.577 1563 1563 I GameModeConfig: isGaming = false
07-21 16:35:12.577 1563 1563 I GameModeConfig: isDisableVoice = true
07-21 16:35:12.584 1563 15393 I am_proc_died: [0,19354,tv.danmaku.bilibilihd,915,19]
07-21 16:35:12.585 1563 15393 I am_uid_stopped: 10102
07-21 16:35:12.611 1563 26128 I am_proc_died: [0,15034,com.android.permissioncontroller,925,19]
07-21 16:35:12.611 1563 26128 I am_uid_stopped: 10092
07-21 16:35:12.620 1563 15393 D FreeFormWindowHelper: Current Display FreeFormTask is null
07-21 16:35:12.679 19359 19359 I auditd : type=1400 audit(0.0:16381): avc: denied { open } for comm="Thread-3" path="/dev/__properties__/u:object_r:wifi_prop:s0" dev="tmpfs" ino=2444 scontext=u:r:priv_app:s0:c512,c768 tcontext=u:object_r:wifi_prop:s0 tclass=file permissive=1 app=com.bilibili.bilithings
07-21 16:35:12.679 19359 19359 I auditd : type=1400 audit(0.0:16382): avc: denied { getattr } for comm="Thread-3" path="/dev/__properties__/u:object_r:wifi_prop:s0" dev="tmpfs" ino=2444 scontext=u:r:priv_app:s0:c512,c768 tcontext=u:object_r:wifi_prop:s0 tclass=file permissive=1 app=com.bilibili.bilithings
07-21 16:35:12.679 19359 19359 I auditd : type=1400 audit(0.0:16383): avc: denied { map } for comm="Thread-3" path="/dev/__properties__/u:object_r:wifi_prop:s0" dev="tmpfs" ino=2444 scontext=u:r:priv_app:s0:c512,c768 tcontext=u:object_r:wifi_prop:s0 tclass=file permissive=1 app=com.bilibili.bilithings
07-21 16:35:12.683 19359 19359 I auditd : type=1400 audit(0.0:16384): avc: denied { open } for comm="Thread-3" path="/dev/__properties__/u:object_r:wifi_hal_prop:s0" dev="tmpfs" ino=2442 scontext=u:r:priv_app:s0:c512,c768 tcontext=u:object_r:wifi_hal_prop:s0 tclass=file permissive=1 app=com.bilibili.bilithings
07-21 16:35:12.683 19359 19359 I auditd : type=1400 audit(0.0:16385): avc: denied { getattr } for comm="Thread-3" path="/dev/__properties__/u:object_r:wifi_hal_prop:s0" dev="tmpfs" ino=2442 scontext=u:r:priv_app:s0:c512,c768 tcontext=u:object_r:wifi_hal_prop:s0 tclass=file permissive=1 app=com.bilibili.bilithings
07-21 16:35:12.683 19359 19359 I auditd : type=1400 audit(0.0:16386): avc: denied { map } for comm="Thread-3" path="/dev/__properties__/u:object_r:wifi_hal_prop:s0" dev="tmpfs" ino=2442 scontext=u:r:priv_app:s0:c512,c768 tcontext=u:object_r:wifi_hal_prop:s0 tclass=file permissive=1 app=com.bilibili.bilithings
07-21 16:35:12.770 1563 1826 I input_interaction: Interaction with: 28c4f40 com.android.launcher3/com.android.launcher3.uioverrides.QuickstepLauncher (server), c461ca2 com.android.systemui.ImageWallpaper (server), edge-swipe (server), swipe-up (server), PointerEventDispatcher0 (server),
07-21 16:35:12.770 1563 1826 D PowerManagerService: userActivityNoUpdateLocked: groupId=0, eventTime=4099741, event=2, flags=0x0, uid=1000
07-21 16:35:12.770 1563 1826 D PowerManagerNotifier: onUserActivity: event=2, uid=1000
07-21 16:35:12.770 1563 1826 D PowerManagerService: updateUserActivitySummaryLocked: groupId=0, mWakefulness=Awake, mUserActivitySummary=0x1, nextTimeout=4159741 (in 59999 ms)
07-21 16:35:12.771 1563 1826 D PowerManagerNotifier: onScreenPolicyUpdate: newPolicy=3
07-21 16:35:12.771 1563 1826 D PowerManagerService: updateDisplayPowerStateLocked: displayReady=true, groupId=0, policy=BRIGHT, mWakefulness=Awake, mWakeLockSummary=0x0, mUserActivitySummary=0x1, mBootCompleted=true, screenBrightnessOverride=NaN, useAutoBrightness=false, mScreenBrightnessBoostInProgress=false, mIsVrModeEnabled= false, sQuiescent=false
07-21 16:35:13.092 0 0 W [ 4100.064104] ALERT: changing window size from 20000000 to 16000000 at 4100064068414
07-21 16:35:13.120 0 0 I [ 4100.090940] [drm: dsi_display_set_mode] [msm-dsi-info]: mdp_transfer_time_us=0 us
07-21 16:35:13.121 0 0 I [ 4100.090955] [drm: dsi_display_set_mode] [msm-dsi-info]: hactive= 2560,vactive= 1080,fps=60
07-21 16:35:13.121 0 0 I [ 4100.091192] [MAX975X: max96755x_drm_notifier_callback] *INFO* receives BLANK: UNBLANK
07-21 16:35:13.146 1563 1690 I DisplayDeviceRepository: Display device changed: DisplayDeviceInfo{"内置屏幕": uniqueId="local:4630946816427681409", 2560 x 1080, modeId 1, defaultModeId 1, supportedModes [{id=1, width=2560, height=1080, fps=60.000004, alternativeRefreshRates=[30.000002, 45.0]}, {id=2, width=2560, height=1080, fps=45.0, alternativeRefreshRates=[30.000002, 60.000004]}, {id=3, width=2560, height=1080, fps=30.000002, alternativeRefreshRates=[45.0, 60.000004]}], colorMode 0, supportedColorModes [0], hdrCapabilities HdrCapabilities{mSupportedHdrTypes=[2, 3, 4], mMaxLuminance=500.0, mMaxAverageLuminance=500.0, mMinLuminance=0.0}, allmSupported false, gameContentTypeSupported false, density 240, 320.315 x 318.976 dpi, appVsyncOff 1000000, presDeadline 16666666, touch INTERNAL, rotation 0, type INTERNAL, address {port=129, model=0x40446d97fee5e6}, deviceProductInfo DeviceProductInfo{name=, manufacturerPnpId=QCM, productId=1, modelYear=null, manufactureDate=ManufactureDate{week=27, year=2006}, connectionToSinkType=0}, state ON, frameRateOverride , brightnessMinimum 0.0, brightnessMaximum 1.0, brightnessDefault 1.0, FLAG_DEFAULT_DISPLAY, FLAG_ROTATES_WITH_CONTENT, FLAG_SECURE, FLAG_SUPPORTS_PROTECTED_BUFFERS}
07-21 16:35:13.283 1563 1815 I commit_sys_config_file: [settings-1-0,11]
07-21 16:35:13.324 0 0 I : [ 4100.292464] atmel_mxt_ts 0-004a: Enter resume
07-21 16:35:13.403 1563 1826 D PowerManagerService: userActivityNoUpdateLocked: groupId=0, eventTime=4100373, event=2, flags=0x0, uid=1000
07-21 16:35:13.404 1563 1826 D PowerManagerNotifier: onUserActivity: event=2, uid=1000
07-21 16:35:13.404 1563 1826 D PowerManagerService: updateUserActivitySummaryLocked: groupId=0, mWakefulness=Awake, mUserActivitySummary=0x1, nextTimeout=4160373 (in 59998 ms)
07-21 16:35:13.404 1563 1826 D PowerManagerNotifier: onScreenPolicyUpdate: newPolicy=3
07-21 16:35:13.404 1563 1826 D PowerManagerService: updateDisplayPowerStateLocked: displayReady=true, groupId=0, policy=BRIGHT, mWakefulness=Awake, mWakeLockSummary=0x0, mUserActivitySummary=0x1, mBootCompleted=true, screenBrightnessOverride=NaN, useAutoBrightness=false, mScreenBrightnessBoostInProgress=false, mIsVrModeEnabled= false, sQuiescent=false
07-21 16:35:13.851 1563 1826 D PowerManagerService: userActivityNoUpdateLocked: groupId=0, eventTime=4100821, event=2, flags=0x0, uid=1000
07-21 16:35:13.851 1563 1826 D PowerManagerNotifier: onUserActivity: event=2, uid=1000
07-21 16:35:13.852 1563 1826 D PowerManagerService: updateUserActivitySummaryLocked: groupId=0, mWakefulness=Awake, mUserActivitySummary=0x1, nextTimeout=4160821 (in 59998 ms)
07-21 16:35:13.852 1563 1826 D PowerManagerNotifier: onScreenPolicyUpdate: newPolicy=3
07-21 16:35:13.852 1563 1826 D PowerManagerService: updateDisplayPowerStateLocked: displayReady=true, groupId=0, policy=BRIGHT, mWakefulness=Awake, mWakeLockSummary=0x0, mUserActivitySummary=0x1, mBootCompleted=true, screenBrightnessOverride=NaN, useAutoBrightness=false, mScreenBrightnessBoostInProgress=false, mIsVrModeEnabled= false, sQuiescent=false
07-21 16:35:13.873 1563 17518 W ActivityManager: Background start not allowed: service Intent { cmp=com.bilibili.bilithings/com.bilibili.lib.neuron.internal.NeuronLocalService (has extras) } to com.bilibili.bilithings/com.bilibili.lib.neuron.internal.NeuronLocalService from pid=19359 uid=10024 pkg=com.bilibili.bilithings startFg?=false
07-21 16:35:14.533 1563 1826 D PowerManagerService: userActivityNoUpdateLocked: groupId=0, eventTime=4101503, event=2, flags=0x0, uid=1000
07-21 16:35:14.533 1563 1826 D PowerManagerNotifier: onUserActivity: event=2, uid=1000
07-21 16:35:14.533 1563 1826 D PowerManagerService: updateUserActivitySummaryLocked: groupId=0, mWakefulness=Awake, mUserActivitySummary=0x1, nextTimeout=4161503 (in 59998 ms)
07-21 16:35:14.533 1563 1826 D PowerManagerNotifier: onScreenPolicyUpdate: newPolicy=3
07-21 16:35:14.533 1563 1826 D PowerManagerService: updateDisplayPowerStateLocked: displayReady=true, groupId=0, policy=BRIGHT, mWakefulness=Awake, mWakeLockSummary=0x0, mUserActivitySummary=0x1, mBootCompleted=true, screenBrightnessOverride=NaN, useAutoBrightness=false, mScreenBrightnessBoostInProgress=false, mIsVrModeEnabled= false, sQuiescent=false
07-21 16:35:15.226 1563 1826 D PowerManagerService: userActivityNoUpdateLocked: groupId=0, eventTime=4102195, event=2, flags=0x0, uid=1000
07-21 16:35:15.226 1563 1826 D PowerManagerNotifier: onUserActivity: event=2, uid=1000
07-21 16:35:15.226 1563 1826 D PowerManagerService: updateUserActivitySummaryLocked: groupId=0, mWakefulness=Awake, mUserActivitySummary=0x1, nextTimeout=4162195 (in 59997 ms)
07-21 16:35:15.226 1563 1826 D PowerManagerNotifier: onScreenPolicyUpdate: newPolicy=3
07-21 16:35:15.226 1563 1826 D PowerManagerService: updateDisplayPowerStateLocked: displayReady=true, groupId=0, policy=BRIGHT, mWakefulness=Awake, mWakeLockSummary=0x0, mUserActivitySummary=0x1, mBootCompleted=true, screenBrightnessOverride=NaN, useAutoBrightness=false, mScreenBrightnessBoostInProgress=false, mIsVrModeEnabled= false, sQuiescent=false
07-21 16:35:15.330 1563 1826 D PowerManagerService: userActivityNoUpdateLocked: groupId=0, eventTime=4102301, event=2, flags=0x0, uid=1000
07-21 16:35:15.330 1563 1826 D PowerManagerNotifier: onUserActivity: event=2, uid=1000
07-21 16:35:15.331 1563 1826 D PowerManagerService: updateUserActivitySummaryLocked: groupId=0, mWakefulness=Awake, mUserActivitySummary=0x1, nextTimeout=4162301 (in 59999 ms)
07-21 16:35:15.331 1563 1826 D PowerManagerNotifier: onScreenPolicyUpdate: newPolicy=3
07-21 16:35:15.331 1563 1826 D PowerManagerService: updateDisplayPowerStateLocked: displayReady=true, groupId=0, policy=BRIGHT, mWakefulness=Awake, mWakeLockSummary=0x0, mUserActivitySummary=0x1, mBootCompleted=true, screenBrightnessOverride=NaN, useAutoBrightness=false, mScreenBrightnessBoostInProgress=false, mIsVrModeEnabled= false, sQuiescent=false
07-21 16:35:15.837 1563 1826 I input_interaction: Interaction with: 9591c99 StatusBar (server), edge-swipe (server), swipe-up (server), PointerEventDispatcher0 (server),
07-21 16:35:15.838 1563 1826 D PowerManagerService: userActivityNoUpdateLocked: groupId=0, eventTime=4102807, event=2, flags=0x0, uid=1000
07-21 16:35:15.838 1563 1826 D PowerManagerNotifier: onUserActivity: event=2, uid=1000
07-21 16:35:15.839 1563 1826 D PowerManagerService: updateUserActivitySummaryLocked: groupId=0, mWakefulness=Awake, mUserActivitySummary=0x1, nextTimeout=4162807 (in 59997 ms)
07-21 16:35:15.839 1563 1826 D PowerManagerNotifier: onScreenPolicyUpdate: newPolicy=3
07-21 16:35:15.839 1563 1826 D PowerManagerService: updateDisplayPowerStateLocked: displayReady=true, groupId=0, policy=BRIGHT, mWakefulness=Awake, mWakeLockSummary=0x0, mUserActivitySummary=0x1, mBootCompleted=true, screenBrightnessOverride=NaN, useAutoBrightness=false, mScreenBrightnessBoostInProgress=false, mIsVrModeEnabled= false, sQuiescent=false
07-21 16:35:15.845 1927 1927 I sysui_multi_action: [757,803,799,panel_open,802,1]
07-21 16:35:15.847 1927 1927 I sysui_multi_action: [757,1328,758,4,1326,61,1327,0,1329,0]
07-21 16:35:15.854 1563 26128 I sysui_multi_action: [757,127,758,1]
07-21 16:35:15.854 1563 26128 I sysui_multi_action: [757,804,799,note_load,801,2,802,1]
07-21 16:35:15.854 1563 26128 I notification_panel_revealed: 2
07-21 16:35:15.862 1563 1691 I input_focus: [Focus request 754ea47 NotificationShade,reason=UpdateInputWindows]
07-21 16:35:15.872 1563 26128 I sysui_multi_action: [757,128,758,1,793,2703912,794,0,795,2703912,796,26,798,0,806,android,857,DEVELOPER_IMPORTANT,858,4,947,0,1395,2,1500,2703706,1688,1]
07-21 16:35:15.872 1563 26128 I sysui_multi_action: [757,804,799,note_freshness,801,2703912,802,1]
07-21 16:35:15.872 1563 26128 I notification_visibility: [-1|android|26|null|1000,1,2703912,2703912,0,0]
07-21 16:35:15.873 1563 26128 I sysui_multi_action: [757,128,758,1,793,2703914,794,0,795,2703914,796,32,798,1,806,android,857,USB,858,1,947,0,1395,2,1500,2703711,1688,1]
07-21 16:35:15.873 1563 26128 I sysui_multi_action: [757,804,799,note_freshness,801,2703914,802,1]
07-21 16:35:15.873 1563 26128 I notification_visibility: [-1|android|32|null|1000,1,2703914,2703914,0,1]
07-21 16:35:15.887 1563 1826 I input_focus: [Focus leaving 28c4f40 com.android.launcher3/com.android.launcher3.uioverrides.QuickstepLauncher (server),reason=setFocusedWindow]
07-21 16:35:15.887 1563 1826 I input_focus: [Focus entering 754ea47 NotificationShade (server),reason=setFocusedWindow]
07-21 16:35:15.904 1927 1927 I sysui_multi_action: [757,111,758,1]
07-21 16:35:15.904 1927 1927 I sysui_multi_action: [757,113,758,1,759,113,927,0,928,1,1593,0]
07-21 16:35:15.904 1927 1927 I sysui_multi_action: [757,0,758,1,759,0,927,1,928,0,1593,0]
07-21 16:35:15.905 1927 1927 I sysui_multi_action: [757,491,758,1,759,491,927,2,928,0,1311,-1,1593,0]
07-21 16:35:15.905 1927 1927 I sysui_multi_action: [757,0,758,1,759,0,927,3,928,0,1593,0]
07-21 16:35:15.905 1927 1927 I sysui_multi_action: [757,126,758,1,759,126,927,4,928,1,1593,0]
07-21 16:35:15.906 1927 1927 I sysui_multi_action: [757,111,758,1]
07-21 16:35:15.907 1927 1927 I sysui_multi_action: [757,113,758,1,759,113,927,0,928,1,1593,0]
07-21 16:35:15.907 1927 1927 I sysui_multi_action: [757,0,758,1,759,0,927,1,928,0,1593,0]
07-21 16:35:15.907 1927 1927 I sysui_multi_action: [757,491,758,1,759,491,927,2,928,0,1311,-1,1593,0]
07-21 16:35:15.907 1927 1927 I sysui_multi_action: [757,0,758,1,759,0,927,3,928,0,1593,0]
07-21 16:35:15.938 1563 1826 D PowerManagerService: userActivityNoUpdateLocked: groupId=0, eventTime=4102908, event=2, flags=0x0, uid=1000
07-21 16:35:15.938 1563 1826 D PowerManagerNotifier: onUserActivity: event=2, uid=1000
07-21 16:35:15.939 1563 1826 D PowerManagerService: updateUserActivitySummaryLocked: groupId=0, mWakefulness=Awake, mUserActivitySummary=0x1, nextTimeout=4162908 (in 59998 ms)
07-21 16:35:15.939 1563 1826 D PowerManagerNotifier: onScreenPolicyUpdate: newPolicy=3
07-21 16:35:15.939 1563 1826 D PowerManagerService: updateDisplayPowerStateLocked: displayReady=true, groupId=0, policy=BRIGHT, mWakefulness=Awake, mWakeLockSummary=0x0, mUserActivitySummary=0x1, mBootCompleted=true, screenBrightnessOverride=NaN, useAutoBrightness=false, mScreenBrightnessBoostInProgress=false, mIsVrModeEnabled= false, sQuiescent=false
07-21 16:35:16.727 1563 1826 I input_interaction: Interaction with: 754ea47 NotificationShade (server), edge-swipe (server), swipe-up (server), PointerEventDispatcher0 (server),
07-21 16:35:16.728 1563 1826 D PowerManagerService: userActivityNoUpdateLocked: groupId=0, eventTime=4103698, event=2, flags=0x0, uid=1000
07-21 16:35:16.728 1563 1826 D PowerManagerNotifier: onUserActivity: event=2, uid=1000
07-21 16:35:16.728 1563 1826 D PowerManagerService: updateUserActivitySummaryLocked: groupId=0, mWakefulness=Awake, mUserActivitySummary=0x1, nextTimeout=4163698 (in 59999 ms)
07-21 16:35:16.728 1563 1826 D PowerManagerNotifier: onScreenPolicyUpdate: newPolicy=3
07-21 16:35:16.728 1563 1826 D PowerManagerService: updateDisplayPowerStateLocked: displayReady=true, groupId=0, policy=BRIGHT, mWakefulness=Awake, mWakeLockSummary=0x0, mUserActivitySummary=0x1, mBootCompleted=true, screenBrightnessOverride=NaN, useAutoBrightness=false, mScreenBrightnessBoostInProgress=false, mIsVrModeEnabled= false, sQuiescent=false
07-21 16:35:17.011 1927 1927 I sysui_multi_action: [757,111,758,2]
07-21 16:35:17.012 1927 1927 I sysui_multi_action: [757,111,758,2]
07-21 16:35:17.098 1563 1691 I input_focus: [Focus request 28c4f40 com.android.launcher3/com.android.launcher3.uioverrides.QuickstepLauncher,reason=UpdateInputWindows]
07-21 16:35:17.100 1563 26128 I sysui_multi_action: [757,128,758,2,793,2705140,794,1228,795,2705140,796,26,798,0,806,android,857,DEVELOPER_IMPORTANT,858,4,947,0,1395,2,1500,2704934,1688,1]
07-21 16:35:17.101 1563 26128 I notification_visibility: [-1|android|26|null|1000,0,2705140,2705140,0,0]
07-21 16:35:17.102 1563 26128 I sysui_multi_action: [757,128,758,2,793,2705143,794,1229,795,2705143,796,32,798,1,806,android,857,USB,858,1,947,0,1395,2,1500,2704940,1688,1]
07-21 16:35:17.102 1563 26128 I notification_visibility: [-1|android|32|null|1000,0,2705143,2705143,0,1]
07-21 16:35:17.102 1563 15393 I sysui_multi_action: [757,127,758,2]
07-21 16:35:17.103 1563 15393 I notification_panel_hidden:
07-21 16:35:17.124 1563 1826 I input_focus: [Focus leaving 754ea47 NotificationShade (server),reason=NO_WINDOW]
07-21 16:35:17.124 1563 1826 I input_focus: [Focus entering 28c4f40 com.android.launcher3/com.android.launcher3.uioverrides.QuickstepLauncher (server),reason=setFocusedWindow]
07-21 16:35:17.874 1563 1826 I input_interaction: Interaction with: 28c4f40 com.android.launcher3/com.android.launcher3.uioverrides.QuickstepLauncher (server), c461ca2 com.android.systemui.ImageWallpaper (server), edge-swipe (server), swipe-up (server), PointerEventDispatcher0 (server),
07-21 16:35:17.875 1563 1826 D PowerManagerService: userActivityNoUpdateLocked: groupId=0, eventTime=4104845, event=2, flags=0x0, uid=1000
07-21 16:35:17.875 1563 1826 D PowerManagerNotifier: onUserActivity: event=2, uid=1000
07-21 16:35:17.875 1563 1826 D PowerManagerService: updateUserActivitySummaryLocked: groupId=0, mWakefulness=Awake, mUserActivitySummary=0x1, nextTimeout=4164845 (in 59998 ms)
07-21 16:35:17.876 1563 1826 D PowerManagerNotifier: onScreenPolicyUpdate: newPolicy=3
07-21 16:35:17.876 1563 1826 D PowerManagerService: updateDisplayPowerStateLocked: displayReady=true, groupId=0, policy=BRIGHT, mWakefulness=Awake, mWakeLockSummary=0x0, mUserActivitySummary=0x1, mBootCompleted=true, screenBrightnessOverride=NaN, useAutoBrightness=false, mScreenBrightnessBoostInProgress=false, mIsVrModeEnabled= false, sQuiescent=false
07-21 16:35:17.999 1563 1826 D PowerManagerService: userActivityNoUpdateLocked: groupId=0, eventTime=4104969, event=2, flags=0x0, uid=1000
07-21 16:35:17.999 1563 1826 D PowerManagerNotifier: onUserActivity: event=2, uid=1000
07-21 16:35:17.999 1563 1826 D PowerManagerService: updateUserActivitySummaryLocked: groupId=0, mWakefulness=Awake, mUserActivitySummary=0x1, nextTimeout=4164969 (in 59998 ms)
07-21 16:35:17.999 1563 1826 D PowerManagerNotifier: onScreenPolicyUpdate: newPolicy=3
07-21 16:35:17.999 1563 1826 D PowerManagerService: updateDisplayPowerStateLocked: displayReady=true, groupId=0, policy=BRIGHT, mWakefulness=Awake, mWakeLockSummary=0x0, mUserActivitySummary=0x1, mBootCompleted=true, screenBrightnessOverride=NaN, useAutoBrightness=false, mScreenBrightnessBoostInProgress=false, mIsVrModeEnabled= false, sQuiescent=false
07-21 16:35:18.012 1563 17518 I thunderperf: PlatormCompat.setOverrides: Uid1=10079 Pid1=2587 Uid2=10079 Pid2=2587
07-21 16:35:18.012 1563 17518 I thunderperf: PlatormCompat.setOverrides: needCheck:false
07-21 16:35:18.013 1563 17518 I thunderperf: CompatConfig.addOverrideUnsafe: bef-state=0
07-21 16:35:18.013 1563 17518 I thunderperf: CompatConfig.addOverrideUnsafe: aft-state=0
07-21 16:35:18.013 1563 17518 I thunderperf: CompatConfig.addOverrideUnsafe: bef-state=0
07-21 16:35:18.013 1563 17518 I thunderperf: CompatConfig.addOverrideUnsafe: aft-state=0
07-21 16:35:18.014 1563 17518 I thunderperf: CompatConfig.addOverrideUnsafe: bef-state=0
07-21 16:35:18.014 1563 17518 I thunderperf: CompatConfig.addOverrideUnsafe: aft-state=0
07-21 16:35:18.015 1563 17518 I thunderperf: CompatConfig.addOverrideUnsafe: bef-state=0
07-21 16:35:18.015 1563 17518 I thunderperf: CompatConfig.addOverrideUnsafe: aft-state=0
