07-21 16:34:34.478 1563 1826 D PowerManagerService: updateDisplayPowerStateLocked: displayReady=true, groupId=0, policy=BRIGHT, mWakefulness=Awake, mWakeLockSummary=0x0, mUserActivitySummary=0x1, mBootCompleted=true, screenBrightnessOverride=NaN, useAutoBrightness=false, mScreenBrightnessBoostInProgress=false, mIsVrModeEnabled= false, sQuiescent=false
07-21 16:34:34.619 1563 1826 D PowerManagerService: userActivityNoUpdateLocked: groupId=0, eventTime=4061590, event=2, flags=0x0, uid=1000
07-21 16:34:34.619 1563 1826 D PowerManagerNotifier: onUserActivity: event=2, uid=1000
07-21 16:34:34.620 1563 1826 D PowerManagerService: updateUserActivitySummaryLocked: groupId=0, mWakefulness=Awake, mUserActivitySummary=0x1, nextTimeout=4121590 (in 59999 ms)
07-21 16:34:34.620 1563 1826 D PowerManagerNotifier: onScreenPolicyUpdate: newPolicy=3
07-21 16:34:34.620 1563 1826 D PowerManagerService: updateDisplayPowerStateLocked: displayReady=true, groupId=0, policy=BRIGHT, mWakefulness=Awake, mWakeLockSummary=0x0, mUserActivitySummary=0x1, mBootCompleted=true, screenBrightnessOverride=NaN, useAutoBrightness=false, mScreenBrightnessBoostInProgress=false, mIsVrModeEnabled= false, sQuiescent=false
07-21 16:34:35.385 1563 1977 I commit_sys_config_file: [appops,4042960]
07-21 16:34:35.728 1563 1826 I input_interaction: Interaction with: 979ab7d com.tencent.tmgp.sgame/com.tencent.tmgp.sgame.SGameActivity (server), edge-swipe (server), swipe-up (server), PointerEventDispatcher0 (server),
07-21 16:34:35.729 1563 1826 D PowerManagerService: userActivityNoUpdateLocked: groupId=0, eventTime=4062698, event=2, flags=0x0, uid=1000
07-21 16:34:35.729 1563 1826 D PowerManagerNotifier: onUserActivity: event=2, uid=1000
07-21 16:34:35.729 1563 1826 D PowerManagerService: updateUserActivitySummaryLocked: groupId=0, mWakefulness=Awake, mUserActivitySummary=0x1, nextTimeout=4122698 (in 59997 ms)
07-21 16:34:35.729 1563 1826 D PowerManagerNotifier: onScreenPolicyUpdate: newPolicy=3
07-21 16:34:35.730 1563 1826 D PowerManagerService: updateDisplayPowerStateLocked: displayReady=true, groupId=0, policy=BRIGHT, mWakefulness=Awake, mWakeLockSummary=0x0, mUserActivitySummary=0x1, mBootCompleted=true, screenBrightnessOverride=NaN, useAutoBrightness=false, mScreenBrightnessBoostInProgress=false, mIsVrModeEnabled= false, sQuiescent=false
07-21 16:34:35.732 1563 2230 D FreeFormWindowHelper: Current Display FreeFormTask is null
07-21 16:34:35.738 1563 2230 D FreeFormWindowHelper: Current Display FreeFormTask is null
07-21 16:34:35.740 1563 2230 I wm_task_moved: [1,0,0]
07-21 16:34:35.740 1563 26128 D FreeFormWindowHelper: Current Display FreeFormTask is null
07-21 16:34:35.740 1563 2230 I wm_task_moved: [1,0,6]
07-21 16:34:35.749 1563 2230 D FreeFormWindowHelper: Current Display FreeFormTask is null
07-21 16:34:35.770 2587 2587 I wm_on_restart_called: [51676365,com.android.launcher3.uioverrides.QuickstepLauncher,performRestartActivity]
07-21 16:34:35.771 1563 2230 D FreeFormWindowHelper: Current Display FreeFormTask is null
07-21 16:34:35.771 1563 2230 D FreeFormWindowHelper: Current Display FreeFormTask is null
07-21 16:34:35.771 1563 2230 D FreeFormWindowHelper: Current Display FreeFormTask is null
07-21 16:34:35.781 2587 2587 I wm_on_start_called: [51676365,com.android.launcher3.uioverrides.QuickstepLauncher,handleStartActivity]
07-21 16:34:35.782 1563 26128 W ActivityTaskManager: getTaskSnapshot: taskId=412 not found
07-21 16:34:35.783 1563 26128 W ActivityTaskManager: getTaskSnapshot: taskId=413 not found
07-21 16:34:35.783 1563 26128 W ActivityTaskManager: getTaskSnapshot: taskId=413 not found
07-21 16:34:35.783 1563 26128 W ActivityTaskManager: getTaskSnapshot: taskId=413 not found
07-21 16:34:35.811 1563 26128 D FreeFormWindowHelper: Current Display FreeFormTask is null
07-21 16:34:35.811 1563 26128 D FreeFormWindowHelper: Current Display FreeFormTask is null
07-21 16:34:35.825 1563 1687 I sysui_multi_action: [319,8,322,81,325,4062,757,761,758,9,759,5,806,com.android.launcher3,871,com.android.launcher3.uioverrides.QuickstepLauncher,905,0,1320,8,1321,5]
07-21 16:34:35.838 1563 26128 D FreeFormWindowHelper: Current Display FreeFormTask is null
07-21 16:34:35.838 1563 26128 D FreeFormWindowHelper: Current Display FreeFormTask is null
07-21 16:34:35.918 1563 1826 D PowerManagerService: userActivityNoUpdateLocked: groupId=0, eventTime=4062888, event=2, flags=0x0, uid=1000
07-21 16:34:35.918 1563 1826 D PowerManagerNotifier: onUserActivity: event=2, uid=1000
07-21 16:34:35.918 1563 1826 D PowerManagerService: updateUserActivitySummaryLocked: groupId=0, mWakefulness=Awake, mUserActivitySummary=0x1, nextTimeout=4122888 (in 59998 ms)
07-21 16:34:35.919 1563 1826 D PowerManagerNotifier: onScreenPolicyUpdate: newPolicy=3
07-21 16:34:35.919 1563 1826 D PowerManagerService: updateDisplayPowerStateLocked: displayReady=true, groupId=0, policy=BRIGHT, mWakefulness=Awake, mWakeLockSummary=0x0, mUserActivitySummary=0x1, mBootCompleted=true, screenBrightnessOverride=NaN, useAutoBrightness=false, mScreenBrightnessBoostInProgress=false, mIsVrModeEnabled= false, sQuiescent=false
07-21 16:34:35.960 1563 1845 D PowerManagerService: acquireWakeLockInternal: lock=122799120, flags=0x1, tag="NetworkStats", ws=null, uid=1000, pid=1563
07-21 16:34:35.961 1563 1845 D PowerManagerService: updateWakeLockSummaryLocked: mWakefulness=Awake, mWakeLockSummary=0x1
07-21 16:34:35.961 1563 1845 D PowerManagerService: updateUserActivitySummaryLocked: groupId=0, mWakefulness=Awake, mUserActivitySummary=0x1, nextTimeout=4122888 (in 59956 ms)
07-21 16:34:35.961 1563 1845 D PowerManagerNotifier: onScreenPolicyUpdate: newPolicy=3
07-21 16:34:35.961 1563 1845 D PowerManagerService: updateDisplayPowerStateLocked: displayReady=true, groupId=0, policy=BRIGHT, mWakefulness=Awake, mWakeLockSummary=0x1, mUserActivitySummary=0x1, mBootCompleted=true, screenBrightnessOverride=NaN, useAutoBrightness=false, mScreenBrightnessBoostInProgress=false, mIsVrModeEnabled= false, sQuiescent=false
07-21 16:34:35.961 1563 1845 D PowerManagerService: Acquiring suspend blocker "PowerManagerService.WakeLocks".
07-21 16:34:35.962 1563 1845 D PowerManagerNotifier: onWakeLockAcquired: flags=1, tag="NetworkStats", packageName=android, ownerUid=1000, ownerPid=1563, workSource=null
07-21 16:34:35.972 1563 1845 I netstats_mobile_sample: [0,0,0,0,0,0,0,0,0,0,0,0,1689928475972]
07-21 16:34:35.972 1563 1845 I netstats_wifi_sample: [8029542,9534,12759892,20813,8029542,9534,12759892,20813,109808078,118405,10193972,18616,1689928475972]
07-21 16:34:35.972 1563 1845 D PowerManagerService: releaseWakeLockInternal: lock=122799120 [NetworkStats], flags=0x0
07-21 16:34:35.972 1563 1845 D PowerManagerNotifier: onWakeLockReleased: flags=1, tag="NetworkStats", packageName=android, ownerUid=1000, ownerPid=1563, workSource=null
07-21 16:34:35.973 1563 1845 D PowerManagerService: updateWakeLockSummaryLocked: mWakefulness=Awake, mWakeLockSummary=0x0
07-21 16:34:35.973 1563 1845 D PowerManagerService: updateUserActivitySummaryLocked: groupId=0, mWakefulness=Awake, mUserActivitySummary=0x1, nextTimeout=4122888 (in 59944 ms)
07-21 16:34:35.973 1563 1845 D PowerManagerNotifier: onScreenPolicyUpdate: newPolicy=3
07-21 16:34:35.973 1563 1845 D PowerManagerService: updateDisplayPowerStateLocked: displayReady=true, groupId=0, policy=BRIGHT, mWakefulness=Awake, mWakeLockSummary=0x0, mUserActivitySummary=0x1, mBootCompleted=true, screenBrightnessOverride=NaN, useAutoBrightness=false, mScreenBrightnessBoostInProgress=false, mIsVrModeEnabled= false, sQuiescent=false
07-21 16:34:35.973 1563 1845 D PowerManagerService: Releasing suspend blocker "PowerManagerService.WakeLocks".
07-21 16:34:35.971 689 689 I auditd : type=1400 audit(0.0:16373): avc: denied { add_name } for comm="Binder:689_4" name="globalAlert" scontext=u:r:netd:s0 tcontext=u:object_r:proc_net:s0 tclass=dir permissive=1
07-21 16:34:35.987 1563 1815 I commit_sys_config_file: [settings-1-0,7]
07-21 16:34:36.122 1563 1699 I sysui_latency: [8,89]
07-21 16:34:36.159 1563 1826 D PowerManagerService: userActivityNoUpdateLocked: groupId=0, eventTime=4063129, event=2, flags=0x0, uid=1000
07-21 16:34:36.159 1563 1826 D PowerManagerNotifier: onUserActivity: event=2, uid=1000
07-21 16:34:36.160 1563 1826 D PowerManagerService: updateUserActivitySummaryLocked: groupId=0, mWakefulness=Awake, mUserActivitySummary=0x1, nextTimeout=4123129 (in 59998 ms)
07-21 16:34:36.160 1563 1826 D PowerManagerNotifier: onScreenPolicyUpdate: newPolicy=3
07-21 16:34:36.160 1563 1826 D PowerManagerService: updateDisplayPowerStateLocked: displayReady=true, groupId=0, policy=BRIGHT, mWakefulness=Awake, mWakeLockSummary=0x0, mUserActivitySummary=0x1, mBootCompleted=true, screenBrightnessOverride=NaN, useAutoBrightness=false, mScreenBrightnessBoostInProgress=false, mIsVrModeEnabled= false, sQuiescent=false
07-21 16:34:36.561 1563 1826 D PowerManagerService: userActivityNoUpdateLocked: groupId=0, eventTime=4063531, event=2, flags=0x0, uid=1000
07-21 16:34:36.561 1563 1826 D PowerManagerNotifier: onUserActivity: event=2, uid=1000
07-21 16:34:36.562 1563 1826 D PowerManagerService: updateUserActivitySummaryLocked: groupId=0, mWakefulness=Awake, mUserActivitySummary=0x1, nextTimeout=4123531 (in 59998 ms)
07-21 16:34:36.562 1563 1826 D PowerManagerNotifier: onScreenPolicyUpdate: newPolicy=3
07-21 16:34:36.562 1563 1826 D PowerManagerService: updateDisplayPowerStateLocked: displayReady=true, groupId=0, policy=BRIGHT, mWakefulness=Awake, mWakeLockSummary=0x0, mUserActivitySummary=0x1, mBootCompleted=true, screenBrightnessOverride=NaN, useAutoBrightness=false, mScreenBrightnessBoostInProgress=false, mIsVrModeEnabled= false, sQuiescent=false
07-21 16:34:36.662 13409 13409 I view_enqueue_input_event: [Motion - Cancel,com.tencent.tmgp.sgame/com.tencent.tmgp.sgame.SGameActivity]
07-21 16:34:36.663 2587 2587 I sysui_latency: [1,85]
07-21 16:34:36.664 1563 1687 D AutofillManagerService: Close system dialogs
07-21 16:34:36.665 1563 1691 I input_focus: [Focus request recents_animation_input_consumer,reason=UpdateInputWindows]
07-21 16:34:36.670 1563 1826 I input_interaction: Interaction with: edge-swipe (server), swipe-up (server), PointerEventDispatcher0 (server),
07-21 16:34:36.670 1563 1826 D PowerManagerService: userActivityNoUpdateLocked: groupId=0, eventTime=4063641, event=2, flags=0x0, uid=1000
07-21 16:34:36.670 1563 1826 D PowerManagerNotifier: onUserActivity: event=2, uid=1000
07-21 16:34:36.670 1563 1826 D PowerManagerService: updateUserActivitySummaryLocked: groupId=0, mWakefulness=Awake, mUserActivitySummary=0x1, nextTimeout=4123641 (in 59999 ms)
07-21 16:34:36.670 1563 1826 D PowerManagerNotifier: onScreenPolicyUpdate: newPolicy=3
07-21 16:34:36.670 1563 1826 D PowerManagerService: updateDisplayPowerStateLocked: displayReady=true, groupId=0, policy=BRIGHT, mWakefulness=Awake, mWakeLockSummary=0x0, mUserActivitySummary=0x1, mBootCompleted=true, screenBrightnessOverride=NaN, useAutoBrightness=false, mScreenBrightnessBoostInProgress=false, mIsVrModeEnabled= false, sQuiescent=false
07-21 16:34:36.675 1563 2230 D FreeFormWindowHelper: Current Display FreeFormTask is null
07-21 16:34:36.676 1563 21026 D FreeFormWindowHelper: Current Display FreeFormTask is null
07-21 16:34:36.678 1563 21017 W ActivityTaskManager: getTaskSnapshot: taskId=348 not found
07-21 16:34:36.680 1563 21017 W ActivityTaskManager: getTaskSnapshot: taskId=349 not found
07-21 16:34:36.681 1563 21017 W ActivityTaskManager: getTaskSnapshot: taskId=349 not found
07-21 16:34:36.681 1563 21017 W ActivityTaskManager: getTaskSnapshot: taskId=349 not found
07-21 16:34:36.708 1563 21017 D FreeFormWindowHelper: Current Display FreeFormTask is null
07-21 16:34:36.708 1563 21017 D FreeFormWindowHelper: Current Display FreeFormTask is null
07-21 16:34:36.711 1563 1826 I input_focus: [Focus leaving 979ab7d com.tencent.tmgp.sgame/com.tencent.tmgp.sgame.SGameActivity (server),reason=NOT_FOCUSABLE]
07-21 16:34:36.711 1563 1826 I input_focus: [Focus entering recents_animation_input_consumer (server),reason=setFocusedWindow]
07-21 16:34:36.730 1563 2230 D FreeFormWindowHelper: exitRecentTasks
07-21 16:34:36.741 1563 21017 D FreeFormWindowHelper: Current Display FreeFormTask is null
07-21 16:34:36.741 1563 21026 D FreeFormWindowHelper: Current Display FreeFormTask is null
07-21 16:34:36.771 1563 1690 I commit_sys_config_file: [warnings-config,57564]
07-21 16:34:36.772 1563 1700 W ActivityManager: Ignoring remove of inactive process: ProcessRecord{97b1236 0:com.android.traceur/u0a33}
07-21 16:34:36.947 1563 1815 I commit_sys_config_file: [settings-1-0,15]
07-21 16:34:37.410 1563 1791 D FreeFormWindowHelper: Current Display FreeFormTask is null
07-21 16:34:37.410 1563 1791 D FreeFormWindowHelper: Current Display FreeFormTask is null
07-21 16:34:37.411 1563 2230 D FreeFormWindowHelper: Current Display FreeFormTask is null
07-21 16:34:37.412 1563 1791 I wm_task_moved: [1,1,7]
07-21 16:34:37.413 1563 1791 I wm_task_moved: [59,1,2147483647]
07-21 16:34:37.413 1563 1791 I wm_task_to_front: [0,59]
07-21 16:34:37.414 1563 1791 I wm_focused_root_task: [0,0,1,77,RecentsAnimation.onAnimationFinished()]
07-21 16:34:37.414 13409 13409 I wm_on_top_resumed_lost_called: [182464186,com.tencent.tmgp.sgame.SGameActivity,topStateChangedWhenResumed]
07-21 16:34:37.414 1563 1791 I wm_set_resumed_activity: [0,com.android.launcher3/.uioverrides.QuickstepLauncher,RecentsAnimation.onAnimationFinished()]
07-21 16:34:37.414 1563 1791 I wm_pause_activity: [0,182464186,com.tencent.tmgp.sgame/.SGameActivity,userLeaving=true,pauseBackTasks]
07-21 16:34:37.414 1563 1791 D PowerManagerService: acquireWakeLockInternal: lock=195562495, flags=0x1, tag="*launch*", ws=WorkSource{10079}, uid=1000, pid=1563
07-21 16:34:37.415 1563 1791 D PowerManagerService: updateWakeLockSummaryLocked: mWakefulness=Awake, mWakeLockSummary=0x1
07-21 16:34:37.415 1563 1791 D PowerManagerService: updateUserActivitySummaryLocked: groupId=0, mWakefulness=Awake, mUserActivitySummary=0x1, nextTimeout=4123641 (in 59255 ms)
07-21 16:34:37.415 1563 1791 D PowerManagerNotifier: onScreenPolicyUpdate: newPolicy=3
07-21 16:34:37.415 1563 1791 D PowerManagerService: updateDisplayPowerStateLocked: displayReady=true, groupId=0, policy=BRIGHT, mWakefulness=Awake, mWakeLockSummary=0x1, mUserActivitySummary=0x1, mBootCompleted=true, screenBrightnessOverride=NaN, useAutoBrightness=false, mScreenBrightnessBoostInProgress=false, mIsVrModeEnabled= false, sQuiescent=false
07-21 16:34:37.415 1563 1791 D PowerManagerService: Acquiring suspend blocker "PowerManagerService.WakeLocks".
07-21 16:34:37.415 1563 1791 D PowerManagerNotifier: onWakeLockAcquired: flags=1, tag="*launch*", packageName=android, ownerUid=1000, ownerPid=1563, workSource=WorkSource{10079}
07-21 16:34:37.415 1563 1791 I wm_add_to_stopping: [0,182464186,com.tencent.tmgp.sgame/.SGameActivity,makeInvisible]
07-21 16:34:37.415 1563 1791 I ActivityTaskManager: FOREGROUND_APPLICATION_CHANGED to com.android.launcher3.uioverrides.QuickstepLauncher
07-21 16:34:37.415 1563 1791 I wm_set_resumed_activity: [0,com.android.launcher3/.uioverrides.QuickstepLauncher,resumeTopActivityInnerLocked]
07-21 16:34:37.422 1563 1791 I wm_resume_activity: [0,51676365,59,com.android.launcher3/.uioverrides.QuickstepLauncher]
07-21 16:34:37.423 1563 1791 D FreeFormWindowHelper: handleFreeformTask : Task{2e16b62 #1 type=home ?? U=0 visible=true mode=fullscreen translucent=false sz=1 visible freeform task=true rootAffinity=null isMini=false}
07-21 16:34:37.423 1563 1791 D FreeFormWindowHelper: mFreeFormTask : null
07-21 16:34:37.423 1563 1791 D FreeFormWindowHelper: mInRecent : false
07-21 16:34:37.423 1563 1791 D FreeFormWindowHelper:
07-21 16:34:37.424 1563 1791 D FreeFormWindowHelper: handleFreeformTask : Task{2e16b62 #1 type=home ?? U=0 visible=true mode=fullscreen translucent=false sz=1 visible freeform task=true rootAffinity=null isMini=false}
07-21 16:34:37.424 1563 1791 D FreeFormWindowHelper: mFreeFormTask : null
07-21 16:34:37.424 1563 1791 D FreeFormWindowHelper: mInRecent : false
07-21 16:34:37.424 1563 1791 D FreeFormWindowHelper:
07-21 16:34:37.424 2587 2587 I wm_on_resume_called: [51676365,com.android.launcher3.uioverrides.QuickstepLauncher,RESUME_ACTIVITY]
07-21 16:34:37.432 1563 1691 I input_focus: [Focus request 28c4f40 com.android.launcher3/com.android.launcher3.uioverrides.QuickstepLauncher,reason=UpdateInputWindows]
07-21 16:34:37.432 13409 13409 I wm_on_paused_called: [182464186,com.tencent.tmgp.sgame.SGameActivity,performPause]
07-21 16:34:37.433 1563 1690 I wm_stop_activity: [0,182464186,com.tencent.tmgp.sgame/.SGameActivity]
07-21 16:34:37.433 1563 1690 I sysui_multi_action: [757,803,799,window_time_0,802,6]
07-21 16:34:37.434 1563 26128 D PowerManagerService: releaseWakeLockInternal: lock=195562495 [*launch*], flags=0x0
07-21 16:34:37.434 1563 26128 D PowerManagerNotifier: onWakeLockReleased: flags=1, tag="*launch*", packageName=android, ownerUid=1000, ownerPid=1563, workSource=WorkSource{10079}
07-21 16:34:37.434 1563 26128 D PowerManagerService: updateWakeLockSummaryLocked: mWakefulness=Awake, mWakeLockSummary=0x0
07-21 16:34:37.434 1563 26128 D PowerManagerService: updateUserActivitySummaryLocked: groupId=0, mWakefulness=Awake, mUserActivitySummary=0x1, nextTimeout=4123641 (in 59236 ms)
07-21 16:34:37.434 1563 26128 D PowerManagerNotifier: onScreenPolicyUpdate: newPolicy=3
07-21 16:34:37.434 1563 26128 D PowerManagerService: updateDisplayPowerStateLocked: displayReady=true, groupId=0, policy=BRIGHT, mWakefulness=Awake, mWakeLockSummary=0x0, mUserActivitySummary=0x1, mBootCompleted=true, screenBrightnessOverride=NaN, useAutoBrightness=false, mScreenBrightnessBoostInProgress=false, mIsVrModeEnabled= false, sQuiescent=false
07-21 16:34:37.434 1563 26128 D PowerManagerService: Releasing suspend blocker "PowerManagerService.WakeLocks".
07-21 16:34:37.435 1563 1690 I am_uid_running: 10118
07-21 16:34:37.436 1563 1690 D CompatibilityChangeReporter: Compat change id reported: 135634846; UID 10118; state: DISABLED
07-21 16:34:37.436 1563 1690 D CompatibilityChangeReporter: Compat change id reported: 177438394; UID 10118; state: DISABLED
07-21 16:34:37.436 1563 1690 D CompatibilityChangeReporter: Compat change id reported: 135772972; UID 10118; state: DISABLED
07-21 16:34:37.436 1563 1690 D CompatibilityChangeReporter: Compat change id reported: 135754954; UID 10118; state: DISABLED
07-21 16:34:37.436 1563 1701 D CompatibilityChangeReporter: Compat change id reported: 143937733; UID 10118; state: DISABLED
07-21 16:34:37.436 1563 1690 I am_uid_running: 10108
07-21 16:34:37.436 1563 1690 D CompatibilityChangeReporter: Compat change id reported: 135634846; UID 10108; state: DISABLED
07-21 16:34:37.436 1563 1690 D CompatibilityChangeReporter: Compat change id reported: 177438394; UID 10108; state: DISABLED
07-21 16:34:37.436 1563 1690 D CompatibilityChangeReporter: Compat change id reported: 135772972; UID 10108; state: DISABLED
07-21 16:34:37.436 1563 1690 D CompatibilityChangeReporter: Compat change id reported: 135754954; UID 10108; state: DISABLED
07-21 16:34:37.437 1563 1690 I sysui_multi_action: [757,803,799,window_time_0,802,0]
07-21 16:34:37.438 1563 1690 I ActivityManager: PendingStartActivityUids startActivity to updateOomAdj delay:1695ms, uid:10079
07-21 16:34:37.442 1563 1701 I am_proc_start: [0,18348,10118,com.kugou.android.auto,NULL,]
07-21 16:34:37.442 1563 1701 I ActivityManager: Start proc 18348:com.kugou.android.auto/u0a118 for null
07-21 16:34:37.442 1563 1701 D CompatibilityChangeReporter: Compat change id reported: 143937733; UID 10108; state: DISABLED
07-21 16:34:37.444 2587 2587 I wm_on_top_resumed_gained_called: [51676365,com.android.launcher3.uioverrides.QuickstepLauncher,topStateChangedWhenResumed]
07-21 16:34:37.445 1563 1826 I input_focus: [Focus leaving recents_animation_input_consumer (server),reason=NOT_VISIBLE]
07-21 16:34:37.446 1563 1826 I input_focus: [Focus entering 28c4f40 com.android.launcher3/com.android.launcher3.uioverrides.QuickstepLauncher (server),reason=setFocusedWindow]
07-21 16:34:37.449 1563 1701 I am_proc_start: [0,18349,10108,air.tv.douyu.android,NULL,]
07-21 16:34:37.449 1563 1701 I ActivityManager: Start proc 18349:air.tv.douyu.android/u0a108 for null
07-21 16:34:37.458 13409 13409 I wm_on_stop_called: [182464186,com.tencent.tmgp.sgame.SGameActivity,STOP_ACTIVITY_ITEM]
07-21 16:34:37.464 0 0 I [ 4064.433369] binder: 18349:18349 ioctl 40046210 7ff1724834 returned -22
07-21 16:34:37.464 0 0 I [ 4064.436346] binder: 18348:18348 ioctl 40046210 7ff1724834 returned -22
07-21 16:34:37.466 1563 2230 I am_proc_bound: [0,18349,air.tv.douyu.android]
07-21 16:34:37.468 1563 2230 D CompatibilityChangeReporter: Compat change id reported: 168419799; UID 10108; state: DISABLED
07-21 16:34:37.471 1563 9239 I am_proc_bound: [0,18348,com.kugou.android.auto]
07-21 16:34:37.473 1563 9239 D CompatibilityChangeReporter: Compat change id reported: 168419799; UID 10118; state: DISABLED
07-21 16:34:37.479 1563 9239 I ActivityManager: Killing 18349:air.tv.douyu.android/u0a108 (adj 915): empty #2
07-21 16:34:37.479 1563 9239 I am_kill : [0,18349,air.tv.douyu.android,915,empty #2]
07-21 16:34:37.480 1563 9239 I ActivityManager: Killing 18255:android.process.media/u0a21 (adj 925): empty #3
07-21 16:34:37.480 1563 9239 I am_kill : [0,18255,android.process.media,925,empty #3]
07-21 16:34:37.482 2071 4426 W ContextImpl: Calling a method in the system process without a qualified user: android.app.ContextImpl.startService:1816 android.content.ContextWrapper.startService:774 com.thundercomm.gamemode.ingame.services.GameModeActionUtils.startGameModeService:118 com.thundercomm.gamemode.ingame.services.GameModeActionUtils.startGameModeEntry:29 com.thundercomm.gamemode.ingame.services.ActivityMonitoringService$1.onActivityLaunch:145
07-21 16:34:37.487 860 860 I auditd : type=1400 audit(0.0:16374): avc: denied { add_name } for comm="perf@2.2-servic" name="cpu_min_freq" scontext=u:r:vendor_hal_perf_default:s0 tcontext=u:object_r:vendor_sysfs_msm_perf:s0 tclass=dir permissive=1
07-21 16:34:37.486 1563 1563 I GameModeConfig: Current uri is uri = content://com.thundercomm.gamemode.api/gamemode_settings/gamemode_isgaming
07-21 16:34:37.489 1563 1563 I GameModeConfig: isGameModeOn = true
07-21 16:34:37.489 1563 1563 I GameModeConfig: isGaming = false
07-21 16:34:37.489 1563 1563 I GameModeConfig: isGameModeOn = true
07-21 16:34:37.489 1563 1563 I GameModeConfig: isGaming = false
07-21 16:34:37.490 1563 1563 I GameModeConfig: isDisableVoice = true
07-21 16:34:37.522 1563 26128 I am_proc_died: [0,18349,air.tv.douyu.android,915,19]
07-21 16:34:37.522 1563 26128 I am_uid_stopped: 10108
07-21 16:34:37.525 1563 9239 I am_proc_died: [0,18255,android.process.media,925,19]
07-21 16:34:37.525 1563 9239 I am_uid_stopped: 10021
07-21 16:34:37.533 1563 12235 D FreeFormWindowHelper: Current Display FreeFormTask is null
07-21 16:34:38.000 0 0 W [ 4064.972125] ALERT: changing window size from 20000000 to 16000000 at 4064972088115
07-21 16:34:38.036 0 0 I [ 4065.007657] [drm: dsi_display_set_mode] [msm-dsi-info]: mdp_transfer_time_us=0 us
07-21 16:34:38.037 0 0 I [ 4065.007672] [drm: dsi_display_set_mode] [msm-dsi-info]: hactive= 2560,vactive= 1080,fps=60
07-21 16:34:38.037 0 0 I [ 4065.007904] [MAX975X: max96755x_drm_notifier_callback] *INFO* receives BLANK: UNBLANK
07-21 16:34:38.061 1563 1690 I DisplayDeviceRepository: Display device changed: DisplayDeviceInfo{"内置屏幕": uniqueId="local:4630946816427681409", 2560 x 1080, modeId 1, defaultModeId 1, supportedModes [{id=1, width=2560, height=1080, fps=60.000004, alternativeRefreshRates=[30.000002, 45.0]}, {id=2, width=2560, height=1080, fps=45.0, alternativeRefreshRates=[30.000002, 60.000004]}, {id=3, width=2560, height=1080, fps=30.000002, alternativeRefreshRates=[45.0, 60.000004]}], colorMode 0, supportedColorModes [0], hdrCapabilities HdrCapabilities{mSupportedHdrTypes=[2, 3, 4], mMaxLuminance=500.0, mMaxAverageLuminance=500.0, mMinLuminance=0.0}, allmSupported false, gameContentTypeSupported false, density 240, 320.315 x 318.976 dpi, appVsyncOff 1000000, presDeadline 16666666, touch INTERNAL, rotation 0, type INTERNAL, address {port=129, model=0x40446d97fee5e6}, deviceProductInfo DeviceProductInfo{name=, manufacturerPnpId=QCM, productId=1, modelYear=null, manufactureDate=ManufactureDate{week=27, year=2006}, connectionToSinkType=0}, state ON, frameRateOverride , brightnessMinimum 0.0, brightnessMaximum 1.0, brightnessDefault 1.0, FLAG_DEFAULT_DISPLAY, FLAG_ROTATES_WITH_CONTENT, FLAG_SECURE, FLAG_SUPPORTS_PROTECTED_BUFFERS}
07-21 16:34:38.197 1563 1815 I commit_sys_config_file: [settings-1-0,11]
07-21 16:34:38.227 1563 1826 I input_interaction: Interaction with: 28c4f40 com.android.launcher3/com.android.launcher3.uioverrides.QuickstepLauncher (server), c461ca2 com.android.systemui.ImageWallpaper (server), edge-swipe (server), swipe-up (server), PointerEventDispatcher0 (server),
07-21 16:34:38.228 1563 1826 D PowerManagerService: userActivityNoUpdateLocked: groupId=0, eventTime=4065197, event=2, flags=0x0, uid=1000
07-21 16:34:38.228 1563 1826 D PowerManagerNotifier: onUserActivity: event=2, uid=1000
07-21 16:34:38.228 1563 1826 D PowerManagerService: updateUserActivitySummaryLocked: groupId=0, mWakefulness=Awake, mUserActivitySummary=0x1, nextTimeout=4125197 (in 59998 ms)
07-21 16:34:38.228 1563 1826 D PowerManagerNotifier: onScreenPolicyUpdate: newPolicy=3
07-21 16:34:38.228 1563 1826 D PowerManagerService: updateDisplayPowerStateLocked: displayReady=true, groupId=0, policy=BRIGHT, mWakefulness=Awake, mWakeLockSummary=0x0, mUserActivitySummary=0x1, mBootCompleted=true, screenBrightnessOverride=NaN, useAutoBrightness=false, mScreenBrightnessBoostInProgress=false, mIsVrModeEnabled= false, sQuiescent=false
07-21 16:34:38.240 0 0 I : [ 4065.208445] atmel_mxt_ts 0-004a: Enter resume
07-21 16:34:38.683 1563 18404 D PowerManagerService: acquireWakeLockInternal: lock=258260044, flags=0x1, tag="*vibrator*", ws=WorkSource{10079}, uid=1000, pid=1563
07-21 16:34:38.683 1563 18404 D PowerManagerService: updateWakeLockSummaryLocked: mWakefulness=Awake, mWakeLockSummary=0x1
07-21 16:34:38.684 1563 18404 D PowerManagerService: updateUserActivitySummaryLocked: groupId=0, mWakefulness=Awake, mUserActivitySummary=0x1, nextTimeout=4125197 (in 59542 ms)
07-21 16:34:38.684 1563 18404 D PowerManagerNotifier: onScreenPolicyUpdate: newPolicy=3
07-21 16:34:38.684 1563 18404 D PowerManagerService: updateDisplayPowerStateLocked: displayReady=true, groupId=0, policy=BRIGHT, mWakefulness=Awake, mWakeLockSummary=0x1, mUserActivitySummary=0x1, mBootCompleted=true, screenBrightnessOverride=NaN, useAutoBrightness=false, mScreenBrightnessBoostInProgress=false, mIsVrModeEnabled= false, sQuiescent=false
07-21 16:34:38.684 1563 18404 D PowerManagerService: Acquiring suspend blocker "PowerManagerService.WakeLocks".
07-21 16:34:38.685 1563 18404 D PowerManagerNotifier: onWakeLockAcquired: flags=1, tag="*vibrator*", packageName=android, ownerUid=1000, ownerPid=1563, workSource=WorkSource{10079}
07-21 16:34:38.730 1563 18404 D PowerManagerService: releaseWakeLockInternal: lock=258260044 [*vibrator*], flags=0x0
07-21 16:34:38.730 1563 18404 D PowerManagerNotifier: onWakeLockReleased: flags=1, tag="*vibrator*", packageName=android, ownerUid=1000, ownerPid=1563, workSource=WorkSource{10079}
07-21 16:34:38.730 1563 18404 D PowerManagerService: updateWakeLockSummaryLocked: mWakefulness=Awake, mWakeLockSummary=0x0
07-21 16:34:38.730 1563 18404 D PowerManagerService: updateUserActivitySummaryLocked: groupId=0, mWakefulness=Awake, mUserActivitySummary=0x1, nextTimeout=4125197 (in 59495 ms)
07-21 16:34:38.730 1563 18404 D PowerManagerNotifier: onScreenPolicyUpdate: newPolicy=3
07-21 16:34:38.730 1563 18404 D PowerManagerService: updateDisplayPowerStateLocked: displayReady=true, groupId=0, policy=BRIGHT, mWakefulness=Awake, mWakeLockSummary=0x0, mUserActivitySummary=0x1, mBootCompleted=true, screenBrightnessOverride=NaN, useAutoBrightness=false, mScreenBrightnessBoostInProgress=false, mIsVrModeEnabled= false, sQuiescent=false
07-21 16:34:38.731 1563 18404 D PowerManagerService: Releasing suspend blocker "PowerManagerService.WakeLocks".
07-21 16:34:39.055 1563 1826 D PowerManagerService: userActivityNoUpdateLocked: groupId=0, eventTime=4066025, event=2, flags=0x0, uid=1000
07-21 16:34:39.055 1563 1826 D PowerManagerNotifier: onUserActivity: event=2, uid=1000
07-21 16:34:39.055 1563 1826 D PowerManagerService: updateUserActivitySummaryLocked: groupId=0, mWakefulness=Awake, mUserActivitySummary=0x1, nextTimeout=4126025 (in 59998 ms)
07-21 16:34:39.055 1563 1826 D PowerManagerNotifier: onScreenPolicyUpdate: newPolicy=3
07-21 16:34:39.055 1563 1826 D PowerManagerService: updateDisplayPowerStateLocked: displayReady=true, groupId=0, policy=BRIGHT, mWakefulness=Awake, mWakeLockSummary=0x0, mUserActivitySummary=0x1, mBootCompleted=true, screenBrightnessOverride=NaN, useAutoBrightness=false, mScreenBrightnessBoostInProgress=false, mIsVrModeEnabled= false, sQuiescent=false
07-21 16:34:39.286 1563 1826 D PowerManagerService: userActivityNoUpdateLocked: groupId=0, eventTime=4066256, event=2, flags=0x0, uid=1000
07-21 16:34:39.286 1563 1826 D PowerManagerNotifier: onUserActivity: event=2, uid=1000
07-21 16:34:39.286 1563 1826 D PowerManagerService: updateUserActivitySummaryLocked: groupId=0, mWakefulness=Awake, mUserActivitySummary=0x1, nextTimeout=4126256 (in 59998 ms)
07-21 16:34:39.286 1563 1826 D PowerManagerNotifier: onScreenPolicyUpdate: newPolicy=3
07-21 16:34:39.286 1563 1826 D PowerManagerService: updateDisplayPowerStateLocked: displayReady=true, groupId=0, policy=BRIGHT, mWakefulness=Awake, mWakeLockSummary=0x0, mUserActivitySummary=0x1, mBootCompleted=true, screenBrightnessOverride=NaN, useAutoBrightness=false, mScreenBrightnessBoostInProgress=false, mIsVrModeEnabled= false, sQuiescent=false
07-21 16:34:39.411 1563 1826 D PowerManagerService: userActivityNoUpdateLocked: groupId=0, eventTime=4066381, event=2, flags=0x0, uid=1000
07-21 16:34:39.411 1563 1826 D PowerManagerNotifier: onUserActivity: event=2, uid=1000
07-21 16:34:39.412 1563 1826 D PowerManagerService: updateUserActivitySummaryLocked: groupId=0, mWakefulness=Awake, mUserActivitySummary=0x1, nextTimeout=4126381 (in 59998 ms)
07-21 16:34:39.412 1563 1826 D PowerManagerNotifier: onScreenPolicyUpdate: newPolicy=3
07-21 16:34:39.412 1563 1826 D PowerManagerService: updateDisplayPowerStateLocked: displayReady=true, groupId=0, policy=BRIGHT, mWakefulness=Awake, mWakeLockSummary=0x0, mUserActivitySummary=0x1, mBootCompleted=true, screenBrightnessOverride=NaN, useAutoBrightness=false, mScreenBrightnessBoostInProgress=false, mIsVrModeEnabled= false, sQuiescent=false
07-21 16:34:39.752 1563 1826 D PowerManagerService: userActivityNoUpdateLocked: groupId=0, eventTime=4066722, event=2, flags=0x0, uid=1000
07-21 16:34:39.752 1563 1826 D PowerManagerNotifier: onUserActivity: event=2, uid=1000
07-21 16:34:39.752 1563 1826 D PowerManagerService: updateUserActivitySummaryLocked: groupId=0, mWakefulness=Awake, mUserActivitySummary=0x1, nextTimeout=4126722 (in 59998 ms)
07-21 16:34:39.752 1563 1826 D PowerManagerNotifier: onScreenPolicyUpdate: newPolicy=3
07-21 16:34:39.752 1563 1826 D PowerManagerService: updateDisplayPowerStateLocked: displayReady=true, groupId=0, policy=BRIGHT, mWakefulness=Awake, mWakeLockSummary=0x0, mUserActivitySummary=0x1, mBootCompleted=true, screenBrightnessOverride=NaN, useAutoBrightness=false, mScreenBrightnessBoostInProgress=false, mIsVrModeEnabled= false, sQuiescent=false
07-21 16:34:40.154 1563 18407 D PowerManagerService: acquireWakeLockInternal: lock=258260044, flags=0x1, tag="*vibrator*", ws=WorkSource{10079}, uid=1000, pid=1563
07-21 16:34:40.154 1563 18407 D PowerManagerService: updateWakeLockSummaryLocked: mWakefulness=Awake, mWakeLockSummary=0x1
07-21 16:34:40.154 1563 18407 D PowerManagerService: updateUserActivitySummaryLocked: groupId=0, mWakefulness=Awake, mUserActivitySummary=0x1, nextTimeout=4126722 (in 59596 ms)
07-21 16:34:40.154 1563 18407 D PowerManagerNotifier: onScreenPolicyUpdate: newPolicy=3
07-21 16:34:40.155 1563 18407 D PowerManagerService: updateDisplayPowerStateLocked: displayReady=true, groupId=0, policy=BRIGHT, mWakefulness=Awake, mWakeLockSummary=0x1, mUserActivitySummary=0x1, mBootCompleted=true, screenBrightnessOverride=NaN, useAutoBrightness=false, mScreenBrightnessBoostInProgress=false, mIsVrModeEnabled= false, sQuiescent=false
07-21 16:34:40.155 1563 18407 D PowerManagerService: Acquiring suspend blocker "PowerManagerService.WakeLocks".
07-21 16:34:40.156 1563 18407 D PowerManagerNotifier: onWakeLockAcquired: flags=1, tag="*vibrator*", packageName=android, ownerUid=1000, ownerPid=1563, workSource=WorkSource{10079}
07-21 16:34:40.160 1563 2390 D FreeFormWindowHelper: Current Display FreeFormTask is null
07-21 16:34:40.160 1563 21009 D FreeFormWindowHelper: Current Display FreeFormTask is null
07-21 16:34:40.166 1563 21009 D FreeFormWindowHelper: enterRecentTasks
07-21 16:34:40.199 1563 18407 D PowerManagerService: releaseWakeLockInternal: lock=258260044 [*vibrator*], flags=0x0
07-21 16:34:40.199 1563 18407 D PowerManagerNotifier: onWakeLockReleased: flags=1, tag="*vibrator*", packageName=android, ownerUid=1000, ownerPid=1563, workSource=WorkSource{10079}
07-21 16:34:40.200 1563 18407 D PowerManagerService: updateWakeLockSummaryLocked: mWakefulness=Awake, mWakeLockSummary=0x0
07-21 16:34:40.200 1563 18407 D PowerManagerService: updateUserActivitySummaryLocked: groupId=0, mWakefulness=Awake, mUserActivitySummary=0x1, nextTimeout=4126722 (in 59551 ms)
07-21 16:34:40.200 1563 18407 D PowerManagerNotifier: onScreenPolicyUpdate: newPolicy=3
07-21 16:34:40.200 1563 18407 D PowerManagerService: updateDisplayPowerStateLocked: displayReady=true, groupId=0, policy=BRIGHT, mWakefulness=Awake, mWakeLockSummary=0x0, mUserActivitySummary=0x1, mBootCompleted=true, screenBrightnessOverride=NaN, useAutoBrightness=false, mScreenBrightnessBoostInProgress=false, mIsVrModeEnabled= false, sQuiescent=false
07-21 16:34:40.200 1563 18407 D PowerManagerService: Releasing suspend blocker "PowerManagerService.WakeLocks".
07-21 16:34:40.367 1563 1815 I commit_sys_config_file: [settings-1-0,11]
07-21 16:34:40.529 1563 1826 D PowerManagerService: userActivityNoUpdateLocked: groupId=0, eventTime=4067498, event=2, flags=0x0, uid=1000
07-21 16:34:40.529 1563 1826 D PowerManagerNotifier: onUserActivity: event=2, uid=1000
07-21 16:34:40.530 1563 1826 D PowerManagerService: updateUserActivitySummaryLocked: groupId=0, mWakefulness=Awake, mUserActivitySummary=0x1, nextTimeout=4127498 (in 59997 ms)
07-21 16:34:40.530 1563 1826 D PowerManagerNotifier: onScreenPolicyUpdate: newPolicy=3
07-21 16:34:40.530 1563 1826 D PowerManagerService: updateDisplayPowerStateLocked: displayReady=true, groupId=0, policy=BRIGHT, mWakefulness=Awake, mWakeLockSummary=0x0, mUserActivitySummary=0x1, mBootCompleted=true, screenBrightnessOverride=NaN, useAutoBrightness=false, mScreenBrightnessBoostInProgress=false, mIsVrModeEnabled= false, sQuiescent=false
07-21 16:34:40.868 1563 1826 D PowerManagerService: userActivityNoUpdateLocked: groupId=0, eventTime=4067839, event=2, flags=0x0, uid=1000
07-21 16:34:40.869 1563 1826 D PowerManagerNotifier: onUserActivity: event=2, uid=1000
07-21 16:34:40.869 1563 1826 D PowerManagerService: updateUserActivitySummaryLocked: groupId=0, mWakefulness=Awake, mUserActivitySummary=0x1, nextTimeout=4127839 (in 59999 ms)
07-21 16:34:40.869 1563 1826 D PowerManagerNotifier: onScreenPolicyUpdate: newPolicy=3
07-21 16:34:40.869 1563 1826 D PowerManagerService: updateDisplayPowerStateLocked: displayReady=true, groupId=0, policy=BRIGHT, mWakefulness=Awake, mWakeLockSummary=0x0, mUserActivitySummary=0x1, mBootCompleted=true, screenBrightnessOverride=NaN, useAutoBrightness=false, mScreenBrightnessBoostInProgress=false, mIsVrModeEnabled= false, sQuiescent=false
07-21 16:34:40.981 1563 1826 D PowerManagerService: userActivityNoUpdateLocked: groupId=0, eventTime=4067952, event=2, flags=0x0, uid=1000
07-21 16:34:40.981 1563 1826 D PowerManagerNotifier: onUserActivity: event=2, uid=1000
07-21 16:34:40.981 1563 1826 D PowerManagerService: updateUserActivitySummaryLocked: groupId=0, mWakefulness=Awake, mUserActivitySummary=0x1, nextTimeout=4127952 (in 59999 ms)
07-21 16:34:40.981 1563 1826 D PowerManagerNotifier: onScreenPolicyUpdate: newPolicy=3
07-21 16:34:40.982 1563 1826 D PowerManagerService: updateDisplayPowerStateLocked: displayReady=true, groupId=0, policy=BRIGHT, mWakefulness=Awake, mWakeLockSummary=0x0, mUserActivitySummary=0x1, mBootCompleted=true, screenBrightnessOverride=NaN, useAutoBrightness=false, mScreenBrightnessBoostInProgress=false, mIsVrModeEnabled= false, sQuiescent=false
07-21 16:34:41.213 1563 1826 D PowerManagerService: userActivityNoUpdateLocked: groupId=0, eventTime=4068183, event=2, flags=0x0, uid=1000
07-21 16:34:41.213 1563 1826 D PowerManagerNotifier: onUserActivity: event=2, uid=1000
07-21 16:34:41.213 1563 1826 D PowerManagerService: updateUserActivitySummaryLocked: groupId=0, mWakefulness=Awake, mUserActivitySummary=0x1, nextTimeout=4128183 (in 59998 ms)
07-21 16:34:41.213 1563 1826 D PowerManagerNotifier: onScreenPolicyUpdate: newPolicy=3
07-21 16:34:41.213 1563 1826 D PowerManagerService: updateDisplayPowerStateLocked: displayReady=true, groupId=0, policy=BRIGHT, mWakefulness=Awake, mWakeLockSummary=0x0, mUserActivitySummary=0x1, mBootCompleted=true, screenBrightnessOverride=NaN, useAutoBrightness=false, mScreenBrightnessBoostInProgress=false, mIsVrModeEnabled= false, sQuiescent=false
07-21 16:34:41.326 1563 1826 D PowerManagerService: userActivityNoUpdateLocked: groupId=0, eventTime=4068295, event=2, flags=0x0, uid=1000
07-21 16:34:41.326 1563 1826 D PowerManagerNotifier: onUserActivity: event=2, uid=1000
07-21 16:34:41.326 1563 1826 D PowerManagerService: updateUserActivitySummaryLocked: groupId=0, mWakefulness=Awake, mUserActivitySummary=0x1, nextTimeout=4128295 (in 59997 ms)
07-21 16:34:41.326 1563 1826 D PowerManagerNotifier: onScreenPolicyUpdate: newPolicy=3
07-21 16:34:41.326 1563 1826 D PowerManagerService: updateDisplayPowerStateLocked: displayReady=true, groupId=0, policy=BRIGHT, mWakefulness=Awake, mWakeLockSummary=0x0, mUserActivitySummary=0x1, mBootCompleted=true, screenBrightnessOverride=NaN, useAutoBrightness=false, mScreenBrightnessBoostInProgress=false, mIsVrModeEnabled= false, sQuiescent=false
07-21 16:34:41.543 1563 1826 D PowerManagerService: userActivityNoUpdateLocked: groupId=0, eventTime=4068513, event=2, flags=0x0, uid=1000
07-21 16:34:41.543 1563 1826 D PowerManagerNotifier: onUserActivity: event=2, uid=1000
07-21 16:34:41.544 1563 1826 D PowerManagerService: updateUserActivitySummaryLocked: groupId=0, mWakefulness=Awake, mUserActivitySummary=0x1, nextTimeout=4128513 (in 59998 ms)
07-21 16:34:41.544 1563 1826 D PowerManagerNotifier: onScreenPolicyUpdate: newPolicy=3
07-21 16:34:41.544 1563 1826 D PowerManagerService: updateDisplayPowerStateLocked: displayReady=true, groupId=0, policy=BRIGHT, mWakefulness=Awake, mWakeLockSummary=0x0, mUserActivitySummary=0x1, mBootCompleted=true, screenBrightnessOverride=NaN, useAutoBrightness=false, mScreenBrightnessBoostInProgress=false, mIsVrModeEnabled= false, sQuiescent=false
07-21 16:34:41.685 1563 1826 D PowerManagerService: userActivityNoUpdateLocked: groupId=0, eventTime=4068655, event=2, flags=0x0, uid=1000
07-21 16:34:41.685 1563 1826 D PowerManagerNotifier: onUserActivity: event=2, uid=1000
07-21 16:34:41.686 1563 1826 D PowerManagerService: updateUserActivitySummaryLocked: groupId=0, mWakefulness=Awake, mUserActivitySummary=0x1, nextTimeout=4128655 (in 59998 ms)
07-21 16:34:41.686 1563 1826 D PowerManagerNotifier: onScreenPolicyUpdate: newPolicy=3
07-21 16:34:41.686 1563 1826 D PowerManagerService: updateDisplayPowerStateLocked: displayReady=true, groupId=0, policy=BRIGHT, mWakefulness=Awake, mWakeLockSummary=0x0, mUserActivitySummary=0x1, mBootCompleted=true, screenBrightnessOverride=NaN, useAutoBrightness=false, mScreenBrightnessBoostInProgress=false, mIsVrModeEnabled= false, sQuiescent=false
07-21 16:34:42.218 1563 1826 D PowerManagerService: userActivityNoUpdateLocked: groupId=0, eventTime=4069188, event=2, flags=0x0, uid=1000
07-21 16:34:42.218 1563 1826 D PowerManagerNotifier: onUserActivity: event=2, uid=1000
07-21 16:34:42.219 1563 1826 D PowerManagerService: updateUserActivitySummaryLocked: groupId=0, mWakefulness=Awake, mUserActivitySummary=0x1, nextTimeout=4129188 (in 59998 ms)
07-21 16:34:42.219 1563 1826 D PowerManagerNotifier: onScreenPolicyUpdate: newPolicy=3
07-21 16:34:42.219 1563 1826 D PowerManagerService: updateDisplayPowerStateLocked: displayReady=true, groupId=0, policy=BRIGHT, mWakefulness=Awake, mWakeLockSummary=0x0, mUserActivitySummary=0x1, mBootCompleted=true, screenBrightnessOverride=NaN, useAutoBrightness=false, mScreenBrightnessBoostInProgress=false, mIsVrModeEnabled= false, sQuiescent=false
07-21 16:34:43.570 1563 1699 I ActivityManager: Killing 18348:com.kugou.android.auto/u0a118 (adj 905): empty #2
07-21 16:34:43.570 1563 1699 I am_kill : [0,18348,com.kugou.android.auto,905,empty #2]
07-21 16:34:43.600 1563 17518 I am_proc_died: [0,18348,com.kugou.android.auto,905,19]
07-21 16:34:43.601 1563 17518 I am_uid_stopped: 10118
07-21 16:34:44.906 1563 1826 D PowerManagerService: userActivityNoUpdateLocked: groupId=0, eventTime=4071874, event=2, flags=0x0, uid=1000
07-21 16:34:44.906 1563 1826 D PowerManagerNotifier: onUserActivity: event=2, uid=1000
07-21 16:34:44.906 1563 1826 D PowerManagerService: updateUserActivitySummaryLocked: groupId=0, mWakefulness=Awake, mUserActivitySummary=0x1, nextTimeout=4131874 (in 59996 ms)
07-21 16:34:44.907 1563 1826 D PowerManagerNotifier: onScreenPolicyUpdate: newPolicy=3
07-21 16:34:44.907 1563 1826 D PowerManagerService: updateDisplayPowerStateLocked: displayReady=true, groupId=0, policy=BRIGHT, mWakefulness=Awake, mWakeLockSummary=0x0, mUserActivitySummary=0x1, mBootCompleted=true, screenBrightnessOverride=NaN, useAutoBrightness=false, mScreenBrightnessBoostInProgress=false, mIsVrModeEnabled= false, sQuiescent=false
07-21 16:34:45.006 1563 1826 D PowerManagerService: userActivityNoUpdateLocked: groupId=0, eventTime=4071977, event=2, flags=0x0, uid=1000
07-21 16:34:45.006 1563 1826 D PowerManagerNotifier: onUserActivity: event=2, uid=1000
07-21 16:34:45.006 1563 1826 D PowerManagerService: updateUserActivitySummaryLocked: groupId=0, mWakefulness=Awake, mUserActivitySummary=0x1, nextTimeout=4131977 (in 59999 ms)
07-21 16:34:45.006 1563 1826 D PowerManagerNotifier: onScreenPolicyUpdate: newPolicy=3
07-21 16:34:45.006 1563 1826 D PowerManagerService: updateDisplayPowerStateLocked: displayReady=true, groupId=0, policy=BRIGHT, mWakefulness=Awake, mWakeLockSummary=0x0, mUserActivitySummary=0x1, mBootCompleted=true, screenBrightnessOverride=NaN, useAutoBrightness=false, mScreenBrightnessBoostInProgress=false, mIsVrModeEnabled= false, sQuiescent=false
07-21 16:34:45.866 1563 1826 D PowerManagerService: userActivityNoUpdateLocked: groupId=0, eventTime=4072836, event=2, flags=0x0, uid=1000
07-21 16:34:45.866 1563 1826 D PowerManagerNotifier: onUserActivity: event=2, uid=1000
07-21 16:34:45.866 1563 1826 D PowerManagerService: updateUserActivitySummaryLocked: groupId=0, mWakefulness=Awake, mUserActivitySummary=0x1, nextTimeout=4132836 (in 59998 ms)
07-21 16:34:45.866 1563 1826 D PowerManagerNotifier: onScreenPolicyUpdate: newPolicy=3
07-21 16:34:45.867 1563 1826 D PowerManagerService: updateDisplayPowerStateLocked: displayReady=true, groupId=0, policy=BRIGHT, mWakefulness=Awake, mWakeLockSummary=0x0, mUserActivitySummary=0x1, mBootCompleted=true, screenBrightnessOverride=NaN, useAutoBrightness=false, mScreenBrightnessBoostInProgress=false, mIsVrModeEnabled= false, sQuiescent=false
07-21 16:34:46.027 1563 1826 D PowerManagerService: userActivityNoUpdateLocked: groupId=0, eventTime=4072998, event=2, flags=0x0, uid=1000
07-21 16:34:46.027 1563 1826 D PowerManagerNotifier: onUserActivity: event=2, uid=1000
07-21 16:34:46.028 1563 1826 D PowerManagerService: updateUserActivitySummaryLocked: groupId=0, mWakefulness=Awake, mUserActivitySummary=0x1, nextTimeout=4132998 (in 59999 ms)
07-21 16:34:46.028 1563 1826 D PowerManagerNotifier: onScreenPolicyUpdate: newPolicy=3
07-21 16:34:46.028 1563 1826 D PowerManagerService: updateDisplayPowerStateLocked: displayReady=true, groupId=0, policy=BRIGHT, mWakefulness=Awake, mWakeLockSummary=0x0, mUserActivitySummary=0x1, mBootCompleted=true, screenBrightnessOverride=NaN, useAutoBrightness=false, mScreenBrightnessBoostInProgress=false, mIsVrModeEnabled= false, sQuiescent=false
07-21 16:34:46.587 1563 1826 D PowerManagerService: userActivityNoUpdateLocked: groupId=0, eventTime=4073557, event=2, flags=0x0, uid=1000
07-21 16:34:46.587 1563 1826 D PowerManagerNotifier: onUserActivity: event=2, uid=1000
07-21 16:34:46.588 1563 1826 D PowerManagerService: updateUserActivitySummaryLocked: groupId=0, mWakefulness=Awake, mUserActivitySummary=0x1, nextTimeout=4133557 (in 59998 ms)
07-21 16:34:46.588 1563 1826 D PowerManagerNotifier: onScreenPolicyUpdate: newPolicy=3
07-21 16:34:46.588 1563 1826 D PowerManagerService: updateDisplayPowerStateLocked: displayReady=true, groupId=0, policy=BRIGHT, mWakefulness=Awake, mWakeLockSummary=0x0, mUserActivitySummary=0x1, mBootCompleted=true, screenBrightnessOverride=NaN, useAutoBrightness=false, mScreenBrightnessBoostInProgress=false, mIsVrModeEnabled= false, sQuiescent=false
07-21 16:34:46.789 1563 1826 D PowerManagerService: userActivityNoUpdateLocked: groupId=0, eventTime=4073759, event=2, flags=0x0, uid=1000
07-21 16:34:46.789 1563 1826 D PowerManagerNotifier: onUserActivity: event=2, uid=1000
07-21 16:34:46.790 1563 1826 D PowerManagerService: updateUserActivitySummaryLocked: groupId=0, mWakefulness=Awake, mUserActivitySummary=0x1, nextTimeout=4133759 (in 59998 ms)
07-21 16:34:46.790 1563 1826 D PowerManagerNotifier: onScreenPolicyUpdate: newPolicy=3
07-21 16:34:46.790 1563 1826 D PowerManagerService: updateDisplayPowerStateLocked: displayReady=true, groupId=0, policy=BRIGHT, mWakefulness=Awake, mWakeLockSummary=0x0, mUserActivitySummary=0x1, mBootCompleted=true, screenBrightnessOverride=NaN, useAutoBrightness=false, mScreenBrightnessBoostInProgress=false, mIsVrModeEnabled= false, sQuiescent=false
07-21 16:34:48.474 1563 1826 D PowerManagerService: userActivityNoUpdateLocked: groupId=0, eventTime=4075443, event=2, flags=0x0, uid=1000
07-21 16:34:48.474 1563 1826 D PowerManagerNotifier: onUserActivity: event=2, uid=1000
07-21 16:34:48.474 1563 1826 D PowerManagerService: updateUserActivitySummaryLocked: groupId=0, mWakefulness=Awake, mUserActivitySummary=0x1, nextTimeout=4135443 (in 59997 ms)
07-21 16:34:48.474 1563 1826 D PowerManagerNotifier: onScreenPolicyUpdate: newPolicy=3
07-21 16:34:48.474 1563 1826 D PowerManagerService: updateDisplayPowerStateLocked: displayReady=true, groupId=0, policy=BRIGHT, mWakefulness=Awake, mWakeLockSummary=0x0, mUserActivitySummary=0x1, mBootCompleted=true, screenBrightnessOverride=NaN, useAutoBrightness=false, mScreenBrightnessBoostInProgress=false, mIsVrModeEnabled= false, sQuiescent=false
07-21 16:34:48.598 1563 1691 I input_focus: [Focus request 75cb562 com.android.launcher3/com.android.launcher3.uioverrides.QuickstepLauncher,reason=UpdateInputWindows]
07-21 16:34:48.622 1563 1826 I input_focus: [Focus leaving 28c4f40 com.android.launcher3/com.android.launcher3.uioverrides.QuickstepLauncher (server),reason=Waiting for window because NOT_VISIBLE]
07-21 16:34:48.639 1563 1826 I input_focus: [Focus entering 75cb562 com.android.launcher3/com.android.launcher3.uioverrides.QuickstepLauncher (server),reason=Window became focusable. Previous reason: NOT_VISIBLE]
07-21 16:34:49.179 1563 1826 I input_interaction: Interaction with: 75cb562 com.android.launcher3/com.android.launcher3.uioverrides.QuickstepLauncher (server), edge-swipe (server), swipe-up (server), PointerEventDispatcher0 (server),
07-21 16:34:49.180 1563 1826 D PowerManagerService: userActivityNoUpdateLocked: groupId=0, eventTime=4076150, event=2, flags=0x0, uid=1000
07-21 16:34:49.180 1563 1826 D PowerManagerNotifier: onUserActivity: event=2, uid=1000
07-21 16:34:49.181 1563 1826 D PowerManagerService: updateUserActivitySummaryLocked: groupId=0, mWakefulness=Awake, mUserActivitySummary=0x1, nextTimeout=4136150 (in 59998 ms)
07-21 16:34:49.181 1563 1826 D PowerManagerNotifier: onScreenPolicyUpdate: newPolicy=3
07-21 16:34:49.181 1563 1826 D PowerManagerService: updateDisplayPowerStateLocked: displayReady=true, groupId=0, policy=BRIGHT, mWakefulness=Awake, mWakeLockSummary=0x0, mUserActivitySummary=0x1, mBootCompleted=true, screenBrightnessOverride=NaN, useAutoBrightness=false, mScreenBrightnessBoostInProgress=false, mIsVrModeEnabled= false, sQuiescent=false
07-21 16:34:49.258 1563 1700 I ActivityManager: Force stopping com.kugou.android.auto appid=10118 user=0: deletePackageX
07-21 16:34:49.260 1563 1700 D FreeFormWindowHelper: handleFreeformTask : Task{2e16b62 #1 type=home ?? U=0 visible=true mode=fullscreen translucent=false sz=1 visible freeform task=true rootAffinity=null isMini=false}
07-21 16:34:49.260 1563 1700 D FreeFormWindowHelper: mFreeFormTask : null
07-21 16:34:49.260 1563 1700 D FreeFormWindowHelper: mInRecent : true
07-21 16:34:49.260 1563 1700 D FreeFormWindowHelper: The start activity is recent, hide freeform task : null
07-21 16:34:49.260 1563 1700 D FreeFormWindowHelper:
07-21 16:34:49.283 1563 1691 I input_focus: [Focus request 28c4f40 com.android.launcher3/com.android.launcher3.uioverrides.QuickstepLauncher,reason=UpdateInputWindows]
07-21 16:34:49.287 1563 1740 I PackageManager: Removing permission com.kugou.android.auto.permission.ACCESS_KUGOU_SERVICE that used to be declared by com.kugou.android.auto
