07-21 16:35:00.279 1563 1826 D PowerManagerNotifier: onUserActivity: event=2, uid=1000
07-21 16:35:00.280 1563 1826 D PowerManagerService: updateUserActivitySummaryLocked: groupId=0, mWakefulness=Awake, mUserActivitySummary=0x1, nextTimeout=4147250 (in 59999 ms)
07-21 16:35:00.280 1563 1826 D PowerManagerNotifier: onScreenPolicyUpdate: newPolicy=3
07-21 16:35:00.280 1563 1826 D PowerManagerService: updateDisplayPowerStateLocked: displayReady=true, groupId=0, policy=BRIGHT, mWakefulness=Awake, mWakeLockSummary=0x0, mUserActivitySummary=0x1, mBootCompleted=true, screenBrightnessOverride=NaN, useAutoBrightness=false, mScreenBrightnessBoostInProgress=false, mIsVrModeEnabled= false, sQuiescent=false
07-21 16:35:00.679 1563 1826 D PowerManagerService: userActivityNoUpdateLocked: groupId=0, eventTime=4087650, event=2, flags=0x0, uid=1000
07-21 16:35:00.679 1563 1826 D PowerManagerNotifier: onUserActivity: event=2, uid=1000
07-21 16:35:00.680 1563 1826 D PowerManagerService: updateUserActivitySummaryLocked: groupId=0, mWakefulness=Awake, mUserActivitySummary=0x1, nextTimeout=4147650 (in 59999 ms)
07-21 16:35:00.680 1563 1826 D PowerManagerNotifier: onScreenPolicyUpdate: newPolicy=3
07-21 16:35:00.680 1563 1826 D PowerManagerService: updateDisplayPowerStateLocked: displayReady=true, groupId=0, policy=BRIGHT, mWakefulness=Awake, mWakeLockSummary=0x0, mUserActivitySummary=0x1, mBootCompleted=true, screenBrightnessOverride=NaN, useAutoBrightness=false, mScreenBrightnessBoostInProgress=false, mIsVrModeEnabled= false, sQuiescent=false
07-21 16:35:00.782 1563 1826 D PowerManagerService: userActivityNoUpdateLocked: groupId=0, eventTime=4087753, event=2, flags=0x0, uid=1000
07-21 16:35:00.782 1563 1826 D PowerManagerNotifier: onUserActivity: event=2, uid=1000
07-21 16:35:00.783 1563 1826 D PowerManagerService: updateUserActivitySummaryLocked: groupId=0, mWakefulness=Awake, mUserActivitySummary=0x1, nextTimeout=4147753 (in 59999 ms)
07-21 16:35:00.783 1563 1826 D PowerManagerNotifier: onScreenPolicyUpdate: newPolicy=3
07-21 16:35:00.783 1563 1826 D PowerManagerService: updateDisplayPowerStateLocked: displayReady=true, groupId=0, policy=BRIGHT, mWakefulness=Awake, mWakeLockSummary=0x0, mUserActivitySummary=0x1, mBootCompleted=true, screenBrightnessOverride=NaN, useAutoBrightness=false, mScreenBrightnessBoostInProgress=false, mIsVrModeEnabled= false, sQuiescent=false
07-21 16:35:01.007 1563 1826 I input_interaction: Interaction with: 979ab7d com.tencent.tmgp.sgame/com.tencent.tmgp.sgame.SGameActivity (server), edge-swipe (server), swipe-up (server), PointerEventDispatcher0 (server),
07-21 16:35:01.008 1563 1826 D PowerManagerService: userActivityNoUpdateLocked: groupId=0, eventTime=4087978, event=2, flags=0x0, uid=1000
07-21 16:35:01.008 1563 1826 D PowerManagerNotifier: onUserActivity: event=2, uid=1000
07-21 16:35:01.008 1563 1826 D PowerManagerService: updateUserActivitySummaryLocked: groupId=0, mWakefulness=Awake, mUserActivitySummary=0x1, nextTimeout=4147978 (in 59998 ms)
07-21 16:35:01.008 1563 1826 D PowerManagerNotifier: onScreenPolicyUpdate: newPolicy=3
07-21 16:35:01.008 1563 1826 D PowerManagerService: updateDisplayPowerStateLocked: displayReady=true, groupId=0, policy=BRIGHT, mWakefulness=Awake, mWakeLockSummary=0x0, mUserActivitySummary=0x1, mBootCompleted=true, screenBrightnessOverride=NaN, useAutoBrightness=false, mScreenBrightnessBoostInProgress=false, mIsVrModeEnabled= false, sQuiescent=false
07-21 16:35:01.012 1563 21017 D FreeFormWindowHelper: Current Display FreeFormTask is null
07-21 16:35:01.017 1563 21017 D FreeFormWindowHelper: Current Display FreeFormTask is null
07-21 16:35:01.018 1563 21017 I wm_task_moved: [1,0,0]
07-21 16:35:01.019 1563 21009 D FreeFormWindowHelper: Current Display FreeFormTask is null
07-21 16:35:01.019 1563 21017 I wm_task_moved: [1,0,6]
07-21 16:35:01.030 1563 21017 D FreeFormWindowHelper: Current Display FreeFormTask is null
07-21 16:35:01.033 2587 2587 I wm_on_restart_called: [51676365,com.android.launcher3.uioverrides.QuickstepLauncher,performRestartActivity]
07-21 16:35:01.034 1563 21017 D FreeFormWindowHelper: Current Display FreeFormTask is null
07-21 16:35:01.034 1563 21017 D FreeFormWindowHelper: Current Display FreeFormTask is null
07-21 16:35:01.034 1563 21009 D FreeFormWindowHelper: Current Display FreeFormTask is null
07-21 16:35:01.040 2587 2587 I wm_on_start_called: [51676365,com.android.launcher3.uioverrides.QuickstepLauncher,handleStartActivity]
07-21 16:35:01.041 1563 21009 W ActivityTaskManager: getTaskSnapshot: taskId=691 not found
07-21 16:35:01.042 1563 21009 W ActivityTaskManager: getTaskSnapshot: taskId=692 not found
07-21 16:35:01.042 1563 21009 W ActivityTaskManager: getTaskSnapshot: taskId=692 not found
07-21 16:35:01.043 1563 21009 W ActivityTaskManager: getTaskSnapshot: taskId=692 not found
07-21 16:35:01.044 13409 13409 I view_enqueue_input_event: [Motion - Cancel,com.tencent.tmgp.sgame/com.tencent.tmgp.sgame.SGameActivity]
07-21 16:35:01.045 1563 1687 D AutofillManagerService: Close system dialogs
07-21 16:35:01.045 1563 1691 I input_focus: [Focus request recents_animation_input_consumer,reason=UpdateInputWindows]
07-21 16:35:01.053 1563 1826 I input_interaction: Interaction with: edge-swipe (server), swipe-up (server), PointerEventDispatcher0 (server),
07-21 16:35:01.073 1563 12235 D FreeFormWindowHelper: Current Display FreeFormTask is null
07-21 16:35:01.073 1563 12235 D FreeFormWindowHelper: Current Display FreeFormTask is null
07-21 16:35:01.073 2587 2587 I sysui_latency: [1,67]
07-21 16:35:01.078 1563 21017 D FreeFormWindowHelper: Current Display FreeFormTask is null
07-21 16:35:01.079 1563 21017 D FreeFormWindowHelper: Current Display FreeFormTask is null
07-21 16:35:01.082 1563 21017 W ActivityTaskManager: getTaskSnapshot: taskId=751 not found
07-21 16:35:01.083 1563 21017 W ActivityTaskManager: getTaskSnapshot: taskId=751 not found
07-21 16:35:01.083 1563 21017 W ActivityTaskManager: getTaskSnapshot: taskId=751 not found
07-21 16:35:01.083 1563 21017 W ActivityTaskManager: getTaskSnapshot: taskId=751 not found
07-21 16:35:01.085 1563 1687 I sysui_multi_action: [319,10,322,60,325,4087,757,761,758,9,759,5,806,com.android.launcher3,871,com.android.launcher3.uioverrides.QuickstepLauncher,905,0,1320,8,1321,5]
07-21 16:35:01.100 1563 17518 D FreeFormWindowHelper: Current Display FreeFormTask is null
07-21 16:35:01.100 1563 21017 D FreeFormWindowHelper: Current Display FreeFormTask is null
07-21 16:35:01.102 1563 1826 I input_focus: [Focus leaving 979ab7d com.tencent.tmgp.sgame/com.tencent.tmgp.sgame.SGameActivity (server),reason=NOT_FOCUSABLE]
07-21 16:35:01.103 1563 1826 I input_focus: [Focus entering recents_animation_input_consumer (server),reason=setFocusedWindow]
07-21 16:35:01.115 1563 1826 D PowerManagerService: userActivityNoUpdateLocked: groupId=0, eventTime=4088086, event=2, flags=0x0, uid=1000
07-21 16:35:01.115 1563 1826 D PowerManagerNotifier: onUserActivity: event=2, uid=1000
07-21 16:35:01.116 1563 1826 D PowerManagerService: updateUserActivitySummaryLocked: groupId=0, mWakefulness=Awake, mUserActivitySummary=0x1, nextTimeout=4148086 (in 59999 ms)
07-21 16:35:01.116 1563 1826 D PowerManagerNotifier: onScreenPolicyUpdate: newPolicy=3
07-21 16:35:01.116 1563 1826 D PowerManagerService: updateDisplayPowerStateLocked: displayReady=true, groupId=0, policy=BRIGHT, mWakefulness=Awake, mWakeLockSummary=0x0, mUserActivitySummary=0x1, mBootCompleted=true, screenBrightnessOverride=NaN, useAutoBrightness=false, mScreenBrightnessBoostInProgress=false, mIsVrModeEnabled= false, sQuiescent=false
07-21 16:35:01.134 1563 17518 D FreeFormWindowHelper: Current Display FreeFormTask is null
07-21 16:35:01.135 1563 17518 D FreeFormWindowHelper: Current Display FreeFormTask is null
07-21 16:35:01.141 1563 26128 D FreeFormWindowHelper: exitRecentTasks
07-21 16:35:01.169 1563 26128 D FreeFormWindowHelper: Current Display FreeFormTask is null
07-21 16:35:01.169 1563 26128 D FreeFormWindowHelper: Current Display FreeFormTask is null
07-21 16:35:01.248 1563 1815 I commit_sys_config_file: [settings-1-0,7]
07-21 16:35:01.380 1563 1699 I sysui_latency: [8,67]
07-21 16:35:01.512 1563 1977 I commit_sys_config_file: [appops,4069087]
07-21 16:35:01.568 1563 2390 D FreeFormWindowHelper: Current Display FreeFormTask is null
07-21 16:35:01.568 1563 2390 D FreeFormWindowHelper: Current Display FreeFormTask is null
07-21 16:35:01.570 1563 10185 D FreeFormWindowHelper: Current Display FreeFormTask is null
07-21 16:35:01.571 1563 2390 I wm_task_moved: [1,1,7]
07-21 16:35:01.572 1563 2390 I wm_task_moved: [59,1,2147483647]
07-21 16:35:01.572 1563 2390 I wm_task_to_front: [0,59]
07-21 16:35:01.572 13409 13409 I wm_on_top_resumed_lost_called: [182464186,com.tencent.tmgp.sgame.SGameActivity,topStateChangedWhenResumed]
07-21 16:35:01.572 1563 2390 I wm_focused_root_task: [0,0,1,77,RecentsAnimation.onAnimationFinished()]
07-21 16:35:01.572 1563 2390 I wm_set_resumed_activity: [0,com.android.launcher3/.uioverrides.QuickstepLauncher,RecentsAnimation.onAnimationFinished()]
07-21 16:35:01.573 1563 2390 I wm_pause_activity: [0,182464186,com.tencent.tmgp.sgame/.SGameActivity,userLeaving=true,pauseBackTasks]
07-21 16:35:01.573 1563 2390 D PowerManagerService: acquireWakeLockInternal: lock=195562495, flags=0x1, tag="*launch*", ws=WorkSource{10079}, uid=1000, pid=1563
07-21 16:35:01.574 1563 2390 D PowerManagerService: updateWakeLockSummaryLocked: mWakefulness=Awake, mWakeLockSummary=0x1
07-21 16:35:01.574 1563 2390 D PowerManagerService: updateUserActivitySummaryLocked: groupId=0, mWakefulness=Awake, mUserActivitySummary=0x1, nextTimeout=4148086 (in 59541 ms)
07-21 16:35:01.574 1563 2390 D PowerManagerNotifier: onScreenPolicyUpdate: newPolicy=3
07-21 16:35:01.574 1563 2390 D PowerManagerService: updateDisplayPowerStateLocked: displayReady=true, groupId=0, policy=BRIGHT, mWakefulness=Awake, mWakeLockSummary=0x1, mUserActivitySummary=0x1, mBootCompleted=true, screenBrightnessOverride=NaN, useAutoBrightness=false, mScreenBrightnessBoostInProgress=false, mIsVrModeEnabled= false, sQuiescent=false
07-21 16:35:01.574 1563 2390 D PowerManagerService: Acquiring suspend blocker "PowerManagerService.WakeLocks".
07-21 16:35:01.574 1563 2390 D PowerManagerNotifier: onWakeLockAcquired: flags=1, tag="*launch*", packageName=android, ownerUid=1000, ownerPid=1563, workSource=WorkSource{10079}
07-21 16:35:01.574 1563 2390 I wm_add_to_stopping: [0,182464186,com.tencent.tmgp.sgame/.SGameActivity,makeInvisible]
07-21 16:35:01.574 1563 2390 I ActivityTaskManager: FOREGROUND_APPLICATION_CHANGED to com.android.launcher3.uioverrides.QuickstepLauncher
07-21 16:35:01.575 1563 2390 I wm_set_resumed_activity: [0,com.android.launcher3/.uioverrides.QuickstepLauncher,resumeTopActivityInnerLocked]
07-21 16:35:01.583 1563 2390 I wm_resume_activity: [0,51676365,59,com.android.launcher3/.uioverrides.QuickstepLauncher]
07-21 16:35:01.583 1563 2390 D FreeFormWindowHelper: handleFreeformTask : Task{2e16b62 #1 type=home ?? U=0 visible=true mode=fullscreen translucent=false sz=1 visible freeform task=true rootAffinity=null isMini=false}
07-21 16:35:01.583 1563 2390 D FreeFormWindowHelper: mFreeFormTask : null
07-21 16:35:01.583 1563 2390 D FreeFormWindowHelper: mInRecent : false
07-21 16:35:01.583 1563 2390 D FreeFormWindowHelper:
07-21 16:35:01.584 2587 2587 I wm_on_resume_called: [51676365,com.android.launcher3.uioverrides.QuickstepLauncher,RESUME_ACTIVITY]
07-21 16:35:01.584 1563 2390 D FreeFormWindowHelper: handleFreeformTask : Task{2e16b62 #1 type=home ?? U=0 visible=true mode=fullscreen translucent=false sz=1 visible freeform task=true rootAffinity=null isMini=false}
07-21 16:35:01.584 1563 2390 D FreeFormWindowHelper: mFreeFormTask : null
07-21 16:35:01.584 1563 2390 D FreeFormWindowHelper: mInRecent : false
07-21 16:35:01.584 1563 2390 D FreeFormWindowHelper:
07-21 16:35:01.590 1563 1691 I input_focus: [Focus request 28c4f40 com.android.launcher3/com.android.launcher3.uioverrides.QuickstepLauncher,reason=UpdateInputWindows]
07-21 16:35:01.590 13409 13409 I wm_on_paused_called: [182464186,com.tencent.tmgp.sgame.SGameActivity,performPause]
07-21 16:35:01.591 2587 2587 I wm_on_top_resumed_gained_called: [51676365,com.android.launcher3.uioverrides.QuickstepLauncher,topStateChangedWhenResumed]
07-21 16:35:01.591 1563 1690 I wm_stop_activity: [0,182464186,com.tencent.tmgp.sgame/.SGameActivity]
07-21 16:35:01.591 1563 1690 I sysui_multi_action: [757,803,799,window_time_0,802,3]
07-21 16:35:01.592 1563 10016 D PowerManagerService: releaseWakeLockInternal: lock=195562495 [*launch*], flags=0x0
07-21 16:35:01.592 1563 10016 D PowerManagerNotifier: onWakeLockReleased: flags=1, tag="*launch*", packageName=android, ownerUid=1000, ownerPid=1563, workSource=WorkSource{10079}
07-21 16:35:01.592 1563 10016 D PowerManagerService: updateWakeLockSummaryLocked: mWakefulness=Awake, mWakeLockSummary=0x0
07-21 16:35:01.592 1563 10016 D PowerManagerService: updateUserActivitySummaryLocked: groupId=0, mWakefulness=Awake, mUserActivitySummary=0x1, nextTimeout=4148086 (in 59523 ms)
07-21 16:35:01.592 1563 10016 D PowerManagerNotifier: onScreenPolicyUpdate: newPolicy=3
07-21 16:35:01.592 1563 10016 D PowerManagerService: updateDisplayPowerStateLocked: displayReady=true, groupId=0, policy=BRIGHT, mWakefulness=Awake, mWakeLockSummary=0x0, mUserActivitySummary=0x1, mBootCompleted=true, screenBrightnessOverride=NaN, useAutoBrightness=false, mScreenBrightnessBoostInProgress=false, mIsVrModeEnabled= false, sQuiescent=false
07-21 16:35:01.592 1563 10016 D PowerManagerService: Releasing suspend blocker "PowerManagerService.WakeLocks".
07-21 16:35:01.594 1563 1690 I am_uid_running: 10102
07-21 16:35:01.594 1563 1690 D CompatibilityChangeReporter: Compat change id reported: 135634846; UID 10102; state: DISABLED
07-21 16:35:01.594 1563 1690 D CompatibilityChangeReporter: Compat change id reported: 177438394; UID 10102; state: DISABLED
07-21 16:35:01.594 1563 1690 D CompatibilityChangeReporter: Compat change id reported: 135772972; UID 10102; state: DISABLED
07-21 16:35:01.594 1563 1690 D CompatibilityChangeReporter: Compat change id reported: 135754954; UID 10102; state: ENABLED
07-21 16:35:01.594 1563 1701 D CompatibilityChangeReporter: Compat change id reported: 143937733; UID 10102; state: ENABLED
07-21 16:35:01.594 1563 1690 I am_uid_running: 10024
07-21 16:35:01.594 1563 1690 D CompatibilityChangeReporter: Compat change id reported: 135634846; UID 10024; state: DISABLED
07-21 16:35:01.595 1563 1690 I sysui_multi_action: [757,803,799,window_time_0,802,0]
07-21 16:35:01.601 1563 1701 I am_proc_start: [0,19217,10102,tv.danmaku.bilibilihd,NULL,]
07-21 16:35:01.601 1563 1701 I ActivityManager: Start proc 19217:tv.danmaku.bilibilihd/u0a102 for null
07-21 16:35:01.603 1563 1701 D CompatibilityChangeReporter: Compat change id reported: 143937733; UID 10024; state: DISABLED
07-21 16:35:01.604 1563 1826 I input_focus: [Focus leaving recents_animation_input_consumer (server),reason=NOT_VISIBLE]
07-21 16:35:01.604 1563 1826 I input_focus: [Focus entering 28c4f40 com.android.launcher3/com.android.launcher3.uioverrides.QuickstepLauncher (server),reason=setFocusedWindow]
07-21 16:35:01.608 1563 1701 I am_proc_start: [0,19218,10024,com.bilibili.bilithings,NULL,]
07-21 16:35:01.608 1563 1701 I ActivityManager: Start proc 19218:com.bilibili.bilithings/u0a24 for null
07-21 16:35:01.623 13409 13409 I wm_on_stop_called: [182464186,com.tencent.tmgp.sgame.SGameActivity,STOP_ACTIVITY_ITEM]
07-21 16:35:01.628 0 0 I [ 4088.597116] binder: 19217:19217 ioctl 40046210 7ff1724834 returned -22
07-21 16:35:01.628 0 0 I [ 4088.597703] binder: 19218:19218 ioctl 40046210 ff9965c8 returned -22
07-21 16:35:01.628 1563 10185 I am_proc_bound: [0,19217,tv.danmaku.bilibilihd]
07-21 16:35:01.629 1563 10185 D CompatibilityChangeReporter: Compat change id reported: 168419799; UID 10102; state: DISABLED
07-21 16:35:01.633 1563 10185 I am_proc_bound: [0,19218,com.bilibili.bilithings]
07-21 16:35:01.635 1563 10185 D CompatibilityChangeReporter: Compat change id reported: 168419799; UID 10024; state: DISABLED
07-21 16:35:01.640 1563 26128 I ActivityManager: Killing 19217:tv.danmaku.bilibilihd/u0a102 (adj 915): empty #2
07-21 16:35:01.640 1563 26128 I am_kill : [0,19217,tv.danmaku.bilibilihd,915,empty #2]
07-21 16:35:01.640 1563 26128 I ActivityManager: Killing 19161:android.process.media/u0a21 (adj 925): empty #3
07-21 16:35:01.641 1563 26128 I am_kill : [0,19161,android.process.media,925,empty #3]
07-21 16:35:01.645 2071 4426 W ContextImpl: Calling a method in the system process without a qualified user: android.app.ContextImpl.startService:1816 android.content.ContextWrapper.startService:774 com.thundercomm.gamemode.ingame.services.GameModeActionUtils.startGameModeService:118 com.thundercomm.gamemode.ingame.services.GameModeActionUtils.startGameModeEntry:29 com.thundercomm.gamemode.ingame.services.ActivityMonitoringService$1.onActivityLaunch:145
07-21 16:35:01.652 1563 1563 I GameModeConfig: Current uri is uri = content://com.thundercomm.gamemode.api/gamemode_settings/gamemode_isgaming
07-21 16:35:01.655 1563 1563 I GameModeConfig: isGameModeOn = true
07-21 16:35:01.655 1563 1563 I GameModeConfig: isGaming = false
07-21 16:35:01.656 1563 1563 I GameModeConfig: isGameModeOn = true
07-21 16:35:01.656 1563 1563 I GameModeConfig: isGaming = false
07-21 16:35:01.656 1563 1563 I GameModeConfig: isDisableVoice = true
07-21 16:35:01.664 1563 10185 I am_proc_died: [0,19161,android.process.media,925,19]
07-21 16:35:01.665 1563 10185 I am_uid_stopped: 10021
07-21 16:35:01.680 1563 24291 I am_proc_died: [0,19217,tv.danmaku.bilibilihd,915,19]
07-21 16:35:01.680 1563 24291 I am_uid_stopped: 10102
07-21 16:35:01.691 1563 26128 D FreeFormWindowHelper: Current Display FreeFormTask is null
07-21 16:35:01.931 1563 1690 I commit_sys_config_file: [warnings-config,82723]
07-21 16:35:01.971 19218 19218 I auditd : type=1400 audit(0.0:16375): avc: denied { open } for comm="Thread-3" path="/dev/__properties__/u:object_r:wifi_prop:s0" dev="tmpfs" ino=2444 scontext=u:r:priv_app:s0:c512,c768 tcontext=u:object_r:wifi_prop:s0 tclass=file permissive=1 app=com.bilibili.bilithings
07-21 16:35:01.971 19218 19218 I auditd : type=1400 audit(0.0:16376): avc: denied { getattr } for comm="Thread-3" path="/dev/__properties__/u:object_r:wifi_prop:s0" dev="tmpfs" ino=2444 scontext=u:r:priv_app:s0:c512,c768 tcontext=u:object_r:wifi_prop:s0 tclass=file permissive=1 app=com.bilibili.bilithings
07-21 16:35:01.971 19218 19218 I auditd : type=1400 audit(0.0:16377): avc: denied { map } for comm="Thread-3" path="/dev/__properties__/u:object_r:wifi_prop:s0" dev="tmpfs" ino=2444 scontext=u:r:priv_app:s0:c512,c768 tcontext=u:object_r:wifi_prop:s0 tclass=file permissive=1 app=com.bilibili.bilithings
07-21 16:35:01.979 19218 19218 I auditd : type=1400 audit(0.0:16378): avc: denied { open } for comm="Thread-3" path="/dev/__properties__/u:object_r:wifi_hal_prop:s0" dev="tmpfs" ino=2442 scontext=u:r:priv_app:s0:c512,c768 tcontext=u:object_r:wifi_hal_prop:s0 tclass=file permissive=1 app=com.bilibili.bilithings
07-21 16:35:01.979 19218 19218 I auditd : type=1400 audit(0.0:16379): avc: denied { getattr } for comm="Thread-3" path="/dev/__properties__/u:object_r:wifi_hal_prop:s0" dev="tmpfs" ino=2442 scontext=u:r:priv_app:s0:c512,c768 tcontext=u:object_r:wifi_hal_prop:s0 tclass=file permissive=1 app=com.bilibili.bilithings
07-21 16:35:01.979 19218 19218 I auditd : type=1400 audit(0.0:16380): avc: denied { map } for comm="Thread-3" path="/dev/__properties__/u:object_r:wifi_hal_prop:s0" dev="tmpfs" ino=2442 scontext=u:r:priv_app:s0:c512,c768 tcontext=u:object_r:wifi_hal_prop:s0 tclass=file permissive=1 app=com.bilibili.bilithings
07-21 16:35:02.104 1563 1700 W ActivityManager: Ignoring remove of inactive process: ProcessRecord{85d19e2 0:com.android.externalstorage/u0a31}
07-21 16:35:02.110 1563 1826 I input_interaction: Interaction with: 28c4f40 com.android.launcher3/com.android.launcher3.uioverrides.QuickstepLauncher (server), c461ca2 com.android.systemui.ImageWallpaper (server), edge-swipe (server), swipe-up (server), PointerEventDispatcher0 (server),
07-21 16:35:02.111 1563 1826 D PowerManagerService: userActivityNoUpdateLocked: groupId=0, eventTime=4089080, event=2, flags=0x0, uid=1000
07-21 16:35:02.111 1563 1826 D PowerManagerNotifier: onUserActivity: event=2, uid=1000
07-21 16:35:02.111 1563 1826 D PowerManagerService: updateUserActivitySummaryLocked: groupId=0, mWakefulness=Awake, mUserActivitySummary=0x1, nextTimeout=4149080 (in 59998 ms)
07-21 16:35:02.111 1563 1826 D PowerManagerNotifier: onScreenPolicyUpdate: newPolicy=3
07-21 16:35:02.111 1563 1826 D PowerManagerService: updateDisplayPowerStateLocked: displayReady=true, groupId=0, policy=BRIGHT, mWakefulness=Awake, mWakeLockSummary=0x0, mUserActivitySummary=0x1, mBootCompleted=true, screenBrightnessOverride=NaN, useAutoBrightness=false, mScreenBrightnessBoostInProgress=false, mIsVrModeEnabled= false, sQuiescent=false
07-21 16:35:02.160 0 0 W [ 4089.132087] ALERT: changing window size from 20000000 to 16000000 at 4089132054459
07-21 16:35:02.192 0 0 I [ 4089.162308] [drm: dsi_display_set_mode] [msm-dsi-info]: mdp_transfer_time_us=0 us
07-21 16:35:02.192 0 0 I [ 4089.162315] [drm: dsi_display_set_mode] [msm-dsi-info]: hactive= 2560,vactive= 1080,fps=60
07-21 16:35:02.192 0 0 I [ 4089.162492] [MAX975X: max96755x_drm_notifier_callback] *INFO* receives BLANK: UNBLANK
07-21 16:35:02.218 1563 1690 I DisplayDeviceRepository: Display device changed: DisplayDeviceInfo{"内置屏幕": uniqueId="local:4630946816427681409", 2560 x 1080, modeId 1, defaultModeId 1, supportedModes [{id=1, width=2560, height=1080, fps=60.000004, alternativeRefreshRates=[30.000002, 45.0]}, {id=2, width=2560, height=1080, fps=45.0, alternativeRefreshRates=[30.000002, 60.000004]}, {id=3, width=2560, height=1080, fps=30.000002, alternativeRefreshRates=[45.0, 60.000004]}], colorMode 0, supportedColorModes [0], hdrCapabilities HdrCapabilities{mSupportedHdrTypes=[2, 3, 4], mMaxLuminance=500.0, mMaxAverageLuminance=500.0, mMinLuminance=0.0}, allmSupported false, gameContentTypeSupported false, density 240, 320.315 x 318.976 dpi, appVsyncOff 1000000, presDeadline 16666666, touch INTERNAL, rotation 0, type INTERNAL, address {port=129, model=0x40446d97fee5e6}, deviceProductInfo DeviceProductInfo{name=, manufacturerPnpId=QCM, productId=1, modelYear=null, manufactureDate=ManufactureDate{week=27, year=2006}, connectionToSinkType=0}, state ON, frameRateOverride , brightnessMinimum 0.0, brightnessMaximum 1.0, brightnessDefault 1.0, FLAG_DEFAULT_DISPLAY, FLAG_ROTATES_WITH_CONTENT, FLAG_SECURE, FLAG_SUPPORTS_PROTECTED_BUFFERS}
07-21 16:35:02.330 1563 1817 D PowerManagerService: acquireWakeLockInternal: lock=104154948, flags=0x1, tag="*alarm*", ws=WorkSource{1000}, uid=1000, pid=1563
07-21 16:35:02.331 1563 1817 D PowerManagerService: updateWakeLockSummaryLocked: mWakefulness=Awake, mWakeLockSummary=0x1
07-21 16:35:02.331 1563 1817 D PowerManagerService: updateUserActivitySummaryLocked: groupId=0, mWakefulness=Awake, mUserActivitySummary=0x1, nextTimeout=4149080 (in 59778 ms)
07-21 16:35:02.331 1563 1817 D PowerManagerNotifier: onScreenPolicyUpdate: newPolicy=3
07-21 16:35:02.331 1563 1817 D PowerManagerService: updateDisplayPowerStateLocked: displayReady=true, groupId=0, policy=BRIGHT, mWakefulness=Awake, mWakeLockSummary=0x1, mUserActivitySummary=0x1, mBootCompleted=true, screenBrightnessOverride=NaN, useAutoBrightness=false, mScreenBrightnessBoostInProgress=false, mIsVrModeEnabled= false, sQuiescent=false
07-21 16:35:02.331 1563 1817 D PowerManagerService: Acquiring suspend blocker "PowerManagerService.WakeLocks".
07-21 16:35:02.333 1563 1817 D PowerManagerNotifier: onWakeLockAcquired: flags=1, tag="*alarm*", packageName=android, ownerUid=1000, ownerPid=1563, workSource=WorkSource{1000}
07-21 16:35:02.335 1563 1848 D PowerManagerService: releaseWakeLockInternal: lock=104154948 [*alarm*], flags=0x0
07-21 16:35:02.335 1563 1848 D PowerManagerNotifier: onWakeLockReleased: flags=1, tag="*alarm*", packageName=android, ownerUid=1000, ownerPid=1563, workSource=WorkSource{1000}
07-21 16:35:02.335 1563 1848 D PowerManagerService: updateWakeLockSummaryLocked: mWakefulness=Awake, mWakeLockSummary=0x0
07-21 16:35:02.335 1563 1848 D PowerManagerService: updateUserActivitySummaryLocked: groupId=0, mWakefulness=Awake, mUserActivitySummary=0x1, nextTimeout=4149080 (in 59774 ms)
07-21 16:35:02.335 1563 1848 D PowerManagerNotifier: onScreenPolicyUpdate: newPolicy=3
07-21 16:35:02.335 1563 1848 D PowerManagerService: updateDisplayPowerStateLocked: displayReady=true, groupId=0, policy=BRIGHT, mWakefulness=Awake, mWakeLockSummary=0x0, mUserActivitySummary=0x1, mBootCompleted=true, screenBrightnessOverride=NaN, useAutoBrightness=false, mScreenBrightnessBoostInProgress=false, mIsVrModeEnabled= false, sQuiescent=false
07-21 16:35:02.335 1563 1848 D PowerManagerService: Releasing suspend blocker "PowerManagerService.WakeLocks".
07-21 16:35:02.357 1563 1815 I commit_sys_config_file: [settings-1-0,10]
07-21 16:35:02.396 0 0 I : [ 4089.364472] atmel_mxt_ts 0-004a: Enter resume
07-21 16:35:02.514 1563 1826 D PowerManagerService: userActivityNoUpdateLocked: groupId=0, eventTime=4089484, event=2, flags=0x0, uid=1000
07-21 16:35:02.515 1563 1826 D PowerManagerNotifier: onUserActivity: event=2, uid=1000
07-21 16:35:02.515 1563 1826 D PowerManagerService: updateUserActivitySummaryLocked: groupId=0, mWakefulness=Awake, mUserActivitySummary=0x1, nextTimeout=4149484 (in 59998 ms)
07-21 16:35:02.515 1563 1826 D PowerManagerNotifier: onScreenPolicyUpdate: newPolicy=3
07-21 16:35:02.515 1563 1826 D PowerManagerService: updateDisplayPowerStateLocked: displayReady=true, groupId=0, policy=BRIGHT, mWakefulness=Awake, mWakeLockSummary=0x0, mUserActivitySummary=0x1, mBootCompleted=true, screenBrightnessOverride=NaN, useAutoBrightness=false, mScreenBrightnessBoostInProgress=false, mIsVrModeEnabled= false, sQuiescent=false
07-21 16:35:02.616 1563 1826 D PowerManagerService: userActivityNoUpdateLocked: groupId=0, eventTime=4089587, event=2, flags=0x0, uid=1000
07-21 16:35:02.617 1563 1826 D PowerManagerNotifier: onUserActivity: event=2, uid=1000
07-21 16:35:02.617 1563 1826 D PowerManagerService: updateUserActivitySummaryLocked: groupId=0, mWakefulness=Awake, mUserActivitySummary=0x1, nextTimeout=4149587 (in 59999 ms)
07-21 16:35:02.617 1563 1826 D PowerManagerNotifier: onScreenPolicyUpdate: newPolicy=3
07-21 16:35:02.617 1563 1826 D PowerManagerService: updateDisplayPowerStateLocked: displayReady=true, groupId=0, policy=BRIGHT, mWakefulness=Awake, mWakeLockSummary=0x0, mUserActivitySummary=0x1, mBootCompleted=true, screenBrightnessOverride=NaN, useAutoBrightness=false, mScreenBrightnessBoostInProgress=false, mIsVrModeEnabled= false, sQuiescent=false
07-21 16:35:03.149 1563 10016 W ActivityManager: Background start not allowed: service Intent { cmp=com.bilibili.bilithings/com.bilibili.lib.neuron.internal.NeuronLocalService (has extras) } to com.bilibili.bilithings/com.bilibili.lib.neuron.internal.NeuronLocalService from pid=19218 uid=10024 pkg=com.bilibili.bilithings startFg?=false
07-21 16:35:03.366 1563 1826 D PowerManagerService: userActivityNoUpdateLocked: groupId=0, eventTime=4090336, event=2, flags=0x0, uid=1000
07-21 16:35:03.366 1563 1826 D PowerManagerNotifier: onUserActivity: event=2, uid=1000
07-21 16:35:03.366 1563 1826 D PowerManagerService: updateUserActivitySummaryLocked: groupId=0, mWakefulness=Awake, mUserActivitySummary=0x1, nextTimeout=4150336 (in 59998 ms)
07-21 16:35:03.366 1563 1826 D PowerManagerNotifier: onScreenPolicyUpdate: newPolicy=3
07-21 16:35:03.366 1563 1826 D PowerManagerService: updateDisplayPowerStateLocked: displayReady=true, groupId=0, policy=BRIGHT, mWakefulness=Awake, mWakeLockSummary=0x0, mUserActivitySummary=0x1, mBootCompleted=true, screenBrightnessOverride=NaN, useAutoBrightness=false, mScreenBrightnessBoostInProgress=false, mIsVrModeEnabled= false, sQuiescent=false
07-21 16:35:03.467 1563 1826 D PowerManagerService: userActivityNoUpdateLocked: groupId=0, eventTime=4090438, event=2, flags=0x0, uid=1000
07-21 16:35:03.467 1563 1826 D PowerManagerNotifier: onUserActivity: event=2, uid=1000
07-21 16:35:03.468 1563 1826 D PowerManagerService: updateUserActivitySummaryLocked: groupId=0, mWakefulness=Awake, mUserActivitySummary=0x1, nextTimeout=4150438 (in 59999 ms)
07-21 16:35:03.468 1563 1826 D PowerManagerNotifier: onScreenPolicyUpdate: newPolicy=3
07-21 16:35:03.468 1563 1826 D PowerManagerService: updateDisplayPowerStateLocked: displayReady=true, groupId=0, policy=BRIGHT, mWakefulness=Awake, mWakeLockSummary=0x0, mUserActivitySummary=0x1, mBootCompleted=true, screenBrightnessOverride=NaN, useAutoBrightness=false, mScreenBrightnessBoostInProgress=false, mIsVrModeEnabled= false, sQuiescent=false
07-21 16:35:03.867 1563 1826 D PowerManagerService: userActivityNoUpdateLocked: groupId=0, eventTime=4090837, event=2, flags=0x0, uid=1000
07-21 16:35:03.867 1563 1826 D PowerManagerNotifier: onUserActivity: event=2, uid=1000
07-21 16:35:03.867 1563 1826 D PowerManagerService: updateUserActivitySummaryLocked: groupId=0, mWakefulness=Awake, mUserActivitySummary=0x1, nextTimeout=4150837 (in 59998 ms)
07-21 16:35:03.867 1563 1826 D PowerManagerNotifier: onScreenPolicyUpdate: newPolicy=3
07-21 16:35:03.867 1563 1826 D PowerManagerService: updateDisplayPowerStateLocked: displayReady=true, groupId=0, policy=BRIGHT, mWakefulness=Awake, mWakeLockSummary=0x0, mUserActivitySummary=0x1, mBootCompleted=true, screenBrightnessOverride=NaN, useAutoBrightness=false, mScreenBrightnessBoostInProgress=false, mIsVrModeEnabled= false, sQuiescent=false
07-21 16:35:04.321 1563 1826 D PowerManagerService: userActivityNoUpdateLocked: groupId=0, eventTime=4091291, event=2, flags=0x0, uid=1000
07-21 16:35:04.322 1563 1826 D PowerManagerNotifier: onUserActivity: event=2, uid=1000
07-21 16:35:04.322 1563 1826 D PowerManagerService: updateUserActivitySummaryLocked: groupId=0, mWakefulness=Awake, mUserActivitySummary=0x1, nextTimeout=4151291 (in 59998 ms)
07-21 16:35:04.322 1563 1826 D PowerManagerNotifier: onScreenPolicyUpdate: newPolicy=3
07-21 16:35:04.322 1563 1826 D PowerManagerService: updateDisplayPowerStateLocked: displayReady=true, groupId=0, policy=BRIGHT, mWakefulness=Awake, mWakeLockSummary=0x0, mUserActivitySummary=0x1, mBootCompleted=true, screenBrightnessOverride=NaN, useAutoBrightness=false, mScreenBrightnessBoostInProgress=false, mIsVrModeEnabled= false, sQuiescent=false
07-21 16:35:04.734 1563 1826 D PowerManagerService: userActivityNoUpdateLocked: groupId=0, eventTime=4091704, event=2, flags=0x0, uid=1000
07-21 16:35:04.734 1563 1826 D PowerManagerNotifier: onUserActivity: event=2, uid=1000
07-21 16:35:04.734 1563 1826 D PowerManagerService: updateUserActivitySummaryLocked: groupId=0, mWakefulness=Awake, mUserActivitySummary=0x1, nextTimeout=4151704 (in 59998 ms)
07-21 16:35:04.734 1563 1826 D PowerManagerNotifier: onScreenPolicyUpdate: newPolicy=3
07-21 16:35:04.735 1563 1826 D PowerManagerService: updateDisplayPowerStateLocked: displayReady=true, groupId=0, policy=BRIGHT, mWakefulness=Awake, mWakeLockSummary=0x0, mUserActivitySummary=0x1, mBootCompleted=true, screenBrightnessOverride=NaN, useAutoBrightness=false, mScreenBrightnessBoostInProgress=false, mIsVrModeEnabled= false, sQuiescent=false
07-21 16:35:04.944 1563 1563 W WindowManager: removeWindowToken: Attempted to remove non-existing token: android.os.Binder@79ed6d
07-21 16:35:05.531 1563 1826 D PowerManagerService: userActivityNoUpdateLocked: groupId=0, eventTime=4092501, event=2, flags=0x0, uid=1000
07-21 16:35:05.531 1563 1826 D PowerManagerNotifier: onUserActivity: event=2, uid=1000
07-21 16:35:05.532 1563 1826 D PowerManagerService: updateUserActivitySummaryLocked: groupId=0, mWakefulness=Awake, mUserActivitySummary=0x1, nextTimeout=4152501 (in 59998 ms)
07-21 16:35:05.532 1563 1826 D PowerManagerNotifier: onScreenPolicyUpdate: newPolicy=3
07-21 16:35:05.532 1563 1826 D PowerManagerService: updateDisplayPowerStateLocked: displayReady=true, groupId=0, policy=BRIGHT, mWakefulness=Awake, mWakeLockSummary=0x0, mUserActivitySummary=0x1, mBootCompleted=true, screenBrightnessOverride=NaN, useAutoBrightness=false, mScreenBrightnessBoostInProgress=false, mIsVrModeEnabled= false, sQuiescent=false
07-21 16:35:05.640 1563 1826 D PowerManagerService: userActivityNoUpdateLocked: groupId=0, eventTime=4092611, event=2, flags=0x0, uid=1000
07-21 16:35:05.640 1563 1826 D PowerManagerNotifier: onUserActivity: event=2, uid=1000
07-21 16:35:05.640 1563 1826 D PowerManagerService: updateUserActivitySummaryLocked: groupId=0, mWakefulness=Awake, mUserActivitySummary=0x1, nextTimeout=4152611 (in 59999 ms)
07-21 16:35:05.640 1563 1826 D PowerManagerNotifier: onScreenPolicyUpdate: newPolicy=3
07-21 16:35:05.640 1563 1826 D PowerManagerService: updateDisplayPowerStateLocked: displayReady=true, groupId=0, policy=BRIGHT, mWakefulness=Awake, mWakeLockSummary=0x0, mUserActivitySummary=0x1, mBootCompleted=true, screenBrightnessOverride=NaN, useAutoBrightness=false, mScreenBrightnessBoostInProgress=false, mIsVrModeEnabled= false, sQuiescent=false
07-21 16:35:05.740 1563 1826 D PowerManagerService: userActivityNoUpdateLocked: groupId=0, eventTime=4092711, event=2, flags=0x0, uid=1000
07-21 16:35:05.740 1563 1826 D PowerManagerNotifier: onUserActivity: event=2, uid=1000
07-21 16:35:05.740 1563 1826 D PowerManagerService: updateUserActivitySummaryLocked: groupId=0, mWakefulness=Awake, mUserActivitySummary=0x1, nextTimeout=4152711 (in 59999 ms)
07-21 16:35:05.740 1563 1826 D PowerManagerNotifier: onScreenPolicyUpdate: newPolicy=3
07-21 16:35:05.740 1563 1826 D PowerManagerService: updateDisplayPowerStateLocked: displayReady=true, groupId=0, policy=BRIGHT, mWakefulness=Awake, mWakeLockSummary=0x0, mUserActivitySummary=0x1, mBootCompleted=true, screenBrightnessOverride=NaN, useAutoBrightness=false, mScreenBrightnessBoostInProgress=false, mIsVrModeEnabled= false, sQuiescent=false
07-21 16:35:05.840 1563 1826 D PowerManagerService: userActivityNoUpdateLocked: groupId=0, eventTime=4092812, event=2, flags=0x0, uid=1000
07-21 16:35:05.840 1563 1826 D PowerManagerNotifier: onUserActivity: event=2, uid=1000
07-21 16:35:05.841 1563 1826 D PowerManagerService: updateUserActivitySummaryLocked: groupId=0, mWakefulness=Awake, mUserActivitySummary=0x1, nextTimeout=4152812 (in 60000 ms)
07-21 16:35:05.841 1563 1826 D PowerManagerNotifier: onScreenPolicyUpdate: newPolicy=3
07-21 16:35:05.841 1563 1826 D PowerManagerService: updateDisplayPowerStateLocked: displayReady=true, groupId=0, policy=BRIGHT, mWakefulness=Awake, mWakeLockSummary=0x0, mUserActivitySummary=0x1, mBootCompleted=true, screenBrightnessOverride=NaN, useAutoBrightness=false, mScreenBrightnessBoostInProgress=false, mIsVrModeEnabled= false, sQuiescent=false
07-21 16:35:05.951 1563 1826 D PowerManagerService: userActivityNoUpdateLocked: groupId=0, eventTime=4092922, event=2, flags=0x0, uid=1000
07-21 16:35:05.951 1563 1826 D PowerManagerNotifier: onUserActivity: event=2, uid=1000
07-21 16:35:05.951 1563 1826 D PowerManagerService: updateUserActivitySummaryLocked: groupId=0, mWakefulness=Awake, mUserActivitySummary=0x1, nextTimeout=4152922 (in 60000 ms)
07-21 16:35:05.951 1563 1826 D PowerManagerNotifier: onScreenPolicyUpdate: newPolicy=3
07-21 16:35:05.951 1563 1826 D PowerManagerService: updateDisplayPowerStateLocked: displayReady=true, groupId=0, policy=BRIGHT, mWakefulness=Awake, mWakeLockSummary=0x0, mUserActivitySummary=0x1, mBootCompleted=true, screenBrightnessOverride=NaN, useAutoBrightness=false, mScreenBrightnessBoostInProgress=false, mIsVrModeEnabled= false, sQuiescent=false
07-21 16:35:06.340 1563 1826 D PowerManagerService: userActivityNoUpdateLocked: groupId=0, eventTime=4093310, event=2, flags=0x0, uid=1000
07-21 16:35:06.340 1563 1826 D PowerManagerNotifier: onUserActivity: event=2, uid=1000
07-21 16:35:06.340 1563 1826 D PowerManagerService: updateUserActivitySummaryLocked: groupId=0, mWakefulness=Awake, mUserActivitySummary=0x1, nextTimeout=4153310 (in 59998 ms)
07-21 16:35:06.340 1563 1826 D PowerManagerNotifier: onScreenPolicyUpdate: newPolicy=3
07-21 16:35:06.340 1563 1826 D PowerManagerService: updateDisplayPowerStateLocked: displayReady=true, groupId=0, policy=BRIGHT, mWakefulness=Awake, mWakeLockSummary=0x0, mUserActivitySummary=0x1, mBootCompleted=true, screenBrightnessOverride=NaN, useAutoBrightness=false, mScreenBrightnessBoostInProgress=false, mIsVrModeEnabled= false, sQuiescent=false
07-21 16:35:06.365 1563 10016 D FreeFormWindowHelper: Current Display FreeFormTask is null
07-21 16:35:06.365 1563 10016 D FreeFormWindowHelper: Current Display FreeFormTask is null
07-21 16:35:06.386 1563 10016 D FreeFormWindowHelper: Current Display FreeFormTask is null
07-21 16:35:06.386 1563 10016 D FreeFormWindowHelper: Current Display FreeFormTask is null
07-21 16:35:06.387 1563 1687 D AutofillManagerService: Close system dialogs
07-21 16:35:06.387 2587 2587 I view_enqueue_input_event: [Motion - Cancel,com.android.launcher3/com.android.launcher3.uioverrides.QuickstepLauncher]
07-21 16:35:06.387 1563 26128 D FreeFormWindowHelper: Current Display FreeFormTask is null
07-21 16:35:06.388 1563 10016 D FreeFormWindowHelper: Current Display FreeFormTask is null
07-21 16:35:06.389 1563 15393 D FreeFormWindowHelper: Current Display FreeFormTask is null
07-21 16:35:06.389 1563 10016 D FreeFormWindowHelper: Current Display FreeFormTask is null
07-21 16:35:06.393 1563 1826 I input_interaction: Interaction with: edge-swipe (server), swipe-up (server), PointerEventDispatcher0 (server),
07-21 16:35:06.395 1563 15393 W ActivityTaskManager: getTaskSnapshot: taskId=60 not found
07-21 16:35:06.396 1563 10016 D FreeFormWindowHelper: Current Display FreeFormTask is null
07-21 16:35:06.396 1563 10016 D FreeFormWindowHelper: Current Display FreeFormTask is null
07-21 16:35:06.398 1563 24291 W ActivityTaskManager: getTaskSnapshot: taskId=60 not found
07-21 16:35:06.399 1563 24291 W ActivityTaskManager: getTaskSnapshot: taskId=60 not found
07-21 16:35:06.399 1563 24291 W ActivityTaskManager: getTaskSnapshot: taskId=60 not found
07-21 16:35:06.441 1563 1826 D PowerManagerService: userActivityNoUpdateLocked: groupId=0, eventTime=4093412, event=2, flags=0x0, uid=1000
07-21 16:35:06.441 1563 1826 D PowerManagerNotifier: onUserActivity: event=2, uid=1000
07-21 16:35:06.441 1563 1826 D PowerManagerService: updateUserActivitySummaryLocked: groupId=0, mWakefulness=Awake, mUserActivitySummary=0x1, nextTimeout=4153412 (in 60000 ms)
07-21 16:35:06.441 1563 1826 D PowerManagerNotifier: onScreenPolicyUpdate: newPolicy=3
07-21 16:35:06.441 1563 1826 D PowerManagerService: updateDisplayPowerStateLocked: displayReady=true, groupId=0, policy=BRIGHT, mWakefulness=Awake, mWakeLockSummary=0x0, mUserActivitySummary=0x1, mBootCompleted=true, screenBrightnessOverride=NaN, useAutoBrightness=false, mScreenBrightnessBoostInProgress=false, mIsVrModeEnabled= false, sQuiescent=false
07-21 16:35:06.541 1563 1826 D PowerManagerService: userActivityNoUpdateLocked: groupId=0, eventTime=4093512, event=2, flags=0x0, uid=1000
07-21 16:35:06.541 1563 1826 D PowerManagerNotifier: onUserActivity: event=2, uid=1000
07-21 16:35:06.541 1563 1826 D PowerManagerService: updateUserActivitySummaryLocked: groupId=0, mWakefulness=Awake, mUserActivitySummary=0x1, nextTimeout=4153512 (in 59999 ms)
07-21 16:35:06.541 1563 1826 D PowerManagerNotifier: onScreenPolicyUpdate: newPolicy=3
07-21 16:35:06.541 1563 1826 D PowerManagerService: updateDisplayPowerStateLocked: displayReady=true, groupId=0, policy=BRIGHT, mWakefulness=Awake, mWakeLockSummary=0x0, mUserActivitySummary=0x1, mBootCompleted=true, screenBrightnessOverride=NaN, useAutoBrightness=false, mScreenBrightnessBoostInProgress=false, mIsVrModeEnabled= false, sQuiescent=false
07-21 16:35:06.566 1563 19335 D PowerManagerService: acquireWakeLockInternal: lock=258260044, flags=0x1, tag="*vibrator*", ws=WorkSource{10079}, uid=1000, pid=1563
07-21 16:35:06.566 1563 19335 D PowerManagerService: updateWakeLockSummaryLocked: mWakefulness=Awake, mWakeLockSummary=0x1
07-21 16:35:06.566 1563 19335 D PowerManagerService: updateUserActivitySummaryLocked: groupId=0, mWakefulness=Awake, mUserActivitySummary=0x1, nextTimeout=4153512 (in 59974 ms)
07-21 16:35:06.566 1563 19335 D PowerManagerNotifier: onScreenPolicyUpdate: newPolicy=3
07-21 16:35:06.566 1563 19335 D PowerManagerService: updateDisplayPowerStateLocked: displayReady=true, groupId=0, policy=BRIGHT, mWakefulness=Awake, mWakeLockSummary=0x1, mUserActivitySummary=0x1, mBootCompleted=true, screenBrightnessOverride=NaN, useAutoBrightness=false, mScreenBrightnessBoostInProgress=false, mIsVrModeEnabled= false, sQuiescent=false
07-21 16:35:06.566 1563 19335 D PowerManagerService: Acquiring suspend blocker "PowerManagerService.WakeLocks".
07-21 16:35:06.567 1563 19335 D PowerManagerNotifier: onWakeLockAcquired: flags=1, tag="*vibrator*", packageName=android, ownerUid=1000, ownerPid=1563, workSource=WorkSource{10079}
07-21 16:35:06.572 1563 1815 I commit_sys_config_file: [settings-1-0,7]
07-21 16:35:06.628 1563 19335 D PowerManagerService: releaseWakeLockInternal: lock=258260044 [*vibrator*], flags=0x0
07-21 16:35:06.628 1563 19335 D PowerManagerNotifier: onWakeLockReleased: flags=1, tag="*vibrator*", packageName=android, ownerUid=1000, ownerPid=1563, workSource=WorkSource{10079}
07-21 16:35:06.629 1563 19335 D PowerManagerService: updateWakeLockSummaryLocked: mWakefulness=Awake, mWakeLockSummary=0x0
07-21 16:35:06.629 1563 19335 D PowerManagerService: updateUserActivitySummaryLocked: groupId=0, mWakefulness=Awake, mUserActivitySummary=0x1, nextTimeout=4153512 (in 59912 ms)
07-21 16:35:06.629 1563 19335 D PowerManagerNotifier: onScreenPolicyUpdate: newPolicy=3
07-21 16:35:06.629 1563 19335 D PowerManagerService: updateDisplayPowerStateLocked: displayReady=true, groupId=0, policy=BRIGHT, mWakefulness=Awake, mWakeLockSummary=0x0, mUserActivitySummary=0x1, mBootCompleted=true, screenBrightnessOverride=NaN, useAutoBrightness=false, mScreenBrightnessBoostInProgress=false, mIsVrModeEnabled= false, sQuiescent=false
07-21 16:35:06.629 1563 19335 D PowerManagerService: Releasing suspend blocker "PowerManagerService.WakeLocks".
07-21 16:35:06.630 1563 21026 D FreeFormWindowHelper: Current Display FreeFormTask is null
07-21 16:35:06.630 1563 21026 D FreeFormWindowHelper: Current Display FreeFormTask is null
07-21 16:35:06.647 1563 19837 D FreeFormWindowHelper: Current Display FreeFormTask is null
07-21 16:35:06.647 1563 21009 D FreeFormWindowHelper: Current Display FreeFormTask is null
07-21 16:35:06.664 1563 19837 D FreeFormWindowHelper: Current Display FreeFormTask is null
07-21 16:35:06.664 1563 19837 D FreeFormWindowHelper: Current Display FreeFormTask is null
07-21 16:35:06.681 1563 15393 D FreeFormWindowHelper: Current Display FreeFormTask is null
07-21 16:35:06.681 1563 15393 D FreeFormWindowHelper: Current Display FreeFormTask is null
07-21 16:35:06.697 1563 19837 D FreeFormWindowHelper: Current Display FreeFormTask is null
07-21 16:35:06.698 1563 26128 D FreeFormWindowHelper: Current Display FreeFormTask is null
07-21 16:35:06.718 1563 26128 D FreeFormWindowHelper: Current Display FreeFormTask is null
07-21 16:35:06.718 1563 26128 D FreeFormWindowHelper: Current Display FreeFormTask is null
07-21 16:35:06.733 1563 21026 D FreeFormWindowHelper: Current Display FreeFormTask is null
07-21 16:35:06.733 1563 21026 D FreeFormWindowHelper: Current Display FreeFormTask is null
07-21 16:35:06.749 1563 26128 D FreeFormWindowHelper: Current Display FreeFormTask is null
07-21 16:35:06.750 1563 21009 D FreeFormWindowHelper: Current Display FreeFormTask is null
07-21 16:35:06.766 1563 26128 D FreeFormWindowHelper: Current Display FreeFormTask is null
07-21 16:35:06.766 1563 21009 D FreeFormWindowHelper: Current Display FreeFormTask is null
07-21 16:35:06.783 1563 26128 D FreeFormWindowHelper: Current Display FreeFormTask is null
07-21 16:35:06.783 1563 26128 D FreeFormWindowHelper: Current Display FreeFormTask is null
07-21 16:35:06.799 1563 21009 D FreeFormWindowHelper: Current Display FreeFormTask is null
07-21 16:35:06.799 1563 19837 D FreeFormWindowHelper: Current Display FreeFormTask is null
07-21 16:35:06.815 1563 15393 D FreeFormWindowHelper: Current Display FreeFormTask is null
07-21 16:35:06.815 1563 21009 D FreeFormWindowHelper: Current Display FreeFormTask is null
07-21 16:35:06.831 1563 15393 D FreeFormWindowHelper: Current Display FreeFormTask is null
07-21 16:35:06.832 1563 15393 D FreeFormWindowHelper: Current Display FreeFormTask is null
07-21 16:35:06.833 1563 1815 I commit_sys_config_file: [settings-1-0,7]
07-21 16:35:06.848 1563 21026 D FreeFormWindowHelper: Current Display FreeFormTask is null
07-21 16:35:06.848 1563 21026 D FreeFormWindowHelper: Current Display FreeFormTask is null
07-21 16:35:06.865 1563 24291 D FreeFormWindowHelper: Current Display FreeFormTask is null
07-21 16:35:06.865 1563 24291 D FreeFormWindowHelper: Current Display FreeFormTask is null
07-21 16:35:06.882 1563 19837 D FreeFormWindowHelper: Current Display FreeFormTask is null
07-21 16:35:06.883 1563 24291 D FreeFormWindowHelper: Current Display FreeFormTask is null
07-21 16:35:06.899 1563 21017 D FreeFormWindowHelper: Current Display FreeFormTask is null
07-21 16:35:06.899 1563 21026 D FreeFormWindowHelper: Current Display FreeFormTask is null
07-21 16:35:06.916 1563 21026 D FreeFormWindowHelper: Current Display FreeFormTask is null
07-21 16:35:06.916 1563 21017 D FreeFormWindowHelper: Current Display FreeFormTask is null
07-21 16:35:06.933 1563 21017 D FreeFormWindowHelper: enterRecentTasks
07-21 16:35:06.933 1563 21017 D FreeFormWindowHelper: Current Display FreeFormTask is null
07-21 16:35:06.934 1563 21017 D FreeFormWindowHelper: Current Display FreeFormTask is null
07-21 16:35:06.934 1563 21017 D FreeFormWindowHelper: Current Display FreeFormTask is null
07-21 16:35:06.934 1563 19837 D FreeFormWindowHelper: Current Display FreeFormTask is null
07-21 16:35:06.947 1563 21017 D FreeFormWindowHelper: Current Display FreeFormTask is null
07-21 16:35:06.947 1563 21026 D FreeFormWindowHelper: Current Display FreeFormTask is null
07-21 16:35:07.291 1563 1826 I input_interaction: Interaction with: 28c4f40 com.android.launcher3/com.android.launcher3.uioverrides.QuickstepLauncher (server), c461ca2 com.android.systemui.ImageWallpaper (server), edge-swipe (server), swipe-up (server), PointerEventDispatcher0 (server),
07-21 16:35:07.292 1563 1826 D PowerManagerService: userActivityNoUpdateLocked: groupId=0, eventTime=4094262, event=2, flags=0x0, uid=1000
07-21 16:35:07.292 1563 1826 D PowerManagerNotifier: onUserActivity: event=2, uid=1000
07-21 16:35:07.292 1563 1826 D PowerManagerService: updateUserActivitySummaryLocked: groupId=0, mWakefulness=Awake, mUserActivitySummary=0x1, nextTimeout=4154262 (in 59998 ms)
07-21 16:35:07.292 1563 1826 D PowerManagerNotifier: onScreenPolicyUpdate: newPolicy=3
07-21 16:35:07.292 1563 1826 D PowerManagerService: updateDisplayPowerStateLocked: displayReady=true, groupId=0, policy=BRIGHT, mWakefulness=Awake, mWakeLockSummary=0x0, mUserActivitySummary=0x1, mBootCompleted=true, screenBrightnessOverride=NaN, useAutoBrightness=false, mScreenBrightnessBoostInProgress=false, mIsVrModeEnabled= false, sQuiescent=false
07-21 16:35:07.357 1563 21017 D FreeFormWindowHelper: recentTask : null
07-21 16:35:07.357 1563 21017 I wm_task_moved: [1,1,7]
07-21 16:35:07.358 1563 1862 I storage_state: [41217664-9172-527a-b3d5-edabb50a7d69,0,0,105469468672,118610538496]
07-21 16:35:07.358 1563 21017 I wm_set_resumed_activity: [0,com.android.launcher3/.uioverrides.QuickstepLauncher,positionChildAt]
07-21 16:35:07.358 1563 21017 I wm_task_moved: [77,1,7]
07-21 16:35:07.358 1563 21017 I wm_task_to_front: [0,77]
07-21 16:35:07.359 1563 21017 I wm_focused_root_task: [0,0,77,1,moveTaskToFront findTaskToMoveToFront]
07-21 16:35:07.359 1563 21017 I wm_set_resumed_activity: [0,com.tencent.tmgp.sgame/.SGameActivity,moveTaskToFront findTaskToMoveToFront]
07-21 16:35:07.361 1563 21017 I wm_pause_activity: [0,51676365,com.android.launcher3/.uioverrides.QuickstepLauncher,userLeaving=true,pauseBackTasks]
07-21 16:35:07.361 1563 21017 D PowerManagerService: acquireWakeLockInternal: lock=195562495, flags=0x1, tag="*launch*", ws=WorkSource{10110}, uid=1000, pid=1563
07-21 16:35:07.361 1563 21017 D PowerManagerService: updateWakeLockSummaryLocked: mWakefulness=Awake, mWakeLockSummary=0x1
07-21 16:35:07.361 1563 21017 D PowerManagerService: updateUserActivitySummaryLocked: groupId=0, mWakefulness=Awake, mUserActivitySummary=0x1, nextTimeout=4154262 (in 59929 ms)
07-21 16:35:07.361 1563 21017 D PowerManagerNotifier: onScreenPolicyUpdate: newPolicy=3
07-21 16:35:07.361 1563 21017 D PowerManagerService: updateDisplayPowerStateLocked: displayReady=true, groupId=0, policy=BRIGHT, mWakefulness=Awake, mWakeLockSummary=0x1, mUserActivitySummary=0x1, mBootCompleted=true, screenBrightnessOverride=NaN, useAutoBrightness=false, mScreenBrightnessBoostInProgress=false, mIsVrModeEnabled= false, sQuiescent=false
07-21 16:35:07.361 1563 21017 D PowerManagerService: Acquiring suspend blocker "PowerManagerService.WakeLocks".
07-21 16:35:07.362 1563 21017 D PowerManagerNotifier: onWakeLockAcquired: flags=1, tag="*launch*", packageName=android, ownerUid=1000, ownerPid=1563, workSource=WorkSource{10110}
07-21 16:35:07.363 1563 21017 I ActivityTaskManager: addStartingWindow startWindow type:1
07-21 16:35:07.365 1927 2150 D PhoneStartingWindowTypeAlgorithm: preferredStartingWindowType newTask:false taskSwitch:true processRunning:true allowTaskSnapshot:true activityCreated:true useEmptySplashScreen:false legacySplashScreen:false topIsHome:false
07-21 16:35:07.365 1927 2150 D PhoneStartingWindowTypeAlgorithm: isSnapshotCompatible rotation 0 snapshot 0
