07-21 16:03:58.711 16847 16847 I auditd : type=1400 audit(0.0:13079): avc: granted { execute } for comm="ia.phoenix2:aid" path="/data/user/0/com.wandoujia.phoenix2/storage/afu_base_dir/versions/1/lib/arm/libmmkv.so" dev="dm-13" ino=184064 scontext=u:r:untrusted_app_27:s0:c512,c768 tcontext=u:object_r:app_data_file:s0:c512,c768 tclass=file app=com.wandoujia.phoenix2
07-21 16:03:59.143 16847 16847 I auditd : type=1400 audit(0.0:13080): avc: granted { execute } for comm="ia.phoenix2:aid" path="/data/user/0/com.wandoujia.phoenix2/storage/afu_base_dir/versions/1/lib/arm/libsgmainso-6.5.97.so" dev="dm-13" ino=183897 scontext=u:r:untrusted_app_27:s0:c512,c768 tcontext=u:object_r:app_data_file:s0:c512,c768 tclass=file app=com.wandoujia.phoenix2
07-21 16:03:59.163 16847 16847 I auditd : type=1400 audit(0.0:13081): avc: granted { execute } for comm=4173796E635461736B202331 path="/data/user/0/com.wandoujia.phoenix2/storage/afu_base_dir/versions/1/lib/arm/libc++_shared.so" dev="dm-13" ino=182158 scontext=u:r:untrusted_app_27:s0:c512,c768 tcontext=u:object_r:app_data_file:s0:c512,c768 tclass=file app=com.wandoujia.phoenix2
07-21 16:03:59.163 16847 16847 I auditd : type=1400 audit(0.0:13082): avc: granted { execute } for comm=4173796E635461736B202331 path="/data/user/0/com.wandoujia.phoenix2/storage/afu_base_dir/versions/1/lib/arm/libpexwebp.so" dev="dm-13" ino=184153 scontext=u:r:untrusted_app_27:s0:c512,c768 tcontext=u:object_r:app_data_file:s0:c512,c768 tclass=file app=com.wandoujia.phoenix2
07-21 16:03:59.167 16847 16847 I auditd : type=1400 audit(0.0:13083): avc: granted { execute } for comm=4173796E635461736B202331 path="/data/user/0/com.wandoujia.phoenix2/storage/afu_base_dir/versions/1/lib/arm/libpexgif.so" dev="dm-13" ino=184056 scontext=u:r:untrusted_app_27:s0:c512,c768 tcontext=u:object_r:app_data_file:s0:c512,c768 tclass=file app=com.wandoujia.phoenix2
07-21 16:03:59.171 16847 16847 I auditd : type=1400 audit(0.0:13084): avc: granted { execute } for comm=4173796E635461736B202331 path="/data/user/0/com.wandoujia.phoenix2/storage/afu_base_dir/versions/1/lib/arm/libpexapng.so" dev="dm-13" ino=88342 scontext=u:r:untrusted_app_27:s0:c512,c768 tcontext=u:object_r:app_data_file:s0:c512,c768 tclass=file app=com.wandoujia.phoenix2
07-21 16:03:59.179 16847 16847 I auditd : type=1400 audit(0.0:13085): avc: granted { execute } for comm=4173796E635461736B202331 path="/data/user/0/com.wandoujia.phoenix2/storage/afu_base_dir/versions/1/lib/arm/libpwebp-v7a.so" dev="dm-13" ino=184217 scontext=u:r:untrusted_app_27:s0:c512,c768 tcontext=u:object_r:app_data_file:s0:c512,c768 tclass=file app=com.wandoujia.phoenix2
07-21 16:03:59.183 16847 16847 I auditd : type=1400 audit(0.0:13086): avc: granted { execute } for comm="pool-id-1-threa" path="/data/user/0/com.wandoujia.phoenix2/storage/afu_base_dir/versions/1/lib/arm/libsgsecuritybodyso-6.5.92.so" dev="dm-13" ino=184233 scontext=u:r:untrusted_app_27:s0:c512,c768 tcontext=u:object_r:app_data_file:s0:c512,c768 tclass=file app=com.wandoujia.phoenix2
07-21 16:03:59.199 16847 16847 I auditd : type=1400 audit(0.0:13087): avc: granted { execute } for comm=4173796E635461736B202331 path="/data/user/0/com.wandoujia.phoenix2/storage/afu_base_dir/versions/1/lib/arm/libpexcore.so" dev="dm-13" ino=88316 scontext=u:r:untrusted_app_27:s0:c512,c768 tcontext=u:object_r:app_data_file:s0:c512,c768 tclass=file app=com.wandoujia.phoenix2
07-21 16:03:59.308 0 0 W [ 2226.107992] audit: audit_lost=10053 audit_rate_limit=5 audit_backlog_limit=64
07-21 16:03:59.309 0 0 E [ 2226.107998] audit: rate limit exceeded
07-21 16:03:59.415 1563 2064 I am_kill : [0,16847,com.wandoujia.phoenix2:aid,905,empty #2]
07-21 16:03:59.467 0 0 I [ 2226.266434] binder: undelivered TRANSACTION_COMPLETE
07-21 16:03:59.467 0 0 I [ 2226.266445] binder: undelivered transaction 1648732, process died.
07-21 16:03:59.467 1563 2064 I am_proc_died: [0,16847,com.wandoujia.phoenix2:aid,905,19]
07-21 16:03:59.468 1563 2064 I am_uid_stopped: 10117
07-21 16:03:59.616 0 0 I [ 2226.414650] init: processing action (sys.tlog.tlogdshc.active=1) from (/system/etc/init/tlogd.rc:198)
07-21 16:03:59.616 0 0 I [ 2226.415632] init: starting service 'tlogdshc'...
07-21 16:03:59.744 0 0 I [ 2226.542105] init: Service 'tlogdshc' (pid 17042) exited with status 0 oneshot service took 0.121000 seconds in background
07-21 16:03:59.744 0 0 I [ 2226.542135] init: Sending signal 9 to service 'tlogdshc' (pid 17042) process group...
07-21 16:03:59.744 0 0 I [ 2226.542327] libprocessgroup: Successfully killed process cgroup uid 0 pid 17042 in 0ms
07-21 16:04:04.432 2399 2399 I force_gc: mem
07-21 16:04:12.195 2388 2388 I force_gc: mem
07-21 16:04:14.981 1563 1827 I intercept_power: [ACTION_DOWN,0,0]
07-21 16:04:14.994 1563 1716 I wm_set_resumed_activity: [0,com.android.settings/.Settings,resumeTopActivityInnerLocked]
07-21 16:04:14.995 1563 1563 I screen_toggled: 1
07-21 16:04:14.999 1563 1716 I wm_resume_activity: [0,65620330,64,com.android.settings/.Settings]
07-21 16:04:14.999 1563 1827 I intercept_power: [ACTION_UP,0,0]
07-21 16:04:15.002 1563 1699 I am_pss : [4031,1000,com.qti.diagservices,42633216,999424,40456192,48517120,0,10,6]
07-21 16:04:15.006 1563 1563 I power_screen_broadcast_send: 1
07-21 16:04:15.006 1563 1716 I sysui_multi_action: [757,1696,758,6,759,3]
07-21 16:04:15.016 0 0 I [ 2241.813801] [drm: dsi_display_set_mode] [msm-dsi-info]: mdp_transfer_time_us=0 us
07-21 16:04:15.016 0 0 I [ 2241.813810] [drm: dsi_display_set_mode] [msm-dsi-info]: hactive= 2560,vactive= 1080,fps=60
07-21 16:04:15.016 0 0 I [ 2241.813910] [drm: dsi_ctrl_isr_configure] [msm-dsi-info]: dsi-ctrl-0: IRQ 385 registered
07-21 16:04:15.016 0 0 W [ 2241.816073] ALERT: changing window size from 20000000 to 16000000 at 2241816050797
07-21 16:04:15.020 21043 21043 I wm_on_restart_called: [65620330,com.android.settings.Settings,performRestartActivity]
07-21 16:04:15.025 21043 21043 I wm_on_start_called: [65620330,com.android.settings.Settings,handleStartActivity]
07-21 16:04:15.026 21043 21043 I snet_event_log: [120484087,-1,]
07-21 16:04:15.026 21043 21043 I wm_on_resume_called: [65620330,com.android.settings.Settings,RESUME_ACTIVITY]
07-21 16:04:15.027 21043 21043 I sysui_multi_action: [757,35,758,1,833,0,1089,0]
07-21 16:04:15.028 21043 21043 I sysui_multi_action: [757,4000,758,1,833,0,1089,0]
07-21 16:04:15.031 21043 21043 I wm_on_top_resumed_gained_called: [65620330,com.android.settings.Settings,topWhenResuming]
07-21 16:04:15.036 1563 1701 I am_proc_start: [0,17084,10104,com.tencent.android.qqdownloader:live,service,{com.tencent.android.qqdownloader/com.tencent.assistant.syscomponent.MediaRouteProviderService2}]
07-21 16:04:15.051 1563 1691 I input_focus: [Focus request 27cf47a com.android.settings/com.android.settings.Settings,reason=UpdateInputWindows]
07-21 16:04:15.070 0 0 I [ 2241.866992] binder: 17084:17084 ioctl 40046210 7ff1724834 returned -22
07-21 16:04:15.070 0 0 I [ 2241.867409] [MAX975X: max96755x_drm_notifier_callback] *INFO* receives BLANK: UNBLANK
07-21 16:04:15.070 1563 1700 I am_wtf : [0,1563,system_server,-1,DisplayDeviceConfig,requesting nits when no mapping exists.]
07-21 16:04:15.075 1563 1700 I am_wtf : [0,1563,system_server,-1,DisplayDeviceConfig,requesting nits when no mapping exists.]
07-21 16:04:15.080 1563 1869 I am_proc_bound: [0,17084,com.tencent.android.qqdownloader:live]
07-21 16:04:15.098 1563 1563 I sysui_multi_action: [757,198,758,1,759,1,1359,89,1694,1]
07-21 16:04:15.098 1563 1563 I power_screen_state: [1,0,0,0,89]
07-21 16:04:15.099 1563 1563 I battery_saving_stats: [0,0,0,45554,0,0,153160,0,0]
07-21 16:04:15.119 1563 1563 I power_screen_broadcast_done: [1,113,1]
07-21 16:04:15.139 17084 17084 I auditd : type=1400 audit(0.0:13097): avc: granted { execute } for comm="downloader:live" path="/data/user/0/com.tencent.android.qqdownloader/files/shell/8_8464130_3768/lib/arm64-v8a/libmmkv.so" dev="dm-13" ino=75340 scontext=u:r:untrusted_app_27:s0:c512,c768 tcontext=u:object_r:app_data_file:s0:c512,c768 tclass=file app=com.tencent.android.qqdownloader
07-21 16:04:15.167 17084 17084 I auditd : type=1400 audit(0.0:13098): avc: granted { execute } for comm="temporary-1" path="/data/user/0/com.tencent.android.qqdownloader/files/shell/8_8464130_3768/lib/arm64-v8a/libmarsxlog.so" dev="dm-13" ino=75339 scontext=u:r:untrusted_app_27:s0:c512,c768 tcontext=u:object_r:app_data_file:s0:c512,c768 tclass=file app=com.tencent.android.qqdownloader
07-21 16:04:15.172 0 0 I [ 2241.970056] binder: 11458:11496 transaction failed 29189/-22, size 352-8 line 3071
07-21 16:04:15.272 0 0 I : [ 2242.068517] atmel_mxt_ts 0-004a: Enter resume
07-21 16:04:15.286 1563 1826 I input_focus: [Focus entering 27cf47a com.android.settings/com.android.settings.Settings (server),reason=Window became focusable. Previous reason: NOT_VISIBLE]
07-21 16:04:15.986 0 0 I : [ 2242.784155] atmel_mxt_ts 0-004a: Report KEY_POWER to wakeup system
07-21 16:04:16.196 1563 1845 I netstats_mobile_sample: [0,0,0,0,0,0,0,0,0,0,0,0,1689926656195]
07-21 16:04:16.196 1563 1845 I netstats_wifi_sample: [4446288,5303,7091008,11589,4446288,5303,7091008,11589,60626624,64990,5672634,10360,1689926656195]
07-21 16:04:16.195 689 689 I auditd : type=1400 audit(0.0:13099): avc: denied { add_name } for comm="Binder:689_4" name="globalAlert" scontext=u:r:netd:s0 tcontext=u:object_r:proc_net:s0 tclass=dir permissive=1
07-21 16:04:20.170 1563 1817 I wm_task_created: [72,-1]
07-21 16:04:20.182 1563 1817 I wm_task_moved: [72,1,7]
07-21 16:04:20.182 1563 1817 I wm_task_to_front: [0,72]
07-21 16:04:20.182 1563 1817 I wm_create_task: [0,72]
07-21 16:04:20.182 1563 1817 I wm_create_activity: [0,5386602,72,com.tencent.android.qqdownloader/com.tencent.qqdownloader.backgroundstart.BackgroundSupportActivity,NULL,NULL,NULL,277020676]
07-21 16:04:20.182 1563 1817 I wm_task_moved: [72,1,7]
07-21 16:04:20.182 21043 21043 I wm_on_top_resumed_lost_called: [65620330,com.android.settings.Settings,topStateChangedWhenResumed]
07-21 16:04:20.184 1563 1817 I wm_restart_activity: [0,5386602,72,com.tencent.android.qqdownloader/com.tencent.qqdownloader.backgroundstart.BackgroundSupportActivity]
07-21 16:04:20.185 1563 1817 I wm_set_resumed_activity: [0,com.tencent.android.qqdownloader/com.tencent.qqdownloader.backgroundstart.BackgroundSupportActivity,minimalResumeActivityLocked]
07-21 16:04:20.187 1563 1869 I wm_new_intent: [0,5386602,72,com.tencent.android.qqdownloader/com.tencent.qqdownloader.backgroundstart.BackgroundSupportActivity,NULL,NULL,NULL,277020676]
07-21 16:04:20.188 1563 1869 I wm_task_moved: [72,1,7]
07-21 16:04:20.188 1563 1869 I wm_set_resumed_activity: [0,com.tencent.android.qqdownloader/com.tencent.qqdownloader.backgroundstart.BackgroundSupportActivity,positionChildAt]
07-21 16:04:20.190 11458 11458 I wm_on_create_called: [5386602,com.tencent.qqdownloader.backgroundstart.BackgroundSupportActivity,performCreate]
07-21 16:04:20.193 11458 11458 I wm_on_start_called: [5386602,com.tencent.qqdownloader.backgroundstart.BackgroundSupportActivity,handleStartActivity]
07-21 16:04:20.194 1563 2231 I wm_task_moved: [72,0,0]
07-21 16:04:20.194 1563 2231 I wm_focused_root_task: [0,0,64,72,moveTaskToBackLocked]
07-21 16:04:20.195 11458 11458 I wm_on_resume_called: [5386602,com.tencent.qqdownloader.backgroundstart.BackgroundSupportActivity,RESUME_ACTIVITY]
07-21 16:04:20.195 1563 1691 I input_focus: [Focus request 27cf47a com.android.settings/com.android.settings.Settings,reason=UpdateInputWindows]
07-21 16:04:20.197 11458 11458 I wm_on_paused_called: [5386602,com.tencent.qqdownloader.backgroundstart.BackgroundSupportActivity,performPause]
07-21 16:04:20.197 11458 11458 I wm_on_resume_called: [5386602,com.tencent.qqdownloader.backgroundstart.BackgroundSupportActivity,LIFECYCLER_RESUME_ACTIVITY]
07-21 16:04:20.197 11458 11458 I wm_on_top_resumed_gained_called: [5386602,com.tencent.qqdownloader.backgroundstart.BackgroundSupportActivity,topStateChangedWhenResumed]
07-21 16:04:20.197 11458 11458 I wm_on_top_resumed_lost_called: [5386602,com.tencent.qqdownloader.backgroundstart.BackgroundSupportActivity,topStateChangedWhenResumed]
07-21 16:04:20.197 21043 21043 I wm_on_top_resumed_gained_called: [65620330,com.android.settings.Settings,topStateChangedWhenResumed]
07-21 16:04:20.214 1563 1687 I sysui_multi_action: [319,47,322,47,325,2246,757,761,758,8,759,2,806,com.tencent.android.qqdownloader,871,com.tencent.qqdownloader.backgroundstart.BackgroundSupportActivity,904,com.tencent.android.qqdownloader,905,0,1320,8,1321,5]
07-21 16:04:20.214 1563 1687 I wm_activity_launch_time: [0,5386602,com.tencent.android.qqdownloader/com.tencent.qqdownloader.backgroundstart.BackgroundSupportActivity,47]
07-21 16:04:20.217 1563 1690 I am_kill : [0,16063,com.android.providers.calendar,915,empty #2]
07-21 16:04:20.231 1563 1869 I am_proc_died: [0,16063,com.android.providers.calendar,915,19]
07-21 16:04:20.231 1563 1869 I am_uid_stopped: 10023
07-21 16:04:20.397 1563 6493 I wm_task_moved: [72,0,0]
07-21 16:04:25.225 2366 2366 I force_gc: mem
07-21 16:04:28.177 1563 1817 I wm_task_moved: [72,1,7]
07-21 16:04:28.177 1563 1817 I wm_task_to_front: [0,72]
07-21 16:04:28.178 1563 1817 I wm_set_resumed_activity: [0,com.tencent.android.qqdownloader/com.tencent.qqdownloader.backgroundstart.BackgroundSupportActivity,positionChildAt]
07-21 16:04:28.178 1563 1817 I wm_focused_root_task: [0,0,72,64,bringingFoundTaskToFront]
07-21 16:04:28.178 1563 1817 I wm_set_resumed_activity: [0,com.tencent.android.qqdownloader/com.tencent.qqdownloader.backgroundstart.BackgroundSupportActivity,bringingFoundTaskToFront]
07-21 16:04:28.178 21043 21043 I wm_on_top_resumed_lost_called: [65620330,com.android.settings.Settings,topStateChangedWhenResumed]
07-21 16:04:28.178 1563 1817 I wm_new_intent: [0,5386602,72,com.tencent.android.qqdownloader/com.tencent.qqdownloader.backgroundstart.BackgroundSupportActivity,NULL,NULL,NULL,277020676]
07-21 16:04:28.179 1563 1817 I wm_task_moved: [72,1,7]
07-21 16:04:28.180 11458 11458 I wm_on_paused_called: [5386602,com.tencent.qqdownloader.backgroundstart.BackgroundSupportActivity,performPause]
07-21 16:04:28.180 1563 1817 I wm_set_resumed_activity: [0,com.tencent.android.qqdownloader/com.tencent.qqdownloader.backgroundstart.BackgroundSupportActivity,positionChildAt]
07-21 16:04:28.180 11458 11458 I wm_on_resume_called: [5386602,com.tencent.qqdownloader.backgroundstart.BackgroundSupportActivity,LIFECYCLER_RESUME_ACTIVITY]
07-21 16:04:28.187 11458 11458 I wm_on_top_resumed_gained_called: [5386602,com.tencent.qqdownloader.backgroundstart.BackgroundSupportActivity,topStateChangedWhenResumed]
07-21 16:04:28.381 1563 2226 I wm_task_moved: [72,0,0]
07-21 16:04:28.385 1563 2226 I wm_focused_root_task: [0,0,64,72,moveTaskToBackLocked]
07-21 16:04:28.387 11458 11458 I wm_on_top_resumed_lost_called: [5386602,com.tencent.qqdownloader.backgroundstart.BackgroundSupportActivity,topStateChangedWhenResumed]
07-21 16:04:28.388 1563 1691 I input_focus: [Focus request 27cf47a com.android.settings/com.android.settings.Settings,reason=UpdateInputWindows]
07-21 16:04:28.389 21043 21043 I wm_on_top_resumed_gained_called: [65620330,com.android.settings.Settings,topStateChangedWhenResumed]
07-21 16:04:29.624 0 0 I [ 2256.417883] init: processing action (sys.tlog.tlogdshc.active=1) from (/system/etc/init/tlogd.rc:198)
07-21 16:04:29.624 0 0 I [ 2256.418841] init: starting service 'tlogdshc'...
07-21 16:04:29.724 0 0 I [ 2256.522691] init: Service 'tlogdshc' (pid 17229) exited with status 0 oneshot service took 0.099000 seconds in background
07-21 16:04:29.724 0 0 I [ 2256.522720] init: Sending signal 9 to service 'tlogdshc' (pid 17229) process group...
07-21 16:04:29.724 0 0 I [ 2256.522903] libprocessgroup: Successfully killed process cgroup uid 0 pid 17229 in 0ms
07-21 16:04:33.199 3930 3930 I sqlite_mem_released: 0
07-21 16:04:33.200 3930 3930 I force_gc: mem
07-21 16:04:38.203 2914 2914 I sqlite_mem_released: 0
07-21 16:04:38.204 2914 2914 I force_gc: mem
07-21 16:04:43.215 3025 3025 I sqlite_mem_released: 0
07-21 16:04:43.215 3025 3025 I force_gc: mem
07-21 16:04:48.213 3094 3094 I force_gc: mem
07-21 16:04:53.219 3143 3143 I sqlite_mem_released: 0
07-21 16:04:53.219 3143 3143 I force_gc: mem
07-21 16:04:58.225 3152 3152 I sqlite_mem_released: 0
07-21 16:04:58.225 3152 3152 I force_gc: mem
07-21 16:04:59.624 0 0 I [ 2286.420679] init: processing action (sys.tlog.tlogdshc.active=1) from (/system/etc/init/tlogd.rc:198)
07-21 16:04:59.624 0 0 I [ 2286.421287] init: starting service 'tlogdshc'...
07-21 16:04:59.736 0 0 I [ 2286.532721] init: Service 'tlogdshc' (pid 17312) exited with status 0 oneshot service took 0.106000 seconds in background
07-21 16:04:59.736 0 0 I [ 2286.532750] init: Sending signal 9 to service 'tlogdshc' (pid 17312) process group...
07-21 16:04:59.736 0 0 I [ 2286.532922] libprocessgroup: Successfully killed process cgroup uid 0 pid 17312 in 0ms
07-21 16:05:05.006 3181 3181 I sqlite_mem_released: 0
07-21 16:05:05.007 3181 3181 I force_gc: mem
07-21 16:05:10.012 3189 3189 I sqlite_mem_released: 0
07-21 16:05:10.013 3189 3189 I force_gc: mem
07-21 16:05:14.993 1563 1687 I sysui_multi_action: [757,222,758,1]
07-21 16:05:15.007 1563 1699 I am_pss : [17084,10104,com.tencent.android.qqdownloader:live,34014208,20205568,46080,137633792,0,5,13]
07-21 16:05:15.018 1563 1701 I am_proc_start: [0,17345,1000,com.thundercomm.screensaver,service,{com.thundercomm.screensaver/com.thundercomm.saverclock.service.ClockScreensaver}]
07-21 16:05:15.020 1563 1699 I am_pss : [16926,10095,com.tencent.mobileqq,115234816,108978176,45056,207769600,0,19,11]
07-21 16:05:15.040 0 0 I [ 2301.840222] binder: 17345:17345 ioctl 40046210 7ff1724834 returned -22
07-21 16:05:15.047 1563 6493 I am_proc_bound: [0,17345,com.thundercomm.screensaver]
07-21 16:05:15.122 1563 2226 I wm_task_created: [73,-1]
07-21 16:05:15.127 1563 2226 I wm_task_moved: [73,1,8]
07-21 16:05:15.127 1563 2226 I wm_task_to_front: [0,73]
07-21 16:05:15.127 1563 2226 I wm_create_task: [0,73]
07-21 16:05:15.127 1563 2226 I wm_create_activity: [0,121818006,73,com.thundercomm.screensaver/android.service.dreams.DreamActivity,NULL,NULL,NULL,276824064]
07-21 16:05:15.127 1563 2226 I wm_task_moved: [73,1,8]
07-21 16:05:15.127 21043 21043 I wm_on_top_resumed_lost_called: [65620330,com.android.settings.Settings,topStateChangedWhenResumed]
07-21 16:05:15.128 1563 2226 I wm_pause_activity: [0,65620330,com.android.settings/.Settings,userLeaving=true,pauseBackTasks]
07-21 16:05:15.132 21043 21043 I sysui_multi_action: [757,35,758,2,1089,60105]
07-21 16:05:15.132 21043 21043 I sysui_multi_action: [757,4000,758,2,1089,60104]
07-21 16:05:15.132 21043 21043 I wm_on_paused_called: [65620330,com.android.settings.Settings,performPause]
07-21 16:05:15.133 1563 6493 I wm_add_to_stopping: [0,65620330,com.android.settings/.Settings,makeInvisible]
07-21 16:05:15.134 1563 6493 I wm_restart_activity: [0,121818006,73,com.thundercomm.screensaver/android.service.dreams.DreamActivity]
07-21 16:05:15.134 1563 6493 I wm_set_resumed_activity: [0,com.thundercomm.screensaver/android.service.dreams.DreamActivity,minimalResumeActivityLocked]
07-21 16:05:15.138 1563 1690 I sysui_multi_action: [757,803,799,window_time_0,802,105]
07-21 16:05:15.139 1563 6493 I am_uid_running: 10064
07-21 16:05:15.142 17345 17345 I wm_on_create_called: [121818006,android.service.dreams.DreamActivity,performCreate]
07-21 16:05:15.142 17345 17345 I wm_on_start_called: [121818006,android.service.dreams.DreamActivity,handleStartActivity]
07-21 16:05:15.143 17345 17345 I wm_on_resume_called: [121818006,android.service.dreams.DreamActivity,RESUME_ACTIVITY]
07-21 16:05:15.144 1563 1701 I am_proc_start: [0,17368,10064,com.thundercomm.gamemode.provider,content provider,{com.thundercomm.gamemode.provider/com.thundercomm.gamemode.provider.SettingsProvider}]
07-21 16:05:15.149 1563 1826 I input_focus: [Focus leaving 27cf47a com.android.settings/com.android.settings.Settings (server),reason=NO_WINDOW]
07-21 16:05:15.156 0 0 I [ 2301.953578] binder: 17368:17368 ioctl 40046210 7ff1724834 returned -22
07-21 16:05:15.156 1563 6493 I am_proc_bound: [0,17368,com.thundercomm.gamemode.provider]
07-21 16:05:15.165 17345 17345 I wm_on_top_resumed_gained_called: [121818006,android.service.dreams.DreamActivity,topStateChangedWhenResumed]
07-21 16:05:15.176 1563 6493 I am_uid_active: 10064
07-21 16:05:15.193 1563 1691 I input_focus: [Focus request 9df58ff com.thundercomm.screensaver/android.service.dreams.DreamActivity,reason=UpdateInputWindows]
07-21 16:05:15.215 0 0 I [ 2302.015302] binder: 17345:17371 ioctl 40046210 71e51961f4 returned -22
07-21 16:05:15.241 1563 10016 I wm_finish_activity: [0,5386602,72,com.tencent.android.qqdownloader/com.tencent.qqdownloader.backgroundstart.BackgroundSupportActivity,recent-task-trimmed]
07-21 16:05:15.244 1563 1687 I sysui_multi_action: [319,37,321,27,322,118,325,2301,757,761,758,8,759,1,806,com.thundercomm.screensaver,871,android.service.dreams.DreamActivity,904,com.thundercomm.screensaver,905,0,1320,8,1321,5]
07-21 16:05:15.244 1563 1687 I wm_activity_launch_time: [0,121818006,com.thundercomm.screensaver/android.service.dreams.DreamActivity,118]
07-21 16:05:15.243 860 860 I auditd : type=1400 audit(0.0:13100): avc: denied { add_name } for comm="perf@2.2-servic" name="clkscale_enable" scontext=u:r:vendor_hal_perf_default:s0 tcontext=u:object_r:sysfs:s0 tclass=dir permissive=1
07-21 16:05:15.249 1563 10016 I wm_pause_activity: [0,5386602,com.tencent.android.qqdownloader/com.tencent.qqdownloader.backgroundstart.BackgroundSupportActivity,userLeaving=false,finish]
07-21 16:05:15.250 11458 11458 I wm_on_paused_called: [5386602,com.tencent.qqdownloader.backgroundstart.BackgroundSupportActivity,performPause]
07-21 16:05:15.251 1563 1826 I input_focus: [Focus entering 9df58ff com.thundercomm.screensaver/android.service.dreams.DreamActivity (server),reason=Window became focusable. Previous reason: NOT_VISIBLE]
07-21 16:05:15.254 1563 1690 I sysui_multi_action: [757,803,799,window_time_0,802,1]
07-21 16:05:15.254 1563 9082 I wm_add_to_stopping: [0,5386602,com.tencent.android.qqdownloader/com.tencent.qqdownloader.backgroundstart.BackgroundSupportActivity,completeFinishing]
07-21 16:05:15.259 1563 1690 I wm_destroy_activity: [0,5386602,72,com.tencent.android.qqdownloader/com.tencent.qqdownloader.backgroundstart.BackgroundSupportActivity,finish-imm:idle]
07-21 16:05:15.259 1563 1690 I sysui_multi_action: [757,803,799,window_time_0,802,0]
07-21 16:05:15.267 11458 11458 I wm_on_stop_called: [5386602,com.tencent.qqdownloader.backgroundstart.BackgroundSupportActivity,LIFECYCLER_STOP_ACTIVITY]
07-21 16:05:15.267 11458 11458 I wm_on_destroy_called: [5386602,com.tencent.qqdownloader.backgroundstart.BackgroundSupportActivity,performDestroy]
07-21 16:05:15.269 1563 9082 I wm_task_removed: [72,removeChild:removeChild last r=ActivityRecord{52316a u0 com.tencent.android.qqdownloader/com.tencent.qqdownloader.backgroundstart.BackgroundSupportActivity taskAffinity=10104:com.tencent.android.qqdownloader.desktopwin t-1 f}} in t=Task{9865b #72 type=standard A=10104:com.tencent.android.qqdownloader.desktopwin U=0 visible=false mode=freeform translucent=true sz=0 visible freeform task=true rootAffinity=10104:com.tencent.android.qqdownloader.desktopwin isMini=false}]
07-21 16:05:15.269 1563 9082 I wm_task_removed: [72,removeChild]
07-21 16:05:15.664 1563 1690 I wm_stop_activity: [0,65620330,com.android.settings/.Settings]
07-21 16:05:15.686 21043 21043 I wm_on_stop_called: [65620330,com.android.settings.Settings,STOP_ACTIVITY_ITEM]
07-21 16:05:17.131 860 860 I auditd : type=1400 audit(0.0:13101): avc: denied { add_name } for comm="perf@2.2-servic" name="force_rail_on" scontext=u:r:vendor_hal_perf_default:s0 tcontext=u:object_r:vendor_sysfs_kgsl:s0 tclass=dir permissive=1
07-21 16:05:17.131 860 860 I auditd : type=1400 audit(0.0:13102): avc: denied { add_name } for comm="perf@2.2-servic" name="min_freq" scontext=u:r:vendor_hal_perf_default:s0 tcontext=u:object_r:vendor_sysfs_devfreq:s0 tclass=dir permissive=1
07-21 16:05:17.131 860 860 I auditd : type=1400 audit(0.0:13103): avc: denied { add_name } for comm="perf@2.2-servic" name="cpu_min_freq" scontext=u:r:vendor_hal_perf_default:s0 tcontext=u:object_r:vendor_sysfs_msm_perf:s0 tclass=dir permissive=1
07-21 16:05:20.121 1563 9082 I intercept_power: [ACTION_DOWN,0,0]
07-21 16:05:20.174 1563 10016 I intercept_power: [ACTION_UP,0,0]
07-21 16:05:20.179 1563 1563 I power_sleep_requested: 1
07-21 16:05:20.184 1563 9082 I wm_finish_activity: [0,121818006,73,com.thundercomm.screensaver/android.service.dreams.DreamActivity,finish-activity]
07-21 16:05:20.184 1563 9082 I wm_task_moved: [64,1,6]
07-21 16:05:20.184 1563 9082 I wm_task_to_front: [0,64]
07-21 16:05:20.185 1563 9082 I wm_focused_root_task: [0,0,64,73,finish-top adjustFocusToNextFocusableTask]
07-21 16:05:20.186 1563 9082 I wm_pause_activity: [0,121818006,com.thundercomm.screensaver/android.service.dreams.DreamActivity,userLeaving=false,finish]
07-21 16:05:20.205 1563 1716 I sysui_multi_action: [757,1696,758,6,759,0]
07-21 16:05:20.209 1563 1826 I input_focus: [Focus leaving 9df58ff com.thundercomm.screensaver/android.service.dreams.DreamActivity (server),reason=NOT_VISIBLE]
07-21 16:05:20.212 1563 1690 I sysui_multi_action: [757,803,799,window_time_0,802,5]
07-21 16:05:20.213 17345 17345 I wm_on_top_resumed_lost_called: [121818006,android.service.dreams.DreamActivity,topStateChangedWhenResumed]
07-21 16:05:20.214 17345 17345 I wm_on_paused_called: [121818006,android.service.dreams.DreamActivity,performPause]
07-21 16:05:20.216 1563 2226 I wm_add_to_stopping: [0,121818006,com.thundercomm.screensaver/android.service.dreams.DreamActivity,completeFinishing]
07-21 16:05:20.218 1563 2226 I wm_set_resumed_activity: [0,com.android.settings/.Settings,resumeTopActivityInnerLocked]
07-21 16:05:20.219 1563 2226 I wm_resume_activity: [0,65620330,64,com.android.settings/.Settings]
07-21 16:05:20.219 21043 21043 I wm_on_restart_called: [65620330,com.android.settings.Settings,performRestartActivity]
07-21 16:05:20.223 21043 21043 I wm_on_start_called: [65620330,com.android.settings.Settings,handleStartActivity]
07-21 16:05:20.224 21043 21043 I snet_event_log: [120484087,-1,]
07-21 16:05:20.224 21043 21043 I wm_on_resume_called: [65620330,com.android.settings.Settings,RESUME_ACTIVITY]
07-21 16:05:20.225 21043 21043 I sysui_multi_action: [757,35,758,1,833,0,1089,0]
07-21 16:05:20.226 1563 1690 I wm_destroy_activity: [0,121818006,73,com.thundercomm.screensaver/android.service.dreams.DreamActivity,finish-imm:idle]
07-21 16:05:20.229 21043 21043 I sysui_multi_action: [757,4000,758,1,833,0,1089,0]
07-21 16:05:20.230 1563 1690 I sysui_multi_action: [757,803,799,window_time_0,802,0]
07-21 16:05:20.231 17345 17345 I wm_on_stop_called: [121818006,android.service.dreams.DreamActivity,LIFECYCLER_STOP_ACTIVITY]
07-21 16:05:20.231 21043 21043 I wm_on_top_resumed_gained_called: [65620330,com.android.settings.Settings,topWhenResuming]
07-21 16:05:20.231 17345 17345 I wm_on_destroy_called: [121818006,android.service.dreams.DreamActivity,performDestroy]
07-21 16:05:20.234 1563 1687 I sysui_multi_action: [757,222,758,2]
07-21 16:05:20.235 1563 1687 I sysui_multi_action: [757,804,799,dreaming_minutes,801,0,802,1]
07-21 16:05:20.244 1563 2226 I am_kill : [0,16926,com.tencent.mobileqq,905,empty #2]
07-21 16:05:20.248 1563 10016 I wm_task_removed: [73,removeChild:removeChild last r=ActivityRecord{742cb96 u0 com.thundercomm.screensaver/android.service.dreams.DreamActivity taskAffinity=1000:android:com.thundercomm.screensaver/dream t-1 f}} in t=Task{d7c9317 #73 type=dream A=1000:android:com.thundercomm.screensaver/dream U=0 visible=false mode=fullscreen translucent=true sz=0 visible freeform task=true rootAffinity=1000:android:com.thundercomm.screensaver/dream isMini=false}]
07-21 16:05:20.248 1563 10016 I wm_task_removed: [73,removeChild]
07-21 16:05:20.250 1563 1691 I input_focus: [Focus request 27cf47a com.android.settings/com.android.settings.Settings,reason=UpdateInputWindows]
07-21 16:05:20.261 1563 1826 I input_focus: [Focus entering 27cf47a com.android.settings/com.android.settings.Settings (server),reason=setFocusedWindow]
07-21 16:05:20.268 1563 1700 I am_wtf : [0,1563,system_server,-1,DisplayDeviceConfig,requesting nits when no mapping exists.]
07-21 16:05:20.271 1563 1700 I am_wtf : [0,1563,system_server,-1,DisplayDeviceConfig,requesting nits when no mapping exists.]
07-21 16:05:20.271 1563 1716 I wm_pause_activity: [0,65620330,com.android.settings/.Settings,userLeaving=false,sleep]
07-21 16:05:20.286 21043 21043 I wm_on_top_resumed_lost_called: [65620330,com.android.settings.Settings,topStateChangedWhenResumed]
07-21 16:05:20.287 21043 21043 I sysui_multi_action: [757,35,758,2,1089,61]
07-21 16:05:20.287 21043 21043 I sysui_multi_action: [757,4000,758,2,1089,59]
07-21 16:05:20.287 21043 21043 I wm_on_paused_called: [65620330,com.android.settings.Settings,performPause]
07-21 16:05:20.288 1563 10016 I wm_add_to_stopping: [0,65620330,com.android.settings/.Settings,completePauseLocked]
07-21 16:05:20.291 1563 1690 I wm_stop_activity: [0,65620330,com.android.settings/.Settings]
07-21 16:05:20.291 1563 1690 I sysui_multi_action: [757,803,799,window_time_0,802,0]
07-21 16:05:20.303 21043 21043 I wm_on_stop_called: [65620330,com.android.settings.Settings,STOP_ACTIVITY_ITEM]
07-21 16:05:20.304 1563 2064 I am_proc_died: [0,16926,com.tencent.mobileqq,905,19]
07-21 16:05:20.305 1563 2064 I am_uid_stopped: 10095
07-21 16:05:20.329 0 0 I [ 2307.124388] [MAX975X: max96755x_drm_notifier_callback] *INFO* receives BLANK: POWERDOWN
07-21 16:05:20.329 0 0 I : [ 2307.124775] atmel_mxt_ts 0-004a: Enter suspend
07-21 16:05:20.329 1563 1563 I sysui_multi_action: [757,198,758,2,759,2,1359,153,1695,4]
07-21 16:05:20.329 1563 1563 I power_screen_state: [0,2,0,0,153]
07-21 16:05:20.329 1563 1563 I screen_toggled: 0
07-21 16:05:20.329 1563 1563 I sysui_multi_action: [757,804,799,screen_timeout,801,60,802,1]
07-21 16:05:20.329 1563 1826 I input_focus: [Focus leaving 27cf47a com.android.settings/com.android.settings.Settings (server),reason=NO_WINDOW]
07-21 16:05:20.329 1563 1563 I sysui_multi_action: [757,1594,758,4,759,-2147483648,1359,65231]
07-21 16:05:20.329 1563 1563 I power_screen_broadcast_send: 1
07-21 16:05:20.340 1563 10016 I am_kill : [0,17345,com.thundercomm.screensaver,905,empty #2]
07-21 16:05:20.344 0 0 W [ 2307.144068] ALERT: changing window size from 16000000 to 20000000 at 2307144045408
07-21 16:05:20.348 1563 1563 I battery_saving_stats: [0,1,0,65249,0,0,2143327,0,0]
07-21 16:05:20.365 1563 1563 I power_screen_broadcast_done: [0,36,1]
07-21 16:05:20.374 1563 6493 I am_proc_died: [0,17345,com.thundercomm.screensaver,905,19]
07-21 16:05:25.372 3219 3219 I sqlite_mem_released: 0
07-21 16:05:25.374 3219 3219 I force_gc: mem
07-21 16:05:27.670 1563 1845 I netstats_mobile_sample: [0,0,0,0,0,0,0,0,0,0,0,0,1689926727670]
07-21 16:05:27.670 1563 1845 I netstats_wifi_sample: [4583253,5452,7314728,11952,4583253,5452,7314728,11952,62513360,66942,5850966,10685,1689926727670]
07-21 16:05:27.667 689 689 I auditd : type=1400 audit(0.0:13104): avc: denied { add_name } for comm="Binder:689_4" name="globalAlert" scontext=u:r:netd:s0 tcontext=u:object_r:proc_net:s0 tclass=dir permissive=1
07-21 16:05:29.628 0 0 I [ 2316.424803] init: processing action (sys.tlog.tlogdshc.active=1) from (/system/etc/init/tlogd.rc:198)
07-21 16:05:29.628 0 0 I [ 2316.425812] init: starting service 'tlogdshc'...
07-21 16:05:29.752 0 0 I [ 2316.549642] init: Service 'tlogdshc' (pid 17449) exited with status 0 oneshot service took 0.118000 seconds in background
07-21 16:05:29.752 0 0 I [ 2316.549673] init: Sending signal 9 to service 'tlogdshc' (pid 17449) process group...
07-21 16:05:29.752 0 0 I [ 2316.549893] libprocessgroup: Successfully killed process cgroup uid 0 pid 17449 in 0ms
07-21 16:05:32.681 3286 3286 I sqlite_mem_released: 0
07-21 16:05:32.682 3286 3286 I force_gc: mem
07-21 16:05:37.687 5190 5190 I sqlite_mem_released: 42560
07-21 16:05:37.687 5190 5190 I force_gc: mem
07-21 16:05:42.704 5086 5086 I sqlite_mem_released: 63840
07-21 16:05:42.704 5086 5086 I force_gc: mem
07-21 16:05:47.697 2463 2463 I sqlite_mem_released: 0
07-21 16:05:47.697 2463 2463 I force_gc: mem
07-21 16:05:52.698 3264 3264 I sqlite_mem_released: 645280
07-21 16:05:52.699 3264 3264 I force_gc: mem
07-21 16:05:53.014 1563 1700 I am_uid_running: 10058
07-21 16:05:53.024 1563 1861 I am_uid_running: 10023
07-21 16:05:53.037 1563 1701 I am_proc_start: [0,17507,10058,com.qualcomm.timeservice,broadcast,{com.qualcomm.timeservice/com.qualcomm.timeservice.TimeServiceBroadcastReceiver}]
07-21 16:05:53.053 1563 1701 I am_proc_start: [0,17508,10023,com.android.providers.calendar,content provider,{com.android.providers.calendar/com.android.providers.calendar.CalendarProvider2}]
07-21 16:05:53.066 0 0 I [ 2339.871881] binder: 17507:17507 ioctl 40046210 7ff1724834 returned -22
07-21 16:05:53.070 1563 1869 I am_proc_bound: [0,17507,com.qualcomm.timeservice]
07-21 16:05:53.082 0 0 I [ 2339.886745] binder: 17508:17508 ioctl 40046210 7ff1724834 returned -22
07-21 16:05:53.084 1563 9105 I am_proc_bound: [0,17508,com.android.providers.calendar]
07-21 16:05:53.090 1563 9105 I am_uid_active: 10023
07-21 16:05:53.115 1563 1869 I am_uid_running: 10122
07-21 16:05:53.116 1563 1869 I am_kill : [0,17084,com.tencent.android.qqdownloader:live,905,empty #2]
07-21 16:05:53.135 1563 1701 I am_proc_start: [0,17543,10122,com.qiyi.video,broadcast,{com.qiyi.video/androidx.work.impl.background.systemalarm.RescheduleReceiver}]
07-21 16:05:53.162 0 0 I [ 2339.965817] binder: 17543:17543 ioctl 40046210 7ff1724834 returned -22
07-21 16:05:53.162 1563 1869 I am_proc_bound: [0,17543,com.qiyi.video]
07-21 16:05:53.169 1563 2230 I am_proc_died: [0,17084,com.tencent.android.qqdownloader:live,905,19]
07-21 16:05:53.172 1563 2230 I am_kill : [0,17368,com.thundercomm.gamemode.provider,915,empty #2]
07-21 16:05:53.184 1563 1699 I am_pss : [5762,10104,com.tencent.android.qqdownloader,51660800,33431552,11254784,115654656,0,10,9]
07-21 16:05:53.206 1563 2230 I am_proc_died: [0,17368,com.thundercomm.gamemode.provider,915,19]
07-21 16:05:53.207 1563 2230 I am_uid_stopped: 10064
07-21 16:05:53.592 1563 1563 I am_uid_running: 10106
07-21 16:05:53.600 1563 1701 I am_proc_start: [0,17636,10106,com.smile.gifmaker,service,{com.smile.gifmaker/androidx.work.impl.background.systemjob.SystemJobService}]
07-21 16:05:53.626 0 0 I [ 2340.428823] binder: 17636:17636 ioctl 40046210 ff9965c8 returned -22
07-21 16:05:53.626 1563 2230 I am_proc_bound: [0,17636,com.smile.gifmaker]
07-21 16:05:53.679 17543 17543 I auditd : type=1400 audit(0.0:13105): avc: granted { execute } for comm="tmn-5-2" path="/data/data/com.qiyi.video/app_native_lib/com.iqiyi.fastdns/1.1.3.60/arm64-v8a/libfastdns.so" dev="dm-13" ino=75510 scontext=u:r:untrusted_app:s0:c122,c256,c512,c768 tcontext=u:object_r:app_data_file:s0:c122,c256,c512,c768 tclass=file app=com.qiyi.video
07-21 16:05:53.799 17636 17636 I auditd : type=1400 audit(0.0:13106): avc: denied { open } for comm="dfp_oaid_thread" path="/dev/__properties__/u:object_r:vendor_default_prop:s0" dev="tmpfs" ino=2356 scontext=u:r:untrusted_app_29:s0:c106,c256,c512,c768 tcontext=u:object_r:vendor_default_prop:s0 tclass=file permissive=1 app=com.smile.gifmaker
07-21 16:05:53.799 17636 17636 I auditd : type=1400 audit(0.0:13107): avc: denied { getattr } for comm="dfp_oaid_thread" path="/dev/__properties__/u:object_r:vendor_default_prop:s0" dev="tmpfs" ino=2356 scontext=u:r:untrusted_app_29:s0:c106,c256,c512,c768 tcontext=u:object_r:vendor_default_prop:s0 tclass=file permissive=1 app=com.smile.gifmaker
07-21 16:05:53.799 17636 17636 I auditd : type=1400 audit(0.0:13108): avc: denied { map } for comm="dfp_oaid_thread" path="/dev/__properties__/u:object_r:vendor_default_prop:s0" dev="tmpfs" ino=2356 scontext=u:r:untrusted_app_29:s0:c106,c256,c512,c768 tcontext=u:object_r:vendor_default_prop:s0 tclass=file permissive=1 app=com.smile.gifmaker
07-21 16:05:53.867 17543 17543 I auditd : type=1400 audit(0.0:13109): avc: granted { execute } for comm="AutoName_com/qq" path="/data/data/com.qiyi.video/app_e_qq_com_plugin_138a072b26cc7e69d16ffdad8a1875d7/oat/arm64/gdt_plugin.odex" dev="dm-13" ino=190242 scontext=u:r:untrusted_app:s0:c122,c256,c512,c768 tcontext=u:object_r:app_data_file:s0:c122,c256,c512,c768 tclass=file app=com.qiyi.video
07-21 16:05:53.938 0 0 W [ 2340.742243] audit: audit_lost=10062 audit_rate_limit=5 audit_backlog_limit=64
07-21 16:05:53.925 1563 2230 I am_kill : [0,17507,com.qualcomm.timeservice,905,empty #2]
07-21 16:05:53.931 17543 17543 I auditd : type=1400 audit(0.0:13110): avc: denied { open } for comm="AutoName_org/qi" path="/dev/__properties__/u:object_r:vendor_default_prop:s0" dev="tmpfs" ino=2356 scontext=u:r:untrusted_app:s0:c122,c256,c512,c768 tcontext=u:object_r:vendor_default_prop:s0 tclass=file permissive=1 app=com.qiyi.video
07-21 16:05:53.931 17543 17543 I auditd : type=1400 audit(0.0:13111): avc: denied { getattr } for comm="AutoName_org/qi" path="/dev/__properties__/u:object_r:vendor_default_prop:s0" dev="tmpfs" ino=2356 scontext=u:r:untrusted_app:s0:c122,c256,c512,c768 tcontext=u:object_r:vendor_default_prop:s0 tclass=file permissive=1 app=com.qiyi.video
07-21 16:05:53.942 0 0 E [ 2340.742247] audit: rate limit exceeded
07-21 16:05:54.002 1563 15393 I am_proc_died: [0,17507,com.qualcomm.timeservice,905,19]
07-21 16:05:54.002 1563 15393 I am_uid_stopped: 10058
07-21 16:05:54.022 1563 1689 I commit_sys_config_file: [notification-policy,2331526]
07-21 16:05:54.213 17636 17847 I liblog : 59
07-21 16:05:54.371 1563 15393 I am_uid_running: 10095
07-21 16:05:54.401 0 0 I [ 2341.204820] binder: 17860:17860 ioctl 40046210 7ff1724834 returned -22
07-21 16:05:54.381 1563 1701 I am_proc_start: [0,17860,10095,com.tencent.mobileqq:MSF,broadcast,{com.tencent.mobileqq/com.tencent.mobileqq.msf.core.NetConnInfoCenter}]
07-21 16:05:54.401 1563 2230 I am_proc_bound: [0,17860,com.tencent.mobileqq:MSF]
07-21 16:05:54.871 17543 17543 I auditd : type=1400 audit(0.0:13117): avc: granted { execute } for comm="PlayerLoadLib" path="/data/data/com.qiyi.video/files/app/player/fullsov2/libs-200_1_5b63f1ec45b016fec4776e77e00807a7_/libmctocurlex.so" dev="dm-13" ino=76665 scontext=u:r:untrusted_app:s0:c122,c256,c512,c768 tcontext=u:object_r:app_data_file:s0:c122,c256,c512,c768 tclass=file app=com.qiyi.video
07-21 16:05:54.915 1563 1701 I am_proc_start: [0,17919,10095,com.tencent.mobileqq,content provider,{com.tencent.mobileqq/com.tencent.mqq.shared_file_accessor.ContentProviderImpl}]
07-21 16:05:54.936 0 0 I [ 2341.740094] binder: 17919:17919 ioctl 40046210 7ff1724834 returned -22
07-21 16:05:54.951 17636 17636 I auditd : type=1400 audit(0.0:13118): avc: denied { read } for comm="pool-2-thread-6" name="tcp" dev="proc" ino=4026532256 scontext=u:r:untrusted_app_29:s0:c106,c256,c512,c768 tcontext=u:object_r:proc_net_tcp_udp:s0 tclass=file permissive=1 app=com.smile.gifmaker
07-21 16:05:54.951 17636 17636 I auditd : type=1400 audit(0.0:13119): avc: denied { open } for comm="pool-2-thread-6" path="/proc/17636/net/tcp" dev="proc" ino=4026532256 scontext=u:r:untrusted_app_29:s0:c106,c256,c512,c768 tcontext=u:object_r:proc_net_tcp_udp:s0 tclass=file permissive=1 app=com.smile.gifmaker
07-21 16:05:54.951 17636 17636 I auditd : type=1400 audit(0.0:13120): avc: denied { getattr } for comm="pool-2-thread-6" path="/proc/17636/net/tcp" dev="proc" ino=4026532256 scontext=u:r:untrusted_app_29:s0:c106,c256,c512,c768 tcontext=u:object_r:proc_net_tcp_udp:s0 tclass=file permissive=1 app=com.smile.gifmaker
07-21 16:05:54.941 1563 2230 I am_proc_bound: [0,17919,com.tencent.mobileqq]
07-21 16:05:55.028 0 0 W [ 2341.830118] audit: audit_lost=10067 audit_rate_limit=5 audit_backlog_limit=64
07-21 16:05:55.034 0 0 E [ 2341.830123] audit: rate limit exceeded
07-21 16:05:54.999 17543 17543 I auditd : type=1400 audit(0.0:13121): avc: granted { execute } for comm="PlayerLoadLib" path="/data/data/com.qiyi.video/files/app/player/fullsov2/libs-200_1_5b63f1ec45b016fec4776e77e00807a7_/libmcto_media_player.so" dev="dm-13" ino=76678 scontext=u:r:untrusted_app:s0:c122,c256,c512,c768 tcontext=u:object_r:app_data_file:s0:c122,c256,c512,c768 tclass=file app=com.qiyi.video
07-21 16:05:55.054 1563 2230 I am_kill : [0,17543,com.qiyi.video,905,empty #2]
07-21 16:05:55.236 1563 1701 I am_proc_start: [0,17966,10106,com.smile.gifmaker:push_v3,service,{com.smile.gifmaker/com.kwai.android.dispatcher.PushV3ProcessLauncherService}]
07-21 16:05:55.258 0 0 I [ 2342.062805] binder: 17966:17966 ioctl 40046210 ff9965c8 returned -22
07-21 16:05:55.265 1563 9105 I am_proc_bound: [0,17966,com.smile.gifmaker:push_v3]
07-21 16:05:56.545 1563 9105 I am_kill : [0,17919,com.tencent.mobileqq,915,empty #2]
07-21 16:05:56.546 1563 9105 I am_kill : [0,17636,com.smile.gifmaker,905,empty #3]
07-21 16:05:56.689 1563 2230 I am_kill : [0,17966,com.smile.gifmaker:push_v3,905,empty #2]
07-21 16:05:56.700 1563 1689 I commit_sys_config_file: [notification-policy,2334204]
07-21 16:05:56.717 1563 1869 I am_proc_died: [0,17543,com.qiyi.video,905,19]
07-21 16:05:56.718 1563 1869 I am_uid_stopped: 10122
07-21 16:05:56.726 0 0 I [ 2343.524957] init: Untracked pid 17951 received signal 9
07-21 16:05:56.726 0 0 I [ 2343.525038] init: Untracked pid 17953 received signal 9
07-21 16:05:56.729 0 0 I [ 2343.534677] binder: release 17919:17939 transaction 1659983 in, still active
07-21 16:05:56.729 0 0 I [ 2343.534685] binder: send failed reply for transaction 1659983 to 17860:18187
07-21 16:05:56.730 1563 10185 I am_proc_died: [0,17919,com.tencent.mobileqq,915,19]
07-21 16:05:56.741 1563 1701 I am_proc_start: [0,18221,10095,com.tencent.mobileqq,content provider,{com.tencent.mobileqq/com.tencent.mqq.shared_file_accessor.ContentProviderImpl}]
07-21 16:05:56.762 0 0 I [ 2343.566801] binder: undelivered TRANSACTION_COMPLETE
07-21 16:05:56.762 0 0 I [ 2343.566810] binder: undelivered transaction 1660118, process died.
07-21 16:05:56.762 0 0 I [ 2343.566822] binder: undelivered transaction 1660113, process died.
07-21 16:05:56.762 0 0 I [ 2343.566831] binder: undelivered transaction 1660110, process died.
07-21 16:05:56.762 1563 1869 I am_proc_died: [0,17966,com.smile.gifmaker:push_v3,905,19]
07-21 16:05:56.763 1563 1869 I am_schedule_service_restart: [0,com.smile.gifmaker/com.kwai.android.dispatcher.PushV3ProcessLauncherService,1000]
07-21 16:05:56.770 0 0 I [ 2343.573818] binder: 18221:18221 ioctl 40046210 7ff1724834 returned -22
07-21 16:05:56.775 1563 1869 I am_proc_bound: [0,18221,com.tencent.mobileqq]
07-21 16:05:56.830 0 0 I [ 2343.634842] binder: undelivered TRANSACTION_COMPLETE
07-21 16:05:56.830 0 0 I [ 2343.634851] binder: undelivered transaction 1659973, process died.
07-21 16:05:56.830 0 0 I [ 2343.635647] binder: undelivered transaction 1660111, process died.
07-21 16:05:56.830 1563 1791 I am_proc_died: [0,17636,com.smile.gifmaker,905,19]
07-21 16:05:56.831 1563 1791 I am_uid_stopped: 10106
07-21 16:05:56.832 1563 1791 I am_kill : [0,17860,com.tencent.mobileqq:MSF,915,empty #2]
07-21 16:05:56.868 1563 13803 I am_proc_died: [0,17860,com.tencent.mobileqq:MSF,915,19]
07-21 16:05:59.626 0 0 I [ 2346.429131] init: processing action (sys.tlog.tlogdshc.active=1) from (/system/etc/init/tlogd.rc:198)
07-21 16:05:59.626 0 0 I [ 2346.430230] init: starting service 'tlogdshc'...
07-21 16:05:59.742 0 0 I [ 2346.545031] init: Service 'tlogdshc' (pid 18277) exited with status 0 oneshot service took 0.109000 seconds in background
07-21 16:05:59.742 0 0 I [ 2346.545062] init: Sending signal 9 to service 'tlogdshc' (pid 18277) process group...
07-21 16:05:59.742 0 0 I [ 2346.545247] libprocessgroup: Successfully killed process cgroup uid 0 pid 18277 in 0ms
07-21 16:06:02.024 11458 11458 I sqlite_mem_released: 0
07-21 16:06:02.024 11458 11458 I force_gc: mem
07-21 16:06:07.028 3463 3463 I sqlite_mem_released: 34880
07-21 16:06:07.030 3463 3463 I force_gc: mem
07-21 16:06:12.035 2587 2587 I sqlite_mem_released: 758640
07-21 16:06:12.040 2587 2587 I force_gc: mem
07-21 16:06:17.040 1925 1925 I sqlite_mem_released: 43600
07-21 16:06:17.040 1925 1925 I force_gc: mem
07-21 16:06:22.059 21043 21043 I force_gc: mem
07-21 16:06:27.051 4031 4031 I force_gc: mem
07-21 16:06:27.966 0 0 I [ 2374.770531] [dp_rx_][0xaa0d6051b][16: 06:27.964587] wlan: [2868:I:QDF] DHCP-R RX: SA:04:7f:0e:c7:f0:49 DA:ff:ff:ff:ff:ff:ff
07-21 16:06:29.626 0 0 I [ 2376.432421] init: processing action (sys.tlog.tlogdshc.active=1) from (/system/etc/init/tlogd.rc:198)
07-21 16:06:29.630 0 0 I [ 2376.433438] init: starting service 'tlogdshc'...
07-21 16:06:29.741 0 0 I [ 2376.545945] init: Service 'tlogdshc' (pid 18367) exited with status 0 oneshot service took 0.107000 seconds in background
07-21 16:06:29.741 0 0 I [ 2376.545974] init: Sending signal 9 to service 'tlogdshc' (pid 18367) process group...
07-21 16:06:29.741 0 0 I [ 2376.546145] libprocessgroup: Successfully killed process cgroup uid 0 pid 18367 in 0ms
07-21 16:06:31.078 1563 1845 I netstats_mobile_sample: [0,0,0,0,0,0,0,0,0,0,0,0,1689926791078]
07-21 16:06:31.078 1563 1845 I netstats_wifi_sample: [4713285,5613,7511762,12271,4713285,5613,7511762,12271,64292622,68900,6007648,10970,1689926791078]
07-21 16:06:31.075 689 689 I auditd : type=1400 audit(0.0:13145): avc: denied { add_name } for comm="Binder:689_4" name="globalAlert" scontext=u:r:netd:s0 tcontext=u:object_r:proc_net:s0 tclass=dir permissive=1
07-21 16:06:36.093 5762 5762 I sqlite_mem_released: 0
07-21 16:06:36.094 5762 5762 I force_gc: mem
07-21 16:06:53.201 1563 1700 I am_uid_running: 10106
07-21 16:06:53.222 1563 1701 I am_proc_start: [0,18425,10106,com.smile.gifmaker,broadcast,{com.smile.gifmaker/com.xiaomi.push.service.receivers.PingReceiver}]
07-21 16:06:53.258 0 0 I [ 2400.060798] binder: 18425:18425 ioctl 40046210 ff9965c8 returned -22
07-21 16:06:53.264 1563 2390 I am_proc_bound: [0,18425,com.smile.gifmaker]
07-21 16:06:53.271 1563 2390 I am_uid_active: 10106
07-21 16:06:53.551 18425 18425 I auditd : type=1400 audit(0.0:13146): avc: denied { open } for comm="dfp_oaid_thread" path="/dev/__properties__/u:object_r:vendor_default_prop:s0" dev="tmpfs" ino=2356 scontext=u:r:untrusted_app_29:s0:c106,c256,c512,c768 tcontext=u:object_r:vendor_default_prop:s0 tclass=file permissive=1 app=com.smile.gifmaker
07-21 16:06:53.551 18425 18425 I auditd : type=1400 audit(0.0:13147): avc: denied { getattr } for comm="dfp_oaid_thread" path="/dev/__properties__/u:object_r:vendor_default_prop:s0" dev="tmpfs" ino=2356 scontext=u:r:untrusted_app_29:s0:c106,c256,c512,c768 tcontext=u:object_r:vendor_default_prop:s0 tclass=file permissive=1 app=com.smile.gifmaker
07-21 16:06:53.551 18425 18425 I auditd : type=1400 audit(0.0:13148): avc: denied { map } for comm="dfp_oaid_thread" path="/dev/__properties__/u:object_r:vendor_default_prop:s0" dev="tmpfs" ino=2356 scontext=u:r:untrusted_app_29:s0:c106,c256,c512,c768 tcontext=u:object_r:vendor_default_prop:s0 tclass=file permissive=1 app=com.smile.gifmaker
07-21 16:06:53.786 18425 18488 I liblog : 53
07-21 16:06:53.809 18425 18520 I liblog : 11
07-21 16:06:53.987 18425 18425 I auditd : type=1400 audit(0.0:13149): avc: granted { execute } for comm="ela_global-io" path="/data/user/0/com.smile.gifmaker/app_lib/libruntime-optimize.so.28545" dev="dm-13" ino=99424 scontext=u:r:untrusted_app_29:s0:c106,c256,c512,c768 tcontext=u:object_r:app_data_file:s0:c106,c256,c512,c768 tclass=file app=com.smile.gifmaker
07-21 16:06:54.026 1563 10016 I am_kill : [0,18221,com.tencent.mobileqq,905,empty #2]
07-21 16:06:54.143 18425 18425 I auditd : type=1400 audit(0.0:13150): avc: granted { nlmsg_readpriv } for comm="ela_global-io" scontext=u:r:untrusted_app_29:s0:c106,c256,c512,c768 tcontext=u:r:untrusted_app_29:s0:c106,c256,c512,c768 tclass=netlink_route_socket app=com.smile.gifmaker
07-21 16:06:54.147 18425 18425 I auditd : type=1400 audit(0.0:13151): avc: granted { nlmsg_readpriv } for comm="ela_global-io" scontext=u:r:untrusted_app_29:s0:c106,c256,c512,c768 tcontext=u:r:untrusted_app_29:s0:c106,c256,c512,c768 tclass=netlink_route_socket app=com.smile.gifmaker
07-21 16:06:54.193 1563 2230 I am_proc_died: [0,18221,com.tencent.mobileqq,905,19]
07-21 16:06:54.194 1563 2230 I am_uid_stopped: 10095
07-21 16:06:54.196 1563 2230 I am_kill : [0,17508,com.android.providers.calendar,915,empty #2]
07-21 16:06:54.259 1563 2230 I am_proc_died: [0,17508,com.android.providers.calendar,915,19]
07-21 16:06:54.260 1563 2230 I am_uid_stopped: 10023
07-21 16:06:54.331 18425 18425 I auditd : type=1400 audit(0.0:13152): avc: granted { nlmsg_readpriv } for comm="ela_global-io" scontext=u:r:untrusted_app_29:s0:c106,c256,c512,c768 tcontext=u:r:untrusted_app_29:s0:c106,c256,c512,c768 tclass=netlink_route_socket app=com.smile.gifmaker
07-21 16:06:54.339 18425 18425 I auditd : type=1400 audit(0.0:13153): avc: granted { nlmsg_readpriv } for comm="ela_global-io" scontext=u:r:untrusted_app_29:s0:c106,c256,c512,c768 tcontext=u:r:untrusted_app_29:s0:c106,c256,c512,c768 tclass=netlink_route_socket app=com.smile.gifmaker
07-21 16:06:54.351 18425 18425 I auditd : type=1400 audit(0.0:13154): avc: granted { nlmsg_readpriv } for comm="ela_global-io" scontext=u:r:untrusted_app_29:s0:c106,c256,c512,c768 tcontext=u:r:untrusted_app_29:s0:c106,c256,c512,c768 tclass=netlink_route_socket app=com.smile.gifmaker
07-21 16:06:54.369 0 0 W [ 2401.164523] audit: audit_lost=10090 audit_rate_limit=5 audit_backlog_limit=64
07-21 16:06:54.374 0 0 E [ 2401.164527] audit: rate limit exceeded
07-21 16:06:54.548 1563 1701 I am_proc_start: [0,18563,10106,com.smile.gifmaker:push_v3,service,{com.smile.gifmaker/com.kwai.android.dispatcher.PushV3ProcessLauncherService}]
07-21 16:06:54.570 0 0 I [ 2401.374122] binder: 18563:18563 ioctl 40046210 ff9965c8 returned -22
07-21 16:06:54.576 1563 6493 I am_proc_bound: [0,18563,com.smile.gifmaker:push_v3]
