07-21 16:21:54.214 1563 6493 I am_uid_running: 10095
07-21 16:21:54.223 1563 1701 I am_proc_start: [0,1341,10095,com.tencent.mobileqq:MSF,broadcast,{com.tencent.mobileqq/com.tencent.mobileqq.msf.core.NetConnInfoCenter}]
07-21 16:21:54.248 0 0 I [ 3301.143801] binder: 1341:1341 ioctl 40046210 7ff1724834 returned -22
07-21 16:21:54.247 760 760 I auditd : type=1400 audit(0.0:14544): avc: denied { read } for comm="PlayerLoadLib" name="sdcard" dev="tmpfs" ino=13264 scontext=u:r:untrusted_app:s0:c122,c256,c512,c768 tcontext=u:object_r:mnt_sdcard_file:s0 tclass=lnk_file permissive=1 app=com.qiyi.video
07-21 16:21:54.253 0 0 W [ 3301.153666] audit: audit_lost=11075 audit_rate_limit=5 audit_backlog_limit=64
07-21 16:21:54.253 0 0 E [ 3301.153670] audit: rate limit exceeded
07-21 16:21:54.250 1563 6493 I am_proc_bound: [0,1341,com.tencent.mobileqq:MSF]
07-21 16:21:54.446 1563 6493 I am_proc_died: [0,704,com.qualcomm.timeservice,905,19]
07-21 16:21:54.446 1563 6493 I am_uid_stopped: 10058
07-21 16:21:54.737 1563 1701 I am_proc_start: [0,1501,10095,com.tencent.mobileqq,content provider,{com.tencent.mobileqq/com.tencent.mqq.shared_file_accessor.ContentProviderImpl}]
07-21 16:21:54.763 1563 21009 I am_proc_bound: [0,1501,com.tencent.mobileqq]
07-21 16:21:54.764 0 0 I [ 3301.659607] binder: 1501:1501 ioctl 40046210 7ff1724834 returned -22
07-21 16:21:54.844 1563 21009 I am_kill : [0,760,com.qiyi.video,905,empty #2]
07-21 16:21:54.907 992 992 I auditd : type=1400 audit(0.0:14558): avc: denied { read } for comm="pool-2-thread-6" name="tcp" dev="proc" ino=4026532256 scontext=u:r:untrusted_app_29:s0:c106,c256,c512,c768 tcontext=u:object_r:proc_net_tcp_udp:s0 tclass=file permissive=1 app=com.smile.gifmaker
07-21 16:21:54.907 992 992 I auditd : type=1400 audit(0.0:14559): avc: denied { open } for comm="pool-2-thread-6" path="/proc/992/net/tcp" dev="proc" ino=4026532256 scontext=u:r:untrusted_app_29:s0:c106,c256,c512,c768 tcontext=u:object_r:proc_net_tcp_udp:s0 tclass=file permissive=1 app=com.smile.gifmaker
07-21 16:21:54.907 992 992 I auditd : type=1400 audit(0.0:14560): avc: denied { getattr } for comm="pool-2-thread-6" path="/proc/992/net/tcp" dev="proc" ino=4026532256 scontext=u:r:untrusted_app_29:s0:c106,c256,c512,c768 tcontext=u:object_r:proc_net_tcp_udp:s0 tclass=file permissive=1 app=com.smile.gifmaker
07-21 16:21:54.915 992 992 I auditd : type=1400 audit(0.0:14561): avc: granted { nlmsg_readpriv } for comm="ela_global-io" scontext=u:r:untrusted_app_29:s0:c106,c256,c512,c768 tcontext=u:r:untrusted_app_29:s0:c106,c256,c512,c768 tclass=netlink_route_socket app=com.smile.gifmaker
07-21 16:21:54.919 992 992 I auditd : type=1400 audit(0.0:14562): avc: granted { nlmsg_readpriv } for comm="ela_global-io" scontext=u:r:untrusted_app_29:s0:c106,c256,c512,c768 tcontext=u:r:untrusted_app_29:s0:c106,c256,c512,c768 tclass=netlink_route_socket app=com.smile.gifmaker
07-21 16:21:55.124 1563 1701 I am_proc_start: [0,1557,10106,com.smile.gifmaker:push_v3,service,{com.smile.gifmaker/com.kwai.android.dispatcher.PushV3ProcessLauncherService}]
07-21 16:21:55.153 0 0 I [ 3302.054644] binder: 1557:1557 ioctl 40046210 ff9965c8 returned -22
07-21 16:21:55.158 1563 6493 I am_proc_bound: [0,1557,com.smile.gifmaker:push_v3]
07-21 16:21:55.536 0 0 W [ 3302.432870] audit: audit_lost=11109 audit_rate_limit=5 audit_backlog_limit=64
07-21 16:21:55.568 0 0 E [ 3302.432876] audit: rate limit exceeded
07-21 16:21:56.424 992 1137 I service_manager_slow: [57,isub]
07-21 16:21:56.693 1563 1869 I am_kill : [0,992,com.smile.gifmaker,915,empty #2]
07-21 16:21:56.727 1563 6493 I am_kill : [0,1557,com.smile.gifmaker:push_v3,905,empty #2]
07-21 16:21:56.729 1563 6493 I am_kill : [0,1501,com.tencent.mobileqq,915,empty #3]
07-21 16:21:56.773 1563 6493 I am_proc_died: [0,760,com.qiyi.video,905,19]
07-21 16:21:56.775 1563 6493 I am_uid_stopped: 10122
07-21 16:21:56.780 0 0 I [ 3303.681674] init: Untracked pid 1499 received signal 9
07-21 16:21:56.786 1563 21017 I am_proc_died: [0,1501,com.tencent.mobileqq,915,19]
07-21 16:21:56.790 0 0 I [ 3303.689558] binder: undelivered transaction 1731623, process died.
07-21 16:21:56.790 0 0 I [ 3303.689576] binder: release 1501:1519 transaction 1731610 in, still active
07-21 16:21:56.790 0 0 I [ 3303.689580] binder: send failed reply for transaction 1731610 to 1341:1969
07-21 16:21:56.807 1563 1701 I am_proc_start: [0,1996,10095,com.tencent.mobileqq,content provider,{com.tencent.mobileqq/com.tencent.mqq.shared_file_accessor.ContentProviderImpl}]
07-21 16:21:56.833 0 0 I [ 3303.735891] binder: 1996:1996 ioctl 40046210 7ff1724834 returned -22
07-21 16:21:56.833 1563 9239 I am_proc_died: [0,1557,com.smile.gifmaker:push_v3,905,19]
07-21 16:21:56.835 1563 9239 I am_schedule_service_restart: [0,com.smile.gifmaker/com.kwai.android.dispatcher.PushV3ProcessLauncherService,1000]
07-21 16:21:56.839 1563 9239 I am_proc_bound: [0,1996,com.tencent.mobileqq]
07-21 16:21:56.861 1563 1689 I commit_sys_config_file: [notification-policy,3294462]
07-21 16:21:56.939 1563 9082 I am_proc_died: [0,992,com.smile.gifmaker,915,19]
07-21 16:21:56.940 1563 9082 I am_uid_stopped: 10106
07-21 16:21:56.941 1563 9082 I am_kill : [0,1341,com.tencent.mobileqq:MSF,915,empty #2]
07-21 16:21:56.977 1563 9082 I am_proc_died: [0,1341,com.tencent.mobileqq:MSF,915,19]
07-21 16:21:59.669 0 0 I [ 3306.568873] init: processing action (sys.tlog.tlogdshc.active=1) from (/system/etc/init/tlogd.rc:198)
07-21 16:21:59.669 0 0 I [ 3306.569283] init: starting service 'tlogdshc'...
07-21 16:21:59.788 0 0 I [ 3306.688141] init: Service 'tlogdshc' (pid 2128) exited with status 0 oneshot service took 0.116000 seconds in background
07-21 16:21:59.788 0 0 I [ 3306.688171] init: Sending signal 9 to service 'tlogdshc' (pid 2128) process group...
07-21 16:21:59.788 0 0 I [ 3306.688356] libprocessgroup: Successfully killed process cgroup uid 0 pid 2128 in 0ms
07-21 16:22:29.672 0 0 I [ 3336.574103] init: processing action (sys.tlog.tlogdshc.active=1) from (/system/etc/init/tlogd.rc:198)
07-21 16:22:29.672 0 0 I [ 3336.575052] init: starting service 'tlogdshc'...
07-21 16:22:29.788 0 0 I [ 3336.688335] init: Service 'tlogdshc' (pid 2320) exited with status 0 oneshot service took 0.108000 seconds in background
07-21 16:22:29.788 0 0 I [ 3336.688365] init: Sending signal 9 to service 'tlogdshc' (pid 2320) process group...
07-21 16:22:29.788 0 0 I [ 3336.688562] libprocessgroup: Successfully killed process cgroup uid 0 pid 2320 in 0ms
07-21 16:22:37.081 1563 1845 I netstats_mobile_sample: [0,0,0,0,0,0,0,0,0,0,0,0,1689927757080]
07-21 16:22:37.081 1563 1845 I netstats_wifi_sample: [6630677,7884,10519606,17169,6630677,7884,10519606,17169,90626846,97562,8407630,15354,1689927757080]
07-21 16:22:59.172 1563 1700 I am_uid_idle: 10023
07-21 16:22:59.676 0 0 I [ 3366.578783] init: processing action (sys.tlog.tlogdshc.active=1) from (/system/etc/init/tlogd.rc:198)
07-21 16:22:59.676 0 0 I [ 3366.579594] init: starting service 'tlogdshc'...
07-21 16:22:59.788 0 0 I [ 3366.690292] init: Service 'tlogdshc' (pid 2477) exited with status 0 oneshot service took 0.105000 seconds in background
07-21 16:22:59.788 0 0 I [ 3366.690321] init: Sending signal 9 to service 'tlogdshc' (pid 2477) process group...
07-21 16:22:59.788 0 0 I [ 3366.690505] libprocessgroup: Successfully killed process cgroup uid 0 pid 2477 in 0ms
07-21 16:23:29.680 0 0 I [ 3396.582950] init: processing action (sys.tlog.tlogdshc.active=1) from (/system/etc/init/tlogd.rc:198)
07-21 16:23:29.680 0 0 I [ 3396.583620] init: starting service 'tlogdshc'...
07-21 16:23:29.804 0 0 I [ 3396.705727] init: Service 'tlogdshc' (pid 2608) exited with status 0 oneshot service took 0.116000 seconds in background
07-21 16:23:29.804 0 0 I [ 3396.705757] init: Sending signal 9 to service 'tlogdshc' (pid 2608) process group...
07-21 16:23:29.804 0 0 I [ 3396.705945] libprocessgroup: Successfully killed process cgroup uid 0 pid 2608 in 0ms
07-21 16:23:43.035 1563 1845 I netstats_mobile_sample: [0,0,0,0,0,0,0,0,0,0,0,0,1689927823035]
07-21 16:23:43.035 1563 1845 I netstats_wifi_sample: [6761874,8035,10727310,17505,6761874,8035,10727310,17505,92462190,99482,8572464,15654,1689927823035]
07-21 16:23:53.020 1563 1700 I am_uid_running: 10058
07-21 16:23:53.024 1563 1861 I am_uid_active: 10023
07-21 16:23:53.040 1563 1701 I am_proc_start: [0,2758,10058,com.qualcomm.timeservice,broadcast,{com.qualcomm.timeservice/com.qualcomm.timeservice.TimeServiceBroadcastReceiver}]
07-21 16:23:53.062 0 0 I [ 3419.987409] binder: 2758:2758 ioctl 40046210 7ff1724834 returned -22
07-21 16:23:53.068 1563 21026 I am_proc_bound: [0,2758,com.qualcomm.timeservice]
07-21 16:23:53.112 1563 1791 I am_uid_running: 10122
07-21 16:23:53.114 1563 1791 I am_kill : [0,1996,com.tencent.mobileqq,905,empty #2]
07-21 16:23:53.131 1563 1701 I am_proc_start: [0,2804,10122,com.qiyi.video,broadcast,{com.qiyi.video/androidx.work.impl.background.systemalarm.RescheduleReceiver}]
07-21 16:23:53.158 0 0 I [ 3420.082452] binder: 2804:2804 ioctl 40046210 7ff1724834 returned -22
07-21 16:23:53.160 1563 9082 I am_proc_died: [0,1996,com.tencent.mobileqq,905,19]
07-21 16:23:53.161 1563 9082 I am_uid_stopped: 10095
07-21 16:23:53.164 1563 10016 I am_proc_bound: [0,2804,com.qiyi.video]
07-21 16:23:53.572 1563 1563 I am_uid_running: 10106
07-21 16:23:53.580 1563 1701 I am_proc_start: [0,2989,10106,com.smile.gifmaker,service,{com.smile.gifmaker/androidx.work.impl.background.systemjob.SystemJobService}]
07-21 16:23:53.606 0 0 I [ 3420.529164] binder: 2989:2989 ioctl 40046210 ff9965c8 returned -22
07-21 16:23:53.606 1563 10016 I am_proc_bound: [0,2989,com.smile.gifmaker]
07-21 16:23:53.667 2804 2804 I auditd : type=1400 audit(0.0:14588): avc: granted { execute } for comm="tmn-5-2" path="/data/data/com.qiyi.video/app_native_lib/com.iqiyi.fastdns/1.1.3.60/arm64-v8a/libfastdns.so" dev="dm-13" ino=75510 scontext=u:r:untrusted_app:s0:c122,c256,c512,c768 tcontext=u:object_r:app_data_file:s0:c122,c256,c512,c768 tclass=file app=com.qiyi.video
07-21 16:23:53.755 2989 2989 I auditd : type=1400 audit(0.0:14589): avc: denied { open } for comm="dfp_oaid_thread" path="/dev/__properties__/u:object_r:vendor_default_prop:s0" dev="tmpfs" ino=2356 scontext=u:r:untrusted_app_29:s0:c106,c256,c512,c768 tcontext=u:object_r:vendor_default_prop:s0 tclass=file permissive=1 app=com.smile.gifmaker
07-21 16:23:53.755 2989 2989 I auditd : type=1400 audit(0.0:14590): avc: denied { getattr } for comm="dfp_oaid_thread" path="/dev/__properties__/u:object_r:vendor_default_prop:s0" dev="tmpfs" ino=2356 scontext=u:r:untrusted_app_29:s0:c106,c256,c512,c768 tcontext=u:object_r:vendor_default_prop:s0 tclass=file permissive=1 app=com.smile.gifmaker
07-21 16:23:53.755 2989 2989 I auditd : type=1400 audit(0.0:14591): avc: denied { map } for comm="dfp_oaid_thread" path="/dev/__properties__/u:object_r:vendor_default_prop:s0" dev="tmpfs" ino=2356 scontext=u:r:untrusted_app_29:s0:c106,c256,c512,c768 tcontext=u:object_r:vendor_default_prop:s0 tclass=file permissive=1 app=com.smile.gifmaker
07-21 16:23:53.969 2989 3371 I liblog : 54
07-21 16:23:53.974 2989 3218 I liblog : 1
07-21 16:23:53.980 1563 1689 I commit_sys_config_file: [notification-policy,3411604]
07-21 16:23:54.023 2989 2989 I auditd : type=1400 audit(0.0:14592): avc: granted { execute } for comm="ela_global-io" path="/data/user/0/com.smile.gifmaker/app_lib/libruntime-optimize.so.28545" dev="dm-13" ino=43503 scontext=u:r:untrusted_app_29:s0:c106,c256,c512,c768 tcontext=u:object_r:app_data_file:s0:c106,c256,c512,c768 tclass=file app=com.smile.gifmaker
07-21 16:23:54.054 1563 9082 I am_kill : [0,2758,com.qualcomm.timeservice,905,empty #2]
07-21 16:23:54.091 1563 9082 I am_uid_running: 10095
07-21 16:23:54.099 1563 9082 I am_proc_died: [0,2758,com.qualcomm.timeservice,905,19]
07-21 16:23:54.100 1563 9082 I am_uid_stopped: 10058
07-21 16:23:54.103 1563 1701 I am_proc_start: [0,3401,10095,com.tencent.mobileqq:MSF,broadcast,{com.tencent.mobileqq/com.tencent.mobileqq.msf.core.NetConnInfoCenter}]
07-21 16:23:54.122 0 0 I [ 3421.045789] binder: 3401:3401 ioctl 40046210 7ff1724834 returned -22
07-21 16:23:54.132 1563 21026 I am_proc_bound: [0,3401,com.tencent.mobileqq:MSF]
07-21 16:23:54.153 0 0 W [ 3421.068639] audit: audit_lost=11113 audit_rate_limit=5 audit_backlog_limit=64
07-21 16:23:54.153 0 0 E [ 3421.068643] audit: rate limit exceeded
07-21 16:23:54.606 1563 1701 I am_proc_start: [0,3539,10095,com.tencent.mobileqq,content provider,{com.tencent.mobileqq/com.tencent.mqq.shared_file_accessor.ContentProviderImpl}]
07-21 16:23:54.637 0 0 I [ 3421.555827] binder: 3539:3539 ioctl 40046210 7ff1724834 returned -22
07-21 16:23:54.639 1563 9082 I am_proc_bound: [0,3539,com.tencent.mobileqq]
07-21 16:23:54.671 2989 2989 I auditd : type=1400 audit(0.0:14605): avc: granted { nlmsg_readpriv } for comm="ela_global-io" scontext=u:r:untrusted_app_29:s0:c106,c256,c512,c768 tcontext=u:r:untrusted_app_29:s0:c106,c256,c512,c768 tclass=netlink_route_socket app=com.smile.gifmaker
07-21 16:23:54.675 2989 2989 I auditd : type=1400 audit(0.0:14606): avc: granted { nlmsg_readpriv } for comm="ela_global-io" scontext=u:r:untrusted_app_29:s0:c106,c256,c512,c768 tcontext=u:r:untrusted_app_29:s0:c106,c256,c512,c768 tclass=netlink_route_socket app=com.smile.gifmaker
07-21 16:23:54.675 2989 2989 I auditd : type=1400 audit(0.0:14607): avc: granted { nlmsg_readpriv } for comm="ela_global-io" scontext=u:r:untrusted_app_29:s0:c106,c256,c512,c768 tcontext=u:r:untrusted_app_29:s0:c106,c256,c512,c768 tclass=netlink_route_socket app=com.smile.gifmaker
07-21 16:23:54.679 2989 2989 I auditd : type=1400 audit(0.0:14608): avc: granted { nlmsg_readpriv } for comm="ela_global-io" scontext=u:r:untrusted_app_29:s0:c106,c256,c512,c768 tcontext=u:r:untrusted_app_29:s0:c106,c256,c512,c768 tclass=netlink_route_socket app=com.smile.gifmaker
07-21 16:23:54.683 2989 2989 I auditd : type=1400 audit(0.0:14609): avc: granted { nlmsg_readpriv } for comm="ela_global-io" scontext=u:r:untrusted_app_29:s0:c106,c256,c512,c768 tcontext=u:r:untrusted_app_29:s0:c106,c256,c512,c768 tclass=netlink_route_socket app=com.smile.gifmaker
07-21 16:23:54.776 1563 9082 I am_kill : [0,2804,com.qiyi.video,905,empty #2]
07-21 16:23:55.012 1563 1701 I am_proc_start: [0,3598,10106,com.smile.gifmaker:push_v3,service,{com.smile.gifmaker/com.kwai.android.dispatcher.PushV3ProcessLauncherService}]
07-21 16:23:55.038 0 0 I [ 3421.958841] binder: 3598:3598 ioctl 40046210 ff9965c8 returned -22
07-21 16:23:55.043 1563 21026 I am_proc_bound: [0,3598,com.smile.gifmaker:push_v3]
07-21 16:23:55.241 0 0 W [ 3422.162938] audit: audit_lost=11147 audit_rate_limit=5 audit_backlog_limit=64
07-21 16:23:55.242 0 0 E [ 3422.162943] audit: rate limit exceeded
07-21 16:23:56.460 1563 21026 I am_kill : [0,2989,com.smile.gifmaker,915,empty #2]
07-21 16:23:56.709 1563 21026 I am_kill : [0,3598,com.smile.gifmaker:push_v3,905,empty #2]
07-21 16:23:56.711 1563 21026 I am_kill : [0,3539,com.tencent.mobileqq,915,empty #3]
07-21 16:23:56.729 0 0 I [ 3423.654693] binder: undelivered transaction 1734413, process died.
07-21 16:23:56.729 1563 1791 I am_proc_died: [0,2804,com.qiyi.video,905,19]
07-21 16:23:56.731 1563 1791 I am_uid_stopped: 10122
07-21 16:23:56.750 0 0 I [ 3423.672678] init: Untracked pid 3575 received signal 9
07-21 16:23:56.750 0 0 I [ 3423.673285] init: Untracked pid 3574 received signal 9
07-21 16:23:56.771 1563 2231 I am_proc_died: [0,3539,com.tencent.mobileqq,915,19]
07-21 16:23:56.774 0 0 I [ 3423.696289] binder: send failed reply for transaction 1736103 to 3401:3865
07-21 16:23:56.783 1563 1701 I am_proc_start: [0,3879,10095,com.tencent.mobileqq,content provider,{com.tencent.mobileqq/com.tencent.mqq.shared_file_accessor.ContentProviderImpl}]
07-21 16:23:56.812 0 0 I [ 3423.737664] binder: 3879:3879 ioctl 40046210 7ff1724834 returned -22
07-21 16:23:56.820 1563 10187 I am_proc_bound: [0,3879,com.tencent.mobileqq]
07-21 16:23:56.831 1563 6493 I am_proc_died: [0,2989,com.smile.gifmaker,915,19]
07-21 16:23:56.833 1563 6493 I am_kill : [0,3401,com.tencent.mobileqq:MSF,915,empty #2]
07-21 16:23:56.834 1563 21017 I am_proc_died: [0,3598,com.smile.gifmaker:push_v3,905,19]
07-21 16:23:56.835 1563 21017 I am_uid_stopped: 10106
07-21 16:23:56.866 1563 1689 I commit_sys_config_file: [notification-policy,3414489]
07-21 16:23:56.873 1563 21017 I am_proc_died: [0,3401,com.tencent.mobileqq:MSF,915,19]
07-21 16:23:59.666 0 0 I [ 3426.588495] init: processing action (sys.tlog.tlogdshc.active=1) from (/system/etc/init/tlogd.rc:198)
07-21 16:23:59.666 0 0 I [ 3426.589458] init: starting service 'tlogdshc'...
07-21 16:23:59.782 0 0 I [ 3426.705621] init: Service 'tlogdshc' (pid 3959) exited with status 0 oneshot service took 0.110000 seconds in background
07-21 16:23:59.782 0 0 I [ 3426.705651] init: Sending signal 9 to service 'tlogdshc' (pid 3959) process group...
07-21 16:23:59.782 0 0 I [ 3426.705841] libprocessgroup: Successfully killed process cgroup uid 0 pid 3959 in 0ms
07-21 16:24:29.670 0 0 I [ 3456.593238] init: processing action (sys.tlog.tlogdshc.active=1) from (/system/etc/init/tlogd.rc:198)
07-21 16:24:29.670 0 0 I [ 3456.594007] init: starting service 'tlogdshc'...
07-21 16:24:29.786 0 0 I [ 3456.711728] init: Service 'tlogdshc' (pid 4051) exited with status 0 oneshot service took 0.112000 seconds in background
07-21 16:24:29.786 0 0 I [ 3456.711758] init: Sending signal 9 to service 'tlogdshc' (pid 4051) process group...
07-21 16:24:29.786 0 0 I [ 3456.711944] libprocessgroup: Successfully killed process cgroup uid 0 pid 4051 in 0ms
07-21 16:24:39.767 1563 1845 I netstats_mobile_sample: [0,0,0,0,0,0,0,0,0,0,0,0,1689927879767]
07-21 16:24:39.768 1563 1845 I netstats_wifi_sample: [6866960,8155,10903196,17792,6866960,8155,10903196,17792,93870302,101018,8713034,15911,1689927879767]
07-21 16:24:59.674 0 0 I [ 3486.597519] init: processing action (sys.tlog.tlogdshc.active=1) from (/system/etc/init/tlogd.rc:198)
07-21 16:24:59.674 0 0 I [ 3486.598254] init: starting service 'tlogdshc'...
07-21 16:24:59.786 0 0 I [ 3486.709111] init: Service 'tlogdshc' (pid 4148) exited with status 0 oneshot service took 0.105000 seconds in background
07-21 16:24:59.786 0 0 I [ 3486.709144] init: Sending signal 9 to service 'tlogdshc' (pid 4148) process group...
07-21 16:24:59.786 0 0 I [ 3486.709327] libprocessgroup: Successfully killed process cgroup uid 0 pid 4148 in 0ms
07-21 16:25:08.046 1563 1700 I am_uid_idle: 10023
07-21 16:25:08.523 0 0 D [ 3495.448846] cnss: Runtime suspend start
07-21 16:25:08.524 0 0 I [ 3495.449169] [kworke][0xfa359d89a][16: 25:08.523524] wlan: [54:I:PMO] pmo_core_is_wow_applicable: 319: lpass enabled, enabling wow
07-21 16:25:08.524 0 0 I [ 3495.449215] [kworke][0xfa359dc30][16: 25:08.523571] wlan: [54:I:PMO] pmo_core_enable_wow_in_fw: 807: drv wow is enabled
07-21 16:25:08.524 0 0 I [ 3495.449221] [kworke][0xfa359dca6][16: 25:08.523578] wlan: [54:I:PMO] pmo_core_enable_wow_in_fw: 820: RTPM wow
07-21 16:25:08.524 0 0 I [ 3495.449238] [kworke][0xfa359dde9][16: 25:08.523594] wlan: [54:I:WMI] send_wow_enable_cmd_tlv: 1831: suspend type: WOW_IFACE_PAUSE_ENABLED flag is 0x10
07-21 16:25:08.566 0 0 D [ 3495.491022] cnss: Setting MHI state: SUSPEND(6)
07-21 16:25:08.566 0 0 D [ 3495.491052] cnss: Suspending PCI link
07-21 16:25:08.566 0 0 D [ 3495.491056] cnss: Use PCIe DRV suspend
07-21 16:25:08.572 0 0 D [ 3495.496382] cnss: Runtime suspend status: 0
07-21 16:25:09.338 0 0 D [ 3496.260532] cnss: Runtime resume start
07-21 16:25:09.338 0 0 D [ 3496.260604] cnss: Resuming PCI link
07-21 16:25:09.338 0 0 D [ 3496.262185] cnss: Set PCI link status to: 2
07-21 16:25:09.338 0 0 D [ 3496.262218] cnss: Setting MHI state: RESUME(7)
07-21 16:25:09.338 0 0 I [ 3496.263203] [kworke][0xfa4485479][16: 25:09.337549] wlan: [30357:I:PMO] pmo_core_psoc_send_host_wakeup_ind_to_fw: 1225: Host wakeup indication sent to fw
07-21 16:25:09.350 0 0 D [ 3496.276023] cnss: Runtime resume status: 0
07-21 16:25:09.350 0 0 D [ 3496.276113] cnss: Runtime idle
07-21 16:25:29.682 0 0 I [ 3516.606256] init: processing action (sys.tlog.tlogdshc.active=1) from (/system/etc/init/tlogd.rc:198)
07-21 16:25:29.682 0 0 I [ 3516.606935] init: starting service 'tlogdshc'...
07-21 16:25:29.798 0 0 I [ 3516.722426] init: Service 'tlogdshc' (pid 4230) exited with status 0 oneshot service took 0.110000 seconds in background
07-21 16:25:29.798 0 0 I [ 3516.722458] init: Sending signal 9 to service 'tlogdshc' (pid 4230) process group...
07-21 16:25:29.798 0 0 I [ 3516.722654] libprocessgroup: Successfully killed process cgroup uid 0 pid 4230 in 0ms
07-21 16:25:52.078 1563 1845 I netstats_mobile_sample: [0,0,0,0,0,0,0,0,0,0,0,0,1689927952078]
07-21 16:25:52.079 1563 1845 I netstats_wifi_sample: [6999935,8302,11126852,18153,6999935,8302,11126852,18153,95704302,103002,8891366,16236,1689927952078]
07-21 16:25:53.016 1563 1700 I am_uid_running: 10058
07-21 16:25:53.020 1563 1861 I am_uid_active: 10023
07-21 16:25:53.037 1563 1701 I am_proc_start: [0,4314,10058,com.qualcomm.timeservice,broadcast,{com.qualcomm.timeservice/com.qualcomm.timeservice.TimeServiceBroadcastReceiver}]
07-21 16:25:53.044 1563 1699 I am_pss : [2587,10079,com.android.launcher3,78662656,72716288,45056,188022784,0,6,10]
07-21 16:25:53.057 0 0 I [ 3539.992857] binder: 4314:4314 ioctl 40046210 7ff1724834 returned -22
07-21 16:25:53.061 1563 21009 I am_proc_bound: [0,4314,com.qualcomm.timeservice]
07-21 16:25:53.107 1563 21017 I am_uid_running: 10122
07-21 16:25:53.109 1563 21017 I am_kill : [0,3879,com.tencent.mobileqq,905,empty #2]
07-21 16:25:53.123 1563 1701 I am_proc_start: [0,4338,10122,com.qiyi.video,broadcast,{com.qiyi.video/androidx.work.impl.background.systemalarm.RescheduleReceiver}]
07-21 16:25:53.146 0 0 I [ 3540.085064] binder: 4338:4338 ioctl 40046210 7ff1724834 returned -22
07-21 16:25:53.147 1563 21017 I am_proc_died: [0,3879,com.tencent.mobileqq,905,19]
07-21 16:25:53.147 1563 21017 I am_uid_stopped: 10095
07-21 16:25:53.150 1563 21009 I am_proc_bound: [0,4338,com.qiyi.video]
07-21 16:25:53.156 1563 1699 I am_pss : [3930,10063,com.qualcomm.qti.devicestatisticsservice,5735424,3588096,46080,86179840,0,0,6]
07-21 16:25:53.540 1563 1563 I am_uid_running: 10095
07-21 16:25:53.542 1563 1563 I am_uid_running: 10106
07-21 16:25:53.557 1563 1701 I am_proc_start: [0,4449,10095,com.tencent.mobileqq:MSF,service,{com.tencent.mobileqq/com.tencent.mobileqq.msf.service.MSFAliveJobService}]
07-21 16:25:53.569 1563 1701 I am_proc_start: [0,4454,10106,com.smile.gifmaker,service,{com.smile.gifmaker/androidx.work.impl.background.systemjob.SystemJobService}]
07-21 16:25:53.590 0 0 I [ 3540.525664] binder: 4449:4449 ioctl 40046210 7ff1724834 returned -22
07-21 16:25:53.594 0 0 I [ 3540.531844] binder: 4454:4454 ioctl 40046210 ff9965c8 returned -22
07-21 16:25:53.591 1563 21009 I am_proc_bound: [0,4449,com.tencent.mobileqq:MSF]
07-21 16:25:53.598 1563 21017 I am_proc_bound: [0,4454,com.smile.gifmaker]
07-21 16:25:53.659 1563 1701 I am_proc_start: [0,4508,10095,com.tencent.mobileqq,content provider,{com.tencent.mobileqq/com.tencent.mqq.shared_file_accessor.ContentProviderImpl}]
07-21 16:25:53.667 0 0 I [ 3540.605105] binder: 4508:4508 ioctl 40046210 7ff1724834 returned -22
07-21 16:25:53.669 1563 21017 I am_proc_bound: [0,4508,com.tencent.mobileqq]
07-21 16:25:53.691 4338 4338 I auditd : type=1400 audit(0.0:14637): avc: granted { execute } for comm="tmn-5-0" path="/data/data/com.qiyi.video/app_native_lib/com.iqiyi.fastdns/1.1.3.60/arm64-v8a/libfastdns.so" dev="dm-13" ino=75510 scontext=u:r:untrusted_app:s0:c122,c256,c512,c768 tcontext=u:object_r:app_data_file:s0:c122,c256,c512,c768 tclass=file app=com.qiyi.video
07-21 16:25:53.747 4454 4454 I auditd : type=1400 audit(0.0:14638): avc: denied { open } for comm="dfp_oaid_thread" path="/dev/__properties__/u:object_r:vendor_default_prop:s0" dev="tmpfs" ino=2356 scontext=u:r:untrusted_app_29:s0:c106,c256,c512,c768 tcontext=u:object_r:vendor_default_prop:s0 tclass=file permissive=1 app=com.smile.gifmaker
07-21 16:25:53.747 4454 4454 I auditd : type=1400 audit(0.0:14639): avc: denied { getattr } for comm="dfp_oaid_thread" path="/dev/__properties__/u:object_r:vendor_default_prop:s0" dev="tmpfs" ino=2356 scontext=u:r:untrusted_app_29:s0:c106,c256,c512,c768 tcontext=u:object_r:vendor_default_prop:s0 tclass=file permissive=1 app=com.smile.gifmaker
07-21 16:25:53.747 4454 4454 I auditd : type=1400 audit(0.0:14640): avc: denied { map } for comm="dfp_oaid_thread" path="/dev/__properties__/u:object_r:vendor_default_prop:s0" dev="tmpfs" ino=2356 scontext=u:r:untrusted_app_29:s0:c106,c256,c512,c768 tcontext=u:object_r:vendor_default_prop:s0 tclass=file permissive=1 app=com.smile.gifmaker
07-21 16:25:53.855 4338 4338 I auditd : type=1400 audit(0.0:14641): avc: granted { execute } for comm="AutoName_com/qq" path="/data/data/com.qiyi.video/app_e_qq_com_plugin_138a072b26cc7e69d16ffdad8a1875d7/oat/arm64/gdt_plugin.odex" dev="dm-13" ino=190242 scontext=u:r:untrusted_app:s0:c122,c256,c512,c768 tcontext=u:object_r:app_data_file:s0:c122,c256,c512,c768 tclass=file app=com.qiyi.video
07-21 16:25:53.887 1563 21009 I am_kill : [0,4314,com.qualcomm.timeservice,905,empty #2]
07-21 16:25:53.908 1563 21009 I am_proc_died: [0,4314,com.qualcomm.timeservice,905,19]
07-21 16:25:53.908 1563 21009 I am_uid_stopped: 10058
07-21 16:25:53.983 1563 1689 I commit_sys_config_file: [notification-policy,3531620]
07-21 16:25:54.043 4454 4730 I liblog : 71
07-21 16:25:54.122 0 0 W [ 3541.056219] audit: audit_lost=11152 audit_rate_limit=5 audit_backlog_limit=64
07-21 16:25:54.122 0 0 E [ 3541.056224] audit: rate limit exceeded
07-21 16:25:54.612 0 0 I [ 3541.548911] binder: release 4508:4527 transaction 1739597 in, still active
07-21 16:25:54.613 0 0 I [ 3541.548919] binder: send failed reply for transaction 1739597 to 4449:4798
07-21 16:25:54.641 0 0 I [ 3541.579048] binder: 4825:4825 ioctl 40046210 7ff1724834 returned -22
07-21 16:25:54.515 1563 10185 I am_kill : [0,4508,com.tencent.mobileqq,915,empty #2]
07-21 16:25:54.516 1563 10185 I am_kill : [0,4338,com.qiyi.video,905,empty #3]
07-21 16:25:54.570 1563 1689 I commit_sys_config_file: [notification-policy,3532206]
07-21 16:25:54.612 1563 10185 I am_proc_died: [0,4508,com.tencent.mobileqq,915,19]
07-21 16:25:54.625 1563 1701 I am_proc_start: [0,4825,10095,com.tencent.mobileqq,content provider,{com.tencent.mobileqq/com.tencent.mqq.shared_file_accessor.ContentProviderImpl}]
07-21 16:25:54.647 1563 21017 I am_proc_bound: [0,4825,com.tencent.mobileqq]
07-21 16:25:54.775 1563 21017 I am_kill : [0,4449,com.tencent.mobileqq:MSF,905,empty #2]
07-21 16:25:54.829 1563 21017 I am_kill : [0,4825,com.tencent.mobileqq,905,empty #2]
07-21 16:25:54.823 4454 4454 I auditd : type=1400 audit(0.0:14649): avc: denied { open } for comm="pool-2-thread-6" path="/proc/4454/net/tcp" dev="proc" ino=4026532256 scontext=u:r:untrusted_app_29:s0:c106,c256,c512,c768 tcontext=u:object_r:proc_net_tcp_udp:s0 tclass=file permissive=1 app=com.smile.gifmaker
07-21 16:25:54.823 4454 4454 I auditd : type=1400 audit(0.0:14650): avc: denied { getattr } for comm="pool-2-thread-6" path="/proc/4454/net/tcp" dev="proc" ino=4026532256 scontext=u:r:untrusted_app_29:s0:c106,c256,c512,c768 tcontext=u:object_r:proc_net_tcp_udp:s0 tclass=file permissive=1 app=com.smile.gifmaker
07-21 16:25:54.887 1563 21017 I am_proc_died: [0,4825,com.tencent.mobileqq,905,19]
07-21 16:25:54.913 1563 1701 I am_proc_start: [0,4855,10095,com.tencent.mobileqq,restart,com.tencent.mobileqq]
07-21 16:25:54.918 1563 21017 I am_proc_died: [0,4449,com.tencent.mobileqq:MSF,905,19]
07-21 16:25:54.927 4454 4454 I auditd : type=1400 audit(0.0:14651): avc: granted { nlmsg_readpriv } for comm="ela_global-io" scontext=u:r:untrusted_app_29:s0:c106,c256,c512,c768 tcontext=u:r:untrusted_app_29:s0:c106,c256,c512,c768 tclass=netlink_route_socket app=com.smile.gifmaker
07-21 16:25:54.927 4454 4454 I auditd : type=1400 audit(0.0:14652): avc: granted { nlmsg_readpriv } for comm="ela_global-io" scontext=u:r:untrusted_app_29:s0:c106,c256,c512,c768 tcontext=u:r:untrusted_app_29:s0:c106,c256,c512,c768 tclass=netlink_route_socket app=com.smile.gifmaker
07-21 16:25:54.934 0 0 I [ 3541.870248] binder: 4855:4855 ioctl 40046210 7ff1724834 returned -22
07-21 16:25:54.939 1563 21017 I am_proc_bound: [0,4855,com.tencent.mobileqq]
07-21 16:25:55.153 1563 1701 I am_proc_start: [0,4891,10106,com.smile.gifmaker:push_v3,service,{com.smile.gifmaker/com.kwai.android.dispatcher.PushV3ProcessLauncherService}]
07-21 16:25:55.178 0 0 I [ 3542.112401] binder: 4891:4891 ioctl 40046210 ff9965c8 returned -22
07-21 16:25:55.181 1563 21017 I am_proc_bound: [0,4891,com.smile.gifmaker:push_v3]
07-21 16:25:55.486 0 0 W [ 3542.423038] audit: audit_lost=11178 audit_rate_limit=5 audit_backlog_limit=64
07-21 16:25:55.486 0 0 E [ 3542.423045] audit: rate limit exceeded
07-21 16:25:56.159 4454 4454 I auditd : type=1400 audit(0.0:14678): avc: granted { nlmsg_readpriv } for comm="ThreadPoolForeg" scontext=u:r:untrusted_app_29:s0:c106,c256,c512,c768 tcontext=u:r:untrusted_app_29:s0:c106,c256,c512,c768 tclass=netlink_route_socket app=com.smile.gifmaker
07-21 16:25:56.208 1563 2229 I am_proc_died: [0,4338,com.qiyi.video,905,19]
07-21 16:25:56.209 1563 2229 I am_kill : [0,4454,com.smile.gifmaker,905,empty #2]
07-21 16:25:56.210 1563 2229 I am_uid_stopped: 10122
07-21 16:25:56.310 1563 13803 I am_kill : [0,4855,com.tencent.mobileqq,905,empty #2]
07-21 16:25:56.388 1563 13803 I am_proc_died: [0,4855,com.tencent.mobileqq,905,19]
07-21 16:25:56.388 1563 13803 I am_uid_stopped: 10095
07-21 16:25:56.419 1563 24291 I am_proc_died: [0,4454,com.smile.gifmaker,905,19]
07-21 16:25:56.420 0 0 I [ 3543.357044] binder: undelivered transaction 1740867, process died.
07-21 16:25:56.502 1563 1689 I commit_sys_config_file: [jobs,4]
07-21 16:25:56.687 4891 4891 I auditd : type=1400 audit(0.0:14679): avc: denied { read } for comm="pool-2-thread-6" name="tcp" dev="proc" ino=4026532256 scontext=u:r:untrusted_app_29:s0:c106,c256,c512,c768 tcontext=u:object_r:proc_net_tcp_udp:s0 tclass=file permissive=1 app=com.smile.gifmaker
07-21 16:25:56.687 4891 4891 I auditd : type=1400 audit(0.0:14680): avc: denied { open } for comm="pool-2-thread-6" path="/proc/4891/net/tcp" dev="proc" ino=4026532256 scontext=u:r:untrusted_app_29:s0:c106,c256,c512,c768 tcontext=u:object_r:proc_net_tcp_udp:s0 tclass=file permissive=1 app=com.smile.gifmaker
07-21 16:25:56.687 4891 4891 I auditd : type=1400 audit(0.0:14681): avc: denied { getattr } for comm="pool-2-thread-6" path="/proc/4891/net/tcp" dev="proc" ino=4026532256 scontext=u:r:untrusted_app_29:s0:c106,c256,c512,c768 tcontext=u:object_r:proc_net_tcp_udp:s0 tclass=file permissive=1 app=com.smile.gifmaker
07-21 16:25:56.713 0 0 W [ 3543.651369] audit: audit_lost=11183 audit_rate_limit=5 audit_backlog_limit=64
07-21 16:25:56.713 0 0 E [ 3543.651374] audit: rate limit exceeded
07-21 16:25:56.707 4891 4891 I auditd : type=1400 audit(0.0:14682): avc: denied { open } for comm="pool-2-thread-6" path="/dev/__properties__/u:object_r:vendor_default_prop:s0" dev="tmpfs" ino=2356 scontext=u:r:untrusted_app_29:s0:c106,c256,c512,c768 tcontext=u:object_r:vendor_default_prop:s0 tclass=file permissive=1 app=com.smile.gifmaker
07-21 16:25:59.674 0 0 I [ 3546.611026] init: processing action (sys.tlog.tlogdshc.active=1) from (/system/etc/init/tlogd.rc:198)
07-21 16:25:59.674 0 0 I [ 3546.612004] init: starting service 'tlogdshc'...
07-21 16:25:59.789 0 0 I [ 3546.726494] init: Service 'tlogdshc' (pid 5065) exited with status 0 oneshot service took 0.109000 seconds in background
07-21 16:25:59.789 0 0 I [ 3546.726527] init: Sending signal 9 to service 'tlogdshc' (pid 5065) process group...
07-21 16:25:59.789 0 0 I [ 3546.726719] libprocessgroup: Successfully killed process cgroup uid 0 pid 5065 in 0ms
07-21 16:26:29.678 0 0 I [ 3576.615124] init: processing action (sys.tlog.tlogdshc.active=1) from (/system/etc/init/tlogd.rc:198)
07-21 16:26:29.678 0 0 I [ 3576.615770] init: starting service 'tlogdshc'...
07-21 16:26:29.785 0 0 I [ 3576.721177] init: Service 'tlogdshc' (pid 5161) exited with status 0 oneshot service took 0.100000 seconds in background
07-21 16:26:29.786 0 0 I [ 3576.721205] init: Sending signal 9 to service 'tlogdshc' (pid 5161) process group...
07-21 16:26:29.786 0 0 I [ 3576.721389] libprocessgroup: Successfully killed process cgroup uid 0 pid 5161 in 0ms
07-21 16:26:44.669 1563 1700 I am_uid_running: 10117
07-21 16:26:44.693 1563 1701 I am_proc_start: [0,5256,10117,com.wandoujia.phoenix2:aid,broadcast,{com.wandoujia.phoenix2/com.r2.diablo.appbundle.upgrade.alarm.AlarmReceiver}]
07-21 16:26:44.725 0 0 I [ 3591.662100] binder: 5256:5256 ioctl 40046210 7ff1724834 returned -22
07-21 16:26:44.731 1563 10187 I am_proc_bound: [0,5256,com.wandoujia.phoenix2:aid]
07-21 16:26:44.737 1563 10187 I am_uid_active: 10117
07-21 16:26:45.919 5256 5256 I auditd : type=1400 audit(0.0:14688): avc: granted { execute } for comm="ia.phoenix2:aid" path="/data/user/0/com.wandoujia.phoenix2/storage/afu_base_dir/versions/1/lib/arm/libmmkv.so" dev="dm-13" ino=184064 scontext=u:r:untrusted_app_27:s0:c512,c768 tcontext=u:object_r:app_data_file:s0:c512,c768 tclass=file app=com.wandoujia.phoenix2
07-21 16:26:46.339 5256 5256 I auditd : type=1400 audit(0.0:14689): avc: granted { execute } for comm="ia.phoenix2:aid" path="/data/user/0/com.wandoujia.phoenix2/storage/afu_base_dir/versions/1/lib/arm/libsgmainso-6.5.97.so" dev="dm-13" ino=183897 scontext=u:r:untrusted_app_27:s0:c512,c768 tcontext=u:object_r:app_data_file:s0:c512,c768 tclass=file app=com.wandoujia.phoenix2
07-21 16:26:46.363 5256 5256 I auditd : type=1400 audit(0.0:14690): avc: granted { execute } for comm=4173796E635461736B202331 path="/data/user/0/com.wandoujia.phoenix2/storage/afu_base_dir/versions/1/lib/arm/libc++_shared.so" dev="dm-13" ino=182158 scontext=u:r:untrusted_app_27:s0:c512,c768 tcontext=u:object_r:app_data_file:s0:c512,c768 tclass=file app=com.wandoujia.phoenix2
07-21 16:26:46.363 5256 5256 I auditd : type=1400 audit(0.0:14691): avc: granted { execute } for comm=4173796E635461736B202331 path="/data/user/0/com.wandoujia.phoenix2/storage/afu_base_dir/versions/1/lib/arm/libpexwebp.so" dev="dm-13" ino=184153 scontext=u:r:untrusted_app_27:s0:c512,c768 tcontext=u:object_r:app_data_file:s0:c512,c768 tclass=file app=com.wandoujia.phoenix2
07-21 16:26:46.367 5256 5256 I auditd : type=1400 audit(0.0:14692): avc: granted { execute } for comm=4173796E635461736B202331 path="/data/user/0/com.wandoujia.phoenix2/storage/afu_base_dir/versions/1/lib/arm/libpexgif.so" dev="dm-13" ino=184056 scontext=u:r:untrusted_app_27:s0:c512,c768 tcontext=u:object_r:app_data_file:s0:c512,c768 tclass=file app=com.wandoujia.phoenix2
07-21 16:26:46.378 0 0 W [ 3593.314399] audit: audit_lost=11188 audit_rate_limit=5 audit_backlog_limit=64
07-21 16:26:46.378 0 0 E [ 3593.314402] audit: rate limit exceeded
07-21 16:26:46.575 1563 1791 I am_kill : [0,4891,com.smile.gifmaker:push_v3,905,empty #2]
07-21 16:26:46.654 1563 1791 I am_proc_died: [0,4891,com.smile.gifmaker:push_v3,905,19]
07-21 16:26:46.655 1563 1791 I am_uid_stopped: 10106
07-21 16:26:46.657 1563 1791 I am_kill : [0,705,com.android.providers.calendar,915,empty #2]
07-21 16:26:46.676 1563 10187 I am_proc_died: [0,705,com.android.providers.calendar,915,19]
07-21 16:26:46.677 1563 10187 I am_uid_stopped: 10023
07-21 16:26:46.995 5256 5256 I auditd : type=1400 audit(0.0:14708): avc: granted { nlmsg_readpriv } for comm="DaemonThread-6" scontext=u:r:untrusted_app_27:s0:c512,c768 tcontext=u:r:untrusted_app_27:s0:c512,c768 tclass=netlink_route_socket app=com.wandoujia.phoenix2
07-21 16:26:51.831 5256 5256 I auditd : type=1400 audit(0.0:14709): avc: granted { execute } for comm=4D544F5053444B2052657175657374 path="/data/user/0/com.wandoujia.phoenix2/storage/afu_base_dir/versions/1/lib/arm/libxquic.so" dev="dm-13" ino=184306 scontext=u:r:untrusted_app_27:s0:c512,c768 tcontext=u:object_r:app_data_file:s0:c512,c768 tclass=file app=com.wandoujia.phoenix2
07-21 16:26:51.831 5256 5256 I auditd : type=1400 audit(0.0:14710): avc: granted { execute } for comm=4D544F5053444B2052657175657374 path="/data/user/0/com.wandoujia.phoenix2/storage/afu_base_dir/versions/1/lib/arm/libtnet-4.0.0.so" dev="dm-13" ino=184255 scontext=u:r:untrusted_app_27:s0:c512,c768 tcontext=u:object_r:app_data_file:s0:c512,c768 tclass=file app=com.wandoujia.phoenix2
07-21 16:26:52.435 1563 1701 I am_proc_start: [0,5449,10117,com.wandoujia.phoenix2,content provider,{com.wandoujia.phoenix2/com.taobao.aranger.core.ipc.provider.ARangerProvider}]
07-21 16:26:52.461 0 0 I [ 3599.398004] binder: 5449:5449 ioctl 40046210 7ff1724834 returned -22
07-21 16:26:52.466 1563 10016 I am_proc_bound: [0,5449,com.wandoujia.phoenix2]
07-21 16:26:53.065 1563 1700 I am_uid_running: 10106
07-21 16:26:53.080 1563 1701 I am_proc_start: [0,5466,10106,com.smile.gifmaker,broadcast,{com.smile.gifmaker/com.xiaomi.push.service.receivers.PingReceiver}]
07-21 16:26:53.105 0 0 I [ 3600.041827] binder: 5466:5466 ioctl 40046210 ff9965c8 returned -22
07-21 16:26:53.113 1563 10016 I am_proc_bound: [0,5466,com.smile.gifmaker]
07-21 16:26:53.115 1563 10016 I am_kill : [0,5256,com.wandoujia.phoenix2:aid,905,empty #2]
07-21 16:26:53.116 1563 10016 I am_uid_active: 10106
07-21 16:26:53.151 587 587 I auditd : type=1400 audit(0.0:14711): avc: denied { read } for comm="Binder:587_2" name="wakeup58" dev="sysfs" ino=72284 scontext=u:r:system_suspend:s0 tcontext=u:object_r:sysfs:s0 tclass=dir permissive=1
07-21 16:26:53.151 587 587 I auditd : type=1400 audit(0.0:14712): avc: denied { open } for comm="Binder:587_2" path="/sys/devices/virtual/misc/msm_g711mlaw/wakeup58" dev="sysfs" ino=72284 scontext=u:r:system_suspend:s0 tcontext=u:object_r:sysfs:s0 tclass=dir permissive=1
07-21 16:26:53.151 587 587 I auditd : type=1400 audit(0.0:14713): avc: denied { read } for comm="Binder:587_2" name="event_count" dev="sysfs" ino=72291 scontext=u:r:system_suspend:s0 tcontext=u:object_r:sysfs:s0 tclass=file permissive=1
07-21 16:26:53.151 587 587 I auditd : type=1400 audit(0.0:14714): avc: denied { open } for comm="Binder:587_2" path="/sys/devices/virtual/misc/msm_g711mlaw/wakeup58/event_count" dev="sysfs" ino=72291 scontext=u:r:system_suspend:s0 tcontext=u:object_r:sysfs:s0 tclass=file permissive=1
07-21 16:26:53.151 587 587 I auditd : type=1400 audit(0.0:14715): avc: denied { getattr } for comm="Binder:587_2" path="/sys/devices/virtual/misc/msm_g711mlaw/wakeup58/event_count" dev="sysfs" ino=72291 scontext=u:r:system_suspend:s0 tcontext=u:object_r:sysfs:s0 tclass=file permissive=1
07-21 16:26:53.155 1563 1707 I service_manager_slow: [11,suspend_control_internal]
07-21 16:26:53.226 1563 1699 I commit_sys_config_file: [batterystats,12]
07-21 16:26:53.228 1563 1699 I commit_sys_config_file: [batterystats,2]
07-21 16:26:53.238 1563 10016 I am_proc_died: [0,5256,com.wandoujia.phoenix2:aid,905,19]
07-21 16:26:53.403 5466 5466 I auditd : type=1400 audit(0.0:14716): avc: denied { open } for comm="dfp_oaid_thread" path="/dev/__properties__/u:object_r:vendor_default_prop:s0" dev="tmpfs" ino=2356 scontext=u:r:untrusted_app_29:s0:c106,c256,c512,c768 tcontext=u:object_r:vendor_default_prop:s0 tclass=file permissive=1 app=com.smile.gifmaker
07-21 16:26:53.403 5466 5466 I auditd : type=1400 audit(0.0:14717): avc: denied { getattr } for comm="dfp_oaid_thread" path="/dev/__properties__/u:object_r:vendor_default_prop:s0" dev="tmpfs" ino=2356 scontext=u:r:untrusted_app_29:s0:c106,c256,c512,c768 tcontext=u:object_r:vendor_default_prop:s0 tclass=file permissive=1 app=com.smile.gifmaker
07-21 16:26:53.409 0 0 W [ 3600.345381] audit: audit_lost=11203 audit_rate_limit=5 audit_backlog_limit=64
07-21 16:26:53.412 0 0 E [ 3600.345385] audit: rate limit exceeded
07-21 16:26:53.799 5466 5565 I liblog : 53
07-21 16:26:53.967 1563 1701 I am_proc_start: [0,5579,10117,com.wandoujia.phoenix2:aid,content provider,{com.wandoujia.phoenix2/com.lib.common.sharedata.PPShareDataContentProvider}]
07-21 16:26:53.970 1563 10016 I am_kill : [0,5449,com.wandoujia.phoenix2,905,empty #2]
07-21 16:26:53.986 0 0 I [ 3600.921513] binder: 5579:5579 ioctl 40046210 7ff1724834 returned -22
07-21 16:26:53.987 1563 10016 I am_proc_bound: [0,5579,com.wandoujia.phoenix2:aid]
07-21 16:26:54.291 5466 5466 I auditd : type=1400 audit(0.0:14723): avc: granted { nlmsg_readpriv } for comm="ela_global-io" scontext=u:r:untrusted_app_29:s0:c106,c256,c512,c768 tcontext=u:r:untrusted_app_29:s0:c106,c256,c512,c768 tclass=netlink_route_socket app=com.smile.gifmaker
07-21 16:26:54.295 5466 5466 I auditd : type=1400 audit(0.0:14724): avc: granted { nlmsg_readpriv } for comm="ela_global-io" scontext=u:r:untrusted_app_29:s0:c106,c256,c512,c768 tcontext=u:r:untrusted_app_29:s0:c106,c256,c512,c768 tclass=netlink_route_socket app=com.smile.gifmaker
07-21 16:26:54.295 5466 5466 I auditd : type=1400 audit(0.0:14725): avc: granted { nlmsg_readpriv } for comm="ela_global-io" scontext=u:r:untrusted_app_29:s0:c106,c256,c512,c768 tcontext=u:r:untrusted_app_29:s0:c106,c256,c512,c768 tclass=netlink_route_socket app=com.smile.gifmaker
07-21 16:26:54.307 5466 5466 I auditd : type=1400 audit(0.0:14726): avc: granted { nlmsg_readpriv } for comm="ela_global-io" scontext=u:r:untrusted_app_29:s0:c106,c256,c512,c768 tcontext=u:r:untrusted_app_29:s0:c106,c256,c512,c768 tclass=netlink_route_socket app=com.smile.gifmaker
07-21 16:26:54.319 5466 5466 I auditd : type=1400 audit(0.0:14727): avc: granted { nlmsg_readpriv } for comm="ela_global-io" scontext=u:r:untrusted_app_29:s0:c106,c256,c512,c768 tcontext=u:r:untrusted_app_29:s0:c106,c256,c512,c768 tclass=netlink_route_socket app=com.smile.gifmaker
07-21 16:26:54.399 1563 10016 I am_proc_died: [0,5449,com.wandoujia.phoenix2,905,19]
07-21 16:26:54.400 1563 10016 I am_kill : [0,5466,com.smile.gifmaker,915,empty #2]
07-21 16:26:54.469 0 0 I [ 3601.407428] binder: undelivered TRANSACTION_COMPLETE
07-21 16:26:54.469 0 0 I [ 3601.407438] binder: undelivered transaction 1743006, process died.
07-21 16:26:54.470 1563 19837 I am_proc_died: [0,5466,com.smile.gifmaker,915,19]
07-21 16:26:54.471 1563 19837 I am_uid_stopped: 10106
07-21 16:26:55.351 5579 5579 I auditd : type=1400 audit(0.0:14741): avc: granted { execute } for comm="ia.phoenix2:aid" path="/data/user/0/com.wandoujia.phoenix2/storage/afu_base_dir/versions/1/lib/arm/libmmkv.so" dev="dm-13" ino=184064 scontext=u:r:untrusted_app_27:s0:c512,c768 tcontext=u:object_r:app_data_file:s0:c512,c768 tclass=file app=com.wandoujia.phoenix2
07-21 16:26:55.775 5579 5579 I auditd : type=1400 audit(0.0:14742): avc: granted { execute } for comm="ia.phoenix2:aid" path="/data/user/0/com.wandoujia.phoenix2/storage/afu_base_dir/versions/1/lib/arm/libsgmainso-6.5.97.so" dev="dm-13" ino=183897 scontext=u:r:untrusted_app_27:s0:c512,c768 tcontext=u:object_r:app_data_file:s0:c512,c768 tclass=file app=com.wandoujia.phoenix2
07-21 16:26:55.795 5579 5579 I auditd : type=1400 audit(0.0:14743): avc: granted { execute } for comm=4173796E635461736B202331 path="/data/user/0/com.wandoujia.phoenix2/storage/afu_base_dir/versions/1/lib/arm/libc++_shared.so" dev="dm-13" ino=182158 scontext=u:r:untrusted_app_27:s0:c512,c768 tcontext=u:object_r:app_data_file:s0:c512,c768 tclass=file app=com.wandoujia.phoenix2
07-21 16:26:55.795 5579 5579 I auditd : type=1400 audit(0.0:14744): avc: granted { execute } for comm=4173796E635461736B202331 path="/data/user/0/com.wandoujia.phoenix2/storage/afu_base_dir/versions/1/lib/arm/libpexwebp.so" dev="dm-13" ino=184153 scontext=u:r:untrusted_app_27:s0:c512,c768 tcontext=u:object_r:app_data_file:s0:c512,c768 tclass=file app=com.wandoujia.phoenix2
07-21 16:26:55.799 5579 5579 I auditd : type=1400 audit(0.0:14745): avc: granted { execute } for comm=4173796E635461736B202331 path="/data/user/0/com.wandoujia.phoenix2/storage/afu_base_dir/versions/1/lib/arm/libpexgif.so" dev="dm-13" ino=184056 scontext=u:r:untrusted_app_27:s0:c512,c768 tcontext=u:object_r:app_data_file:s0:c512,c768 tclass=file app=com.wandoujia.phoenix2
07-21 16:26:55.809 0 0 W [ 3602.747400] audit: audit_lost=11221 audit_rate_limit=5 audit_backlog_limit=64
07-21 16:26:55.809 0 0 E [ 3602.747406] audit: rate limit exceeded
07-21 16:26:56.475 5579 5579 I auditd : type=1400 audit(0.0:14762): avc: granted { nlmsg_readpriv } for comm="DaemonThread-6" scontext=u:r:untrusted_app_27:s0:c512,c768 tcontext=u:r:untrusted_app_27:s0:c512,c768 tclass=netlink_route_socket app=com.wandoujia.phoenix2
07-21 16:26:58.034 1563 1845 I netstats_mobile_sample: [0,0,0,0,0,0,0,0,0,0,0,0,1689928018034]
07-21 16:26:58.034 1563 1845 I netstats_wifi_sample: [7131078,8464,11329424,18484,7131078,8464,11329424,18484,97498854,105056,9053586,16533,1689928018034]
07-21 16:26:59.686 0 0 I [ 3606.620379] init: processing action (sys.tlog.tlogdshc.active=1) from (/system/etc/init/tlogd.rc:198)
07-21 16:26:59.686 0 0 I [ 3606.621407] init: starting service 'tlogdshc'...
07-21 16:26:59.817 0 0 I [ 3606.752987] init: Service 'tlogdshc' (pid 5702) exited with status 0 oneshot service took 0.125000 seconds in background
07-21 16:26:59.817 0 0 I [ 3606.753017] init: Sending signal 9 to service 'tlogdshc' (pid 5702) process group...
07-21 16:26:59.817 0 0 I [ 3606.753214] libprocessgroup: Successfully killed process cgroup uid 0 pid 5702 in 0ms
07-21 16:27:01.311 5579 5579 I auditd : type=1400 audit(0.0:14763): avc: granted { execute } for comm=4D544F5053444B2052657175657374 path="/data/user/0/com.wandoujia.phoenix2/storage/afu_base_dir/versions/1/lib/arm/libxquic.so" dev="dm-13" ino=184306 scontext=u:r:untrusted_app_27:s0:c512,c768 tcontext=u:object_r:app_data_file:s0:c512,c768 tclass=file app=com.wandoujia.phoenix2
07-21 16:27:01.311 5579 5579 I auditd : type=1400 audit(0.0:14764): avc: granted { execute } for comm=4D544F5053444B2052657175657374 path="/data/user/0/com.wandoujia.phoenix2/storage/afu_base_dir/versions/1/lib/arm/libtnet-4.0.0.so" dev="dm-13" ino=184255 scontext=u:r:untrusted_app_27:s0:c512,c768 tcontext=u:object_r:app_data_file:s0:c512,c768 tclass=file app=com.wandoujia.phoenix2
07-21 16:27:01.945 1563 1701 I am_proc_start: [0,5788,10117,com.wandoujia.phoenix2,content provider,{com.wandoujia.phoenix2/com.taobao.aranger.core.ipc.provider.ARangerProvider}]
07-21 16:27:01.970 0 0 I [ 3608.908656] binder: 5788:5788 ioctl 40046210 7ff1724834 returned -22
07-21 16:27:01.975 1563 19837 I am_proc_bound: [0,5788,com.wandoujia.phoenix2]
07-21 16:27:03.115 5788 5788 I auditd : type=1400 audit(0.0:14765): avc: granted { execute } for comm="doujia.phoenix2" path="/data/user/0/com.wandoujia.phoenix2/storage/afu_base_dir/versions/1/lib/arm/libmmkv.so" dev="dm-13" ino=184064 scontext=u:r:untrusted_app_27:s0:c512,c768 tcontext=u:object_r:app_data_file:s0:c512,c768 tclass=file app=com.wandoujia.phoenix2
07-21 16:27:03.294 1563 21017 I am_kill : [0,5579,com.wandoujia.phoenix2:aid,905,empty #2]
07-21 16:27:03.299 1563 1700 I am_wtf : [0,1563,system_server,-1,ContentProviderHelper,Existing provider com.wandoujia.phoenix2/com.lib.common.sharedata.PPShareDataContentProvider is crashing; detaching ProcessRecord{3a85c12 5788:com.wandoujia.phoenix2/u0a117}]
07-21 16:27:03.312 1563 1699 I commit_sys_config_file: [procstats,16]
07-21 16:27:03.357 1563 19837 I am_proc_died: [0,5579,com.wandoujia.phoenix2:aid,905,19]
07-21 16:27:03.373 1563 1701 I am_proc_start: [0,5837,10117,com.wandoujia.phoenix2:aid,content provider,{com.wandoujia.phoenix2/com.lib.common.sharedata.PPShareDataContentProvider}]
07-21 16:27:03.406 0 0 I [ 3610.342592] binder: 5837:5837 ioctl 40046210 7ff1724834 returned -22
07-21 16:27:03.412 1563 19837 I am_proc_bound: [0,5837,com.wandoujia.phoenix2:aid]
07-21 16:27:04.595 5837 5837 I auditd : type=1400 audit(0.0:14766): avc: granted { execute } for comm="ia.phoenix2:aid" path="/data/user/0/com.wandoujia.phoenix2/storage/afu_base_dir/versions/1/lib/arm/libmmkv.so" dev="dm-13" ino=184064 scontext=u:r:untrusted_app_27:s0:c512,c768 tcontext=u:object_r:app_data_file:s0:c512,c768 tclass=file app=com.wandoujia.phoenix2
07-21 16:27:04.891 5788 5788 I auditd : type=1400 audit(0.0:14767): avc: granted { execute } for comm="PPHttpLoadingTa" path="/data/user/0/com.wandoujia.phoenix2/storage/afu_base_dir/versions/1/lib/arm/libwdj_udid.so" dev="dm-13" ino=184246 scontext=u:r:untrusted_app_27:s0:c512,c768 tcontext=u:object_r:app_data_file:s0:c512,c768 tclass=file app=com.wandoujia.phoenix2
07-21 16:27:04.895 5788 5788 I auditd : type=1400 audit(0.0:14768): avc: granted { execute } for comm=4173796E635461736B202331 path="/data/user/0/com.wandoujia.phoenix2/storage/afu_base_dir/versions/1/lib/arm/libc++_shared.so" dev="dm-13" ino=182158 scontext=u:r:untrusted_app_27:s0:c512,c768 tcontext=u:object_r:app_data_file:s0:c512,c768 tclass=file app=com.wandoujia.phoenix2
07-21 16:27:04.895 5788 5788 I auditd : type=1400 audit(0.0:14769): avc: granted { execute } for comm=4173796E635461736B202331 path="/data/user/0/com.wandoujia.phoenix2/storage/afu_base_dir/versions/1/lib/arm/libpexwebp.so" dev="dm-13" ino=184153 scontext=u:r:untrusted_app_27:s0:c512,c768 tcontext=u:object_r:app_data_file:s0:c512,c768 tclass=file app=com.wandoujia.phoenix2
07-21 16:27:04.911 5874 5874 I auditd : type=1400 audit(0.0:14770): avc: denied { setattr } for comm="chmod" name="tmp" dev="dm-13" ino=105 scontext=u:r:untrusted_app_27:s0:c512,c768 tcontext=u:object_r:shell_data_file:s0 tclass=dir permissive=1 app=com.wandoujia.phoenix2
07-21 16:27:04.915 5788 5788 I auditd : type=1400 audit(0.0:14771): avc: granted { execute } for comm=4173796E635461736B202331 path="/data/user/0/com.wandoujia.phoenix2/storage/afu_base_dir/versions/1/lib/arm/libpexgif.so" dev="dm-13" ino=184056 scontext=u:r:untrusted_app_27:s0:c512,c768 tcontext=u:object_r:app_data_file:s0:c512,c768 tclass=file app=com.wandoujia.phoenix2
07-21 16:27:04.935 0 0 W [ 3611.868880] audit: audit_lost=11237 audit_rate_limit=5 audit_backlog_limit=64
07-21 16:27:04.935 0 0 E [ 3611.868886] audit: rate limit exceeded
