07-21 16:35:30.372 1563 1826 I input_focus: [Focus leaving recents_animation_input_consumer (server),reason=NOT_VISIBLE]
07-21 16:35:30.372 1563 1826 I input_focus: [Focus entering 28c4f40 com.android.launcher3/com.android.launcher3.uioverrides.QuickstepLauncher (server),reason=setFocusedWindow]
07-21 16:35:30.377 2587 2587 I wm_on_top_resumed_gained_called: [51676365,com.android.launcher3.uioverrides.QuickstepLauncher,topStateChangedWhenResumed]
07-21 16:35:30.383 13409 13409 I wm_on_stop_called: [182464186,com.tencent.tmgp.sgame.SGameActivity,STOP_ACTIVITY_ITEM]
07-21 16:35:30.403 1563 9082 D FreeFormWindowHelper: Current Display FreeFormTask is null
07-21 16:35:30.403 1563 9082 D FreeFormWindowHelper: Current Display FreeFormTask is null
07-21 16:35:30.404 1563 6493 I ActivityManager: Killing 20312:tv.danmaku.bilibilihd/u0a102 (adj 915): empty #2
07-21 16:35:30.404 1563 6493 I am_kill : [0,20312,tv.danmaku.bilibilihd,915,empty #2]
07-21 16:35:30.407 2071 4426 W ContextImpl: Calling a method in the system process without a qualified user: android.app.ContextImpl.startService:1816 android.content.ContextWrapper.startService:774 com.thundercomm.gamemode.ingame.services.GameModeActionUtils.startGameModeService:118 com.thundercomm.gamemode.ingame.services.GameModeActionUtils.startGameModeEntry:29 com.thundercomm.gamemode.ingame.services.ActivityMonitoringService$1.onActivityLaunch:145
07-21 16:35:30.411 1563 1563 I GameModeConfig: Current uri is uri = content://com.thundercomm.gamemode.api/gamemode_settings/gamemode_isgaming
07-21 16:35:30.412 1563 1563 I GameModeConfig: isGameModeOn = true
07-21 16:35:30.412 1563 1563 I GameModeConfig: isGaming = false
07-21 16:35:30.412 1563 1563 I GameModeConfig: isGameModeOn = true
07-21 16:35:30.412 1563 1563 I GameModeConfig: isGaming = false
07-21 16:35:30.412 1563 1563 I GameModeConfig: isDisableVoice = true
07-21 16:35:30.447 1563 6493 D FreeFormWindowHelper: Current Display FreeFormTask is null
07-21 16:35:30.448 0 0 I [ 4117.419175] binder: undelivered TRANSACTION_COMPLETE
07-21 16:35:30.448 0 0 I [ 4117.419181] binder: undelivered transaction 1914754, process died.
07-21 16:35:30.448 1563 21026 I am_proc_died: [0,20312,tv.danmaku.bilibilihd,915,19]
07-21 16:35:30.448 1563 21026 I am_uid_stopped: 10102
07-21 16:35:30.578 1563 1815 I commit_sys_config_file: [settings-1-0,1]
07-21 16:35:30.920 0 0 W [ 4117.892038] ALERT: changing window size from 20000000 to 16000000 at 4117892013303
07-21 16:35:30.960 0 0 I [ 4117.928921] [drm: dsi_display_set_mode] [msm-dsi-info]: mdp_transfer_time_us=0 us
07-21 16:35:30.960 0 0 I [ 4117.928924] [drm: dsi_display_set_mode] [msm-dsi-info]: hactive= 2560,vactive= 1080,fps=60
07-21 16:35:30.960 0 0 I [ 4117.929003] [MAX975X: max96755x_drm_notifier_callback] *INFO* receives BLANK: UNBLANK
07-21 16:35:30.987 1563 1690 I DisplayDeviceRepository: Display device changed: DisplayDeviceInfo{"内置屏幕": uniqueId="local:4630946816427681409", 2560 x 1080, modeId 1, defaultModeId 1, supportedModes [{id=1, width=2560, height=1080, fps=60.000004, alternativeRefreshRates=[30.000002, 45.0]}, {id=2, width=2560, height=1080, fps=45.0, alternativeRefreshRates=[30.000002, 60.000004]}, {id=3, width=2560, height=1080, fps=30.000002, alternativeRefreshRates=[45.0, 60.000004]}], colorMode 0, supportedColorModes [0], hdrCapabilities HdrCapabilities{mSupportedHdrTypes=[2, 3, 4], mMaxLuminance=500.0, mMaxAverageLuminance=500.0, mMinLuminance=0.0}, allmSupported false, gameContentTypeSupported false, density 240, 320.315 x 318.976 dpi, appVsyncOff 1000000, presDeadline 16666666, touch INTERNAL, rotation 0, type INTERNAL, address {port=129, model=0x40446d97fee5e6}, deviceProductInfo DeviceProductInfo{name=, manufacturerPnpId=QCM, productId=1, modelYear=null, manufactureDate=ManufactureDate{week=27, year=2006}, connectionToSinkType=0}, state ON, frameRateOverride , brightnessMinimum 0.0, brightnessMaximum 1.0, brightnessDefault 1.0, FLAG_DEFAULT_DISPLAY, FLAG_ROTATES_WITH_CONTENT, FLAG_SECURE, FLAG_SUPPORTS_PROTECTED_BUFFERS}
07-21 16:35:31.111 1563 1815 I commit_sys_config_file: [settings-1-0,2]
07-21 16:35:31.164 0 0 I : [ 4118.132415] atmel_mxt_ts 0-004a: Enter resume
07-21 16:35:31.289 1563 1826 I input_interaction: Interaction with: 28c4f40 com.android.launcher3/com.android.launcher3.uioverrides.QuickstepLauncher (server), c461ca2 com.android.systemui.ImageWallpaper (server), edge-swipe (server), swipe-up (server), PointerEventDispatcher0 (server),
07-21 16:35:31.289 1563 1826 D PowerManagerService: userActivityNoUpdateLocked: groupId=0, eventTime=4118260, event=2, flags=0x0, uid=1000
07-21 16:35:31.289 1563 1826 D PowerManagerNotifier: onUserActivity: event=2, uid=1000
07-21 16:35:31.290 1563 1826 D PowerManagerService: updateUserActivitySummaryLocked: groupId=0, mWakefulness=Awake, mUserActivitySummary=0x1, nextTimeout=4178260 (in 59999 ms)
07-21 16:35:31.290 1563 1826 D PowerManagerNotifier: onScreenPolicyUpdate: newPolicy=3
07-21 16:35:31.290 1563 1826 D PowerManagerService: updateDisplayPowerStateLocked: displayReady=true, groupId=0, policy=BRIGHT, mWakefulness=Awake, mWakeLockSummary=0x0, mUserActivitySummary=0x1, mBootCompleted=true, screenBrightnessOverride=NaN, useAutoBrightness=false, mScreenBrightnessBoostInProgress=false, mIsVrModeEnabled= false, sQuiescent=false
07-21 16:35:31.412 1563 1826 D PowerManagerService: userActivityNoUpdateLocked: groupId=0, eventTime=4118383, event=2, flags=0x0, uid=1000
07-21 16:35:31.412 1563 1826 D PowerManagerNotifier: onUserActivity: event=2, uid=1000
07-21 16:35:31.412 1563 1826 D PowerManagerService: updateUserActivitySummaryLocked: groupId=0, mWakefulness=Awake, mUserActivitySummary=0x1, nextTimeout=4178383 (in 59999 ms)
07-21 16:35:31.412 1563 1826 D PowerManagerNotifier: onScreenPolicyUpdate: newPolicy=3
07-21 16:35:31.412 1563 1826 D PowerManagerService: updateDisplayPowerStateLocked: displayReady=true, groupId=0, policy=BRIGHT, mWakefulness=Awake, mWakeLockSummary=0x0, mUserActivitySummary=0x1, mBootCompleted=true, screenBrightnessOverride=NaN, useAutoBrightness=false, mScreenBrightnessBoostInProgress=false, mIsVrModeEnabled= false, sQuiescent=false
07-21 16:35:31.413 1563 21026 D FreeFormWindowHelper: Current Display FreeFormTask is null
07-21 16:35:31.646 1563 6493 W ActivityManager: Background start not allowed: service Intent { cmp=com.bilibili.bilithings/com.bilibili.lib.neuron.internal.NeuronLocalService (has extras) } to com.bilibili.bilithings/com.bilibili.lib.neuron.internal.NeuronLocalService from pid=20437 uid=10024 pkg=com.bilibili.bilithings startFg?=false
07-21 16:35:31.723 1563 6493 D FreeFormWindowHelper: Current Display FreeFormTask is null
07-21 16:35:31.823 1563 6493 I wm_finish_activity: [0,65620330,64,com.android.settings/.Settings,recent-task-trimmed]
07-21 16:35:31.823 1563 6493 D FreeFormWindowHelper: handleFreeformTask : Task{2e16b62 #1 type=home ?? U=0 visible=true mode=fullscreen translucent=false sz=1 visible freeform task=true rootAffinity=null isMini=false}
07-21 16:35:31.823 1563 6493 D FreeFormWindowHelper: mFreeFormTask : null
07-21 16:35:31.823 1563 6493 D FreeFormWindowHelper: mInRecent : true
07-21 16:35:31.823 1563 6493 D FreeFormWindowHelper: The start activity is recent, hide freeform task : null
07-21 16:35:31.823 1563 6493 D FreeFormWindowHelper:
07-21 16:35:31.824 1563 6493 I wm_destroy_activity: [0,65620330,64,com.android.settings/.Settings,finish-imm:finishIfPossible]
07-21 16:35:31.824 1563 6493 I wm_finish_activity: [0,182464186,77,com.tencent.tmgp.sgame/.SGameActivity,recent-task-trimmed]
07-21 16:35:31.824 1563 1690 I ActivityManager: Killing 21043:com.android.settings/1000 (adj 900): remove task
07-21 16:35:31.824 1563 1690 I am_kill : [0,21043,com.android.settings,900,remove task]
07-21 16:35:31.824 1563 6493 D FreeFormWindowHelper: handleFreeformTask : Task{2e16b62 #1 type=home ?? U=0 visible=true mode=fullscreen translucent=false sz=1 visible freeform task=true rootAffinity=null isMini=false}
07-21 16:35:31.824 1563 6493 D FreeFormWindowHelper: mFreeFormTask : null
07-21 16:35:31.824 1563 6493 D FreeFormWindowHelper: mInRecent : true
07-21 16:35:31.824 1563 6493 D FreeFormWindowHelper: The start activity is recent, hide freeform task : null
07-21 16:35:31.824 1563 6493 D FreeFormWindowHelper:
07-21 16:35:31.824 1563 6493 I wm_destroy_activity: [0,182464186,77,com.tencent.tmgp.sgame/.SGameActivity,finish-imm:finishIfPossible]
07-21 16:35:31.825 1563 1690 I sysui_multi_action: [757,803,799,window_time_0,802,1]
07-21 16:35:31.826 1563 1690 I ActivityManager: Killing 20437:com.bilibili.bilithings/u0a24 (adj 905): empty #2
07-21 16:35:31.826 1563 1690 I am_kill : [0,20437,com.bilibili.bilithings,905,empty #2]
07-21 16:35:31.827 1563 1690 I ActivityManager: Killing 13409:com.tencent.tmgp.sgame/u0a110 (adj 905): remove task
07-21 16:35:31.827 1563 1690 I am_kill : [0,13409,com.tencent.tmgp.sgame,905,remove task]
07-21 16:35:31.827 1563 1690 I sysui_multi_action: [757,803,799,window_time_0,802,0]
07-21 16:35:31.848 1563 6493 I am_proc_died: [0,20437,com.bilibili.bilithings,905,19]
07-21 16:35:31.848 1563 6493 I am_uid_stopped: 10024
07-21 16:35:31.866 1563 9105 I WindowManager: WIN DEATH: Window{88436c u0 com.tencent.tmgp.sgame/com.tencent.tmgp.sgame.SGameActivity}
07-21 16:35:31.866 1563 10016 I am_proc_died: [0,13409,com.tencent.tmgp.sgame,905,19]
07-21 16:35:31.867 1563 3528 I WindowManager: WIN DEATH: Window{979ab7d u0 com.tencent.tmgp.sgame/com.tencent.tmgp.sgame.SGameActivity}
07-21 16:35:31.868 1563 10016 I am_uid_stopped: 10110
07-21 16:35:31.868 1563 10016 I wm_task_removed: [77,removeChild:removeChild last r=ActivityRecord{ae02eba u0 com.tencent.tmgp.sgame/.SGameActivity taskAffinity=10110:com.tencent.tmgp.sgame t-1 f}} in t=Task{b9f24c8 #77 type=standard A=10110:com.tencent.tmgp.sgame U=0 visible=false mode=fullscreen translucent=true sz=0 visible freeform task=true rootAffinity=10110:com.tencent.tmgp.sgame isMini=false}]
07-21 16:35:31.868 1563 10016 I wm_task_removed: [77,removeChild]
07-21 16:35:31.869 1563 1690 W ActivityManager: setHasOverlayUi called on unknown pid: 13409
07-21 16:35:31.869 1563 1699 W UsageStatsService: Unexpected activity event reported! (com.tencent.tmgp.sgame/com.tencent.tmgp.sgame.SGameActivity event : 23 instanceId : 37278693)
07-21 16:35:31.869 1563 1691 W ActivityTaskManager: Can't find TaskDisplayArea to determine support for multi window. Task id=77 attached=false
07-21 16:35:31.870 1563 1691 W ActivityTaskManager: Can't find TaskDisplayArea to determine support for multi window. Task id=77 attached=false
07-21 16:35:31.870 1563 1690 W ActivityManager: ProcessRecord{f572461 21043:com.android.settings/1000} is attached to a previous process
07-21 16:35:31.870 1563 1690 W ActivityManager: Existing proc ProcessRecord{f572461 21043:com.android.settings/1000} was killed 46ms ago when adding ProcessRecord{cf93b5e 0:com.android.settings/1000}
07-21 16:35:31.871 1563 1690 D CompatibilityChangeReporter: Compat change id reported: 135634846; UID 1000; state: DISABLED
07-21 16:35:31.871 1563 1690 D CompatibilityChangeReporter: Compat change id reported: 177438394; UID 1000; state: DISABLED
07-21 16:35:31.871 1563 1690 D CompatibilityChangeReporter: Compat change id reported: 135772972; UID 1000; state: DISABLED
07-21 16:35:31.871 1563 1690 D CompatibilityChangeReporter: Compat change id reported: 135754954; UID 1000; state: ENABLED
07-21 16:35:31.871 1563 1690 I am_uid_running: 10102
07-21 16:35:31.871 1563 1690 D CompatibilityChangeReporter: Compat change id reported: 135634846; UID 10102; state: DISABLED
07-21 16:35:31.871 1563 1690 D CompatibilityChangeReporter: Compat change id reported: 177438394; UID 10102; state: DISABLED
07-21 16:35:31.871 1563 1690 D CompatibilityChangeReporter: Compat change id reported: 135772972; UID 10102; state: DISABLED
07-21 16:35:31.871 1563 1690 D CompatibilityChangeReporter: Compat change id reported: 135754954; UID 10102; state: ENABLED
07-21 16:35:31.872 1563 1690 I am_uid_running: 10024
07-21 16:35:31.872 1563 1690 D CompatibilityChangeReporter: Compat change id reported: 135634846; UID 10024; state: DISABLED
07-21 16:35:31.889 1563 1791 I WindowManager: WIN DEATH: Window{27cf47a u0 com.android.settings/com.android.settings.Settings}
07-21 16:35:31.889 1563 3528 I am_proc_died: [0,21043,com.android.settings,900,18]
07-21 16:35:31.891 1563 3528 I wm_task_removed: [64,removeChild:removeChild last r=ActivityRecord{3e9496a u0 com.android.settings/.Settings taskAffinity=1000:com.android.settings.root t-1 f}} in t=Task{aebe5b #64 type=standard A=1000:com.android.settings.root U=0 visible=false mode=fullscreen translucent=true sz=0 visible freeform task=true rootAffinity=1000:com.android.settings.root isMini=false}]
07-21 16:35:31.891 1563 3528 I wm_task_removed: [64,removeChild]
07-21 16:35:31.891 1563 1690 W ActivityManager: setHasOverlayUi called on unknown pid: 21043
07-21 16:35:31.892 1563 1699 W UsageStatsService: Unexpected activity event reported! (com.android.settings/com.android.settings.homepage.SettingsHomepageActivity event : 23 instanceId : 125823829)
07-21 16:35:31.892 1563 1691 W ActivityTaskManager: Can't find TaskDisplayArea to determine support for multi window. Task id=64 attached=false
07-21 16:35:31.892 1563 1691 W ActivityTaskManager: Can't find TaskDisplayArea to determine support for multi window. Task id=64 attached=false
07-21 16:35:31.897 1563 1701 I am_proc_start: [0,20508,1000,com.android.settings,NULL,]
07-21 16:35:31.897 1563 1701 I ActivityManager: Start proc 20508:com.android.settings/1000 for null
07-21 16:35:31.897 1563 1701 D CompatibilityChangeReporter: Compat change id reported: 143937733; UID 10102; state: ENABLED
07-21 16:35:31.901 1563 1701 I am_proc_start: [0,20509,10102,tv.danmaku.bilibilihd,NULL,]
07-21 16:35:31.901 1563 1701 I ActivityManager: Start proc 20509:tv.danmaku.bilibilihd/u0a102 for null
07-21 16:35:31.901 1563 1701 D CompatibilityChangeReporter: Compat change id reported: 143937733; UID 10024; state: DISABLED
07-21 16:35:31.904 1563 1701 I am_proc_start: [0,20515,10024,com.bilibili.bilithings,NULL,]
07-21 16:35:31.905 1563 1701 I ActivityManager: Start proc 20515:com.bilibili.bilithings/u0a24 for null
07-21 16:35:31.907 1563 1826 D PowerManagerService: userActivityNoUpdateLocked: groupId=0, eventTime=4118879, event=2, flags=0x0, uid=1000
07-21 16:35:31.907 1563 1826 D PowerManagerNotifier: onUserActivity: event=2, uid=1000
07-21 16:35:31.908 1563 1826 D PowerManagerService: updateUserActivitySummaryLocked: groupId=0, mWakefulness=Awake, mUserActivitySummary=0x1, nextTimeout=4178879 (in 60000 ms)
07-21 16:35:31.908 1563 1826 D PowerManagerNotifier: onScreenPolicyUpdate: newPolicy=3
07-21 16:35:31.908 1563 1826 D PowerManagerService: updateDisplayPowerStateLocked: displayReady=true, groupId=0, policy=BRIGHT, mWakefulness=Awake, mWakeLockSummary=0x0, mUserActivitySummary=0x1, mBootCompleted=true, screenBrightnessOverride=NaN, useAutoBrightness=false, mScreenBrightnessBoostInProgress=false, mIsVrModeEnabled= false, sQuiescent=false
07-21 16:35:31.911 0 0 I [ 4118.881860] binder: 20508:20508 ioctl 40046210 7ff1724834 returned -22
07-21 16:35:31.912 0 0 I [ 4118.883500] binder: 20515:20515 ioctl 40046210 ff9965c8 returned -22
07-21 16:35:31.912 1563 6493 I am_proc_bound: [0,20508,com.android.settings]
07-21 16:35:31.914 1563 10016 I am_proc_bound: [0,20515,com.bilibili.bilithings]
07-21 16:35:31.915 0 0 I [ 4118.887097] binder: 20509:20509 ioctl 40046210 7ff1724834 returned -22
07-21 16:35:31.917 1563 10016 I am_proc_bound: [0,20509,tv.danmaku.bilibilihd]
07-21 16:35:31.925 1563 2064 D FreeFormWindowHelper: Current Display FreeFormTask is null
07-21 16:35:31.974 1563 2064 D FreeFormWindowHelper: exitRecentTasks
07-21 16:35:31.974 1563 1869 D FreeFormWindowHelper: Current Display FreeFormTask is null
07-21 16:35:32.015 20515 20515 I auditd : type=1400 audit(0.0:16458): avc: denied { open } for comm="Thread-3" path="/dev/__properties__/u:object_r:wifi_prop:s0" dev="tmpfs" ino=2444 scontext=u:r:priv_app:s0:c512,c768 tcontext=u:object_r:wifi_prop:s0 tclass=file permissive=1 app=com.bilibili.bilithings
07-21 16:35:32.015 20515 20515 I auditd : type=1400 audit(0.0:16459): avc: denied { getattr } for comm="Thread-3" path="/dev/__properties__/u:object_r:wifi_prop:s0" dev="tmpfs" ino=2444 scontext=u:r:priv_app:s0:c512,c768 tcontext=u:object_r:wifi_prop:s0 tclass=file permissive=1 app=com.bilibili.bilithings
07-21 16:35:32.015 20515 20515 I auditd : type=1400 audit(0.0:16460): avc: denied { map } for comm="Thread-3" path="/dev/__properties__/u:object_r:wifi_prop:s0" dev="tmpfs" ino=2444 scontext=u:r:priv_app:s0:c512,c768 tcontext=u:object_r:wifi_prop:s0 tclass=file permissive=1 app=com.bilibili.bilithings
07-21 16:35:32.019 20515 20515 I auditd : type=1400 audit(0.0:16461): avc: denied { open } for comm="Thread-3" path="/dev/__properties__/u:object_r:wifi_hal_prop:s0" dev="tmpfs" ino=2442 scontext=u:r:priv_app:s0:c512,c768 tcontext=u:object_r:wifi_hal_prop:s0 tclass=file permissive=1 app=com.bilibili.bilithings
07-21 16:35:32.019 20515 20515 I auditd : type=1400 audit(0.0:16462): avc: denied { getattr } for comm="Thread-3" path="/dev/__properties__/u:object_r:wifi_hal_prop:s0" dev="tmpfs" ino=2442 scontext=u:r:priv_app:s0:c512,c768 tcontext=u:object_r:wifi_hal_prop:s0 tclass=file permissive=1 app=com.bilibili.bilithings
07-21 16:35:32.027 0 0 W [ 4118.995356] audit: audit_lost=12583 audit_rate_limit=5 audit_backlog_limit=64
07-21 16:35:32.027 0 0 E [ 4118.995360] audit: rate limit exceeded
07-21 16:35:32.284 0 0 I [ 4119.255753] binder: 20509:20634 ioctl 40046210 7153f60f94 returned -22
07-21 16:35:32.320 20509 20639 E ActivityThread: Failed to find provider info for com.android.badge
07-21 16:35:32.453 1563 1700 W BroadcastQueue: Permission Denial: broadcasting Intent { act=android.net.conn.CONNECTIVITY_CHANGE flg=0x4200010 (has extras) } from null (pid=-1, uid=-1) requires com.tencent.bugly.BuglyBroadcastReceiver.permission due to registered receiver BroadcastFilter{f0f8b48 10102/u0 ReceiverList{97cb1eb 20509 tv.danmaku.bilibilihd/10102/u0 remote:ecf913a}}
07-21 16:35:32.479 1563 2064 W ActivityManager: Background start not allowed: service Intent { cmp=tv.danmaku.bilibilihd/com.bilibili.lib.neuron.internal.NeuronRemoteService (has extras) } to tv.danmaku.bilibilihd/com.bilibili.lib.neuron.internal.NeuronRemoteService from pid=20509 uid=10102 pkg=tv.danmaku.bilibilihd startFg?=false
07-21 16:35:32.482 1563 2064 W ActivityManager: Background start not allowed: service Intent { cmp=tv.danmaku.bilibilihd/com.bilibili.lib.neuron.internal.NeuronLocalService (has extras) } to tv.danmaku.bilibilihd/com.bilibili.lib.neuron.internal.NeuronLocalService from pid=20509 uid=10102 pkg=tv.danmaku.bilibilihd startFg?=false
07-21 16:35:32.485 1563 2064 D CompatibilityChangeReporter: Compat change id reported: 135634846; UID 10102; state: DISABLED
07-21 16:35:32.485 1563 2064 D CompatibilityChangeReporter: Compat change id reported: 177438394; UID 10102; state: DISABLED
07-21 16:35:32.485 1563 2064 D CompatibilityChangeReporter: Compat change id reported: 135772972; UID 10102; state: DISABLED
07-21 16:35:32.485 1563 2064 D CompatibilityChangeReporter: Compat change id reported: 135754954; UID 10102; state: ENABLED
07-21 16:35:32.485 1563 1701 D CompatibilityChangeReporter: Compat change id reported: 143937733; UID 10102; state: ENABLED
07-21 16:35:32.490 1563 1701 I am_proc_start: [0,20717,10102,tv.danmaku.bilibilihd:ijkservice,service,{tv.danmaku.bilibilihd/tv.danmaku.ijk.media.player.services.IjkMediaPlayerService}]
07-21 16:35:32.490 1563 1701 I ActivityManager: Start proc 20717:tv.danmaku.bilibilihd:ijkservice/u0a102 for service {tv.danmaku.bilibilihd/tv.danmaku.ijk.media.player.services.IjkMediaPlayerService}
07-21 16:35:32.499 0 0 I [ 4119.469173] binder: 20717:20717 ioctl 40046210 7ff1724834 returned -22
07-21 16:35:32.499 1563 1701 I am_proc_start: [0,20736,10102,tv.danmaku.bilibilihd:pushservice,content provider,{tv.danmaku.bilibilihd/com.bilibili.lib.neuron.internal2.provider.NeuronContentProvider}]
07-21 16:35:32.499 1563 1701 I ActivityManager: Start proc 20736:tv.danmaku.bilibilihd:pushservice/u0a102 for content provider {tv.danmaku.bilibilihd/com.bilibili.lib.neuron.internal2.provider.NeuronContentProvider}
07-21 16:35:32.500 1563 2064 I am_proc_bound: [0,20717,tv.danmaku.bilibilihd:ijkservice]
07-21 16:35:32.508 0 0 I [ 4119.477760] binder: 20736:20736 ioctl 40046210 7ff1724834 returned -22
07-21 16:35:32.508 1563 2064 I am_proc_bound: [0,20736,tv.danmaku.bilibilihd:pushservice]
07-21 16:35:32.659 1563 2064 I ActivityManager: Killing 20508:com.android.settings/1000 (adj 905): empty #2
07-21 16:35:32.659 1563 2064 I am_kill : [0,20508,com.android.settings,905,empty #2]
07-21 16:35:32.687 1563 1700 W BroadcastQueue: Permission Denial: broadcasting Intent { act=android.net.conn.CONNECTIVITY_CHANGE flg=0x4200010 (has extras) } from null (pid=-1, uid=-1) requires com.tencent.bugly.BuglyBroadcastReceiver.permission due to registered receiver BroadcastFilter{f94bb23 10102/u0 ReceiverList{399c52 20717 tv.danmaku.bilibilihd:ijkservice/10102/u0 remote:8f398dd}}
07-21 16:35:32.697 1563 1869 I am_proc_died: [0,20508,com.android.settings,905,19]
07-21 16:35:32.699 1563 1690 D CompatibilityChangeReporter: Compat change id reported: 135634846; UID 1000; state: DISABLED
07-21 16:35:32.699 1563 1690 D CompatibilityChangeReporter: Compat change id reported: 177438394; UID 1000; state: DISABLED
07-21 16:35:32.699 1563 1690 D CompatibilityChangeReporter: Compat change id reported: 135772972; UID 1000; state: DISABLED
07-21 16:35:32.699 1563 1690 D CompatibilityChangeReporter: Compat change id reported: 135754954; UID 1000; state: ENABLED
07-21 16:35:32.703 1563 1701 I am_proc_start: [0,20816,1000,com.android.settings,NULL,]
07-21 16:35:32.703 1563 1701 I ActivityManager: Start proc 20816:com.android.settings/1000 for null
07-21 16:35:32.712 0 0 I [ 4119.682635] binder: 20816:20816 ioctl 40046210 7ff1724834 returned -22
07-21 16:35:32.713 1563 6493 I am_proc_bound: [0,20816,com.android.settings]
07-21 16:35:32.716 1563 1869 I ActivityManager: Killing 20515:com.bilibili.bilithings/u0a24 (adj 905): empty #2
07-21 16:35:32.716 1563 1869 I am_kill : [0,20515,com.bilibili.bilithings,905,empty #2]
07-21 16:35:32.732 1563 6493 I ActivityManager: Killing 20816:com.android.settings/1000 (adj 905): empty #2
07-21 16:35:32.732 1563 6493 I am_kill : [0,20816,com.android.settings,905,empty #2]
07-21 16:35:32.733 1563 6493 I ActivityManager: Killing 20717:tv.danmaku.bilibilihd:ijkservice/u0a102 (adj 905): empty #3
07-21 16:35:32.733 1563 6493 I am_kill : [0,20717,tv.danmaku.bilibilihd:ijkservice,905,empty #3]
07-21 16:35:32.733 1563 6493 I ActivityManager: Killing 20736:tv.danmaku.bilibilihd:pushservice/u0a102 (adj 905): empty #4
07-21 16:35:32.733 1563 6493 I am_kill : [0,20736,tv.danmaku.bilibilihd:pushservice,905,empty #4]
07-21 16:35:32.748 1563 6493 I am_proc_died: [0,20816,com.android.settings,905,19]
07-21 16:35:32.750 1563 1690 D CompatibilityChangeReporter: Compat change id reported: 135634846; UID 1000; state: DISABLED
07-21 16:35:32.750 1563 1690 D CompatibilityChangeReporter: Compat change id reported: 177438394; UID 1000; state: DISABLED
07-21 16:35:32.750 1563 1690 D CompatibilityChangeReporter: Compat change id reported: 135772972; UID 1000; state: DISABLED
07-21 16:35:32.750 1563 1690 D CompatibilityChangeReporter: Compat change id reported: 135754954; UID 1000; state: ENABLED
07-21 16:35:32.750 1563 1690 W ActivityManager: ProcessRecord{147fc0c 20515:com.bilibili.bilithings/u0a24} is attached to a previous process
07-21 16:35:32.750 1563 1690 I am_uid_stopped: 10024
07-21 16:35:32.750 1563 1690 W ActivityManager: Existing proc ProcessRecord{147fc0c 20515:com.bilibili.bilithings/u0a24} was killed 34ms ago when adding ProcessRecord{be1e268 0:com.bilibili.bilithings/u0a24}
07-21 16:35:32.750 1563 1690 I am_uid_running: 10024
07-21 16:35:32.750 1563 1690 D CompatibilityChangeReporter: Compat change id reported: 135634846; UID 10024; state: DISABLED
07-21 16:35:32.753 1563 6493 I am_proc_died: [0,20515,com.bilibili.bilithings,905,19]
07-21 16:35:32.755 1563 1701 I am_proc_start: [0,20843,1000,com.android.settings,NULL,]
07-21 16:35:32.755 1563 1701 I ActivityManager: Start proc 20843:com.android.settings/1000 for null
07-21 16:35:32.755 1563 1701 D CompatibilityChangeReporter: Compat change id reported: 143937733; UID 10024; state: DISABLED
07-21 16:35:32.758 1563 1701 I am_proc_start: [0,20844,10024,com.bilibili.bilithings,NULL,]
07-21 16:35:32.758 1563 1701 I ActivityManager: Start proc 20844:com.bilibili.bilithings/u0a24 for null
07-21 16:35:32.764 0 0 I [ 4119.734715] binder: 20843:20843 ioctl 40046210 7ff1724834 returned -22
07-21 16:35:32.766 1563 6493 I am_proc_bound: [0,20843,com.android.settings]
07-21 16:35:32.768 1563 6493 I am_proc_bound: [0,20844,com.bilibili.bilithings]
07-21 16:35:32.769 0 0 I [ 4119.737745] binder: 20844:20844 ioctl 40046210 ff9965c8 returned -22
07-21 16:35:32.790 0 0 I [ 4119.761478] binder: undelivered TRANSACTION_COMPLETE
07-21 16:35:32.790 0 0 I [ 4119.761484] binder: undelivered transaction 1918195, process died.
07-21 16:35:32.790 0 0 I [ 4119.761700] binder: send failed reply for transaction 1918193 to 20509:20509
07-21 16:35:32.790 1563 6493 I am_proc_died: [0,20717,tv.danmaku.bilibilihd:ijkservice,905,19]
07-21 16:35:32.790 1563 6493 W ActivityManager: Scheduling restart of crashed service tv.danmaku.bilibilihd/tv.danmaku.ijk.media.player.services.IjkMediaPlayerService in 1000ms for connection
07-21 16:35:32.790 1563 6493 I am_schedule_service_restart: [0,tv.danmaku.bilibilihd/tv.danmaku.ijk.media.player.services.IjkMediaPlayerService,1000]
07-21 16:35:32.791 1563 6493 I ActivityManager: Killing 20843:com.android.settings/1000 (adj 915): empty #2
07-21 16:35:32.791 1563 6493 I am_kill : [0,20843,com.android.settings,915,empty #2]
07-21 16:35:32.791 1563 6493 I ActivityManager: Killing 20509:tv.danmaku.bilibilihd/u0a102 (adj 925): empty #3
07-21 16:35:32.791 1563 6493 I am_kill : [0,20509,tv.danmaku.bilibilihd,925,empty #3]
07-21 16:35:32.800 1563 6493 I am_proc_died: [0,20736,tv.danmaku.bilibilihd:pushservice,905,19]
07-21 16:35:32.800 0 0 I [ 4119.771469] binder: undelivered transaction 1918189, process died.
07-21 16:35:32.811 1563 6493 I am_proc_died: [0,20843,com.android.settings,915,19]
07-21 16:35:32.813 1563 1690 D CompatibilityChangeReporter: Compat change id reported: 135634846; UID 1000; state: DISABLED
07-21 16:35:32.813 1563 1690 D CompatibilityChangeReporter: Compat change id reported: 177438394; UID 1000; state: DISABLED
07-21 16:35:32.813 1563 1690 D CompatibilityChangeReporter: Compat change id reported: 135772972; UID 1000; state: DISABLED
07-21 16:35:32.813 1563 1690 D CompatibilityChangeReporter: Compat change id reported: 135754954; UID 1000; state: ENABLED
07-21 16:35:32.813 1563 1690 W ActivityManager: ProcessRecord{ee91b3f 20509:tv.danmaku.bilibilihd/u0a102} is attached to a previous process
07-21 16:35:32.813 1563 1690 I am_uid_stopped: 10102
07-21 16:35:32.813 1563 1690 W ActivityManager: Existing proc ProcessRecord{ee91b3f 20509:tv.danmaku.bilibilihd/u0a102} was killed 22ms ago when adding ProcessRecord{93ed0fe 0:tv.danmaku.bilibilihd/u0a102}
07-21 16:35:32.813 1563 1690 I am_uid_running: 10102
07-21 16:35:32.813 1563 1690 D CompatibilityChangeReporter: Compat change id reported: 135634846; UID 10102; state: DISABLED
07-21 16:35:32.813 1563 1690 D CompatibilityChangeReporter: Compat change id reported: 177438394; UID 10102; state: DISABLED
07-21 16:35:32.813 1563 1690 D CompatibilityChangeReporter: Compat change id reported: 135772972; UID 10102; state: DISABLED
07-21 16:35:32.813 1563 1690 D CompatibilityChangeReporter: Compat change id reported: 135754954; UID 10102; state: ENABLED
07-21 16:35:32.817 1563 1701 I am_proc_start: [0,20883,1000,com.android.settings,NULL,]
07-21 16:35:32.817 1563 1701 I ActivityManager: Start proc 20883:com.android.settings/1000 for null
07-21 16:35:32.827 0 0 I [ 4119.796186] binder: 20883:20883 ioctl 40046210 7ff1724834 returned -22
07-21 16:35:32.826 1563 6493 I am_proc_bound: [0,20883,com.android.settings]
07-21 16:35:32.856 0 0 I [ 4119.827656] binder: undelivered TRANSACTION_COMPLETE
07-21 16:35:32.856 0 0 I [ 4119.827661] binder: undelivered TRANSACTION_ERROR: 29189
07-21 16:35:32.856 1563 6493 I am_proc_died: [0,20509,tv.danmaku.bilibilihd,925,19]
07-21 16:35:32.857 0 0 I [ 4119.828324] binder: undelivered transaction 1918324, process died.
07-21 16:35:32.857 0 0 I [ 4119.828327] binder: undelivered death notification, b400007298fbf4d0
07-21 16:35:32.857 1563 1701 D CompatibilityChangeReporter: Compat change id reported: 143937733; UID 10102; state: ENABLED
07-21 16:35:32.857 1563 6493 I ActivityManager: Killing 20844:com.bilibili.bilithings/u0a24 (adj 915): empty #2
07-21 16:35:32.857 1563 6493 I am_kill : [0,20844,com.bilibili.bilithings,915,empty #2]
07-21 16:35:32.861 1563 1701 I am_proc_start: [0,20908,10102,tv.danmaku.bilibilihd,NULL,]
07-21 16:35:32.861 1563 1701 I ActivityManager: Start proc 20908:tv.danmaku.bilibilihd/u0a102 for null
07-21 16:35:32.868 0 0 I [ 4119.839647] binder: 20908:20908 ioctl 40046210 7ff1724834 returned -22
07-21 16:35:32.870 1563 6493 I am_proc_bound: [0,20908,tv.danmaku.bilibilihd]
07-21 16:35:32.875 1563 2390 I am_proc_died: [0,20844,com.bilibili.bilithings,915,19]
07-21 16:35:32.875 1563 2390 I am_uid_stopped: 10024
07-21 16:35:32.876 1563 2390 I ActivityManager: Killing 20883:com.android.settings/1000 (adj 915): empty #2
07-21 16:35:32.876 1563 2390 I am_kill : [0,20883,com.android.settings,915,empty #2]
07-21 16:35:32.904 0 0 I [ 4119.875483] binder: undelivered TRANSACTION_COMPLETE
07-21 16:35:32.904 0 0 I [ 4119.875489] binder: undelivered transaction 1918606, process died.
07-21 16:35:32.904 1563 12235 I am_proc_died: [0,20883,com.android.settings,915,19]
07-21 16:35:32.906 1563 1690 D CompatibilityChangeReporter: Compat change id reported: 135634846; UID 1000; state: DISABLED
07-21 16:35:32.906 1563 1690 D CompatibilityChangeReporter: Compat change id reported: 177438394; UID 1000; state: DISABLED
07-21 16:35:32.906 1563 1690 D CompatibilityChangeReporter: Compat change id reported: 135772972; UID 1000; state: DISABLED
07-21 16:35:32.906 1563 1690 D CompatibilityChangeReporter: Compat change id reported: 135754954; UID 1000; state: ENABLED
07-21 16:35:32.906 1563 1690 I am_uid_running: 10024
07-21 16:35:32.907 1563 1690 D CompatibilityChangeReporter: Compat change id reported: 135634846; UID 10024; state: DISABLED
07-21 16:35:32.910 1563 1701 I am_proc_start: [0,20930,1000,com.android.settings,NULL,]
07-21 16:35:32.910 1563 1701 I ActivityManager: Start proc 20930:com.android.settings/1000 for null
07-21 16:35:32.911 1563 1701 D CompatibilityChangeReporter: Compat change id reported: 143937733; UID 10024; state: DISABLED
07-21 16:35:32.914 1563 1701 I am_proc_start: [0,20931,10024,com.bilibili.bilithings,NULL,]
07-21 16:35:32.914 1563 1701 I ActivityManager: Start proc 20931:com.bilibili.bilithings/u0a24 for null
07-21 16:35:32.920 0 0 I [ 4119.891013] binder: 20930:20930 ioctl 40046210 7ff1724834 returned -22
07-21 16:35:32.922 1563 12235 I am_proc_bound: [0,20930,com.android.settings]
07-21 16:35:32.923 1563 2390 I am_proc_bound: [0,20931,com.bilibili.bilithings]
07-21 16:35:32.924 0 0 I [ 4119.892745] binder: 20931:20931 ioctl 40046210 ff9965c8 returned -22
07-21 16:35:33.006 1563 1826 D PowerManagerService: userActivityNoUpdateLocked: groupId=0, eventTime=4119977, event=2, flags=0x0, uid=1000
07-21 16:35:33.006 1563 1826 D PowerManagerNotifier: onUserActivity: event=2, uid=1000
07-21 16:35:33.006 1563 1826 D PowerManagerService: updateUserActivitySummaryLocked: groupId=0, mWakefulness=Awake, mUserActivitySummary=0x1, nextTimeout=4179977 (in 60000 ms)
07-21 16:35:33.006 1563 1826 D PowerManagerNotifier: onScreenPolicyUpdate: newPolicy=3
07-21 16:35:33.006 1563 1826 D PowerManagerService: updateDisplayPowerStateLocked: displayReady=true, groupId=0, policy=BRIGHT, mWakefulness=Awake, mWakeLockSummary=0x0, mUserActivitySummary=0x1, mBootCompleted=true, screenBrightnessOverride=NaN, useAutoBrightness=false, mScreenBrightnessBoostInProgress=false, mIsVrModeEnabled= false, sQuiescent=false
07-21 16:35:33.031 20931 20931 I auditd : type=1400 audit(0.0:16483): avc: denied { open } for comm="Thread-3" path="/dev/__properties__/u:object_r:wifi_prop:s0" dev="tmpfs" ino=2444 scontext=u:r:priv_app:s0:c512,c768 tcontext=u:object_r:wifi_prop:s0 tclass=file permissive=1 app=com.bilibili.bilithings
07-21 16:35:33.031 20931 20931 I auditd : type=1400 audit(0.0:16484): avc: denied { getattr } for comm="Thread-3" path="/dev/__properties__/u:object_r:wifi_prop:s0" dev="tmpfs" ino=2444 scontext=u:r:priv_app:s0:c512,c768 tcontext=u:object_r:wifi_prop:s0 tclass=file permissive=1 app=com.bilibili.bilithings
07-21 16:35:33.031 20931 20931 I auditd : type=1400 audit(0.0:16485): avc: denied { map } for comm="Thread-3" path="/dev/__properties__/u:object_r:wifi_prop:s0" dev="tmpfs" ino=2444 scontext=u:r:priv_app:s0:c512,c768 tcontext=u:object_r:wifi_prop:s0 tclass=file permissive=1 app=com.bilibili.bilithings
07-21 16:35:33.035 20931 20931 I auditd : type=1400 audit(0.0:16486): avc: denied { open } for comm="Thread-3" path="/dev/__properties__/u:object_r:wifi_hal_prop:s0" dev="tmpfs" ino=2442 scontext=u:r:priv_app:s0:c512,c768 tcontext=u:object_r:wifi_hal_prop:s0 tclass=file permissive=1 app=com.bilibili.bilithings
07-21 16:35:33.035 20931 20931 I auditd : type=1400 audit(0.0:16487): avc: denied { getattr } for comm="Thread-3" path="/dev/__properties__/u:object_r:wifi_hal_prop:s0" dev="tmpfs" ino=2442 scontext=u:r:priv_app:s0:c512,c768 tcontext=u:object_r:wifi_hal_prop:s0 tclass=file permissive=1 app=com.bilibili.bilithings
07-21 16:35:33.041 0 0 W [ 4120.008836] audit: audit_lost=12603 audit_rate_limit=5 audit_backlog_limit=64
07-21 16:35:33.041 0 0 E [ 4120.008838] audit: rate limit exceeded
07-21 16:35:33.079 1563 12235 I thunderperf: PlatormCompat.setOverrides: Uid1=10079 Pid1=2587 Uid2=10079 Pid2=2587
07-21 16:35:33.079 1563 12235 I thunderperf: PlatormCompat.setOverrides: needCheck:false
07-21 16:35:33.079 1563 12235 I thunderperf: CompatConfig.addOverrideUnsafe: bef-state=0
07-21 16:35:33.079 1563 12235 I thunderperf: CompatConfig.addOverrideUnsafe: aft-state=0
07-21 16:35:33.079 1563 12235 I thunderperf: CompatConfig.addOverrideUnsafe: bef-state=0
07-21 16:35:33.079 1563 12235 I thunderperf: CompatConfig.addOverrideUnsafe: aft-state=0
07-21 16:35:33.080 1563 12235 I thunderperf: CompatConfig.addOverrideUnsafe: bef-state=0
07-21 16:35:33.080 1563 12235 I thunderperf: CompatConfig.addOverrideUnsafe: aft-state=0
07-21 16:35:33.080 1563 12235 I thunderperf: CompatConfig.addOverrideUnsafe: bef-state=0
07-21 16:35:33.080 1563 12235 I thunderperf: CompatConfig.addOverrideUnsafe: aft-state=0
07-21 16:35:33.080 1563 12235 I thunderperf: CompatConfig.addOverrideUnsafe: bef-state=0
07-21 16:35:33.080 1563 12235 I thunderperf: CompatConfig.addOverrideUnsafe: aft-state=0
07-21 16:35:33.080 1563 12235 I thunderperf: CompatConfig.addOverrideUnsafe: bef-state=0
07-21 16:35:33.080 1563 12235 I thunderperf: CompatConfig.addOverrideUnsafe: aft-state=0
07-21 16:35:33.080 1563 12235 I thunderperf: CompatConfig.addOverrideUnsafe: bef-state=0
07-21 16:35:33.080 1563 12235 I thunderperf: CompatConfig.addOverrideUnsafe: aft-state=0
07-21 16:35:33.080 1563 12235 I thunderperf: CompatConfig.addOverrideUnsafe: bef-state=0
07-21 16:35:33.080 1563 12235 I thunderperf: CompatConfig.addOverrideUnsafe: aft-state=0
07-21 16:35:33.081 1563 12235 I thunderperf: CompatConfig.addOverrideUnsafe: bef-state=0
07-21 16:35:33.081 1563 12235 I thunderperf: CompatConfig.addOverrideUnsafe: aft-state=0
07-21 16:35:33.081 1563 12235 I thunderperf: CompatConfig.addOverrideUnsafe: bef-state=0
07-21 16:35:33.081 1563 12235 I thunderperf: CompatConfig.addOverrideUnsafe: aft-state=0
07-21 16:35:33.081 1563 12235 I thunderperf: CompatConfig.addOverrideUnsafe: bef-state=0
07-21 16:35:33.081 1563 12235 I thunderperf: CompatConfig.addOverrideUnsafe: aft-state=0
07-21 16:35:33.081 1563 12235 I thunderperf: CompatConfig.addOverrideUnsafe: bef-state=0
07-21 16:35:33.081 1563 12235 I thunderperf: CompatConfig.addOverrideUnsafe: aft-state=0
07-21 16:35:33.081 1563 12235 I thunderperf: CompatConfig.addOverrideUnsafe: bef-state=0
07-21 16:35:33.081 1563 12235 I thunderperf: CompatConfig.addOverrideUnsafe: aft-state=0
07-21 16:35:33.081 1563 12235 I thunderperf: CompatConfig.addOverrideUnsafe: bef-state=0
07-21 16:35:33.081 1563 12235 I thunderperf: CompatConfig.addOverrideUnsafe: aft-state=0
07-21 16:35:33.084 1563 12235 I ActivityTaskManager: START u0 {act=android.intent.action.MAIN cat=[android.intent.category.LAUNCHER] flg=0x10200000 cmp=com.tencent.tmgp.sgame/.SGameActivity bnds=[426,96][726,394]} from uid 10079
07-21 16:35:33.084 1563 12235 D ActivityTaskManager: TaskLaunchParamsModifier:task=null activity=ActivityRecord{c977c70 u0 com.tencent.tmgp.sgame/.SGameActivity taskAffinity=10110:com.tencent.tmgp.sgame display-area-from-source=DefaultTaskDisplayArea@46922285 display-id=0 display-windowing-mode=1 suggested-display-area=DefaultTaskDisplayArea@46922285
07-21 16:35:33.085 1563 12235 D ActivityTaskManager: TaskLaunchParamsModifier:task=null activity=ActivityRecord{c977c70 u0 com.tencent.tmgp.sgame/.SGameActivity taskAffinity=10110:com.tencent.tmgp.sgame t-1} display-area-from-source=DefaultTaskDisplayArea@46922285 display-id=0 display-windowing-mode=1 suggested-display-area=DefaultTaskDisplayArea@46922285 inherit-from-source=fullscreen activity-options-fullscreen=Rect(0, 0 - 0, 0) non-freeform-display display-area=DefaultTaskDisplayArea@46922285
07-21 16:35:33.085 1563 12235 D FreeFormWindowHelper: recentTask : null
07-21 16:35:33.086 1563 12235 I wm_task_created: [78,-1]
07-21 16:35:33.086 1563 12235 W ActivityTaskManager: Can't find TaskDisplayArea to determine support for multi window. Task id=78 attached=false
07-21 16:35:33.087 1563 12235 D ActivityTaskManager: TaskLaunchParamsModifier:task=Task{31630f #78 type=standard A=10110:com.tencent.tmgp.sgame U=0 visible=false mode=fullscreen translucent=true sz=0 visible freeform task=true rootAffinity=10110:com.tencent.tmgp.sgame isMini=false} activity=ActivityRecord{c977c70 u0 com.tencent.tmgp.sgame/.SGameActivity taskAffinity=10110:com.tencent.tmgp.sgame t-1} display-area-from-source=DefaultTaskDisplayArea@46922285 display-id=0 display-windowing-mode=1 suggested-display-area=DefaultTaskDisplayArea@46922285 inherit-from-source=fullscreen activity-options-fullscreen=Rect(0, 0 - 0, 0) non-freeform-display display-area=DefaultTaskDisplayArea@46922285
07-21 16:35:33.089 1563 12235 I wm_task_moved: [78,1,6]
07-21 16:35:33.089 1563 12235 I wm_task_to_front: [0,78]
07-21 16:35:33.089 1563 12235 I wm_create_task: [0,78]
07-21 16:35:33.089 1563 12235 I wm_create_activity: [0,211254384,78,com.tencent.tmgp.sgame/.SGameActivity,android.intent.action.MAIN,NULL,NULL,270532608]
07-21 16:35:33.089 1563 12235 I wm_task_moved: [78,1,6]
07-21 16:35:33.089 1563 12235 I ActivityTaskManager: addStartingWindow startWindow type:2
07-21 16:35:33.089 1563 12235 V SplashScreenExceptionList: SplashScreen checking exception for package com.tencent.tmgp.sgame (target sdk:29) -> false
07-21 16:35:33.089 1563 12235 I ActivityTaskManager: Schedule add splash screen timeout, the mStartingData:com.android.server.wm.SplashScreenStartingData@dcfef9c
07-21 16:35:33.089 1563 12235 I ActivityTaskManager: Schedule add splash screen timeout
07-21 16:35:33.090 1927 2150 D PhoneStartingWindowTypeAlgorithm: preferredStartingWindowType newTask:true taskSwitch:true processRunning:false allowTaskSnapshot:true activityCreated:false useEmptySplashScreen:false legacySplashScreen:false topIsHome:false
07-21 16:35:33.090 1927 2150 D StartingSurfaceDrawer: addSplashScreen com.tencent.tmgp.sgame theme=7f0c0002 task=78 suggestType=1
07-21 16:35:33.090 1563 12235 I wm_pause_activity: [0,51676365,com.android.launcher3/.uioverrides.QuickstepLauncher,userLeaving=true,pauseBackTasks]
07-21 16:35:33.090 1563 12235 D PowerManagerService: acquireWakeLockInternal: lock=195562495, flags=0x1, tag="*launch*", ws=WorkSource{10110}, uid=1000, pid=1563
07-21 16:35:33.090 1563 12235 D PowerManagerService: updateWakeLockSummaryLocked: mWakefulness=Awake, mWakeLockSummary=0x1
07-21 16:35:33.090 1563 12235 D PowerManagerService: updateUserActivitySummaryLocked: groupId=0, mWakefulness=Awake, mUserActivitySummary=0x1, nextTimeout=4179977 (in 59915 ms)
07-21 16:35:33.090 1563 12235 D PowerManagerNotifier: onScreenPolicyUpdate: newPolicy=3
07-21 16:35:33.090 1563 12235 D PowerManagerService: updateDisplayPowerStateLocked: displayReady=true, groupId=0, policy=BRIGHT, mWakefulness=Awake, mWakeLockSummary=0x1, mUserActivitySummary=0x1, mBootCompleted=true, screenBrightnessOverride=NaN, useAutoBrightness=false, mScreenBrightnessBoostInProgress=false, mIsVrModeEnabled= false, sQuiescent=false
07-21 16:35:33.090 1563 12235 D PowerManagerService: Acquiring suspend blocker "PowerManagerService.WakeLocks".
07-21 16:35:33.090 1563 12235 D PowerManagerNotifier: onWakeLockAcquired: flags=1, tag="*launch*", packageName=android, ownerUid=1000, ownerPid=1563, workSource=WorkSource{10110}
07-21 16:35:33.091 1927 2151 D StartingSurfaceDrawer: window attributes color: 0 icon null duration 0 brandImage null
07-21 16:35:33.092 1927 2151 D StartingSurfaceDrawer: The icon is not an AdaptiveIconDrawable
07-21 16:35:33.093 1927 2151 D StartingSurfaceDrawer: fillViewWithIcon surfaceWindowView android.window.SplashScreenView{233591b V.E...... ......ID 0,0-0,0}
07-21 16:35:33.095 2587 2587 I wm_on_top_resumed_lost_called: [51676365,com.android.launcher3.uioverrides.QuickstepLauncher,topStateChangedWhenResumed]
07-21 16:35:33.096 2587 2587 I wm_on_paused_called: [51676365,com.android.launcher3.uioverrides.QuickstepLauncher,performPause]
07-21 16:35:33.097 1563 6493 I ActivityTaskManager: FOREGROUND_APPLICATION_CHANGED to com.tencent.tmgp.sgame.SGameActivity
07-21 16:35:33.097 1563 6493 I wm_add_to_stopping: [0,51676365,com.android.launcher3/.uioverrides.QuickstepLauncher,makeInvisible]
07-21 16:35:33.101 1563 1690 I am_uid_running: 10110
07-21 16:35:33.101 1563 1690 D CompatibilityChangeReporter: Compat change id reported: 135634846; UID 10110; state: DISABLED
07-21 16:35:33.101 1563 1690 D CompatibilityChangeReporter: Compat change id reported: 177438394; UID 10110; state: DISABLED
07-21 16:35:33.101 1563 1690 D CompatibilityChangeReporter: Compat change id reported: 135772972; UID 10110; state: DISABLED
07-21 16:35:33.101 1563 1690 D CompatibilityChangeReporter: Compat change id reported: 135754954; UID 10110; state: DISABLED
07-21 16:35:33.101 1563 1701 D CompatibilityChangeReporter: Compat change id reported: 143937733; UID 10110; state: DISABLED
07-21 16:35:33.101 1563 1690 I sysui_multi_action: [757,803,799,window_time_0,802,2]
07-21 16:35:33.102 1563 1690 I ActivityManager: Killing 20930:com.android.settings/1000 (adj 915): empty #2
07-21 16:35:33.102 1563 1690 I am_kill : [0,20930,com.android.settings,915,empty #2]
07-21 16:35:33.102 1563 1690 I ActivityManager: Killing 20908:tv.danmaku.bilibilihd/u0a102 (adj 925): empty #3
07-21 16:35:33.102 1563 1690 I am_kill : [0,20908,tv.danmaku.bilibilihd,925,empty #3]
07-21 16:35:33.106 1563 1701 I am_proc_start: [0,21027,10110,com.tencent.tmgp.sgame,pre-top-activity,{com.tencent.tmgp.sgame/com.tencent.tmgp.sgame.SGameActivity}]
07-21 16:35:33.106 1563 1701 I ActivityManager: Start proc 21027:com.tencent.tmgp.sgame/u0a110 for pre-top-activity {com.tencent.tmgp.sgame/com.tencent.tmgp.sgame.SGameActivity}
07-21 16:35:33.107 1563 21030 W ContextImpl: Calling a method in the system process without a qualified user: android.app.ContextImpl.sendBroadcast:1173 com.qualcomm.qti.Performance$SendGameLaunchBroadcast.run:217 java.lang.Thread.run:920
07-21 16:35:33.112 1563 1826 I input_focus: [Focus leaving 28c4f40 com.android.launcher3/com.android.launcher3.uioverrides.QuickstepLauncher (server),reason=NO_WINDOW]
07-21 16:35:33.120 0 0 I [ 4120.090053] binder: 21027:21027 ioctl 40046210 7ff1724834 returned -22
07-21 16:35:33.120 1563 6493 I am_proc_bound: [0,21027,com.tencent.tmgp.sgame]
07-21 16:35:33.122 1563 6493 I wm_restart_activity: [0,211254384,78,com.tencent.tmgp.sgame/.SGameActivity]
07-21 16:35:33.123 1563 6493 I wm_set_resumed_activity: [0,com.tencent.tmgp.sgame/.SGameActivity,minimalResumeActivityLocked]
07-21 16:35:33.123 1563 6493 D FreeFormWindowHelper: handleFreeformTask : Task{31630f #78 type=standard A=10110:com.tencent.tmgp.sgame U=0 visible=true mode=fullscreen translucent=false sz=1 visible freeform task=true rootAffinity=10110:com.tencent.tmgp.sgame isMini=false}
07-21 16:35:33.123 1563 6493 D FreeFormWindowHelper: mFreeFormTask : null
07-21 16:35:33.123 1563 6493 D FreeFormWindowHelper: mInRecent : false
07-21 16:35:33.123 1563 6493 D FreeFormWindowHelper:
07-21 16:35:33.124 1563 1690 I am_uid_active: 10110
07-21 16:35:33.127 2071 4426 W ContextImpl: Calling a method in the system process without a qualified user: android.app.ContextImpl.startService:1816 android.content.ContextWrapper.startService:774 com.thundercomm.gamemode.ingame.services.GameModeActionUtils.startGameModeService:118 com.thundercomm.gamemode.ingame.services.GameModeActionUtils.startGameModeEntry:29 com.thundercomm.gamemode.ingame.services.ActivityMonitoringService$1.onActivityLaunch:145
07-21 16:35:33.130 1563 1563 I GameModeConfig: Current uri is uri = content://com.thundercomm.gamemode.api/gamemode_settings/gamemode_isgaming
07-21 16:35:33.131 1563 12235 D CompatibilityChangeReporter: Compat change id reported: 168419799; UID 1000; state: DISABLED
07-21 16:35:33.132 1563 1563 I GameModeConfig: isGameModeOn = true
07-21 16:35:33.132 1563 1563 I GameModeConfig: isGaming = true
07-21 16:35:33.132 1563 1563 I GameModeConfig: isDisableNotification = true
07-21 16:35:33.132 1563 1563 I GameModeConfig: isGameModeOn = true
07-21 16:35:33.132 1563 1563 I GameModeConfig: isGaming = true
07-21 16:35:33.132 1563 1563 I GameModeConfig: isDisableNotification = true
07-21 16:35:33.139 1563 6493 I am_proc_died: [0,20930,com.android.settings,915,19]
07-21 16:35:33.142 1563 1690 D CompatibilityChangeReporter: Compat change id reported: 135634846; UID 1000; state: DISABLED
07-21 16:35:33.142 1563 1690 D CompatibilityChangeReporter: Compat change id reported: 177438394; UID 1000; state: DISABLED
07-21 16:35:33.142 1563 1690 D CompatibilityChangeReporter: Compat change id reported: 135772972; UID 1000; state: DISABLED
07-21 16:35:33.142 1563 1690 D CompatibilityChangeReporter: Compat change id reported: 135754954; UID 1000; state: ENABLED
07-21 16:35:33.143 1563 1690 W ActivityManager: ProcessRecord{93ed0fe 20908:tv.danmaku.bilibilihd/u0a102} is attached to a previous process
07-21 16:35:33.144 1563 1690 I am_uid_stopped: 10102
07-21 16:35:33.144 1563 1690 W ActivityManager: Existing proc ProcessRecord{93ed0fe 20908:tv.danmaku.bilibilihd/u0a102} was killed 41ms ago when adding ProcessRecord{4eeddf7 0:tv.danmaku.bilibilihd/u0a102}
07-21 16:35:33.144 1563 1690 I am_uid_running: 10102
07-21 16:35:33.144 0 0 W [ 4120.116056] ALERT: changing window size from 16000000 to 8000000 at 4120116030802
07-21 16:35:33.146 1563 1690 D CompatibilityChangeReporter: Compat change id reported: 135634846; UID 10102; state: DISABLED
07-21 16:35:33.146 1563 1690 D CompatibilityChangeReporter: Compat change id reported: 177438394; UID 10102; state: DISABLED
07-21 16:35:33.146 1563 1690 D CompatibilityChangeReporter: Compat change id reported: 135772972; UID 10102; state: DISABLED
07-21 16:35:33.146 1563 1690 D CompatibilityChangeReporter: Compat change id reported: 135754954; UID 10102; state: ENABLED
07-21 16:35:33.147 1563 1701 I am_proc_start: [0,21053,1000,com.android.settings,NULL,]
07-21 16:35:33.147 1563 1701 I ActivityManager: Start proc 21053:com.android.settings/1000 for null
07-21 16:35:33.150 21027 21055 D ActivityThread: Loading provider com.tencent.tmgp.sgame.XG_SETTINGS_PROVIDER: com.tencent.tpns.baseapi.base.SettingsContentProvider
07-21 16:35:33.160 1563 6493 I am_proc_died: [0,20908,tv.danmaku.bilibilihd,925,19]
07-21 16:35:33.163 1563 1701 D CompatibilityChangeReporter: Compat change id reported: 143937733; UID 10102; state: ENABLED
07-21 16:35:33.167 1563 2390 I am_proc_bound: [0,21053,com.android.settings]
07-21 16:35:33.168 0 0 I [ 4120.136395] binder: 21053:21053 ioctl 40046210 7ff1724834 returned -22
07-21 16:35:33.171 1563 1701 I am_proc_start: [0,21076,10102,tv.danmaku.bilibilihd,NULL,]
07-21 16:35:33.171 1563 1701 I ActivityManager: Start proc 21076:tv.danmaku.bilibilihd/u0a102 for null
07-21 16:35:33.183 1563 21009 I am_proc_bound: [0,21076,tv.danmaku.bilibilihd]
07-21 16:35:33.186 0 0 I [ 4120.152662] binder: 21076:21076 ioctl 40046210 7ff1724834 returned -22
07-21 16:35:33.184 1563 21009 D CompatibilityChangeReporter: Compat change id reported: 168419799; UID 10102; state: DISABLED
07-21 16:35:33.199 1563 21009 D FreeFormWindowHelper: Current Display FreeFormTask is null
07-21 16:35:33.354 1563 2390 W WindowManager: Failed looking up window session=Session{887a756 21027:u0a10110} callers=com.android.server.wm.WindowManagerService.windowForClientLocked:5628 com.android.server.wm.Session.insetsModified:629 android.view.IWindowSession$Stub.onTransact:1151
07-21 16:35:33.355 21027 21027 I wm_on_create_called: [211254384,com.tencent.tmgp.sgame.SGameActivity,performCreate]
07-21 16:35:33.356 21027 21027 I wm_on_start_called: [211254384,com.tencent.tmgp.sgame.SGameActivity,handleStartActivity]
07-21 16:35:33.356 21027 21027 I wm_on_resume_called: [211254384,com.tencent.tmgp.sgame.SGameActivity,RESUME_ACTIVITY]
