07-21 16:33:45.249 1563 19837 D PowerManagerService: acquireWakeLockInternal: lock=195562495, flags=0x1, tag="*launch*", ws=WorkSource{10110}, uid=1000, pid=1563
07-21 16:33:45.249 1563 19837 D PowerManagerService: updateWakeLockSummaryLocked: mWakefulness=Awake, mWakeLockSummary=0x1
07-21 16:33:45.249 1563 19837 D PowerManagerService: updateUserActivitySummaryLocked: groupId=0, mWakefulness=Awake, mUserActivitySummary=0x1, nextTimeout=4072112 (in 59904 ms)
07-21 16:33:45.249 1563 19837 D PowerManagerNotifier: onScreenPolicyUpdate: newPolicy=3
07-21 16:33:45.249 1563 19837 D PowerManagerService: updateDisplayPowerStateLocked: displayReady=true, groupId=0, policy=BRIGHT, mWakefulness=Awake, mWakeLockSummary=0x1, mUserActivitySummary=0x1, mBootCompleted=true, screenBrightnessOverride=NaN, useAutoBrightness=false, mScreenBrightnessBoostInProgress=false, mIsVrModeEnabled= false, sQuiescent=false
07-21 16:33:45.249 1563 19837 D PowerManagerService: Acquiring suspend blocker "PowerManagerService.WakeLocks".
07-21 16:33:45.250 1563 19837 D PowerManagerNotifier: onWakeLockAcquired: flags=1, tag="*launch*", packageName=android, ownerUid=1000, ownerPid=1563, workSource=WorkSource{10110}
07-21 16:33:45.251 1563 19837 D CompatibilityChangeReporter: Compat change id reported: 168419799; UID 10110; state: DISABLED
07-21 16:33:45.251 1563 19837 I ActivityTaskManager: addStartingWindow startWindow type:1
07-21 16:33:45.253 1927 2150 D PhoneStartingWindowTypeAlgorithm: preferredStartingWindowType newTask:false taskSwitch:true processRunning:true allowTaskSnapshot:true activityCreated:true useEmptySplashScreen:false legacySplashScreen:false topIsHome:false
07-21 16:33:45.253 1927 2150 D PhoneStartingWindowTypeAlgorithm: isSnapshotCompatible rotation 0 snapshot 0
07-21 16:33:45.255 2587 2587 I wm_on_top_resumed_lost_called: [51676365,com.android.launcher3.uioverrides.QuickstepLauncher,topStateChangedWhenResumed]
07-21 16:33:45.259 2587 2587 I wm_on_paused_called: [51676365,com.android.launcher3.uioverrides.QuickstepLauncher,performPause]
07-21 16:33:45.263 860 860 I auditd : type=1400 audit(0.0:16300): avc: denied { add_name } for comm="perf@2.2-servic" name="cpu_max_freq" scontext=u:r:vendor_hal_perf_default:s0 tcontext=u:object_r:vendor_sysfs_msm_perf:s0 tclass=dir permissive=1
07-21 16:33:45.264 1563 19837 I ActivityTaskManager: FOREGROUND_APPLICATION_CHANGED to com.tencent.tmgp.sgame.SGameActivity
07-21 16:33:45.267 1563 19837 I wm_set_resumed_activity: [0,com.tencent.tmgp.sgame/.SGameActivity,resumeTopActivityInnerLocked]
07-21 16:33:45.267 1563 19837 I wm_add_to_stopping: [0,51676365,com.android.launcher3/.uioverrides.QuickstepLauncher,makeInvisible]
07-21 16:33:45.267 1563 1690 I ActivityManager: Killing 16251:android.process.media/u0a21 (adj 905): empty #2
07-21 16:33:45.267 1563 1690 I am_kill : [0,16251,android.process.media,905,empty #2]
07-21 16:33:45.268 1563 1699 I sysui_multi_action: [757,1717,758,1,759,0]
07-21 16:33:45.268 1563 1699 I sysui_multi_action: [757,1717,758,2,759,0]
07-21 16:33:45.268 1563 1699 I sysui_multi_action: [757,1717,758,3,759,0]
07-21 16:33:45.270 1563 19837 D CompatibilityChangeReporter: Compat change id reported: 174042980; UID 10110; state: DISABLED
07-21 16:33:45.272 1563 19837 D CompatibilityChangeReporter: Compat change id reported: 181136395; UID 10110; state: DISABLED
07-21 16:33:45.273 1563 19837 D CompatibilityChangeReporter: Compat change id reported: 174042936; UID 10110; state: DISABLED
07-21 16:33:45.274 1563 19837 D CompatibilityChangeReporter: Compat change id reported: 184838306; UID 10110; state: DISABLED
07-21 16:33:45.274 1563 19837 D CompatibilityChangeReporter: Compat change id reported: 185004937; UID 10110; state: DISABLED
07-21 16:33:45.275 1563 19837 I wm_resume_activity: [0,182464186,77,com.tencent.tmgp.sgame/.SGameActivity]
07-21 16:33:45.275 1563 19837 D FreeFormWindowHelper: handleFreeformTask : Task{b9f24c8 #77 type=standard A=10110:com.tencent.tmgp.sgame U=0 visible=true mode=fullscreen translucent=false sz=1 visible freeform task=true rootAffinity=10110:com.tencent.tmgp.sgame isMini=false}
07-21 16:33:45.275 1563 19837 D FreeFormWindowHelper: mFreeFormTask : null
07-21 16:33:45.275 1563 19837 D FreeFormWindowHelper: mInRecent : false
07-21 16:33:45.275 1563 19837 D FreeFormWindowHelper:
07-21 16:33:45.281 1563 1826 I input_focus: [Focus leaving 28c4f40 com.android.launcher3/com.android.launcher3.uioverrides.QuickstepLauncher (server),reason=NO_WINDOW]
07-21 16:33:45.284 1563 1690 I sysui_multi_action: [757,803,799,window_time_0,802,40]
07-21 16:33:45.290 1563 1691 I input_focus: [Focus request 979ab7d com.tencent.tmgp.sgame/com.tencent.tmgp.sgame.SGameActivity,reason=UpdateInputWindows]
07-21 16:33:45.291 2071 4426 W ContextImpl: Calling a method in the system process without a qualified user: android.app.ContextImpl.startService:1816 android.content.ContextWrapper.startService:774 com.thundercomm.gamemode.ingame.services.GameModeActionUtils.startGameModeService:118 com.thundercomm.gamemode.ingame.services.GameModeActionUtils.startGameModeEntry:29 com.thundercomm.gamemode.ingame.services.ActivityMonitoringService$1.onActivityLaunch:145
07-21 16:33:45.293 13409 13409 I wm_on_restart_called: [182464186,com.tencent.tmgp.sgame.SGameActivity,performRestartActivity]
07-21 16:33:45.293 13409 13409 I wm_on_start_called: [182464186,com.tencent.tmgp.sgame.SGameActivity,handleStartActivity]
07-21 16:33:45.293 13409 13409 I wm_on_resume_called: [182464186,com.tencent.tmgp.sgame.SGameActivity,RESUME_ACTIVITY]
07-21 16:33:45.293 13409 13409 I wm_on_top_resumed_gained_called: [182464186,com.tencent.tmgp.sgame.SGameActivity,topWhenResuming]
07-21 16:33:45.295 1563 2056 I am_uid_running: 10064
07-21 16:33:45.295 1563 2056 D CompatibilityChangeReporter: Compat change id reported: 135634846; UID 10064; state: DISABLED
07-21 16:33:45.295 1563 2056 D CompatibilityChangeReporter: Compat change id reported: 177438394; UID 10064; state: DISABLED
07-21 16:33:45.295 1563 2056 D CompatibilityChangeReporter: Compat change id reported: 135772972; UID 10064; state: DISABLED
07-21 16:33:45.296 1563 2056 D CompatibilityChangeReporter: Compat change id reported: 135754954; UID 10064; state: ENABLED
07-21 16:33:45.296 1563 1701 D CompatibilityChangeReporter: Compat change id reported: 143937733; UID 10064; state: ENABLED
07-21 16:33:45.301 1563 9105 D CompatibilityChangeReporter: Compat change id reported: 168419799; UID 1000; state: DISABLED
07-21 16:33:45.310 1563 1687 I sysui_multi_action: [319,37,321,35,322,61,325,4012,757,761,758,9,759,4,806,com.tencent.tmgp.sgame,871,com.tencent.tmgp.sgame.SGameActivity,904,com.android.launcher3,905,0,1320,17,1321,1]
07-21 16:33:45.315 1563 1701 I am_proc_start: [0,16307,10064,com.thundercomm.gamemode.provider,content provider,{com.thundercomm.gamemode.provider/com.thundercomm.gamemode.provider.SettingsProvider}]
07-21 16:33:45.315 1563 1701 I ActivityManager: Start proc 16307:com.thundercomm.gamemode.provider/u0a64 for content provider {com.thundercomm.gamemode.provider/com.thundercomm.gamemode.provider.SettingsProvider}
07-21 16:33:45.318 1927 2150 D StartingSurfaceDrawer: Task start finish, remove starting surface for task 77
07-21 16:33:45.318 1563 9105 D PowerManagerService: releaseWakeLockInternal: lock=195562495 [*launch*], flags=0x0
07-21 16:33:45.318 1563 9105 D PowerManagerNotifier: onWakeLockReleased: flags=1, tag="*launch*", packageName=android, ownerUid=1000, ownerPid=1563, workSource=WorkSource{10110}
07-21 16:33:45.318 1563 9105 D PowerManagerService: updateWakeLockSummaryLocked: mWakefulness=Awake, mWakeLockSummary=0x0
07-21 16:33:45.318 1563 9105 D PowerManagerService: updateUserActivitySummaryLocked: groupId=0, mWakefulness=Awake, mUserActivitySummary=0x1, nextTimeout=4072112 (in 59835 ms)
07-21 16:33:45.318 1563 9105 D PowerManagerNotifier: onScreenPolicyUpdate: newPolicy=3
07-21 16:33:45.318 1563 9105 D PowerManagerService: updateDisplayPowerStateLocked: displayReady=true, groupId=0, policy=BRIGHT, mWakefulness=Awake, mWakeLockSummary=0x0, mUserActivitySummary=0x1, mBootCompleted=true, screenBrightnessOverride=NaN, useAutoBrightness=false, mScreenBrightnessBoostInProgress=false, mIsVrModeEnabled= false, sQuiescent=false
07-21 16:33:45.318 1563 9105 D PowerManagerService: Releasing suspend blocker "PowerManagerService.WakeLocks".
07-21 16:33:45.332 0 0 I [ 4012.289436] binder: 16307:16307 ioctl 40046210 7ff1724834 returned -22
07-21 16:33:45.333 1563 1826 I input_focus: [Focus entering 979ab7d com.tencent.tmgp.sgame/com.tencent.tmgp.sgame.SGameActivity (server),reason=Window became focusable. Previous reason: NOT_VISIBLE]
07-21 16:33:45.334 1563 2055 I am_proc_died: [0,16251,android.process.media,905,19]
07-21 16:33:45.334 1563 2055 I am_uid_stopped: 10021
07-21 16:33:45.336 1563 1791 I am_proc_bound: [0,16307,com.thundercomm.gamemode.provider]
07-21 16:33:45.337 1563 1791 D CompatibilityChangeReporter: Compat change id reported: 168419799; UID 10064; state: DISABLED
07-21 16:33:45.340 1563 1791 I am_uid_active: 10064
07-21 16:33:45.374 1563 1563 I GameModeConfig: Current uri is uri = content://com.thundercomm.gamemode.api/gamemode_settings/gamemode_isgaming
07-21 16:33:45.376 1563 2230 D FreeFormWindowHelper: Current Display FreeFormTask is null
07-21 16:33:45.377 1563 1563 I GameModeConfig: isGameModeOn = true
07-21 16:33:45.377 1563 1563 I GameModeConfig: isGaming = true
07-21 16:33:45.377 1563 1563 I GameModeConfig: isDisableNotification = true
07-21 16:33:45.378 1563 1563 I GameModeConfig: isGameModeOn = true
07-21 16:33:45.378 1563 1563 I GameModeConfig: isGaming = true
07-21 16:33:45.378 1563 1563 I GameModeConfig: isDisableNotification = true
07-21 16:33:45.392 0 0 W [ 4012.352061] ALERT: changing window size from 16000000 to 8000000 at 4012352031520
07-21 16:33:45.633 1563 1690 I wm_stop_activity: [0,51676365,com.android.launcher3/.uioverrides.QuickstepLauncher]
07-21 16:33:45.654 1563 2055 D FreeFormWindowHelper: exitRecentTasks
07-21 16:33:45.659 2587 2587 I wm_on_stop_called: [51676365,com.android.launcher3.uioverrides.QuickstepLauncher,STOP_ACTIVITY_ITEM]
07-21 16:33:45.805 0 0 W [ 4012.760099] ALERT: changing window size from 8000000 to 20000000 at 4012760063343
07-21 16:33:45.805 0 0 I [ 4012.762430] [drm: dsi_display_set_mode] [msm-dsi-info]: mdp_transfer_time_us=0 us
07-21 16:33:45.805 0 0 I [ 4012.762438] [drm: dsi_display_set_mode] [msm-dsi-info]: hactive= 2560,vactive= 1080,fps=30
07-21 16:33:45.805 0 0 I [ 4012.762629] [MAX975X: max96755x_drm_notifier_callback] *INFO* receives BLANK: UNBLANK
07-21 16:33:45.814 1563 1690 I DisplayDeviceRepository: Display device changed: DisplayDeviceInfo{"内置屏幕": uniqueId="local:4630946816427681409", 2560 x 1080, modeId 3, defaultModeId 1, supportedModes [{id=1, width=2560, height=1080, fps=60.000004, alternativeRefreshRates=[30.000002, 45.0]}, {id=2, width=2560, height=1080, fps=45.0, alternativeRefreshRates=[30.000002, 60.000004]}, {id=3, width=2560, height=1080, fps=30.000002, alternativeRefreshRates=[45.0, 60.000004]}], colorMode 0, supportedColorModes [0], hdrCapabilities HdrCapabilities{mSupportedHdrTypes=[2, 3, 4], mMaxLuminance=500.0, mMaxAverageLuminance=500.0, mMinLuminance=0.0}, allmSupported false, gameContentTypeSupported false, density 240, 320.315 x 318.976 dpi, appVsyncOff 1000000, presDeadline 33333333, touch INTERNAL, rotation 0, type INTERNAL, address {port=129, model=0x40446d97fee5e6}, deviceProductInfo DeviceProductInfo{name=, manufacturerPnpId=QCM, productId=1, modelYear=null, manufactureDate=ManufactureDate{week=27, year=2006}, connectionToSinkType=0}, state ON, frameRateOverride , brightnessMinimum 0.0, brightnessMaximum 1.0, brightnessDefault 1.0, FLAG_DEFAULT_DISPLAY, FLAG_ROTATES_WITH_CONTENT, FLAG_SECURE, FLAG_SUPPORTS_PROTECTED_BUFFERS}
07-21 16:33:46.006 1563 1815 I commit_sys_config_file: [settings-1-0,11]
07-21 16:33:46.008 0 0 I : [ 4012.964994] atmel_mxt_ts 0-004a: Enter resume
07-21 16:33:46.088 1563 1826 I input_interaction: Interaction with: cbd228a gamemode.floatview (server), edge-swipe (server), swipe-up (server), PointerEventDispatcher0 (server),
07-21 16:33:46.088 1563 1826 D PowerManagerService: userActivityNoUpdateLocked: groupId=0, eventTime=4013045, event=2, flags=0x0, uid=1000
07-21 16:33:46.088 1563 1826 D PowerManagerNotifier: onUserActivity: event=2, uid=1000
07-21 16:33:46.089 1563 1826 D PowerManagerService: updateUserActivitySummaryLocked: groupId=0, mWakefulness=Awake, mUserActivitySummary=0x1, nextTimeout=4073045 (in 59997 ms)
07-21 16:33:46.089 1563 1826 D PowerManagerNotifier: onScreenPolicyUpdate: newPolicy=3
07-21 16:33:46.089 1563 1826 D PowerManagerService: updateDisplayPowerStateLocked: displayReady=true, groupId=0, policy=BRIGHT, mWakefulness=Awake, mWakeLockSummary=0x0, mUserActivitySummary=0x1, mBootCompleted=true, screenBrightnessOverride=NaN, useAutoBrightness=false, mScreenBrightnessBoostInProgress=false, mIsVrModeEnabled= false, sQuiescent=false
07-21 16:33:47.583 1563 1826 I input_interaction: Interaction with: 979ab7d com.tencent.tmgp.sgame/com.tencent.tmgp.sgame.SGameActivity (server), edge-swipe (server), swipe-up (server), PointerEventDispatcher0 (server),
07-21 16:33:47.585 1563 1826 D PowerManagerService: userActivityNoUpdateLocked: groupId=0, eventTime=4014542, event=2, flags=0x0, uid=1000
07-21 16:33:47.585 1563 1826 D PowerManagerNotifier: onUserActivity: event=2, uid=1000
07-21 16:33:47.586 1563 1826 D PowerManagerService: updateUserActivitySummaryLocked: groupId=0, mWakefulness=Awake, mUserActivitySummary=0x1, nextTimeout=4074542 (in 59997 ms)
07-21 16:33:47.586 1563 1826 D PowerManagerNotifier: onScreenPolicyUpdate: newPolicy=3
07-21 16:33:47.586 1563 1826 D PowerManagerService: updateDisplayPowerStateLocked: displayReady=true, groupId=0, policy=BRIGHT, mWakefulness=Awake, mWakeLockSummary=0x0, mUserActivitySummary=0x1, mBootCompleted=true, screenBrightnessOverride=NaN, useAutoBrightness=false, mScreenBrightnessBoostInProgress=false, mIsVrModeEnabled= false, sQuiescent=false
07-21 16:33:47.588 1563 12235 D FreeFormWindowHelper: Current Display FreeFormTask is null
07-21 16:33:47.594 1563 12235 D FreeFormWindowHelper: Current Display FreeFormTask is null
07-21 16:33:47.595 1563 12235 I wm_task_moved: [1,0,0]
07-21 16:33:47.595 1563 12235 I wm_task_moved: [1,0,6]
07-21 16:33:47.595 1563 15393 D FreeFormWindowHelper: Current Display FreeFormTask is null
07-21 16:33:47.600 2587 2587 I wm_on_restart_called: [51676365,com.android.launcher3.uioverrides.QuickstepLauncher,performRestartActivity]
07-21 16:33:47.600 1563 15393 D FreeFormWindowHelper: Current Display FreeFormTask is null
07-21 16:33:47.601 1563 15393 D FreeFormWindowHelper: Current Display FreeFormTask is null
07-21 16:33:47.601 1563 15393 D FreeFormWindowHelper: Current Display FreeFormTask is null
07-21 16:33:47.612 2587 2587 I wm_on_start_called: [51676365,com.android.launcher3.uioverrides.QuickstepLauncher,handleStartActivity]
07-21 16:33:47.613 1563 12235 W ActivityTaskManager: getTaskSnapshot: taskId=268 not found
07-21 16:33:47.613 1563 2231 D FreeFormWindowHelper: Current Display FreeFormTask is null
07-21 16:33:47.614 1563 12235 W ActivityTaskManager: getTaskSnapshot: taskId=268 not found
07-21 16:33:47.614 1563 12235 W ActivityTaskManager: getTaskSnapshot: taskId=269 not found
07-21 16:33:47.614 1563 12235 W ActivityTaskManager: getTaskSnapshot: taskId=269 not found
07-21 16:33:47.639 1563 12235 D FreeFormWindowHelper: Current Display FreeFormTask is null
07-21 16:33:47.640 1563 12235 D FreeFormWindowHelper: Current Display FreeFormTask is null
07-21 16:33:47.655 1563 1687 I sysui_multi_action: [319,11,322,55,325,4014,757,761,758,9,759,5,806,com.android.launcher3,871,com.android.launcher3.uioverrides.QuickstepLauncher,905,0,1320,8,1321,5]
07-21 16:33:47.666 1563 2231 D FreeFormWindowHelper: Current Display FreeFormTask is null
07-21 16:33:47.666 1563 2231 D FreeFormWindowHelper: Current Display FreeFormTask is null
07-21 16:33:47.823 1563 1815 I commit_sys_config_file: [settings-1-0,11]
07-21 16:33:47.951 1563 1699 I sysui_latency: [8,63]
07-21 16:33:47.964 1563 1826 D PowerManagerService: userActivityNoUpdateLocked: groupId=0, eventTime=4014922, event=2, flags=0x0, uid=1000
07-21 16:33:47.964 1563 1826 D PowerManagerNotifier: onUserActivity: event=2, uid=1000
07-21 16:33:47.964 1563 1826 D PowerManagerService: updateUserActivitySummaryLocked: groupId=0, mWakefulness=Awake, mUserActivitySummary=0x1, nextTimeout=4074922 (in 59999 ms)
07-21 16:33:47.964 1563 1826 D PowerManagerNotifier: onScreenPolicyUpdate: newPolicy=3
07-21 16:33:47.964 1563 1826 D PowerManagerService: updateDisplayPowerStateLocked: displayReady=true, groupId=0, policy=BRIGHT, mWakefulness=Awake, mWakeLockSummary=0x0, mUserActivitySummary=0x1, mBootCompleted=true, screenBrightnessOverride=NaN, useAutoBrightness=false, mScreenBrightnessBoostInProgress=false, mIsVrModeEnabled= false, sQuiescent=false
07-21 16:33:47.966 1563 21009 D FreeFormWindowHelper: exitRecentTasks
07-21 16:33:47.970 1563 21009 D FreeFormWindowHelper: Current Display FreeFormTask is null
07-21 16:33:47.970 1563 21009 D FreeFormWindowHelper: Current Display FreeFormTask is null
07-21 16:33:48.070 1563 21009 I wm_task_moved: [1,0,6]
07-21 16:33:48.070 1563 21009 I wm_add_to_stopping: [0,51676365,com.android.launcher3/.uioverrides.QuickstepLauncher,makeInvisible]
07-21 16:33:48.071 1563 21009 D FreeFormWindowHelper: handleFreeformTask : Task{b9f24c8 #77 type=standard A=10110:com.tencent.tmgp.sgame U=0 visible=true mode=fullscreen translucent=false sz=1 visible freeform task=true rootAffinity=10110:com.tencent.tmgp.sgame isMini=false}
07-21 16:33:48.071 1563 21009 D FreeFormWindowHelper: mFreeFormTask : null
07-21 16:33:48.071 1563 21009 D FreeFormWindowHelper: mInRecent : false
07-21 16:33:48.071 1563 21009 D FreeFormWindowHelper:
07-21 16:33:48.075 1563 1690 I wm_stop_activity: [0,51676365,com.android.launcher3/.uioverrides.QuickstepLauncher]
07-21 16:33:48.087 2587 2587 I wm_on_stop_called: [51676365,com.android.launcher3.uioverrides.QuickstepLauncher,STOP_ACTIVITY_ITEM]
07-21 16:33:48.113 1563 1699 W UsageStatsService: Unexpected activity event reported! (com.android.launcher3/com.android.launcher3.uioverrides.QuickstepLauncher event : 23 instanceId : 13267089)
07-21 16:33:48.179 1563 1815 I commit_sys_config_file: [settings-1-0,10]
07-21 16:33:48.581 1563 1826 I input_interaction: Interaction with: fffd7b7 gamemode.menuview (server), edge-swipe (server), swipe-up (server), PointerEventDispatcher0 (server),
07-21 16:33:48.581 1563 1826 D PowerManagerService: userActivityNoUpdateLocked: groupId=0, eventTime=4015538, event=2, flags=0x0, uid=1000
07-21 16:33:48.581 1563 1826 D PowerManagerNotifier: onUserActivity: event=2, uid=1000
07-21 16:33:48.582 1563 1826 D PowerManagerService: updateUserActivitySummaryLocked: groupId=0, mWakefulness=Awake, mUserActivitySummary=0x1, nextTimeout=4075538 (in 59997 ms)
07-21 16:33:48.582 1563 1826 D PowerManagerNotifier: onScreenPolicyUpdate: newPolicy=3
07-21 16:33:48.582 1563 1826 D PowerManagerService: updateDisplayPowerStateLocked: displayReady=true, groupId=0, policy=BRIGHT, mWakefulness=Awake, mWakeLockSummary=0x0, mUserActivitySummary=0x1, mBootCompleted=true, screenBrightnessOverride=NaN, useAutoBrightness=false, mScreenBrightnessBoostInProgress=false, mIsVrModeEnabled= false, sQuiescent=false
07-21 16:33:49.722 1563 1826 D PowerManagerService: userActivityNoUpdateLocked: groupId=0, eventTime=4016679, event=2, flags=0x0, uid=1000
07-21 16:33:49.722 1563 1826 D PowerManagerNotifier: onUserActivity: event=2, uid=1000
07-21 16:33:49.723 1563 1826 D PowerManagerService: updateUserActivitySummaryLocked: groupId=0, mWakefulness=Awake, mUserActivitySummary=0x1, nextTimeout=4076679 (in 59997 ms)
07-21 16:33:49.723 1563 1826 D PowerManagerNotifier: onScreenPolicyUpdate: newPolicy=3
07-21 16:33:49.723 1563 1826 D PowerManagerService: updateDisplayPowerStateLocked: displayReady=true, groupId=0, policy=BRIGHT, mWakefulness=Awake, mWakeLockSummary=0x0, mUserActivitySummary=0x1, mBootCompleted=true, screenBrightnessOverride=NaN, useAutoBrightness=false, mScreenBrightnessBoostInProgress=false, mIsVrModeEnabled= false, sQuiescent=false
07-21 16:33:50.964 1563 1740 W PackageManager: /data/system/packages.xml fsync begin
07-21 16:33:50.971 1563 1740 W PackageManager: /data/system/packages.xml fsync end
07-21 16:33:50.984 0 0 I [ 4017.943755] logd: start watching /data/system/packages.list ...
07-21 16:33:50.988 1563 1740 I commit_sys_config_file: [package-user-0,3]
07-21 16:33:50.988 1563 1740 I commit_sys_config_file: [package,101]
07-21 16:33:50.988 0 0 I [ 4017.946301] logd: ReadPackageList, total packages: 122
07-21 16:33:51.081 1563 1826 I input_interaction: Interaction with: 979ab7d com.tencent.tmgp.sgame/com.tencent.tmgp.sgame.SGameActivity (server), edge-swipe (server), swipe-up (server), PointerEventDispatcher0 (server),
07-21 16:33:51.081 1563 1826 D PowerManagerService: userActivityNoUpdateLocked: groupId=0, eventTime=4018038, event=2, flags=0x0, uid=1000
07-21 16:33:51.081 1563 1826 D PowerManagerNotifier: onUserActivity: event=2, uid=1000
07-21 16:33:51.082 1563 1826 D PowerManagerService: updateUserActivitySummaryLocked: groupId=0, mWakefulness=Awake, mUserActivitySummary=0x1, nextTimeout=4078038 (in 59997 ms)
07-21 16:33:51.082 1563 1826 D PowerManagerNotifier: onScreenPolicyUpdate: newPolicy=3
07-21 16:33:51.082 1563 1826 D PowerManagerService: updateDisplayPowerStateLocked: displayReady=true, groupId=0, policy=BRIGHT, mWakefulness=Awake, mWakeLockSummary=0x0, mUserActivitySummary=0x1, mBootCompleted=true, screenBrightnessOverride=NaN, useAutoBrightness=false, mScreenBrightnessBoostInProgress=false, mIsVrModeEnabled= false, sQuiescent=false
07-21 16:33:51.085 1563 19837 D FreeFormWindowHelper: Current Display FreeFormTask is null
07-21 16:33:51.091 1563 19837 D FreeFormWindowHelper: Current Display FreeFormTask is null
07-21 16:33:51.091 1563 19837 I wm_task_moved: [1,0,0]
07-21 16:33:51.092 1563 19837 I wm_task_moved: [1,0,6]
07-21 16:33:51.092 1563 24291 D FreeFormWindowHelper: Current Display FreeFormTask is null
07-21 16:33:51.103 1563 19837 D FreeFormWindowHelper: Current Display FreeFormTask is null
07-21 16:33:51.104 1563 1699 I am_pss : [15034,10092,com.android.permissioncontroller,13341696,10387456,48128,98562048,0,6,8]
07-21 16:33:51.112 2587 2587 I wm_on_restart_called: [51676365,com.android.launcher3.uioverrides.QuickstepLauncher,performRestartActivity]
07-21 16:33:51.113 1563 24291 D FreeFormWindowHelper: Current Display FreeFormTask is null
07-21 16:33:51.113 1563 24291 D FreeFormWindowHelper: Current Display FreeFormTask is null
07-21 16:33:51.149 1563 19837 W ActivityTaskManager: getTaskSnapshot: taskId=764 not found
07-21 16:33:51.149 2587 2587 I wm_on_start_called: [51676365,com.android.launcher3.uioverrides.QuickstepLauncher,handleStartActivity]
07-21 16:33:51.153 1563 24291 W ActivityTaskManager: getTaskSnapshot: taskId=765 not found
07-21 16:33:51.154 1563 19837 W ActivityTaskManager: getTaskSnapshot: taskId=765 not found
07-21 16:33:51.154 1563 19837 W ActivityTaskManager: getTaskSnapshot: taskId=765 not found
07-21 16:33:51.154 1563 19837 D FreeFormWindowHelper: Current Display FreeFormTask is null
07-21 16:33:51.155 1563 19837 D FreeFormWindowHelper: Current Display FreeFormTask is null
07-21 16:33:51.165 1563 1687 I sysui_multi_action: [319,10,322,68,325,4018,757,761,758,9,759,5,806,com.android.launcher3,871,com.android.launcher3.uioverrides.QuickstepLauncher,905,0,1320,8,1321,5]
07-21 16:33:51.177 1563 19837 D FreeFormWindowHelper: Current Display FreeFormTask is null
07-21 16:33:51.178 1563 19837 D FreeFormWindowHelper: Current Display FreeFormTask is null
07-21 16:33:51.201 1563 1826 D PowerManagerService: userActivityNoUpdateLocked: groupId=0, eventTime=4018159, event=2, flags=0x0, uid=1000
07-21 16:33:51.201 1563 1826 D PowerManagerNotifier: onUserActivity: event=2, uid=1000
07-21 16:33:51.201 1563 1826 D PowerManagerService: updateUserActivitySummaryLocked: groupId=0, mWakefulness=Awake, mUserActivitySummary=0x1, nextTimeout=4078159 (in 59999 ms)
07-21 16:33:51.201 1563 1826 D PowerManagerNotifier: onScreenPolicyUpdate: newPolicy=3
07-21 16:33:51.201 1563 1826 D PowerManagerService: updateDisplayPowerStateLocked: displayReady=true, groupId=0, policy=BRIGHT, mWakefulness=Awake, mWakeLockSummary=0x0, mUserActivitySummary=0x1, mBootCompleted=true, screenBrightnessOverride=NaN, useAutoBrightness=false, mScreenBrightnessBoostInProgress=false, mIsVrModeEnabled= false, sQuiescent=false
07-21 16:33:51.271 13409 13409 I view_enqueue_input_event: [Motion - Cancel,com.tencent.tmgp.sgame/com.tencent.tmgp.sgame.SGameActivity]
07-21 16:33:51.271 2587 2587 I sysui_latency: [1,76]
07-21 16:33:51.271 1563 12235 D FreeFormWindowHelper: Current Display FreeFormTask is null
07-21 16:33:51.272 1563 1687 D AutofillManagerService: Close system dialogs
07-21 16:33:51.272 1563 1691 I input_focus: [Focus request recents_animation_input_consumer,reason=UpdateInputWindows]
07-21 16:33:51.272 1563 12235 D FreeFormWindowHelper: Current Display FreeFormTask is null
07-21 16:33:51.273 1563 21009 W ActivityTaskManager: getTaskSnapshot: taskId=944 not found
07-21 16:33:51.274 1563 21009 W ActivityTaskManager: getTaskSnapshot: taskId=944 not found
07-21 16:33:51.274 1563 21009 W ActivityTaskManager: getTaskSnapshot: taskId=945 not found
07-21 16:33:51.275 1563 21009 W ActivityTaskManager: getTaskSnapshot: taskId=945 not found
07-21 16:33:51.277 1563 21009 D FreeFormWindowHelper: Current Display FreeFormTask is null
07-21 16:33:51.277 1563 21009 D FreeFormWindowHelper: Current Display FreeFormTask is null
07-21 16:33:51.280 1563 1826 I input_interaction: Interaction with: edge-swipe (server), swipe-up (server), PointerEventDispatcher0 (server),
07-21 16:33:51.301 1563 1826 D PowerManagerService: userActivityNoUpdateLocked: groupId=0, eventTime=4018259, event=2, flags=0x0, uid=1000
07-21 16:33:51.301 1563 1826 D PowerManagerNotifier: onUserActivity: event=2, uid=1000
07-21 16:33:51.301 1563 1826 D PowerManagerService: updateUserActivitySummaryLocked: groupId=0, mWakefulness=Awake, mUserActivitySummary=0x1, nextTimeout=4078259 (in 59999 ms)
07-21 16:33:51.301 1563 1826 D PowerManagerNotifier: onScreenPolicyUpdate: newPolicy=3
07-21 16:33:51.301 1563 1826 D PowerManagerService: updateDisplayPowerStateLocked: displayReady=true, groupId=0, policy=BRIGHT, mWakefulness=Awake, mWakeLockSummary=0x0, mUserActivitySummary=0x1, mBootCompleted=true, screenBrightnessOverride=NaN, useAutoBrightness=false, mScreenBrightnessBoostInProgress=false, mIsVrModeEnabled= false, sQuiescent=false
07-21 16:33:51.311 1563 24291 D FreeFormWindowHelper: Current Display FreeFormTask is null
07-21 16:33:51.311 1563 24291 D FreeFormWindowHelper: Current Display FreeFormTask is null
07-21 16:33:51.312 1563 1826 I input_focus: [Focus leaving 979ab7d com.tencent.tmgp.sgame/com.tencent.tmgp.sgame.SGameActivity (server),reason=NOT_FOCUSABLE]
07-21 16:33:51.312 1563 1826 I input_focus: [Focus entering recents_animation_input_consumer (server),reason=setFocusedWindow]
07-21 16:33:51.356 1563 1815 I commit_sys_config_file: [settings-1-0,7]
07-21 16:33:51.400 1563 21026 D FreeFormWindowHelper: exitRecentTasks
07-21 16:33:51.411 1563 17518 D FreeFormWindowHelper: Current Display FreeFormTask is null
07-21 16:33:51.411 1563 17518 D FreeFormWindowHelper: Current Display FreeFormTask is null
07-21 16:33:51.460 1563 1699 I sysui_latency: [8,74]
07-21 16:33:51.611 1563 1815 I commit_sys_config_file: [settings-1-0,8]
07-21 16:33:51.812 1563 2390 D FreeFormWindowHelper: Current Display FreeFormTask is null
07-21 16:33:51.813 1563 2390 D FreeFormWindowHelper: Current Display FreeFormTask is null
07-21 16:33:51.814 1563 21009 D FreeFormWindowHelper: Current Display FreeFormTask is null
07-21 16:33:51.815 1563 2390 I wm_task_moved: [1,1,7]
07-21 16:33:51.816 1563 2390 I wm_task_moved: [59,1,2147483647]
07-21 16:33:51.816 1563 2390 I wm_task_to_front: [0,59]
07-21 16:33:51.816 1563 2390 I wm_focused_root_task: [0,0,1,77,RecentsAnimation.onAnimationFinished()]
07-21 16:33:51.816 13409 13409 I wm_on_top_resumed_lost_called: [182464186,com.tencent.tmgp.sgame.SGameActivity,topStateChangedWhenResumed]
07-21 16:33:51.816 1563 2390 I wm_set_resumed_activity: [0,com.android.launcher3/.uioverrides.QuickstepLauncher,RecentsAnimation.onAnimationFinished()]
07-21 16:33:51.817 1563 2390 I wm_pause_activity: [0,182464186,com.tencent.tmgp.sgame/.SGameActivity,userLeaving=true,pauseBackTasks]
07-21 16:33:51.817 1563 2390 D PowerManagerService: acquireWakeLockInternal: lock=195562495, flags=0x1, tag="*launch*", ws=WorkSource{10079}, uid=1000, pid=1563
07-21 16:33:51.817 1563 2390 D PowerManagerService: updateWakeLockSummaryLocked: mWakefulness=Awake, mWakeLockSummary=0x1
07-21 16:33:51.817 1563 2390 D PowerManagerService: updateUserActivitySummaryLocked: groupId=0, mWakefulness=Awake, mUserActivitySummary=0x1, nextTimeout=4078259 (in 59483 ms)
07-21 16:33:51.817 1563 2390 D PowerManagerNotifier: onScreenPolicyUpdate: newPolicy=3
07-21 16:33:51.817 1563 2390 D PowerManagerService: updateDisplayPowerStateLocked: displayReady=true, groupId=0, policy=BRIGHT, mWakefulness=Awake, mWakeLockSummary=0x1, mUserActivitySummary=0x1, mBootCompleted=true, screenBrightnessOverride=NaN, useAutoBrightness=false, mScreenBrightnessBoostInProgress=false, mIsVrModeEnabled= false, sQuiescent=false
07-21 16:33:51.817 1563 2390 D PowerManagerService: Acquiring suspend blocker "PowerManagerService.WakeLocks".
07-21 16:33:51.817 1563 2390 D PowerManagerNotifier: onWakeLockAcquired: flags=1, tag="*launch*", packageName=android, ownerUid=1000, ownerPid=1563, workSource=WorkSource{10079}
07-21 16:33:51.817 1563 2390 I wm_add_to_stopping: [0,182464186,com.tencent.tmgp.sgame/.SGameActivity,makeInvisible]
07-21 16:33:51.818 1563 2390 I ActivityTaskManager: FOREGROUND_APPLICATION_CHANGED to com.android.launcher3.uioverrides.QuickstepLauncher
07-21 16:33:51.818 1563 2390 I wm_set_resumed_activity: [0,com.android.launcher3/.uioverrides.QuickstepLauncher,resumeTopActivityInnerLocked]
07-21 16:33:51.824 1563 2390 I wm_resume_activity: [0,51676365,59,com.android.launcher3/.uioverrides.QuickstepLauncher]
07-21 16:33:51.825 1563 2390 D FreeFormWindowHelper: handleFreeformTask : Task{2e16b62 #1 type=home ?? U=0 visible=true mode=fullscreen translucent=false sz=1 visible freeform task=true rootAffinity=null isMini=false}
07-21 16:33:51.825 1563 2390 D FreeFormWindowHelper: mFreeFormTask : null
07-21 16:33:51.825 1563 2390 D FreeFormWindowHelper: mInRecent : false
07-21 16:33:51.825 1563 2390 D FreeFormWindowHelper:
07-21 16:33:51.826 1563 2390 D FreeFormWindowHelper: handleFreeformTask : Task{2e16b62 #1 type=home ?? U=0 visible=true mode=fullscreen translucent=false sz=1 visible freeform task=true rootAffinity=null isMini=false}
07-21 16:33:51.826 1563 2390 D FreeFormWindowHelper: mFreeFormTask : null
07-21 16:33:51.826 1563 2390 D FreeFormWindowHelper: mInRecent : false
07-21 16:33:51.826 1563 2390 D FreeFormWindowHelper:
07-21 16:33:51.826 2587 2587 I wm_on_resume_called: [51676365,com.android.launcher3.uioverrides.QuickstepLauncher,RESUME_ACTIVITY]
07-21 16:33:51.833 1563 1691 I input_focus: [Focus request 28c4f40 com.android.launcher3/com.android.launcher3.uioverrides.QuickstepLauncher,reason=UpdateInputWindows]
07-21 16:33:51.833 13409 13409 I wm_on_paused_called: [182464186,com.tencent.tmgp.sgame.SGameActivity,performPause]
07-21 16:33:51.834 1563 1690 I wm_stop_activity: [0,182464186,com.tencent.tmgp.sgame/.SGameActivity]
07-21 16:33:51.834 1563 1690 I sysui_multi_action: [757,803,799,window_time_0,802,6]
07-21 16:33:51.836 1563 1690 I sysui_multi_action: [757,803,799,window_time_0,802,0]
07-21 16:33:51.837 1563 1690 I am_uid_running: 10118
07-21 16:33:51.837 1563 1690 D CompatibilityChangeReporter: Compat change id reported: 135634846; UID 10118; state: DISABLED
07-21 16:33:51.837 1563 1690 D CompatibilityChangeReporter: Compat change id reported: 177438394; UID 10118; state: DISABLED
07-21 16:33:51.837 1563 1690 D CompatibilityChangeReporter: Compat change id reported: 135772972; UID 10118; state: DISABLED
07-21 16:33:51.837 1563 1690 D CompatibilityChangeReporter: Compat change id reported: 135754954; UID 10118; state: DISABLED
07-21 16:33:51.837 1563 1701 D CompatibilityChangeReporter: Compat change id reported: 143937733; UID 10118; state: DISABLED
07-21 16:33:51.837 1563 1690 I am_uid_running: 10098
07-21 16:33:51.838 1563 1690 D CompatibilityChangeReporter: Compat change id reported: 135634846; UID 10098; state: DISABLED
07-21 16:33:51.838 1563 1690 D CompatibilityChangeReporter: Compat change id reported: 177438394; UID 10098; state: DISABLED
07-21 16:33:51.838 1563 1690 D CompatibilityChangeReporter: Compat change id reported: 135772972; UID 10098; state: DISABLED
07-21 16:33:51.838 1563 1690 D CompatibilityChangeReporter: Compat change id reported: 135754954; UID 10098; state: DISABLED
07-21 16:33:51.838 1563 1690 I am_uid_running: 10122
07-21 16:33:51.838 1563 1690 D CompatibilityChangeReporter: Compat change id reported: 135634846; UID 10122; state: DISABLED
07-21 16:33:51.838 1563 1690 D CompatibilityChangeReporter: Compat change id reported: 177438394; UID 10122; state: DISABLED
07-21 16:33:51.838 1563 1690 D CompatibilityChangeReporter: Compat change id reported: 135772972; UID 10122; state: DISABLED
07-21 16:33:51.838 1563 1690 D CompatibilityChangeReporter: Compat change id reported: 135754954; UID 10122; state: ENABLED
07-21 16:33:51.838 1563 1690 I am_uid_running: 10097
07-21 16:33:51.839 1563 1690 D CompatibilityChangeReporter: Compat change id reported: 135634846; UID 10097; state: DISABLED
07-21 16:33:51.839 1563 1690 I am_uid_running: 10102
07-21 16:33:51.839 1563 1690 D CompatibilityChangeReporter: Compat change id reported: 135634846; UID 10102; state: DISABLED
07-21 16:33:51.839 1563 1690 D CompatibilityChangeReporter: Compat change id reported: 177438394; UID 10102; state: DISABLED
07-21 16:33:51.839 1563 1690 D CompatibilityChangeReporter: Compat change id reported: 135772972; UID 10102; state: DISABLED
07-21 16:33:51.839 1563 1690 D CompatibilityChangeReporter: Compat change id reported: 135754954; UID 10102; state: ENABLED
07-21 16:33:51.839 1563 1690 I am_uid_running: 10024
07-21 16:33:51.839 1563 1690 D CompatibilityChangeReporter: Compat change id reported: 135634846; UID 10024; state: DISABLED
07-21 16:33:51.840 1563 1690 I am_uid_running: 10099
07-21 16:33:51.840 1563 1690 D CompatibilityChangeReporter: Compat change id reported: 135634846; UID 10099; state: DISABLED
07-21 16:33:51.840 1563 1690 D CompatibilityChangeReporter: Compat change id reported: 177438394; UID 10099; state: DISABLED
07-21 16:33:51.840 1563 1690 D CompatibilityChangeReporter: Compat change id reported: 135772972; UID 10099; state: DISABLED
07-21 16:33:51.840 1563 1690 D CompatibilityChangeReporter: Compat change id reported: 135754954; UID 10099; state: ENABLED
07-21 16:33:51.840 1563 1690 I am_uid_running: 10116
07-21 16:33:51.840 1563 1690 D CompatibilityChangeReporter: Compat change id reported: 135634846; UID 10116; state: DISABLED
07-21 16:33:51.840 1563 1690 D CompatibilityChangeReporter: Compat change id reported: 177438394; UID 10116; state: DISABLED
07-21 16:33:51.840 1563 1690 D CompatibilityChangeReporter: Compat change id reported: 135772972; UID 10116; state: DISABLED
07-21 16:33:51.840 1563 1690 D CompatibilityChangeReporter: Compat change id reported: 135754954; UID 10116; state: ENABLED
07-21 16:33:51.841 1563 1690 I am_uid_running: 10106
07-21 16:33:51.841 1563 1690 D CompatibilityChangeReporter: Compat change id reported: 135634846; UID 10106; state: DISABLED
07-21 16:33:51.845 1563 1701 I am_proc_start: [0,16341,10118,com.kugou.android.auto,NULL,]
07-21 16:33:51.845 1563 1701 I ActivityManager: Start proc 16341:com.kugou.android.auto/u0a118 for null
07-21 16:33:51.846 1563 1701 D CompatibilityChangeReporter: Compat change id reported: 143937733; UID 10098; state: DISABLED
07-21 16:33:51.847 2587 2587 I wm_on_top_resumed_gained_called: [51676365,com.android.launcher3.uioverrides.QuickstepLauncher,topStateChangedWhenResumed]
07-21 16:33:51.848 1563 2390 D PowerManagerService: releaseWakeLockInternal: lock=195562495 [*launch*], flags=0x0
07-21 16:33:51.848 1563 2390 D PowerManagerNotifier: onWakeLockReleased: flags=1, tag="*launch*", packageName=android, ownerUid=1000, ownerPid=1563, workSource=WorkSource{10079}
07-21 16:33:51.848 1563 1826 I input_focus: [Focus leaving recents_animation_input_consumer (server),reason=NOT_VISIBLE]
07-21 16:33:51.848 1563 2390 D PowerManagerService: updateWakeLockSummaryLocked: mWakefulness=Awake, mWakeLockSummary=0x0
07-21 16:33:51.848 1563 2390 D PowerManagerService: updateUserActivitySummaryLocked: groupId=0, mWakefulness=Awake, mUserActivitySummary=0x1, nextTimeout=4078259 (in 59452 ms)
07-21 16:33:51.848 1563 2390 D PowerManagerNotifier: onScreenPolicyUpdate: newPolicy=3
07-21 16:33:51.848 1563 1826 I input_focus: [Focus entering 28c4f40 com.android.launcher3/com.android.launcher3.uioverrides.QuickstepLauncher (server),reason=setFocusedWindow]
07-21 16:33:51.848 1563 2390 D PowerManagerService: updateDisplayPowerStateLocked: displayReady=true, groupId=0, policy=BRIGHT, mWakefulness=Awake, mWakeLockSummary=0x0, mUserActivitySummary=0x1, mBootCompleted=true, screenBrightnessOverride=NaN, useAutoBrightness=false, mScreenBrightnessBoostInProgress=false, mIsVrModeEnabled= false, sQuiescent=false
07-21 16:33:51.848 1563 2390 D PowerManagerService: Releasing suspend blocker "PowerManagerService.WakeLocks".
07-21 16:33:51.852 1563 1701 I am_proc_start: [0,16343,10098,com.tencent.wework,NULL,]
07-21 16:33:51.852 1563 1701 I ActivityManager: Start proc 16343:com.tencent.wework/u0a98 for null
07-21 16:33:51.852 1563 1701 D CompatibilityChangeReporter: Compat change id reported: 143937733; UID 10122; state: ENABLED
07-21 16:33:51.858 1563 1701 I am_proc_start: [0,16351,10122,com.qiyi.video,NULL,]
07-21 16:33:51.858 1563 1701 I ActivityManager: Start proc 16351:com.qiyi.video/u0a122 for null
07-21 16:33:51.858 1563 1701 D CompatibilityChangeReporter: Compat change id reported: 143937733; UID 10097; state: DISABLED
07-21 16:33:51.863 1563 1701 I am_proc_start: [0,16361,10097,com.ss.android.article.news,NULL,]
07-21 16:33:51.863 1563 1701 I ActivityManager: Start proc 16361:com.ss.android.article.news/u0a97 for null
07-21 16:33:51.868 0 0 I [ 4018.825066] binder: 16343:16343 ioctl 40046210 7ff1724834 returned -22
07-21 16:33:51.869 0 0 I [ 4018.825706] binder: 16341:16341 ioctl 40046210 7ff1724834 returned -22
07-21 16:33:51.866 1563 1701 D CompatibilityChangeReporter: Compat change id reported: 143937733; UID 10102; state: ENABLED
07-21 16:33:51.869 1563 9239 I am_proc_bound: [0,16341,com.kugou.android.auto]
07-21 16:33:51.873 1563 9239 D CompatibilityChangeReporter: Compat change id reported: 168419799; UID 10118; state: DISABLED
07-21 16:33:51.875 1563 21009 I am_proc_bound: [0,16343,com.tencent.wework]
07-21 16:33:51.881 0 0 I [ 4018.840612] binder: 16351:16351 ioctl 40046210 7ff1724834 returned -22
07-21 16:33:51.885 0 0 I [ 4018.842964] binder: 16361:16361 ioctl 40046210 ff9965c8 returned -22
07-21 16:33:51.886 13409 13409 I wm_on_stop_called: [182464186,com.tencent.tmgp.sgame.SGameActivity,STOP_ACTIVITY_ITEM]
07-21 16:33:51.887 1563 21009 D CompatibilityChangeReporter: Compat change id reported: 168419799; UID 10098; state: DISABLED
07-21 16:33:51.890 1563 1701 W ActivityManager: Slow operation: 51ms so far, now at startProcess: done updating battery stats
07-21 16:33:51.890 1563 1701 I am_proc_start: [0,16383,10102,tv.danmaku.bilibilihd,NULL,]
07-21 16:33:51.890 1563 1701 W ActivityManager: Slow operation: 51ms so far, now at startProcess: building log message
07-21 16:33:51.890 1563 1701 I ActivityManager: Start proc 16383:tv.danmaku.bilibilihd/u0a102 for null
07-21 16:33:51.890 1563 1701 W ActivityManager: Slow operation: 51ms so far, now at startProcess: starting to update pids map
07-21 16:33:51.890 1563 1701 W ActivityManager: Slow operation: 51ms so far, now at startProcess: done updating pids map
07-21 16:33:51.890 1563 1701 W ActivityManager: Slow operation: 51ms so far, now at startProcess: asking zygote to start proc
07-21 16:33:51.890 1563 9239 I am_proc_bound: [0,16351,com.qiyi.video]
07-21 16:33:51.890 1563 1701 D CompatibilityChangeReporter: Compat change id reported: 143937733; UID 10024; state: DISABLED
07-21 16:33:51.891 1563 9239 D CompatibilityChangeReporter: Compat change id reported: 168419799; UID 10122; state: DISABLED
07-21 16:33:51.893 0 0 I [ 4018.850326] binder: 16383:16383 ioctl 40046210 7ff1724834 returned -22
07-21 16:33:51.894 1563 2229 I am_proc_bound: [0,16361,com.ss.android.article.news]
07-21 16:33:51.894 1563 1701 W ActivityManager: Slow operation: 55ms so far, now at startProcess: returned from zygote!
07-21 16:33:51.899 1563 2229 D CompatibilityChangeReporter: Compat change id reported: 168419799; UID 10097; state: DISABLED
07-21 16:33:51.902 1563 1701 W ActivityManager: Slow operation: 63ms so far, now at startProcess: done updating battery stats
07-21 16:33:51.902 1563 1701 I am_proc_start: [0,16420,10024,com.bilibili.bilithings,NULL,]
07-21 16:33:51.902 1563 1701 W ActivityManager: Slow operation: 63ms so far, now at startProcess: building log message
07-21 16:33:51.902 1563 1701 I ActivityManager: Start proc 16420:com.bilibili.bilithings/u0a24 for null
07-21 16:33:51.902 1563 1701 W ActivityManager: Slow operation: 63ms so far, now at startProcess: starting to update pids map
07-21 16:33:51.902 1563 1701 W ActivityManager: Slow operation: 63ms so far, now at startProcess: done updating pids map
07-21 16:33:51.902 1563 1701 W ActivityManager: Slow operation: 62ms so far, now at startProcess: asking zygote to start proc
07-21 16:33:51.908 0 0 I [ 4018.863064] binder: 16420:16420 ioctl 40046210 ff9965c8 returned -22
07-21 16:33:51.902 1563 1701 D CompatibilityChangeReporter: Compat change id reported: 143937733; UID 10099; state: ENABLED
07-21 16:33:51.902 1563 21009 I am_proc_bound: [0,16383,tv.danmaku.bilibilihd]
07-21 16:33:51.904 1563 21009 D CompatibilityChangeReporter: Compat change id reported: 168419799; UID 10102; state: DISABLED
07-21 16:33:51.909 1563 2229 I am_proc_bound: [0,16420,com.bilibili.bilithings]
07-21 16:33:51.910 1563 1701 W ActivityManager: Slow operation: 71ms so far, now at startProcess: returned from zygote!
07-21 16:33:51.911 1563 2229 D CompatibilityChangeReporter: Compat change id reported: 168419799; UID 10024; state: DISABLED
07-21 16:33:51.916 1563 1701 W ActivityManager: Slow operation: 76ms so far, now at startProcess: done updating battery stats
07-21 16:33:51.916 1563 1701 I am_proc_start: [0,16437,10099,com.youku.phone,NULL,]
07-21 16:33:51.916 1563 1701 W ActivityManager: Slow operation: 76ms so far, now at startProcess: building log message
07-21 16:33:51.916 1563 1701 I ActivityManager: Start proc 16437:com.youku.phone/u0a99 for null
07-21 16:33:51.916 1563 1701 W ActivityManager: Slow operation: 76ms so far, now at startProcess: starting to update pids map
07-21 16:33:51.923 1563 1701 W ActivityManager: Slow operation: 83ms so far, now at startProcess: done updating pids map
07-21 16:33:51.923 1563 1701 W ActivityManager: Slow operation: 84ms so far, now at startProcess: asking zygote to start proc
07-21 16:33:51.924 1563 1701 D CompatibilityChangeReporter: Compat change id reported: 143937733; UID 10116; state: ENABLED
07-21 16:33:51.927 1563 21009 I ActivityManager: Killing 16383:tv.danmaku.bilibilihd/u0a102 (adj 915): empty #2
07-21 16:33:51.928 1563 21009 I am_kill : [0,16383,tv.danmaku.bilibilihd,915,empty #2]
07-21 16:33:51.928 1563 21009 I ActivityManager: Killing 16361:com.ss.android.article.news/u0a97 (adj 925): empty #3
07-21 16:33:51.928 1563 21009 I am_kill : [0,16361,com.ss.android.article.news,925,empty #3]
07-21 16:33:51.928 1563 21009 I ActivityManager: Killing 16351:com.qiyi.video/u0a122 (adj 935): empty #4
07-21 16:33:51.928 1563 21009 I am_kill : [0,16351,com.qiyi.video,935,empty #4]
07-21 16:33:51.929 1563 21009 I ActivityManager: Killing 16343:com.tencent.wework/u0a98 (adj 945): empty #5
07-21 16:33:51.929 1563 21009 I am_kill : [0,16343,com.tencent.wework,945,empty #5]
07-21 16:33:51.930 0 0 I [ 4018.887739] binder: 16437:16437 ioctl 40046210 7ff1724834 returned -22
07-21 16:33:51.929 1563 21009 I ActivityManager: Killing 16341:com.kugou.android.auto/u0a118 (adj 955): empty #6
07-21 16:33:51.929 1563 21009 I am_kill : [0,16341,com.kugou.android.auto,955,empty #6]
07-21 16:33:51.930 1563 21009 I ActivityManager: Killing 16276:com.android.keychain/1000 (adj 965): empty #7
07-21 16:33:51.930 1563 21009 I am_kill : [0,16276,com.android.keychain,965,empty #7]
07-21 16:33:51.932 2071 4426 W ContextImpl: Calling a method in the system process without a qualified user: android.app.ContextImpl.startService:1816 android.content.ContextWrapper.startService:774 com.thundercomm.gamemode.ingame.services.GameModeActionUtils.startGameModeService:118 com.thundercomm.gamemode.ingame.services.GameModeActionUtils.startGameModeEntry:29 com.thundercomm.gamemode.ingame.services.ActivityMonitoringService$1.onActivityLaunch:145
07-21 16:33:51.932 1563 9239 I am_proc_bound: [0,16437,com.youku.phone]
07-21 16:33:51.933 1563 1701 W ActivityManager: Slow operation: 93ms so far, now at startProcess: returned from zygote!
07-21 16:33:51.934 1563 21009 D FreeFormWindowHelper: Current Display FreeFormTask is null
07-21 16:33:51.935 1563 9239 D CompatibilityChangeReporter: Compat change id reported: 168419799; UID 10099; state: DISABLED
07-21 16:33:51.940 1563 2229 I ActivityManager: Killing 16420:com.bilibili.bilithings/u0a24 (adj 905): empty #2
07-21 16:33:51.940 1563 2229 I am_kill : [0,16420,com.bilibili.bilithings,905,empty #2]
07-21 16:33:51.940 1563 1701 W ActivityManager: Slow operation: 100ms so far, now at startProcess: done updating battery stats
07-21 16:33:51.940 1563 1701 I am_proc_start: [0,16453,10116,com.hunantv.imgo.activity,NULL,]
07-21 16:33:51.940 1563 1701 W ActivityManager: Slow operation: 100ms so far, now at startProcess: building log message
07-21 16:33:51.940 1563 1701 I ActivityManager: Start proc 16453:com.hunantv.imgo.activity/u0a116 for null
07-21 16:33:51.940 1563 1701 W ActivityManager: Slow operation: 100ms so far, now at startProcess: starting to update pids map
07-21 16:33:51.940 1563 1701 W ActivityManager: Slow operation: 100ms so far, now at startProcess: done updating pids map
07-21 16:33:51.940 1563 1701 W ActivityManager: Slow operation: 99ms so far, now at startProcess: asking zygote to start proc
07-21 16:33:51.940 1563 1701 D CompatibilityChangeReporter: Compat change id reported: 143937733; UID 10106; state: DISABLED
07-21 16:33:51.943 1563 1563 I GameModeConfig: Current uri is uri = content://com.thundercomm.gamemode.api/gamemode_settings/gamemode_isgaming
07-21 16:33:51.945 1563 1701 W ActivityManager: Slow operation: 104ms so far, now at startProcess: returned from zygote!
07-21 16:33:51.945 1563 1701 W ActivityManager: Slow operation: 104ms so far, now at startProcess: done updating battery stats
07-21 16:33:51.945 1563 1701 I am_proc_start: [0,16454,10106,com.smile.gifmaker,NULL,]
07-21 16:33:51.945 1563 1701 W ActivityManager: Slow operation: 104ms so far, now at startProcess: building log message
07-21 16:33:51.945 1563 1701 I ActivityManager: Start proc 16454:com.smile.gifmaker/u0a106 for null
07-21 16:33:51.945 1563 1701 W ActivityManager: Slow operation: 104ms so far, now at startProcess: starting to update pids map
07-21 16:33:51.945 1563 1701 W ActivityManager: Slow operation: 104ms so far, now at startProcess: done updating pids map
07-21 16:33:51.945 1563 1563 I GameModeConfig: isGameModeOn = true
07-21 16:33:51.945 1563 1563 I GameModeConfig: isGaming = false
07-21 16:33:51.945 1563 1563 I GameModeConfig: isGameModeOn = true
07-21 16:33:51.945 1563 1563 I GameModeConfig: isGaming = false
07-21 16:33:51.945 1563 1563 I GameModeConfig: isDisableVoice = true
07-21 16:33:51.947 860 860 I auditd : type=1400 audit(0.0:16301): avc: denied { add_name } for comm="perf@2.2-servic" name="cpu_min_freq" scontext=u:r:vendor_hal_perf_default:s0 tcontext=u:object_r:vendor_sysfs_msm_perf:s0 tclass=dir permissive=1
07-21 16:33:51.962 0 0 I [ 4018.913208] binder: 16453:16453 ioctl 40046210 7ff1724834 returned -22
07-21 16:33:51.965 1563 9239 I am_proc_died: [0,16361,com.ss.android.article.news,925,19]
07-21 16:33:51.967 1563 9239 I am_uid_stopped: 10097
07-21 16:33:51.978 0 0 I [ 4018.928379] binder: 16454:16454 ioctl 40046210 ff9965c8 returned -22
07-21 16:33:51.971 1563 2390 I am_proc_bound: [0,16453,com.hunantv.imgo.activity]
07-21 16:33:51.979 1563 1977 I commit_sys_config_file: [appops,3999542]
07-21 16:33:51.979 1563 2390 D CompatibilityChangeReporter: Compat change id reported: 168419799; UID 10116; state: DISABLED
07-21 16:33:51.981 1563 9239 I am_proc_bound: [0,16454,com.smile.gifmaker]
07-21 16:33:51.983 1563 9239 D CompatibilityChangeReporter: Compat change id reported: 168419799; UID 10106; state: DISABLED
07-21 16:33:52.001 1563 9239 I am_proc_died: [0,16420,com.bilibili.bilithings,905,19]
07-21 16:33:52.001 1563 9239 I am_uid_stopped: 10024
07-21 16:33:52.002 1563 9239 I ActivityManager: Killing 16453:com.hunantv.imgo.activity/u0a116 (adj 915): empty #2
07-21 16:33:52.002 1563 9239 I am_kill : [0,16453,com.hunantv.imgo.activity,915,empty #2]
07-21 16:33:52.002 1563 9239 I ActivityManager: Killing 16437:com.youku.phone/u0a99 (adj 925): empty #3
07-21 16:33:52.002 1563 9239 I am_kill : [0,16437,com.youku.phone,925,empty #3]
07-21 16:33:52.022 1563 2229 I am_proc_died: [0,16351,com.qiyi.video,935,19]
07-21 16:33:52.022 1563 2229 I am_uid_stopped: 10122
