07-21 16:35:18.015 1563 17518 I thunderperf: CompatConfig.addOverrideUnsafe: bef-state=0
07-21 16:35:18.015 1563 17518 I thunderperf: CompatConfig.addOverrideUnsafe: aft-state=0
07-21 16:35:18.016 1563 17518 I thunderperf: CompatConfig.addOverrideUnsafe: bef-state=0
07-21 16:35:18.016 1563 17518 I thunderperf: CompatConfig.addOverrideUnsafe: aft-state=0
07-21 16:35:18.016 1563 17518 I thunderperf: CompatConfig.addOverrideUnsafe: bef-state=0
07-21 16:35:18.016 1563 17518 I thunderperf: CompatConfig.addOverrideUnsafe: aft-state=0
07-21 16:35:18.017 1563 17518 I thunderperf: CompatConfig.addOverrideUnsafe: bef-state=0
07-21 16:35:18.017 1563 17518 I thunderperf: CompatConfig.addOverrideUnsafe: aft-state=0
07-21 16:35:18.017 1563 17518 I thunderperf: CompatConfig.addOverrideUnsafe: bef-state=0
07-21 16:35:18.017 1563 17518 I thunderperf: CompatConfig.addOverrideUnsafe: aft-state=0
07-21 16:35:18.018 1563 17518 I thunderperf: CompatConfig.addOverrideUnsafe: bef-state=0
07-21 16:35:18.018 1563 17518 I thunderperf: CompatConfig.addOverrideUnsafe: aft-state=0
07-21 16:35:18.018 1563 17518 I thunderperf: CompatConfig.addOverrideUnsafe: bef-state=0
07-21 16:35:18.018 1563 17518 I thunderperf: CompatConfig.addOverrideUnsafe: aft-state=0
07-21 16:35:18.019 1563 17518 I thunderperf: CompatConfig.addOverrideUnsafe: bef-state=0
07-21 16:35:18.019 1563 17518 I thunderperf: CompatConfig.addOverrideUnsafe: aft-state=0
07-21 16:35:18.019 1563 17518 I thunderperf: CompatConfig.addOverrideUnsafe: bef-state=0
07-21 16:35:18.019 1563 17518 I thunderperf: CompatConfig.addOverrideUnsafe: aft-state=0
07-21 16:35:18.020 1563 17518 I thunderperf: CompatConfig.addOverrideUnsafe: bef-state=0
07-21 16:35:18.020 1563 17518 I thunderperf: CompatConfig.addOverrideUnsafe: aft-state=0
07-21 16:35:18.031 1563 17518 I ActivityTaskManager: START u0 {act=android.intent.action.MAIN cat=[android.intent.category.LAUNCHER] flg=0x10200000 cmp=com.android.settings/.Settings bnds=[2306,440][2508,640]} from uid 10079
07-21 16:35:18.038 1563 17518 D ActivityTaskManager: TaskLaunchParamsModifier:task=null activity=ActivityRecord{67b936f u0 com.android.settings/.Settings taskAffinity=1000:com.android.settings.root display-area-from-source=DefaultTaskDisplayArea@46922285 display-id=0 display-windowing-mode=1 suggested-display-area=DefaultTaskDisplayArea@46922285
07-21 16:35:18.039 1563 17518 D ActivityTaskManager: TaskLaunchParamsModifier:task=Task{aebe5b #64 type=standard A=1000:com.android.settings.root U=0 visible=false mode=fullscreen translucent=true sz=1 visible freeform task=true rootAffinity=1000:com.android.settings.root isMini=false} activity=ActivityRecord{67b936f u0 com.android.settings/.Settings taskAffinity=1000:com.android.settings.root t-1} display-area-from-source=DefaultTaskDisplayArea@46922285 display-id=0 display-windowing-mode=1 suggested-display-area=DefaultTaskDisplayArea@46922285 non-freeform-display display-area=DefaultTaskDisplayArea@46922285
07-21 16:35:18.039 1563 17518 D FreeFormWindowHelper: recentTask : null
07-21 16:35:18.039 1563 17518 I wm_task_moved: [64,1,7]
07-21 16:35:18.039 1563 17518 I wm_task_to_front: [0,64]
07-21 16:35:18.040 1563 17518 I wm_focused_root_task: [0,0,64,1,bringingFoundTaskToFront]
07-21 16:35:18.040 1563 17518 I wm_set_resumed_activity: [0,com.android.settings/.Settings,bringingFoundTaskToFront]
07-21 16:35:18.040 1563 17518 I wm_new_intent: [0,65620330,64,com.android.settings/.Settings,android.intent.action.MAIN,NULL,NULL,270532608]
07-21 16:35:18.042 1563 17518 I ActivityTaskManager: addStartingWindow startWindow type:1
07-21 16:35:18.043 1563 17518 I wm_pause_activity: [0,51676365,com.android.launcher3/.uioverrides.QuickstepLauncher,userLeaving=true,pauseBackTasks]
07-21 16:35:18.043 1563 17518 D PowerManagerService: acquireWakeLockInternal: lock=195562495, flags=0x1, tag="*launch*", ws=WorkSource{1000}, uid=1000, pid=1563
07-21 16:35:18.043 1563 17518 D PowerManagerService: updateWakeLockSummaryLocked: mWakefulness=Awake, mWakeLockSummary=0x1
07-21 16:35:18.043 1563 17518 D PowerManagerService: updateUserActivitySummaryLocked: groupId=0, mWakefulness=Awake, mUserActivitySummary=0x1, nextTimeout=4164969 (in 59954 ms)
07-21 16:35:18.043 1563 17518 D PowerManagerNotifier: onScreenPolicyUpdate: newPolicy=3
07-21 16:35:18.043 1563 17518 D PowerManagerService: updateDisplayPowerStateLocked: displayReady=true, groupId=0, policy=BRIGHT, mWakefulness=Awake, mWakeLockSummary=0x1, mUserActivitySummary=0x1, mBootCompleted=true, screenBrightnessOverride=NaN, useAutoBrightness=false, mScreenBrightnessBoostInProgress=false, mIsVrModeEnabled= false, sQuiescent=false
07-21 16:35:18.043 1563 17518 D PowerManagerService: Acquiring suspend blocker "PowerManagerService.WakeLocks".
07-21 16:35:18.043 1927 2150 D PhoneStartingWindowTypeAlgorithm: preferredStartingWindowType newTask:false taskSwitch:true processRunning:true allowTaskSnapshot:true activityCreated:true useEmptySplashScreen:false legacySplashScreen:false topIsHome:false
07-21 16:35:18.043 1927 2150 D PhoneStartingWindowTypeAlgorithm: isSnapshotCompatible rotation 0 snapshot 0
07-21 16:35:18.044 1563 17518 D PowerManagerNotifier: onWakeLockAcquired: flags=1, tag="*launch*", packageName=android, ownerUid=1000, ownerPid=1563, workSource=WorkSource{1000}
07-21 16:35:18.049 2587 2587 I wm_on_top_resumed_lost_called: [51676365,com.android.launcher3.uioverrides.QuickstepLauncher,topStateChangedWhenResumed]
07-21 16:35:18.050 2587 2587 I wm_on_paused_called: [51676365,com.android.launcher3.uioverrides.QuickstepLauncher,performPause]
07-21 16:35:18.052 1563 26128 I ActivityTaskManager: FOREGROUND_APPLICATION_CHANGED to com.android.settings.homepage.SettingsHomepageActivity
07-21 16:35:18.053 1563 26128 I wm_set_resumed_activity: [0,com.android.settings/.Settings,resumeTopActivityInnerLocked]
07-21 16:35:18.054 1563 26128 I wm_add_to_stopping: [0,51676365,com.android.launcher3/.uioverrides.QuickstepLauncher,makeInvisible]
07-21 16:35:18.057 1563 26128 D CompatibilityChangeReporter: Compat change id reported: 174042980; UID 1000; state: DISABLED
07-21 16:35:18.058 1563 26128 D CompatibilityChangeReporter: Compat change id reported: 181136395; UID 1000; state: DISABLED
07-21 16:35:18.058 1563 26128 D CompatibilityChangeReporter: Compat change id reported: 174042936; UID 1000; state: DISABLED
07-21 16:35:18.058 1563 26128 I wm_resume_activity: [0,65620330,64,com.android.settings/.Settings]
07-21 16:35:18.059 1563 26128 D FreeFormWindowHelper: handleFreeformTask : Task{aebe5b #64 type=standard A=1000:com.android.settings.root U=0 visible=true mode=fullscreen translucent=false sz=1 visible freeform task=true rootAffinity=1000:com.android.settings.root isMini=false}
07-21 16:35:18.059 1563 26128 D FreeFormWindowHelper: mFreeFormTask : null
07-21 16:35:18.059 1563 26128 D FreeFormWindowHelper: mInRecent : false
07-21 16:35:18.059 1563 26128 D FreeFormWindowHelper:
07-21 16:35:18.067 1563 1690 I sysui_multi_action: [757,803,799,window_time_0,802,6]
07-21 16:35:18.075 1563 1826 I input_focus: [Focus leaving 28c4f40 com.android.launcher3/com.android.launcher3.uioverrides.QuickstepLauncher (server),reason=NO_WINDOW]
07-21 16:35:18.081 21043 21043 I wm_on_restart_called: [65620330,com.android.settings.Settings,performRestartActivity]
07-21 16:35:18.083 21043 21043 I wm_on_start_called: [65620330,com.android.settings.Settings,handleStartActivity]
07-21 16:35:18.084 21043 21043 I snet_event_log: [120484087,-1,]
07-21 16:35:18.084 21043 21043 I wm_on_resume_called: [65620330,com.android.settings.Settings,RESUME_ACTIVITY]
07-21 16:35:18.085 21043 21043 I sysui_multi_action: [757,35,758,1,833,0,1089,0]
07-21 16:35:18.086 21043 21043 I sysui_multi_action: [757,4000,758,1,833,0,1089,0]
07-21 16:35:18.087 21043 21043 I wm_on_top_resumed_gained_called: [65620330,com.android.settings.Settings,topWhenResuming]
07-21 16:35:18.090 1563 1707 W BatteryExternalStatsWorker: error reading modem stats:ERROR_PHONE_NOT_AVAILABLE
07-21 16:35:18.095 1563 1691 I input_focus: [Focus request 27cf47a com.android.settings/com.android.settings.Settings,reason=UpdateInputWindows]
07-21 16:35:18.117 1927 2150 D StartingSurfaceDrawer: Task start finish, remove starting surface for task 64
07-21 16:35:18.117 1563 1707 E KernelCpuSpeedReader: Failed to read cpu-freq: /sys/devices/system/cpu/cpu4/cpufreq/stats/time_in_state: open failed: ENOENT (No such file or directory)
07-21 16:35:18.119 1563 17518 D PowerManagerService: releaseWakeLockInternal: lock=195562495 [*launch*], flags=0x0
07-21 16:35:18.119 1563 17518 D PowerManagerNotifier: onWakeLockReleased: flags=1, tag="*launch*", packageName=android, ownerUid=1000, ownerPid=1563, workSource=WorkSource{1000}
07-21 16:35:18.119 1563 17518 D PowerManagerService: updateWakeLockSummaryLocked: mWakefulness=Awake, mWakeLockSummary=0x0
07-21 16:35:18.119 1563 17518 D PowerManagerService: updateUserActivitySummaryLocked: groupId=0, mWakefulness=Awake, mUserActivitySummary=0x1, nextTimeout=4164969 (in 59878 ms)
07-21 16:35:18.120 1563 17518 D PowerManagerNotifier: onScreenPolicyUpdate: newPolicy=3
07-21 16:35:18.120 1563 17518 D PowerManagerService: updateDisplayPowerStateLocked: displayReady=true, groupId=0, policy=BRIGHT, mWakefulness=Awake, mWakeLockSummary=0x0, mUserActivitySummary=0x1, mBootCompleted=true, screenBrightnessOverride=NaN, useAutoBrightness=false, mScreenBrightnessBoostInProgress=false, mIsVrModeEnabled= false, sQuiescent=false
07-21 16:35:18.120 1563 17518 D PowerManagerService: Releasing suspend blocker "PowerManagerService.WakeLocks".
07-21 16:35:18.120 1563 1707 E KernelCpuSpeedReader: Failed to read cpu-freq: /sys/devices/system/cpu/cpu0/cpufreq/stats/time_in_state: open failed: ENOENT (No such file or directory)
07-21 16:35:18.119 587 587 I auditd : type=1400 audit(0.0:16387): avc: denied { read } for comm="Binder:587_2" name="wakeup58" dev="sysfs" ino=72284 scontext=u:r:system_suspend:s0 tcontext=u:object_r:sysfs:s0 tclass=dir permissive=1
07-21 16:35:18.119 587 587 I auditd : type=1400 audit(0.0:16388): avc: denied { open } for comm="Binder:587_2" path="/sys/devices/virtual/misc/msm_g711mlaw/wakeup58" dev="sysfs" ino=72284 scontext=u:r:system_suspend:s0 tcontext=u:object_r:sysfs:s0 tclass=dir permissive=1
07-21 16:35:18.119 587 587 I auditd : type=1400 audit(0.0:16389): avc: denied { read } for comm="Binder:587_2" name="event_count" dev="sysfs" ino=72291 scontext=u:r:system_suspend:s0 tcontext=u:object_r:sysfs:s0 tclass=file permissive=1
07-21 16:35:18.119 587 587 I auditd : type=1400 audit(0.0:16390): avc: denied { open } for comm="Binder:587_2" path="/sys/devices/virtual/misc/msm_g711mlaw/wakeup58/event_count" dev="sysfs" ino=72291 scontext=u:r:system_suspend:s0 tcontext=u:object_r:sysfs:s0 tclass=file permissive=1
07-21 16:35:18.119 587 587 I auditd : type=1400 audit(0.0:16391): avc: denied { getattr } for comm="Binder:587_2" path="/sys/devices/virtual/misc/msm_g711mlaw/wakeup58/event_count" dev="sysfs" ino=72291 scontext=u:r:system_suspend:s0 tcontext=u:object_r:sysfs:s0 tclass=file permissive=1
07-21 16:35:18.124 1563 1687 I sysui_multi_action: [319,43,321,39,322,85,325,4105,757,761,758,9,759,4,806,com.android.settings,871,com.android.settings.Settings,904,com.android.launcher3,905,0,1320,21,1321,5]
07-21 16:35:18.125 1563 1826 I input_focus: [Focus entering 27cf47a com.android.settings/com.android.settings.Settings (server),reason=setFocusedWindow]
07-21 16:35:18.132 0 0 W [ 4105.102638] audit: audit_lost=12532 audit_rate_limit=5 audit_backlog_limit=64
07-21 16:35:18.132 0 0 E [ 4105.102642] audit: rate limit exceeded
07-21 16:35:18.160 1563 21017 D FreeFormWindowHelper: Current Display FreeFormTask is null
07-21 16:35:18.164 1563 1707 W BatteryExternalStatsWorker: error reading modem stats:ERROR_PHONE_NOT_AVAILABLE
07-21 16:35:18.171 1563 1707 E KernelCpuSpeedReader: Failed to read cpu-freq: /sys/devices/system/cpu/cpu4/cpufreq/stats/time_in_state: open failed: ENOENT (No such file or directory)
07-21 16:35:18.171 1563 1707 E KernelCpuSpeedReader: Failed to read cpu-freq: /sys/devices/system/cpu/cpu0/cpufreq/stats/time_in_state: open failed: ENOENT (No such file or directory)
07-21 16:35:18.613 1563 1690 I wm_stop_activity: [0,51676365,com.android.launcher3/.uioverrides.QuickstepLauncher]
07-21 16:35:18.639 2587 2587 I wm_on_stop_called: [51676365,com.android.launcher3.uioverrides.QuickstepLauncher,STOP_ACTIVITY_ITEM]
07-21 16:35:19.164 1563 1826 I input_interaction: Interaction with: 27cf47a com.android.settings/com.android.settings.Settings (server), edge-swipe (server), swipe-up (server), PointerEventDispatcher0 (server),
07-21 16:35:19.166 1563 1826 D PowerManagerService: userActivityNoUpdateLocked: groupId=0, eventTime=4106135, event=2, flags=0x0, uid=1000
07-21 16:35:19.166 1563 1826 D PowerManagerNotifier: onUserActivity: event=2, uid=1000
07-21 16:35:19.166 1563 1826 D PowerManagerService: updateUserActivitySummaryLocked: groupId=0, mWakefulness=Awake, mUserActivitySummary=0x1, nextTimeout=4166135 (in 59997 ms)
07-21 16:35:19.166 1563 1826 D PowerManagerNotifier: onScreenPolicyUpdate: newPolicy=3
07-21 16:35:19.166 1563 1826 D PowerManagerService: updateDisplayPowerStateLocked: displayReady=true, groupId=0, policy=BRIGHT, mWakefulness=Awake, mWakeLockSummary=0x0, mUserActivitySummary=0x1, mBootCompleted=true, screenBrightnessOverride=NaN, useAutoBrightness=false, mScreenBrightnessBoostInProgress=false, mIsVrModeEnabled= false, sQuiescent=false
07-21 16:35:19.975 1563 1826 D PowerManagerService: userActivityNoUpdateLocked: groupId=0, eventTime=4106945, event=2, flags=0x0, uid=1000
07-21 16:35:19.975 1563 1826 D PowerManagerNotifier: onUserActivity: event=2, uid=1000
07-21 16:35:19.977 1563 1826 D PowerManagerService: updateUserActivitySummaryLocked: groupId=0, mWakefulness=Awake, mUserActivitySummary=0x1, nextTimeout=4166945 (in 59997 ms)
07-21 16:35:19.977 1563 1826 D PowerManagerNotifier: onScreenPolicyUpdate: newPolicy=3
07-21 16:35:19.977 1563 1826 D PowerManagerService: updateDisplayPowerStateLocked: displayReady=true, groupId=0, policy=BRIGHT, mWakefulness=Awake, mWakeLockSummary=0x0, mUserActivitySummary=0x1, mBootCompleted=true, screenBrightnessOverride=NaN, useAutoBrightness=false, mScreenBrightnessBoostInProgress=false, mIsVrModeEnabled= false, sQuiescent=false
07-21 16:35:20.068 21043 21043 I sysui_multi_action: [757,830,758,4,833,0,854,top_level_apps,1089,0]
07-21 16:35:20.172 21043 21043 I sysui_multi_action: [757,4000,758,2,1089,2086]
07-21 16:35:20.187 1563 15393 E UserRestrictionsUtils: Unknown restriction queried by uid 1000 (com.hryt.hiphishowfsecontrol et al): null
07-21 16:35:20.188 1563 15393 E UserRestrictionsUtils: Unknown restriction queried by uid 1000 (com.hryt.hiphishowfsecontrol et al): null
07-21 16:35:20.188 1563 15393 E UserRestrictionsUtils: Unknown restriction queried by uid 1000 (com.hryt.hiphishowfsecontrol et al): null
07-21 16:35:20.189 1563 15393 E UserRestrictionsUtils: Unknown restriction queried by uid 1000 (com.hryt.hiphishowfsecontrol et al): null
07-21 16:35:20.221 21043 21043 I sysui_multi_action: [757,65,758,1,833,0,1089,42]
07-21 16:35:20.251 21043 21043 I sysui_multi_action: [757,1729,758,4,854,isParalleledControllers:false,1089,73]
07-21 16:35:21.631 1563 1826 D PowerManagerService: userActivityNoUpdateLocked: groupId=0, eventTime=4108600, event=2, flags=0x0, uid=1000
07-21 16:35:21.631 1563 1826 D PowerManagerNotifier: onUserActivity: event=2, uid=1000
07-21 16:35:21.631 1563 1826 D PowerManagerService: updateUserActivitySummaryLocked: groupId=0, mWakefulness=Awake, mUserActivitySummary=0x1, nextTimeout=4168600 (in 59997 ms)
07-21 16:35:21.631 1563 1826 D PowerManagerNotifier: onScreenPolicyUpdate: newPolicy=3
07-21 16:35:21.631 1563 1826 D PowerManagerService: updateDisplayPowerStateLocked: displayReady=true, groupId=0, policy=BRIGHT, mWakefulness=Awake, mWakeLockSummary=0x0, mUserActivitySummary=0x1, mBootCompleted=true, screenBrightnessOverride=NaN, useAutoBrightness=false, mScreenBrightnessBoostInProgress=false, mIsVrModeEnabled= false, sQuiescent=false
07-21 16:35:21.806 1563 1826 D PowerManagerService: userActivityNoUpdateLocked: groupId=0, eventTime=4108776, event=2, flags=0x0, uid=1000
07-21 16:35:21.807 1563 1826 D PowerManagerNotifier: onUserActivity: event=2, uid=1000
07-21 16:35:21.807 1563 1826 D PowerManagerService: updateUserActivitySummaryLocked: groupId=0, mWakefulness=Awake, mUserActivitySummary=0x1, nextTimeout=4168776 (in 59998 ms)
07-21 16:35:21.807 1563 1826 D PowerManagerNotifier: onScreenPolicyUpdate: newPolicy=3
07-21 16:35:21.807 1563 1826 D PowerManagerService: updateDisplayPowerStateLocked: displayReady=true, groupId=0, policy=BRIGHT, mWakefulness=Awake, mWakeLockSummary=0x0, mUserActivitySummary=0x1, mBootCompleted=true, screenBrightnessOverride=NaN, useAutoBrightness=false, mScreenBrightnessBoostInProgress=false, mIsVrModeEnabled= false, sQuiescent=false
07-21 16:35:21.822 21043 21043 I sysui_multi_action: [757,830,758,4,833,0,854,see_all_apps,1089,0]
07-21 16:35:21.938 21043 21043 I sysui_multi_action: [757,65,758,2,1089,1717]
07-21 16:35:21.983 21043 21043 I sysui_multi_action: [757,65,758,1,833,0,1089,42]
07-21 16:35:22.249 1563 1826 D PowerManagerService: userActivityNoUpdateLocked: groupId=0, eventTime=4109219, event=2, flags=0x0, uid=1000
07-21 16:35:22.249 1563 1826 D PowerManagerNotifier: onUserActivity: event=2, uid=1000
07-21 16:35:22.250 1563 1826 D PowerManagerService: updateUserActivitySummaryLocked: groupId=0, mWakefulness=Awake, mUserActivitySummary=0x1, nextTimeout=4169219 (in 59998 ms)
07-21 16:35:22.250 1563 1826 D PowerManagerNotifier: onScreenPolicyUpdate: newPolicy=3
07-21 16:35:22.250 1563 1826 D PowerManagerService: updateDisplayPowerStateLocked: displayReady=true, groupId=0, policy=BRIGHT, mWakefulness=Awake, mWakeLockSummary=0x0, mUserActivitySummary=0x1, mBootCompleted=true, screenBrightnessOverride=NaN, useAutoBrightness=false, mScreenBrightnessBoostInProgress=false, mIsVrModeEnabled= false, sQuiescent=false
07-21 16:35:22.355 1563 1826 D PowerManagerService: userActivityNoUpdateLocked: groupId=0, eventTime=4109326, event=2, flags=0x0, uid=1000
07-21 16:35:22.355 1563 1826 D PowerManagerNotifier: onUserActivity: event=2, uid=1000
07-21 16:35:22.355 1563 1826 D PowerManagerService: updateUserActivitySummaryLocked: groupId=0, mWakefulness=Awake, mUserActivitySummary=0x1, nextTimeout=4169326 (in 59999 ms)
07-21 16:35:22.355 1563 1826 D PowerManagerNotifier: onScreenPolicyUpdate: newPolicy=3
07-21 16:35:22.355 1563 1826 D PowerManagerService: updateDisplayPowerStateLocked: displayReady=true, groupId=0, policy=BRIGHT, mWakefulness=Awake, mWakeLockSummary=0x0, mUserActivitySummary=0x1, mBootCompleted=true, screenBrightnessOverride=NaN, useAutoBrightness=false, mScreenBrightnessBoostInProgress=false, mIsVrModeEnabled= false, sQuiescent=false
07-21 16:35:22.456 1563 1826 D PowerManagerService: userActivityNoUpdateLocked: groupId=0, eventTime=4109427, event=2, flags=0x0, uid=1000
07-21 16:35:22.456 1563 1826 D PowerManagerNotifier: onUserActivity: event=2, uid=1000
07-21 16:35:22.457 1563 1826 D PowerManagerService: updateUserActivitySummaryLocked: groupId=0, mWakefulness=Awake, mUserActivitySummary=0x1, nextTimeout=4169427 (in 59999 ms)
07-21 16:35:22.457 1563 1826 D PowerManagerNotifier: onScreenPolicyUpdate: newPolicy=3
07-21 16:35:22.457 1563 1826 D PowerManagerService: updateDisplayPowerStateLocked: displayReady=true, groupId=0, policy=BRIGHT, mWakefulness=Awake, mWakeLockSummary=0x0, mUserActivitySummary=0x1, mBootCompleted=true, screenBrightnessOverride=NaN, useAutoBrightness=false, mScreenBrightnessBoostInProgress=false, mIsVrModeEnabled= false, sQuiescent=false
07-21 16:35:23.131 1563 1826 D PowerManagerService: userActivityNoUpdateLocked: groupId=0, eventTime=4110101, event=2, flags=0x0, uid=1000
07-21 16:35:23.131 1563 1826 D PowerManagerNotifier: onUserActivity: event=2, uid=1000
07-21 16:35:23.131 1563 1826 D PowerManagerService: updateUserActivitySummaryLocked: groupId=0, mWakefulness=Awake, mUserActivitySummary=0x1, nextTimeout=4170101 (in 59998 ms)
07-21 16:35:23.131 1563 1826 D PowerManagerNotifier: onScreenPolicyUpdate: newPolicy=3
07-21 16:35:23.131 1563 1826 D PowerManagerService: updateDisplayPowerStateLocked: displayReady=true, groupId=0, policy=BRIGHT, mWakefulness=Awake, mWakeLockSummary=0x0, mUserActivitySummary=0x1, mBootCompleted=true, screenBrightnessOverride=NaN, useAutoBrightness=false, mScreenBrightnessBoostInProgress=false, mIsVrModeEnabled= false, sQuiescent=false
07-21 16:35:23.655 1563 1826 D PowerManagerService: userActivityNoUpdateLocked: groupId=0, eventTime=4110625, event=2, flags=0x0, uid=1000
07-21 16:35:23.655 1563 1826 D PowerManagerNotifier: onUserActivity: event=2, uid=1000
07-21 16:35:23.655 1563 1826 D PowerManagerService: updateUserActivitySummaryLocked: groupId=0, mWakefulness=Awake, mUserActivitySummary=0x1, nextTimeout=4170625 (in 59998 ms)
07-21 16:35:23.655 1563 1826 D PowerManagerNotifier: onScreenPolicyUpdate: newPolicy=3
07-21 16:35:23.655 1563 1826 D PowerManagerService: updateDisplayPowerStateLocked: displayReady=true, groupId=0, policy=BRIGHT, mWakefulness=Awake, mWakeLockSummary=0x0, mUserActivitySummary=0x1, mBootCompleted=true, screenBrightnessOverride=NaN, useAutoBrightness=false, mScreenBrightnessBoostInProgress=false, mIsVrModeEnabled= false, sQuiescent=false
07-21 16:35:23.761 1563 1826 D PowerManagerService: userActivityNoUpdateLocked: groupId=0, eventTime=4110732, event=2, flags=0x0, uid=1000
07-21 16:35:23.761 1563 1826 D PowerManagerNotifier: onUserActivity: event=2, uid=1000
07-21 16:35:23.761 1563 1826 D PowerManagerService: updateUserActivitySummaryLocked: groupId=0, mWakefulness=Awake, mUserActivitySummary=0x1, nextTimeout=4170732 (in 59999 ms)
07-21 16:35:23.761 1563 1826 D PowerManagerNotifier: onScreenPolicyUpdate: newPolicy=3
07-21 16:35:23.761 1563 1826 D PowerManagerService: updateDisplayPowerStateLocked: displayReady=true, groupId=0, policy=BRIGHT, mWakefulness=Awake, mWakeLockSummary=0x0, mUserActivitySummary=0x1, mBootCompleted=true, screenBrightnessOverride=NaN, useAutoBrightness=false, mScreenBrightnessBoostInProgress=false, mIsVrModeEnabled= false, sQuiescent=false
07-21 16:35:24.743 1563 1826 D PowerManagerService: userActivityNoUpdateLocked: groupId=0, eventTime=4111713, event=2, flags=0x0, uid=1000
07-21 16:35:24.743 1563 1826 D PowerManagerNotifier: onUserActivity: event=2, uid=1000
07-21 16:35:24.744 1563 1826 D PowerManagerService: updateUserActivitySummaryLocked: groupId=0, mWakefulness=Awake, mUserActivitySummary=0x1, nextTimeout=4171713 (in 59998 ms)
07-21 16:35:24.745 1563 1826 D PowerManagerNotifier: onScreenPolicyUpdate: newPolicy=3
07-21 16:35:24.745 1563 1826 D PowerManagerService: updateDisplayPowerStateLocked: displayReady=true, groupId=0, policy=BRIGHT, mWakefulness=Awake, mWakeLockSummary=0x0, mUserActivitySummary=0x1, mBootCompleted=true, screenBrightnessOverride=NaN, useAutoBrightness=false, mScreenBrightnessBoostInProgress=false, mIsVrModeEnabled= false, sQuiescent=false
07-21 16:35:24.849 1563 1826 D PowerManagerService: userActivityNoUpdateLocked: groupId=0, eventTime=4111820, event=2, flags=0x0, uid=1000
07-21 16:35:24.849 1563 1826 D PowerManagerNotifier: onUserActivity: event=2, uid=1000
07-21 16:35:24.849 1563 1826 D PowerManagerService: updateUserActivitySummaryLocked: groupId=0, mWakefulness=Awake, mUserActivitySummary=0x1, nextTimeout=4171820 (in 59999 ms)
07-21 16:35:24.849 1563 1826 D PowerManagerNotifier: onScreenPolicyUpdate: newPolicy=3
07-21 16:35:24.849 1563 1826 D PowerManagerService: updateDisplayPowerStateLocked: displayReady=true, groupId=0, policy=BRIGHT, mWakefulness=Awake, mWakeLockSummary=0x0, mUserActivitySummary=0x1, mBootCompleted=true, screenBrightnessOverride=NaN, useAutoBrightness=false, mScreenBrightnessBoostInProgress=false, mIsVrModeEnabled= false, sQuiescent=false
07-21 16:35:25.468 1563 1826 D PowerManagerService: userActivityNoUpdateLocked: groupId=0, eventTime=4112439, event=2, flags=0x0, uid=1000
07-21 16:35:25.468 1563 1826 D PowerManagerNotifier: onUserActivity: event=2, uid=1000
07-21 16:35:25.469 1563 1826 D PowerManagerService: updateUserActivitySummaryLocked: groupId=0, mWakefulness=Awake, mUserActivitySummary=0x1, nextTimeout=4172439 (in 59999 ms)
07-21 16:35:25.469 1563 1826 D PowerManagerNotifier: onScreenPolicyUpdate: newPolicy=3
07-21 16:35:25.469 1563 1826 D PowerManagerService: updateDisplayPowerStateLocked: displayReady=true, groupId=0, policy=BRIGHT, mWakefulness=Awake, mWakeLockSummary=0x0, mUserActivitySummary=0x1, mBootCompleted=true, screenBrightnessOverride=NaN, useAutoBrightness=false, mScreenBrightnessBoostInProgress=false, mIsVrModeEnabled= false, sQuiescent=false
07-21 16:35:25.471 1563 10016 D FreeFormWindowHelper: Current Display FreeFormTask is null
07-21 16:35:25.479 1563 17518 D FreeFormWindowHelper: Current Display FreeFormTask is null
07-21 16:35:25.479 1563 10016 I wm_task_moved: [1,0,0]
07-21 16:35:25.480 1563 10016 I wm_task_moved: [1,0,6]
07-21 16:35:25.481 1563 17518 D FreeFormWindowHelper: Current Display FreeFormTask is null
07-21 16:35:25.492 2587 2587 I wm_on_restart_called: [51676365,com.android.launcher3.uioverrides.QuickstepLauncher,performRestartActivity]
07-21 16:35:25.493 1563 10185 D FreeFormWindowHelper: Current Display FreeFormTask is null
07-21 16:35:25.493 1563 10016 D FreeFormWindowHelper: Current Display FreeFormTask is null
07-21 16:35:25.514 2587 2587 I wm_on_start_called: [51676365,com.android.launcher3.uioverrides.QuickstepLauncher,handleStartActivity]
07-21 16:35:25.515 1563 10185 D FreeFormWindowHelper: Current Display FreeFormTask is null
07-21 16:35:25.515 21043 21043 I view_enqueue_input_event: [Motion - Cancel,com.android.settings/com.android.settings.Settings]
07-21 16:35:25.515 1563 1687 D AutofillManagerService: Close system dialogs
07-21 16:35:25.516 1563 1691 I input_focus: [Focus request recents_animation_input_consumer,reason=UpdateInputWindows]
07-21 16:35:25.516 1563 1826 I input_interaction: Interaction with: edge-swipe (server), swipe-up (server), PointerEventDispatcher0 (server),
07-21 16:35:25.517 1563 10016 W ActivityTaskManager: getTaskSnapshot: taskId=153 not found
07-21 16:35:25.518 1563 10016 W ActivityTaskManager: getTaskSnapshot: taskId=153 not found
07-21 16:35:25.519 1563 10016 W ActivityTaskManager: getTaskSnapshot: taskId=154 not found
07-21 16:35:25.521 1563 10185 W ActivityTaskManager: getTaskSnapshot: taskId=154 not found
07-21 16:35:25.523 1563 10185 D FreeFormWindowHelper: Current Display FreeFormTask is null
07-21 16:35:25.523 1563 10185 D FreeFormWindowHelper: Current Display FreeFormTask is null
07-21 16:35:25.523 2587 2587 I sysui_latency: [1,55]
07-21 16:35:25.528 1563 1826 I input_focus: [Focus leaving 27cf47a com.android.settings/com.android.settings.Settings (server),reason=NOT_FOCUSABLE]
07-21 16:35:25.528 1563 1826 I input_focus: [Focus entering recents_animation_input_consumer (server),reason=setFocusedWindow]
07-21 16:35:25.529 1563 10016 D FreeFormWindowHelper: Current Display FreeFormTask is null
07-21 16:35:25.529 1563 10016 D FreeFormWindowHelper: Current Display FreeFormTask is null
07-21 16:35:25.531 1563 10016 D FreeFormWindowHelper: Current Display FreeFormTask is null
07-21 16:35:25.531 1563 10016 D FreeFormWindowHelper: Current Display FreeFormTask is null
07-21 16:35:25.535 1563 17518 W ActivityTaskManager: getTaskSnapshot: taskId=201 not found
07-21 16:35:25.537 1563 1687 I sysui_multi_action: [319,9,322,52,325,4112,757,761,758,9,759,5,806,com.android.launcher3,871,com.android.launcher3.uioverrides.QuickstepLauncher,905,0,1320,8,1321,5]
07-21 16:35:25.542 1563 10185 D FreeFormWindowHelper: Current Display FreeFormTask is null
07-21 16:35:25.542 1563 10185 D FreeFormWindowHelper: Current Display FreeFormTask is null
07-21 16:35:25.542 1563 17518 W ActivityTaskManager: getTaskSnapshot: taskId=202 not found
07-21 16:35:25.545 1563 17518 W ActivityTaskManager: getTaskSnapshot: taskId=202 not found
07-21 16:35:25.545 1563 10016 W ActivityTaskManager: getTaskSnapshot: taskId=202 not found
07-21 16:35:25.553 1563 10016 D FreeFormWindowHelper: exitRecentTasks
07-21 16:35:25.558 1563 10016 D FreeFormWindowHelper: Current Display FreeFormTask is null
07-21 16:35:25.558 1563 17518 D FreeFormWindowHelper: Current Display FreeFormTask is null
07-21 16:35:25.722 1563 1815 I commit_sys_config_file: [settings-1-0,8]
07-21 16:35:25.835 1563 1699 I sysui_latency: [8,61]
07-21 16:35:26.210 1563 2056 D FreeFormWindowHelper: Current Display FreeFormTask is null
07-21 16:35:26.211 1563 19837 D FreeFormWindowHelper: Current Display FreeFormTask is null
07-21 16:35:26.214 1563 1597 D FreeFormWindowHelper: Current Display FreeFormTask is null
07-21 16:35:26.214 1563 19837 I wm_task_moved: [1,1,7]
07-21 16:35:26.214 1563 19837 I wm_task_moved: [59,1,2147483647]
07-21 16:35:26.214 1563 19837 I wm_task_to_front: [0,59]
07-21 16:35:26.214 1563 19837 I wm_focused_root_task: [0,0,1,64,RecentsAnimation.onAnimationFinished()]
07-21 16:35:26.215 21043 21043 I wm_on_top_resumed_lost_called: [65620330,com.android.settings.Settings,topStateChangedWhenResumed]
07-21 16:35:26.215 1563 19837 I wm_set_resumed_activity: [0,com.android.launcher3/.uioverrides.QuickstepLauncher,RecentsAnimation.onAnimationFinished()]
07-21 16:35:26.216 1563 19837 I wm_pause_activity: [0,65620330,com.android.settings/.Settings,userLeaving=true,pauseBackTasks]
07-21 16:35:26.216 1563 19837 D PowerManagerService: acquireWakeLockInternal: lock=195562495, flags=0x1, tag="*launch*", ws=WorkSource{10079}, uid=1000, pid=1563
07-21 16:35:26.216 1563 19837 D PowerManagerService: updateWakeLockSummaryLocked: mWakefulness=Awake, mWakeLockSummary=0x1
07-21 16:35:26.216 1563 19837 D PowerManagerService: updateUserActivitySummaryLocked: groupId=0, mWakefulness=Awake, mUserActivitySummary=0x1, nextTimeout=4172439 (in 59252 ms)
07-21 16:35:26.216 1563 19837 D PowerManagerNotifier: onScreenPolicyUpdate: newPolicy=3
07-21 16:35:26.216 1563 19837 D PowerManagerService: updateDisplayPowerStateLocked: displayReady=true, groupId=0, policy=BRIGHT, mWakefulness=Awake, mWakeLockSummary=0x1, mUserActivitySummary=0x1, mBootCompleted=true, screenBrightnessOverride=NaN, useAutoBrightness=false, mScreenBrightnessBoostInProgress=false, mIsVrModeEnabled= false, sQuiescent=false
07-21 16:35:26.216 1563 19837 D PowerManagerService: Acquiring suspend blocker "PowerManagerService.WakeLocks".
07-21 16:35:26.216 1563 19837 D PowerManagerNotifier: onWakeLockAcquired: flags=1, tag="*launch*", packageName=android, ownerUid=1000, ownerPid=1563, workSource=WorkSource{10079}
07-21 16:35:26.217 1563 19837 I wm_add_to_stopping: [0,65620330,com.android.settings/.Settings,makeInvisible]
07-21 16:35:26.217 1563 19837 I ActivityTaskManager: FOREGROUND_APPLICATION_CHANGED to com.android.launcher3.uioverrides.QuickstepLauncher
07-21 16:35:26.217 1563 19837 I wm_set_resumed_activity: [0,com.android.launcher3/.uioverrides.QuickstepLauncher,resumeTopActivityInnerLocked]
07-21 16:35:26.220 1563 19837 I wm_resume_activity: [0,51676365,59,com.android.launcher3/.uioverrides.QuickstepLauncher]
07-21 16:35:26.220 2587 2587 I wm_on_resume_called: [51676365,com.android.launcher3.uioverrides.QuickstepLauncher,RESUME_ACTIVITY]
07-21 16:35:26.221 1563 19837 D FreeFormWindowHelper: handleFreeformTask : Task{2e16b62 #1 type=home ?? U=0 visible=true mode=fullscreen translucent=false sz=1 visible freeform task=true rootAffinity=null isMini=false}
07-21 16:35:26.221 1563 19837 D FreeFormWindowHelper: mFreeFormTask : null
07-21 16:35:26.221 1563 19837 D FreeFormWindowHelper: mInRecent : false
07-21 16:35:26.221 1563 19837 D FreeFormWindowHelper:
07-21 16:35:26.223 1563 19837 D FreeFormWindowHelper: handleFreeformTask : Task{2e16b62 #1 type=home ?? U=0 visible=true mode=fullscreen translucent=false sz=1 visible freeform task=true rootAffinity=null isMini=false}
07-21 16:35:26.223 1563 19837 D FreeFormWindowHelper: mFreeFormTask : null
07-21 16:35:26.223 1563 19837 D FreeFormWindowHelper: mInRecent : false
07-21 16:35:26.223 1563 19837 D FreeFormWindowHelper:
07-21 16:35:26.229 1563 1691 I input_focus: [Focus request 28c4f40 com.android.launcher3/com.android.launcher3.uioverrides.QuickstepLauncher,reason=UpdateInputWindows]
07-21 16:35:26.230 2587 2587 I wm_on_top_resumed_gained_called: [51676365,com.android.launcher3.uioverrides.QuickstepLauncher,topStateChangedWhenResumed]
07-21 16:35:26.230 21043 21043 I sysui_multi_action: [757,35,758,2,1089,8146]
07-21 16:35:26.231 21043 21043 I sysui_multi_action: [757,65,758,2,1089,4248]
07-21 16:35:26.231 21043 21043 I wm_on_paused_called: [65620330,com.android.settings.Settings,performPause]
07-21 16:35:26.233 1563 2056 D PowerManagerService: releaseWakeLockInternal: lock=195562495 [*launch*], flags=0x0
07-21 16:35:26.233 1563 2056 D PowerManagerNotifier: onWakeLockReleased: flags=1, tag="*launch*", packageName=android, ownerUid=1000, ownerPid=1563, workSource=WorkSource{10079}
07-21 16:35:26.233 1563 2056 D PowerManagerService: updateWakeLockSummaryLocked: mWakefulness=Awake, mWakeLockSummary=0x0
07-21 16:35:26.233 1563 2056 D PowerManagerService: updateUserActivitySummaryLocked: groupId=0, mWakefulness=Awake, mUserActivitySummary=0x1, nextTimeout=4172439 (in 59235 ms)
07-21 16:35:26.233 1563 2056 D PowerManagerNotifier: onScreenPolicyUpdate: newPolicy=3
07-21 16:35:26.233 1563 2056 D PowerManagerService: updateDisplayPowerStateLocked: displayReady=true, groupId=0, policy=BRIGHT, mWakefulness=Awake, mWakeLockSummary=0x0, mUserActivitySummary=0x1, mBootCompleted=true, screenBrightnessOverride=NaN, useAutoBrightness=false, mScreenBrightnessBoostInProgress=false, mIsVrModeEnabled= false, sQuiescent=false
07-21 16:35:26.233 1563 2056 D PowerManagerService: Releasing suspend blocker "PowerManagerService.WakeLocks".
07-21 16:35:26.235 1563 2056 I wm_stop_activity: [0,65620330,com.android.settings/.Settings]
07-21 16:35:26.239 1563 1690 I sysui_multi_action: [757,803,799,window_time_0,802,8]
07-21 16:35:26.241 1563 1690 I am_uid_running: 10102
07-21 16:35:26.241 1563 1690 D CompatibilityChangeReporter: Compat change id reported: 135634846; UID 10102; state: DISABLED
07-21 16:35:26.241 1563 1690 D CompatibilityChangeReporter: Compat change id reported: 177438394; UID 10102; state: DISABLED
07-21 16:35:26.241 1563 1690 D CompatibilityChangeReporter: Compat change id reported: 135772972; UID 10102; state: DISABLED
07-21 16:35:26.241 1563 1690 D CompatibilityChangeReporter: Compat change id reported: 135754954; UID 10102; state: ENABLED
07-21 16:35:26.242 1563 1701 D CompatibilityChangeReporter: Compat change id reported: 143937733; UID 10102; state: ENABLED
07-21 16:35:26.242 1563 1690 I sysui_multi_action: [757,803,799,window_time_0,802,0]
07-21 16:35:26.246 1563 1826 I input_focus: [Focus leaving recents_animation_input_consumer (server),reason=NOT_VISIBLE]
07-21 16:35:26.246 1563 1826 I input_focus: [Focus entering 28c4f40 com.android.launcher3/com.android.launcher3.uioverrides.QuickstepLauncher (server),reason=setFocusedWindow]
07-21 16:35:26.247 1563 1701 I am_proc_start: [0,19518,10102,tv.danmaku.bilibilihd,NULL,]
07-21 16:35:26.247 1563 1701 I ActivityManager: Start proc 19518:tv.danmaku.bilibilihd/u0a102 for null
07-21 16:35:26.264 1563 2056 I am_proc_bound: [0,19518,tv.danmaku.bilibilihd]
07-21 16:35:26.265 1563 2056 D CompatibilityChangeReporter: Compat change id reported: 168419799; UID 10102; state: DISABLED
07-21 16:35:26.266 0 0 I [ 4113.233228] binder: 19518:19518 ioctl 40046210 7ff1724834 returned -22
07-21 16:35:26.270 21043 21043 I wm_on_stop_called: [65620330,com.android.settings.Settings,STOP_ACTIVITY_ITEM]
07-21 16:35:26.284 1563 2056 I ActivityManager: Killing 19359:com.bilibili.bilithings/u0a24 (adj 915): empty #2
07-21 16:35:26.284 1563 2056 I am_kill : [0,19359,com.bilibili.bilithings,915,empty #2]
07-21 16:35:26.316 1563 12235 I am_proc_died: [0,19359,com.bilibili.bilithings,915,19]
07-21 16:35:26.317 1563 12235 I am_uid_stopped: 10024
07-21 16:35:26.331 1563 12235 D FreeFormWindowHelper: Current Display FreeFormTask is null
07-21 16:35:26.728 1563 1826 I input_interaction: Interaction with: 28c4f40 com.android.launcher3/com.android.launcher3.uioverrides.QuickstepLauncher (server), c461ca2 com.android.systemui.ImageWallpaper (server), edge-swipe (server), swipe-up (server), PointerEventDispatcher0 (server),
07-21 16:35:26.728 1563 1826 D PowerManagerService: userActivityNoUpdateLocked: groupId=0, eventTime=4113699, event=2, flags=0x0, uid=1000
07-21 16:35:26.728 1563 1826 D PowerManagerNotifier: onUserActivity: event=2, uid=1000
07-21 16:35:26.729 1563 1826 D PowerManagerService: updateUserActivitySummaryLocked: groupId=0, mWakefulness=Awake, mUserActivitySummary=0x1, nextTimeout=4173699 (in 59999 ms)
07-21 16:35:26.729 1563 1826 D PowerManagerNotifier: onScreenPolicyUpdate: newPolicy=3
07-21 16:35:26.729 1563 1826 D PowerManagerService: updateDisplayPowerStateLocked: displayReady=true, groupId=0, policy=BRIGHT, mWakefulness=Awake, mWakeLockSummary=0x0, mUserActivitySummary=0x1, mBootCompleted=true, screenBrightnessOverride=NaN, useAutoBrightness=false, mScreenBrightnessBoostInProgress=false, mIsVrModeEnabled= false, sQuiescent=false
07-21 16:35:26.801 1563 2056 I thunderperf: PlatormCompat.setOverrides: Uid1=10079 Pid1=2587 Uid2=10079 Pid2=2587
07-21 16:35:26.801 1563 2056 I thunderperf: PlatormCompat.setOverrides: needCheck:false
07-21 16:35:26.801 1563 2056 I thunderperf: CompatConfig.addOverrideUnsafe: bef-state=0
07-21 16:35:26.801 1563 2056 I thunderperf: CompatConfig.addOverrideUnsafe: aft-state=0
07-21 16:35:26.801 1563 2056 I thunderperf: CompatConfig.addOverrideUnsafe: bef-state=0
07-21 16:35:26.801 1563 2056 I thunderperf: CompatConfig.addOverrideUnsafe: aft-state=0
07-21 16:35:26.802 1563 2056 I thunderperf: CompatConfig.addOverrideUnsafe: bef-state=0
07-21 16:35:26.802 1563 2056 I thunderperf: CompatConfig.addOverrideUnsafe: aft-state=0
07-21 16:35:26.802 1563 2056 I thunderperf: CompatConfig.addOverrideUnsafe: bef-state=0
07-21 16:35:26.802 1563 2056 I thunderperf: CompatConfig.addOverrideUnsafe: aft-state=0
07-21 16:35:26.802 1563 2056 I thunderperf: CompatConfig.addOverrideUnsafe: bef-state=0
07-21 16:35:26.802 1563 2056 I thunderperf: CompatConfig.addOverrideUnsafe: aft-state=0
07-21 16:35:26.802 1563 2056 I thunderperf: CompatConfig.addOverrideUnsafe: bef-state=0
07-21 16:35:26.802 1563 2056 I thunderperf: CompatConfig.addOverrideUnsafe: aft-state=0
07-21 16:35:26.802 1563 2056 I thunderperf: CompatConfig.addOverrideUnsafe: bef-state=0
07-21 16:35:26.802 1563 2056 I thunderperf: CompatConfig.addOverrideUnsafe: aft-state=0
07-21 16:35:26.802 1563 2056 I thunderperf: CompatConfig.addOverrideUnsafe: bef-state=0
07-21 16:35:26.802 1563 2056 I thunderperf: CompatConfig.addOverrideUnsafe: aft-state=0
07-21 16:35:26.803 1563 2056 I thunderperf: CompatConfig.addOverrideUnsafe: bef-state=0
07-21 16:35:26.803 1563 2056 I thunderperf: CompatConfig.addOverrideUnsafe: aft-state=0
07-21 16:35:26.803 1563 2056 I thunderperf: CompatConfig.addOverrideUnsafe: bef-state=0
07-21 16:35:26.803 1563 2056 I thunderperf: CompatConfig.addOverrideUnsafe: aft-state=0
07-21 16:35:26.803 1563 2056 I thunderperf: CompatConfig.addOverrideUnsafe: bef-state=0
07-21 16:35:26.803 1563 2056 I thunderperf: CompatConfig.addOverrideUnsafe: aft-state=0
07-21 16:35:26.803 1563 2056 I thunderperf: CompatConfig.addOverrideUnsafe: bef-state=0
07-21 16:35:26.803 1563 2056 I thunderperf: CompatConfig.addOverrideUnsafe: aft-state=0
07-21 16:35:26.803 1563 2056 I thunderperf: CompatConfig.addOverrideUnsafe: bef-state=0
07-21 16:35:26.803 1563 2056 I thunderperf: CompatConfig.addOverrideUnsafe: aft-state=0
07-21 16:35:26.803 1563 2056 I thunderperf: CompatConfig.addOverrideUnsafe: bef-state=0
07-21 16:35:26.803 1563 2056 I thunderperf: CompatConfig.addOverrideUnsafe: aft-state=0
07-21 16:35:26.806 1563 2056 I ActivityTaskManager: START u0 {act=android.intent.action.MAIN cat=[android.intent.category.LAUNCHER] flg=0x10200000 cmp=com.tencent.tmgp.sgame/.SGameActivity bnds=[426,96][726,394]} from uid 10079
07-21 16:35:26.806 1563 2056 D ActivityTaskManager: TaskLaunchParamsModifier:task=null activity=ActivityRecord{5d1368b u0 com.tencent.tmgp.sgame/.SGameActivity taskAffinity=10110:com.tencent.tmgp.sgame display-area-from-source=DefaultTaskDisplayArea@46922285 display-id=0 display-windowing-mode=1 suggested-display-area=DefaultTaskDisplayArea@46922285
07-21 16:35:26.807 1563 2056 D ActivityTaskManager: TaskLaunchParamsModifier:task=Task{b9f24c8 #77 type=standard A=10110:com.tencent.tmgp.sgame U=0 visible=false mode=fullscreen translucent=true sz=1 visible freeform task=true rootAffinity=10110:com.tencent.tmgp.sgame isMini=false} activity=ActivityRecord{5d1368b u0 com.tencent.tmgp.sgame/.SGameActivity taskAffinity=10110:com.tencent.tmgp.sgame t-1} display-area-from-source=DefaultTaskDisplayArea@46922285 display-id=0 display-windowing-mode=1 suggested-display-area=DefaultTaskDisplayArea@46922285 inherit-from-source=fullscreen activity-options-fullscreen=Rect(0, 0 - 0, 0) non-freeform-display display-area=DefaultTaskDisplayArea@46922285
07-21 16:35:26.807 1563 2056 D FreeFormWindowHelper: recentTask : null
07-21 16:35:26.807 1563 2056 I wm_task_moved: [77,1,7]
07-21 16:35:26.807 1563 2056 I wm_task_to_front: [0,77]
07-21 16:35:26.807 1563 2056 I wm_focused_root_task: [0,0,77,1,bringingFoundTaskToFront]
07-21 16:35:26.807 1563 2056 I wm_set_resumed_activity: [0,com.tencent.tmgp.sgame/.SGameActivity,bringingFoundTaskToFront]
07-21 16:35:26.807 1563 2056 I wm_new_intent: [0,182464186,77,com.tencent.tmgp.sgame/.SGameActivity,android.intent.action.MAIN,NULL,NULL,270532608]
07-21 16:35:26.808 1563 2056 I ActivityTaskManager: addStartingWindow startWindow type:1
07-21 16:35:26.809 1563 2056 I wm_pause_activity: [0,51676365,com.android.launcher3/.uioverrides.QuickstepLauncher,userLeaving=true,pauseBackTasks]
07-21 16:35:26.809 1927 2150 D PhoneStartingWindowTypeAlgorithm: preferredStartingWindowType newTask:false taskSwitch:true processRunning:true allowTaskSnapshot:true activityCreated:true useEmptySplashScreen:false legacySplashScreen:false topIsHome:false
07-21 16:35:26.809 1927 2150 D PhoneStartingWindowTypeAlgorithm: isSnapshotCompatible rotation 0 snapshot 0
07-21 16:35:26.809 1563 2056 D PowerManagerService: acquireWakeLockInternal: lock=195562495, flags=0x1, tag="*launch*", ws=WorkSource{10110}, uid=1000, pid=1563
07-21 16:35:26.809 1563 2056 D PowerManagerService: updateWakeLockSummaryLocked: mWakefulness=Awake, mWakeLockSummary=0x1
07-21 16:35:26.809 1563 2056 D PowerManagerService: updateUserActivitySummaryLocked: groupId=0, mWakefulness=Awake, mUserActivitySummary=0x1, nextTimeout=4173699 (in 59919 ms)
07-21 16:35:26.809 1563 2056 D PowerManagerNotifier: onScreenPolicyUpdate: newPolicy=3
07-21 16:35:26.809 1563 2056 D PowerManagerService: updateDisplayPowerStateLocked: displayReady=true, groupId=0, policy=BRIGHT, mWakefulness=Awake, mWakeLockSummary=0x1, mUserActivitySummary=0x1, mBootCompleted=true, screenBrightnessOverride=NaN, useAutoBrightness=false, mScreenBrightnessBoostInProgress=false, mIsVrModeEnabled= false, sQuiescent=false
07-21 16:35:26.809 1563 2056 D PowerManagerService: Acquiring suspend blocker "PowerManagerService.WakeLocks".
07-21 16:35:26.809 1563 2056 D PowerManagerNotifier: onWakeLockAcquired: flags=1, tag="*launch*", packageName=android, ownerUid=1000, ownerPid=1563, workSource=WorkSource{10110}
07-21 16:35:26.811 2587 2587 I wm_on_top_resumed_lost_called: [51676365,com.android.launcher3.uioverrides.QuickstepLauncher,topStateChangedWhenResumed]
07-21 16:35:26.813 2587 2587 I wm_on_paused_called: [51676365,com.android.launcher3.uioverrides.QuickstepLauncher,performPause]
07-21 16:35:26.815 1563 19837 I ActivityTaskManager: FOREGROUND_APPLICATION_CHANGED to com.tencent.tmgp.sgame.SGameActivity
07-21 16:35:26.816 1563 19837 I wm_set_resumed_activity: [0,com.tencent.tmgp.sgame/.SGameActivity,resumeTopActivityInnerLocked]
07-21 16:35:26.816 1563 19837 I wm_add_to_stopping: [0,51676365,com.android.launcher3/.uioverrides.QuickstepLauncher,makeInvisible]
07-21 16:35:26.820 1563 19837 I wm_resume_activity: [0,182464186,77,com.tencent.tmgp.sgame/.SGameActivity]
07-21 16:35:26.820 1563 19837 D FreeFormWindowHelper: handleFreeformTask : Task{b9f24c8 #77 type=standard A=10110:com.tencent.tmgp.sgame U=0 visible=true mode=fullscreen translucent=false sz=1 visible freeform task=true rootAffinity=10110:com.tencent.tmgp.sgame isMini=false}
07-21 16:35:26.820 1563 19837 D FreeFormWindowHelper: mFreeFormTask : null
07-21 16:35:26.820 1563 19837 D FreeFormWindowHelper: mInRecent : false
07-21 16:35:26.820 1563 19837 D FreeFormWindowHelper:
07-21 16:35:26.827 1563 1690 I sysui_multi_action: [757,803,799,window_time_0,802,0]
07-21 16:35:26.830 1563 1826 I input_focus: [Focus leaving 28c4f40 com.android.launcher3/com.android.launcher3.uioverrides.QuickstepLauncher (server),reason=NO_WINDOW]
07-21 16:35:26.833 2071 4426 W ContextImpl: Calling a method in the system process without a qualified user: android.app.ContextImpl.startService:1816 android.content.ContextWrapper.startService:774 com.thundercomm.gamemode.ingame.services.GameModeActionUtils.startGameModeService:118 com.thundercomm.gamemode.ingame.services.GameModeActionUtils.startGameModeEntry:29 com.thundercomm.gamemode.ingame.services.ActivityMonitoringService$1.onActivityLaunch:145
07-21 16:35:26.833 1563 1691 I input_focus: [Focus request 979ab7d com.tencent.tmgp.sgame/com.tencent.tmgp.sgame.SGameActivity,reason=UpdateInputWindows]
07-21 16:35:26.836 1563 1563 I GameModeConfig: Current uri is uri = content://com.thundercomm.gamemode.api/gamemode_settings/gamemode_isgaming
07-21 16:35:26.837 1563 1563 I GameModeConfig: isGameModeOn = true
07-21 16:35:26.837 1563 1563 I GameModeConfig: isGaming = true
07-21 16:35:26.837 1563 1563 I GameModeConfig: isDisableNotification = true
07-21 16:35:26.837 1563 1563 I GameModeConfig: isGameModeOn = true
07-21 16:35:26.837 1563 1563 I GameModeConfig: isGaming = true
07-21 16:35:26.837 1563 1563 I GameModeConfig: isDisableNotification = true
07-21 16:35:26.839 13409 13409 I wm_on_restart_called: [182464186,com.tencent.tmgp.sgame.SGameActivity,performRestartActivity]
07-21 16:35:26.839 13409 13409 I wm_on_start_called: [182464186,com.tencent.tmgp.sgame.SGameActivity,handleStartActivity]
07-21 16:35:26.839 13409 13409 I wm_on_resume_called: [182464186,com.tencent.tmgp.sgame.SGameActivity,RESUME_ACTIVITY]
07-21 16:35:26.839 13409 13409 I wm_on_top_resumed_gained_called: [182464186,com.tencent.tmgp.sgame.SGameActivity,topWhenResuming]
07-21 16:35:26.850 1563 1687 I sysui_multi_action: [319,17,321,16,322,41,325,4113,757,761,758,9,759,4,806,com.tencent.tmgp.sgame,871,com.tencent.tmgp.sgame.SGameActivity,904,com.android.launcher3,905,0,1320,17,1321,1]
07-21 16:35:26.854 1563 12235 D PowerManagerService: releaseWakeLockInternal: lock=195562495 [*launch*], flags=0x0
07-21 16:35:26.854 1563 12235 D PowerManagerNotifier: onWakeLockReleased: flags=1, tag="*launch*", packageName=android, ownerUid=1000, ownerPid=1563, workSource=WorkSource{10110}
07-21 16:35:26.854 1563 12235 D PowerManagerService: updateWakeLockSummaryLocked: mWakefulness=Awake, mWakeLockSummary=0x0
07-21 16:35:26.854 1563 12235 D PowerManagerService: updateUserActivitySummaryLocked: groupId=0, mWakefulness=Awake, mUserActivitySummary=0x1, nextTimeout=4173699 (in 59873 ms)
07-21 16:35:26.854 1563 12235 D PowerManagerNotifier: onScreenPolicyUpdate: newPolicy=3
07-21 16:35:26.855 1563 12235 D PowerManagerService: updateDisplayPowerStateLocked: displayReady=true, groupId=0, policy=BRIGHT, mWakefulness=Awake, mWakeLockSummary=0x0, mUserActivitySummary=0x1, mBootCompleted=true, screenBrightnessOverride=NaN, useAutoBrightness=false, mScreenBrightnessBoostInProgress=false, mIsVrModeEnabled= false, sQuiescent=false
07-21 16:35:26.855 1563 12235 D PowerManagerService: Releasing suspend blocker "PowerManagerService.WakeLocks".
07-21 16:35:26.856 0 0 W [ 4113.824053] ALERT: changing window size from 16000000 to 8000000 at 4113824027679
07-21 16:35:26.861 1927 2150 D StartingSurfaceDrawer: Task start finish, remove starting surface for task 77
07-21 16:35:26.863 1563 1826 I input_focus: [Focus entering 979ab7d com.tencent.tmgp.sgame/com.tencent.tmgp.sgame.SGameActivity (server),reason=Window became focusable. Previous reason: NOT_VISIBLE]
07-21 16:35:26.888 0 0 I [ 4113.859630] binder: 19518:19582 ioctl 40046210 715b50af94 returned -22
07-21 16:35:26.903 19518 19586 E ActivityThread: Failed to find provider info for com.android.badge
07-21 16:35:26.922 1563 10187 D FreeFormWindowHelper: Current Display FreeFormTask is null
07-21 16:35:26.999 1563 1700 W BroadcastQueue: Permission Denial: broadcasting Intent { act=android.net.conn.CONNECTIVITY_CHANGE flg=0x4200010 (has extras) } from null (pid=-1, uid=-1) requires com.tencent.bugly.BuglyBroadcastReceiver.permission due to registered receiver BroadcastFilter{19ad3c3 10102/u0 ReceiverList{dc3372 19518 tv.danmaku.bilibilihd/10102/u0 remote:ff3987d}}
07-21 16:35:27.007 19518 19518 I auditd : type=1400 audit(0.0:16395): avc: denied { open } for comm="thread_ad" path="/dev/__properties__/u:object_r:wifi_prop:s0" dev="tmpfs" ino=2444 scontext=u:r:untrusted_app:s0:c102,c256,c512,c768 tcontext=u:object_r:wifi_prop:s0 tclass=file permissive=1 app=tv.danmaku.bilibilihd
07-21 16:35:27.007 19518 19518 I auditd : type=1400 audit(0.0:16396): avc: denied { getattr } for comm="thread_ad" path="/dev/__properties__/u:object_r:wifi_prop:s0" dev="tmpfs" ino=2444 scontext=u:r:untrusted_app:s0:c102,c256,c512,c768 tcontext=u:object_r:wifi_prop:s0 tclass=file permissive=1 app=tv.danmaku.bilibilihd
