07-21 16:11:53.221 1563 2231 I am_schedule_service_restart: [0,com.smile.gifmaker/com.kwai.android.dispatcher.PushV3ProcessLauncherService,1000]
07-21 16:11:53.224 1563 2231 I am_proc_died: [0,20147,com.smile.gifmaker:messagesdk,925,19]
07-21 16:11:53.225 1563 2231 I am_uid_stopped: 10106
07-21 16:11:53.599 1563 1563 I am_uid_running: 10095
07-21 16:11:53.600 1563 1563 I am_uid_running: 10106
07-21 16:11:53.613 1563 1701 I am_proc_start: [0,21807,10095,com.tencent.mobileqq:MSF,service,{com.tencent.mobileqq/com.tencent.mobileqq.msf.service.MSFAliveJobService}]
07-21 16:11:53.628 1563 1701 I am_proc_start: [0,21811,10106,com.smile.gifmaker,service,{com.smile.gifmaker/androidx.work.impl.background.systemjob.SystemJobService}]
07-21 16:11:53.645 0 0 I [ 2700.489617] binder: 21807:21807 ioctl 40046210 7ff1724834 returned -22
07-21 16:11:53.677 0 0 I [ 2700.526314] binder: 21811:21811 ioctl 40046210 ff9965c8 returned -22
07-21 16:11:53.646 1563 2390 I am_proc_bound: [0,21807,com.tencent.mobileqq:MSF]
07-21 16:11:53.651 21715 21715 I auditd : type=1400 audit(0.0:13349): avc: granted { execute } for comm="tmn-5-4" path="/data/data/com.qiyi.video/app_native_lib/com.iqiyi.fastdns/1.1.3.60/arm64-v8a/libfastdns.so" dev="dm-13" ino=75510 scontext=u:r:untrusted_app:s0:c122,c256,c512,c768 tcontext=u:object_r:app_data_file:s0:c122,c256,c512,c768 tclass=file app=com.qiyi.video
07-21 16:11:53.683 1563 2390 I am_proc_bound: [0,21811,com.smile.gifmaker]
07-21 16:11:53.719 1563 1701 I am_proc_start: [0,21868,10095,com.tencent.mobileqq,content provider,{com.tencent.mobileqq/com.tencent.mqq.shared_file_accessor.ContentProviderImpl}]
07-21 16:11:53.729 0 0 I [ 2700.579019] binder: 21868:21868 ioctl 40046210 7ff1724834 returned -22
07-21 16:11:53.735 1563 2231 I am_proc_bound: [0,21868,com.tencent.mobileqq]
07-21 16:11:53.823 21811 21811 I auditd : type=1400 audit(0.0:13350): avc: denied { open } for comm="dfp_oaid_thread" path="/dev/__properties__/u:object_r:vendor_default_prop:s0" dev="tmpfs" ino=2356 scontext=u:r:untrusted_app_29:s0:c106,c256,c512,c768 tcontext=u:object_r:vendor_default_prop:s0 tclass=file permissive=1 app=com.smile.gifmaker
07-21 16:11:53.823 21811 21811 I auditd : type=1400 audit(0.0:13351): avc: denied { getattr } for comm="dfp_oaid_thread" path="/dev/__properties__/u:object_r:vendor_default_prop:s0" dev="tmpfs" ino=2356 scontext=u:r:untrusted_app_29:s0:c106,c256,c512,c768 tcontext=u:object_r:vendor_default_prop:s0 tclass=file permissive=1 app=com.smile.gifmaker
07-21 16:11:53.823 21811 21811 I auditd : type=1400 audit(0.0:13352): avc: denied { map } for comm="dfp_oaid_thread" path="/dev/__properties__/u:object_r:vendor_default_prop:s0" dev="tmpfs" ino=2356 scontext=u:r:untrusted_app_29:s0:c106,c256,c512,c768 tcontext=u:object_r:vendor_default_prop:s0 tclass=file permissive=1 app=com.smile.gifmaker
07-21 16:11:53.851 21715 21715 I auditd : type=1400 audit(0.0:13353): avc: granted { execute } for comm="AutoName_com/qq" path="/data/data/com.qiyi.video/app_e_qq_com_plugin_138a072b26cc7e69d16ffdad8a1875d7/oat/arm64/gdt_plugin.odex" dev="dm-13" ino=190242 scontext=u:r:untrusted_app:s0:c122,c256,c512,c768 tcontext=u:object_r:app_data_file:s0:c122,c256,c512,c768 tclass=file app=com.qiyi.video
07-21 16:11:53.985 1563 2229 I am_kill : [0,21698,com.qualcomm.timeservice,905,empty #2]
07-21 16:11:54.029 1563 1689 I commit_sys_config_file: [notification-policy,2691578]
07-21 16:11:54.124 21811 21949 I liblog : 57
07-21 16:11:54.251 21715 21715 I auditd : type=1400 audit(0.0:13354): avc: granted { execute } for comm="AutoName_com/qq" path="/data/data/com.qiyi.video/app_e_qq_com_plugin_138a072b26cc7e69d16ffdad8a1875d7/libyaqpro.1b721170.so" dev="dm-13" ino=79197 scontext=u:r:untrusted_app:s0:c122,c256,c512,c768 tcontext=u:object_r:app_data_file:s0:c122,c256,c512,c768 tclass=file app=com.qiyi.video
07-21 16:11:54.289 0 0 W [ 2701.117539] audit: audit_lost=10220 audit_rate_limit=5 audit_backlog_limit=64
07-21 16:11:54.344 1563 2390 I am_proc_died: [0,21698,com.qualcomm.timeservice,905,19]
07-21 16:11:54.345 1563 2390 I am_uid_stopped: 10058
07-21 16:11:54.385 0 0 E [ 2701.117542] audit: rate limit exceeded
07-21 16:11:55.003 21811 21811 I auditd : type=1400 audit(0.0:13368): avc: denied { read } for comm="pool-2-thread-6" name="tcp" dev="proc" ino=4026532256 scontext=u:r:untrusted_app_29:s0:c106,c256,c512,c768 tcontext=u:object_r:proc_net_tcp_udp:s0 tclass=file permissive=1 app=com.smile.gifmaker
07-21 16:11:55.003 21811 21811 I auditd : type=1400 audit(0.0:13369): avc: denied { open } for comm="pool-2-thread-6" path="/proc/21811/net/tcp" dev="proc" ino=4026532256 scontext=u:r:untrusted_app_29:s0:c106,c256,c512,c768 tcontext=u:object_r:proc_net_tcp_udp:s0 tclass=file permissive=1 app=com.smile.gifmaker
07-21 16:11:55.003 21811 21811 I auditd : type=1400 audit(0.0:13370): avc: denied { getattr } for comm="pool-2-thread-6" path="/proc/21811/net/tcp" dev="proc" ino=4026532256 scontext=u:r:untrusted_app_29:s0:c106,c256,c512,c768 tcontext=u:object_r:proc_net_tcp_udp:s0 tclass=file permissive=1 app=com.smile.gifmaker
07-21 16:11:55.075 21715 21715 I auditd : type=1400 audit(0.0:13371): avc: denied { getattr } for comm="PlayerLoadLib" path="/proc/stat" dev="proc" ino=4026532236 scontext=u:r:untrusted_app:s0:c122,c256,c512,c768 tcontext=u:object_r:proc_stat:s0 tclass=file permissive=1 app=com.qiyi.video
07-21 16:11:55.115 1563 2229 I am_kill : [0,21868,com.tencent.mobileqq,915,empty #2]
07-21 16:11:55.117 1563 2229 I am_kill : [0,21715,com.qiyi.video,905,empty #3]
07-21 16:11:55.177 0 0 I [ 2702.026875] binder: release 21868:21984 transaction 1678834 in, still active
07-21 16:11:55.177 0 0 I [ 2702.026883] binder: send failed reply for transaction 1678834 to 21807:22257
07-21 16:11:55.177 1563 2390 I am_proc_died: [0,21868,com.tencent.mobileqq,915,19]
07-21 16:11:55.191 1563 1689 I commit_sys_config_file: [notification-policy,2692739]
07-21 16:11:55.193 1563 1701 I am_proc_start: [0,22278,10095,com.tencent.mobileqq,content provider,{com.tencent.mobileqq/com.tencent.mqq.shared_file_accessor.ContentProviderImpl}]
07-21 16:11:55.213 0 0 I [ 2702.055816] binder: 22278:22278 ioctl 40046210 7ff1724834 returned -22
07-21 16:11:55.225 1563 2390 I am_proc_bound: [0,22278,com.tencent.mobileqq]
07-21 16:11:55.258 1563 2390 I am_kill : [0,21807,com.tencent.mobileqq:MSF,905,empty #2]
07-21 16:11:55.317 0 0 W [ 2702.165654] audit: audit_lost=10233 audit_rate_limit=5 audit_backlog_limit=64
07-21 16:11:55.317 0 0 E [ 2702.165660] audit: rate limit exceeded
07-21 16:11:55.311 21811 21811 I auditd : type=1400 audit(0.0:13372): avc: denied { read } for comm="pool-2-thread-6" name="u:object_r:serialno_prop:s0" dev="tmpfs" ino=2285 scontext=u:r:untrusted_app_29:s0:c106,c256,c512,c768 tcontext=u:object_r:serialno_prop:s0 tclass=file permissive=1 app=com.smile.gifmaker
07-21 16:11:55.338 1563 2229 I am_kill : [0,22278,com.tencent.mobileqq,905,empty #2]
07-21 16:11:55.395 1563 2231 I am_proc_died: [0,21807,com.tencent.mobileqq:MSF,905,19]
07-21 16:11:55.452 1563 2231 I am_proc_died: [0,22278,com.tencent.mobileqq,905,19]
07-21 16:11:55.452 1563 2231 I am_uid_stopped: 10095
07-21 16:11:55.630 1563 1701 I am_proc_start: [0,22318,10106,com.smile.gifmaker:push_v3,service,{com.smile.gifmaker/com.kwai.android.dispatcher.PushV3ProcessLauncherService}]
07-21 16:11:55.654 0 0 I [ 2702.502390] binder: 22318:22318 ioctl 40046210 ff9965c8 returned -22
07-21 16:11:55.657 1563 2231 I am_proc_bound: [0,22318,com.smile.gifmaker:push_v3]
07-21 16:11:56.075 21811 21811 I auditd : type=1400 audit(0.0:13399): avc: granted { nlmsg_readpriv } for comm="ThreadPoolForeg" scontext=u:r:untrusted_app_29:s0:c106,c256,c512,c768 tcontext=u:r:untrusted_app_29:s0:c106,c256,c512,c768 tclass=netlink_route_socket app=com.smile.gifmaker
07-21 16:11:56.810 1563 21009 I am_kill : [0,21811,com.smile.gifmaker,915,empty #2]
07-21 16:11:56.830 1563 21009 I am_proc_died: [0,21715,com.qiyi.video,905,19]
07-21 16:11:56.831 1563 21009 I am_uid_stopped: 10122
07-21 16:11:56.929 0 0 I [ 2703.778689] binder: undelivered transaction 1679634, process died.
07-21 16:11:56.929 1563 2055 I am_proc_died: [0,21811,com.smile.gifmaker,915,19]
07-21 16:11:57.080 1563 1689 I commit_sys_config_file: [jobs,4]
07-21 16:11:57.147 22318 22318 I auditd : type=1400 audit(0.0:13400): avc: denied { read } for comm="pool-2-thread-6" name="tcp" dev="proc" ino=4026532256 scontext=u:r:untrusted_app_29:s0:c106,c256,c512,c768 tcontext=u:object_r:proc_net_tcp_udp:s0 tclass=file permissive=1 app=com.smile.gifmaker
07-21 16:11:57.147 22318 22318 I auditd : type=1400 audit(0.0:13401): avc: denied { open } for comm="pool-2-thread-6" path="/proc/22318/net/tcp" dev="proc" ino=4026532256 scontext=u:r:untrusted_app_29:s0:c106,c256,c512,c768 tcontext=u:object_r:proc_net_tcp_udp:s0 tclass=file permissive=1 app=com.smile.gifmaker
07-21 16:11:57.147 22318 22318 I auditd : type=1400 audit(0.0:13402): avc: denied { getattr } for comm="pool-2-thread-6" path="/proc/22318/net/tcp" dev="proc" ino=4026532256 scontext=u:r:untrusted_app_29:s0:c106,c256,c512,c768 tcontext=u:object_r:proc_net_tcp_udp:s0 tclass=file permissive=1 app=com.smile.gifmaker
07-21 16:11:57.171 22318 22318 I auditd : type=1400 audit(0.0:13403): avc: denied { open } for comm="pool-2-thread-6" path="/dev/__properties__/u:object_r:vendor_default_prop:s0" dev="tmpfs" ino=2356 scontext=u:r:untrusted_app_29:s0:c106,c256,c512,c768 tcontext=u:object_r:vendor_default_prop:s0 tclass=file permissive=1 app=com.smile.gifmaker
07-21 16:11:57.171 22318 22318 I auditd : type=1400 audit(0.0:13404): avc: denied { getattr } for comm="pool-2-thread-6" path="/dev/__properties__/u:object_r:vendor_default_prop:s0" dev="tmpfs" ino=2356 scontext=u:r:untrusted_app_29:s0:c106,c256,c512,c768 tcontext=u:object_r:vendor_default_prop:s0 tclass=file permissive=1 app=com.smile.gifmaker
07-21 16:11:57.171 22318 22318 I auditd : type=1400 audit(0.0:13405): avc: denied { map } for comm="pool-2-thread-6" path="/dev/__properties__/u:object_r:vendor_default_prop:s0" dev="tmpfs" ino=2356 scontext=u:r:untrusted_app_29:s0:c106,c256,c512,c768 tcontext=u:object_r:vendor_default_prop:s0 tclass=file permissive=1 app=com.smile.gifmaker
07-21 16:11:58.392 1563 1845 I netstats_mobile_sample: [0,0,0,0,0,0,0,0,0,0,0,0,1689927118392]
07-21 16:11:58.393 1563 1845 I netstats_wifi_sample: [5355370,6367,8524272,13920,5355370,6367,8524272,13920,73169774,78562,6815880,12447,1689927118392]
07-21 16:11:59.640 0 0 I [ 2706.482942] init: processing action (sys.tlog.tlogdshc.active=1) from (/system/etc/init/tlogd.rc:198)
07-21 16:11:59.640 0 0 I [ 2706.483802] init: starting service 'tlogdshc'...
07-21 16:11:59.762 0 0 I [ 2706.610576] init: Service 'tlogdshc' (pid 22473) exited with status 0 oneshot service took 0.121000 seconds in background
07-21 16:11:59.762 0 0 I [ 2706.610606] init: Sending signal 9 to service 'tlogdshc' (pid 22473) process group...
07-21 16:11:59.762 0 0 I [ 2706.610800] libprocessgroup: Successfully killed process cgroup uid 0 pid 22473 in 0ms
07-21 16:12:17.986 0 0 D [ 2724.833086] cnss: Host time = 2727565310 us, device time = 2713799820 us, offset = 13765490 us
07-21 16:12:17.986 0 0 D [ 2724.833153] cnss: Updated time sync regs [0x984] = 0xd20b72, [0x988] = 0x0
07-21 16:12:29.638 0 0 I [ 2736.487305] init: processing action (sys.tlog.tlogdshc.active=1) from (/system/etc/init/tlogd.rc:198)
07-21 16:12:29.641 0 0 I [ 2736.488492] init: starting service 'tlogdshc'...
07-21 16:12:29.761 0 0 I [ 2736.609934] init: Service 'tlogdshc' (pid 22555) exited with status 0 oneshot service took 0.116000 seconds in background
07-21 16:12:29.761 0 0 I [ 2736.609965] init: Sending signal 9 to service 'tlogdshc' (pid 22555) process group...
07-21 16:12:29.761 0 0 I [ 2736.610171] libprocessgroup: Successfully killed process cgroup uid 0 pid 22555 in 0ms
07-21 16:12:57.183 22318 22318 I auditd : type=1400 audit(0.0:13406): avc: denied { read } for comm="pool-2-thread-6" name="tcp" dev="proc" ino=4026532256 scontext=u:r:untrusted_app_29:s0:c106,c256,c512,c768 tcontext=u:object_r:proc_net_tcp_udp:s0 tclass=file permissive=1 app=com.smile.gifmaker
07-21 16:12:57.183 22318 22318 I auditd : type=1400 audit(0.0:13407): avc: denied { open } for comm="pool-2-thread-6" path="/proc/22318/net/tcp" dev="proc" ino=4026532256 scontext=u:r:untrusted_app_29:s0:c106,c256,c512,c768 tcontext=u:object_r:proc_net_tcp_udp:s0 tclass=file permissive=1 app=com.smile.gifmaker
07-21 16:12:57.183 22318 22318 I auditd : type=1400 audit(0.0:13408): avc: denied { getattr } for comm="pool-2-thread-6" path="/proc/22318/net/tcp" dev="proc" ino=4026532256 scontext=u:r:untrusted_app_29:s0:c106,c256,c512,c768 tcontext=u:object_r:proc_net_tcp_udp:s0 tclass=file permissive=1 app=com.smile.gifmaker
07-21 16:12:59.642 0 0 I [ 2766.491006] init: processing action (sys.tlog.tlogdshc.active=1) from (/system/etc/init/tlogd.rc:198)
07-21 16:12:59.642 0 0 I [ 2766.491656] init: starting service 'tlogdshc'...
07-21 16:12:59.757 0 0 I [ 2766.605157] init: Service 'tlogdshc' (pid 22637) exited with status 0 oneshot service took 0.108000 seconds in background
07-21 16:12:59.757 0 0 I [ 2766.605187] init: Sending signal 9 to service 'tlogdshc' (pid 22637) process group...
07-21 16:12:59.757 0 0 I [ 2766.605377] libprocessgroup: Successfully killed process cgroup uid 0 pid 22637 in 0ms
07-21 16:13:08.144 1563 1700 I am_uid_idle: 10023
07-21 16:13:11.747 1563 1845 I netstats_mobile_sample: [0,0,0,0,0,0,0,0,0,0,0,0,1689927191747]
07-21 16:13:11.747 1563 1845 I netstats_wifi_sample: [5497176,6526,8753092,14289,5497176,6526,8753092,14289,75081438,80562,6996730,12774,1689927191747]
07-21 16:13:29.649 0 0 I [ 2796.497380] init: processing action (sys.tlog.tlogdshc.active=1) from (/system/etc/init/tlogd.rc:198)
07-21 16:13:29.650 0 0 I [ 2796.498052] init: starting service 'tlogdshc'...
07-21 16:13:29.757 0 0 I [ 2796.607688] init: Service 'tlogdshc' (pid 22719) exited with status 0 oneshot service took 0.104000 seconds in background
07-21 16:13:29.757 0 0 I [ 2796.607719] init: Sending signal 9 to service 'tlogdshc' (pid 22719) process group...
07-21 16:13:29.757 0 0 I [ 2796.607913] libprocessgroup: Successfully killed process cgroup uid 0 pid 22719 in 0ms
07-21 16:13:53.018 1563 1700 I am_uid_running: 10058
07-21 16:13:53.033 1563 1861 I am_uid_active: 10023
07-21 16:13:53.036 1563 1701 I am_proc_start: [0,22778,10058,com.qualcomm.timeservice,broadcast,{com.qualcomm.timeservice/com.qualcomm.timeservice.TimeServiceBroadcastReceiver}]
07-21 16:13:53.059 0 0 I [ 2819.909882] binder: 22778:22778 ioctl 40046210 7ff1724834 returned -22
07-21 16:13:53.060 1563 1699 I am_pss : [21043,1000,com.android.settings,241592320,224636928,46080,368316416,0,12,21]
07-21 16:13:53.066 1563 17518 I am_proc_bound: [0,22778,com.qualcomm.timeservice]
07-21 16:13:53.107 1563 2231 I am_uid_running: 10122
07-21 16:13:53.109 1563 2231 I am_kill : [0,22318,com.smile.gifmaker:push_v3,905,empty #2]
07-21 16:13:53.124 1563 1701 I am_proc_start: [0,22795,10122,com.qiyi.video,broadcast,{com.qiyi.video/androidx.work.impl.background.systemalarm.RescheduleReceiver}]
07-21 16:13:53.152 1563 2390 I am_proc_died: [0,22318,com.smile.gifmaker:push_v3,905,19]
07-21 16:13:53.154 0 0 I [ 2820.000388] binder: 22795:22795 ioctl 40046210 7ff1724834 returned -22
07-21 16:13:53.153 1563 2390 I am_uid_stopped: 10106
07-21 16:13:53.159 1563 2390 I am_proc_bound: [0,22795,com.qiyi.video]
07-21 16:13:53.566 1563 1563 I am_uid_running: 10106
07-21 16:13:53.578 1563 1701 I am_proc_start: [0,22881,10106,com.smile.gifmaker,service,{com.smile.gifmaker/androidx.work.impl.background.systemjob.SystemJobService}]
07-21 16:13:53.609 0 0 I [ 2820.450299] binder: 22881:22881 ioctl 40046210 ff9965c8 returned -22
07-21 16:13:53.607 1563 2390 I am_proc_bound: [0,22881,com.smile.gifmaker]
07-21 16:13:53.623 22795 22795 I auditd : type=1400 audit(0.0:13409): avc: granted { execute } for comm="tmn-5-2" path="/data/data/com.qiyi.video/app_native_lib/com.iqiyi.fastdns/1.1.3.60/arm64-v8a/libfastdns.so" dev="dm-13" ino=75510 scontext=u:r:untrusted_app:s0:c122,c256,c512,c768 tcontext=u:object_r:app_data_file:s0:c122,c256,c512,c768 tclass=file app=com.qiyi.video
07-21 16:13:53.743 22881 22881 I auditd : type=1400 audit(0.0:13410): avc: denied { open } for comm="dfp_oaid_thread" path="/dev/__properties__/u:object_r:vendor_default_prop:s0" dev="tmpfs" ino=2356 scontext=u:r:untrusted_app_29:s0:c106,c256,c512,c768 tcontext=u:object_r:vendor_default_prop:s0 tclass=file permissive=1 app=com.smile.gifmaker
07-21 16:13:53.743 22881 22881 I auditd : type=1400 audit(0.0:13411): avc: denied { getattr } for comm="dfp_oaid_thread" path="/dev/__properties__/u:object_r:vendor_default_prop:s0" dev="tmpfs" ino=2356 scontext=u:r:untrusted_app_29:s0:c106,c256,c512,c768 tcontext=u:object_r:vendor_default_prop:s0 tclass=file permissive=1 app=com.smile.gifmaker
07-21 16:13:53.743 22881 22881 I auditd : type=1400 audit(0.0:13412): avc: denied { map } for comm="dfp_oaid_thread" path="/dev/__properties__/u:object_r:vendor_default_prop:s0" dev="tmpfs" ino=2356 scontext=u:r:untrusted_app_29:s0:c106,c256,c512,c768 tcontext=u:object_r:vendor_default_prop:s0 tclass=file permissive=1 app=com.smile.gifmaker
07-21 16:13:53.815 22795 22795 I auditd : type=1400 audit(0.0:13413): avc: granted { execute } for comm="AutoName_com/qq" path="/data/data/com.qiyi.video/app_e_qq_com_plugin_138a072b26cc7e69d16ffdad8a1875d7/oat/arm64/gdt_plugin.odex" dev="dm-13" ino=190242 scontext=u:r:untrusted_app:s0:c122,c256,c512,c768 tcontext=u:object_r:app_data_file:s0:c122,c256,c512,c768 tclass=file app=com.qiyi.video
07-21 16:13:53.912 0 0 W [ 2820.757620] audit: audit_lost=10259 audit_rate_limit=5 audit_backlog_limit=64
07-21 16:13:53.913 0 0 E [ 2820.757624] audit: rate limit exceeded
07-21 16:13:53.967 1563 17518 I am_kill : [0,22778,com.qualcomm.timeservice,905,empty #2]
07-21 16:13:53.988 22881 23061 I liblog : 71
07-21 16:13:54.006 1563 1689 I commit_sys_config_file: [notification-policy,2811554]
07-21 16:13:54.093 1563 17518 I am_uid_running: 10095
07-21 16:13:54.103 1563 1701 I am_proc_start: [0,23085,10095,com.tencent.mobileqq:MSF,broadcast,{com.tencent.mobileqq/com.tencent.mobileqq.msf.core.NetConnInfoCenter}]
07-21 16:13:54.121 0 0 I [ 2820.971100] binder: 23085:23085 ioctl 40046210 7ff1724834 returned -22
07-21 16:13:54.127 1563 17518 I am_proc_bound: [0,23085,com.tencent.mobileqq:MSF]
07-21 16:13:54.138 1563 17518 I am_proc_died: [0,22778,com.qualcomm.timeservice,905,19]
07-21 16:13:54.139 1563 17518 I am_uid_stopped: 10058
07-21 16:13:54.518 22795 23008 I liblog : 133
07-21 16:13:54.599 0 0 I [ 2821.442794] binder: 23186:23186 ioctl 40046210 7ff1724834 returned -22
07-21 16:13:54.576 1563 1701 I am_proc_start: [0,23186,10095,com.tencent.mobileqq,content provider,{com.tencent.mobileqq/com.tencent.mqq.shared_file_accessor.ContentProviderImpl}]
07-21 16:13:54.595 1563 17518 I am_proc_bound: [0,23186,com.tencent.mobileqq]
07-21 16:13:54.719 23206 23206 I auditd : type=1400 audit(0.0:13428): avc: denied { open } for comm="getprop" path="/dev/__properties__/u:object_r:vendor_default_prop:s0" dev="tmpfs" ino=2356 scontext=u:r:untrusted_app:s0:c122,c256,c512,c768 tcontext=u:object_r:vendor_default_prop:s0 tclass=file permissive=1 app=com.qiyi.video
07-21 16:13:54.719 23206 23206 I auditd : type=1400 audit(0.0:13429): avc: denied { getattr } for comm="getprop" path="/dev/__properties__/u:object_r:vendor_default_prop:s0" dev="tmpfs" ino=2356 scontext=u:r:untrusted_app:s0:c122,c256,c512,c768 tcontext=u:object_r:vendor_default_prop:s0 tclass=file permissive=1 app=com.qiyi.video
07-21 16:13:54.719 23206 23206 I auditd : type=1400 audit(0.0:13430): avc: denied { map } for comm="getprop" path="/dev/__properties__/u:object_r:vendor_default_prop:s0" dev="tmpfs" ino=2356 scontext=u:r:untrusted_app:s0:c122,c256,c512,c768 tcontext=u:object_r:vendor_default_prop:s0 tclass=file permissive=1 app=com.qiyi.video
07-21 16:13:54.779 22881 22881 I auditd : type=1400 audit(0.0:13431): avc: denied { read } for comm="pool-2-thread-6" name="tcp" dev="proc" ino=4026532256 scontext=u:r:untrusted_app_29:s0:c106,c256,c512,c768 tcontext=u:object_r:proc_net_tcp_udp:s0 tclass=file permissive=1 app=com.smile.gifmaker
07-21 16:13:54.779 22881 22881 I auditd : type=1400 audit(0.0:13432): avc: denied { open } for comm="pool-2-thread-6" path="/proc/22881/net/tcp" dev="proc" ino=4026532256 scontext=u:r:untrusted_app_29:s0:c106,c256,c512,c768 tcontext=u:object_r:proc_net_tcp_udp:s0 tclass=file permissive=1 app=com.smile.gifmaker
07-21 16:13:54.889 1563 2390 I am_kill : [0,22795,com.qiyi.video,905,empty #2]
07-21 16:13:54.929 0 0 W [ 2821.769349] audit: audit_lost=10276 audit_rate_limit=5 audit_backlog_limit=64
07-21 16:13:54.929 0 0 E [ 2821.769354] audit: rate limit exceeded
07-21 16:13:55.192 1563 1701 I am_proc_start: [0,23273,10106,com.smile.gifmaker:push_v3,service,{com.smile.gifmaker/com.kwai.android.dispatcher.PushV3ProcessLauncherService}]
07-21 16:13:55.214 0 0 I [ 2822.063259] binder: 23273:23273 ioctl 40046210 ff9965c8 returned -22
07-21 16:13:55.220 1563 2390 I am_proc_bound: [0,23273,com.smile.gifmaker:push_v3]
07-21 16:13:56.223 22881 22881 I auditd : type=1400 audit(0.0:13461): avc: granted { nlmsg_readpriv } for comm="ThreadPoolForeg" scontext=u:r:untrusted_app_29:s0:c106,c256,c512,c768 tcontext=u:r:untrusted_app_29:s0:c106,c256,c512,c768 tclass=netlink_route_socket app=com.smile.gifmaker
07-21 16:13:56.435 1563 2390 I am_kill : [0,22881,com.smile.gifmaker,915,empty #2]
07-21 16:13:56.556 1563 2390 I am_proc_died: [0,22795,com.qiyi.video,905,19]
07-21 16:13:56.557 1563 2390 I am_uid_stopped: 10122
07-21 16:13:56.600 0 0 I [ 2823.451129] init: Untracked pid 23235 received signal 9
07-21 16:13:56.625 0 0 I [ 2823.468832] init: Untracked pid 23464 exited with status 0
07-21 16:13:56.608 1563 2390 I am_kill : [0,23273,com.smile.gifmaker:push_v3,905,empty #2]
07-21 16:13:56.610 1563 2390 I am_kill : [0,23186,com.tencent.mobileqq,915,empty #3]
07-21 16:13:56.667 1563 1597 I am_proc_died: [0,23273,com.smile.gifmaker:push_v3,905,19]
07-21 16:13:56.668 1563 1597 I am_schedule_service_restart: [0,com.smile.gifmaker/com.kwai.android.dispatcher.PushV3ProcessLauncherService,1000]
07-21 16:13:56.677 0 0 I [ 2823.526543] init: Untracked pid 23480 exited with status 0
07-21 16:13:56.679 1563 1597 I am_proc_died: [0,23186,com.tencent.mobileqq,915,19]
07-21 16:13:56.682 0 0 I [ 2823.529639] binder: send failed reply for transaction 1683850 to 23085:23472
07-21 16:13:56.691 1563 1701 I am_proc_start: [0,23490,10095,com.tencent.mobileqq,content provider,{com.tencent.mobileqq/com.tencent.mqq.shared_file_accessor.ContentProviderImpl}]
07-21 16:13:56.717 0 0 I [ 2823.565530] binder: 23490:23490 ioctl 40046210 7ff1724834 returned -22
07-21 16:13:56.721 1563 6494 I am_proc_bound: [0,23490,com.tencent.mobileqq]
07-21 16:13:56.727 1563 17518 I am_proc_died: [0,22881,com.smile.gifmaker,915,19]
07-21 16:13:56.727 1563 17518 I am_uid_stopped: 10106
07-21 16:13:56.728 1563 17518 I am_kill : [0,23085,com.tencent.mobileqq:MSF,915,empty #2]
07-21 16:13:56.772 1563 17518 I am_proc_died: [0,23085,com.tencent.mobileqq:MSF,915,19]
07-21 16:13:56.837 1563 1689 I commit_sys_config_file: [notification-policy,2814385]
07-21 16:13:59.653 0 0 I [ 2826.501578] init: processing action (sys.tlog.tlogdshc.active=1) from (/system/etc/init/tlogd.rc:198)
07-21 16:13:59.653 0 0 I [ 2826.502568] init: starting service 'tlogdshc'...
07-21 16:13:59.781 0 0 I [ 2826.630708] init: Service 'tlogdshc' (pid 23578) exited with status 0 oneshot service took 0.122000 seconds in background
07-21 16:13:59.781 0 0 I [ 2826.630737] init: Sending signal 9 to service 'tlogdshc' (pid 23578) process group...
07-21 16:13:59.781 0 0 I [ 2826.630919] libprocessgroup: Successfully killed process cgroup uid 0 pid 23578 in 0ms
07-21 16:14:01.254 1563 1700 I am_uid_running: 10117
07-21 16:14:01.280 1563 1701 I am_proc_start: [0,23587,10117,com.wandoujia.phoenix2:aid,broadcast,{com.wandoujia.phoenix2/com.r2.diablo.appbundle.upgrade.alarm.AlarmReceiver}]
07-21 16:14:01.313 0 0 I [ 2828.162175] binder: 23587:23587 ioctl 40046210 7ff1724834 returned -22
07-21 16:14:01.319 1563 21026 I am_proc_bound: [0,23587,com.wandoujia.phoenix2:aid]
07-21 16:14:01.325 1563 21026 I am_uid_active: 10117
07-21 16:14:02.519 23587 23587 I auditd : type=1400 audit(0.0:13462): avc: granted { execute } for comm="ia.phoenix2:aid" path="/data/user/0/com.wandoujia.phoenix2/storage/afu_base_dir/versions/1/lib/arm/libmmkv.so" dev="dm-13" ino=184064 scontext=u:r:untrusted_app_27:s0:c512,c768 tcontext=u:object_r:app_data_file:s0:c512,c768 tclass=file app=com.wandoujia.phoenix2
07-21 16:14:02.951 23587 23587 I auditd : type=1400 audit(0.0:13463): avc: granted { execute } for comm="ia.phoenix2:aid" path="/data/user/0/com.wandoujia.phoenix2/storage/afu_base_dir/versions/1/lib/arm/libsgmainso-6.5.97.so" dev="dm-13" ino=183897 scontext=u:r:untrusted_app_27:s0:c512,c768 tcontext=u:object_r:app_data_file:s0:c512,c768 tclass=file app=com.wandoujia.phoenix2
07-21 16:14:02.971 23587 23587 I auditd : type=1400 audit(0.0:13464): avc: granted { execute } for comm=4173796E635461736B202331 path="/data/user/0/com.wandoujia.phoenix2/storage/afu_base_dir/versions/1/lib/arm/libpexwebp.so" dev="dm-13" ino=184153 scontext=u:r:untrusted_app_27:s0:c512,c768 tcontext=u:object_r:app_data_file:s0:c512,c768 tclass=file app=com.wandoujia.phoenix2
07-21 16:14:02.971 23587 23587 I auditd : type=1400 audit(0.0:13465): avc: granted { execute } for comm=4173796E635461736B202331 path="/data/user/0/com.wandoujia.phoenix2/storage/afu_base_dir/versions/1/lib/arm/libc++_shared.so" dev="dm-13" ino=182158 scontext=u:r:untrusted_app_27:s0:c512,c768 tcontext=u:object_r:app_data_file:s0:c512,c768 tclass=file app=com.wandoujia.phoenix2
07-21 16:14:02.975 23587 23587 I auditd : type=1400 audit(0.0:13466): avc: granted { execute } for comm=4173796E635461736B202331 path="/data/user/0/com.wandoujia.phoenix2/storage/afu_base_dir/versions/1/lib/arm/libpexgif.so" dev="dm-13" ino=184056 scontext=u:r:untrusted_app_27:s0:c512,c768 tcontext=u:object_r:app_data_file:s0:c512,c768 tclass=file app=com.wandoujia.phoenix2
07-21 16:14:02.979 23587 23587 I auditd : type=1400 audit(0.0:13467): avc: granted { execute } for comm=4173796E635461736B202331 path="/data/user/0/com.wandoujia.phoenix2/storage/afu_base_dir/versions/1/lib/arm/libpexapng.so" dev="dm-13" ino=88342 scontext=u:r:untrusted_app_27:s0:c512,c768 tcontext=u:object_r:app_data_file:s0:c512,c768 tclass=file app=com.wandoujia.phoenix2
07-21 16:14:02.983 23587 23587 I auditd : type=1400 audit(0.0:13468): avc: granted { execute } for comm=4173796E635461736B202331 path="/data/user/0/com.wandoujia.phoenix2/storage/afu_base_dir/versions/1/lib/arm/libpwebp-v7a.so" dev="dm-13" ino=184217 scontext=u:r:untrusted_app_27:s0:c512,c768 tcontext=u:object_r:app_data_file:s0:c512,c768 tclass=file app=com.wandoujia.phoenix2
07-21 16:14:02.987 23587 23587 I auditd : type=1400 audit(0.0:13469): avc: granted { execute } for comm=4173796E635461736B202331 path="/data/user/0/com.wandoujia.phoenix2/storage/afu_base_dir/versions/1/lib/arm/libpexcore.so" dev="dm-13" ino=88316 scontext=u:r:untrusted_app_27:s0:c512,c768 tcontext=u:object_r:app_data_file:s0:c512,c768 tclass=file app=com.wandoujia.phoenix2
07-21 16:14:02.995 23587 23587 I auditd : type=1400 audit(0.0:13470): avc: granted { execute } for comm="pool-id-1-threa" path="/data/user/0/com.wandoujia.phoenix2/storage/afu_base_dir/versions/1/lib/arm/libsgsecuritybodyso-6.5.92.so" dev="dm-13" ino=184233 scontext=u:r:untrusted_app_27:s0:c512,c768 tcontext=u:object_r:app_data_file:s0:c512,c768 tclass=file app=com.wandoujia.phoenix2
07-21 16:14:03.075 0 0 W [ 2829.924471] audit: audit_lost=10301 audit_rate_limit=5 audit_backlog_limit=64
07-21 16:14:03.075 0 0 E [ 2829.924477] audit: rate limit exceeded
07-21 16:14:03.182 1563 21026 I am_kill : [0,23490,com.tencent.mobileqq,905,empty #2]
07-21 16:14:03.241 1563 21026 I am_proc_died: [0,23490,com.tencent.mobileqq,905,19]
07-21 16:14:03.242 1563 21026 I am_uid_stopped: 10095
07-21 16:14:08.435 23587 23587 I auditd : type=1400 audit(0.0:13483): avc: granted { execute } for comm=4D544F5053444B2052657175657374 path="/data/user/0/com.wandoujia.phoenix2/storage/afu_base_dir/versions/1/lib/arm/libxquic.so" dev="dm-13" ino=184306 scontext=u:r:untrusted_app_27:s0:c512,c768 tcontext=u:object_r:app_data_file:s0:c512,c768 tclass=file app=com.wandoujia.phoenix2
07-21 16:14:08.435 23587 23587 I auditd : type=1400 audit(0.0:13484): avc: granted { execute } for comm=4D544F5053444B2052657175657374 path="/data/user/0/com.wandoujia.phoenix2/storage/afu_base_dir/versions/1/lib/arm/libtnet-4.0.0.so" dev="dm-13" ino=184255 scontext=u:r:untrusted_app_27:s0:c512,c768 tcontext=u:object_r:app_data_file:s0:c512,c768 tclass=file app=com.wandoujia.phoenix2
07-21 16:14:09.118 1563 1701 I am_proc_start: [0,23751,10117,com.wandoujia.phoenix2,content provider,{com.wandoujia.phoenix2/com.taobao.aranger.core.ipc.provider.ARangerProvider}]
07-21 16:14:09.141 0 0 I [ 2835.991818] binder: 23751:23751 ioctl 40046210 7ff1724834 returned -22
07-21 16:14:09.148 1563 6493 I am_proc_bound: [0,23751,com.wandoujia.phoenix2]
07-21 16:14:10.319 23751 23751 I auditd : type=1400 audit(0.0:13485): avc: granted { execute } for comm="doujia.phoenix2" path="/data/user/0/com.wandoujia.phoenix2/storage/afu_base_dir/versions/1/lib/arm/libmmkv.so" dev="dm-13" ino=184064 scontext=u:r:untrusted_app_27:s0:c512,c768 tcontext=u:object_r:app_data_file:s0:c512,c768 tclass=file app=com.wandoujia.phoenix2
07-21 16:14:10.514 1563 2231 I am_kill : [0,23587,com.wandoujia.phoenix2:aid,905,empty #2]
07-21 16:14:10.569 0 0 I [ 2837.417930] binder: send failed reply for transaction 1685459 to 23751:23751
07-21 16:14:10.567 1563 2231 I am_proc_died: [0,23587,com.wandoujia.phoenix2:aid,905,19]
07-21 16:14:10.586 1563 1701 I am_proc_start: [0,23781,10117,com.wandoujia.phoenix2:aid,content provider,{com.wandoujia.phoenix2/com.lib.common.sharedata.PPShareDataContentProvider}]
07-21 16:14:10.613 0 0 I [ 2837.460268] binder: 23781:23781 ioctl 40046210 7ff1724834 returned -22
07-21 16:14:10.617 1563 10187 I am_proc_bound: [0,23781,com.wandoujia.phoenix2:aid]
07-21 16:14:11.258 1563 1806 I am_kill : [0,23751,com.wandoujia.phoenix2,915,empty #2]
07-21 16:14:11.299 1563 2231 I am_proc_died: [0,23751,com.wandoujia.phoenix2,915,19]
07-21 16:14:11.755 1563 1845 I netstats_mobile_sample: [0,0,0,0,0,0,0,0,0,0,0,0,1689927251755]
07-21 16:14:11.755 1563 1845 I netstats_wifi_sample: [5613889,6658,8939552,14592,5613889,6658,8939552,14592,76674686,82274,7145356,13045,1689927251755]
07-21 16:14:11.799 23781 23781 I auditd : type=1400 audit(0.0:13486): avc: granted { execute } for comm="ia.phoenix2:aid" path="/data/user/0/com.wandoujia.phoenix2/storage/afu_base_dir/versions/1/lib/arm/libmmkv.so" dev="dm-13" ino=184064 scontext=u:r:untrusted_app_27:s0:c512,c768 tcontext=u:object_r:app_data_file:s0:c512,c768 tclass=file app=com.wandoujia.phoenix2
07-21 16:14:12.227 23781 23781 I auditd : type=1400 audit(0.0:13487): avc: granted { execute } for comm="ia.phoenix2:aid" path="/data/user/0/com.wandoujia.phoenix2/storage/afu_base_dir/versions/1/lib/arm/libsgmainso-6.5.97.so" dev="dm-13" ino=183897 scontext=u:r:untrusted_app_27:s0:c512,c768 tcontext=u:object_r:app_data_file:s0:c512,c768 tclass=file app=com.wandoujia.phoenix2
07-21 16:14:12.251 23781 23781 I auditd : type=1400 audit(0.0:13488): avc: granted { execute } for comm=4173796E635461736B202331 path="/data/user/0/com.wandoujia.phoenix2/storage/afu_base_dir/versions/1/lib/arm/libc++_shared.so" dev="dm-13" ino=182158 scontext=u:r:untrusted_app_27:s0:c512,c768 tcontext=u:object_r:app_data_file:s0:c512,c768 tclass=file app=com.wandoujia.phoenix2
07-21 16:14:12.251 23781 23781 I auditd : type=1400 audit(0.0:13489): avc: granted { execute } for comm=4173796E635461736B202331 path="/data/user/0/com.wandoujia.phoenix2/storage/afu_base_dir/versions/1/lib/arm/libpexwebp.so" dev="dm-13" ino=184153 scontext=u:r:untrusted_app_27:s0:c512,c768 tcontext=u:object_r:app_data_file:s0:c512,c768 tclass=file app=com.wandoujia.phoenix2
07-21 16:14:12.255 23781 23781 I auditd : type=1400 audit(0.0:13490): avc: granted { execute } for comm=4173796E635461736B202331 path="/data/user/0/com.wandoujia.phoenix2/storage/afu_base_dir/versions/1/lib/arm/libpexgif.so" dev="dm-13" ino=184056 scontext=u:r:untrusted_app_27:s0:c512,c768 tcontext=u:object_r:app_data_file:s0:c512,c768 tclass=file app=com.wandoujia.phoenix2
07-21 16:14:12.263 23781 23781 I auditd : type=1400 audit(0.0:13491): avc: granted { execute } for comm=4173796E635461736B202331 path="/data/user/0/com.wandoujia.phoenix2/storage/afu_base_dir/versions/1/lib/arm/libpexapng.so" dev="dm-13" ino=88342 scontext=u:r:untrusted_app_27:s0:c512,c768 tcontext=u:object_r:app_data_file:s0:c512,c768 tclass=file app=com.wandoujia.phoenix2
07-21 16:14:12.267 23781 23781 I auditd : type=1400 audit(0.0:13492): avc: granted { execute } for comm=4173796E635461736B202331 path="/data/user/0/com.wandoujia.phoenix2/storage/afu_base_dir/versions/1/lib/arm/libpwebp-v7a.so" dev="dm-13" ino=184217 scontext=u:r:untrusted_app_27:s0:c512,c768 tcontext=u:object_r:app_data_file:s0:c512,c768 tclass=file app=com.wandoujia.phoenix2
07-21 16:14:12.273 0 0 W [ 2839.123793] audit: audit_lost=10313 audit_rate_limit=5 audit_backlog_limit=64
07-21 16:14:12.273 0 0 E [ 2839.123796] audit: rate limit exceeded
07-21 16:14:17.739 23781 23781 I auditd : type=1400 audit(0.0:13508): avc: granted { execute } for comm=4D544F5053444B2052657175657374 path="/data/user/0/com.wandoujia.phoenix2/storage/afu_base_dir/versions/1/lib/arm/libxquic.so" dev="dm-13" ino=184306 scontext=u:r:untrusted_app_27:s0:c512,c768 tcontext=u:object_r:app_data_file:s0:c512,c768 tclass=file app=com.wandoujia.phoenix2
07-21 16:14:17.743 23781 23781 I auditd : type=1400 audit(0.0:13509): avc: granted { execute } for comm=4D544F5053444B2052657175657374 path="/data/user/0/com.wandoujia.phoenix2/storage/afu_base_dir/versions/1/lib/arm/libtnet-4.0.0.so" dev="dm-13" ino=184255 scontext=u:r:untrusted_app_27:s0:c512,c768 tcontext=u:object_r:app_data_file:s0:c512,c768 tclass=file app=com.wandoujia.phoenix2
07-21 16:14:18.434 1563 1701 I am_proc_start: [0,23944,10117,com.wandoujia.phoenix2,content provider,{com.wandoujia.phoenix2/com.taobao.aranger.core.ipc.provider.ARangerProvider}]
07-21 16:14:18.461 0 0 I [ 2845.310350] binder: 23944:23944 ioctl 40046210 7ff1724834 returned -22
07-21 16:14:18.467 1563 1791 I am_proc_bound: [0,23944,com.wandoujia.phoenix2]
07-21 16:14:19.631 23944 23944 I auditd : type=1400 audit(0.0:13510): avc: granted { execute } for comm="doujia.phoenix2" path="/data/user/0/com.wandoujia.phoenix2/storage/afu_base_dir/versions/1/lib/arm/libmmkv.so" dev="dm-13" ino=184064 scontext=u:r:untrusted_app_27:s0:c512,c768 tcontext=u:object_r:app_data_file:s0:c512,c768 tclass=file app=com.wandoujia.phoenix2
07-21 16:14:19.805 1563 1791 I am_kill : [0,23781,com.wandoujia.phoenix2:aid,905,empty #2]
07-21 16:14:19.809 1563 1700 I am_wtf : [0,1563,system_server,-1,ContentProviderHelper,Existing provider com.wandoujia.phoenix2/com.lib.common.sharedata.PPShareDataContentProvider is crashing; detaching ProcessRecord{9c0b30f 23944:com.wandoujia.phoenix2/u0a117}]
07-21 16:14:19.865 1563 1791 I am_proc_died: [0,23781,com.wandoujia.phoenix2:aid,905,19]
07-21 16:14:19.867 1563 1791 I am_kill : [0,20457,com.android.providers.calendar,915,empty #2]
07-21 16:14:19.881 1563 1701 I am_proc_start: [0,23973,10117,com.wandoujia.phoenix2:aid,content provider,{com.wandoujia.phoenix2/com.lib.common.sharedata.PPShareDataContentProvider}]
07-21 16:14:19.885 1563 1791 I am_proc_died: [0,20457,com.android.providers.calendar,915,19]
07-21 16:14:19.886 1563 1791 I am_uid_stopped: 10023
07-21 16:14:19.905 0 0 I [ 2846.753454] binder: 23973:23973 ioctl 40046210 7ff1724834 returned -22
07-21 16:14:19.909 1563 1791 I am_proc_bound: [0,23973,com.wandoujia.phoenix2:aid]
07-21 16:14:21.099 23973 23973 I auditd : type=1400 audit(0.0:13511): avc: granted { execute } for comm="ia.phoenix2:aid" path="/data/user/0/com.wandoujia.phoenix2/storage/afu_base_dir/versions/1/lib/arm/libmmkv.so" dev="dm-13" ino=184064 scontext=u:r:untrusted_app_27:s0:c512,c768 tcontext=u:object_r:app_data_file:s0:c512,c768 tclass=file app=com.wandoujia.phoenix2
07-21 16:14:21.391 23944 23944 I auditd : type=1400 audit(0.0:13512): avc: granted { execute } for comm=4173796E635461736B202331 path="/data/user/0/com.wandoujia.phoenix2/storage/afu_base_dir/versions/1/lib/arm/libc++_shared.so" dev="dm-13" ino=182158 scontext=u:r:untrusted_app_27:s0:c512,c768 tcontext=u:object_r:app_data_file:s0:c512,c768 tclass=file app=com.wandoujia.phoenix2
07-21 16:14:21.391 23944 23944 I auditd : type=1400 audit(0.0:13513): avc: granted { execute } for comm=4173796E635461736B202331 path="/data/user/0/com.wandoujia.phoenix2/storage/afu_base_dir/versions/1/lib/arm/libpexwebp.so" dev="dm-13" ino=184153 scontext=u:r:untrusted_app_27:s0:c512,c768 tcontext=u:object_r:app_data_file:s0:c512,c768 tclass=file app=com.wandoujia.phoenix2
07-21 16:14:21.403 24004 24004 I auditd : type=1400 audit(0.0:13514): avc: denied { setattr } for comm="chmod" name="tmp" dev="dm-13" ino=105 scontext=u:r:untrusted_app_27:s0:c512,c768 tcontext=u:object_r:shell_data_file:s0 tclass=dir permissive=1 app=com.wandoujia.phoenix2
07-21 16:14:21.407 23944 23944 I auditd : type=1400 audit(0.0:13515): avc: granted { execute } for comm="PPHttpLoadingTa" path="/data/user/0/com.wandoujia.phoenix2/storage/afu_base_dir/versions/1/lib/arm/libwdj_udid.so" dev="dm-13" ino=184246 scontext=u:r:untrusted_app_27:s0:c512,c768 tcontext=u:object_r:app_data_file:s0:c512,c768 tclass=file app=com.wandoujia.phoenix2
07-21 16:14:21.407 23944 23944 I auditd : type=1400 audit(0.0:13516): avc: granted { execute } for comm=4173796E635461736B202331 path="/data/user/0/com.wandoujia.phoenix2/storage/afu_base_dir/versions/1/lib/arm/libpexgif.so" dev="dm-13" ino=184056 scontext=u:r:untrusted_app_27:s0:c512,c768 tcontext=u:object_r:app_data_file:s0:c512,c768 tclass=file app=com.wandoujia.phoenix2
07-21 16:14:21.419 23944 23944 I auditd : type=1400 audit(0.0:13517): avc: granted { execute } for comm=4173796E635461736B202331 path="/data/user/0/com.wandoujia.phoenix2/storage/afu_base_dir/versions/1/lib/arm/libpexapng.so" dev="dm-13" ino=88342 scontext=u:r:untrusted_app_27:s0:c512,c768 tcontext=u:object_r:app_data_file:s0:c512,c768 tclass=file app=com.wandoujia.phoenix2
07-21 16:14:21.445 0 0 W [ 2848.292215] audit: audit_lost=10328 audit_rate_limit=5 audit_backlog_limit=64
07-21 16:14:21.445 0 0 E [ 2848.292221] audit: rate limit exceeded
07-21 16:14:22.511 23973 23973 I auditd : type=1400 audit(0.0:13561): avc: granted { nlmsg_readpriv } for comm="DaemonThread-6" scontext=u:r:untrusted_app_27:s0:c512,c768 tcontext=u:r:untrusted_app_27:s0:c512,c768 tclass=netlink_route_socket app=com.wandoujia.phoenix2
07-21 16:14:22.534 1563 2056 I am_kill : [0,23944,com.wandoujia.phoenix2,915,empty #2]
07-21 16:14:22.593 0 0 I [ 2849.443898] binder: undelivered TRANSACTION_COMPLETE
07-21 16:14:22.593 0 0 I [ 2849.443907] binder: undelivered transaction 1687261, process died.
07-21 16:14:22.594 1563 1791 I am_proc_died: [0,23944,com.wandoujia.phoenix2,915,19]
07-21 16:14:22.597 0 0 I [ 2849.445356] init: Untracked pid 24130 received signal 9
07-21 16:14:27.123 23973 23973 I auditd : type=1400 audit(0.0:13562): avc: granted { execute } for comm=4D544F5053444B2052657175657374 path="/data/user/0/com.wandoujia.phoenix2/storage/afu_base_dir/versions/1/lib/arm/libxquic.so" dev="dm-13" ino=184306 scontext=u:r:untrusted_app_27:s0:c512,c768 tcontext=u:object_r:app_data_file:s0:c512,c768 tclass=file app=com.wandoujia.phoenix2
07-21 16:14:27.123 23973 23973 I auditd : type=1400 audit(0.0:13563): avc: granted { execute } for comm=4D544F5053444B2052657175657374 path="/data/user/0/com.wandoujia.phoenix2/storage/afu_base_dir/versions/1/lib/arm/libtnet-4.0.0.so" dev="dm-13" ino=184255 scontext=u:r:untrusted_app_27:s0:c512,c768 tcontext=u:object_r:app_data_file:s0:c512,c768 tclass=file app=com.wandoujia.phoenix2
07-21 16:14:27.756 1563 1701 I am_proc_start: [0,24263,10117,com.wandoujia.phoenix2,content provider,{com.wandoujia.phoenix2/com.taobao.aranger.core.ipc.provider.ARangerProvider}]
07-21 16:14:27.781 0 0 I [ 2854.628962] binder: 24263:24263 ioctl 40046210 7ff1724834 returned -22
07-21 16:14:27.785 1563 26128 I am_proc_bound: [0,24263,com.wandoujia.phoenix2]
07-21 16:14:28.963 24263 24263 I auditd : type=1400 audit(0.0:13564): avc: granted { execute } for comm="doujia.phoenix2" path="/data/user/0/com.wandoujia.phoenix2/storage/afu_base_dir/versions/1/lib/arm/libmmkv.so" dev="dm-13" ino=184064 scontext=u:r:untrusted_app_27:s0:c512,c768 tcontext=u:object_r:app_data_file:s0:c512,c768 tclass=file app=com.wandoujia.phoenix2
07-21 16:14:29.135 1563 1791 I am_kill : [0,23973,com.wandoujia.phoenix2:aid,905,empty #2]
07-21 16:14:29.138 1563 1700 I am_wtf : [0,1563,system_server,-1,ContentProviderHelper,Existing provider com.wandoujia.phoenix2/com.lib.common.sharedata.PPShareDataContentProvider is crashing; detaching ProcessRecord{f539f9a 24263:com.wandoujia.phoenix2/u0a117}]
07-21 16:14:29.188 1563 1791 I am_proc_died: [0,23973,com.wandoujia.phoenix2:aid,905,19]
07-21 16:14:29.205 1563 1701 I am_proc_start: [0,24300,10117,com.wandoujia.phoenix2:aid,content provider,{com.wandoujia.phoenix2/com.lib.common.sharedata.PPShareDataContentProvider}]
07-21 16:14:29.233 0 0 I [ 2856.079204] binder: 24300:24300 ioctl 40046210 7ff1724834 returned -22
07-21 16:14:29.236 1563 1791 I am_proc_bound: [0,24300,com.wandoujia.phoenix2:aid]
07-21 16:14:29.653 0 0 I [ 2856.503234] init: processing action (sys.tlog.tlogdshc.active=1) from (/system/etc/init/tlogd.rc:198)
07-21 16:14:29.653 0 0 I [ 2856.503748] init: starting service 'tlogdshc'...
07-21 16:14:29.761 0 0 I [ 2856.610557] init: Service 'tlogdshc' (pid 24316) exited with status 0 oneshot service took 0.103000 seconds in background
07-21 16:14:29.761 0 0 I [ 2856.610585] init: Sending signal 9 to service 'tlogdshc' (pid 24316) process group...
07-21 16:14:29.761 0 0 I [ 2856.610751] libprocessgroup: Successfully killed process cgroup uid 0 pid 24316 in 0ms
07-21 16:14:30.427 24300 24300 I auditd : type=1400 audit(0.0:13565): avc: granted { execute } for comm="ia.phoenix2:aid" path="/data/user/0/com.wandoujia.phoenix2/storage/afu_base_dir/versions/1/lib/arm/libmmkv.so" dev="dm-13" ino=184064 scontext=u:r:untrusted_app_27:s0:c512,c768 tcontext=u:object_r:app_data_file:s0:c512,c768 tclass=file app=com.wandoujia.phoenix2
07-21 16:14:30.715 24263 24263 I auditd : type=1400 audit(0.0:13566): avc: granted { execute } for comm="PPHttpLoadingTa" path="/data/user/0/com.wandoujia.phoenix2/storage/afu_base_dir/versions/1/lib/arm/libwdj_udid.so" dev="dm-13" ino=184246 scontext=u:r:untrusted_app_27:s0:c512,c768 tcontext=u:object_r:app_data_file:s0:c512,c768 tclass=file app=com.wandoujia.phoenix2
07-21 16:14:30.723 24339 24339 I auditd : type=1400 audit(0.0:13567): avc: denied { setattr } for comm="chmod" name="tmp" dev="dm-13" ino=105 scontext=u:r:untrusted_app_27:s0:c512,c768 tcontext=u:object_r:shell_data_file:s0 tclass=dir permissive=1 app=com.wandoujia.phoenix2
07-21 16:14:30.751 24263 24263 I auditd : type=1400 audit(0.0:13568): avc: granted { execute } for comm=4173796E635461736B202331 path="/data/user/0/com.wandoujia.phoenix2/storage/afu_base_dir/versions/1/lib/arm/libc++_shared.so" dev="dm-13" ino=182158 scontext=u:r:untrusted_app_27:s0:c512,c768 tcontext=u:object_r:app_data_file:s0:c512,c768 tclass=file app=com.wandoujia.phoenix2
07-21 16:14:30.751 24263 24263 I auditd : type=1400 audit(0.0:13569): avc: granted { execute } for comm=4173796E635461736B202331 path="/data/user/0/com.wandoujia.phoenix2/storage/afu_base_dir/versions/1/lib/arm/libpexwebp.so" dev="dm-13" ino=184153 scontext=u:r:untrusted_app_27:s0:c512,c768 tcontext=u:object_r:app_data_file:s0:c512,c768 tclass=file app=com.wandoujia.phoenix2
07-21 16:14:30.755 24263 24263 I auditd : type=1400 audit(0.0:13570): avc: granted { execute } for comm=4173796E635461736B202331 path="/data/user/0/com.wandoujia.phoenix2/storage/afu_base_dir/versions/1/lib/arm/libpexgif.so" dev="dm-13" ino=184056 scontext=u:r:untrusted_app_27:s0:c512,c768 tcontext=u:object_r:app_data_file:s0:c512,c768 tclass=file app=com.wandoujia.phoenix2
07-21 16:14:30.779 0 0 W [ 2857.618249] audit: audit_lost=10371 audit_rate_limit=5 audit_backlog_limit=64
07-21 16:14:30.779 0 0 E [ 2857.618255] audit: rate limit exceeded
07-21 16:14:31.739 24300 24300 I auditd : type=1400 audit(0.0:13611): avc: granted { nlmsg_readpriv } for comm="DaemonThread-6" scontext=u:r:untrusted_app_27:s0:c512,c768 tcontext=u:r:untrusted_app_27:s0:c512,c768 tclass=netlink_route_socket app=com.wandoujia.phoenix2
07-21 16:14:31.855 24263 24263 I auditd : type=1400 audit(0.0:13612): avc: granted { execute } for comm=4D544F5053444B2044656661756C74 path="/data/user/0/com.wandoujia.phoenix2/storage/afu_base_dir/versions/1/lib/arm/libsgmiddletierso-6.5.79.so" dev="dm-13" ino=183713 scontext=u:r:untrusted_app_27:s0:c512,c768 tcontext=u:object_r:app_data_file:s0:c512,c768 tclass=file app=com.wandoujia.phoenix2
07-21 16:14:31.875 24263 24263 I auditd : type=1400 audit(0.0:13613): avc: granted { execute } for comm="PPHttpLoadingTa" path="/data/user/0/com.wandoujia.phoenix2/storage/afu_base_dir/versions/1/lib/arm/libqc-cyt.so" dev="dm-13" ino=184196 scontext=u:r:untrusted_app_27:s0:c512,c768 tcontext=u:object_r:app_data_file:s0:c512,c768 tclass=file app=com.wandoujia.phoenix2
07-21 16:14:31.903 24263 24263 I auditd : type=1400 audit(0.0:13614): avc: granted { nlmsg_readpriv } for comm="DaemonThread-6" scontext=u:r:untrusted_app_27:s0:c512,c768 tcontext=u:r:untrusted_app_27:s0:c512,c768 tclass=netlink_route_socket app=com.wandoujia.phoenix2
07-21 16:14:32.092 1563 1791 I am_kill : [0,24263,com.wandoujia.phoenix2,915,empty #2]
07-21 16:14:32.154 0 0 I [ 2859.005121] binder: undelivered transaction 1688781, process died.
07-21 16:14:32.155 1563 26128 I am_proc_died: [0,24263,com.wandoujia.phoenix2,915,19]
07-21 16:14:32.157 0 0 I [ 2859.006231] init: Untracked pid 24454 received signal 9
07-21 16:14:36.531 24300 24300 I auditd : type=1400 audit(0.0:13615): avc: granted { execute } for comm=4D544F5053444B2052657175657374 path="/data/user/0/com.wandoujia.phoenix2/storage/afu_base_dir/versions/1/lib/arm/libxquic.so" dev="dm-13" ino=184306 scontext=u:r:untrusted_app_27:s0:c512,c768 tcontext=u:object_r:app_data_file:s0:c512,c768 tclass=file app=com.wandoujia.phoenix2
07-21 16:14:36.535 24300 24300 I auditd : type=1400 audit(0.0:13616): avc: granted { execute } for comm=4D544F5053444B2052657175657374 path="/data/user/0/com.wandoujia.phoenix2/storage/afu_base_dir/versions/1/lib/arm/libtnet-4.0.0.so" dev="dm-13" ino=184255 scontext=u:r:untrusted_app_27:s0:c512,c768 tcontext=u:object_r:app_data_file:s0:c512,c768 tclass=file app=com.wandoujia.phoenix2
07-21 16:14:37.014 1563 1701 I am_proc_start: [0,24579,10117,com.wandoujia.phoenix2,content provider,{com.wandoujia.phoenix2/com.taobao.aranger.core.ipc.provider.ARangerProvider}]
07-21 16:14:37.041 0 0 I [ 2863.889552] binder: 24579:24579 ioctl 40046210 7ff1724834 returned -22
07-21 16:14:37.045 1563 26128 I am_proc_bound: [0,24579,com.wandoujia.phoenix2]
07-21 16:14:38.223 24579 24579 I auditd : type=1400 audit(0.0:13617): avc: granted { execute } for comm="doujia.phoenix2" path="/data/user/0/com.wandoujia.phoenix2/storage/afu_base_dir/versions/1/lib/arm/libmmkv.so" dev="dm-13" ino=184064 scontext=u:r:untrusted_app_27:s0:c512,c768 tcontext=u:object_r:app_data_file:s0:c512,c768 tclass=file app=com.wandoujia.phoenix2
07-21 16:14:38.395 1563 26128 I am_kill : [0,24300,com.wandoujia.phoenix2:aid,905,empty #2]
07-21 16:14:38.452 1563 21009 I am_proc_died: [0,24300,com.wandoujia.phoenix2:aid,905,19]
07-21 16:14:38.453 0 0 I [ 2865.301286] binder: send failed reply for transaction 1689491 to 24579:24579
07-21 16:14:38.453 0 0 I [ 2865.302495] binder: 1563:21009 transaction failed 29189/-22, size 0-0 line 3071
07-21 16:14:38.470 1563 1701 I am_proc_start: [0,24632,10117,com.wandoujia.phoenix2:aid,content provider,{com.wandoujia.phoenix2/com.lib.common.sharedata.PPShareDataContentProvider}]
07-21 16:14:38.493 0 0 I [ 2865.343281] binder: 24632:24632 ioctl 40046210 7ff1724834 returned -22
07-21 16:14:38.500 1563 26128 I am_proc_bound: [0,24632,com.wandoujia.phoenix2:aid]
07-21 16:14:39.671 24632 24632 I auditd : type=1400 audit(0.0:13618): avc: granted { execute } for comm="ia.phoenix2:aid" path="/data/user/0/com.wandoujia.phoenix2/storage/afu_base_dir/versions/1/lib/arm/libmmkv.so" dev="dm-13" ino=184064 scontext=u:r:untrusted_app_27:s0:c512,c768 tcontext=u:object_r:app_data_file:s0:c512,c768 tclass=file app=com.wandoujia.phoenix2
07-21 16:14:39.963 24579 24579 I auditd : type=1400 audit(0.0:13619): avc: granted { execute } for comm="PPHttpLoadingTa" path="/data/user/0/com.wandoujia.phoenix2/storage/afu_base_dir/versions/1/lib/arm/libwdj_udid.so" dev="dm-13" ino=184246 scontext=u:r:untrusted_app_27:s0:c512,c768 tcontext=u:object_r:app_data_file:s0:c512,c768 tclass=file app=com.wandoujia.phoenix2
07-21 16:14:39.967 24579 24579 I auditd : type=1400 audit(0.0:13620): avc: granted { execute } for comm=4173796E635461736B202331 path="/data/user/0/com.wandoujia.phoenix2/storage/afu_base_dir/versions/1/lib/arm/libpexwebp.so" dev="dm-13" ino=184153 scontext=u:r:untrusted_app_27:s0:c512,c768 tcontext=u:object_r:app_data_file:s0:c512,c768 tclass=file app=com.wandoujia.phoenix2
