07-21 16:30:20.913 0 0 W [ 3807.868071] ALERT: changing window size from 20000000 to 16000000 at 3807868044619
07-21 16:30:20.900 1563 1563 I power_screen_broadcast_send: 1
07-21 16:30:20.903 1563 1716 I sysui_multi_action: [757,1696,758,6,759,3]
07-21 16:30:20.943 21043 21043 I wm_on_restart_called: [65620330,com.android.settings.Settings,performRestartActivity]
07-21 16:30:20.946 21043 21043 I wm_on_start_called: [65620330,com.android.settings.Settings,handleStartActivity]
07-21 16:30:20.946 21043 21043 I snet_event_log: [120484087,-1,]
07-21 16:30:20.947 21043 21043 I wm_on_resume_called: [65620330,com.android.settings.Settings,RESUME_ACTIVITY]
07-21 16:30:20.947 21043 21043 I sysui_multi_action: [757,35,758,1,833,0,1089,0]
07-21 16:30:20.948 21043 21043 I sysui_multi_action: [757,4000,758,1,833,0,1089,0]
07-21 16:30:20.949 21043 21043 I wm_on_top_resumed_gained_called: [65620330,com.android.settings.Settings,topWhenResuming]
07-21 16:30:20.953 1563 1691 I input_focus: [Focus request 27cf47a com.android.settings/com.android.settings.Settings,reason=UpdateInputWindows]
07-21 16:30:20.965 0 0 I [ 3807.918907] [MAX975X: max96755x_drm_notifier_callback] *INFO* receives BLANK: UNBLANK
07-21 16:30:20.970 1563 1700 I am_wtf : [0,1563,system_server,-1,DisplayDeviceConfig,requesting nits when no mapping exists.]
07-21 16:30:20.977 1563 1700 I am_wtf : [0,1563,system_server,-1,DisplayDeviceConfig,requesting nits when no mapping exists.]
07-21 16:30:20.986 1563 1563 I sysui_multi_action: [757,198,758,1,759,1,1359,108,1694,1]
07-21 16:30:20.986 1563 1563 I power_screen_state: [1,0,0,0,108]
07-21 16:30:20.992 1563 1563 I battery_saving_stats: [0,0,0,58251,0,0,1584115,0,0]
07-21 16:30:20.999 1563 1701 I am_proc_start: [0,10194,10104,com.tencent.android.qqdownloader:live,service,{com.tencent.android.qqdownloader/com.tencent.assistant.syscomponent.MediaRouteProviderService2}]
07-21 16:30:21.015 0 0 I [ 3807.967372] binder: 10194:10194 ioctl 40046210 7ff1724834 returned -22
07-21 16:30:21.015 1563 2064 I am_proc_bound: [0,10194,com.tencent.android.qqdownloader:live]
07-21 16:30:21.024 1563 1563 I power_screen_broadcast_done: [1,124,1]
07-21 16:30:21.087 10194 10194 I auditd : type=1400 audit(0.0:15819): avc: granted { execute } for comm="temporary-1" path="/data/user/0/com.tencent.android.qqdownloader/files/shell/8_8464130_3768/lib/arm64-v8a/libmmkv.so" dev="dm-13" ino=75340 scontext=u:r:untrusted_app_27:s0:c512,c768 tcontext=u:object_r:app_data_file:s0:c512,c768 tclass=file app=com.tencent.android.qqdownloader
07-21 16:30:21.107 10194 10194 I auditd : type=1400 audit(0.0:15820): avc: granted { execute } for comm="temporary-1" path="/data/user/0/com.tencent.android.qqdownloader/files/shell/8_8464130_3768/lib/arm64-v8a/libmarsxlog.so" dev="dm-13" ino=75339 scontext=u:r:untrusted_app_27:s0:c512,c768 tcontext=u:object_r:app_data_file:s0:c512,c768 tclass=file app=com.tencent.android.qqdownloader
07-21 16:30:21.133 0 0 I [ 3808.086417] binder: 11458:11496 transaction failed 29189/-22, size 352-8 line 3071
07-21 16:30:21.169 0 0 I : [ 3808.120463] atmel_mxt_ts 0-004a: Enter resume
07-21 16:30:21.193 1563 1826 I input_focus: [Focus entering 27cf47a com.android.settings/com.android.settings.Settings (server),reason=Window became focusable. Previous reason: NOT_VISIBLE]
07-21 16:30:21.881 0 0 I : [ 3808.832152] atmel_mxt_ts 0-004a: Report KEY_POWER to wakeup system
07-21 16:30:22.288 1563 1700 I am_uid_idle: 10106
07-21 16:30:22.289 1563 1700 I am_stop_idle_service: [10106,com.smile.gifmaker/com.kwai.chat.kwailink.service.NewKwaiLinkService]
07-21 16:30:22.980 1563 1826 I input_interaction: Interaction with: 27cf47a com.android.settings/com.android.settings.Settings (server), edge-swipe (server), swipe-up (server), PointerEventDispatcher0 (server),
07-21 16:30:22.987 860 860 I auditd : type=1400 audit(0.0:15821): avc: denied { add_name } for comm="perf@2.2-servic" name="cpu_min_freq" scontext=u:r:vendor_hal_perf_default:s0 tcontext=u:object_r:vendor_sysfs_msm_perf:s0 tclass=dir permissive=1
07-21 16:30:24.096 1563 17518 I wm_task_moved: [1,0,0]
07-21 16:30:24.096 1563 17518 I wm_task_moved: [1,0,5]
07-21 16:30:24.106 2587 2587 I wm_on_restart_called: [51676365,com.android.launcher3.uioverrides.QuickstepLauncher,performRestartActivity]
07-21 16:30:24.195 2587 2587 I wm_on_start_called: [51676365,com.android.launcher3.uioverrides.QuickstepLauncher,handleStartActivity]
07-21 16:30:24.196 21043 21043 I view_enqueue_input_event: [Motion - Cancel,com.android.settings/com.android.settings.Settings]
07-21 16:30:24.198 1563 1691 I input_focus: [Focus request recents_animation_input_consumer,reason=UpdateInputWindows]
07-21 16:30:24.203 2587 2587 I sysui_latency: [1,117]
07-21 16:30:24.203 1563 1826 I input_interaction: Interaction with: edge-swipe (server), swipe-up (server), PointerEventDispatcher0 (server),
07-21 16:30:24.209 1563 1826 I input_focus: [Focus leaving 27cf47a com.android.settings/com.android.settings.Settings (server),reason=NOT_FOCUSABLE]
07-21 16:30:24.209 1563 1826 I input_focus: [Focus entering recents_animation_input_consumer (server),reason=setFocusedWindow]
07-21 16:30:24.230 1563 1687 I sysui_multi_action: [319,10,322,124,325,3811,757,761,758,9,759,5,806,com.android.launcher3,871,com.android.launcher3.uioverrides.QuickstepLauncher,905,0,1320,8,1321,5]
07-21 16:30:24.403 1563 1815 I commit_sys_config_file: [settings-1-0,8]
07-21 16:30:24.522 1563 1699 I sysui_latency: [8,131]
07-21 16:30:24.896 1563 26128 I wm_task_moved: [1,1,6]
07-21 16:30:24.896 1563 26128 I wm_task_moved: [59,1,2147483647]
07-21 16:30:24.896 1563 26128 I wm_task_to_front: [0,59]
07-21 16:30:24.896 1563 26128 I wm_focused_root_task: [0,0,1,64,RecentsAnimation.onAnimationFinished()]
07-21 16:30:24.896 1563 26128 I wm_set_resumed_activity: [0,com.android.launcher3/.uioverrides.QuickstepLauncher,RecentsAnimation.onAnimationFinished()]
07-21 16:30:24.896 21043 21043 I wm_on_top_resumed_lost_called: [65620330,com.android.settings.Settings,topStateChangedWhenResumed]
07-21 16:30:24.897 1563 26128 I wm_pause_activity: [0,65620330,com.android.settings/.Settings,userLeaving=true,pauseBackTasks]
07-21 16:30:24.898 1563 26128 I wm_add_to_stopping: [0,65620330,com.android.settings/.Settings,makeInvisible]
07-21 16:30:24.898 1563 26128 I wm_set_resumed_activity: [0,com.android.launcher3/.uioverrides.QuickstepLauncher,resumeTopActivityInnerLocked]
07-21 16:30:24.901 1563 26128 I wm_resume_activity: [0,51676365,59,com.android.launcher3/.uioverrides.QuickstepLauncher]
07-21 16:30:24.902 2587 2587 I wm_on_resume_called: [51676365,com.android.launcher3.uioverrides.QuickstepLauncher,RESUME_ACTIVITY]
07-21 16:30:24.904 1563 1691 I input_focus: [Focus request 28c4f40 com.android.launcher3/com.android.launcher3.uioverrides.QuickstepLauncher,reason=UpdateInputWindows]
07-21 16:30:24.905 21043 21043 I sysui_multi_action: [757,35,758,2,1089,3958]
07-21 16:30:24.905 21043 21043 I sysui_multi_action: [757,4000,758,2,1089,3958]
07-21 16:30:24.905 21043 21043 I wm_on_paused_called: [65620330,com.android.settings.Settings,performPause]
07-21 16:30:24.905 2587 2587 I wm_on_top_resumed_gained_called: [51676365,com.android.launcher3.uioverrides.QuickstepLauncher,topStateChangedWhenResumed]
07-21 16:30:24.906 1563 10016 I wm_stop_activity: [0,65620330,com.android.settings/.Settings]
07-21 16:30:24.909 1563 1826 I input_focus: [Focus leaving recents_animation_input_consumer (server),reason=NOT_VISIBLE]
07-21 16:30:24.917 21043 21043 I wm_on_stop_called: [65620330,com.android.settings.Settings,STOP_ACTIVITY_ITEM]
07-21 16:30:24.917 1563 1690 I sysui_multi_action: [757,803,799,window_time_0,802,62]
07-21 16:30:24.921 1563 1690 I am_uid_running: 10118
07-21 16:30:24.925 1563 1690 I am_uid_running: 10098
07-21 16:30:24.925 1563 1826 I input_focus: [Focus entering 28c4f40 com.android.launcher3/com.android.launcher3.uioverrides.QuickstepLauncher (server),reason=setFocusedWindow]
07-21 16:30:24.931 1563 1690 I am_uid_running: 10122
07-21 16:30:24.934 1563 1690 I am_uid_running: 10117
07-21 16:30:24.935 1563 1690 I sysui_multi_action: [757,803,799,window_time_0,802,0]
07-21 16:30:24.936 1563 26128 I am_kill : [0,9087,com.smile.gifmaker:push_v3,915,empty #2]
07-21 16:30:24.936 1563 26128 I am_kill : [0,9430,com.android.providers.calendar,925,empty #3]
07-21 16:30:24.938 1563 1701 I am_proc_start: [0,10283,10118,com.kugou.android.auto,NULL,]
07-21 16:30:24.941 1563 26128 I am_uid_running: 10064
07-21 16:30:24.949 0 0 I [ 3811.897876] binder: 10283:10283 ioctl 40046210 7ff1724834 returned -22
07-21 16:30:24.946 1563 1701 I am_proc_start: [0,10299,10098,com.tencent.wework,NULL,]
07-21 16:30:24.952 1563 1701 I am_proc_start: [0,10300,10122,com.qiyi.video,NULL,]
07-21 16:30:24.954 1563 26128 I am_proc_bound: [0,10283,com.kugou.android.auto]
07-21 16:30:24.958 1563 1701 I am_proc_start: [0,10306,10117,com.wandoujia.phoenix2,NULL,]
07-21 16:30:24.962 0 0 I [ 3811.914543] binder: 10299:10299 ioctl 40046210 7ff1724834 returned -22
07-21 16:30:24.966 1563 1701 I am_proc_start: [0,10316,10064,com.thundercomm.gamemode.provider,content provider,{com.thundercomm.gamemode.provider/com.thundercomm.gamemode.provider.SettingsProvider}]
07-21 16:30:24.970 1563 26128 I am_proc_bound: [0,10299,com.tencent.wework]
07-21 16:30:24.975 1563 10016 I am_proc_died: [0,9430,com.android.providers.calendar,925,19]
07-21 16:30:24.975 1563 10016 I am_uid_stopped: 10023
07-21 16:30:24.976 0 0 I [ 3811.927692] binder: 10300:10300 ioctl 40046210 7ff1724834 returned -22
07-21 16:30:24.977 1563 10016 I am_kill : [0,10283,com.kugou.android.auto,915,empty #2]
07-21 16:30:24.978 1563 10016 I am_kill : [0,9041,com.smile.gifmaker:messagesdk,925,empty #3]
07-21 16:30:24.982 1563 26128 I am_proc_bound: [0,10300,com.qiyi.video]
07-21 16:30:24.984 0 0 I [ 3811.936909] binder: 10316:10316 ioctl 40046210 7ff1724834 returned -22
07-21 16:30:24.989 1563 26128 I am_proc_bound: [0,10316,com.thundercomm.gamemode.provider]
07-21 16:30:24.993 0 0 I [ 3811.944719] binder: 10306:10306 ioctl 40046210 7ff1724834 returned -22
07-21 16:30:24.993 1563 26128 I am_uid_active: 10064
07-21 16:30:24.996 1563 2221 I am_proc_bound: [0,10306,com.wandoujia.phoenix2]
07-21 16:30:25.015 1563 2221 I am_proc_died: [0,9087,com.smile.gifmaker:push_v3,915,19]
07-21 16:30:25.016 1563 2221 I am_schedule_service_restart: [0,com.smile.gifmaker/com.kwai.android.dispatcher.PushV3ProcessLauncherService,1000]
07-21 16:30:25.016 1563 2221 I am_kill : [0,10300,com.qiyi.video,915,empty #2]
07-21 16:30:25.017 1563 2221 I am_kill : [0,10299,com.tencent.wework,925,empty #3]
07-21 16:30:25.041 1563 2221 I am_proc_died: [0,10283,com.kugou.android.auto,915,19]
07-21 16:30:25.041 1563 2221 I am_uid_stopped: 10118
07-21 16:30:25.050 1563 2221 I am_proc_died: [0,10300,com.qiyi.video,915,19]
07-21 16:30:25.051 1563 2221 I am_uid_stopped: 10122
07-21 16:30:25.058 1563 2221 I am_proc_died: [0,10299,com.tencent.wework,925,19]
07-21 16:30:25.058 1563 2221 I am_uid_stopped: 10098
07-21 16:30:25.074 1563 2221 I am_proc_died: [0,9041,com.smile.gifmaker:messagesdk,925,19]
07-21 16:30:25.074 1563 2221 I am_uid_stopped: 10106
07-21 16:30:25.451 860 860 I auditd : type=1400 audit(0.0:15822): avc: denied { add_name } for comm="perf@2.2-servic" name="min_freq" scontext=u:r:vendor_hal_perf_default:s0 tcontext=u:object_r:vendor_sysfs_devfreq:s0 tclass=dir permissive=1
07-21 16:30:25.451 860 860 I auditd : type=1400 audit(0.0:15823): avc: denied { add_name } for comm="perf@2.2-servic" name="cpu_min_freq" scontext=u:r:vendor_hal_perf_default:s0 tcontext=u:object_r:vendor_sysfs_msm_perf:s0 tclass=dir permissive=1
07-21 16:30:26.129 1563 1817 I sysui_multi_action: [757,1513,758,4,805,1689928226129,1514,10104,1515,com.tencent.android.qqdownloader,1516,1003,1517,0,1518,1000,1519,1000,1520,0,1526,com.tencent.android.qqdownloader/com.tencent.qqdownloader.backgroundstart.BackgroundSupportActivity,1527,1]
07-21 16:30:26.132 1563 2221 I sysui_multi_action: [757,1513,758,4,805,1689928226132,1514,10104,1515,com.tencent.android.qqdownloader,1516,1003,1517,0,1518,10104,1519,1003,1520,0,1526,com.tencent.android.qqdownloader/com.tencent.qqdownloader.backgroundstart.BackgroundSupportActivity,1527,1,1529,com.tencent.android.qqdownloader:live,1530,1004,1531,0,1532,0,1533,0,1534,0,1535,0,1536,0,1537,5112]
07-21 16:30:26.163 10306 10306 I auditd : type=1400 audit(0.0:15824): avc: granted { execute } for comm="doujia.phoenix2" path="/data/user/0/com.wandoujia.phoenix2/storage/afu_base_dir/versions/1/lib/arm/libmmkv.so" dev="dm-13" ino=184064 scontext=u:r:untrusted_app_27:s0:c512,c768 tcontext=u:object_r:app_data_file:s0:c512,c768 tclass=file app=com.wandoujia.phoenix2
07-21 16:30:26.368 1563 1701 I am_proc_start: [0,10369,10117,com.wandoujia.phoenix2:aid,content provider,{com.wandoujia.phoenix2/com.lib.common.sharedata.PPShareDataContentProvider}]
07-21 16:30:26.389 0 0 I [ 3813.343620] binder: 10369:10369 ioctl 40046210 7ff1724834 returned -22
07-21 16:30:26.391 1563 2221 I am_proc_bound: [0,10369,com.wandoujia.phoenix2:aid]
07-21 16:30:27.563 10369 10369 I auditd : type=1400 audit(0.0:15825): avc: granted { execute } for comm="ia.phoenix2:aid" path="/data/user/0/com.wandoujia.phoenix2/storage/afu_base_dir/versions/1/lib/arm/libmmkv.so" dev="dm-13" ino=184064 scontext=u:r:untrusted_app_27:s0:c512,c768 tcontext=u:object_r:app_data_file:s0:c512,c768 tclass=file app=com.wandoujia.phoenix2
07-21 16:30:27.847 10306 10306 I auditd : type=1400 audit(0.0:15826): avc: granted { execute } for comm="PPHttpLoadingTa" path="/data/user/0/com.wandoujia.phoenix2/storage/afu_base_dir/versions/1/lib/arm/libwdj_udid.so" dev="dm-13" ino=184246 scontext=u:r:untrusted_app_27:s0:c512,c768 tcontext=u:object_r:app_data_file:s0:c512,c768 tclass=file app=com.wandoujia.phoenix2
07-21 16:30:27.871 10306 10306 I auditd : type=1400 audit(0.0:15827): avc: granted { execute } for comm=4173796E635461736B202331 path="/data/user/0/com.wandoujia.phoenix2/storage/afu_base_dir/versions/1/lib/arm/libc++_shared.so" dev="dm-13" ino=182158 scontext=u:r:untrusted_app_27:s0:c512,c768 tcontext=u:object_r:app_data_file:s0:c512,c768 tclass=file app=com.wandoujia.phoenix2
07-21 16:30:27.875 10306 10306 I auditd : type=1400 audit(0.0:15828): avc: granted { execute } for comm=4173796E635461736B202331 path="/data/user/0/com.wandoujia.phoenix2/storage/afu_base_dir/versions/1/lib/arm/libpexwebp.so" dev="dm-13" ino=184153 scontext=u:r:untrusted_app_27:s0:c512,c768 tcontext=u:object_r:app_data_file:s0:c512,c768 tclass=file app=com.wandoujia.phoenix2
07-21 16:30:27.875 10399 10399 I auditd : type=1400 audit(0.0:15829): avc: denied { setattr } for comm="chmod" name="tmp" dev="dm-13" ino=105 scontext=u:r:untrusted_app_27:s0:c512,c768 tcontext=u:object_r:shell_data_file:s0 tclass=dir permissive=1
07-21 16:30:27.879 10306 10306 I auditd : type=1400 audit(0.0:15830): avc: granted { execute } for comm=4173796E635461736B202331 path="/data/user/0/com.wandoujia.phoenix2/storage/afu_base_dir/versions/1/lib/arm/libpexgif.so" dev="dm-13" ino=184056 scontext=u:r:untrusted_app_27:s0:c512,c768 tcontext=u:object_r:app_data_file:s0:c512,c768 tclass=file app=com.wandoujia.phoenix2
07-21 16:30:27.897 0 0 W [ 3814.842657] audit: audit_lost=12166 audit_rate_limit=5 audit_backlog_limit=64
07-21 16:30:27.897 0 0 E [ 3814.842660] audit: rate limit exceeded
07-21 16:30:28.951 10306 10306 I auditd : type=1400 audit(0.0:15873): avc: granted { nlmsg_readpriv } for comm="DaemonThread-6" scontext=u:r:untrusted_app_27:s0:c512,c768 tcontext=u:r:untrusted_app_27:s0:c512,c768 tclass=netlink_route_socket app=com.wandoujia.phoenix2
07-21 16:30:28.955 10306 10306 I auditd : type=1400 audit(0.0:15874): avc: granted { execute } for comm=4D544F5053444B2044656661756C74 path="/data/user/0/com.wandoujia.phoenix2/storage/afu_base_dir/versions/1/lib/arm/libsgmiddletierso-6.5.79.so" dev="dm-13" ino=183713 scontext=u:r:untrusted_app_27:s0:c512,c768 tcontext=u:object_r:app_data_file:s0:c512,c768 tclass=file app=com.wandoujia.phoenix2
07-21 16:30:28.983 10306 10306 I auditd : type=1400 audit(0.0:15875): avc: granted { execute } for comm="PPHttpLoadingTa" path="/data/user/0/com.wandoujia.phoenix2/storage/afu_base_dir/versions/1/lib/arm/libqc-cyt.so" dev="dm-13" ino=184196 scontext=u:r:untrusted_app_27:s0:c512,c768 tcontext=u:object_r:app_data_file:s0:c512,c768 tclass=file app=com.wandoujia.phoenix2
07-21 16:30:29.127 1563 2230 I am_kill : [0,10306,com.wandoujia.phoenix2,915,empty #2]
07-21 16:30:29.189 0 0 I [ 3816.142463] init: Untracked pid 10539 received signal 9
07-21 16:30:29.187 1563 24291 I am_proc_died: [0,10306,com.wandoujia.phoenix2,915,19]
07-21 16:30:29.694 0 0 I [ 3816.641326] init: processing action (sys.tlog.tlogdshc.active=1) from (/system/etc/init/tlogd.rc:198)
07-21 16:30:29.694 0 0 I [ 3816.642151] init: starting service 'tlogdshc'...
07-21 16:30:29.801 0 0 I [ 3816.754154] init: Service 'tlogdshc' (pid 10584) exited with status 0 oneshot service took 0.107000 seconds in background
07-21 16:30:29.801 0 0 I [ 3816.754205] init: Sending signal 9 to service 'tlogdshc' (pid 10584) process group...
07-21 16:30:29.801 0 0 I [ 3816.754497] libprocessgroup: Successfully killed process cgroup uid 0 pid 10584 in 0ms
07-21 16:30:33.583 10369 10369 I auditd : type=1400 audit(0.0:15876): avc: granted { execute } for comm=4D544F5053444B2052657175657374 path="/data/user/0/com.wandoujia.phoenix2/storage/afu_base_dir/versions/1/lib/arm/libxquic.so" dev="dm-13" ino=184306 scontext=u:r:untrusted_app_27:s0:c512,c768 tcontext=u:object_r:app_data_file:s0:c512,c768 tclass=file app=com.wandoujia.phoenix2
07-21 16:30:33.583 10369 10369 I auditd : type=1400 audit(0.0:15877): avc: granted { execute } for comm=4D544F5053444B2052657175657374 path="/data/user/0/com.wandoujia.phoenix2/storage/afu_base_dir/versions/1/lib/arm/libtnet-4.0.0.so" dev="dm-13" ino=184255 scontext=u:r:untrusted_app_27:s0:c512,c768 tcontext=u:object_r:app_data_file:s0:c512,c768 tclass=file app=com.wandoujia.phoenix2
07-21 16:30:34.136 1563 1817 I sysui_multi_action: [757,1513,758,4,805,1689928234136,1514,10104,1515,com.tencent.android.qqdownloader,1516,1003,1517,0,1518,1000,1519,1000,1520,0,1526,com.tencent.android.qqdownloader/com.tencent.qqdownloader.backgroundstart.BackgroundSupportActivity,1527,1]
07-21 16:30:34.335 1563 1701 I am_proc_start: [0,10668,10117,com.wandoujia.phoenix2,content provider,{com.wandoujia.phoenix2/com.taobao.aranger.core.ipc.provider.ARangerProvider}]
07-21 16:30:34.361 0 0 I [ 3821.315231] binder: 10668:10668 ioctl 40046210 7ff1724834 returned -22
07-21 16:30:34.363 1563 24291 I am_proc_bound: [0,10668,com.wandoujia.phoenix2]
07-21 16:30:35.519 10668 10668 I auditd : type=1400 audit(0.0:15878): avc: granted { execute } for comm="doujia.phoenix2" path="/data/user/0/com.wandoujia.phoenix2/storage/afu_base_dir/versions/1/lib/arm/libmmkv.so" dev="dm-13" ino=184064 scontext=u:r:untrusted_app_27:s0:c512,c768 tcontext=u:object_r:app_data_file:s0:c512,c768 tclass=file app=com.wandoujia.phoenix2
07-21 16:30:35.689 1563 24291 I am_kill : [0,10369,com.wandoujia.phoenix2:aid,905,empty #2]
07-21 16:30:35.693 1563 1700 I am_wtf : [0,1563,system_server,-1,ContentProviderHelper,Existing provider com.wandoujia.phoenix2/com.lib.common.sharedata.PPShareDataContentProvider is crashing; detaching ProcessRecord{bd1880f 10668:com.wandoujia.phoenix2/u0a117}]
07-21 16:30:35.742 1563 24291 I am_proc_died: [0,10369,com.wandoujia.phoenix2:aid,905,19]
07-21 16:30:35.757 1563 1701 I am_proc_start: [0,10698,10117,com.wandoujia.phoenix2:aid,content provider,{com.wandoujia.phoenix2/com.lib.common.sharedata.PPShareDataContentProvider}]
07-21 16:30:35.781 0 0 I [ 3822.732828] binder: 10698:10698 ioctl 40046210 7ff1724834 returned -22
07-21 16:30:35.784 1563 24291 I am_proc_bound: [0,10698,com.wandoujia.phoenix2:aid]
07-21 16:30:36.951 10698 10698 I auditd : type=1400 audit(0.0:15879): avc: granted { execute } for comm="ia.phoenix2:aid" path="/data/user/0/com.wandoujia.phoenix2/storage/afu_base_dir/versions/1/lib/arm/libmmkv.so" dev="dm-13" ino=184064 scontext=u:r:untrusted_app_27:s0:c512,c768 tcontext=u:object_r:app_data_file:s0:c512,c768 tclass=file app=com.wandoujia.phoenix2
07-21 16:30:37.235 10668 10668 I auditd : type=1400 audit(0.0:15880): avc: granted { execute } for comm="PPHttpLoadingTa" path="/data/user/0/com.wandoujia.phoenix2/storage/afu_base_dir/versions/1/lib/arm/libwdj_udid.so" dev="dm-13" ino=184246 scontext=u:r:untrusted_app_27:s0:c512,c768 tcontext=u:object_r:app_data_file:s0:c512,c768 tclass=file app=com.wandoujia.phoenix2
07-21 16:30:37.239 10668 10668 I auditd : type=1400 audit(0.0:15881): avc: granted { execute } for comm=4173796E635461736B202331 path="/data/user/0/com.wandoujia.phoenix2/storage/afu_base_dir/versions/1/lib/arm/libpexwebp.so" dev="dm-13" ino=184153 scontext=u:r:untrusted_app_27:s0:c512,c768 tcontext=u:object_r:app_data_file:s0:c512,c768 tclass=file app=com.wandoujia.phoenix2
07-21 16:30:37.239 10668 10668 I auditd : type=1400 audit(0.0:15882): avc: granted { execute } for comm=4173796E635461736B202331 path="/data/user/0/com.wandoujia.phoenix2/storage/afu_base_dir/versions/1/lib/arm/libc++_shared.so" dev="dm-13" ino=182158 scontext=u:r:untrusted_app_27:s0:c512,c768 tcontext=u:object_r:app_data_file:s0:c512,c768 tclass=file app=com.wandoujia.phoenix2
07-21 16:30:37.243 10668 10668 I auditd : type=1400 audit(0.0:15883): avc: granted { execute } for comm=4173796E635461736B202331 path="/data/user/0/com.wandoujia.phoenix2/storage/afu_base_dir/versions/1/lib/arm/libpexgif.so" dev="dm-13" ino=184056 scontext=u:r:untrusted_app_27:s0:c512,c768 tcontext=u:object_r:app_data_file:s0:c512,c768 tclass=file app=com.wandoujia.phoenix2
07-21 16:30:37.247 10728 10728 I auditd : type=1400 audit(0.0:15884): avc: denied { setattr } for comm="chmod" name="tmp" dev="dm-13" ino=105 scontext=u:r:untrusted_app_27:s0:c512,c768 tcontext=u:object_r:shell_data_file:s0 tclass=dir permissive=1
07-21 16:30:37.259 10668 10668 I auditd : type=1400 audit(0.0:15885): avc: granted { execute } for comm=4173796E635461736B202331 path="/data/user/0/com.wandoujia.phoenix2/storage/afu_base_dir/versions/1/lib/arm/libpexapng.so" dev="dm-13" ino=88342 scontext=u:r:untrusted_app_27:s0:c512,c768 tcontext=u:object_r:app_data_file:s0:c512,c768 tclass=file app=com.wandoujia.phoenix2
07-21 16:30:37.263 10668 10668 I auditd : type=1400 audit(0.0:15886): avc: granted { execute } for comm=4173796E635461736B202331 path="/data/user/0/com.wandoujia.phoenix2/storage/afu_base_dir/versions/1/lib/arm/libpwebp-v7a.so" dev="dm-13" ino=184217 scontext=u:r:untrusted_app_27:s0:c512,c768 tcontext=u:object_r:app_data_file:s0:c512,c768 tclass=file app=com.wandoujia.phoenix2
07-21 16:30:37.279 10668 10668 I auditd : type=1400 audit(0.0:15887): avc: granted { execute } for comm=4173796E635461736B202331 path="/data/user/0/com.wandoujia.phoenix2/storage/afu_base_dir/versions/1/lib/arm/libpexcore.so" dev="dm-13" ino=88316 scontext=u:r:untrusted_app_27:s0:c512,c768 tcontext=u:object_r:app_data_file:s0:c512,c768 tclass=file app=com.wandoujia.phoenix2
07-21 16:30:37.313 0 0 W [ 3824.267015] audit: audit_lost=12208 audit_rate_limit=5 audit_backlog_limit=64
07-21 16:30:37.313 0 0 E [ 3824.267020] audit: rate limit exceeded
07-21 16:30:38.347 10698 10698 I auditd : type=1400 audit(0.0:15931): avc: granted { nlmsg_readpriv } for comm="DaemonThread-6" scontext=u:r:untrusted_app_27:s0:c512,c768 tcontext=u:r:untrusted_app_27:s0:c512,c768 tclass=netlink_route_socket app=com.wandoujia.phoenix2
07-21 16:30:38.510 1563 24291 I am_kill : [0,10668,com.wandoujia.phoenix2,915,empty #2]
07-21 16:30:38.568 0 0 I [ 3825.522917] binder: undelivered transaction 1778691, process died.
07-21 16:30:38.572 0 0 I [ 3825.524504] init: Untracked pid 10851 received signal 9
07-21 16:30:38.569 1563 2221 I am_proc_died: [0,10668,com.wandoujia.phoenix2,915,19]
07-21 16:30:42.927 10698 10698 I auditd : type=1400 audit(0.0:15932): avc: granted { execute } for comm=4D544F5053444B2052657175657374 path="/data/user/0/com.wandoujia.phoenix2/storage/afu_base_dir/versions/1/lib/arm/libxquic.so" dev="dm-13" ino=184306 scontext=u:r:untrusted_app_27:s0:c512,c768 tcontext=u:object_r:app_data_file:s0:c512,c768 tclass=file app=com.wandoujia.phoenix2
07-21 16:30:42.927 10698 10698 I auditd : type=1400 audit(0.0:15933): avc: granted { execute } for comm=4D544F5053444B2052657175657374 path="/data/user/0/com.wandoujia.phoenix2/storage/afu_base_dir/versions/1/lib/arm/libtnet-4.0.0.so" dev="dm-13" ino=184255 scontext=u:r:untrusted_app_27:s0:c512,c768 tcontext=u:object_r:app_data_file:s0:c512,c768 tclass=file app=com.wandoujia.phoenix2
07-21 16:30:43.755 1563 1701 I am_proc_start: [0,10989,10117,com.wandoujia.phoenix2,content provider,{com.wandoujia.phoenix2/com.taobao.aranger.core.ipc.provider.ARangerProvider}]
07-21 16:30:43.777 0 0 I [ 3830.731943] binder: 10989:10989 ioctl 40046210 7ff1724834 returned -22
07-21 16:30:43.784 1563 3528 I am_proc_bound: [0,10989,com.wandoujia.phoenix2]
07-21 16:30:44.947 10989 10989 I auditd : type=1400 audit(0.0:15934): avc: granted { execute } for comm="doujia.phoenix2" path="/data/user/0/com.wandoujia.phoenix2/storage/afu_base_dir/versions/1/lib/arm/libmmkv.so" dev="dm-13" ino=184064 scontext=u:r:untrusted_app_27:s0:c512,c768 tcontext=u:object_r:app_data_file:s0:c512,c768 tclass=file app=com.wandoujia.phoenix2
07-21 16:30:45.121 1563 3528 I am_kill : [0,10698,com.wandoujia.phoenix2:aid,905,empty #2]
07-21 16:30:45.125 1563 1700 I am_wtf : [0,1563,system_server,-1,ContentProviderHelper,Existing provider com.wandoujia.phoenix2/com.lib.common.sharedata.PPShareDataContentProvider is crashing; detaching ProcessRecord{e0cedaf 10989:com.wandoujia.phoenix2/u0a117}]
07-21 16:30:45.134 1563 1699 I am_pss : [10194,10104,com.tencent.android.qqdownloader:live,32283648,18759680,45056,137310208,0,5,8]
07-21 16:30:45.184 1563 3528 I am_proc_died: [0,10698,com.wandoujia.phoenix2:aid,905,19]
07-21 16:30:45.200 1563 1701 I am_proc_start: [0,11019,10117,com.wandoujia.phoenix2:aid,content provider,{com.wandoujia.phoenix2/com.lib.common.sharedata.PPShareDataContentProvider}]
07-21 16:30:45.225 0 0 I [ 3832.177573] binder: 11019:11019 ioctl 40046210 7ff1724834 returned -22
07-21 16:30:45.225 1563 3528 I am_proc_bound: [0,11019,com.wandoujia.phoenix2:aid]
07-21 16:30:46.395 11019 11019 I auditd : type=1400 audit(0.0:15935): avc: granted { execute } for comm="ia.phoenix2:aid" path="/data/user/0/com.wandoujia.phoenix2/storage/afu_base_dir/versions/1/lib/arm/libmmkv.so" dev="dm-13" ino=184064 scontext=u:r:untrusted_app_27:s0:c512,c768 tcontext=u:object_r:app_data_file:s0:c512,c768 tclass=file app=com.wandoujia.phoenix2
07-21 16:30:46.679 10989 10989 I auditd : type=1400 audit(0.0:15936): avc: granted { execute } for comm="PPHttpLoadingTa" path="/data/user/0/com.wandoujia.phoenix2/storage/afu_base_dir/versions/1/lib/arm/libwdj_udid.so" dev="dm-13" ino=184246 scontext=u:r:untrusted_app_27:s0:c512,c768 tcontext=u:object_r:app_data_file:s0:c512,c768 tclass=file app=com.wandoujia.phoenix2
07-21 16:30:46.687 11050 11050 I auditd : type=1400 audit(0.0:15937): avc: denied { setattr } for comm="chmod" name="tmp" dev="dm-13" ino=105 scontext=u:r:untrusted_app_27:s0:c512,c768 tcontext=u:object_r:shell_data_file:s0 tclass=dir permissive=1 app=com.wandoujia.phoenix2
07-21 16:30:46.691 10989 10989 I auditd : type=1400 audit(0.0:15938): avc: granted { execute } for comm=4173796E635461736B202331 path="/data/user/0/com.wandoujia.phoenix2/storage/afu_base_dir/versions/1/lib/arm/libc++_shared.so" dev="dm-13" ino=182158 scontext=u:r:untrusted_app_27:s0:c512,c768 tcontext=u:object_r:app_data_file:s0:c512,c768 tclass=file app=com.wandoujia.phoenix2
07-21 16:30:46.691 10989 10989 I auditd : type=1400 audit(0.0:15939): avc: granted { execute } for comm=4173796E635461736B202331 path="/data/user/0/com.wandoujia.phoenix2/storage/afu_base_dir/versions/1/lib/arm/libpexwebp.so" dev="dm-13" ino=184153 scontext=u:r:untrusted_app_27:s0:c512,c768 tcontext=u:object_r:app_data_file:s0:c512,c768 tclass=file app=com.wandoujia.phoenix2
07-21 16:30:46.695 10989 10989 I auditd : type=1400 audit(0.0:15940): avc: granted { execute } for comm=4173796E635461736B202331 path="/data/user/0/com.wandoujia.phoenix2/storage/afu_base_dir/versions/1/lib/arm/libpexgif.so" dev="dm-13" ino=184056 scontext=u:r:untrusted_app_27:s0:c512,c768 tcontext=u:object_r:app_data_file:s0:c512,c768 tclass=file app=com.wandoujia.phoenix2
07-21 16:30:46.721 0 0 W [ 3833.672866] audit: audit_lost=12251 audit_rate_limit=5 audit_backlog_limit=64
07-21 16:30:46.721 0 0 E [ 3833.672872] audit: rate limit exceeded
07-21 16:30:47.406 10989 11083 I service_manager_slow: [73,wifi]
07-21 16:30:47.771 10989 10989 I auditd : type=1400 audit(0.0:15979): avc: granted { execute } for comm=4D544F5053444B2044656661756C74 path="/data/user/0/com.wandoujia.phoenix2/storage/afu_base_dir/versions/1/lib/arm/libsgmiddletierso-6.5.79.so" dev="dm-13" ino=183713 scontext=u:r:untrusted_app_27:s0:c512,c768 tcontext=u:object_r:app_data_file:s0:c512,c768 tclass=file app=com.wandoujia.phoenix2
07-21 16:30:47.843 10989 10989 I auditd : type=1400 audit(0.0:15980): avc: granted { nlmsg_readpriv } for comm="DaemonThread-6" scontext=u:r:untrusted_app_27:s0:c512,c768 tcontext=u:r:untrusted_app_27:s0:c512,c768 tclass=netlink_route_socket app=com.wandoujia.phoenix2
07-21 16:30:47.975 1563 2221 I am_kill : [0,10989,com.wandoujia.phoenix2,915,empty #2]
07-21 16:30:48.031 1563 3528 I am_proc_died: [0,10989,com.wandoujia.phoenix2,915,19]
07-21 16:30:48.033 0 0 I [ 3834.986588] init: Untracked pid 11173 received signal 9
07-21 16:30:52.399 11019 11019 I auditd : type=1400 audit(0.0:15981): avc: granted { execute } for comm=4D544F5053444B2052657175657374 path="/data/user/0/com.wandoujia.phoenix2/storage/afu_base_dir/versions/1/lib/arm/libxquic.so" dev="dm-13" ino=184306 scontext=u:r:untrusted_app_27:s0:c512,c768 tcontext=u:object_r:app_data_file:s0:c512,c768 tclass=file app=com.wandoujia.phoenix2
07-21 16:30:52.399 11019 11019 I auditd : type=1400 audit(0.0:15982): avc: granted { execute } for comm=4D544F5053444B2052657175657374 path="/data/user/0/com.wandoujia.phoenix2/storage/afu_base_dir/versions/1/lib/arm/libtnet-4.0.0.so" dev="dm-13" ino=184255 scontext=u:r:untrusted_app_27:s0:c512,c768 tcontext=u:object_r:app_data_file:s0:c512,c768 tclass=file app=com.wandoujia.phoenix2
07-21 16:30:52.970 1563 1701 I am_proc_start: [0,11311,10117,com.wandoujia.phoenix2,content provider,{com.wandoujia.phoenix2/com.taobao.aranger.core.ipc.provider.ARangerProvider}]
07-21 16:30:53.001 0 0 I [ 3839.952748] binder: 11311:11311 ioctl 40046210 7ff1724834 returned -22
07-21 16:30:53.006 1563 3528 I am_proc_bound: [0,11311,com.wandoujia.phoenix2]
07-21 16:30:54.163 11311 11311 I auditd : type=1400 audit(0.0:15983): avc: granted { execute } for comm="doujia.phoenix2" path="/data/user/0/com.wandoujia.phoenix2/storage/afu_base_dir/versions/1/lib/arm/libmmkv.so" dev="dm-13" ino=184064 scontext=u:r:untrusted_app_27:s0:c512,c768 tcontext=u:object_r:app_data_file:s0:c512,c768 tclass=file app=com.wandoujia.phoenix2
07-21 16:30:54.339 1563 3528 I am_kill : [0,11019,com.wandoujia.phoenix2:aid,905,empty #2]
07-21 16:30:54.393 0 0 I [ 3841.346980] binder: undelivered TRANSACTION_COMPLETE
07-21 16:30:54.393 0 0 I [ 3841.346992] binder: undelivered transaction 1780952, process died.
07-21 16:30:54.393 0 0 I [ 3841.347480] binder: send failed reply for transaction 1780947 to 11311:11311
07-21 16:30:54.394 1563 3528 I am_proc_died: [0,11019,com.wandoujia.phoenix2:aid,905,19]
07-21 16:30:54.398 1563 3528 I am_kill : [0,10316,com.thundercomm.gamemode.provider,915,empty #2]
07-21 16:30:54.416 1563 1701 I am_proc_start: [0,11337,10117,com.wandoujia.phoenix2:aid,content provider,{com.wandoujia.phoenix2/com.lib.common.sharedata.PPShareDataContentProvider}]
07-21 16:30:54.419 1563 15393 I am_proc_died: [0,10316,com.thundercomm.gamemode.provider,915,19]
07-21 16:30:54.419 1563 15393 I am_uid_stopped: 10064
07-21 16:30:54.445 0 0 I [ 3841.399483] binder: 11337:11337 ioctl 40046210 7ff1724834 returned -22
07-21 16:30:54.452 1563 15393 I am_proc_bound: [0,11337,com.wandoujia.phoenix2:aid]
07-21 16:30:55.619 11337 11337 I auditd : type=1400 audit(0.0:15984): avc: granted { execute } for comm="ia.phoenix2:aid" path="/data/user/0/com.wandoujia.phoenix2/storage/afu_base_dir/versions/1/lib/arm/libmmkv.so" dev="dm-13" ino=184064 scontext=u:r:untrusted_app_27:s0:c512,c768 tcontext=u:object_r:app_data_file:s0:c512,c768 tclass=file app=com.wandoujia.phoenix2
07-21 16:30:55.899 11311 11311 I auditd : type=1400 audit(0.0:15985): avc: granted { execute } for comm="PPHttpLoadingTa" path="/data/user/0/com.wandoujia.phoenix2/storage/afu_base_dir/versions/1/lib/arm/libwdj_udid.so" dev="dm-13" ino=184246 scontext=u:r:untrusted_app_27:s0:c512,c768 tcontext=u:object_r:app_data_file:s0:c512,c768 tclass=file app=com.wandoujia.phoenix2
07-21 16:30:55.907 11311 11311 I auditd : type=1400 audit(0.0:15986): avc: granted { execute } for comm=4173796E635461736B202331 path="/data/user/0/com.wandoujia.phoenix2/storage/afu_base_dir/versions/1/lib/arm/libpexwebp.so" dev="dm-13" ino=184153 scontext=u:r:untrusted_app_27:s0:c512,c768 tcontext=u:object_r:app_data_file:s0:c512,c768 tclass=file app=com.wandoujia.phoenix2
07-21 16:30:55.907 11311 11311 I auditd : type=1400 audit(0.0:15987): avc: granted { execute } for comm=4173796E635461736B202331 path="/data/user/0/com.wandoujia.phoenix2/storage/afu_base_dir/versions/1/lib/arm/libc++_shared.so" dev="dm-13" ino=182158 scontext=u:r:untrusted_app_27:s0:c512,c768 tcontext=u:object_r:app_data_file:s0:c512,c768 tclass=file app=com.wandoujia.phoenix2
07-21 16:30:55.911 11311 11311 I auditd : type=1400 audit(0.0:15988): avc: granted { execute } for comm=4173796E635461736B202331 path="/data/user/0/com.wandoujia.phoenix2/storage/afu_base_dir/versions/1/lib/arm/libpexgif.so" dev="dm-13" ino=184056 scontext=u:r:untrusted_app_27:s0:c512,c768 tcontext=u:object_r:app_data_file:s0:c512,c768 tclass=file app=com.wandoujia.phoenix2
07-21 16:30:55.922 0 0 W [ 3842.873076] audit: audit_lost=12289 audit_rate_limit=5 audit_backlog_limit=64
07-21 16:30:55.934 0 0 E [ 3842.873078] audit: rate limit exceeded
07-21 16:30:55.991 1563 1563 I am_uid_running: 10106
07-21 16:30:55.998 1563 1701 I am_proc_start: [0,11399,10106,com.smile.gifmaker,service,{com.smile.gifmaker/androidx.work.impl.background.systemjob.SystemJobService}]
07-21 16:30:56.025 0 0 I [ 3842.972356] binder: 11399:11399 ioctl 40046210 ff9965c8 returned -22
07-21 16:30:56.022 1563 15393 I am_proc_bound: [0,11399,com.smile.gifmaker]
07-21 16:30:56.330 11399 11564 I liblog : 194
07-21 16:30:56.635 11311 11311 I auditd : type=1400 audit(0.0:16018): avc: granted { execute } for comm=4173796E635461736B202334 path="/data/user/0/com.wandoujia.phoenix2/storage/afu_base_dir/versions/1/lib/arm/libcrashsdk.so" dev="dm-13" ino=182063 scontext=u:r:untrusted_app_27:s0:c512,c768 tcontext=u:object_r:app_data_file:s0:c512,c768 tclass=file app=com.wandoujia.phoenix2
07-21 16:30:56.635 11311 11311 I auditd : type=1400 audit(0.0:16019): avc: denied { read } for comm=4173796E635461736B202334 name="version" dev="proc" ino=4026532238 scontext=u:r:untrusted_app_27:s0:c512,c768 tcontext=u:object_r:proc_version:s0 tclass=file permissive=1 app=com.wandoujia.phoenix2
07-21 16:30:56.635 11311 11311 I auditd : type=1400 audit(0.0:16020): avc: denied { open } for comm=4173796E635461736B202334 path="/proc/version" dev="proc" ino=4026532238 scontext=u:r:untrusted_app_27:s0:c512,c768 tcontext=u:object_r:proc_version:s0 tclass=file permissive=1 app=com.wandoujia.phoenix2
07-21 16:30:56.635 11311 11311 I auditd : type=1400 audit(0.0:16021): avc: denied { getattr } for comm=4173796E635461736B202334 path="/proc/version" dev="proc" ino=4026532238 scontext=u:r:untrusted_app_27:s0:c512,c768 tcontext=u:object_r:proc_version:s0 tclass=file permissive=1 app=com.wandoujia.phoenix2
07-21 16:30:56.723 11311 11311 I auditd : type=1400 audit(0.0:16022): avc: denied { open } for comm="CrashSDKBkgdHan" path="/proc/uptime" dev="proc" ino=4026532237 scontext=u:r:untrusted_app_27:s0:c512,c768 tcontext=u:object_r:proc_uptime:s0 tclass=file permissive=1 app=com.wandoujia.phoenix2
07-21 16:30:56.967 1563 3528 I am_kill : [0,11311,com.wandoujia.phoenix2,905,empty #2]
07-21 16:30:56.985 1563 15393 I am_kill : [0,11337,com.wandoujia.phoenix2:aid,905,empty #2]
07-21 16:30:57.073 0 0 W [ 3844.020411] audit: audit_lost=12323 audit_rate_limit=5 audit_backlog_limit=64
07-21 16:30:57.073 0 0 E [ 3844.020417] audit: rate limit exceeded
07-21 16:30:57.202 1563 1701 I am_proc_start: [0,11658,10106,com.smile.gifmaker:push_v3,service,{com.smile.gifmaker/com.kwai.android.dispatcher.PushV3ProcessLauncherService}]
07-21 16:30:57.222 1563 2221 I am_proc_died: [0,11337,com.wandoujia.phoenix2:aid,905,19]
07-21 16:30:57.229 0 0 I [ 3844.180673] binder: 11658:11658 ioctl 40046210 ff9965c8 returned -22
07-21 16:30:57.231 1563 2221 I am_proc_bound: [0,11658,com.smile.gifmaker:push_v3]
07-21 16:30:57.280 1563 2221 I am_proc_died: [0,11311,com.wandoujia.phoenix2,905,19]
07-21 16:30:57.280 1563 2221 I am_uid_stopped: 10117
07-21 16:30:57.282 0 0 I [ 3844.233797] binder: undelivered transaction 1782239, process died.
07-21 16:30:57.289 0 0 I [ 3844.243143] init: Untracked pid 11642 received signal 9
07-21 16:30:57.667 11399 11399 I auditd : type=1400 audit(0.0:16053): avc: granted { execute } for comm="pool-21-thread-" path="/data/user/0/com.smile.gifmaker/files/sec_kste/official/armeabi-v7a/1.7.3.118/libkste.so" dev="dm-13" ino=8832 scontext=u:r:untrusted_app_29:s0:c106,c256,c512,c768 tcontext=u:object_r:app_data_file:s0:c106,c256,c512,c768 tclass=file app=com.smile.gifmaker
07-21 16:30:57.723 11399 11399 I auditd : type=1400 audit(0.0:16054): avc: granted { execute } for comm="ela_global-io" path="/data/user/0/com.smile.gifmaker/app_DvaPlugin/klp_so/1050483220/so/libklp_pull_client_shared.so" dev="dm-13" ino=166606 scontext=u:r:untrusted_app_29:s0:c106,c256,c512,c768 tcontext=u:object_r:app_data_file:s0:c106,c256,c512,c768 tclass=file app=com.smile.gifmaker
07-21 16:30:57.939 11399 11399 I auditd : type=1400 audit(0.0:16055): avc: denied { write } for comm="pool-21-thread-" name="fd" dev="proc" ino=1815077 scontext=u:r:untrusted_app_29:s0:c106,c256,c512,c768 tcontext=u:r:untrusted_app_29:s0:c106,c256,c512,c768 tclass=dir permissive=1 app=com.smile.gifmaker
07-21 16:30:57.939 11399 11399 I auditd : type=1400 audit(0.0:16056): avc: denied { add_name } for comm="pool-21-thread-" name="1" scontext=u:r:untrusted_app_29:s0:c106,c256,c512,c768 tcontext=u:r:untrusted_app_29:s0:c106,c256,c512,c768 tclass=dir permissive=1 app=com.smile.gifmaker
07-21 16:30:57.939 11399 11399 I auditd : type=1400 audit(0.0:16057): avc: denied { create } for comm="pool-21-thread-" name="1" scontext=u:r:untrusted_app_29:s0:c106,c256,c512,c768 tcontext=u:object_r:untrusted_app_29:s0:c106,c256,c512,c768 tclass=file permissive=1 app=com.smile.gifmaker
07-21 16:30:58.145 0 0 W [ 3845.087898] audit: audit_lost=12349 audit_rate_limit=5 audit_backlog_limit=64
07-21 16:30:58.145 0 0 E [ 3845.087903] audit: rate limit exceeded
07-21 16:30:58.131 1563 1845 I netstats_mobile_sample: [0,0,0,0,0,0,0,0,0,0,0,0,1689928258131]
07-21 16:30:58.132 1563 1845 I netstats_wifi_sample: [7610776,9056,12083632,19718,7610776,9056,12083632,19718,104041158,112207,9656458,17639,1689928258131]
07-21 16:30:58.405 1563 1701 I am_proc_start: [0,11767,10106,com.smile.gifmaker:messagesdk,service,{com.smile.gifmaker/com.kwai.chat.kwailink.service.NewKwaiLinkService}]
07-21 16:30:58.445 0 0 I [ 3845.391089] binder: 11767:11767 ioctl 40046210 ff9965c8 returned -22
07-21 16:30:58.449 1563 2231 I am_proc_bound: [0,11767,com.smile.gifmaker:messagesdk]
07-21 16:30:58.486 1563 2231 I am_kill : [0,11399,com.smile.gifmaker,915,empty #2]
07-21 16:30:58.710 1563 2230 I am_proc_died: [0,11399,com.smile.gifmaker,915,19]
07-21 16:30:58.711 11658 11658 I auditd : type=1400 audit(0.0:16061): avc: denied { read } for comm="pool-2-thread-6" name="tcp" dev="proc" ino=4026532256 scontext=u:r:untrusted_app_29:s0:c106,c256,c512,c768 tcontext=u:object_r:proc_net_tcp_udp:s0 tclass=file permissive=1 app=com.smile.gifmaker
07-21 16:30:58.711 11658 11658 I auditd : type=1400 audit(0.0:16062): avc: denied { open } for comm="pool-2-thread-6" path="/proc/11658/net/tcp" dev="proc" ino=4026532256 scontext=u:r:untrusted_app_29:s0:c106,c256,c512,c768 tcontext=u:object_r:proc_net_tcp_udp:s0 tclass=file permissive=1 app=com.smile.gifmaker
07-21 16:30:58.711 11658 11658 I auditd : type=1400 audit(0.0:16063): avc: denied { getattr } for comm="pool-2-thread-6" path="/proc/11658/net/tcp" dev="proc" ino=4026532256 scontext=u:r:untrusted_app_29:s0:c106,c256,c512,c768 tcontext=u:object_r:proc_net_tcp_udp:s0 tclass=file permissive=1 app=com.smile.gifmaker
07-21 16:30:58.739 11658 11658 I auditd : type=1400 audit(0.0:16064): avc: denied { open } for comm="pool-2-thread-6" path="/dev/__properties__/u:object_r:vendor_default_prop:s0" dev="tmpfs" ino=2356 scontext=u:r:untrusted_app_29:s0:c106,c256,c512,c768 tcontext=u:object_r:vendor_default_prop:s0 tclass=file permissive=1 app=com.smile.gifmaker
07-21 16:30:58.739 11658 11658 I auditd : type=1400 audit(0.0:16065): avc: denied { getattr } for comm="pool-2-thread-6" path="/dev/__properties__/u:object_r:vendor_default_prop:s0" dev="tmpfs" ino=2356 scontext=u:r:untrusted_app_29:s0:c106,c256,c512,c768 tcontext=u:object_r:vendor_default_prop:s0 tclass=file permissive=1 app=com.smile.gifmaker
07-21 16:30:58.966 1563 2230 I am_kill : [0,11658,com.smile.gifmaker:push_v3,915,empty #2]
07-21 16:30:59.052 1563 24291 I am_proc_died: [0,11658,com.smile.gifmaker:push_v3,915,19]
07-21 16:30:59.053 1563 24291 I am_schedule_service_restart: [0,com.smile.gifmaker/com.kwai.android.dispatcher.PushV3ProcessLauncherService,1000]
07-21 16:30:59.689 0 0 I [ 3846.643246] init: processing action (sys.tlog.tlogdshc.active=1) from (/system/etc/init/tlogd.rc:198)
07-21 16:30:59.689 0 0 I [ 3846.643611] init: starting service 'tlogdshc'...
07-21 16:30:59.784 0 0 I [ 3846.737827] init: Service 'tlogdshc' (pid 11892) exited with status 0 oneshot service took 0.092000 seconds in background
07-21 16:30:59.784 0 0 I [ 3846.737854] init: Sending signal 9 to service 'tlogdshc' (pid 11892) process group...
07-21 16:30:59.784 0 0 I [ 3846.738070] libprocessgroup: Successfully killed process cgroup uid 0 pid 11892 in 0ms
07-21 16:30:59.807 11767 11767 I auditd : type=1400 audit(0.0:16067): avc: denied { read } for comm="aker:messagesdk" name="u:object_r:serialno_prop:s0" dev="tmpfs" ino=2285 scontext=u:r:untrusted_app_29:s0:c106,c256,c512,c768 tcontext=u:object_r:serialno_prop:s0 tclass=file permissive=1 app=com.smile.gifmaker
07-21 16:30:59.807 11767 11767 I auditd : type=1400 audit(0.0:16068): avc: denied { open } for comm="aker:messagesdk" path="/dev/__properties__/u:object_r:serialno_prop:s0" dev="tmpfs" ino=2285 scontext=u:r:untrusted_app_29:s0:c106,c256,c512,c768 tcontext=u:object_r:serialno_prop:s0 tclass=file permissive=1 app=com.smile.gifmaker
07-21 16:30:59.807 11767 11767 I auditd : type=1400 audit(0.0:16069): avc: denied { getattr } for comm="aker:messagesdk" path="/dev/__properties__/u:object_r:serialno_prop:s0" dev="tmpfs" ino=2285 scontext=u:r:untrusted_app_29:s0:c106,c256,c512,c768 tcontext=u:object_r:serialno_prop:s0 tclass=file permissive=1 app=com.smile.gifmaker
07-21 16:30:59.807 11767 11767 I auditd : type=1400 audit(0.0:16070): avc: denied { map } for comm="aker:messagesdk" path="/dev/__properties__/u:object_r:serialno_prop:s0" dev="tmpfs" ino=2285 scontext=u:r:untrusted_app_29:s0:c106,c256,c512,c768 tcontext=u:object_r:serialno_prop:s0 tclass=file permissive=1 app=com.smile.gifmaker
07-21 16:31:00.077 1563 1701 I am_proc_start: [0,11903,10106,com.smile.gifmaker:push_v3,service,{com.smile.gifmaker/com.kwai.android.dispatcher.PushV3ProcessLauncherService}]
07-21 16:31:00.109 0 0 I [ 3847.061923] binder: 11903:11903 ioctl 40046210 ff9965c8 returned -22
07-21 16:31:00.114 1563 24291 I am_proc_bound: [0,11903,com.smile.gifmaker:push_v3]
07-21 16:31:00.638 1563 1869 I am_kill : [0,11767,com.smile.gifmaker:messagesdk,915,empty #2]
07-21 16:31:00.676 1563 1869 I am_proc_died: [0,11767,com.smile.gifmaker:messagesdk,915,19]
07-21 16:31:01.407 11903 11903 I auditd : type=1400 audit(0.0:16071): avc: denied { read } for comm="pool-2-thread-6" name="tcp" dev="proc" ino=4026532256 scontext=u:r:untrusted_app_29:s0:c106,c256,c512,c768 tcontext=u:object_r:proc_net_tcp_udp:s0 tclass=file permissive=1 app=com.smile.gifmaker
07-21 16:31:01.407 11903 11903 I auditd : type=1400 audit(0.0:16072): avc: denied { open } for comm="pool-2-thread-6" path="/proc/11903/net/tcp" dev="proc" ino=4026532256 scontext=u:r:untrusted_app_29:s0:c106,c256,c512,c768 tcontext=u:object_r:proc_net_tcp_udp:s0 tclass=file permissive=1 app=com.smile.gifmaker
07-21 16:31:01.407 11903 11903 I auditd : type=1400 audit(0.0:16073): avc: denied { getattr } for comm="pool-2-thread-6" path="/proc/11903/net/tcp" dev="proc" ino=4026532256 scontext=u:r:untrusted_app_29:s0:c106,c256,c512,c768 tcontext=u:object_r:proc_net_tcp_udp:s0 tclass=file permissive=1 app=com.smile.gifmaker
07-21 16:31:24.206 1563 1687 I sysui_multi_action: [757,222,758,1]
07-21 16:31:24.231 1563 1701 I am_proc_start: [0,12070,1000,com.thundercomm.screensaver,service,{com.thundercomm.screensaver/com.thundercomm.saverclock.service.ClockScreensaver}]
07-21 16:31:24.234 1563 1699 I am_pss : [11903,10106,com.smile.gifmaker:push_v3,139342848,127483904,435200,205426688,0,19,14]
07-21 16:31:24.245 1563 1699 I am_pss : [10194,10104,com.tencent.android.qqdownloader:live,33372160,19492864,47104,137310208,0,5,9]
07-21 16:31:24.269 0 0 I [ 3871.223958] binder: 12070:12070 ioctl 40046210 7ff1724834 returned -22
07-21 16:31:24.275 1563 1869 I am_proc_bound: [0,12070,com.thundercomm.screensaver]
07-21 16:31:24.347 1563 1869 I wm_task_created: [76,-1]
07-21 16:31:24.347 860 860 I auditd : type=1400 audit(0.0:16074): avc: denied { add_name } for comm="perf@2.2-servic" name="cpu_max_freq" scontext=u:r:vendor_hal_perf_default:s0 tcontext=u:object_r:vendor_sysfs_msm_perf:s0 tclass=dir permissive=1
07-21 16:31:24.354 1563 1869 I wm_task_moved: [76,1,7]
07-21 16:31:24.354 1563 1869 I wm_task_to_front: [0,76]
07-21 16:31:24.355 1563 1869 I wm_create_task: [0,76]
07-21 16:31:24.355 1563 1869 I wm_create_activity: [0,36108930,76,com.thundercomm.screensaver/android.service.dreams.DreamActivity,NULL,NULL,NULL,276824064]
07-21 16:31:24.355 1563 1869 I wm_task_moved: [76,1,7]
07-21 16:31:24.355 2587 2587 I wm_on_top_resumed_lost_called: [51676365,com.android.launcher3.uioverrides.QuickstepLauncher,topStateChangedWhenResumed]
07-21 16:31:24.356 1563 1869 I wm_pause_activity: [0,51676365,com.android.launcher3/.uioverrides.QuickstepLauncher,userLeaving=true,pauseBackTasks]
07-21 16:31:24.359 2587 2587 I wm_on_paused_called: [51676365,com.android.launcher3.uioverrides.QuickstepLauncher,performPause]
07-21 16:31:24.362 1563 1869 I wm_add_to_stopping: [0,51676365,com.android.launcher3/.uioverrides.QuickstepLauncher,makeInvisible]
07-21 16:31:24.363 1563 1869 I wm_restart_activity: [0,36108930,76,com.thundercomm.screensaver/android.service.dreams.DreamActivity]
07-21 16:31:24.363 1563 1869 I wm_set_resumed_activity: [0,com.thundercomm.screensaver/android.service.dreams.DreamActivity,minimalResumeActivityLocked]
07-21 16:31:24.366 1563 1690 I sysui_multi_action: [757,803,799,window_time_0,802,60]
07-21 16:31:24.371 1563 2230 I am_uid_running: 10064
07-21 16:31:24.372 12070 12070 I wm_on_create_called: [36108930,android.service.dreams.DreamActivity,performCreate]
07-21 16:31:24.373 12070 12070 I wm_on_start_called: [36108930,android.service.dreams.DreamActivity,handleStartActivity]
07-21 16:31:24.376 1563 1701 I am_proc_start: [0,12094,10064,com.thundercomm.gamemode.provider,content provider,{com.thundercomm.gamemode.provider/com.thundercomm.gamemode.provider.SettingsProvider}]
07-21 16:31:24.378 12070 12070 I wm_on_resume_called: [36108930,android.service.dreams.DreamActivity,RESUME_ACTIVITY]
07-21 16:31:24.384 0 0 I [ 3871.339164] binder: 12094:12094 ioctl 40046210 7ff1724834 returned -22
07-21 16:31:24.385 1563 1826 I input_focus: [Focus leaving 28c4f40 com.android.launcher3/com.android.launcher3.uioverrides.QuickstepLauncher (server),reason=NO_WINDOW]
07-21 16:31:24.386 12070 12070 I wm_on_top_resumed_gained_called: [36108930,android.service.dreams.DreamActivity,topStateChangedWhenResumed]
07-21 16:31:24.386 1563 9105 I am_proc_bound: [0,12094,com.thundercomm.gamemode.provider]
07-21 16:31:24.388 1563 9105 I am_uid_active: 10064
07-21 16:31:24.404 1563 1691 I input_focus: [Focus request e636b8a com.thundercomm.screensaver/android.service.dreams.DreamActivity,reason=UpdateInputWindows]
07-21 16:31:24.415 0 0 I [ 3871.370278] binder: 12070:12096 ioctl 40046210 71e51961f4 returned -22
07-21 16:31:24.429 1563 1687 I sysui_multi_action: [319,29,321,27,322,82,325,3871,757,761,758,8,759,1,806,com.thundercomm.screensaver,871,android.service.dreams.DreamActivity,904,com.thundercomm.screensaver,905,0,1320,8,1321,5]
07-21 16:31:24.430 1563 1687 I wm_activity_launch_time: [0,36108930,com.thundercomm.screensaver/android.service.dreams.DreamActivity,82]
07-21 16:31:24.427 860 860 I auditd : type=1400 audit(0.0:16075): avc: denied { add_name } for comm="perf@2.2-servic" name="clkscale_enable" scontext=u:r:vendor_hal_perf_default:s0 tcontext=u:object_r:sysfs:s0 tclass=dir permissive=1
07-21 16:31:24.436 1563 1826 I input_focus: [Focus entering e636b8a com.thundercomm.screensaver/android.service.dreams.DreamActivity (server),reason=setFocusedWindow]
07-21 16:31:24.653 1563 1690 I wm_stop_activity: [0,51676365,com.android.launcher3/.uioverrides.QuickstepLauncher]
