07-21 15:59:52.923 0 0 I [ 1979.680848] binder: 6687:6687 ioctl 40046210 7fe7696744 returned -22
07-21 15:59:53.047 0 0 I [ 1979.810695] binder: 6690:6690 ioctl 40046210 7ff1724834 returned -22
07-21 15:59:53.050 0 0 I [ 1979.812544] binder: 6691:6691 ioctl 40046210 7ff1724834 returned -22
07-21 15:59:53.103 0 0 I [ 1979.867240] binder: 6730:6730 ioctl 40046210 7ff1724834 returned -22
07-21 15:59:53.123 0 0 I [ 1979.887383] binder: 6745:6745 ioctl 40046210 7fc7e82cf4 returned -22
07-21 15:59:53.360 0 0 I [ 1980.121766] binder: 6782:6782 ioctl 40046210 7fe5e918c4 returned -22
07-21 15:59:53.579 0 0 I [ 1980.340660] binder: 6850:6850 ioctl 40046210 7fc3285394 returned -22
07-21 15:59:53.774 0 0 I [ 1980.538431] binder: 6912:6912 ioctl 40046210 7fe7d315a4 returned -22
07-21 15:59:53.875 0 0 I [ 1980.638422] binder: 6949:6949 ioctl 40046210 ff9965c8 returned -22
07-21 15:59:53.963 0 0 I [ 1980.722874] binder: 6983:6983 ioctl 40046210 7fe1766584 returned -22
07-21 15:59:54.055 0 0 W [ 1980.818307] audit: audit_lost=9890 audit_rate_limit=5 audit_backlog_limit=64
07-21 15:59:54.055 0 0 E [ 1980.818311] audit: rate limit exceeded
07-21 15:59:54.141 0 0 I [ 1980.900810] binder: 7039:7039 ioctl 40046210 7ffac27394 returned -22
07-21 15:59:54.320 0 0 I [ 1981.083544] binder: 7120:7120 ioctl 40046210 7ff56cb2a4 returned -22
07-21 15:59:54.547 0 0 I [ 1981.301915] binder: 7158:7158 ioctl 40046210 7fd0181b54 returned -22
07-21 15:59:54.719 0 0 I [ 1981.478469] binder: 7202:7202 ioctl 40046210 7fd5414464 returned -22
07-21 15:59:54.869 0 0 I [ 1981.630637] binder: 6730:7223 ioctl 40046210 70d63da0d4 returned -22
07-21 15:59:54.915 0 0 I [ 1981.673399] binder: 7245:7245 ioctl 40046210 7fd4ade5b4 returned -22
07-21 15:59:54.998 0 0 I [ 1981.756097] binder: 7260:7260 ioctl 40046210 7ff1724834 returned -22
07-21 15:59:55.120 0 0 I [ 1981.875511] binder: 7279:7279 ioctl 40046210 7fead1fcf4 returned -22
07-21 15:59:55.291 0 0 I [ 1982.054740] binder: 7294:7294 ioctl 40046210 7ff1724834 returned -22
07-21 15:59:55.301 0 0 I [ 1982.065676] binder: 7311:7311 ioctl 40046210 7fdb22b634 returned -22
07-21 15:59:55.522 0 0 I [ 1982.281884] binder: 7337:7337 ioctl 40046210 7fea7d16f4 returned -22
07-21 15:59:55.659 0 0 W [ 1982.415403] audit: audit_lost=9904 audit_rate_limit=5 audit_backlog_limit=64
07-21 15:59:55.659 0 0 E [ 1982.415408] audit: rate limit exceeded
07-21 15:59:55.722 0 0 I [ 1982.486077] binder: 7387:7387 ioctl 40046210 7fdc5a4214 returned -22
07-21 15:59:55.851 0 0 I [ 1982.610663] binder: 7402:7402 ioctl 40046210 ff9965c8 returned -22
07-21 15:59:55.945 0 0 I [ 1982.705281] binder: 7447:7447 ioctl 40046210 7fd9e3ae54 returned -22
07-21 15:59:56.141 0 0 I [ 1982.902923] binder: 7466:7466 ioctl 40046210 7fc6692d24 returned -22
07-21 15:59:56.319 0 0 I [ 1983.083818] binder: 7498:7498 ioctl 40046210 7fca053ef4 returned -22
07-21 15:59:56.527 0 0 I [ 1983.289392] binder: 7536:7536 ioctl 40046210 7fe94d0954 returned -22
07-21 15:59:56.704 0 0 I [ 1983.465425] binder: 7565:7565 ioctl 40046210 7ff2787124 returned -22
07-21 15:59:56.884 0 0 I [ 1983.647922] binder: 7614:7614 ioctl 40046210 7fd334ab44 returned -22
07-21 15:59:57.072 0 0 I [ 1983.836692] binder: 7650:7650 ioctl 40046210 7fcf651b24 returned -22
07-21 15:59:57.121 0 0 I [ 1983.885059] binder: release 7294:7528 transaction 1507409 in, still active
07-21 15:59:57.121 0 0 I [ 1983.885065] binder: send failed reply for transaction 1507409 to 7260:7593
07-21 15:59:57.121 0 0 I [ 1983.885326] binder: send failed reply for transaction 1507789 to 7260:7625
07-21 15:59:57.142 0 0 I [ 1983.900721] binder: 7654:7654 ioctl 40046210 7ff1724834 returned -22
07-21 15:59:57.264 0 0 I [ 1984.027272] binder: 7689:7689 ioctl 40046210 7fcb1af924 returned -22
07-21 15:59:57.332 0 0 I [ 1984.094508] binder: undelivered TRANSACTION_COMPLETE
07-21 15:59:57.332 0 0 I [ 1984.094516] binder: undelivered transaction 1508177, process died.
07-21 15:59:57.332 0 0 I [ 1984.094526] binder: undelivered transaction 1508170, process died.
07-21 15:59:57.343 0 0 I [ 1984.105834] binder: undelivered transaction 1508169, process died.
07-21 15:59:57.491 0 0 I [ 1984.255979] binder: 7739:7739 ioctl 40046210 7ff00d5624 returned -22
07-21 15:59:57.759 0 0 I [ 1984.522600] binder: 7746:7746 ioctl 40046210 7fe418b5a4 returned -22
07-21 15:59:57.996 0 0 I [ 1984.758324] binder: 7757:7757 ioctl 40046210 7fc81c41b4 returned -22
07-21 15:59:58.303 0 0 I [ 1985.065128] binder: 7773:7773 ioctl 40046210 7fd19766c4 returned -22
07-21 15:59:58.532 0 0 I [ 1985.293279] binder: 7779:7779 ioctl 40046210 7ff32f1814 returned -22
07-21 15:59:58.763 0 0 I [ 1985.526933] binder: 7791:7791 ioctl 40046210 7ffdeb2294 returned -22
07-21 15:59:59.023 0 0 I [ 1985.784452] binder: 7802:7802 ioctl 40046210 7fda5be2d4 returned -22
07-21 15:59:59.251 0 0 I [ 1986.012566] binder: 7813:7813 ioctl 40046210 7fe08bc7f4 returned -22
07-21 15:59:59.483 0 0 I [ 1986.247472] binder: 7824:7824 ioctl 40046210 7fd134d664 returned -22
07-21 15:59:59.626 0 0 I [ 1986.387204] init: processing action (sys.tlog.tlogdshc.active=1) from (/system/etc/init/tlogd.rc:198)
07-21 15:59:59.626 0 0 I [ 1986.387616] init: starting service 'tlogdshc'...
07-21 15:59:59.735 0 0 I [ 1986.489051] binder: 7844:7844 ioctl 40046210 7fd3510c74 returned -22
07-21 15:59:59.751 0 0 I [ 1986.513191] init: Service 'tlogdshc' (pid 7828) exited with status 0 oneshot service took 0.123000 seconds in background
07-21 15:59:59.752 0 0 I [ 1986.513215] init: Sending signal 9 to service 'tlogdshc' (pid 7828) process group...
07-21 15:59:59.752 0 0 I [ 1986.513494] libprocessgroup: Successfully killed process cgroup uid 0 pid 7828 in 0ms
07-21 15:59:59.976 0 0 I [ 1986.737728] binder: 7856:7856 ioctl 40046210 7fdf0cda84 returned -22
07-21 16:00:00.200 0 0 I [ 1986.963738] binder: 7862:7862 ioctl 40046210 7feaf29f24 returned -22
07-21 16:00:00.441 0 0 I [ 1987.202843] binder: 7877:7877 ioctl 40046210 7fcea0f864 returned -22
07-21 16:00:00.699 0 0 I [ 1987.462076] binder: 7885:7885 ioctl 40046210 7fd7c58ed4 returned -22
07-21 16:00:00.951 0 0 I [ 1987.715990] binder: 7896:7896 ioctl 40046210 7ffbf89824 returned -22
07-21 16:00:01.211 0 0 I [ 1987.974024] binder: 7912:7912 ioctl 40046210 7fda59a124 returned -22
07-21 16:00:01.444 0 0 I [ 1988.204763] binder: 7923:7923 ioctl 40046210 7ff05d5054 returned -22
07-21 16:00:01.667 0 0 I [ 1988.431927] binder: 7929:7929 ioctl 40046210 7fc9c1b194 returned -22
07-21 16:00:01.884 0 0 I [ 1988.646410] binder: 7939:7939 ioctl 40046210 7fecf80644 returned -22
07-21 16:00:02.135 0 0 I [ 1988.899253] binder: 7950:7950 ioctl 40046210 7fda004ea4 returned -22
07-21 16:00:02.367 0 0 I [ 1989.130185] binder: 7961:7961 ioctl 40046210 7fd7917134 returned -22
07-21 16:00:02.615 0 0 I [ 1989.377618] binder: 7973:7973 ioctl 40046210 7ffe4c00c4 returned -22
07-21 16:00:02.843 0 0 I [ 1989.604324] binder: 7984:7984 ioctl 40046210 7fc062f9d4 returned -22
07-21 16:00:03.091 0 0 I [ 1989.856110] binder: 7995:7995 ioctl 40046210 7fc0d71d74 returned -22
07-21 16:00:03.315 0 0 I [ 1990.079151] binder: 8006:8006 ioctl 40046210 7fec4aebe4 returned -22
07-21 16:00:03.511 0 0 I [ 1990.274386] binder: 8016:8016 ioctl 40046210 7fc1a302b4 returned -22
07-21 16:00:03.723 0 0 I [ 1990.487516] binder: 8022:8022 ioctl 40046210 7fec989024 returned -22
07-21 16:00:03.975 0 0 I [ 1990.736896] binder: 8038:8038 ioctl 40046210 7fe5d420a4 returned -22
07-21 16:00:04.207 0 0 I [ 1990.968784] binder: 8062:8062 ioctl 40046210 7fdaf55844 returned -22
07-21 16:00:04.435 0 0 I [ 1991.199628] binder: 8079:8079 ioctl 40046210 7fd28c1514 returned -22
07-21 16:00:04.663 0 0 I [ 1991.427339] binder: 8090:8090 ioctl 40046210 7fc2ded8d4 returned -22
07-21 16:00:04.902 0 0 I [ 1991.664571] binder: 8101:8101 ioctl 40046210 7fc54ee7f4 returned -22
07-21 16:00:05.135 0 0 I [ 1991.897972] binder: 8112:8112 ioctl 40046210 7fcc6e55e4 returned -22
07-21 16:00:05.359 0 0 I [ 1992.122529] binder: 8125:8125 ioctl 40046210 7ff96ae804 returned -22
07-21 16:00:05.596 0 0 I [ 1992.357844] binder: 8132:8132 ioctl 40046210 7fe43d4384 returned -22
07-21 16:00:05.824 0 0 I [ 1992.585976] binder: 8145:8145 ioctl 40046210 7ffc61ea34 returned -22
07-21 16:00:06.031 0 0 I [ 1992.792170] binder: 8153:8153 ioctl 40046210 7fef967a34 returned -22
07-21 16:00:06.267 0 0 I [ 1993.028335] binder: 8164:8164 ioctl 40046210 7ffda17934 returned -22
07-21 16:00:06.503 0 0 I [ 1993.266781] binder: 8175:8175 ioctl 40046210 7fd32a6934 returned -22
07-21 16:00:06.712 0 0 I [ 1993.474020] binder: 8186:8186 ioctl 40046210 7fea4408b4 returned -22
07-21 16:00:06.931 0 0 I [ 1993.694795] binder: 8197:8197 ioctl 40046210 7ffc5111c4 returned -22
07-21 16:00:07.151 0 0 I [ 1993.912137] binder: 8208:8208 ioctl 40046210 7fe1d8ec04 returned -22
07-21 16:00:07.436 0 0 I [ 1994.197129] binder: 8220:8220 ioctl 40046210 7fdefb7ba4 returned -22
07-21 16:00:07.667 0 0 I [ 1994.428383] binder: 8233:8233 ioctl 40046210 7fc30cb5d4 returned -22
07-21 16:00:07.907 0 0 I [ 1994.668605] binder: 8244:8244 ioctl 40046210 7fcbb96c44 returned -22
07-21 16:00:08.156 0 0 I [ 1994.918596] binder: 8255:8255 ioctl 40046210 7fee438bf4 returned -22
07-21 16:00:08.391 0 0 I [ 1995.153792] binder: 8266:8266 ioctl 40046210 7fc03648a4 returned -22
07-21 16:00:08.619 0 0 I [ 1995.380685] binder: 8276:8276 ioctl 40046210 7febb45f74 returned -22
07-21 16:00:08.867 0 0 I [ 1995.630762] binder: 8288:8288 ioctl 40046210 7fe712b594 returned -22
07-21 16:00:09.101 0 0 I [ 1995.864621] binder: 8294:8294 ioctl 40046210 7fd9f94a94 returned -22
07-21 16:00:09.567 0 0 I [ 1996.328423] binder: 8310:8310 ioctl 40046210 7ff6e4a2c4 returned -22
07-21 16:00:09.799 0 0 I [ 1996.563789] binder: 8321:8321 ioctl 40046210 7fe09eb114 returned -22
07-21 16:00:10.039 0 0 I [ 1996.803328] binder: 8333:8333 ioctl 40046210 7fce2483b4 returned -22
07-21 16:00:10.251 0 0 I [ 1997.014807] binder: 8343:8343 ioctl 40046210 7fecda0564 returned -22
07-21 16:00:10.511 0 0 I [ 1997.272447] binder: 8354:8354 ioctl 40046210 7fcb9f5344 returned -22
07-21 16:00:10.752 0 0 I [ 1997.512719] binder: 8366:8366 ioctl 40046210 7fc8b19474 returned -22
07-21 16:00:10.971 0 0 I [ 1997.735828] binder: 8379:8379 ioctl 40046210 7fc9893924 returned -22
07-21 16:00:11.216 0 0 I [ 1997.980196] binder: 8393:8393 ioctl 40046210 7fddc919a4 returned -22
07-21 16:00:11.443 0 0 I [ 1998.206033] binder: 8410:8410 ioctl 40046210 7ff15c9504 returned -22
07-21 16:00:11.704 0 0 I [ 1998.465414] binder: 8425:8425 ioctl 40046210 7ff868da84 returned -22
07-21 16:00:11.959 0 0 I [ 1998.721825] binder: 8436:8436 ioctl 40046210 7fdd1de084 returned -22
07-21 16:00:12.223 0 0 I [ 1998.985681] binder: 8447:8447 ioctl 40046210 7fed98add4 returned -22
07-21 16:00:12.491 0 0 I [ 1999.253242] binder: 8460:8460 ioctl 40046210 7fff38a384 returned -22
07-21 16:00:12.719 0 0 I [ 1999.483518] binder: 8473:8473 ioctl 40046210 7ff78903a4 returned -22
07-21 16:00:12.972 0 0 I [ 1999.732854] binder: 8485:8485 ioctl 40046210 7fcc15e1f4 returned -22
07-21 16:00:13.203 0 0 I [ 1999.967881] binder: 8496:8496 ioctl 40046210 7fe1af1704 returned -22
07-21 16:00:13.507 0 0 I [ 2000.270306] binder: 8507:8507 ioctl 40046210 7ffbd73fb4 returned -22
07-21 16:00:15.071 0 0 I [ 2001.833130] binder: 8549:8549 ioctl 40046210 7feb99d104 returned -22
07-21 16:00:15.356 0 0 I [ 2002.116610] binder: 8554:8554 ioctl 40046210 7ffc83b184 returned -22
07-21 16:00:15.611 0 0 I [ 2002.375530] binder: 8565:8565 ioctl 40046210 7fd2985534 returned -22
07-21 16:00:15.903 0 0 I [ 2002.664199] binder: 8581:8581 ioctl 40046210 7fe0c1f904 returned -22
07-21 16:00:16.135 0 0 I [ 2002.896067] binder: 8587:8587 ioctl 40046210 7fc0ad3194 returned -22
07-21 16:00:16.379 0 0 I [ 2003.143410] binder: 8597:8597 ioctl 40046210 7fea9d31d4 returned -22
07-21 16:00:16.635 0 0 I [ 2003.397513] binder: 8608:8608 ioctl 40046210 7ff78eb1d4 returned -22
07-21 16:00:16.871 0 0 I [ 2003.632244] binder: 8619:8619 ioctl 40046210 7fc40604b4 returned -22
07-21 16:00:17.127 0 0 I [ 2003.889820] binder: 8630:8630 ioctl 40046210 7fcd68e124 returned -22
07-21 16:00:17.358 0 0 I [ 2004.121204] binder: 8641:8641 ioctl 40046210 7fc63cd7a4 returned -22
07-21 16:00:17.608 0 0 I [ 2004.369558] binder: 8652:8652 ioctl 40046210 7fe342bf64 returned -22
07-21 16:00:17.820 0 0 I [ 2004.580513] binder: 8663:8663 ioctl 40046210 7fe9aed904 returned -22
07-21 16:00:18.058 0 0 I [ 2004.819813] binder: 8674:8674 ioctl 40046210 7feab9ab14 returned -22
07-21 16:00:18.288 0 0 I [ 2005.051689] binder: 8685:8685 ioctl 40046210 7fdfa38d84 returned -22
07-21 16:00:18.539 0 0 I [ 2005.302105] binder: 8696:8696 ioctl 40046210 7fd7f8b434 returned -22
07-21 16:00:18.751 0 0 I [ 2005.515072] binder: 8702:8702 ioctl 40046210 7fec0f3944 returned -22
07-21 16:00:18.955 0 0 I [ 2005.719453] binder: 8712:8712 ioctl 40046210 7fe25711d4 returned -22
07-21 16:00:19.183 0 0 I [ 2005.947682] binder: 8723:8723 ioctl 40046210 7fc18ff304 returned -22
07-21 16:00:19.755 0 0 I [ 2006.519441] binder: 8740:8740 ioctl 40046210 7fd26bff24 returned -22
07-21 16:00:19.975 0 0 I [ 2006.737595] binder: 8746:8746 ioctl 40046210 7ffc8fed74 returned -22
07-21 16:00:20.203 0 0 I [ 2006.965502] binder: 8756:8756 ioctl 40046210 7fc44f44f4 returned -22
07-21 16:00:20.411 0 0 I [ 2007.173813] binder: 8767:8767 ioctl 40046210 7fc564a7d4 returned -22
07-21 16:00:20.637 0 0 I [ 2007.398530] binder: 8778:8778 ioctl 40046210 7fff9a7594 returned -22
07-21 16:00:20.871 0 0 I [ 2007.633704] binder: 8789:8789 ioctl 40046210 7fe6f80a54 returned -22
07-21 16:00:21.099 0 0 I [ 2007.860135] binder: 8800:8800 ioctl 40046210 7ffac50fa4 returned -22
07-21 16:00:21.343 0 0 I [ 2008.106571] binder: 8811:8811 ioctl 40046210 7fd71e2964 returned -22
07-21 16:00:21.574 0 0 I [ 2008.332432] binder: 8817:8817 ioctl 40046210 7fd5c498a4 returned -22
07-21 16:00:21.787 0 0 I [ 2008.550609] binder: 8828:8828 ioctl 40046210 7fe5e26f44 returned -22
07-21 16:00:22.011 0 0 I [ 2008.774946] binder: 8838:8838 ioctl 40046210 7fde84df94 returned -22
07-21 16:00:22.231 0 0 I [ 2008.992057] binder: 8849:8849 ioctl 40046210 7fdd6bb084 returned -22
07-21 16:00:22.459 0 0 I [ 2009.221826] binder: 8860:8860 ioctl 40046210 7fd2d18994 returned -22
07-21 16:00:22.682 0 0 I [ 2009.445169] binder: 8866:8866 ioctl 40046210 7fd9bdbe94 returned -22
07-21 16:00:22.928 0 0 I [ 2009.690918] binder: 8879:8879 ioctl 40046210 7fe0f28204 returned -22
07-21 16:00:23.147 0 0 I [ 2009.911038] binder: 8887:8887 ioctl 40046210 7fde7f3064 returned -22
07-21 16:00:23.367 0 0 I [ 2010.130655] binder: 8898:8898 ioctl 40046210 7fe41887b4 returned -22
07-21 16:00:23.575 0 0 I [ 2010.339118] binder: 8909:8909 ioctl 40046210 7fc4d97b24 returned -22
07-21 16:00:23.808 0 0 I [ 2010.569551] binder: 8920:8920 ioctl 40046210 7fdb0516f4 returned -22
07-21 16:00:24.023 0 0 I [ 2010.787332] binder: 8937:8937 ioctl 40046210 7fca4457d4 returned -22
07-21 16:00:24.270 0 0 I [ 2011.030693] binder: 8960:8960 ioctl 40046210 7fc8d22cd4 returned -22
07-21 16:00:24.511 0 0 I [ 2011.274771] binder: 8977:8977 ioctl 40046210 7fc1880fc4 returned -22
07-21 16:00:24.739 0 0 I [ 2011.503103] binder: 8988:8988 ioctl 40046210 7fe48ac744 returned -22
07-21 16:00:24.943 0 0 I [ 2011.706114] binder: 8999:8999 ioctl 40046210 7fe9501044 returned -22
07-21 16:00:25.163 0 0 I [ 2011.926302] binder: 9005:9005 ioctl 40046210 7fe5e1f284 returned -22
07-21 16:00:25.383 0 0 I [ 2012.145306] binder: 9015:9015 ioctl 40046210 7fd5676494 returned -22
07-21 16:00:25.604 0 0 I [ 2012.368156] binder: 9026:9026 ioctl 40046210 7fd9004274 returned -22
07-21 16:00:25.828 0 0 I [ 2012.588660] binder: 9037:9037 ioctl 40046210 7fe778b024 returned -22
07-21 16:00:26.059 0 0 I [ 2012.820706] binder: 9048:9048 ioctl 40046210 7feb204054 returned -22
07-21 16:00:26.279 0 0 I [ 2013.043139] binder: 9060:9060 ioctl 40046210 7ff714afc4 returned -22
07-21 16:00:26.503 0 0 I [ 2013.267689] binder: 9070:9070 ioctl 40046210 7ff399f0e4 returned -22
07-21 16:00:26.759 0 0 I [ 2013.523523] binder: 9083:9083 ioctl 40046210 7ff54937f4 returned -22
07-21 16:00:26.967 0 0 I [ 2013.731423] binder: 9089:9089 ioctl 40046210 7fdcdcb114 returned -22
07-21 16:00:27.195 0 0 I [ 2013.959514] binder: 9099:9099 ioctl 40046210 7fcdcf9774 returned -22
07-21 16:00:27.419 0 0 I [ 2014.183307] binder: 9111:9111 ioctl 40046210 7ff5d4b3c4 returned -22
07-21 16:00:27.631 0 0 I [ 2014.392897] binder: 9122:9122 ioctl 40046210 7fd13ee7e4 returned -22
07-21 16:00:27.855 0 0 I [ 2014.617908] binder: 9133:9133 ioctl 40046210 7fea14c3c4 returned -22
07-21 16:00:28.099 0 0 I [ 2014.859456] binder: 9144:9144 ioctl 40046210 7fd6e836c4 returned -22
07-21 16:00:28.323 0 0 I [ 2015.086718] binder: 9155:9155 ioctl 40046210 7fd8c83204 returned -22
07-21 16:00:28.535 0 0 I [ 2015.299721] binder: 9166:9166 ioctl 40046210 7fc52c9434 returned -22
07-21 16:00:28.748 0 0 I [ 2015.509088] binder: 9172:9172 ioctl 40046210 7feb3a9e14 returned -22
07-21 16:00:28.971 0 0 I [ 2015.735939] binder: 9182:9182 ioctl 40046210 7fcd758e64 returned -22
07-21 16:00:29.199 0 0 I [ 2015.960578] binder: 9193:9193 ioctl 40046210 7ff48fb8e4 returned -22
07-21 16:00:29.627 0 0 I [ 2016.390332] init: processing action (sys.tlog.tlogdshc.active=1) from (/system/etc/init/tlogd.rc:198)
07-21 16:00:29.628 0 0 I [ 2016.391204] init: starting service 'tlogdshc'...
07-21 16:00:29.743 0 0 I [ 2016.507162] init: Service 'tlogdshc' (pid 9208) exited with status 0 oneshot service took 0.111000 seconds in background
07-21 16:00:29.743 0 0 I [ 2016.507190] init: Sending signal 9 to service 'tlogdshc' (pid 9208) process group...
07-21 16:00:29.743 0 0 I [ 2016.507385] libprocessgroup: Successfully killed process cgroup uid 0 pid 9208 in 0ms
07-21 16:00:30.408 0 0 I [ 2017.168574] binder: 9220:9220 ioctl 40046210 7fc240a124 returned -22
07-21 16:00:30.640 0 0 I [ 2017.404016] binder: 9225:9225 ioctl 40046210 7fe3ca54e4 returned -22
07-21 16:00:30.860 0 0 I [ 2017.624218] binder: 9235:9235 ioctl 40046210 7fe1370c24 returned -22
07-21 16:00:31.059 0 0 I [ 2017.823155] binder: 9247:9247 ioctl 40046210 7fff8dbe04 returned -22
07-21 16:00:31.303 0 0 I [ 2018.064871] binder: 9258:9258 ioctl 40046210 7fcd0f1634 returned -22
07-21 16:00:31.535 0 0 I [ 2018.298287] binder: 9270:9270 ioctl 40046210 7ff0755324 returned -22
07-21 16:00:31.763 0 0 I [ 2018.525471] binder: 9288:9288 ioctl 40046210 7fd5dfbda4 returned -22
07-21 16:00:31.967 0 0 I [ 2018.731264] binder: 9295:9295 ioctl 40046210 7fc41781f4 returned -22
07-21 16:00:32.219 0 0 I [ 2018.981125] binder: 9319:9319 ioctl 40046210 7fdf5425d4 returned -22
07-21 16:00:32.432 0 0 I [ 2019.192366] binder: 9325:9325 ioctl 40046210 7fe922d674 returned -22
07-21 16:00:32.671 0 0 I [ 2019.435736] binder: 9335:9335 ioctl 40046210 7ff7b20004 returned -22
07-21 16:00:32.923 0 0 I [ 2019.686563] binder: 9346:9346 ioctl 40046210 7fc1d71b84 returned -22
07-21 16:00:33.151 0 0 I [ 2019.913725] binder: 9357:9357 ioctl 40046210 7fe1eea6d4 returned -22
07-21 16:00:33.387 0 0 I [ 2020.151224] binder: 9368:9368 ioctl 40046210 7ffaa52794 returned -22
07-21 16:00:33.607 0 0 I [ 2020.370364] binder: 9379:9379 ioctl 40046210 7feae6cc34 returned -22
07-21 16:00:33.835 0 0 I [ 2020.596881] binder: 9390:9390 ioctl 40046210 7ffbb33ce4 returned -22
07-21 16:00:34.079 0 0 I [ 2020.840722] binder: 9407:9407 ioctl 40046210 7fec8cf3c4 returned -22
07-21 16:00:34.299 0 0 I [ 2021.063948] binder: 9425:9425 ioctl 40046210 7fdfc2d4c4 returned -22
07-21 16:00:34.507 0 0 I [ 2021.271515] binder: 9441:9441 ioctl 40046210 7fe350d524 returned -22
07-21 16:00:34.739 0 0 I [ 2021.500178] binder: 9452:9452 ioctl 40046210 7fc34e7944 returned -22
07-21 16:00:34.955 0 0 I [ 2021.719114] binder: 9463:9463 ioctl 40046210 7fd2dcc844 returned -22
07-21 16:00:35.191 0 0 I [ 2021.955412] binder: 9474:9474 ioctl 40046210 7fee4fb314 returned -22
07-21 16:00:35.399 0 0 I [ 2022.160301] binder: 9485:9485 ioctl 40046210 7fcda5e8d4 returned -22
07-21 16:00:35.624 0 0 I [ 2022.386226] binder: 9495:9495 ioctl 40046210 7fc9f83e44 returned -22
07-21 16:00:35.852 0 0 I [ 2022.615345] binder: 9506:9506 ioctl 40046210 7fe638ddc4 returned -22
07-21 16:00:36.075 0 0 I [ 2022.838519] binder: 9513:9513 ioctl 40046210 7fde42d8f4 returned -22
07-21 16:00:36.287 0 0 I [ 2023.048976] binder: 9523:9523 ioctl 40046210 7fd6c14114 returned -22
07-21 16:00:36.523 0 0 I [ 2023.287619] binder: 9534:9534 ioctl 40046210 7fdc4ec084 returned -22
07-21 16:00:36.763 0 0 I [ 2023.527304] binder: 9545:9545 ioctl 40046210 7feb730334 returned -22
07-21 16:00:36.993 0 0 I [ 2023.752784] binder: 9556:9556 ioctl 40046210 7ff1b29c14 returned -22
07-21 16:00:37.244 0 0 I [ 2024.007063] binder: 9567:9567 ioctl 40046210 7fc7130f54 returned -22
07-21 16:00:37.493 0 0 I [ 2024.255502] binder: 9578:9578 ioctl 40046210 7fe89aec14 returned -22
07-21 16:00:37.720 0 0 I [ 2024.481449] binder: 9589:9589 ioctl 40046210 7fce1eaf14 returned -22
07-21 16:00:37.951 0 0 I [ 2024.712919] binder: 9601:9601 ioctl 40046210 7fce5b68b4 returned -22
07-21 16:00:38.179 0 0 I [ 2024.940486] binder: 9607:9607 ioctl 40046210 7fefa4b464 returned -22
07-21 16:00:38.424 0 0 I [ 2025.185179] binder: 9623:9623 ioctl 40046210 7fefd111e4 returned -22
07-21 16:00:38.651 0 0 I [ 2025.412074] binder: 9633:9633 ioctl 40046210 7fefc3bb84 returned -22
07-21 16:00:38.907 0 0 I [ 2025.671484] binder: 9643:9643 ioctl 40046210 7feb485714 returned -22
07-21 16:00:39.151 0 0 I [ 2025.912701] binder: 9655:9655 ioctl 40046210 7fd6416ea4 returned -22
07-21 16:00:39.407 0 0 I [ 2026.171832] binder: 9667:9667 ioctl 40046210 7fce720da4 returned -22
07-21 16:00:39.617 0 0 I [ 2026.380489] binder: 9673:9673 ioctl 40046210 7fcda7b2b4 returned -22
07-21 16:00:39.835 0 0 I [ 2026.596886] binder: 9684:9684 ioctl 40046210 7fcc0c12f4 returned -22
07-21 16:00:40.035 0 0 I [ 2026.798849] binder: 9694:9694 ioctl 40046210 7fc72d62a4 returned -22
07-21 16:00:40.263 0 0 I [ 2027.024842] binder: 9705:9705 ioctl 40046210 7fc7c9dca4 returned -22
07-21 16:00:40.499 0 0 I [ 2027.262974] binder: 9716:9716 ioctl 40046210 7fd4687bc4 returned -22
07-21 16:00:40.720 0 0 I [ 2027.481589] binder: 9727:9727 ioctl 40046210 7ff9ee7574 returned -22
07-21 16:00:40.943 0 0 I [ 2027.704295] binder: 9733:9733 ioctl 40046210 7fecf47c54 returned -22
07-21 16:00:41.179 0 0 I [ 2027.941079] binder: 9744:9744 ioctl 40046210 7fca45b0a4 returned -22
07-21 16:00:41.435 0 0 I [ 2028.198025] binder: 9760:9760 ioctl 40046210 7ff0d56d74 returned -22
07-21 16:00:41.639 0 0 I [ 2028.402185] binder: 9766:9766 ioctl 40046210 7ff6439db4 returned -22
07-21 16:00:41.831 0 0 I [ 2028.595990] binder: 9776:9776 ioctl 40046210 7fee5fe3a4 returned -22
07-21 16:00:42.055 0 0 I [ 2028.816352] binder: 9787:9787 ioctl 40046210 7fe2e1ff14 returned -22
07-21 16:00:42.271 0 0 I [ 2029.035546] binder: 9798:9798 ioctl 40046210 7fc7a64384 returned -22
07-21 16:00:42.500 0 0 I [ 2029.262115] binder: 9809:9809 ioctl 40046210 7fc8ccd9c4 returned -22
07-21 16:00:42.727 0 0 I [ 2029.490172] binder: 9820:9820 ioctl 40046210 7fc9706d74 returned -22
07-21 16:00:42.951 0 0 I [ 2029.712696] binder: 9826:9826 ioctl 40046210 7fee9980b4 returned -22
07-21 16:00:43.185 0 0 I [ 2029.944588] binder: 9842:9842 ioctl 40046210 7ff812cac4 returned -22
07-21 16:00:43.415 0 0 I [ 2030.177820] binder: 9848:9848 ioctl 40046210 7fc05a1554 returned -22
07-21 16:00:43.643 0 0 I [ 2030.407710] binder: 9858:9858 ioctl 40046210 7fd278d124 returned -22
07-21 16:00:43.883 0 0 I [ 2030.645225] binder: 9869:9869 ioctl 40046210 7fd4bcc094 returned -22
07-21 16:00:44.191 0 0 I [ 2030.953910] binder: 9887:9887 ioctl 40046210 7fd7418a64 returned -22
07-21 16:00:44.427 0 0 I [ 2031.191104] binder: 9910:9910 ioctl 40046210 7fec8bbce4 returned -22
07-21 16:00:44.648 0 0 I [ 2031.410377] binder: 9926:9926 ioctl 40046210 7fc005c464 returned -22
07-21 16:00:44.879 0 0 I [ 2031.642223] binder: 9937:9937 ioctl 40046210 7fc3f96094 returned -22
07-21 16:00:45.096 0 0 I [ 2031.857693] binder: 9948:9948 ioctl 40046210 7ff6e56214 returned -22
07-21 16:00:45.307 0 0 I [ 2032.070483] binder: 9959:9959 ioctl 40046210 7fc753fb34 returned -22 --------- beginning of events
07-21 16:00:45.490 1563 1815 I commit_sys_config_file: [settings-0-0,21]
07-21 16:00:45.523 0 0 I [ 2032.287365] binder: 9965:9965 ioctl 40046210 7feb9e0364 returned -22
07-21 16:00:45.719 0 0 I [ 2032.483114] binder: 9975:9975 ioctl 40046210 7ffe0e7414 returned -22
07-21 16:00:45.772 1563 1815 I commit_sys_config_file: [settings-0-0,9]
07-21 16:00:45.919 0 0 I [ 2032.681065] binder: 9986:9986 ioctl 40046210 7fc88bf594 returned -22
07-21 16:00:46.015 1563 1815 I commit_sys_config_file: [settings-0-0,12]
07-21 16:00:46.147 0 0 I [ 2032.910569] binder: 9997:9997 ioctl 40046210 7fd9cfed14 returned -22
07-21 16:00:46.285 1563 1815 I commit_sys_config_file: [settings-0-0,15]
07-21 16:00:46.400 0 0 I [ 2033.162395] binder: 10008:10008 ioctl 40046210 7fd0cfcca4 returned -22
07-21 16:00:46.512 1563 1815 I commit_sys_config_file: [settings-0-0,13]
07-21 16:00:46.643 0 0 I [ 2033.406683] binder: 10020:10020 ioctl 40046210 7ff6540ba4 returned -22
07-21 16:00:46.762 1563 1815 I commit_sys_config_file: [settings-0-0,13]
07-21 16:00:46.886 0 0 I [ 2033.649354] binder: 10031:10031 ioctl 40046210 7fc125c984 returned -22
07-21 16:00:46.995 1563 1815 I commit_sys_config_file: [settings-0-0,10]
07-21 16:00:47.123 0 0 I [ 2033.884301] binder: 10042:10042 ioctl 40046210 7fdfce8184 returned -22
07-21 16:00:47.290 1563 1815 I commit_sys_config_file: [settings-0-0,14]
07-21 16:00:47.347 0 0 I [ 2034.110444] binder: 10052:10052 ioctl 40046210 7fd48d43c4 returned -22
07-21 16:00:47.553 1563 1815 I commit_sys_config_file: [settings-0-0,13]
07-21 16:00:47.585 0 0 I [ 2034.345335] binder: 10063:10063 ioctl 40046210 7fe5418494 returned -22
07-21 16:00:47.783 1563 1815 I commit_sys_config_file: [settings-0-0,11]
07-21 16:00:47.808 0 0 I [ 2034.569103] binder: 10070:10070 ioctl 40046210 7ffa776b34 returned -22
07-21 16:00:48.023 1563 1815 I commit_sys_config_file: [settings-0-0,6]
07-21 16:00:48.032 0 0 I [ 2034.793700] binder: 10080:10080 ioctl 40046210 7fc952bba4 returned -22
07-21 16:00:48.261 0 0 I [ 2035.023045] binder: 10091:10091 ioctl 40046210 7fcf691744 returned -22
07-21 16:00:48.265 1563 1815 I commit_sys_config_file: [settings-0-0,8]
07-21 16:00:48.508 1563 1815 I commit_sys_config_file: [settings-0-0,13]
07-21 16:00:48.619 0 0 I [ 2035.380800] binder: 10110:10110 ioctl 40046210 7ff1c4a5f4 returned -22
07-21 16:00:48.745 1563 1815 I commit_sys_config_file: [settings-0-0,13]
07-21 16:00:48.847 0 0 I [ 2035.609729] binder: 10116:10116 ioctl 40046210 7ff4ccebb4 returned -22
07-21 16:00:49.068 0 0 I [ 2035.829390] binder: 10126:10126 ioctl 40046210 7fff032cf4 returned -22
07-21 16:00:49.148 1563 1815 I commit_sys_config_file: [settings-0-0,13]
07-21 16:00:49.279 0 0 I [ 2036.041738] binder: 10137:10137 ioctl 40046210 7fda2afc74 returned -22
07-21 16:00:49.421 1563 1815 I commit_sys_config_file: [settings-0-0,13]
07-21 16:00:49.685 1563 1815 I commit_sys_config_file: [settings-0-0,13]
07-21 16:00:49.920 1563 1815 I commit_sys_config_file: [settings-0-0,7]
07-21 16:00:49.935 0 0 I [ 2036.698691] binder: 10159:10159 ioctl 40046210 7fda9060f4 returned -22
07-21 16:00:50.143 0 0 I [ 2036.906297] binder: 10165:10165 ioctl 40046210 7fe6fb12b4 returned -22
07-21 16:00:50.353 0 0 I [ 2037.116149] binder: 10175:10175 ioctl 40046210 7fe2645914 returned -22
07-21 16:00:50.471 1563 1815 I commit_sys_config_file: [settings-0-0,13]
07-21 16:00:50.551 0 0 I [ 2037.313047] binder: 10189:10189 ioctl 40046210 7fcec9ebc4 returned -22
07-21 16:00:50.743 1563 1815 I commit_sys_config_file: [settings-0-0,14]
07-21 16:00:50.777 0 0 I [ 2037.540232] binder: 10195:10195 ioctl 40046210 7fe66860c4 returned -22
07-21 16:00:51.005 1563 1815 I commit_sys_config_file: [settings-0-0,13]
07-21 16:00:51.031 0 0 I [ 2037.792789] binder: 10206:10206 ioctl 40046210 7fcf575224 returned -22
07-21 16:00:51.243 0 0 I [ 2038.007065] binder: 10219:10219 ioctl 40046210 7ffc73d2e4 returned -22
07-21 16:00:51.278 1563 1815 I commit_sys_config_file: [settings-0-0,10]
07-21 16:00:51.487 0 0 I [ 2038.249818] binder: 10232:10232 ioctl 40046210 7ffba7c7a4 returned -22
07-21 16:00:51.506 1563 1815 I commit_sys_config_file: [settings-0-0,6]
07-21 16:00:51.692 0 0 I [ 2038.452930] binder: 10243:10243 ioctl 40046210 7fca0e8524 returned -22
07-21 16:00:51.754 1563 1815 I commit_sys_config_file: [settings-0-0,15]
07-21 16:00:51.903 0 0 I [ 2038.664227] binder: 10254:10254 ioctl 40046210 7fcf54cbf4 returned -22
07-21 16:00:51.998 1563 1815 I commit_sys_config_file: [settings-0-0,13]
07-21 16:00:52.135 0 0 I [ 2038.897920] binder: 10265:10265 ioctl 40046210 7fc6b181b4 returned -22
07-21 16:00:52.284 1563 1815 I commit_sys_config_file: [settings-0-0,13]
07-21 16:00:52.367 0 0 I [ 2039.131813] binder: 10276:10276 ioctl 40046210 7fd58552b4 returned -22
07-21 16:00:52.544 1563 1815 I commit_sys_config_file: [settings-0-0,14]
07-21 16:00:52.587 0 0 I [ 2039.351587] binder: 10287:10287 ioctl 40046210 7ff05e2704 returned -22
07-21 16:00:52.775 1563 1815 I commit_sys_config_file: [settings-0-0,10]
07-21 16:00:52.795 0 0 I [ 2039.558957] binder: 10293:10293 ioctl 40046210 7ff48361c4 returned -22
07-21 16:00:53.014 1563 1815 I commit_sys_config_file: [settings-0-0,11]
07-21 16:00:53.036 0 0 I [ 2039.796802] binder: 10304:10304 ioctl 40046210 7ffa20f4d4 returned -22
07-21 16:00:53.238 0 0 I [ 2040.000607] binder: 10314:10314 ioctl 40046210 7ff237d6c4 returned -22
07-21 16:00:53.279 1563 1815 I commit_sys_config_file: [settings-0-0,12]
07-21 16:00:53.463 0 0 I [ 2040.225423] binder: 10325:10325 ioctl 40046210 7fc7963ba4 returned -22
07-21 16:00:53.526 1563 1815 I commit_sys_config_file: [settings-0-0,9]
07-21 16:00:53.683 0 0 I [ 2040.447988] binder: 10336:10336 ioctl 40046210 7fdf9293c4 returned -22
07-21 16:00:53.762 1563 1815 I commit_sys_config_file: [settings-0-0,14]
07-21 16:00:53.917 0 0 I [ 2040.676496] binder: 10347:10347 ioctl 40046210 7fe4775a84 returned -22
07-21 16:00:54.041 1563 1815 I commit_sys_config_file: [settings-0-0,13]
07-21 16:00:54.143 0 0 I [ 2040.905590] binder: 10364:10364 ioctl 40046210 7fec191514 returned -22
07-21 16:00:54.312 1563 1815 I commit_sys_config_file: [settings-0-0,13]
07-21 16:00:54.371 0 0 I [ 2041.133530] binder: 10381:10381 ioctl 40046210 7fcb5863f4 returned -22
07-21 16:00:54.576 1563 1815 I commit_sys_config_file: [settings-0-0,35]
07-21 16:00:54.601 0 0 I [ 2041.362429] binder: 10404:10404 ioctl 40046210 7ffb844d84 returned -22
07-21 16:00:54.794 1563 1815 I commit_sys_config_file: [settings-0-0,16]
07-21 16:00:54.835 0 0 I [ 2041.599094] binder: 10410:10410 ioctl 40046210 7ffa295c24 returned -22
07-21 16:00:55.055 0 0 I [ 2041.816702] binder: 10420:10420 ioctl 40046210 7fc1a68f54 returned -22
07-21 16:00:55.096 1563 1815 I commit_sys_config_file: [settings-0-0,9]
07-21 16:00:55.275 0 0 I [ 2042.037595] binder: 10431:10431 ioctl 40046210 7fc49604d4 returned -22
07-21 16:00:55.364 1563 1815 I commit_sys_config_file: [settings-0-0,10]
07-21 16:00:55.487 0 0 I [ 2042.250547] binder: 10442:10442 ioctl 40046210 7fd3763384 returned -22
07-21 16:00:55.587 1563 1815 I commit_sys_config_file: [settings-0-0,15]
07-21 16:00:55.719 0 0 I [ 2042.482880] binder: 10453:10453 ioctl 40046210 7fe159d1f4 returned -22
07-21 16:00:55.876 1563 1815 I commit_sys_config_file: [settings-0-0,14]
07-21 16:00:55.955 0 0 I [ 2042.716759] binder: 10463:10463 ioctl 40046210 7fe25ff354 returned -22
07-21 16:00:56.153 1563 1815 I commit_sys_config_file: [settings-0-0,16]
07-21 16:00:56.183 0 0 I [ 2042.947006] binder: 10470:10470 ioctl 40046210 7fe28b01a4 returned -22
07-21 16:00:56.403 1563 1815 I commit_sys_config_file: [settings-0-0,14]
07-21 16:00:56.431 0 0 I [ 2043.193938] binder: 10485:10485 ioctl 40046210 7ffe917da4 returned -22
07-21 16:00:56.633 1563 1815 I commit_sys_config_file: [settings-0-0,17]
07-21 16:00:56.671 0 0 I [ 2043.432701] binder: 10492:10492 ioctl 40046210 7ff971bdb4 returned -22
07-21 16:00:56.911 0 0 I [ 2043.672143] binder: 10502:10502 ioctl 40046210 7fd0980a64 returned -22
07-21 16:00:56.917 1563 1815 I commit_sys_config_file: [settings-0-0,10]
07-21 16:00:57.135 0 0 I [ 2043.897078] binder: 10513:10513 ioctl 40046210 7fcca84cd4 returned -22
07-21 16:00:57.145 1563 1815 I commit_sys_config_file: [settings-0-0,6]
07-21 16:00:57.371 1563 1815 I commit_sys_config_file: [settings-0-0,6]
07-21 16:00:57.375 0 0 I [ 2044.137427] binder: 10524:10524 ioctl 40046210 7fd2a6d8f4 returned -22
07-21 16:00:57.579 0 0 I [ 2044.341001] binder: 10535:10535 ioctl 40046210 7fc7833df4 returned -22
07-21 16:00:57.644 1563 1815 I commit_sys_config_file: [settings-0-0,10]
07-21 16:00:57.811 0 0 I [ 2044.574819] binder: 10546:10546 ioctl 40046210 7feb7c18a4 returned -22
07-21 16:00:57.905 1563 1815 I commit_sys_config_file: [settings-0-0,14]
07-21 16:00:58.047 0 0 I [ 2044.809468] binder: 10557:10557 ioctl 40046210 7fcb728fc4 returned -22
07-21 16:00:58.162 1563 1815 I commit_sys_config_file: [settings-0-0,13]
07-21 16:00:58.263 0 0 I [ 2045.027953] binder: 10569:10569 ioctl 40046210 7ff759f904 returned -22
07-21 16:00:58.396 1563 1815 I commit_sys_config_file: [settings-0-0,13]
07-21 16:00:58.507 0 0 I [ 2045.271362] binder: 10581:10581 ioctl 40046210 7fdd4b1db4 returned -22
07-21 16:00:58.679 1563 1815 I commit_sys_config_file: [settings-0-0,13]
07-21 16:00:58.715 0 0 I [ 2045.478986] binder: 10587:10587 ioctl 40046210 7fe06ec244 returned -22
07-21 16:00:58.934 1563 1815 I commit_sys_config_file: [settings-0-0,7]
07-21 16:00:58.944 0 0 I [ 2045.704721] binder: 10597:10597 ioctl 40046210 7fec13e3a4 returned -22
07-21 16:00:59.105 1563 1700 I am_uid_idle: 10023
07-21 16:00:59.159 1563 1815 I commit_sys_config_file: [settings-0-0,7]
07-21 16:00:59.175 0 0 I [ 2045.936199] binder: 10608:10608 ioctl 40046210 7fdbfdc3e4 returned -22
07-21 16:00:59.387 0 0 I [ 2046.150726] binder: 10619:10619 ioctl 40046210 7fe957ff94 returned -22
07-21 16:00:59.440 1563 1815 I commit_sys_config_file: [settings-0-0,7]
07-21 16:00:59.635 0 0 I [ 2046.398956] init: processing action (sys.tlog.tlogdshc.active=1) from (/system/etc/init/tlogd.rc:198)
07-21 16:00:59.635 0 0 I [ 2046.399353] init: starting service 'tlogdshc'...
07-21 16:00:59.730 1563 1815 I commit_sys_config_file: [settings-0-0,7]
07-21 16:00:59.747 0 0 I [ 2046.511434] init: Service 'tlogdshc' (pid 10628) exited with status 0 oneshot service took 0.107000 seconds in background
07-21 16:00:59.747 0 0 I [ 2046.511499] init: Sending signal 9 to service 'tlogdshc' (pid 10628) process group...
07-21 16:00:59.747 0 0 I [ 2046.511645] libprocessgroup: Successfully killed process cgroup uid 0 pid 10628 in 0ms
07-21 16:00:59.970 1563 1815 I commit_sys_config_file: [settings-0-0,14]
07-21 16:01:00.607 0 0 I [ 2047.370054] binder: 10646:10646 ioctl 40046210 7fe026e154 returned -22
07-21 16:01:00.827 0 0 I [ 2047.591712] binder: 10651:10651 ioctl 40046210 7ff70e4594 returned -22
07-21 16:01:01.043 1563 1815 I commit_sys_config_file: [settings-0-0,6]
07-21 16:01:01.051 0 0 I [ 2047.812102] binder: 10661:10661 ioctl 40046210 7ffcd43904 returned -22
07-21 16:01:01.263 0 0 I [ 2048.025515] binder: 10672:10672 ioctl 40046210 7ff0959bc4 returned -22
07-21 16:01:01.366 1563 1815 I commit_sys_config_file: [settings-0-0,12]
07-21 16:01:01.467 0 0 I [ 2048.230459] binder: 10683:10683 ioctl 40046210 7fdab29e64 returned -22
07-21 16:01:01.508 1563 1699 I am_pss : [21043,1000,com.android.settings,301156352,273858560,44032,752332800,0,2,26]
07-21 16:01:01.643 1563 1815 I commit_sys_config_file: [settings-0-0,16]
07-21 16:01:01.683 0 0 I [ 2048.446307] binder: 10694:10694 ioctl 40046210 7fc197e684 returned -22
07-21 16:01:01.867 1563 1815 I commit_sys_config_file: [settings-0-0,14]
07-21 16:01:01.900 0 0 I [ 2048.660928] binder: 10704:10704 ioctl 40046210 7ffa21aa84 returned -22
07-21 16:01:02.104 1563 1815 I commit_sys_config_file: [settings-0-0,14]
07-21 16:01:02.123 0 0 I [ 2048.888003] binder: 10711:10711 ioctl 40046210 7ff9935284 returned -22
07-21 16:01:02.339 0 0 I [ 2049.101100] binder: 10721:10721 ioctl 40046210 7fef0dbac4 returned -22
07-21 16:01:02.387 1563 1815 I commit_sys_config_file: [settings-0-0,13]
07-21 16:01:02.559 0 0 I [ 2049.320788] binder: 10732:10732 ioctl 40046210 7fdc5699e4 returned -22
07-21 16:01:02.627 1563 1815 I commit_sys_config_file: [settings-0-0,10]
07-21 16:01:02.775 0 0 I [ 2049.538847] binder: 10743:10743 ioctl 40046210 7ff9787e04 returned -22
07-21 16:01:02.864 1563 1815 I commit_sys_config_file: [settings-0-0,12]
07-21 16:01:02.979 0 0 I [ 2049.742301] binder: 10754:10754 ioctl 40046210 7ff663fc74 returned -22
07-21 16:01:03.139 1563 1815 I commit_sys_config_file: [settings-0-0,17]
07-21 16:01:03.199 0 0 I [ 2049.960398] binder: 10765:10765 ioctl 40046210 7fff2923e4 returned -22
07-21 16:01:03.392 1563 1815 I commit_sys_config_file: [settings-0-0,17]
07-21 16:01:03.423 0 0 I [ 2050.187280] binder: 10776:10776 ioctl 40046210 7ff79adc64 returned -22
07-21 16:01:03.623 1563 1815 I commit_sys_config_file: [settings-0-0,17]
07-21 16:01:03.659 0 0 I [ 2050.422243] binder: 10782:10782 ioctl 40046210 7ff0364134 returned -22
07-21 16:01:03.864 1563 1815 I commit_sys_config_file: [settings-0-0,9]
07-21 16:01:03.879 0 0 I [ 2050.642738] binder: 10793:10793 ioctl 40046210 7fe0675f94 returned -22
07-21 16:01:04.083 0 0 I [ 2050.847622] binder: 10803:10803 ioctl 40046210 7fd793eed4 returned -22
07-21 16:01:04.145 1563 1815 I commit_sys_config_file: [settings-0-0,16]
07-21 16:01:04.283 0 0 I [ 2051.047417] binder: 10820:10820 ioctl 40046210 7ff9f4ced4 returned -22
07-21 16:01:04.373 1563 1815 I commit_sys_config_file: [settings-0-0,13]
07-21 16:01:04.499 0 0 I [ 2051.261035] binder: 10843:10843 ioctl 40046210 7fdf479304 returned -22
07-21 16:01:04.601 1563 1815 I commit_sys_config_file: [settings-0-0,14]
07-21 16:01:04.731 0 0 I [ 2051.495245] binder: 10861:10861 ioctl 40046210 7fef6b85e4 returned -22
07-21 16:01:04.879 1563 1815 I commit_sys_config_file: [settings-0-0,13]
07-21 16:01:04.951 0 0 I [ 2051.712950] binder: 10867:10867 ioctl 40046210 7fc2129fe4 returned -22
07-21 16:01:05.179 1563 1815 I commit_sys_config_file: [settings-0-0,8]
07-21 16:01:05.183 0 0 I [ 2051.945052] binder: 10877:10877 ioctl 40046210 7ffc5b4e54 returned -22
07-21 16:01:05.417 1563 1815 I commit_sys_config_file: [settings-0-0,7]
07-21 16:01:05.421 0 0 I [ 2052.184189] binder: 10888:10888 ioctl 40046210 7fdea77844 returned -22
07-21 16:01:05.659 0 0 I [ 2052.422320] binder: 10899:10899 ioctl 40046210 7fd8dc8a04 returned -22
07-21 16:01:05.705 1563 1815 I commit_sys_config_file: [settings-0-0,12]
07-21 16:01:05.903 0 0 I [ 2052.665085] binder: 10910:10910 ioctl 40046210 7fec4a3854 returned -22
07-21 16:01:05.982 1563 1815 I commit_sys_config_file: [settings-0-0,14]
07-21 16:01:06.140 0 0 I [ 2052.901387] binder: 10921:10921 ioctl 40046210 7ff60e1c14 returned -22
07-21 16:01:06.233 1563 1815 I commit_sys_config_file: [settings-0-0,16]
07-21 16:01:06.359 0 0 I [ 2053.121704] binder: 10936:10936 ioctl 40046210 7fc8499b74 returned -22
07-21 16:01:06.455 1563 1815 I commit_sys_config_file: [settings-0-0,15]
07-21 16:01:06.587 0 0 I [ 2053.351218] binder: 10947:10947 ioctl 40046210 7fc319f6c4 returned -22
07-21 16:01:06.777 1563 1815 I commit_sys_config_file: [settings-0-0,11]
07-21 16:01:06.864 0 0 I [ 2053.628150] binder: 10958:10958 ioctl 40046210 7fdd5f3504 returned -22
07-21 16:01:07.050 1563 1815 I commit_sys_config_file: [settings-0-0,13]
07-21 16:01:07.107 0 0 I [ 2053.869415] binder: 10969:10969 ioctl 40046210 7fcfde0a34 returned -22
07-21 16:01:07.280 1563 1815 I commit_sys_config_file: [settings-0-0,12]
07-21 16:01:07.351 0 0 I [ 2054.115346] binder: 10980:10980 ioctl 40046210 7fcb8e9724 returned -22
07-21 16:01:07.355 1563 1563 I service_manager_stats: [100,32,24171]
07-21 16:01:07.524 1563 1815 I commit_sys_config_file: [settings-0-0,12]
07-21 16:01:07.583 0 0 I [ 2054.346928] binder: 10986:10986 ioctl 40046210 7fd86b73f4 returned -22
07-21 16:01:07.804 1563 1815 I commit_sys_config_file: [settings-0-0,10]
07-21 16:01:07.819 0 0 I [ 2054.583322] binder: 10996:10996 ioctl 40046210 7ffddd5bc4 returned -22
07-21 16:01:08.043 0 0 I [ 2054.805416] binder: 11007:11007 ioctl 40046210 7fd239efe4 returned -22
07-21 16:01:08.068 1563 1815 I commit_sys_config_file: [settings-0-0,9]
07-21 16:01:08.268 0 0 I [ 2055.028825] binder: 11018:11018 ioctl 40046210 7fc8b9acc4 returned -22
07-21 16:01:08.318 1563 1815 I commit_sys_config_file: [settings-0-0,12]
07-21 16:01:08.518 0 0 I [ 2055.279314] binder: 11029:11029 ioctl 40046210 7fe3768924 returned -22
07-21 16:01:08.613 1563 1815 I commit_sys_config_file: [settings-0-0,13]
07-21 16:01:08.787 0 0 I [ 2055.552191] binder: 11040:11040 ioctl 40046210 7fcaebbe74 returned -22
07-21 16:01:08.870 1563 1815 I commit_sys_config_file: [settings-0-0,9]
07-21 16:01:09.039 0 0 I [ 2055.796361] binder: 11051:11051 ioctl 40046210 7fc1d1df84 returned -22
07-21 16:01:09.144 1563 1815 I commit_sys_config_file: [settings-0-0,13]
07-21 16:01:09.291 0 0 I [ 2056.053049] binder: 11062:11062 ioctl 40046210 7fcd126ff4 returned -22
07-21 16:01:09.388 1563 1815 I commit_sys_config_file: [settings-0-0,15]
07-21 16:01:09.685 1563 1815 I commit_sys_config_file: [settings-0-0,11]
07-21 16:01:09.771 0 0 I [ 2056.534095] binder: 11078:11078 ioctl 40046210 7fde61a1b4 returned -22
07-21 16:01:09.970 1563 1815 I commit_sys_config_file: [settings-0-0,13]
07-21 16:01:10.072 0 0 I [ 2056.833190] binder: 11090:11090 ioctl 40046210 7fd0242314 returned -22
07-21 16:01:10.246 1563 1815 I commit_sys_config_file: [settings-0-0,13]
07-21 16:01:10.351 0 0 I [ 2057.114472] binder: 11101:11101 ioctl 40046210 7fe26d0f24 returned -22
07-21 16:01:10.536 1563 1815 I commit_sys_config_file: [settings-0-0,13]
07-21 16:01:10.583 0 0 I [ 2057.346032] binder: 11107:11107 ioctl 40046210 7fc8131354 returned -22
07-21 16:01:10.843 0 0 I [ 2057.605814] binder: 11117:11117 ioctl 40046210 7fcd4f8c14 returned -22
07-21 16:01:10.896 1563 1815 I commit_sys_config_file: [settings-0-0,14]
07-21 16:01:11.115 0 0 I [ 2057.877766] binder: 11128:11128 ioctl 40046210 7ff2ddb344 returned -22
07-21 16:01:11.166 1563 1815 I commit_sys_config_file: [settings-0-0,12]
07-21 16:01:11.351 0 0 I [ 2058.115939] binder: 11139:11139 ioctl 40046210 7fd87b3fd4 returned -22
07-21 16:01:11.411 1563 1815 I commit_sys_config_file: [settings-0-0,15]
07-21 16:01:11.584 0 0 I [ 2058.345490] binder: 11150:11150 ioctl 40046210 7fd562c834 returned -22
07-21 16:01:11.625 1563 1815 I commit_sys_config_file: [settings-0-0,11]
07-21 16:01:11.856 0 0 I [ 2058.617478] binder: 11161:11161 ioctl 40046210 7ff6d614f4 returned -22
07-21 16:01:11.941 1563 1815 I commit_sys_config_file: [settings-0-0,13]
07-21 16:01:12.067 0 0 I [ 2058.828544] binder: 11172:11172 ioctl 40046210 7ff2cd4864 returned -22
07-21 16:01:12.222 1563 1815 I commit_sys_config_file: [settings-0-0,15]
07-21 16:01:12.455 1563 1815 I commit_sys_config_file: [settings-0-0,14]
07-21 16:01:12.682 1563 1815 I commit_sys_config_file: [settings-0-0,15]
07-21 16:01:13.355 0 0 I [ 2060.119928] binder: 11190:11190 ioctl 40046210 7ff8811874 returned -22
07-21 16:01:13.579 0 0 I [ 2060.343945] binder: 11195:11195 ioctl 40046210 7fff2e8434 returned -22
07-21 16:01:13.799 0 0 I [ 2060.560247] binder: 11205:11205 ioctl 40046210 7ffcc19fa4 returned -22
07-21 16:01:13.891 1563 1815 I commit_sys_config_file: [settings-0-0,13]
07-21 16:01:14.028 0 0 I [ 2060.791525] binder: 11216:11216 ioctl 40046210 7fdc7fc594 returned -22
07-21 16:01:14.157 1563 1815 I commit_sys_config_file: [settings-0-0,13]
07-21 16:01:14.287 0 0 I [ 2061.048948] binder: 11233:11233 ioctl 40046210 7fe8c26584 returned -22
07-21 16:01:14.404 1563 1815 I commit_sys_config_file: [settings-0-0,13]
07-21 16:01:14.551 0 0 I [ 2061.313510] binder: 11256:11256 ioctl 40046210 7fff570bb4 returned -22
07-21 16:01:14.633 1563 1815 I commit_sys_config_file: [settings-0-0,7]
07-21 16:01:14.808 0 0 I [ 2061.572340] binder: 11273:11273 ioctl 40046210 7fe8ff89f4 returned -22
07-21 16:01:14.919 1563 1815 I commit_sys_config_file: [settings-0-0,12]
07-21 16:01:15.179 0 0 I [ 2061.940078] binder: 11284:11284 ioctl 40046210 7fef68e9c4 returned -22
07-21 16:01:15.186 1563 1815 I commit_sys_config_file: [settings-0-0,10]
07-21 16:01:15.452 1563 1815 I commit_sys_config_file: [settings-0-0,13]
07-21 16:01:15.690 1563 1815 I commit_sys_config_file: [settings-0-0,17]
07-21 16:01:15.743 0 0 I [ 2062.505354] binder: 11302:11302 ioctl 40046210 7fcfd38424 returned -22
07-21 16:01:16.225 1563 1815 I commit_sys_config_file: [settings-0-0,14]
07-21 16:01:16.331 0 0 I [ 2063.095251] binder: 11313:11313 ioctl 40046210 7ffd887ce4 returned -22
07-21 16:01:16.656 0 0 I [ 2063.417675] binder: 11322:11322 ioctl 40046210 7ff3983f74 returned -22
07-21 16:01:16.854 1563 1815 I commit_sys_config_file: [settings-0-0,13]
07-21 16:01:16.911 0 0 I [ 2063.672409] binder: 11329:11329 ioctl 40046210 7fd83ce494 returned -22
07-21 16:01:17.132 1563 1815 I commit_sys_config_file: [settings-0-0,14]
07-21 16:01:17.163 0 0 I [ 2063.926464] binder: 11340:11340 ioctl 40046210 7fff39a714 returned -22
07-21 16:01:17.372 1563 1815 I commit_sys_config_file: [settings-0-0,12]
07-21 16:01:17.431 0 0 I [ 2064.194006] binder: 11351:11351 ioctl 40046210 7ffcaa7bb4 returned -22
07-21 16:01:17.657 1563 1815 I commit_sys_config_file: [settings-0-0,13]
07-21 16:01:17.692 0 0 I [ 2064.455417] binder: 11362:11362 ioctl 40046210 7ff97cd9d4 returned -22
07-21 16:01:17.918 1563 1815 I commit_sys_config_file: [settings-0-0,15]
07-21 16:01:17.963 0 0 I [ 2064.725114] binder: 11378:11378 ioctl 40046210 7ff70f8914 returned -22
07-21 16:01:18.147 1563 1815 I commit_sys_config_file: [settings-0-0,13]
07-21 16:01:18.207 0 0 I [ 2064.970638] binder: 11384:11384 ioctl 40046210 7ffca363f4 returned -22
07-21 16:01:18.425 1563 1815 I commit_sys_config_file: [settings-0-0,16]
07-21 16:01:18.443 0 0 I [ 2065.206455] binder: 11395:11395 ioctl 40046210 7fcd1892b4 returned -22
07-21 16:01:18.719 1563 1815 I commit_sys_config_file: [settings-0-0,6]
07-21 16:01:18.732 0 0 I [ 2065.493351] binder: 11405:11405 ioctl 40046210 7fd5b77dd4 returned -22
07-21 16:01:18.978 1563 1815 I commit_sys_config_file: [settings-0-0,6]
07-21 16:01:19.087 0 0 I [ 2065.849163] binder: 11422:11422 ioctl 40046210 7fc24cf084 returned -22
07-21 16:01:19.238 1563 1815 I commit_sys_config_file: [settings-0-0,12]
07-21 16:01:19.488 0 0 I [ 2066.248926] binder: 11433:11433 ioctl 40046210 7fd95fa3f4 returned -22
07-21 16:01:19.583 1563 1815 I commit_sys_config_file: [settings-0-0,21]
07-21 16:01:20.030 1563 1815 I commit_sys_config_file: [settings-0-0,16]
07-21 16:01:20.623 0 0 I [ 2067.385478] binder: 11445:11445 ioctl 40046210 7fc08f3a14 returned -22
07-21 16:01:20.991 0 0 I [ 2067.753949] binder: 11455:11455 ioctl 40046210 7fda0e9cb4 returned -22
07-21 16:01:21.131 1563 1815 I commit_sys_config_file: [settings-0-0,11]
07-21 16:01:21.207 0 0 I [ 2067.971688] binder: 11462:11462 ioctl 40046210 7ff4785664 returned -22
07-21 16:01:21.435 0 0 I [ 2068.198138] binder: 11501:11501 ioctl 40046210 7ff45baed4 returned -22
07-21 16:01:21.489 1563 1815 I commit_sys_config_file: [settings-0-0,10]
07-21 16:01:21.676 0 0 I [ 2068.436931] binder: 11513:11513 ioctl 40046210 7fd3c525c4 returned -22
07-21 16:01:21.736 1563 1815 I commit_sys_config_file: [settings-0-0,12]
07-21 16:01:21.918 0 0 I [ 2068.679085] binder: 11524:11524 ioctl 40046210 7fe63f60d4 returned -22
07-21 16:01:22.019 1563 1815 I commit_sys_config_file: [settings-0-0,13]
07-21 16:01:22.180 1563 1845 I netstats_mobile_sample: [0,0,0,0,0,0,0,0,0,0,0,0,1689926482180]
07-21 16:01:22.181 1563 1845 I netstats_wifi_sample: [4095312,4891,6547740,10708,4095312,4891,6547740,10708,55817952,59770,5240350,9573,1689926482180]
07-21 16:01:22.183 0 0 I [ 2068.946920] binder: 11535:11535 ioctl 40046210 7fd30848e4 returned -22
07-21 16:01:22.288 1563 1815 I commit_sys_config_file: [settings-0-0,14]
07-21 16:01:22.447 0 0 I [ 2069.208640] binder: 11546:11546 ioctl 40046210 7fda5d7c74 returned -22
07-21 16:01:22.528 1563 1815 I commit_sys_config_file: [settings-0-0,14]
07-21 16:01:22.664 0 0 I [ 2069.425362] binder: 11557:11557 ioctl 40046210 7fe994d294 returned -22
07-21 16:01:22.745 1563 1815 I commit_sys_config_file: [settings-0-0,10]
07-21 16:01:22.931 0 0 I [ 2069.695720] binder: 11568:11568 ioctl 40046210 7fd9c64464 returned -22
07-21 16:01:23.030 1563 1815 I commit_sys_config_file: [settings-0-0,13]
07-21 16:01:23.159 0 0 I [ 2069.921688] binder: 11579:11579 ioctl 40046210 7fefe50a44 returned -22
07-21 16:01:23.299 1563 1815 I commit_sys_config_file: [settings-0-0,14]
07-21 16:01:23.391 0 0 I [ 2070.154064] binder: 11591:11591 ioctl 40046210 7fc6c50d84 returned -22
07-21 16:01:23.550 1563 1815 I commit_sys_config_file: [settings-0-0,13]
07-21 16:01:23.663 0 0 I [ 2070.427259] binder: 11602:11602 ioctl 40046210 7fed9b1e24 returned -22
07-21 16:01:23.794 1563 1815 I commit_sys_config_file: [settings-0-0,13]
07-21 16:01:23.959 0 0 I [ 2070.722375] binder: 11613:11613 ioctl 40046210 7fe7b85c34 returned -22
07-21 16:01:24.066 1563 1815 I commit_sys_config_file: [settings-0-0,13]
07-21 16:01:24.235 0 0 I [ 2070.998902] binder: 11624:11624 ioctl 40046210 7ffea98144 returned -22
07-21 16:01:24.337 1563 1815 I commit_sys_config_file: [settings-0-0,15]
07-21 16:01:24.487 0 0 I [ 2071.250426] binder: 11647:11647 ioctl 40046210 7ff886e1d4 returned -22
07-21 16:01:24.601 1563 1815 I commit_sys_config_file: [settings-0-0,13]
07-21 16:01:24.735 0 0 I [ 2071.496639] binder: 11670:11670 ioctl 40046210 7ff28e67e4 returned -22
07-21 16:01:24.826 1563 1815 I commit_sys_config_file: [settings-0-0,13]
07-21 16:01:24.972 0 0 I [ 2071.734006] binder: 11681:11681 ioctl 40046210 7fdf2a0c94 returned -22
07-21 16:01:25.116 1563 1815 I commit_sys_config_file: [settings-0-0,13]
07-21 16:01:25.208 0 0 I [ 2071.970571] binder: 11692:11692 ioctl 40046210 7ffa5613e4 returned -22
