07-21 16:31:24.672 2587 2587 I wm_on_stop_called: [51676365,com.android.launcher3.uioverrides.QuickstepLauncher,STOP_ACTIVITY_ITEM]
07-21 16:31:26.363 860 860 I auditd : type=1400 audit(0.0:16076): avc: denied { add_name } for comm="perf@2.2-servic" name="force_rail_on" scontext=u:r:vendor_hal_perf_default:s0 tcontext=u:object_r:vendor_sysfs_kgsl:s0 tclass=dir permissive=1
07-21 16:31:26.363 860 860 I auditd : type=1400 audit(0.0:16077): avc: denied { add_name } for comm="perf@2.2-servic" name="min_freq" scontext=u:r:vendor_hal_perf_default:s0 tcontext=u:object_r:vendor_sysfs_devfreq:s0 tclass=dir permissive=1
07-21 16:31:26.363 860 860 I auditd : type=1400 audit(0.0:16078): avc: denied { add_name } for comm="perf@2.2-servic" name="cpu_min_freq" scontext=u:r:vendor_hal_perf_default:s0 tcontext=u:object_r:vendor_sysfs_msm_perf:s0 tclass=dir permissive=1
07-21 16:31:29.342 1563 1869 I intercept_power: [ACTION_DOWN,0,0]
07-21 16:31:29.398 1563 2230 I intercept_power: [ACTION_UP,0,0]
07-21 16:31:29.402 1563 1563 I power_sleep_requested: 1
07-21 16:31:29.407 1563 9105 I wm_finish_activity: [0,36108930,76,com.thundercomm.screensaver/android.service.dreams.DreamActivity,finish-activity]
07-21 16:31:29.408 1563 9105 I wm_task_moved: [1,1,6]
07-21 16:31:29.408 1563 9105 I wm_task_moved: [59,1,2147483647]
07-21 16:31:29.408 1563 9105 I wm_task_to_front: [0,59]
07-21 16:31:29.408 1563 9105 I wm_focused_root_task: [0,0,1,76,finish-top adjustFocusToNextFocusableTask]
07-21 16:31:29.409 1563 9105 I wm_set_resumed_activity: [0,com.android.launcher3/.uioverrides.QuickstepLauncher,finish-top adjustFocusToNextFocusableTask]
07-21 16:31:29.413 1563 9105 I wm_pause_activity: [0,36108930,com.thundercomm.screensaver/android.service.dreams.DreamActivity,userLeaving=false,finish]
07-21 16:31:29.429 1563 1716 I sysui_multi_action: [757,1696,758,6,759,0]
07-21 16:31:29.431 1563 1826 I input_focus: [Focus leaving e636b8a com.thundercomm.screensaver/android.service.dreams.DreamActivity (server),reason=NOT_VISIBLE]
07-21 16:31:29.434 12070 12070 I wm_on_top_resumed_lost_called: [36108930,android.service.dreams.DreamActivity,topStateChangedWhenResumed]
07-21 16:31:29.437 1563 1690 I sysui_multi_action: [757,803,799,window_time_0,802,5]
07-21 16:31:29.437 12070 12070 I wm_on_paused_called: [36108930,android.service.dreams.DreamActivity,performPause]
07-21 16:31:29.439 1563 21009 I wm_add_to_stopping: [0,36108930,com.thundercomm.screensaver/android.service.dreams.DreamActivity,completeFinishing]
07-21 16:31:29.441 1563 21009 I wm_set_resumed_activity: [0,com.android.launcher3/.uioverrides.QuickstepLauncher,resumeTopActivityInnerLocked]
07-21 16:31:29.441 1563 21009 I wm_resume_activity: [0,51676365,59,com.android.launcher3/.uioverrides.QuickstepLauncher]
07-21 16:31:29.442 2587 2587 I wm_on_restart_called: [51676365,com.android.launcher3.uioverrides.QuickstepLauncher,performRestartActivity]
07-21 16:31:29.442 2587 2587 I wm_on_start_called: [51676365,com.android.launcher3.uioverrides.QuickstepLauncher,handleStartActivity]
07-21 16:31:29.442 2587 2587 I wm_on_resume_called: [51676365,com.android.launcher3.uioverrides.QuickstepLauncher,RESUME_ACTIVITY]
07-21 16:31:29.442 2587 2587 I wm_on_top_resumed_gained_called: [51676365,com.android.launcher3.uioverrides.QuickstepLauncher,topWhenResuming]
07-21 16:31:29.445 1563 1690 I wm_destroy_activity: [0,36108930,76,com.thundercomm.screensaver/android.service.dreams.DreamActivity,finish-imm:idle]
07-21 16:31:29.445 1563 1690 I sysui_multi_action: [757,803,799,window_time_0,802,0]
07-21 16:31:29.447 1563 1690 I am_uid_running: 10118
07-21 16:31:29.448 1563 1690 I am_uid_running: 10098
07-21 16:31:29.449 1563 1690 I am_uid_running: 10122
07-21 16:31:29.454 1563 1691 I input_focus: [Focus request 28c4f40 com.android.launcher3/com.android.launcher3.uioverrides.QuickstepLauncher,reason=UpdateInputWindows]
07-21 16:31:29.455 1563 1690 I am_uid_running: 10117
07-21 16:31:29.461 1563 1701 I am_proc_start: [0,12124,10118,com.kugou.android.auto,NULL,]
07-21 16:31:29.461 12070 12070 I wm_on_stop_called: [36108930,android.service.dreams.DreamActivity,LIFECYCLER_STOP_ACTIVITY]
07-21 16:31:29.461 12070 12070 I wm_on_destroy_called: [36108930,android.service.dreams.DreamActivity,performDestroy]
07-21 16:31:29.471 1563 1701 I am_proc_start: [0,12134,10098,com.tencent.wework,NULL,]
07-21 16:31:29.476 0 0 I [ 3876.430096] binder: 12124:12124 ioctl 40046210 7ff1724834 returned -22
07-21 16:31:29.477 1563 1687 I sysui_multi_action: [757,222,758,2]
07-21 16:31:29.477 1563 1687 I sysui_multi_action: [757,804,799,dreaming_minutes,801,0,802,1]
07-21 16:31:29.481 1563 9239 I am_proc_bound: [0,12124,com.kugou.android.auto]
07-21 16:31:29.482 1563 1826 I input_focus: [Focus entering 28c4f40 com.android.launcher3/com.android.launcher3.uioverrides.QuickstepLauncher (server),reason=Window became focusable. Previous reason: NOT_VISIBLE]
07-21 16:31:29.490 1563 9105 I wm_task_removed: [76,removeChild:removeChild last r=ActivityRecord{226fa82 u0 com.thundercomm.screensaver/android.service.dreams.DreamActivity taskAffinity=1000:android:com.thundercomm.screensaver/dream t-1 f}} in t=Task{d787593 #76 type=dream A=1000:android:com.thundercomm.screensaver/dream U=0 visible=false mode=fullscreen translucent=true sz=0 visible freeform task=true rootAffinity=1000:android:com.thundercomm.screensaver/dream isMini=false}]
07-21 16:31:29.490 1563 9105 I wm_task_removed: [76,removeChild]
07-21 16:31:29.492 0 0 I [ 3876.446585] binder: 12134:12134 ioctl 40046210 7ff1724834 returned -22
07-21 16:31:29.493 1563 1701 I am_proc_start: [0,12147,10122,com.qiyi.video,NULL,]
07-21 16:31:29.494 1563 21009 I am_kill : [0,12124,com.kugou.android.auto,905,empty #2]
07-21 16:31:29.495 1563 21009 I am_kill : [0,11903,com.smile.gifmaker:push_v3,905,empty #3]
07-21 16:31:29.499 1563 1700 I am_wtf : [0,1563,system_server,-1,DisplayDeviceConfig,requesting nits when no mapping exists.]
07-21 16:31:29.499 1563 1701 I am_proc_start: [0,12160,10117,com.wandoujia.phoenix2,NULL,]
07-21 16:31:29.501 1563 1716 I wm_pause_activity: [0,51676365,com.android.launcher3/.uioverrides.QuickstepLauncher,userLeaving=false,sleep]
07-21 16:31:29.501 2587 2587 I wm_on_top_resumed_lost_called: [51676365,com.android.launcher3.uioverrides.QuickstepLauncher,topStateChangedWhenResumed]
07-21 16:31:29.502 2587 2587 I wm_on_paused_called: [51676365,com.android.launcher3.uioverrides.QuickstepLauncher,performPause]
07-21 16:31:29.502 1563 21009 I wm_add_to_stopping: [0,51676365,com.android.launcher3/.uioverrides.QuickstepLauncher,completePauseLocked]
07-21 16:31:29.502 1563 1700 I am_wtf : [0,1563,system_server,-1,DisplayDeviceConfig,requesting nits when no mapping exists.]
07-21 16:31:29.509 0 0 I [ 3876.462935] binder: 12147:12147 ioctl 40046210 7ff1724834 returned -22
07-21 16:31:29.506 1563 1690 I wm_stop_activity: [0,51676365,com.android.launcher3/.uioverrides.QuickstepLauncher]
07-21 16:31:29.509 1563 1690 I sysui_multi_action: [757,803,799,window_time_0,802,0]
07-21 16:31:29.514 1563 21009 I am_proc_bound: [0,12147,com.qiyi.video]
07-21 16:31:29.517 0 0 I [ 3876.470038] binder: 12160:12160 ioctl 40046210 7ff1724834 returned -22
07-21 16:31:29.516 1563 9239 I am_proc_bound: [0,12134,com.tencent.wework]
07-21 16:31:29.519 1563 9105 I am_proc_bound: [0,12160,com.wandoujia.phoenix2]
07-21 16:31:29.529 2587 2587 I wm_on_stop_called: [51676365,com.android.launcher3.uioverrides.QuickstepLauncher,STOP_ACTIVITY_ITEM]
07-21 16:31:29.543 1563 21009 I am_kill : [0,12134,com.tencent.wework,915,empty #2]
07-21 16:31:29.544 1563 21009 I am_kill : [0,12147,com.qiyi.video,925,empty #3]
07-21 16:31:29.544 1563 21009 I am_kill : [0,12070,com.thundercomm.screensaver,935,empty #4]
07-21 16:31:29.553 0 0 I [ 3876.500485] [MAX975X: max96755x_drm_notifier_callback] *INFO* receives BLANK: POWERDOWN
07-21 16:31:29.553 0 0 I : [ 3876.500888] atmel_mxt_ts 0-004a: Enter suspend
07-21 16:31:29.553 1563 1826 I input_focus: [Focus leaving 28c4f40 com.android.launcher3/com.android.launcher3.uioverrides.QuickstepLauncher (server),reason=NO_WINDOW]
07-21 16:31:29.554 1563 1563 I sysui_multi_action: [757,198,758,2,759,2,1359,157,1695,4]
07-21 16:31:29.554 1563 1563 I power_screen_state: [0,2,0,0,157]
07-21 16:31:29.554 1563 1563 I screen_toggled: 0
07-21 16:31:29.554 1563 1563 I sysui_multi_action: [757,804,799,screen_timeout,801,60,802,1]
07-21 16:31:29.554 1563 1563 I sysui_multi_action: [757,1594,758,4,759,-2147483648,1359,68569]
07-21 16:31:29.555 1563 1563 I power_screen_broadcast_send: 1
07-21 16:31:29.555 860 860 I auditd : type=1400 audit(0.0:16079): avc: denied { add_name } for comm="perf@2.2-servic" name="cpu_min_freq" scontext=u:r:vendor_hal_perf_default:s0 tcontext=u:object_r:vendor_sysfs_msm_perf:s0 tclass=dir permissive=1
07-21 16:31:29.565 1563 21009 I am_kill : [0,12160,com.wandoujia.phoenix2,905,empty #2]
07-21 16:31:29.568 1563 1563 I battery_saving_stats: [0,1,0,68576,0,0,2281747,0,0]
07-21 16:31:29.569 0 0 W [ 3876.524074] ALERT: changing window size from 16000000 to 20000000 at 3876524041937
07-21 16:31:29.597 1563 1563 I power_screen_broadcast_done: [0,42,1]
07-21 16:31:29.600 1563 9239 I am_proc_died: [0,12124,com.kugou.android.auto,905,19]
07-21 16:31:29.601 1563 9239 I am_uid_stopped: 10118
07-21 16:31:29.602 1563 21009 I am_proc_died: [0,12134,com.tencent.wework,915,19]
07-21 16:31:29.603 1563 21009 I am_uid_stopped: 10098
07-21 16:31:29.604 1563 9239 I am_proc_died: [0,11903,com.smile.gifmaker:push_v3,905,19]
07-21 16:31:29.606 1563 9239 I am_uid_stopped: 10106
07-21 16:31:29.609 1563 2231 I am_proc_died: [0,12147,com.qiyi.video,925,19]
07-21 16:31:29.609 1563 2231 I am_uid_stopped: 10122
07-21 16:31:29.620 1563 2231 I am_proc_died: [0,12070,com.thundercomm.screensaver,935,19]
07-21 16:31:29.625 1563 10185 I am_proc_died: [0,12160,com.wandoujia.phoenix2,905,19]
07-21 16:31:29.625 1563 10185 I am_uid_stopped: 10117
07-21 16:31:29.693 0 0 I [ 3876.645831] init: processing action (sys.tlog.tlogdshc.active=1) from (/system/etc/init/tlogd.rc:198)
07-21 16:31:29.693 0 0 I [ 3876.646907] init: starting service 'tlogdshc'...
07-21 16:31:29.813 0 0 I [ 3876.765782] init: Service 'tlogdshc' (pid 12190) exited with status 0 oneshot service took 0.113000 seconds in background
07-21 16:31:29.813 0 0 I [ 3876.765811] init: Sending signal 9 to service 'tlogdshc' (pid 12190) process group...
07-21 16:31:29.813 0 0 I [ 3876.766023] libprocessgroup: Successfully killed process cgroup uid 0 pid 12190 in 0ms
07-21 16:31:32.231 1563 1827 I intercept_power: [ACTION_DOWN,0,0]
07-21 16:31:32.239 1563 1827 I intercept_power: [ACTION_UP,0,0]
07-21 16:31:32.240 1563 1563 I screen_toggled: 1
07-21 16:31:32.240 1563 1563 I power_screen_broadcast_send: 1
07-21 16:31:32.262 0 0 I [ 3879.215117] [drm: dsi_display_set_mode] [msm-dsi-info]: mdp_transfer_time_us=0 us
07-21 16:31:32.262 0 0 I [ 3879.215125] [drm: dsi_display_set_mode] [msm-dsi-info]: hactive= 2560,vactive= 1080,fps=60
07-21 16:31:32.262 0 0 I [ 3879.215191] [drm: dsi_ctrl_isr_configure] [msm-dsi-info]: dsi-ctrl-0: IRQ 385 registered
07-21 16:31:32.250 1563 1716 I wm_set_resumed_activity: [0,com.android.launcher3/.uioverrides.QuickstepLauncher,resumeTopActivityInnerLocked]
07-21 16:31:32.252 1563 1716 I wm_resume_activity: [0,51676365,59,com.android.launcher3/.uioverrides.QuickstepLauncher]
07-21 16:31:32.254 1563 1716 I sysui_multi_action: [757,1696,758,6,759,3]
07-21 16:31:32.259 1563 1563 I service_manager_slow: [18,phone]
07-21 16:31:32.262 1563 1690 I am_uid_running: 10118
07-21 16:31:32.263 1563 1690 I am_uid_running: 10098
07-21 16:31:32.269 0 0 W [ 3879.224068] ALERT: changing window size from 20000000 to 16000000 at 3879224040998
07-21 16:31:32.268 1563 1690 I am_uid_running: 10122
07-21 16:31:32.270 2587 2587 I wm_on_restart_called: [51676365,com.android.launcher3.uioverrides.QuickstepLauncher,performRestartActivity]
07-21 16:31:32.270 2587 2587 I wm_on_start_called: [51676365,com.android.launcher3.uioverrides.QuickstepLauncher,handleStartActivity]
07-21 16:31:32.270 2587 2587 I wm_on_resume_called: [51676365,com.android.launcher3.uioverrides.QuickstepLauncher,RESUME_ACTIVITY]
07-21 16:31:32.270 2587 2587 I wm_on_top_resumed_gained_called: [51676365,com.android.launcher3.uioverrides.QuickstepLauncher,topWhenResuming]
07-21 16:31:32.271 1563 1690 I am_uid_running: 10117
07-21 16:31:32.272 1563 1701 I am_proc_start: [0,12223,10118,com.kugou.android.auto,NULL,]
07-21 16:31:32.282 1563 1701 I am_proc_start: [0,12224,10098,com.tencent.wework,NULL,]
07-21 16:31:32.290 1563 1701 I am_proc_start: [0,12231,10122,com.qiyi.video,NULL,]
07-21 16:31:32.293 0 0 I [ 3879.246708] binder: 12223:12223 ioctl 40046210 7ff1724834 returned -22
07-21 16:31:32.296 1563 2229 I am_proc_bound: [0,12223,com.kugou.android.auto]
07-21 16:31:32.299 1563 1691 I input_focus: [Focus request 28c4f40 com.android.launcher3/com.android.launcher3.uioverrides.QuickstepLauncher,reason=UpdateInputWindows]
07-21 16:31:32.302 1563 1701 I am_proc_start: [0,12243,10117,com.wandoujia.phoenix2,NULL,]
07-21 16:31:32.309 0 0 I [ 3879.261571] binder: 12224:12224 ioctl 40046210 7ff1724834 returned -22
07-21 16:31:32.308 1563 1690 I am_kill : [0,10194,com.tencent.android.qqdownloader:live,915,empty #2]
07-21 16:31:32.311 1563 2231 I am_proc_bound: [0,12224,com.tencent.wework]
07-21 16:31:32.319 0 0 I [ 3879.268797] [MAX975X: max96755x_drm_notifier_callback] *INFO* receives BLANK: UNBLANK
07-21 16:31:32.319 0 0 I [ 3879.273329] binder: 12243:12243 ioctl 40046210 7ff1724834 returned -22
07-21 16:31:32.317 1563 1700 I am_wtf : [0,1563,system_server,-1,DisplayDeviceConfig,requesting nits when no mapping exists.]
07-21 16:31:32.320 1563 1826 I input_focus: [Focus entering 28c4f40 com.android.launcher3/com.android.launcher3.uioverrides.QuickstepLauncher (server),reason=Window became focusable. Previous reason: NO_WINDOW]
07-21 16:31:32.325 0 0 I [ 3879.275665] binder: 12231:12231 ioctl 40046210 7ff1724834 returned -22
07-21 16:31:32.323 1563 1700 I am_wtf : [0,1563,system_server,-1,DisplayDeviceConfig,requesting nits when no mapping exists.]
07-21 16:31:32.324 1563 10185 I am_proc_bound: [0,12243,com.wandoujia.phoenix2]
07-21 16:31:32.326 1563 2055 I am_proc_bound: [0,12231,com.qiyi.video]
07-21 16:31:32.333 1563 1563 I am_kill : [0,12243,com.wandoujia.phoenix2,905,empty #2]
07-21 16:31:32.333 1563 1563 I am_kill : [0,12224,com.tencent.wework,905,empty #3]
07-21 16:31:32.333 1563 1563 I am_kill : [0,12223,com.kugou.android.auto,905,empty #4]
07-21 16:31:32.334 1563 1563 I sysui_multi_action: [757,198,758,1,759,1,1359,90,1694,1]
07-21 16:31:32.334 1563 1563 I power_screen_state: [1,0,0,0,90]
07-21 16:31:32.348 1563 1563 I battery_saving_stats: [0,0,0,2780,0,0,1586895,0,0]
07-21 16:31:32.373 1563 2055 I am_proc_died: [0,12224,com.tencent.wework,905,19]
07-21 16:31:32.374 1563 2055 I am_uid_stopped: 10098
07-21 16:31:32.377 1563 1563 I power_screen_broadcast_done: [1,137,1]
07-21 16:31:32.379 1563 2055 I am_proc_died: [0,12243,com.wandoujia.phoenix2,905,19]
07-21 16:31:32.380 1563 2055 I am_uid_stopped: 10117
07-21 16:31:32.381 1563 10185 I am_proc_died: [0,12223,com.kugou.android.auto,905,19]
07-21 16:31:32.381 1563 10185 I am_uid_stopped: 10118
07-21 16:31:32.408 0 0 I [ 3879.362151] binder: undelivered transaction 1789187, process died.
07-21 16:31:32.408 0 0 I [ 3879.362157] binder: undelivered transaction 1789191, process died.
07-21 16:31:32.408 0 0 I [ 3879.362382] binder: undelivered transaction 1789183, process died.
07-21 16:31:32.408 1563 21009 I am_proc_died: [0,10194,com.tencent.android.qqdownloader:live,0,5]
07-21 16:31:32.409 1563 21009 I am_schedule_service_restart: [0,com.tencent.android.qqdownloader/com.tencent.assistant.syscomponent.MediaRouteProviderService2,1000]
07-21 16:31:32.522 0 0 I : [ 3879.472663] atmel_mxt_ts 0-004a: Enter resume
07-21 16:31:32.835 12231 12231 I auditd : type=1400 audit(0.0:16080): avc: granted { execute } for comm="tmn-5-4" path="/data/data/com.qiyi.video/app_native_lib/com.iqiyi.fastdns/1.1.3.60/arm64-v8a/libfastdns.so" dev="dm-13" ino=75510 scontext=u:r:untrusted_app:s0:c122,c256,c512,c768 tcontext=u:object_r:app_data_file:s0:c122,c256,c512,c768 tclass=file app=com.qiyi.video
07-21 16:31:33.079 12231 12231 I auditd : type=1400 audit(0.0:16081): avc: granted { execute } for comm="AutoName_com/qq" path="/data/data/com.qiyi.video/app_e_qq_com_plugin_138a072b26cc7e69d16ffdad8a1875d7/oat/arm64/gdt_plugin.odex" dev="dm-13" ino=190242 scontext=u:r:untrusted_app:s0:c122,c256,c512,c768 tcontext=u:object_r:app_data_file:s0:c122,c256,c512,c768 tclass=file app=com.qiyi.video
07-21 16:31:33.157 1563 1689 I commit_sys_config_file: [notification-policy,3870810]
07-21 16:31:33.219 12231 12231 I auditd : type=1400 audit(0.0:16082): avc: denied { read } for comm="PlayerLoadLib" name="sdcard" dev="tmpfs" ino=13264 scontext=u:r:untrusted_app:s0:c122,c256,c512,c768 tcontext=u:object_r:mnt_sdcard_file:s0 tclass=lnk_file permissive=1 app=com.qiyi.video
07-21 16:31:33.223 12231 12231 I auditd : type=1400 audit(0.0:16083): avc: denied { open } for comm="AutoName_org/qi" path="/dev/__properties__/u:object_r:vendor_default_prop:s0" dev="tmpfs" ino=2356 scontext=u:r:untrusted_app:s0:c122,c256,c512,c768 tcontext=u:object_r:vendor_default_prop:s0 tclass=file permissive=1 app=com.qiyi.video
07-21 16:31:33.223 12231 12231 I auditd : type=1400 audit(0.0:16084): avc: denied { getattr } for comm="AutoName_org/qi" path="/dev/__properties__/u:object_r:vendor_default_prop:s0" dev="tmpfs" ino=2356 scontext=u:r:untrusted_app:s0:c122,c256,c512,c768 tcontext=u:object_r:vendor_default_prop:s0 tclass=file permissive=1 app=com.qiyi.video
07-21 16:31:33.223 12231 12231 I auditd : type=1400 audit(0.0:16085): avc: denied { map } for comm="AutoName_org/qi" path="/dev/__properties__/u:object_r:vendor_default_prop:s0" dev="tmpfs" ino=2356 scontext=u:r:untrusted_app:s0:c122,c256,c512,c768 tcontext=u:object_r:vendor_default_prop:s0 tclass=file permissive=1 app=com.qiyi.video
07-21 16:31:33.237 0 0 I : [ 3880.192089] atmel_mxt_ts 0-004a: Report KEY_POWER to wakeup system
07-21 16:31:33.271 12231 12231 I auditd : type=1400 audit(0.0:16086): avc: granted { execute } for comm="AutoName_com/qq" path="/data/data/com.qiyi.video/app_e_qq_com_plugin_138a072b26cc7e69d16ffdad8a1875d7/libyaqpro.1b721170.so" dev="dm-13" ino=79197 scontext=u:r:untrusted_app:s0:c122,c256,c512,c768 tcontext=u:object_r:app_data_file:s0:c122,c256,c512,c768 tclass=file app=com.qiyi.video
07-21 16:31:33.293 0 0 W [ 3880.243651] audit: audit_lost=12352 audit_rate_limit=5 audit_backlog_limit=64
07-21 16:31:33.293 0 0 E [ 3880.243656] audit: rate limit exceeded
07-21 16:31:33.419 1563 1701 I am_proc_start: [0,12542,10104,com.tencent.android.qqdownloader:live,service,{com.tencent.android.qqdownloader/com.tencent.assistant.syscomponent.MediaRouteProviderService2}]
07-21 16:31:33.442 0 0 I [ 3880.393417] binder: 12542:12542 ioctl 40046210 7ff1724834 returned -22
07-21 16:31:33.453 1563 2230 I am_proc_bound: [0,12542,com.tencent.android.qqdownloader:live]
07-21 16:31:33.554 0 0 I [ 3880.502023] binder: 11458:11496 transaction failed 29189/-22, size 352-8 line 3071
07-21 16:31:33.665 0 0 I [ 3880.618998] binder: 12231:12607 ioctl 40046210 71297ff0d4 returned -22
07-21 16:31:34.361 0 0 I [ 3881.315793] binder: 12687:12687 ioctl 40046210 7fdc8716d4 returned -22
07-21 16:31:34.413 0 0 I [ 3881.367583] binder: 12692:12692 ioctl 40046210 7fcb864994 returned -22
07-21 16:31:34.449 0 0 I [ 3881.403948] binder: 12696:12696 ioctl 40046210 7ffcb01f74 returned -22
07-21 16:31:34.489 0 0 I [ 3881.442942] binder: 12700:12700 ioctl 40046210 7ffbdac694 returned -22
07-21 16:31:34.523 12704 12704 I auditd : type=1400 audit(0.0:16104): avc: denied { open } for comm="ps" path="/proc/sys/kernel/pid_max" dev="proc" ino=1841249 scontext=u:r:untrusted_app:s0:c122,c256,c512,c768 tcontext=u:object_r:proc_pid_max:s0 tclass=file permissive=1 app=com.qiyi.video
07-21 16:31:34.555 12231 12231 I auditd : type=1400 audit(0.0:16105): avc: denied { read } for comm="Thread-54" name="u:object_r:oem_unlock_prop:s0" dev="tmpfs" ino=2258 scontext=u:r:untrusted_app:s0:c122,c256,c512,c768 tcontext=u:object_r:oem_unlock_prop:s0 tclass=file permissive=1 app=com.qiyi.video
07-21 16:31:34.555 12231 12231 I auditd : type=1400 audit(0.0:16106): avc: denied { open } for comm="Thread-54" path="/dev/__properties__/u:object_r:oem_unlock_prop:s0" dev="tmpfs" ino=2258 scontext=u:r:untrusted_app:s0:c122,c256,c512,c768 tcontext=u:object_r:oem_unlock_prop:s0 tclass=file permissive=1 app=com.qiyi.video
07-21 16:31:34.555 12231 12231 I auditd : type=1400 audit(0.0:16107): avc: denied { getattr } for comm="Thread-54" path="/dev/__properties__/u:object_r:oem_unlock_prop:s0" dev="tmpfs" ino=2258 scontext=u:r:untrusted_app:s0:c122,c256,c512,c768 tcontext=u:object_r:oem_unlock_prop:s0 tclass=file permissive=1 app=com.qiyi.video
07-21 16:31:34.555 12231 12231 I auditd : type=1400 audit(0.0:16108): avc: denied { map } for comm="Thread-54" path="/dev/__properties__/u:object_r:oem_unlock_prop:s0" dev="tmpfs" ino=2258 scontext=u:r:untrusted_app:s0:c122,c256,c512,c768 tcontext=u:object_r:oem_unlock_prop:s0 tclass=file permissive=1 app=com.qiyi.video
07-21 16:31:34.593 0 0 I [ 3881.547779] binder: 12710:12710 ioctl 40046210 7fe214c3b4 returned -22
07-21 16:31:35.843 12231 12231 I auditd : type=1400 audit(0.0:16109): avc: denied { getattr } for comm="Thread-54" path="/dev/input/event0" dev="tmpfs" ino=13078 scontext=u:r:untrusted_app:s0:c122,c256,c512,c768 tcontext=u:object_r:input_device:s0 tclass=chr_file permissive=1 app=com.qiyi.video
07-21 16:31:35.995 12719 12719 I auditd : type=1400 audit(0.0:16110): avc: denied { bind } for comm="ip" scontext=u:r:untrusted_app:s0:c122,c256,c512,c768 tcontext=u:r:untrusted_app:s0:c122,c256,c512,c768 tclass=netlink_route_socket permissive=1 bug=b/155595000 app=com.qiyi.video
07-21 16:31:36.011 12720 12720 I auditd : type=1400 audit(0.0:16111): avc: denied { nlmsg_readpriv } for comm="ip" scontext=u:r:untrusted_app:s0:c122,c256,c512,c768 tcontext=u:r:untrusted_app:s0:c122,c256,c512,c768 tclass=netlink_route_socket permissive=1 bug=b/155595000 app=com.qiyi.video
07-21 16:31:36.185 0 0 I [ 3883.139176] binder: 12723:12723 ioctl 40046210 7fd504b234 returned -22
07-21 16:31:36.187 12231 12231 I auditd : type=1400 audit(0.0:16112): avc: denied { open } for comm="Thread-54" path="/proc/12231/net/arp" dev="proc" ino=4026532245 scontext=u:r:untrusted_app:s0:c122,c256,c512,c768 tcontext=u:object_r:proc_net:s0 tclass=file permissive=1 app=com.qiyi.video
07-21 16:31:36.187 12231 12231 I auditd : type=1400 audit(0.0:16113): avc: denied { getattr } for comm="Thread-54" path="/proc/12231/net/arp" dev="proc" ino=4026532245 scontext=u:r:untrusted_app:s0:c122,c256,c512,c768 tcontext=u:object_r:proc_net:s0 tclass=file permissive=1 app=com.qiyi.video
07-21 16:31:36.881 0 0 I [ 3883.835803] binder: 12730:12730 ioctl 40046210 7ff79c9134 returned -22
07-21 16:31:36.921 0 0 I [ 3883.872669] binder: 12735:12735 ioctl 40046210 7ff2f9d7a4 returned -22
07-21 16:31:36.951 12739 12739 I auditd : type=1400 audit(0.0:16114): avc: denied { open } for comm="ps" path="/proc/sys/kernel/pid_max" dev="proc" ino=1841249 scontext=u:r:untrusted_app:s0:c122,c256,c512,c768 tcontext=u:object_r:proc_pid_max:s0 tclass=file permissive=1 app=com.qiyi.video
07-21 16:31:38.544 1563 1817 I sysui_multi_action: [757,1513,758,4,805,1689928298544,1514,10104,1515,com.tencent.android.qqdownloader,1516,1003,1517,0,1518,1000,1519,1000,1520,0,1526,com.tencent.android.qqdownloader/com.tencent.qqdownloader.backgroundstart.BackgroundSupportActivity,1527,1]
07-21 16:31:38.549 1563 2231 I sysui_multi_action: [757,1513,758,4,805,1689928298549,1514,10104,1515,com.tencent.android.qqdownloader,1516,1003,1517,0,1518,10104,1519,1003,1520,0,1526,com.tencent.android.qqdownloader/com.tencent.qqdownloader.backgroundstart.BackgroundSupportActivity,1527,1,1529,com.tencent.android.qqdownloader:live,1530,1004,1531,0,1532,0,1533,0,1534,0,1535,0,1536,0,1537,5094]
07-21 16:31:46.555 1563 1817 I sysui_multi_action: [757,1513,758,4,805,1689928306555,1514,10104,1515,com.tencent.android.qqdownloader,1516,1003,1517,0,1518,1000,1519,1000,1520,0,1526,com.tencent.android.qqdownloader/com.tencent.qqdownloader.backgroundstart.BackgroundSupportActivity,1527,1]
07-21 16:31:52.242 1563 1845 I netstats_mobile_sample: [0,0,0,0,0,0,0,0,0,0,0,0,1689928312242]
07-21 16:31:52.242 1563 1845 I netstats_wifi_sample: [7709048,9176,12253980,19993,7709048,9176,12253980,19993,105394806,113715,9791490,17884,1689928312242]
07-21 16:31:52.239 689 689 I auditd : type=1400 audit(0.0:16115): avc: denied { add_name } for comm="Binder:689_4" name="globalAlert" scontext=u:r:netd:s0 tcontext=u:object_r:proc_net:s0 tclass=dir permissive=1
07-21 16:31:53.010 1563 1700 I am_uid_running: 10058
07-21 16:31:53.015 1563 1861 I am_uid_running: 10023
07-21 16:31:53.028 1563 1701 I am_proc_start: [0,12833,10058,com.qualcomm.timeservice,broadcast,{com.qualcomm.timeservice/com.qualcomm.timeservice.TimeServiceBroadcastReceiver}]
07-21 16:31:53.040 1563 1701 I am_proc_start: [0,12834,10023,com.android.providers.calendar,content provider,{com.android.providers.calendar/com.android.providers.calendar.CalendarProvider2}]
07-21 16:31:53.059 1563 2230 I am_proc_bound: [0,12834,com.android.providers.calendar]
07-21 16:31:53.060 0 0 I [ 3900.016487] binder: 12834:12834 ioctl 40046210 7ff1724834 returned -22
07-21 16:31:53.060 0 0 I [ 3900.016728] binder: 12833:12833 ioctl 40046210 7ff1724834 returned -22
07-21 16:31:53.062 1563 2230 I am_uid_active: 10023
07-21 16:31:53.062 1563 1869 I am_proc_bound: [0,12833,com.qualcomm.timeservice]
07-21 16:31:53.079 12231 12231 I auditd : type=1400 audit(0.0:16116): avc: denied { open } for comm="HCDN_DownloadEn" path="/proc/stat" dev="proc" ino=4026532236 scontext=u:r:untrusted_app:s0:c122,c256,c512,c768 tcontext=u:object_r:proc_stat:s0 tclass=file permissive=1 app=com.qiyi.video
07-21 16:31:53.083 12231 12231 I auditd : type=1400 audit(0.0:16117): avc: denied { getattr } for comm="HCDN_DownloadEn" path="/proc/stat" dev="proc" ino=4026532236 scontext=u:r:untrusted_app:s0:c122,c256,c512,c768 tcontext=u:object_r:proc_stat:s0 tclass=file permissive=1 app=com.qiyi.video
07-21 16:31:53.107 1563 1869 I am_uid_running: 10106
07-21 16:31:53.109 1563 1869 I am_kill : [0,12833,com.qualcomm.timeservice,905,empty #2]
07-21 16:31:53.113 1563 1701 I am_proc_start: [0,12870,10106,com.smile.gifmaker,broadcast,{com.smile.gifmaker/androidx.work.impl.background.systemalarm.RescheduleReceiver}]
07-21 16:31:53.128 0 0 I [ 3900.087971] binder: 12870:12870 ioctl 40046210 ff9965c8 returned -22
07-21 16:31:53.130 1563 1869 I am_proc_died: [0,12833,com.qualcomm.timeservice,905,19]
07-21 16:31:53.130 1563 1869 I am_uid_stopped: 10058
07-21 16:31:53.133 1563 2231 I am_proc_bound: [0,12870,com.smile.gifmaker]
07-21 16:31:53.415 12870 12870 I auditd : type=1400 audit(0.0:16118): avc: denied { open } for comm="dfp_oaid_thread" path="/dev/__properties__/u:object_r:vendor_default_prop:s0" dev="tmpfs" ino=2356 scontext=u:r:untrusted_app_29:s0:c106,c256,c512,c768 tcontext=u:object_r:vendor_default_prop:s0 tclass=file permissive=1 app=com.smile.gifmaker
07-21 16:31:53.415 12870 12870 I auditd : type=1400 audit(0.0:16119): avc: denied { getattr } for comm="dfp_oaid_thread" path="/dev/__properties__/u:object_r:vendor_default_prop:s0" dev="tmpfs" ino=2356 scontext=u:r:untrusted_app_29:s0:c106,c256,c512,c768 tcontext=u:object_r:vendor_default_prop:s0 tclass=file permissive=1 app=com.smile.gifmaker
07-21 16:31:53.415 12870 12870 I auditd : type=1400 audit(0.0:16120): avc: denied { map } for comm="dfp_oaid_thread" path="/dev/__properties__/u:object_r:vendor_default_prop:s0" dev="tmpfs" ino=2356 scontext=u:r:untrusted_app_29:s0:c106,c256,c512,c768 tcontext=u:object_r:vendor_default_prop:s0 tclass=file permissive=1 app=com.smile.gifmaker
07-21 16:31:53.735 12870 12903 I liblog : 22
07-21 16:31:53.779 12870 12870 I auditd : type=1400 audit(0.0:16121): avc: granted { execute } for comm="ela_global-io" path="/data/user/0/com.smile.gifmaker/app_lib/libruntime-optimize.so.28545" dev="dm-13" ino=43896 scontext=u:r:untrusted_app_29:s0:c106,c256,c512,c768 tcontext=u:object_r:app_data_file:s0:c106,c256,c512,c768 tclass=file app=com.smile.gifmaker
07-21 16:31:53.803 1563 2231 I am_uid_running: 10095
07-21 16:31:53.805 1563 2231 I am_kill : [0,12231,com.qiyi.video,905,empty #2]
07-21 16:31:53.813 1563 1701 I am_proc_start: [0,12976,10095,com.tencent.mobileqq:MSF,broadcast,{com.tencent.mobileqq/com.tencent.mobileqq.msf.core.NetConnInfoCenter}]
07-21 16:31:53.833 0 0 I [ 3900.790867] binder: 12976:12976 ioctl 40046210 7ff1724834 returned -22
07-21 16:31:53.839 1563 2231 I am_proc_bound: [0,12976,com.tencent.mobileqq:MSF]
07-21 16:31:53.875 1563 1699 I am_pss : [12542,10104,com.tencent.android.qqdownloader:live,32381952,18919424,44032,137420800,0,5,8]
07-21 16:31:54.019 12870 12870 I auditd : type=1400 audit(0.0:16122): avc: granted { nlmsg_readpriv } for comm="ela_global-io" scontext=u:r:untrusted_app_29:s0:c106,c256,c512,c768 tcontext=u:r:untrusted_app_29:s0:c106,c256,c512,c768 tclass=netlink_route_socket app=com.smile.gifmaker
07-21 16:31:54.027 12870 12870 I auditd : type=1400 audit(0.0:16123): avc: granted { nlmsg_readpriv } for comm="ela_global-io" scontext=u:r:untrusted_app_29:s0:c106,c256,c512,c768 tcontext=u:r:untrusted_app_29:s0:c106,c256,c512,c768 tclass=netlink_route_socket app=com.smile.gifmaker
07-21 16:31:54.101 1563 1701 I am_proc_start: [0,13004,10095,com.tencent.mobileqq,content provider,{com.tencent.mobileqq/com.tencent.mqq.shared_file_accessor.ContentProviderImpl}]
07-21 16:31:54.121 0 0 I [ 3901.077841] binder: 13004:13004 ioctl 40046210 7ff1724834 returned -22
07-21 16:31:54.127 1563 2231 I am_proc_bound: [0,13004,com.tencent.mobileqq]
07-21 16:31:54.160 0 0 W [ 3901.106354] audit: audit_lost=12369 audit_rate_limit=5 audit_backlog_limit=64
07-21 16:31:54.160 0 0 E [ 3901.106359] audit: rate limit exceeded
07-21 16:31:54.374 1563 1701 I am_proc_start: [0,13043,10106,com.smile.gifmaker:push_v3,service,{com.smile.gifmaker/com.kwai.android.dispatcher.PushV3ProcessLauncherService}]
07-21 16:31:54.392 0 0 I [ 3901.350127] binder: 13043:13043 ioctl 40046210 ff9965c8 returned -22
07-21 16:31:54.395 1563 1869 I am_proc_bound: [0,13043,com.smile.gifmaker:push_v3]
07-21 16:31:54.443 12870 12870 I auditd : type=1400 audit(0.0:16142): avc: denied { read } for comm="pool-2-thread-6" name="tcp" dev="proc" ino=4026532256 scontext=u:r:untrusted_app_29:s0:c106,c256,c512,c768 tcontext=u:object_r:proc_net_tcp_udp:s0 tclass=file permissive=1 app=com.smile.gifmaker
07-21 16:31:54.443 12870 12870 I auditd : type=1400 audit(0.0:16143): avc: denied { open } for comm="pool-2-thread-6" path="/proc/12870/net/tcp" dev="proc" ino=4026532256 scontext=u:r:untrusted_app_29:s0:c106,c256,c512,c768 tcontext=u:object_r:proc_net_tcp_udp:s0 tclass=file permissive=1 app=com.smile.gifmaker
07-21 16:31:54.443 12870 12870 I auditd : type=1400 audit(0.0:16144): avc: denied { getattr } for comm="pool-2-thread-6" path="/proc/12870/net/tcp" dev="proc" ino=4026532256 scontext=u:r:untrusted_app_29:s0:c106,c256,c512,c768 tcontext=u:object_r:proc_net_tcp_udp:s0 tclass=file permissive=1 app=com.smile.gifmaker
07-21 16:31:54.595 12870 12870 I auditd : type=1400 audit(0.0:16145): avc: denied { open } for comm="pool-2-thread-6" path="/dev/__properties__/u:object_r:serialno_prop:s0" dev="tmpfs" ino=2285 scontext=u:r:untrusted_app_29:s0:c106,c256,c512,c768 tcontext=u:object_r:serialno_prop:s0 tclass=file permissive=1 app=com.smile.gifmaker
07-21 16:31:54.595 12870 12870 I auditd : type=1400 audit(0.0:16146): avc: denied { getattr } for comm="pool-2-thread-6" path="/dev/__properties__/u:object_r:serialno_prop:s0" dev="tmpfs" ino=2285 scontext=u:r:untrusted_app_29:s0:c106,c256,c512,c768 tcontext=u:object_r:serialno_prop:s0 tclass=file permissive=1 app=com.smile.gifmaker
07-21 16:31:55.189 0 0 W [ 3902.146231] audit: audit_lost=12390 audit_rate_limit=5 audit_backlog_limit=64
07-21 16:31:55.189 0 0 E [ 3902.146237] audit: rate limit exceeded
07-21 16:31:55.638 1563 1869 I am_kill : [0,13004,com.tencent.mobileqq,915,empty #2]
07-21 16:31:55.640 1563 1869 I am_kill : [0,12870,com.smile.gifmaker,905,empty #3]
07-21 16:31:55.785 1563 1689 I commit_sys_config_file: [notification-policy,3893442]
07-21 16:31:55.786 1563 1869 I am_kill : [0,13043,com.smile.gifmaker:push_v3,905,empty #2]
07-21 16:31:55.847 1563 2230 I am_proc_died: [0,13004,com.tencent.mobileqq,915,19]
07-21 16:31:55.848 0 0 I [ 3902.805434] binder: send failed reply for transaction 1794306 to 12976:13250
07-21 16:31:55.848 0 0 I [ 3902.805457] binder: send failed reply for transaction 1794430 to 12976:13267
07-21 16:31:55.849 1563 2230 I am_kill : [0,12094,com.thundercomm.gamemode.provider,915,empty #2]
07-21 16:31:55.860 1563 1701 I am_proc_start: [0,13273,10095,com.tencent.mobileqq,content provider,{com.tencent.mobileqq/com.tencent.mqq.shared_file_accessor.ContentProviderImpl}]
07-21 16:31:55.867 0 0 I [ 3902.824744] binder: undelivered TRANSACTION_COMPLETE
07-21 16:31:55.867 0 0 I [ 3902.824753] binder: undelivered transaction 1794428, process died.
07-21 16:31:55.866 1563 1869 I am_proc_died: [0,13043,com.smile.gifmaker:push_v3,905,19]
07-21 16:31:55.868 1563 1869 I am_schedule_service_restart: [0,com.smile.gifmaker/com.kwai.android.dispatcher.PushV3ProcessLauncherService,1000]
07-21 16:31:55.873 1563 1869 I am_proc_died: [0,12094,com.thundercomm.gamemode.provider,915,19]
07-21 16:31:55.874 1563 1869 I am_uid_stopped: 10064
07-21 16:31:55.884 0 0 I [ 3902.843532] binder: 13273:13273 ioctl 40046210 7ff1724834 returned -22
07-21 16:31:55.888 1563 17518 I am_proc_died: [0,12231,com.qiyi.video,905,19]
07-21 16:31:55.890 1563 17518 I am_uid_stopped: 10122
07-21 16:31:55.897 1563 17518 I am_proc_bound: [0,13273,com.tencent.mobileqq]
07-21 16:31:55.963 1563 6493 I am_proc_died: [0,12870,com.smile.gifmaker,905,19]
07-21 16:31:55.964 1563 6493 I am_uid_stopped: 10106
07-21 16:31:55.966 1563 6493 I am_kill : [0,12976,com.tencent.mobileqq:MSF,915,empty #2]
07-21 16:31:55.966 0 0 I [ 3902.921069] binder: undelivered TRANSACTION_COMPLETE
07-21 16:31:55.966 0 0 I [ 3902.921077] binder: undelivered transaction 1794263, process died.
07-21 16:31:55.966 0 0 I [ 3902.921811] binder: undelivered transaction 1794421, process died.
07-21 16:31:56.001 1563 6493 I am_proc_died: [0,12976,com.tencent.mobileqq:MSF,915,19]
07-21 16:31:59.693 0 0 I [ 3906.648391] init: processing action (sys.tlog.tlogdshc.active=1) from (/system/etc/init/tlogd.rc:198)
07-21 16:31:59.693 0 0 I [ 3906.649143] init: starting service 'tlogdshc'...
07-21 16:31:59.800 0 0 I [ 3906.757420] init: Service 'tlogdshc' (pid 13332) exited with status 0 oneshot service took 0.103000 seconds in background
07-21 16:31:59.801 0 0 I [ 3906.757449] init: Sending signal 9 to service 'tlogdshc' (pid 13332) process group...
07-21 16:31:59.801 0 0 I [ 3906.757626] libprocessgroup: Successfully killed process cgroup uid 0 pid 13332 in 0ms
07-21 16:32:18.631 1563 1826 I input_interaction: Interaction with: 28c4f40 com.android.launcher3/com.android.launcher3.uioverrides.QuickstepLauncher (server), c461ca2 com.android.systemui.ImageWallpaper (server), edge-swipe (server), swipe-up (server), PointerEventDispatcher0 (server),
07-21 16:32:19.828 1563 6493 I wm_task_created: [77,-1]
07-21 16:32:19.831 1563 6493 I wm_task_moved: [77,1,7]
07-21 16:32:19.831 1563 6493 I wm_task_to_front: [0,77]
07-21 16:32:19.831 1563 6493 I wm_create_task: [0,77]
07-21 16:32:19.831 1563 6493 I wm_create_activity: [0,182464186,77,com.tencent.tmgp.sgame/.SGameActivity,android.intent.action.MAIN,NULL,NULL,270532608]
07-21 16:32:19.831 1563 6493 I wm_task_moved: [77,1,7]
07-21 16:32:19.833 1563 6493 I wm_pause_activity: [0,51676365,com.android.launcher3/.uioverrides.QuickstepLauncher,userLeaving=true,pauseBackTasks]
07-21 16:32:19.835 2587 2587 I wm_on_top_resumed_lost_called: [51676365,com.android.launcher3.uioverrides.QuickstepLauncher,topStateChangedWhenResumed]
07-21 16:32:19.835 2587 2587 I wm_on_paused_called: [51676365,com.android.launcher3.uioverrides.QuickstepLauncher,performPause]
07-21 16:32:19.836 1563 2230 I wm_add_to_stopping: [0,51676365,com.android.launcher3/.uioverrides.QuickstepLauncher,makeInvisible]
07-21 16:32:19.837 1563 1690 I am_uid_running: 10110
07-21 16:32:19.838 1563 1690 I sysui_multi_action: [757,803,799,window_time_0,802,50]
07-21 16:32:19.840 1563 1690 I am_kill : [0,12834,com.android.providers.calendar,915,empty #2]
07-21 16:32:19.844 1563 1701 I am_proc_start: [0,13409,10110,com.tencent.tmgp.sgame,pre-top-activity,{com.tencent.tmgp.sgame/com.tencent.tmgp.sgame.SGameActivity}]
07-21 16:32:19.850 0 0 W [ 3926.808920] perfetto: enabled ftrace
07-21 16:32:19.851 1563 1699 I am_pss : [13273,10095,com.tencent.mobileqq,117146624,113557504,45056,207138816,0,19,9]
07-21 16:32:19.856 0 0 I [ 3926.815516] binder: 13409:13409 ioctl 40046210 7ff1724834 returned -22
07-21 16:32:19.858 1563 1826 I input_focus: [Focus leaving 28c4f40 com.android.launcher3/com.android.launcher3.uioverrides.QuickstepLauncher (server),reason=NO_WINDOW]
07-21 16:32:19.858 1563 1699 I am_pss : [12542,10104,com.tencent.android.qqdownloader:live,32906240,18923520,46080,137420800,0,5,6]
07-21 16:32:19.859 1563 2230 I am_proc_bound: [0,13409,com.tencent.tmgp.sgame]
07-21 16:32:19.862 1563 2230 I wm_restart_activity: [0,182464186,77,com.tencent.tmgp.sgame/.SGameActivity]
07-21 16:32:19.862 1563 2230 I wm_set_resumed_activity: [0,com.tencent.tmgp.sgame/.SGameActivity,minimalResumeActivityLocked]
07-21 16:32:19.863 1563 1690 I am_uid_active: 10110
07-21 16:32:19.866 1563 2055 I am_proc_died: [0,12834,com.android.providers.calendar,915,19]
07-21 16:32:19.873 1563 2055 I am_uid_stopped: 10023
07-21 16:32:19.877 1563 2230 I am_uid_running: 10064
07-21 16:32:19.882 1563 1701 I am_proc_start: [0,13428,10064,com.thundercomm.gamemode.provider,content provider,{com.thundercomm.gamemode.provider/com.thundercomm.gamemode.provider.SettingsProvider}]
07-21 16:32:19.891 0 0 I [ 3926.848948] binder: 13428:13428 ioctl 40046210 7ff1724834 returned -22
07-21 16:32:19.892 1563 2230 I am_proc_bound: [0,13428,com.thundercomm.gamemode.provider]
07-21 16:32:19.894 1563 2230 I am_uid_active: 10064
07-21 16:32:19.895 13409 13409 I auditd : type=1400 audit(0.0:16154): avc: denied { open } for comm="cent.tmgp.sgame" path="/dev/__properties__/u:object_r:vendor_default_prop:s0" dev="tmpfs" ino=2356 scontext=u:r:untrusted_app_29:s0:c110,c256,c512,c768 tcontext=u:object_r:vendor_default_prop:s0 tclass=file permissive=1 app=com.tencent.tmgp.sgame
07-21 16:32:19.895 13409 13409 I auditd : type=1400 audit(0.0:16155): avc: denied { getattr } for comm="cent.tmgp.sgame" path="/dev/__properties__/u:object_r:vendor_default_prop:s0" dev="tmpfs" ino=2356 scontext=u:r:untrusted_app_29:s0:c110,c256,c512,c768 tcontext=u:object_r:vendor_default_prop:s0 tclass=file permissive=1 app=com.tencent.tmgp.sgame
07-21 16:32:19.895 13409 13409 I auditd : type=1400 audit(0.0:16156): avc: denied { map } for comm="cent.tmgp.sgame" path="/dev/__properties__/u:object_r:vendor_default_prop:s0" dev="tmpfs" ino=2356 scontext=u:r:untrusted_app_29:s0:c110,c256,c512,c768 tcontext=u:object_r:vendor_default_prop:s0 tclass=file permissive=1 app=com.tencent.tmgp.sgame
07-21 16:32:20.139 13409 13409 I wm_on_create_called: [182464186,com.tencent.tmgp.sgame.SGameActivity,performCreate]
07-21 16:32:20.140 13409 13409 I wm_on_start_called: [182464186,com.tencent.tmgp.sgame.SGameActivity,handleStartActivity]
07-21 16:32:20.140 13409 13409 I wm_on_resume_called: [182464186,com.tencent.tmgp.sgame.SGameActivity,RESUME_ACTIVITY]
07-21 16:32:20.141 13409 13409 I wm_on_top_resumed_gained_called: [182464186,com.tencent.tmgp.sgame.SGameActivity,topStateChangedWhenResumed]
07-21 16:32:20.148 1563 1691 I input_focus: [Focus request 979ab7d com.tencent.tmgp.sgame/com.tencent.tmgp.sgame.SGameActivity,reason=UpdateInputWindows]
07-21 16:32:20.160 0 0 I [ 3927.119148] binder: 13409:13449 ioctl 40046210 71e52911f4 returned -22
07-21 16:32:20.202 1563 1687 I sysui_multi_action: [319,46,321,43,322,375,325,3926,757,761,758,7,759,1,806,com.tencent.tmgp.sgame,871,com.tencent.tmgp.sgame.SGameActivity,904,com.android.launcher3,905,0,945,37,1320,17,1321,1]
07-21 16:32:20.202 1563 1687 I wm_activity_launch_time: [0,182464186,com.tencent.tmgp.sgame/.SGameActivity,375]
07-21 16:32:20.209 1563 1826 I input_focus: [Focus entering 979ab7d com.tencent.tmgp.sgame/com.tencent.tmgp.sgame.SGameActivity (server),reason=Window became focusable. Previous reason: NOT_VISIBLE]
07-21 16:32:20.395 1563 1690 I wm_stop_activity: [0,51676365,com.android.launcher3/.uioverrides.QuickstepLauncher]
07-21 16:32:20.411 2587 2587 I wm_on_stop_called: [51676365,com.android.launcher3.uioverrides.QuickstepLauncher,STOP_ACTIVITY_ITEM]
07-21 16:32:21.827 860 860 I auditd : type=1400 audit(0.0:16157): avc: denied { add_name } for comm="perf@2.2-servic" name="min_freq" scontext=u:r:vendor_hal_perf_default:s0 tcontext=u:object_r:vendor_sysfs_devfreq:s0 tclass=dir permissive=1
07-21 16:32:21.831 860 860 I auditd : type=1400 audit(0.0:16158): avc: denied { add_name } for comm="perf@2.2-servic" name="cpu_min_freq" scontext=u:r:vendor_hal_perf_default:s0 tcontext=u:object_r:vendor_sysfs_msm_perf:s0 tclass=dir permissive=1
07-21 16:32:21.933 1563 1826 I input_interaction: Interaction with: 979ab7d com.tencent.tmgp.sgame/com.tencent.tmgp.sgame.SGameActivity (server), edge-swipe (server), swipe-up (server), PointerEventDispatcher0 (server),
07-21 16:32:22.491 1563 1826 I input_interaction: Interaction with: 9591c99 StatusBar (server), edge-swipe (server), swipe-up (server), PointerEventDispatcher0 (server),
07-21 16:32:22.495 1927 1927 I sysui_multi_action: [757,803,799,panel_open,802,1]
07-21 16:32:22.499 1927 1927 I sysui_multi_action: [757,1328,758,4,1326,77,1327,0,1329,0]
07-21 16:32:22.506 1563 10185 I sysui_multi_action: [757,127,758,1]
07-21 16:32:22.506 1563 10185 I sysui_multi_action: [757,804,799,note_load,801,2,802,1]
07-21 16:32:22.506 1563 10185 I notification_panel_revealed: 2
07-21 16:32:22.520 1563 1691 I input_focus: [Focus request 754ea47 NotificationShade,reason=UpdateInputWindows]
07-21 16:32:22.528 1563 2230 I sysui_multi_action: [757,128,758,1,793,2530568,794,0,795,2530568,796,26,798,0,806,android,857,DEVELOPER_IMPORTANT,858,4,947,0,1395,2,1500,2530362,1688,1]
07-21 16:32:22.529 1563 2230 I sysui_multi_action: [757,804,799,note_freshness,801,2530568,802,1]
07-21 16:32:22.529 1563 2230 I notification_visibility: [-1|android|26|null|1000,1,2530568,2530568,0,0]
07-21 16:32:22.529 1563 2230 I sysui_multi_action: [757,128,758,1,793,2530571,794,0,795,2530571,796,32,798,1,806,android,857,USB,858,1,947,0,1395,2,1500,2530368,1688,1]
07-21 16:32:22.529 1563 2230 I sysui_multi_action: [757,804,799,note_freshness,801,2530571,802,1]
07-21 16:32:22.529 1563 2230 I notification_visibility: [-1|android|32|null|1000,1,2530571,2530571,0,1]
07-21 16:32:22.548 1927 1927 I sysui_multi_action: [757,111,758,1]
07-21 16:32:22.549 1927 1927 I sysui_multi_action: [757,113,758,1,759,113,927,0,928,1,1593,0]
07-21 16:32:22.549 1927 1927 I sysui_multi_action: [757,0,758,1,759,0,927,1,928,0,1593,0]
07-21 16:32:22.549 1927 1927 I sysui_multi_action: [757,491,758,1,759,491,927,2,928,0,1311,-1,1593,0]
07-21 16:32:22.549 1927 1927 I sysui_multi_action: [757,0,758,1,759,0,927,3,928,0,1593,0]
07-21 16:32:22.549 1927 1927 I sysui_multi_action: [757,126,758,1,759,126,927,4,928,1,1593,0]
07-21 16:32:22.550 1927 1927 I sysui_multi_action: [757,111,758,1]
07-21 16:32:22.550 1927 1927 I sysui_multi_action: [757,113,758,1,759,113,927,0,928,1,1593,0]
07-21 16:32:22.550 1563 1826 I input_focus: [Focus leaving 979ab7d com.tencent.tmgp.sgame/com.tencent.tmgp.sgame.SGameActivity (server),reason=setFocusedWindow]
07-21 16:32:22.550 1927 1927 I sysui_multi_action: [757,0,758,1,759,0,927,1,928,0,1593,0]
07-21 16:32:22.550 1563 1826 I input_focus: [Focus entering 754ea47 NotificationShade (server),reason=setFocusedWindow]
07-21 16:32:22.550 1927 1927 I sysui_multi_action: [757,491,758,1,759,491,927,2,928,0,1311,-1,1593,0]
07-21 16:32:22.550 1927 1927 I sysui_multi_action: [757,0,758,1,759,0,927,3,928,0,1593,0]
07-21 16:32:24.333 1563 1826 I input_interaction: Interaction with: 754ea47 NotificationShade (server), edge-swipe (server), swipe-up (server), PointerEventDispatcher0 (server),
07-21 16:32:24.445 1927 1927 I sysui_multi_action: [757,925,758,4,759,0,927,3,928,0,1592,0,1593,1]
07-21 16:32:24.492 0 0 I [ 3931.451377] [drm: dsi_display_set_mode] [msm-dsi-info]: mdp_transfer_time_us=0 us
07-21 16:32:24.492 0 0 I [ 3931.451385] [drm: dsi_display_set_mode] [msm-dsi-info]: hactive= 2560,vactive= 1080,fps=30
07-21 16:32:24.492 0 0 I [ 3931.451526] [MAX975X: max96755x_drm_notifier_callback] *INFO* receives BLANK: UNBLANK
07-21 16:32:24.505 0 0 W [ 3931.464070] ALERT: changing window size from 16000000 to 20000000 at 3931464041134
07-21 16:32:24.694 1563 1815 I commit_sys_config_file: [settings-1-0,11]
07-21 16:32:24.697 0 0 I : [ 3931.652536] atmel_mxt_ts 0-004a: Enter resume
07-21 16:32:24.849 0 0 W [ 3931.806541] perfetto: disabled ftrace
07-21 16:32:25.493 1927 1927 I sysui_multi_action: [757,111,758,2]
07-21 16:32:25.495 1927 1927 I sysui_multi_action: [757,111,758,2]
07-21 16:32:25.580 1563 1691 I input_focus: [Focus request 979ab7d com.tencent.tmgp.sgame/com.tencent.tmgp.sgame.SGameActivity,reason=UpdateInputWindows]
07-21 16:32:25.585 1563 1598 I sysui_multi_action: [757,128,758,2,793,2533625,794,3057,795,2533625,796,26,798,0,806,android,857,DEVELOPER_IMPORTANT,858,4,947,0,1395,2,1500,2533419,1688,1]
07-21 16:32:25.585 1563 1598 I notification_visibility: [-1|android|26|null|1000,0,2533625,2533625,0,0]
07-21 16:32:25.586 1563 1598 I sysui_multi_action: [757,128,758,2,793,2533628,794,3057,795,2533628,796,32,798,1,806,android,857,USB,858,1,947,0,1395,2,1500,2533425,1688,1]
07-21 16:32:25.586 1563 1598 I notification_visibility: [-1|android|32|null|1000,0,2533628,2533628,0,1]
07-21 16:32:25.587 1563 2055 I sysui_multi_action: [757,127,758,2]
07-21 16:32:25.587 1563 2055 I notification_panel_hidden:
07-21 16:32:25.624 1563 1826 I input_focus: [Focus leaving 754ea47 NotificationShade (server),reason=NOT_FOCUSABLE]
07-21 16:32:25.625 1563 1826 I input_focus: [Focus entering 979ab7d com.tencent.tmgp.sgame/com.tencent.tmgp.sgame.SGameActivity (server),reason=setFocusedWindow]
07-21 16:32:26.146 1563 1826 I input_interaction: Interaction with: 4fcc10b gamemode.floatview (server), edge-swipe (server), swipe-up (server), PointerEventDispatcher0 (server),
07-21 16:32:27.413 1563 1826 I input_interaction: Interaction with: 545d3d7 gamemode.menuview (server), edge-swipe (server), swipe-up (server), PointerEventDispatcher0 (server),
07-21 16:32:29.696 0 0 I [ 3936.655061] init: processing action (sys.tlog.tlogdshc.active=1) from (/system/etc/init/tlogd.rc:198)
07-21 16:32:29.697 0 0 I [ 3936.655601] init: starting service 'tlogdshc'...
07-21 16:32:29.812 0 0 I [ 3936.769125] init: Service 'tlogdshc' (pid 13514) exited with status 0 oneshot service took 0.109000 seconds in background
07-21 16:32:29.813 0 0 I [ 3936.769153] init: Sending signal 9 to service 'tlogdshc' (pid 13514) process group...
07-21 16:32:29.813 0 0 I [ 3936.769380] libprocessgroup: Successfully killed process cgroup uid 0 pid 13514 in 0ms
07-21 16:32:31.154 1563 1826 I input_interaction: Interaction with: 979ab7d com.tencent.tmgp.sgame/com.tencent.tmgp.sgame.SGameActivity (server), edge-swipe (server), swipe-up (server), PointerEventDispatcher0 (server),
07-21 16:32:31.165 1563 21026 I wm_task_moved: [1,0,0]
07-21 16:32:31.165 1563 21026 I wm_task_moved: [1,0,6]
07-21 16:32:31.180 13409 13409 I view_enqueue_input_event: [Motion - Cancel,com.tencent.tmgp.sgame/com.tencent.tmgp.sgame.SGameActivity]
07-21 16:32:31.183 1563 1826 I input_interaction: Interaction with: edge-swipe (server), swipe-up (server), PointerEventDispatcher0 (server),
07-21 16:32:31.185 1563 1691 I input_focus: [Focus request recents_animation_input_consumer,reason=UpdateInputWindows]
07-21 16:32:31.209 2587 2587 I wm_on_restart_called: [51676365,com.android.launcher3.uioverrides.QuickstepLauncher,performRestartActivity]
07-21 16:32:31.237 1563 1826 I input_focus: [Focus leaving 979ab7d com.tencent.tmgp.sgame/com.tencent.tmgp.sgame.SGameActivity (server),reason=NOT_FOCUSABLE]
07-21 16:32:31.238 1563 1826 I input_focus: [Focus entering recents_animation_input_consumer (server),reason=setFocusedWindow]
07-21 16:32:31.304 2587 2587 I wm_on_start_called: [51676365,com.android.launcher3.uioverrides.QuickstepLauncher,handleStartActivity]
07-21 16:32:31.328 2587 2587 I sysui_latency: [1,175]
07-21 16:32:31.354 1563 1687 I sysui_multi_action: [319,9,322,172,325,3938,757,761,758,9,759,5,806,com.android.launcher3,871,com.android.launcher3.uioverrides.QuickstepLauncher,905,0,1320,8,1321,5]
07-21 16:32:31.513 1563 1815 I commit_sys_config_file: [settings-1-0,9]
07-21 16:32:31.640 1563 1699 I sysui_latency: [8,179]
07-21 16:32:31.981 1563 19837 I wm_task_moved: [1,1,7]
07-21 16:32:31.982 1563 19837 I wm_task_moved: [59,1,2147483647]
07-21 16:32:31.982 1563 19837 I wm_task_to_front: [0,59]
07-21 16:32:31.982 13409 13409 I wm_on_top_resumed_lost_called: [182464186,com.tencent.tmgp.sgame.SGameActivity,topStateChangedWhenResumed]
07-21 16:32:31.983 1563 19837 I wm_focused_root_task: [0,0,1,77,RecentsAnimation.onAnimationFinished()]
07-21 16:32:31.983 1563 19837 I wm_set_resumed_activity: [0,com.android.launcher3/.uioverrides.QuickstepLauncher,RecentsAnimation.onAnimationFinished()]
07-21 16:32:31.985 1563 19837 I wm_pause_activity: [0,182464186,com.tencent.tmgp.sgame/.SGameActivity,userLeaving=true,pauseBackTasks]
