07-21 16:27:05.903 5837 5837 I auditd : type=1400 audit(0.0:14811): avc: granted { nlmsg_readpriv } for comm="DaemonThread-6" scontext=u:r:untrusted_app_27:s0:c512,c768 tcontext=u:r:untrusted_app_27:s0:c512,c768 tclass=netlink_route_socket app=com.wandoujia.phoenix2
07-21 16:27:05.907 5788 5788 I auditd : type=1400 audit(0.0:14812): avc: granted { execute } for comm=4D544F5053444B2044656661756C74 path="/data/user/0/com.wandoujia.phoenix2/storage/afu_base_dir/versions/1/lib/arm/libsgmiddletierso-6.5.79.so" dev="dm-13" ino=183713 scontext=u:r:untrusted_app_27:s0:c512,c768 tcontext=u:object_r:app_data_file:s0:c512,c768 tclass=file app=com.wandoujia.phoenix2
07-21 16:27:05.931 5788 5788 I auditd : type=1400 audit(0.0:14813): avc: granted { execute } for comm="PPHttpLoadingTa" path="/data/user/0/com.wandoujia.phoenix2/storage/afu_base_dir/versions/1/lib/arm/libqc-cyt.so" dev="dm-13" ino=184196 scontext=u:r:untrusted_app_27:s0:c512,c768 tcontext=u:object_r:app_data_file:s0:c512,c768 tclass=file app=com.wandoujia.phoenix2
07-21 16:27:06.119 1563 6493 I am_kill : [0,5788,com.wandoujia.phoenix2,915,empty #2]
07-21 16:27:06.189 0 0 I [ 3613.127450] binder: undelivered TRANSACTION_COMPLETE
07-21 16:27:06.189 0 0 I [ 3613.127459] binder: undelivered transaction 1744731, process died.
07-21 16:27:06.190 1563 2055 I am_proc_died: [0,5788,com.wandoujia.phoenix2,915,19]
07-21 16:27:06.193 0 0 I [ 3613.128990] init: Untracked pid 5992 received signal 9
07-21 16:27:10.639 5837 5837 I auditd : type=1400 audit(0.0:14814): avc: granted { execute } for comm=4D544F5053444B2052657175657374 path="/data/user/0/com.wandoujia.phoenix2/storage/afu_base_dir/versions/1/lib/arm/libxquic.so" dev="dm-13" ino=184306 scontext=u:r:untrusted_app_27:s0:c512,c768 tcontext=u:object_r:app_data_file:s0:c512,c768 tclass=file app=com.wandoujia.phoenix2
07-21 16:27:10.639 5837 5837 I auditd : type=1400 audit(0.0:14815): avc: granted { execute } for comm=4D544F5053444B2052657175657374 path="/data/user/0/com.wandoujia.phoenix2/storage/afu_base_dir/versions/1/lib/arm/libtnet-4.0.0.so" dev="dm-13" ino=184255 scontext=u:r:untrusted_app_27:s0:c512,c768 tcontext=u:object_r:app_data_file:s0:c512,c768 tclass=file app=com.wandoujia.phoenix2
07-21 16:27:11.449 1563 1701 I am_proc_start: [0,6139,10117,com.wandoujia.phoenix2,content provider,{com.wandoujia.phoenix2/com.taobao.aranger.core.ipc.provider.ARangerProvider}]
07-21 16:27:11.473 0 0 I [ 3618.410149] binder: 6139:6139 ioctl 40046210 7ff1724834 returned -22
07-21 16:27:11.479 1563 3528 I am_proc_bound: [0,6139,com.wandoujia.phoenix2]
07-21 16:27:12.599 1563 1977 I commit_sys_config_file: [appops,3600141]
07-21 16:27:12.655 6139 6139 I auditd : type=1400 audit(0.0:14816): avc: granted { execute } for comm="doujia.phoenix2" path="/data/user/0/com.wandoujia.phoenix2/storage/afu_base_dir/versions/1/lib/arm/libmmkv.so" dev="dm-13" ino=184064 scontext=u:r:untrusted_app_27:s0:c512,c768 tcontext=u:object_r:app_data_file:s0:c512,c768 tclass=file app=com.wandoujia.phoenix2
07-21 16:27:12.827 1563 3528 I am_kill : [0,5837,com.wandoujia.phoenix2:aid,905,empty #2]
07-21 16:27:12.831 1563 1700 I am_wtf : [0,1563,system_server,-1,ContentProviderHelper,Existing provider com.wandoujia.phoenix2/com.lib.common.sharedata.PPShareDataContentProvider is crashing; detaching ProcessRecord{6e4b0d7 6139:com.wandoujia.phoenix2/u0a117}]
07-21 16:27:12.881 1563 3528 I am_proc_died: [0,5837,com.wandoujia.phoenix2:aid,905,19]
07-21 16:27:12.896 1563 1701 I am_proc_start: [0,6169,10117,com.wandoujia.phoenix2:aid,content provider,{com.wandoujia.phoenix2/com.lib.common.sharedata.PPShareDataContentProvider}]
07-21 16:27:12.921 0 0 I [ 3619.859339] binder: 6169:6169 ioctl 40046210 7ff1724834 returned -22
07-21 16:27:12.929 1563 3528 I am_proc_bound: [0,6169,com.wandoujia.phoenix2:aid]
07-21 16:27:14.119 6169 6169 I auditd : type=1400 audit(0.0:14817): avc: granted { execute } for comm="ia.phoenix2:aid" path="/data/user/0/com.wandoujia.phoenix2/storage/afu_base_dir/versions/1/lib/arm/libmmkv.so" dev="dm-13" ino=184064 scontext=u:r:untrusted_app_27:s0:c512,c768 tcontext=u:object_r:app_data_file:s0:c512,c768 tclass=file app=com.wandoujia.phoenix2
07-21 16:27:14.407 6139 6139 I auditd : type=1400 audit(0.0:14818): avc: granted { execute } for comm="PPHttpLoadingTa" path="/data/user/0/com.wandoujia.phoenix2/storage/afu_base_dir/versions/1/lib/arm/libwdj_udid.so" dev="dm-13" ino=184246 scontext=u:r:untrusted_app_27:s0:c512,c768 tcontext=u:object_r:app_data_file:s0:c512,c768 tclass=file app=com.wandoujia.phoenix2
07-21 16:27:14.411 6200 6200 I auditd : type=1400 audit(0.0:14819): avc: denied { setattr } for comm="chmod" name="tmp" dev="dm-13" ino=105 scontext=u:r:untrusted_app_27:s0:c512,c768 tcontext=u:object_r:shell_data_file:s0 tclass=dir permissive=1 app=com.wandoujia.phoenix2
07-21 16:27:14.415 6139 6139 I auditd : type=1400 audit(0.0:14820): avc: granted { execute } for comm=4173796E635461736B202331 path="/data/user/0/com.wandoujia.phoenix2/storage/afu_base_dir/versions/1/lib/arm/libpexwebp.so" dev="dm-13" ino=184153 scontext=u:r:untrusted_app_27:s0:c512,c768 tcontext=u:object_r:app_data_file:s0:c512,c768 tclass=file app=com.wandoujia.phoenix2
07-21 16:27:14.415 6139 6139 I auditd : type=1400 audit(0.0:14821): avc: granted { execute } for comm=4173796E635461736B202331 path="/data/user/0/com.wandoujia.phoenix2/storage/afu_base_dir/versions/1/lib/arm/libc++_shared.so" dev="dm-13" ino=182158 scontext=u:r:untrusted_app_27:s0:c512,c768 tcontext=u:object_r:app_data_file:s0:c512,c768 tclass=file app=com.wandoujia.phoenix2
07-21 16:27:14.419 6139 6139 I auditd : type=1400 audit(0.0:14822): avc: granted { execute } for comm=4173796E635461736B202331 path="/data/user/0/com.wandoujia.phoenix2/storage/afu_base_dir/versions/1/lib/arm/libpexgif.so" dev="dm-13" ino=184056 scontext=u:r:untrusted_app_27:s0:c512,c768 tcontext=u:object_r:app_data_file:s0:c512,c768 tclass=file app=com.wandoujia.phoenix2
07-21 16:27:14.435 6139 6139 I auditd : type=1400 audit(0.0:14823): avc: granted { execute } for comm=4173796E635461736B202331 path="/data/user/0/com.wandoujia.phoenix2/storage/afu_base_dir/versions/1/lib/arm/libpexapng.so" dev="dm-13" ino=88342 scontext=u:r:untrusted_app_27:s0:c512,c768 tcontext=u:object_r:app_data_file:s0:c512,c768 tclass=file app=com.wandoujia.phoenix2
07-21 16:27:14.439 6139 6139 I auditd : type=1400 audit(0.0:14824): avc: granted { execute } for comm=4173796E635461736B202331 path="/data/user/0/com.wandoujia.phoenix2/storage/afu_base_dir/versions/1/lib/arm/libpwebp-v7a.so" dev="dm-13" ino=184217 scontext=u:r:untrusted_app_27:s0:c512,c768 tcontext=u:object_r:app_data_file:s0:c512,c768 tclass=file app=com.wandoujia.phoenix2
07-21 16:27:14.443 6139 6139 I auditd : type=1400 audit(0.0:14825): avc: granted { execute } for comm=4173796E635461736B202331 path="/data/user/0/com.wandoujia.phoenix2/storage/afu_base_dir/versions/1/lib/arm/libpexcore.so" dev="dm-13" ino=88316 scontext=u:r:untrusted_app_27:s0:c512,c768 tcontext=u:object_r:app_data_file:s0:c512,c768 tclass=file app=com.wandoujia.phoenix2
07-21 16:27:14.489 0 0 W [ 3621.424510] audit: audit_lost=11276 audit_rate_limit=5 audit_backlog_limit=64
07-21 16:27:14.489 0 0 E [ 3621.424515] audit: rate limit exceeded
07-21 16:27:15.338 0 0 I [ 3622.272687] init: processing action (sys.tlog.pstore.active=1) from (/system/etc/init/tlogd.rc:137)
07-21 16:27:15.338 0 0 I [ 3622.273000] init: starting service 'pstore_save'...
07-21 16:27:15.349 0 0 I [ 3622.283562] init: Service 'pstore_save' (pid 6350) exited with status 1 oneshot service took 0.009000 seconds in background
07-21 16:27:15.349 0 0 I [ 3622.283571] init: Sending signal 9 to service 'pstore_save' (pid 6350) process group...
07-21 16:27:15.349 0 0 I [ 3622.283637] libprocessgroup: Successfully killed process cgroup uid 1000 pid 6350 in 0ms
07-21 16:27:15.471 6169 6169 I auditd : type=1400 audit(0.0:15480): avc: granted { nlmsg_readpriv } for comm="DaemonThread-6" scontext=u:r:untrusted_app_27:s0:c512,c768 tcontext=u:r:untrusted_app_27:s0:c512,c768 tclass=netlink_route_socket app=com.wandoujia.phoenix2
07-21 16:27:15.487 6139 6139 I auditd : type=1400 audit(0.0:15481): avc: granted { execute } for comm=4D544F5053444B2044656661756C74 path="/data/user/0/com.wandoujia.phoenix2/storage/afu_base_dir/versions/1/lib/arm/libsgmiddletierso-6.5.79.so" dev="dm-13" ino=183713 scontext=u:r:untrusted_app_27:s0:c512,c768 tcontext=u:object_r:app_data_file:s0:c512,c768 tclass=file app=com.wandoujia.phoenix2
07-21 16:27:15.739 6139 6139 I auditd : type=1400 audit(0.0:15482): avc: granted { nlmsg_readpriv } for comm="DaemonThread-6" scontext=u:r:untrusted_app_27:s0:c512,c768 tcontext=u:r:untrusted_app_27:s0:c512,c768 tclass=netlink_route_socket app=com.wandoujia.phoenix2
07-21 16:27:15.756 1563 3528 I am_kill : [0,6139,com.wandoujia.phoenix2,915,empty #2]
07-21 16:27:15.819 1563 3528 I am_proc_died: [0,6139,com.wandoujia.phoenix2,915,19]
07-21 16:27:15.821 0 0 I [ 3622.758654] init: Untracked pid 6339 received signal 9
07-21 16:27:16.386 0 0 I [ 3623.322750] init: processing action (sys.tlog.tlogdsho.active=1) from (/system/etc/init/tlogd.rc:170)
07-21 16:27:16.386 0 0 I [ 3623.323155] init: starting service 'tlogdsho'...
07-21 16:27:16.405 0 0 I [ 3623.343341] init: processing action (sys.tlog.bluetooth.active=1) from (/system/etc/init/tlogd.rc:166)
07-21 16:27:16.406 0 0 I [ 3623.344170] init: starting service 'tlogdBluetooth'...
07-21 16:27:19.017 0 0 D [ 3625.952946] cnss: Host time = 3628685170 us, device time = 3614772790 us, offset = 13912380 us
07-21 16:27:19.018 0 0 D [ 3625.953009] cnss: Updated time sync regs [0x984] = 0xd4493c, [0x988] = 0x0
07-21 16:27:20.155 6169 6169 I auditd : type=1400 audit(0.0:15483): avc: granted { execute } for comm=4D544F5053444B2052657175657374 path="/data/user/0/com.wandoujia.phoenix2/storage/afu_base_dir/versions/1/lib/arm/libxquic.so" dev="dm-13" ino=184306 scontext=u:r:untrusted_app_27:s0:c512,c768 tcontext=u:object_r:app_data_file:s0:c512,c768 tclass=file app=com.wandoujia.phoenix2
07-21 16:27:20.159 6169 6169 I auditd : type=1400 audit(0.0:15484): avc: granted { execute } for comm=4D544F5053444B2052657175657374 path="/data/user/0/com.wandoujia.phoenix2/storage/afu_base_dir/versions/1/lib/arm/libtnet-4.0.0.so" dev="dm-13" ino=184255 scontext=u:r:untrusted_app_27:s0:c512,c768 tcontext=u:object_r:app_data_file:s0:c512,c768 tclass=file app=com.wandoujia.phoenix2
07-21 16:27:20.707 1563 1701 I am_proc_start: [0,6468,10117,com.wandoujia.phoenix2,content provider,{com.wandoujia.phoenix2/com.taobao.aranger.core.ipc.provider.ARangerProvider}]
07-21 16:27:20.733 0 0 I [ 3627.669569] binder: 6468:6468 ioctl 40046210 7ff1724834 returned -22
07-21 16:27:20.734 1563 3528 I am_proc_bound: [0,6468,com.wandoujia.phoenix2]
07-21 16:27:21.895 6468 6468 I auditd : type=1400 audit(0.0:15485): avc: granted { execute } for comm="doujia.phoenix2" path="/data/user/0/com.wandoujia.phoenix2/storage/afu_base_dir/versions/1/lib/arm/libmmkv.so" dev="dm-13" ino=184064 scontext=u:r:untrusted_app_27:s0:c512,c768 tcontext=u:object_r:app_data_file:s0:c512,c768 tclass=file app=com.wandoujia.phoenix2
07-21 16:27:21.937 0 0 I [ 3628.874417] init: Untracked pid 6511 exited with status 0
07-21 16:27:22.071 1563 3528 I am_kill : [0,6169,com.wandoujia.phoenix2:aid,905,empty #2]
07-21 16:27:22.128 0 0 I [ 3629.065099] binder: undelivered TRANSACTION_COMPLETE
07-21 16:27:22.128 0 0 I [ 3629.065108] binder: undelivered transaction 1746926, process died.
07-21 16:27:22.128 0 0 I [ 3629.065510] binder: send failed reply for transaction 1746932 to 6468:6468
07-21 16:27:22.128 0 0 I [ 3629.066420] binder: 1563:21017 transaction failed 29189/-22, size 0-0 line 3071
07-21 16:27:22.128 1563 21017 I am_proc_died: [0,6169,com.wandoujia.phoenix2:aid,905,19]
07-21 16:27:22.147 1563 1701 I am_proc_start: [0,6526,10117,com.wandoujia.phoenix2:aid,content provider,{com.wandoujia.phoenix2/com.lib.common.sharedata.PPShareDataContentProvider}]
07-21 16:27:22.173 0 0 I [ 3629.110354] binder: 6526:6526 ioctl 40046210 7ff1724834 returned -22
07-21 16:27:22.179 1563 21017 I am_proc_bound: [0,6526,com.wandoujia.phoenix2:aid]
07-21 16:27:23.371 6526 6526 I auditd : type=1400 audit(0.0:15486): avc: granted { execute } for comm="ia.phoenix2:aid" path="/data/user/0/com.wandoujia.phoenix2/storage/afu_base_dir/versions/1/lib/arm/libmmkv.so" dev="dm-13" ino=184064 scontext=u:r:untrusted_app_27:s0:c512,c768 tcontext=u:object_r:app_data_file:s0:c512,c768 tclass=file app=com.wandoujia.phoenix2
07-21 16:27:23.659 6468 6468 I auditd : type=1400 audit(0.0:15487): avc: granted { execute } for comm="PPHttpLoadingTa" path="/data/user/0/com.wandoujia.phoenix2/storage/afu_base_dir/versions/1/lib/arm/libwdj_udid.so" dev="dm-13" ino=184246 scontext=u:r:untrusted_app_27:s0:c512,c768 tcontext=u:object_r:app_data_file:s0:c512,c768 tclass=file app=com.wandoujia.phoenix2
07-21 16:27:23.667 6575 6575 I auditd : type=1400 audit(0.0:15488): avc: denied { setattr } for comm="chmod" name="tmp" dev="dm-13" ino=105 scontext=u:r:untrusted_app_27:s0:c512,c768 tcontext=u:object_r:shell_data_file:s0 tclass=dir permissive=1 app=com.wandoujia.phoenix2
07-21 16:27:23.671 6468 6468 I auditd : type=1400 audit(0.0:15489): avc: granted { execute } for comm=4173796E635461736B202331 path="/data/user/0/com.wandoujia.phoenix2/storage/afu_base_dir/versions/1/lib/arm/libpexwebp.so" dev="dm-13" ino=184153 scontext=u:r:untrusted_app_27:s0:c512,c768 tcontext=u:object_r:app_data_file:s0:c512,c768 tclass=file app=com.wandoujia.phoenix2
07-21 16:27:23.671 6468 6468 I auditd : type=1400 audit(0.0:15490): avc: granted { execute } for comm=4173796E635461736B202331 path="/data/user/0/com.wandoujia.phoenix2/storage/afu_base_dir/versions/1/lib/arm/libc++_shared.so" dev="dm-13" ino=182158 scontext=u:r:untrusted_app_27:s0:c512,c768 tcontext=u:object_r:app_data_file:s0:c512,c768 tclass=file app=com.wandoujia.phoenix2
07-21 16:27:23.687 6468 6468 I auditd : type=1400 audit(0.0:15491): avc: granted { execute } for comm=4173796E635461736B202331 path="/data/user/0/com.wandoujia.phoenix2/storage/afu_base_dir/versions/1/lib/arm/libpexgif.so" dev="dm-13" ino=184056 scontext=u:r:untrusted_app_27:s0:c512,c768 tcontext=u:object_r:app_data_file:s0:c512,c768 tclass=file app=com.wandoujia.phoenix2
07-21 16:27:23.703 6468 6468 I auditd : type=1400 audit(0.0:15492): avc: granted { execute } for comm=4173796E635461736B202331 path="/data/user/0/com.wandoujia.phoenix2/storage/afu_base_dir/versions/1/lib/arm/libpexapng.so" dev="dm-13" ino=88342 scontext=u:r:untrusted_app_27:s0:c512,c768 tcontext=u:object_r:app_data_file:s0:c512,c768 tclass=file app=com.wandoujia.phoenix2
07-21 16:27:23.711 6468 6468 I auditd : type=1400 audit(0.0:15493): avc: granted { execute } for comm=4173796E635461736B202331 path="/data/user/0/com.wandoujia.phoenix2/storage/afu_base_dir/versions/1/lib/arm/libpwebp-v7a.so" dev="dm-13" ino=184217 scontext=u:r:untrusted_app_27:s0:c512,c768 tcontext=u:object_r:app_data_file:s0:c512,c768 tclass=file app=com.wandoujia.phoenix2
07-21 16:27:23.711 6468 6468 I auditd : type=1400 audit(0.0:15494): avc: granted { execute } for comm=4173796E635461736B202331 path="/data/user/0/com.wandoujia.phoenix2/storage/afu_base_dir/versions/1/lib/arm/libpexcore.so" dev="dm-13" ino=88316 scontext=u:r:untrusted_app_27:s0:c512,c768 tcontext=u:object_r:app_data_file:s0:c512,c768 tclass=file app=com.wandoujia.phoenix2
07-21 16:27:23.737 0 0 W [ 3630.670168] audit: audit_lost=11930 audit_rate_limit=5 audit_backlog_limit=64
07-21 16:27:23.737 0 0 E [ 3630.670173] audit: rate limit exceeded
07-21 16:27:24.783 6526 6526 I auditd : type=1400 audit(0.0:15536): avc: granted { nlmsg_readpriv } for comm="DaemonThread-6" scontext=u:r:untrusted_app_27:s0:c512,c768 tcontext=u:r:untrusted_app_27:s0:c512,c768 tclass=netlink_route_socket app=com.wandoujia.phoenix2
07-21 16:27:24.945 1563 21017 I am_kill : [0,6468,com.wandoujia.phoenix2,915,empty #2]
07-21 16:27:25.010 0 0 I [ 3631.946908] init: Untracked pid 6693 received signal 9
07-21 16:27:25.010 1563 21017 I am_proc_died: [0,6468,com.wandoujia.phoenix2,915,19]
07-21 16:27:29.415 6526 6526 I auditd : type=1400 audit(0.0:15537): avc: granted { execute } for comm=4D544F5053444B2052657175657374 path="/data/user/0/com.wandoujia.phoenix2/storage/afu_base_dir/versions/1/lib/arm/libxquic.so" dev="dm-13" ino=184306 scontext=u:r:untrusted_app_27:s0:c512,c768 tcontext=u:object_r:app_data_file:s0:c512,c768 tclass=file app=com.wandoujia.phoenix2
07-21 16:27:29.415 6526 6526 I auditd : type=1400 audit(0.0:15538): avc: granted { execute } for comm=4D544F5053444B2052657175657374 path="/data/user/0/com.wandoujia.phoenix2/storage/afu_base_dir/versions/1/lib/arm/libtnet-4.0.0.so" dev="dm-13" ino=184255 scontext=u:r:untrusted_app_27:s0:c512,c768 tcontext=u:object_r:app_data_file:s0:c512,c768 tclass=file app=com.wandoujia.phoenix2
07-21 16:27:29.686 0 0 I [ 3636.622540] init: processing action (sys.tlog.tlogdshc.active=1) from (/system/etc/init/tlogd.rc:198)
07-21 16:27:29.686 0 0 I [ 3636.623516] init: starting service 'tlogdshc'...
07-21 16:27:29.813 0 0 I [ 3636.750929] init: Service 'tlogdshc' (pid 6806) exited with status 0 oneshot service took 0.121000 seconds in background
07-21 16:27:29.813 0 0 I [ 3636.750960] init: Sending signal 9 to service 'tlogdshc' (pid 6806) process group...
07-21 16:27:29.814 0 0 I [ 3636.751143] libprocessgroup: Successfully killed process cgroup uid 0 pid 6806 in 0ms
07-21 16:27:30.302 1563 1701 I am_proc_start: [0,6824,10117,com.wandoujia.phoenix2,content provider,{com.wandoujia.phoenix2/com.taobao.aranger.core.ipc.provider.ARangerProvider}]
07-21 16:27:30.327 0 0 I [ 3637.263746] binder: 6824:6824 ioctl 40046210 7ff1724834 returned -22
07-21 16:27:30.333 1563 21017 I am_proc_bound: [0,6824,com.wandoujia.phoenix2]
07-21 16:27:31.507 6824 6824 I auditd : type=1400 audit(0.0:15539): avc: granted { execute } for comm="doujia.phoenix2" path="/data/user/0/com.wandoujia.phoenix2/storage/afu_base_dir/versions/1/lib/arm/libmmkv.so" dev="dm-13" ino=184064 scontext=u:r:untrusted_app_27:s0:c512,c768 tcontext=u:object_r:app_data_file:s0:c512,c768 tclass=file app=com.wandoujia.phoenix2
07-21 16:27:31.682 1563 21017 I am_kill : [0,6526,com.wandoujia.phoenix2:aid,905,empty #2]
07-21 16:27:31.684 1563 1700 I am_wtf : [0,1563,system_server,-1,ContentProviderHelper,Existing provider com.wandoujia.phoenix2/com.lib.common.sharedata.PPShareDataContentProvider is crashing; detaching ProcessRecord{95e8870 6824:com.wandoujia.phoenix2/u0a117}]
07-21 16:27:31.742 1563 2231 I am_proc_died: [0,6526,com.wandoujia.phoenix2:aid,905,19]
07-21 16:27:31.757 1563 1701 I am_proc_start: [0,6877,10117,com.wandoujia.phoenix2:aid,content provider,{com.wandoujia.phoenix2/com.lib.common.sharedata.PPShareDataContentProvider}]
07-21 16:27:31.781 0 0 I [ 3638.716990] binder: 6877:6877 ioctl 40046210 7ff1724834 returned -22
07-21 16:27:31.786 1563 2231 I am_proc_bound: [0,6877,com.wandoujia.phoenix2:aid]
07-21 16:27:32.963 6877 6877 I auditd : type=1400 audit(0.0:15540): avc: granted { execute } for comm="ia.phoenix2:aid" path="/data/user/0/com.wandoujia.phoenix2/storage/afu_base_dir/versions/1/lib/arm/libmmkv.so" dev="dm-13" ino=184064 scontext=u:r:untrusted_app_27:s0:c512,c768 tcontext=u:object_r:app_data_file:s0:c512,c768 tclass=file app=com.wandoujia.phoenix2
07-21 16:27:33.255 6824 6824 I auditd : type=1400 audit(0.0:15541): avc: granted { execute } for comm=4173796E635461736B202331 path="/data/user/0/com.wandoujia.phoenix2/storage/afu_base_dir/versions/1/lib/arm/libc++_shared.so" dev="dm-13" ino=182158 scontext=u:r:untrusted_app_27:s0:c512,c768 tcontext=u:object_r:app_data_file:s0:c512,c768 tclass=file app=com.wandoujia.phoenix2
07-21 16:27:33.255 6824 6824 I auditd : type=1400 audit(0.0:15542): avc: granted { execute } for comm=4173796E635461736B202331 path="/data/user/0/com.wandoujia.phoenix2/storage/afu_base_dir/versions/1/lib/arm/libpexwebp.so" dev="dm-13" ino=184153 scontext=u:r:untrusted_app_27:s0:c512,c768 tcontext=u:object_r:app_data_file:s0:c512,c768 tclass=file app=com.wandoujia.phoenix2
07-21 16:27:33.263 6824 6824 I auditd : type=1400 audit(0.0:15543): avc: granted { execute } for comm="PPHttpLoadingTa" path="/data/user/0/com.wandoujia.phoenix2/storage/afu_base_dir/versions/1/lib/arm/libwdj_udid.so" dev="dm-13" ino=184246 scontext=u:r:untrusted_app_27:s0:c512,c768 tcontext=u:object_r:app_data_file:s0:c512,c768 tclass=file app=com.wandoujia.phoenix2
07-21 16:27:33.263 6824 6824 I auditd : type=1400 audit(0.0:15544): avc: granted { execute } for comm=4173796E635461736B202331 path="/data/user/0/com.wandoujia.phoenix2/storage/afu_base_dir/versions/1/lib/arm/libpexgif.so" dev="dm-13" ino=184056 scontext=u:r:untrusted_app_27:s0:c512,c768 tcontext=u:object_r:app_data_file:s0:c512,c768 tclass=file app=com.wandoujia.phoenix2
07-21 16:27:33.271 6824 6824 I auditd : type=1400 audit(0.0:15545): avc: granted { execute } for comm=4173796E635461736B202331 path="/data/user/0/com.wandoujia.phoenix2/storage/afu_base_dir/versions/1/lib/arm/libpexapng.so" dev="dm-13" ino=88342 scontext=u:r:untrusted_app_27:s0:c512,c768 tcontext=u:object_r:app_data_file:s0:c512,c768 tclass=file app=com.wandoujia.phoenix2
07-21 16:27:33.282 0 0 W [ 3640.216813] audit: audit_lost=11971 audit_rate_limit=5 audit_backlog_limit=64
07-21 16:27:33.282 0 0 E [ 3640.216816] audit: rate limit exceeded
07-21 16:27:34.267 6824 6824 I auditd : type=1400 audit(0.0:15591): avc: granted { execute } for comm="PPHttpLoadingTa" path="/data/user/0/com.wandoujia.phoenix2/storage/afu_base_dir/versions/1/lib/arm/libqc-cyt.so" dev="dm-13" ino=184196 scontext=u:r:untrusted_app_27:s0:c512,c768 tcontext=u:object_r:app_data_file:s0:c512,c768 tclass=file app=com.wandoujia.phoenix2
07-21 16:27:34.447 6824 6824 I auditd : type=1400 audit(0.0:15592): avc: granted { nlmsg_readpriv } for comm="DaemonThread-6" scontext=u:r:untrusted_app_27:s0:c512,c768 tcontext=u:r:untrusted_app_27:s0:c512,c768 tclass=netlink_route_socket app=com.wandoujia.phoenix2
07-21 16:27:34.498 1563 2231 I am_kill : [0,6824,com.wandoujia.phoenix2,915,empty #2]
07-21 16:27:34.556 0 0 I [ 3641.494810] binder: undelivered transaction 1749147, process died.
07-21 16:27:34.558 1563 2231 I am_proc_died: [0,6824,com.wandoujia.phoenix2,915,19]
07-21 16:27:34.558 0 0 I [ 3641.495904] init: Untracked pid 7039 received signal 9
07-21 16:27:38.999 6877 6877 I auditd : type=1400 audit(0.0:15593): avc: granted { execute } for comm=4D544F5053444B2052657175657374 path="/data/user/0/com.wandoujia.phoenix2/storage/afu_base_dir/versions/1/lib/arm/libxquic.so" dev="dm-13" ino=184306 scontext=u:r:untrusted_app_27:s0:c512,c768 tcontext=u:object_r:app_data_file:s0:c512,c768 tclass=file app=com.wandoujia.phoenix2
07-21 16:27:39.003 6877 6877 I auditd : type=1400 audit(0.0:15594): avc: granted { execute } for comm=4D544F5053444B2052657175657374 path="/data/user/0/com.wandoujia.phoenix2/storage/afu_base_dir/versions/1/lib/arm/libtnet-4.0.0.so" dev="dm-13" ino=184255 scontext=u:r:untrusted_app_27:s0:c512,c768 tcontext=u:object_r:app_data_file:s0:c512,c768 tclass=file app=com.wandoujia.phoenix2
07-21 16:27:39.775 1563 1701 I am_proc_start: [0,7145,10117,com.wandoujia.phoenix2,content provider,{com.wandoujia.phoenix2/com.taobao.aranger.core.ipc.provider.ARangerProvider}]
07-21 16:27:39.797 0 0 I [ 3646.735638] binder: 7145:7145 ioctl 40046210 7ff1724834 returned -22
07-21 16:27:39.804 1563 2231 I am_proc_bound: [0,7145,com.wandoujia.phoenix2]
07-21 16:27:40.991 7145 7145 I auditd : type=1400 audit(0.0:15595): avc: granted { execute } for comm="doujia.phoenix2" path="/data/user/0/com.wandoujia.phoenix2/storage/afu_base_dir/versions/1/lib/arm/libmmkv.so" dev="dm-13" ino=184064 scontext=u:r:untrusted_app_27:s0:c512,c768 tcontext=u:object_r:app_data_file:s0:c512,c768 tclass=file app=com.wandoujia.phoenix2
07-21 16:27:41.167 1563 2231 I am_kill : [0,6877,com.wandoujia.phoenix2:aid,905,empty #2]
07-21 16:27:41.170 1563 1700 I am_wtf : [0,1563,system_server,-1,ContentProviderHelper,Existing provider com.wandoujia.phoenix2/com.lib.common.sharedata.PPShareDataContentProvider is crashing; detaching ProcessRecord{89ec4af 7145:com.wandoujia.phoenix2/u0a117}]
07-21 16:27:41.222 1563 2231 I am_proc_died: [0,6877,com.wandoujia.phoenix2:aid,905,19]
07-21 16:27:41.238 1563 1701 I am_proc_start: [0,7198,10117,com.wandoujia.phoenix2:aid,content provider,{com.wandoujia.phoenix2/com.lib.common.sharedata.PPShareDataContentProvider}]
07-21 16:27:41.262 0 0 I [ 3648.200098] binder: 7198:7198 ioctl 40046210 7ff1724834 returned -22
07-21 16:27:41.270 1563 2231 I am_proc_bound: [0,7198,com.wandoujia.phoenix2:aid]
07-21 16:27:42.459 7198 7198 I auditd : type=1400 audit(0.0:15596): avc: granted { execute } for comm="ia.phoenix2:aid" path="/data/user/0/com.wandoujia.phoenix2/storage/afu_base_dir/versions/1/lib/arm/libmmkv.so" dev="dm-13" ino=184064 scontext=u:r:untrusted_app_27:s0:c512,c768 tcontext=u:object_r:app_data_file:s0:c512,c768 tclass=file app=com.wandoujia.phoenix2
07-21 16:27:42.747 7145 7145 I auditd : type=1400 audit(0.0:15597): avc: granted { execute } for comm="PPHttpLoadingTa" path="/data/user/0/com.wandoujia.phoenix2/storage/afu_base_dir/versions/1/lib/arm/libwdj_udid.so" dev="dm-13" ino=184246 scontext=u:r:untrusted_app_27:s0:c512,c768 tcontext=u:object_r:app_data_file:s0:c512,c768 tclass=file app=com.wandoujia.phoenix2
07-21 16:27:42.751 7145 7145 I auditd : type=1400 audit(0.0:15598): avc: granted { execute } for comm=4173796E635461736B202331 path="/data/user/0/com.wandoujia.phoenix2/storage/afu_base_dir/versions/1/lib/arm/libpexwebp.so" dev="dm-13" ino=184153 scontext=u:r:untrusted_app_27:s0:c512,c768 tcontext=u:object_r:app_data_file:s0:c512,c768 tclass=file app=com.wandoujia.phoenix2
07-21 16:27:42.751 7145 7145 I auditd : type=1400 audit(0.0:15599): avc: granted { execute } for comm=4173796E635461736B202331 path="/data/user/0/com.wandoujia.phoenix2/storage/afu_base_dir/versions/1/lib/arm/libc++_shared.so" dev="dm-13" ino=182158 scontext=u:r:untrusted_app_27:s0:c512,c768 tcontext=u:object_r:app_data_file:s0:c512,c768 tclass=file app=com.wandoujia.phoenix2
07-21 16:27:42.755 7145 7145 I auditd : type=1400 audit(0.0:15600): avc: granted { execute } for comm=4173796E635461736B202331 path="/data/user/0/com.wandoujia.phoenix2/storage/afu_base_dir/versions/1/lib/arm/libpexgif.so" dev="dm-13" ino=184056 scontext=u:r:untrusted_app_27:s0:c512,c768 tcontext=u:object_r:app_data_file:s0:c512,c768 tclass=file app=com.wandoujia.phoenix2
07-21 16:27:42.773 0 0 W [ 3649.706724] audit: audit_lost=12016 audit_rate_limit=5 audit_backlog_limit=64
07-21 16:27:42.773 0 0 E [ 3649.706728] audit: rate limit exceeded
07-21 16:27:43.515 7343 7343 I auditd : type=1400 audit(0.0:15623): avc: denied { open } for comm="ps" path="/proc/sys/kernel/pid_max" dev="proc" ino=1675153 scontext=u:r:untrusted_app_27:s0:c512,c768 tcontext=u:object_r:proc_pid_max:s0 tclass=file permissive=1 app=com.wandoujia.phoenix2
07-21 16:27:43.551 7359 7359 I auditd : type=1400 audit(0.0:15624): avc: granted { execute } for comm="WeexJSBridgeThr" name="libweexjsb.so" dev="dm-13" ino=184137 scontext=u:r:untrusted_app_27:s0:c512,c768 tcontext=u:object_r:app_data_file:s0:c512,c768 tclass=file app=com.wandoujia.phoenix2
07-21 16:27:43.551 7359 7359 I auditd : type=1400 audit(0.0:15625): avc: granted { execute } for comm="WeexJSBridgeThr" name="libweexjsb.so" dev="dm-13" ino=184137 scontext=u:r:untrusted_app_27:s0:c512,c768 tcontext=u:object_r:app_data_file:s0:c512,c768 tclass=file app=com.wandoujia.phoenix2
07-21 16:27:43.551 7359 7359 I auditd : type=1400 audit(0.0:15626): avc: granted { execute_no_trans } for comm="WeexJSBridgeThr" path="/data/user/0/com.wandoujia.phoenix2/storage/afu_base_dir/versions/1/lib/arm/libweexjsb.so" dev="dm-13" ino=184137 scontext=u:r:untrusted_app_27:s0:c512,c768 tcontext=u:object_r:app_data_file:s0:c512,c768 tclass=file app=com.wandoujia.phoenix2
07-21 16:27:43.555 7198 7198 I auditd : type=1400 audit(0.0:15627): avc: granted { execute } for comm="WaBackgroundHan" path="/data/user/0/com.wandoujia.phoenix2/storage/afu_base_dir/versions/1/lib/arm/libwdj_udid.so" dev="dm-13" ino=184246 scontext=u:r:untrusted_app_27:s0:c512,c768 tcontext=u:object_r:app_data_file:s0:c512,c768 tclass=file app=com.wandoujia.phoenix2
07-21 16:27:43.865 0 0 W [ 3650.802506] audit: audit_lost=12045 audit_rate_limit=5 audit_backlog_limit=64
07-21 16:27:43.865 0 0 E [ 3650.802512] audit: rate limit exceeded
07-21 16:27:44.059 1563 2231 I am_kill : [0,7145,com.wandoujia.phoenix2,915,empty #2]
07-21 16:27:44.119 1563 2231 I am_proc_died: [0,7145,com.wandoujia.phoenix2,915,19]
07-21 16:27:44.121 0 0 I [ 3651.057951] init: Untracked pid 7359 received signal 9
07-21 16:27:48.487 7198 7198 I auditd : type=1400 audit(0.0:15637): avc: granted { execute } for comm=4D544F5053444B2052657175657374 path="/data/user/0/com.wandoujia.phoenix2/storage/afu_base_dir/versions/1/lib/arm/libxquic.so" dev="dm-13" ino=184306 scontext=u:r:untrusted_app_27:s0:c512,c768 tcontext=u:object_r:app_data_file:s0:c512,c768 tclass=file app=com.wandoujia.phoenix2
07-21 16:27:48.487 7198 7198 I auditd : type=1400 audit(0.0:15638): avc: granted { execute } for comm=4D544F5053444B2052657175657374 path="/data/user/0/com.wandoujia.phoenix2/storage/afu_base_dir/versions/1/lib/arm/libtnet-4.0.0.so" dev="dm-13" ino=184255 scontext=u:r:untrusted_app_27:s0:c512,c768 tcontext=u:object_r:app_data_file:s0:c512,c768 tclass=file app=com.wandoujia.phoenix2
07-21 16:27:49.058 1563 1701 I am_proc_start: [0,7469,10117,com.wandoujia.phoenix2,content provider,{com.wandoujia.phoenix2/com.taobao.aranger.core.ipc.provider.ARangerProvider}]
07-21 16:27:49.085 0 0 I [ 3656.022277] binder: 7469:7469 ioctl 40046210 7ff1724834 returned -22
07-21 16:27:49.091 1563 10016 I am_proc_bound: [0,7469,com.wandoujia.phoenix2]
07-21 16:27:49.103 1563 1700 I am_kill : [0,7198,com.wandoujia.phoenix2:aid,905,empty #2]
07-21 16:27:49.130 1563 1845 I netstats_mobile_sample: [0,0,0,0,0,0,0,0,0,0,0,0,1689928069130]
07-21 16:27:49.130 1563 1845 I netstats_wifi_sample: [7235097,8600,11489198,18743,7235097,8600,11489198,18743,98899039,106648,9180562,16764,1689928069130]
07-21 16:27:49.180 1563 6493 I am_proc_died: [0,7198,com.wandoujia.phoenix2:aid,905,19]
07-21 16:27:50.267 7469 7469 I auditd : type=1400 audit(0.0:15639): avc: granted { execute } for comm="doujia.phoenix2" path="/data/user/0/com.wandoujia.phoenix2/storage/afu_base_dir/versions/1/lib/arm/libmmkv.so" dev="dm-13" ino=184064 scontext=u:r:untrusted_app_27:s0:c512,c768 tcontext=u:object_r:app_data_file:s0:c512,c768 tclass=file app=com.wandoujia.phoenix2
07-21 16:27:50.463 1563 1701 I am_proc_start: [0,7491,10117,com.wandoujia.phoenix2:aid,content provider,{com.wandoujia.phoenix2/com.lib.common.sharedata.PPShareDataContentProvider}]
07-21 16:27:50.485 0 0 I [ 3657.422596] binder: 7491:7491 ioctl 40046210 7ff1724834 returned -22
07-21 16:27:50.492 1563 6493 I am_proc_bound: [0,7491,com.wandoujia.phoenix2:aid]
07-21 16:27:51.675 7491 7491 I auditd : type=1400 audit(0.0:15640): avc: granted { execute } for comm="ia.phoenix2:aid" path="/data/user/0/com.wandoujia.phoenix2/storage/afu_base_dir/versions/1/lib/arm/libmmkv.so" dev="dm-13" ino=184064 scontext=u:r:untrusted_app_27:s0:c512,c768 tcontext=u:object_r:app_data_file:s0:c512,c768 tclass=file app=com.wandoujia.phoenix2
07-21 16:27:51.967 7469 7469 I auditd : type=1400 audit(0.0:15641): avc: granted { execute } for comm="PPHttpLoadingTa" path="/data/user/0/com.wandoujia.phoenix2/storage/afu_base_dir/versions/1/lib/arm/libwdj_udid.so" dev="dm-13" ino=184246 scontext=u:r:untrusted_app_27:s0:c512,c768 tcontext=u:object_r:app_data_file:s0:c512,c768 tclass=file app=com.wandoujia.phoenix2
07-21 16:27:51.987 7469 7469 I auditd : type=1400 audit(0.0:15642): avc: granted { execute } for comm=4173796E635461736B202331 path="/data/user/0/com.wandoujia.phoenix2/storage/afu_base_dir/versions/1/lib/arm/libpexwebp.so" dev="dm-13" ino=184153 scontext=u:r:untrusted_app_27:s0:c512,c768 tcontext=u:object_r:app_data_file:s0:c512,c768 tclass=file app=com.wandoujia.phoenix2
07-21 16:27:51.987 7469 7469 I auditd : type=1400 audit(0.0:15643): avc: granted { execute } for comm=4173796E635461736B202331 path="/data/user/0/com.wandoujia.phoenix2/storage/afu_base_dir/versions/1/lib/arm/libc++_shared.so" dev="dm-13" ino=182158 scontext=u:r:untrusted_app_27:s0:c512,c768 tcontext=u:object_r:app_data_file:s0:c512,c768 tclass=file app=com.wandoujia.phoenix2
07-21 16:27:51.987 7546 7546 I auditd : type=1400 audit(0.0:15644): avc: denied { setattr } for comm="chmod" name="tmp" dev="dm-13" ino=105 scontext=u:r:untrusted_app_27:s0:c512,c768 tcontext=u:object_r:shell_data_file:s0 tclass=dir permissive=1 app=com.wandoujia.phoenix2
07-21 16:27:51.995 7469 7469 I auditd : type=1400 audit(0.0:15645): avc: granted { execute } for comm=4173796E635461736B202331 path="/data/user/0/com.wandoujia.phoenix2/storage/afu_base_dir/versions/1/lib/arm/libpexgif.so" dev="dm-13" ino=184056 scontext=u:r:untrusted_app_27:s0:c512,c768 tcontext=u:object_r:app_data_file:s0:c512,c768 tclass=file app=com.wandoujia.phoenix2
07-21 16:27:52.003 7469 7469 I auditd : type=1400 audit(0.0:15646): avc: granted { execute } for comm=4173796E635461736B202331 path="/data/user/0/com.wandoujia.phoenix2/storage/afu_base_dir/versions/1/lib/arm/libpexapng.so" dev="dm-13" ino=88342 scontext=u:r:untrusted_app_27:s0:c512,c768 tcontext=u:object_r:app_data_file:s0:c512,c768 tclass=file app=com.wandoujia.phoenix2
07-21 16:27:52.017 0 0 W [ 3658.951675] audit: audit_lost=12047 audit_rate_limit=5 audit_backlog_limit=64
07-21 16:27:52.017 0 0 E [ 3658.951681] audit: rate limit exceeded
07-21 16:27:53.010 1563 1700 I am_uid_running: 10058
07-21 16:27:53.017 1563 1861 I am_uid_running: 10023
07-21 16:27:53.026 1563 1701 I am_proc_start: [0,7699,10058,com.qualcomm.timeservice,broadcast,{com.qualcomm.timeservice/com.qualcomm.timeservice.TimeServiceBroadcastReceiver}]
07-21 16:27:53.042 1563 1701 I am_proc_start: [0,7706,10023,com.android.providers.calendar,content provider,{com.android.providers.calendar/com.android.providers.calendar.CalendarProvider2}]
07-21 16:27:53.049 0 0 I [ 3659.977373] binder: 7699:7699 ioctl 40046210 7ff1724834 returned -22
07-21 16:27:53.051 1563 6493 I am_proc_bound: [0,7699,com.qualcomm.timeservice]
07-21 16:27:53.056 1563 6493 I am_kill : [0,7469,com.wandoujia.phoenix2,905,empty #2]
07-21 16:27:53.068 0 0 I [ 3659.996664] binder: 7706:7706 ioctl 40046210 7ff1724834 returned -22
07-21 16:27:53.071 1563 6493 I am_proc_bound: [0,7706,com.android.providers.calendar]
07-21 16:27:53.076 1563 6493 I am_uid_active: 10023
07-21 16:27:53.098 1563 6493 I am_uid_running: 10122
07-21 16:27:53.099 1563 6493 I am_kill : [0,7491,com.wandoujia.phoenix2:aid,905,empty #2]
07-21 16:27:53.114 1563 1701 I am_proc_start: [0,7733,10122,com.qiyi.video,broadcast,{com.qiyi.video/androidx.work.impl.background.systemalarm.RescheduleReceiver}]
07-21 16:27:53.144 0 0 I [ 3660.072988] binder: 7733:7733 ioctl 40046210 7ff1724834 returned -22
07-21 16:27:53.147 1563 21017 I am_proc_bound: [0,7733,com.qiyi.video]
07-21 16:27:53.160 0 0 I [ 3660.090343] init: Untracked pid 7661 received signal 9
07-21 16:27:53.159 1563 2055 I am_proc_died: [0,7469,com.wandoujia.phoenix2,905,19]
07-21 16:27:53.168 1563 2055 I am_proc_died: [0,7491,com.wandoujia.phoenix2:aid,905,19]
07-21 16:27:53.168 1563 2055 I am_uid_stopped: 10117
07-21 16:27:53.631 7733 7733 I auditd : type=1400 audit(0.0:15682): avc: granted { execute } for comm="tmn-5-4" path="/data/data/com.qiyi.video/app_native_lib/com.iqiyi.fastdns/1.1.3.60/arm64-v8a/libfastdns.so" dev="dm-13" ino=75510 scontext=u:r:untrusted_app:s0:c122,c256,c512,c768 tcontext=u:object_r:app_data_file:s0:c122,c256,c512,c768 tclass=file app=com.qiyi.video
07-21 16:27:53.755 7733 7733 I auditd : type=1400 audit(0.0:15683): avc: granted { execute } for comm="AutoName_com/qq" path="/data/data/com.qiyi.video/app_e_qq_com_plugin_138a072b26cc7e69d16ffdad8a1875d7/oat/arm64/gdt_plugin.odex" dev="dm-13" ino=190242 scontext=u:r:untrusted_app:s0:c122,c256,c512,c768 tcontext=u:object_r:app_data_file:s0:c122,c256,c512,c768 tclass=file app=com.qiyi.video
07-21 16:27:53.782 1563 9239 I am_uid_running: 10106
07-21 16:27:53.788 1563 10016 I am_kill : [0,7699,com.qualcomm.timeservice,905,empty #2]
07-21 16:27:53.789 1563 1701 I am_proc_start: [0,7885,10106,com.smile.gifmaker,broadcast,{com.smile.gifmaker/androidx.work.impl.background.systemalarm.RescheduleReceiver}]
07-21 16:27:53.813 0 0 I [ 3660.742411] binder: 7885:7885 ioctl 40046210 ff9965c8 returned -22
07-21 16:27:53.816 1563 10016 I am_proc_bound: [0,7885,com.smile.gifmaker]
07-21 16:27:53.823 1563 2055 I am_proc_died: [0,7699,com.qualcomm.timeservice,905,19]
07-21 16:27:53.824 1563 2055 I am_uid_stopped: 10058
07-21 16:27:53.819 7733 7733 I auditd : type=1400 audit(0.0:15684): avc: denied { open } for comm="AutoName_org/qi" path="/dev/__properties__/u:object_r:vendor_default_prop:s0" dev="tmpfs" ino=2356 scontext=u:r:untrusted_app:s0:c122,c256,c512,c768 tcontext=u:object_r:vendor_default_prop:s0 tclass=file permissive=1 app=com.qiyi.video
07-21 16:27:53.819 7733 7733 I auditd : type=1400 audit(0.0:15685): avc: denied { getattr } for comm="AutoName_org/qi" path="/dev/__properties__/u:object_r:vendor_default_prop:s0" dev="tmpfs" ino=2356 scontext=u:r:untrusted_app:s0:c122,c256,c512,c768 tcontext=u:object_r:vendor_default_prop:s0 tclass=file permissive=1 app=com.qiyi.video
07-21 16:27:53.819 7733 7733 I auditd : type=1400 audit(0.0:15686): avc: denied { map } for comm="AutoName_org/qi" path="/dev/__properties__/u:object_r:vendor_default_prop:s0" dev="tmpfs" ino=2356 scontext=u:r:untrusted_app:s0:c122,c256,c512,c768 tcontext=u:object_r:vendor_default_prop:s0 tclass=file permissive=1 app=com.qiyi.video
07-21 16:27:53.973 1563 1689 I commit_sys_config_file: [notification-policy,3651602]
07-21 16:27:54.128 0 0 W [ 3661.050154] audit: audit_lost=12082 audit_rate_limit=5 audit_backlog_limit=64
07-21 16:27:54.128 0 0 E [ 3661.050160] audit: rate limit exceeded
07-21 16:27:54.791 7733 7733 I auditd : type=1400 audit(0.0:15698): avc: denied { open } for comm="PlayerLoadLib" path="/proc/stat" dev="proc" ino=4026532236 scontext=u:r:untrusted_app:s0:c122,c256,c512,c768 tcontext=u:object_r:proc_stat:s0 tclass=file permissive=1 app=com.qiyi.video
07-21 16:27:54.791 7733 7733 I auditd : type=1400 audit(0.0:15699): avc: denied { getattr } for comm="PlayerLoadLib" path="/proc/stat" dev="proc" ino=4026532236 scontext=u:r:untrusted_app:s0:c122,c256,c512,c768 tcontext=u:object_r:proc_stat:s0 tclass=file permissive=1 app=com.qiyi.video
07-21 16:27:54.819 7733 7733 I auditd : type=1400 audit(0.0:15700): avc: granted { execute } for comm="GDT_SO_LOAD_THR" path="/data/data/com.qiyi.video/app_adnet/dynamic/libquickjs.so" dev="dm-13" ino=74842 scontext=u:r:untrusted_app:s0:c122,c256,c512,c768 tcontext=u:object_r:app_data_file:s0:c122,c256,c512,c768 tclass=file app=com.qiyi.video
07-21 16:27:54.852 0 0 I [ 3661.777144] binder: 7733:8107 ioctl 40046210 70cda860d4 returned -22
07-21 16:27:54.879 7733 7733 I auditd : type=1400 audit(0.0:15701): avc: granted { execute } for comm="PlayerLoadLib" path="/data/data/com.qiyi.video/files/app/player/fullsov2/libs-200_1_5b63f1ec45b016fec4776e77e00807a7_/libmctoffmpeg.so" dev="dm-13" ino=76668 scontext=u:r:untrusted_app:s0:c122,c256,c512,c768 tcontext=u:object_r:app_data_file:s0:c122,c256,c512,c768 tclass=file app=com.qiyi.video
07-21 16:27:54.967 7733 7733 I auditd : type=1400 audit(0.0:15702): avc: granted { execute } for comm="PumaChinaDrmV5" path="/data/data/com.qiyi.video/files/app/player/fullsov2/libs-200_1_5b63f1ec45b016fec4776e77e00807a7_/libmonalisa-v5.so" dev="dm-13" ino=76675 scontext=u:r:untrusted_app:s0:c122,c256,c512,c768 tcontext=u:object_r:app_data_file:s0:c122,c256,c512,c768 tclass=file app=com.qiyi.video
07-21 16:27:55.012 7885 7885 I liblog : 60
07-21 16:27:55.179 0 0 W [ 3662.096866] audit: audit_lost=12095 audit_rate_limit=5 audit_backlog_limit=64
07-21 16:27:55.179 0 0 E [ 3662.096872] audit: rate limit exceeded
07-21 16:27:55.218 1563 2055 I am_uid_running: 10095
07-21 16:27:55.220 1563 2055 I am_kill : [0,7733,com.qiyi.video,905,empty #2]
07-21 16:27:55.228 1563 1701 I am_proc_start: [0,8169,10095,com.tencent.mobileqq:MSF,broadcast,{com.tencent.mobileqq/com.tencent.mobileqq.msf.core.NetConnInfoCenter}]
07-21 16:27:55.248 0 0 I [ 3662.179233] binder: 8169:8169 ioctl 40046210 7ff1724834 returned -22
07-21 16:27:55.253 1563 19837 I am_proc_bound: [0,8169,com.tencent.mobileqq:MSF]
07-21 16:27:55.484 1563 1701 I am_proc_start: [0,8201,10095,com.tencent.mobileqq,content provider,{com.tencent.mobileqq/com.tencent.mqq.shared_file_accessor.ContentProviderImpl}]
07-21 16:27:55.513 0 0 I [ 3662.441934] binder: 8201:8201 ioctl 40046210 7ff1724834 returned -22
07-21 16:27:55.517 1563 19837 I am_proc_bound: [0,8201,com.tencent.mobileqq]
07-21 16:27:55.709 1563 1701 I am_proc_start: [0,8230,10106,com.smile.gifmaker:push_v3,service,{com.smile.gifmaker/com.kwai.android.dispatcher.PushV3ProcessLauncherService}]
07-21 16:27:55.744 0 0 I [ 3662.674328] binder: 8230:8230 ioctl 40046210 ff9965c8 returned -22
07-21 16:27:55.752 1563 2055 I am_proc_bound: [0,8230,com.smile.gifmaker:push_v3]
07-21 16:27:56.027 7885 7885 I auditd : type=1400 audit(0.0:15733): avc: granted { execute } for comm="pool-20-thread-" path="/data/user/0/com.smile.gifmaker/files/sec_kste/official/armeabi-v7a/1.7.3.118/libkste.so" dev="dm-13" ino=8832 scontext=u:r:untrusted_app_29:s0:c106,c256,c512,c768 tcontext=u:object_r:app_data_file:s0:c106,c256,c512,c768 tclass=file app=com.smile.gifmaker
07-21 16:27:56.391 7885 7885 I auditd : type=1400 audit(0.0:15734): avc: denied { write } for comm="pool-20-thread-" name="fd" dev="proc" ino=1590029 scontext=u:r:untrusted_app_29:s0:c106,c256,c512,c768 tcontext=u:r:untrusted_app_29:s0:c106,c256,c512,c768 tclass=dir permissive=1 app=com.smile.gifmaker
07-21 16:27:56.391 7885 7885 I auditd : type=1400 audit(0.0:15735): avc: denied { add_name } for comm="pool-20-thread-" name="1" scontext=u:r:untrusted_app_29:s0:c106,c256,c512,c768 tcontext=u:r:untrusted_app_29:s0:c106,c256,c512,c768 tclass=dir permissive=1 app=com.smile.gifmaker
07-21 16:27:56.391 7885 7885 I auditd : type=1400 audit(0.0:15736): avc: denied { create } for comm="pool-20-thread-" name="1" scontext=u:r:untrusted_app_29:s0:c106,c256,c512,c768 tcontext=u:object_r:untrusted_app_29:s0:c106,c256,c512,c768 tclass=file permissive=1 app=com.smile.gifmaker
07-21 16:27:56.391 7885 7885 I auditd : type=1400 audit(0.0:15737): avc: denied { associate } for comm="pool-20-thread-" name="1" scontext=u:object_r:untrusted_app_29:s0:c106,c256,c512,c768 tcontext=u:object_r:proc:s0 tclass=filesystem permissive=1 app=com.smile.gifmaker
07-21 16:27:56.502 1563 19837 I am_proc_died: [0,7733,com.qiyi.video,905,19]
07-21 16:27:56.503 1563 19837 I am_uid_stopped: 10122
07-21 16:27:56.699 1563 17518 I am_kill : [0,7885,com.smile.gifmaker,915,empty #2]
07-21 16:27:56.869 1563 21009 I am_proc_died: [0,7885,com.smile.gifmaker,915,19]
07-21 16:27:57.045 1563 21009 I am_kill : [0,8230,com.smile.gifmaker:push_v3,905,empty #2]
07-21 16:27:57.047 1563 21009 I am_kill : [0,8201,com.tencent.mobileqq,915,empty #3]
07-21 16:27:57.104 1563 21009 I am_proc_died: [0,8201,com.tencent.mobileqq,915,19]
07-21 16:27:57.105 0 0 I [ 3664.034942] binder: send failed reply for transaction 1756139 to 8169:8468
07-21 16:27:57.117 1563 1701 I am_proc_start: [0,8490,10095,com.tencent.mobileqq,content provider,{com.tencent.mobileqq/com.tencent.mqq.shared_file_accessor.ContentProviderImpl}]
07-21 16:27:57.139 1563 15393 I am_proc_died: [0,8230,com.smile.gifmaker:push_v3,905,19]
07-21 16:27:57.139 1563 15393 I am_uid_stopped: 10106
07-21 16:27:57.144 0 0 I [ 3664.072474] binder: 8490:8490 ioctl 40046210 7ff1724834 returned -22
07-21 16:27:57.145 1563 15393 I am_proc_bound: [0,8490,com.tencent.mobileqq]
07-21 16:27:57.231 1563 1689 I commit_sys_config_file: [notification-policy,3654860]
07-21 16:27:57.560 1563 15393 I am_kill : [0,8490,com.tencent.mobileqq,905,empty #2]
07-21 16:27:57.600 0 0 I [ 3664.529055] binder: undelivered transaction 1756797, process died.
07-21 16:27:57.600 0 0 I [ 3664.529091] binder: release 8490:8579 transaction 1756793 out, still active
07-21 16:27:57.600 0 0 I [ 3664.529097] binder: send failed reply for transaction 1756807 to 8169:8487
07-21 16:27:57.599 1563 1598 I am_proc_died: [0,8490,com.tencent.mobileqq,905,19]
07-21 16:27:57.604 0 0 I [ 3664.533621] binder: 8169:8487 transaction failed 29189/0, size 8-0 line 3003
07-21 16:27:57.604 0 0 I [ 3664.533628] binder: send failed reply for transaction 1756793, target dead
07-21 16:27:57.684 1563 1701 I am_proc_start: [0,8591,10095,com.tencent.mobileqq,broadcast,{com.tencent.mobileqq/mqq.app.QQBroadcastReceiver}]
07-21 16:27:57.704 0 0 I [ 3664.635823] binder: 8591:8591 ioctl 40046210 7ff1724834 returned -22
07-21 16:27:57.712 1563 1598 I am_proc_bound: [0,8591,com.tencent.mobileqq]
07-21 16:27:57.724 1563 1689 I commit_sys_config_file: [notification-policy,3655353]
07-21 16:27:58.097 1563 21009 I am_kill : [0,8591,com.tencent.mobileqq,915,empty #2]
07-21 16:27:58.133 1563 21009 I am_proc_died: [0,8591,com.tencent.mobileqq,915,19]
07-21 16:27:58.273 1563 1689 I commit_sys_config_file: [notification-policy,3655903]
07-21 16:27:59.692 0 0 I [ 3666.623613] init: processing action (sys.tlog.tlogdshc.active=1) from (/system/etc/init/tlogd.rc:198)
07-21 16:27:59.692 0 0 I [ 3666.624283] init: starting service 'tlogdshc'...
07-21 16:27:59.695 8169 8169 I auditd : type=1400 audit(0.0:15738): avc: denied { open } for comm="Thread-32" path="/sys/devices/soc0/serial_number" dev="sysfs" ino=66815 scontext=u:r:untrusted_app_27:s0:c512,c768 tcontext=u:object_r:vendor_sysfs_soc:s0 tclass=file permissive=1 app=com.tencent.mobileqq
07-21 16:27:59.695 8169 8169 I auditd : type=1400 audit(0.0:15739): avc: denied { getattr } for comm="Thread-32" path="/sys/devices/soc0/serial_number" dev="sysfs" ino=66815 scontext=u:r:untrusted_app_27:s0:c512,c768 tcontext=u:object_r:vendor_sysfs_soc:s0 tclass=file permissive=1 app=com.tencent.mobileqq
07-21 16:27:59.796 0 0 I [ 3666.726138] init: Service 'tlogdshc' (pid 8679) exited with status 0 oneshot service took 0.098000 seconds in background
07-21 16:27:59.796 0 0 I [ 3666.726168] init: Sending signal 9 to service 'tlogdshc' (pid 8679) process group...
07-21 16:27:59.796 0 0 I [ 3666.726345] libprocessgroup: Successfully killed process cgroup uid 0 pid 8679 in 0ms
07-21 16:28:05.529 1563 1701 I am_proc_start: [0,8721,10095,com.tencent.mobileqq,content provider,{com.tencent.mobileqq/com.tencent.mqq.shared_file_accessor.ContentProviderImpl}]
07-21 16:28:05.564 0 0 I [ 3672.495285] binder: 8721:8721 ioctl 40046210 7ff1724834 returned -22
07-21 16:28:05.571 1563 1598 I am_proc_bound: [0,8721,com.tencent.mobileqq]
07-21 16:28:05.838 1563 1598 I am_kill : [0,8169,com.tencent.mobileqq:MSF,915,empty #2]
07-21 16:28:05.879 1563 21009 I am_proc_died: [0,8169,com.tencent.mobileqq:MSF,915,19]
07-21 16:28:05.880 0 0 I [ 3672.810076] binder: undelivered TRANSACTION_COMPLETE
07-21 16:28:05.880 0 0 I [ 3672.810085] binder: undelivered transaction 1757705, process died.
07-21 16:28:05.880 0 0 I [ 3672.810359] binder: undelivered transaction 1757704, process died.
07-21 16:28:12.803 1563 1827 I intercept_power: [ACTION_DOWN,0,0]
07-21 16:28:12.816 1563 1563 I screen_toggled: 1
07-21 16:28:12.822 1563 1716 I wm_set_resumed_activity: [0,com.android.settings/.Settings,resumeTopActivityInnerLocked]
07-21 16:28:12.826 1563 1716 I wm_resume_activity: [0,65620330,64,com.android.settings/.Settings]
07-21 16:28:12.827 1563 1563 I power_screen_broadcast_send: 1
07-21 16:28:12.828 1563 1716 I sysui_multi_action: [757,1696,758,6,759,3]
07-21 16:28:12.830 1563 1827 I intercept_power: [ACTION_UP,0,0]
07-21 16:28:12.839 0 0 I [ 3679.768902] [drm: dsi_display_set_mode] [msm-dsi-info]: mdp_transfer_time_us=0 us
07-21 16:28:12.839 0 0 I [ 3679.768909] [drm: dsi_display_set_mode] [msm-dsi-info]: hactive= 2560,vactive= 1080,fps=60
07-21 16:28:12.839 0 0 I [ 3679.768978] [drm: dsi_ctrl_isr_configure] [msm-dsi-info]: dsi-ctrl-0: IRQ 385 registered
07-21 16:28:12.852 0 0 W [ 3679.784073] ALERT: changing window size from 20000000 to 16000000 at 3679784044669
07-21 16:28:12.868 21043 21043 I wm_on_restart_called: [65620330,com.android.settings.Settings,performRestartActivity]
07-21 16:28:12.871 21043 21043 I wm_on_start_called: [65620330,com.android.settings.Settings,handleStartActivity]
07-21 16:28:12.872 21043 21043 I snet_event_log: [120484087,-1,]
07-21 16:28:12.872 21043 21043 I wm_on_resume_called: [65620330,com.android.settings.Settings,RESUME_ACTIVITY]
07-21 16:28:12.873 21043 21043 I sysui_multi_action: [757,35,758,1,833,0,1089,0]
07-21 16:28:12.874 21043 21043 I sysui_multi_action: [757,4000,758,1,833,0,1089,0]
07-21 16:28:12.876 21043 21043 I wm_on_top_resumed_gained_called: [65620330,com.android.settings.Settings,topWhenResuming]
07-21 16:28:12.883 1563 1691 I input_focus: [Focus request 27cf47a com.android.settings/com.android.settings.Settings,reason=UpdateInputWindows]
07-21 16:28:12.896 0 0 I [ 3679.825847] [MAX975X: max96755x_drm_notifier_callback] *INFO* receives BLANK: UNBLANK
07-21 16:28:12.896 1563 1700 I am_wtf : [0,1563,system_server,-1,DisplayDeviceConfig,requesting nits when no mapping exists.]
07-21 16:28:12.899 1563 1700 I am_wtf : [0,1563,system_server,-1,DisplayDeviceConfig,requesting nits when no mapping exists.]
07-21 16:28:12.914 1563 1563 I sysui_multi_action: [757,198,758,1,759,1,1359,98,1694,1]
07-21 16:28:12.914 1563 1563 I power_screen_state: [1,0,0,0,98]
07-21 16:28:12.921 1563 1563 I battery_saving_stats: [0,0,0,1372704,0,0,1525864,0,0]
