07-21 16:34:00.005 1563 1563 D PowerManagerNotifier: onScreenPolicyUpdate: newPolicy=3
07-21 16:34:00.005 1563 1563 D PowerManagerService: updateDisplayPowerStateLocked: displayReady=true, groupId=0, policy=BRIGHT, mWakefulness=Awake, mWakeLockSummary=0x0, mUserActivitySummary=0x1, mBootCompleted=true, screenBrightnessOverride=NaN, useAutoBrightness=false, mScreenBrightnessBoostInProgress=false, mIsVrModeEnabled= false, sQuiescent=false
07-21 16:34:00.006 1563 1563 D PowerManagerService: Releasing suspend blocker "PowerManagerService.WakeLocks".
07-21 16:34:00.176 1563 1826 D PowerManagerService: userActivityNoUpdateLocked: groupId=0, eventTime=4027145, event=2, flags=0x0, uid=1000
07-21 16:34:00.176 1563 1826 D PowerManagerNotifier: onUserActivity: event=2, uid=1000
07-21 16:34:00.177 1563 1826 D PowerManagerService: updateUserActivitySummaryLocked: groupId=0, mWakefulness=Awake, mUserActivitySummary=0x1, nextTimeout=4087145 (in 59997 ms)
07-21 16:34:00.177 1563 1826 D PowerManagerNotifier: onScreenPolicyUpdate: newPolicy=3
07-21 16:34:00.177 1563 1826 D PowerManagerService: updateDisplayPowerStateLocked: displayReady=true, groupId=0, policy=BRIGHT, mWakefulness=Awake, mWakeLockSummary=0x0, mUserActivitySummary=0x1, mBootCompleted=true, screenBrightnessOverride=NaN, useAutoBrightness=false, mScreenBrightnessBoostInProgress=false, mIsVrModeEnabled= false, sQuiescent=false
07-21 16:34:00.980 1563 1826 D PowerManagerService: userActivityNoUpdateLocked: groupId=0, eventTime=4027950, event=2, flags=0x0, uid=1000
07-21 16:34:00.980 1563 1826 D PowerManagerNotifier: onUserActivity: event=2, uid=1000
07-21 16:34:00.981 1563 1826 D PowerManagerService: updateUserActivitySummaryLocked: groupId=0, mWakefulness=Awake, mUserActivitySummary=0x1, nextTimeout=4087950 (in 59998 ms)
07-21 16:34:00.981 1563 1826 D PowerManagerNotifier: onScreenPolicyUpdate: newPolicy=3
07-21 16:34:00.981 1563 1826 D PowerManagerService: updateDisplayPowerStateLocked: displayReady=true, groupId=0, policy=BRIGHT, mWakefulness=Awake, mWakeLockSummary=0x0, mUserActivitySummary=0x1, mBootCompleted=true, screenBrightnessOverride=NaN, useAutoBrightness=false, mScreenBrightnessBoostInProgress=false, mIsVrModeEnabled= false, sQuiescent=false
07-21 16:34:02.111 1563 1826 D PowerManagerService: userActivityNoUpdateLocked: groupId=0, eventTime=4029081, event=2, flags=0x0, uid=1000
07-21 16:34:02.111 1563 1826 D PowerManagerNotifier: onUserActivity: event=2, uid=1000
07-21 16:34:02.111 1563 1826 D PowerManagerService: updateUserActivitySummaryLocked: groupId=0, mWakefulness=Awake, mUserActivitySummary=0x1, nextTimeout=4089081 (in 59998 ms)
07-21 16:34:02.112 1563 1826 D PowerManagerNotifier: onScreenPolicyUpdate: newPolicy=3
07-21 16:34:02.112 1563 1826 D PowerManagerService: updateDisplayPowerStateLocked: displayReady=true, groupId=0, policy=BRIGHT, mWakefulness=Awake, mWakeLockSummary=0x0, mUserActivitySummary=0x1, mBootCompleted=true, screenBrightnessOverride=NaN, useAutoBrightness=false, mScreenBrightnessBoostInProgress=false, mIsVrModeEnabled= false, sQuiescent=false
07-21 16:34:02.214 1563 1826 D PowerManagerService: userActivityNoUpdateLocked: groupId=0, eventTime=4029185, event=2, flags=0x0, uid=1000
07-21 16:34:02.215 1563 1826 D PowerManagerNotifier: onUserActivity: event=2, uid=1000
07-21 16:34:02.215 1563 1826 D PowerManagerService: updateUserActivitySummaryLocked: groupId=0, mWakefulness=Awake, mUserActivitySummary=0x1, nextTimeout=4089185 (in 59999 ms)
07-21 16:34:02.215 1563 1826 D PowerManagerNotifier: onScreenPolicyUpdate: newPolicy=3
07-21 16:34:02.215 1563 1826 D PowerManagerService: updateDisplayPowerStateLocked: displayReady=true, groupId=0, policy=BRIGHT, mWakefulness=Awake, mWakeLockSummary=0x0, mUserActivitySummary=0x1, mBootCompleted=true, screenBrightnessOverride=NaN, useAutoBrightness=false, mScreenBrightnessBoostInProgress=false, mIsVrModeEnabled= false, sQuiescent=false
07-21 16:34:02.672 1563 1826 D PowerManagerService: userActivityNoUpdateLocked: groupId=0, eventTime=4029642, event=2, flags=0x0, uid=1000
07-21 16:34:02.672 1563 1826 D PowerManagerNotifier: onUserActivity: event=2, uid=1000
07-21 16:34:02.672 1563 1826 D PowerManagerService: updateUserActivitySummaryLocked: groupId=0, mWakefulness=Awake, mUserActivitySummary=0x1, nextTimeout=4089642 (in 59998 ms)
07-21 16:34:02.673 1563 1826 D PowerManagerNotifier: onScreenPolicyUpdate: newPolicy=3
07-21 16:34:02.673 1563 1826 D PowerManagerService: updateDisplayPowerStateLocked: displayReady=true, groupId=0, policy=BRIGHT, mWakefulness=Awake, mWakeLockSummary=0x0, mUserActivitySummary=0x1, mBootCompleted=true, screenBrightnessOverride=NaN, useAutoBrightness=false, mScreenBrightnessBoostInProgress=false, mIsVrModeEnabled= false, sQuiescent=false
07-21 16:34:02.803 1563 1826 D PowerManagerService: userActivityNoUpdateLocked: groupId=0, eventTime=4029774, event=2, flags=0x0, uid=1000
07-21 16:34:02.803 1563 1826 D PowerManagerNotifier: onUserActivity: event=2, uid=1000
07-21 16:34:02.804 1563 1826 D PowerManagerService: updateUserActivitySummaryLocked: groupId=0, mWakefulness=Awake, mUserActivitySummary=0x1, nextTimeout=4089774 (in 59999 ms)
07-21 16:34:02.804 1563 1826 D PowerManagerNotifier: onScreenPolicyUpdate: newPolicy=3
07-21 16:34:02.804 1563 1826 D PowerManagerService: updateDisplayPowerStateLocked: displayReady=true, groupId=0, policy=BRIGHT, mWakefulness=Awake, mWakeLockSummary=0x0, mUserActivitySummary=0x1, mBootCompleted=true, screenBrightnessOverride=NaN, useAutoBrightness=false, mScreenBrightnessBoostInProgress=false, mIsVrModeEnabled= false, sQuiescent=false
07-21 16:34:04.125 1563 1826 D PowerManagerService: userActivityNoUpdateLocked: groupId=0, eventTime=4031094, event=2, flags=0x0, uid=1000
07-21 16:34:04.125 1563 1826 D PowerManagerNotifier: onUserActivity: event=2, uid=1000
07-21 16:34:04.125 1563 1826 D PowerManagerService: updateUserActivitySummaryLocked: groupId=0, mWakefulness=Awake, mUserActivitySummary=0x1, nextTimeout=4091094 (in 59997 ms)
07-21 16:34:04.125 1563 1826 D PowerManagerNotifier: onScreenPolicyUpdate: newPolicy=3
07-21 16:34:04.126 1563 1826 D PowerManagerService: updateDisplayPowerStateLocked: displayReady=true, groupId=0, policy=BRIGHT, mWakefulness=Awake, mWakeLockSummary=0x0, mUserActivitySummary=0x1, mBootCompleted=true, screenBrightnessOverride=NaN, useAutoBrightness=false, mScreenBrightnessBoostInProgress=false, mIsVrModeEnabled= false, sQuiescent=false
07-21 16:34:06.693 1563 1826 D PowerManagerService: userActivityNoUpdateLocked: groupId=0, eventTime=4033662, event=2, flags=0x0, uid=1000
07-21 16:34:06.693 1563 1826 D PowerManagerNotifier: onUserActivity: event=2, uid=1000
07-21 16:34:06.694 1563 1826 D PowerManagerService: updateUserActivitySummaryLocked: groupId=0, mWakefulness=Awake, mUserActivitySummary=0x1, nextTimeout=4093662 (in 59997 ms)
07-21 16:34:06.694 1563 1826 D PowerManagerNotifier: onScreenPolicyUpdate: newPolicy=3
07-21 16:34:06.694 1563 1826 D PowerManagerService: updateDisplayPowerStateLocked: displayReady=true, groupId=0, policy=BRIGHT, mWakefulness=Awake, mWakeLockSummary=0x0, mUserActivitySummary=0x1, mBootCompleted=true, screenBrightnessOverride=NaN, useAutoBrightness=false, mScreenBrightnessBoostInProgress=false, mIsVrModeEnabled= false, sQuiescent=false
07-21 16:34:06.828 1563 1691 I input_focus: [Focus request b3e533a com.android.launcher3/com.android.launcher3.uioverrides.QuickstepLauncher,reason=UpdateInputWindows]
07-21 16:34:06.854 1563 1826 I input_focus: [Focus leaving 28c4f40 com.android.launcher3/com.android.launcher3.uioverrides.QuickstepLauncher (server),reason=Waiting for window because NOT_VISIBLE]
07-21 16:34:06.871 1563 1826 I input_focus: [Focus entering b3e533a com.android.launcher3/com.android.launcher3.uioverrides.QuickstepLauncher (server),reason=Window became focusable. Previous reason: NOT_VISIBLE]
07-21 16:34:07.257 1563 1862 I storage_state: [41217664-9172-527a-b3d5-edabb50a7d69,0,0,95627943936,118610538496]
07-21 16:34:07.453 1563 1826 I input_interaction: Interaction with: b3e533a com.android.launcher3/com.android.launcher3.uioverrides.QuickstepLauncher (server), edge-swipe (server), swipe-up (server), PointerEventDispatcher0 (server),
07-21 16:34:07.454 1563 1826 D PowerManagerService: userActivityNoUpdateLocked: groupId=0, eventTime=4034423, event=2, flags=0x0, uid=1000
07-21 16:34:07.454 1563 1826 D PowerManagerNotifier: onUserActivity: event=2, uid=1000
07-21 16:34:07.454 1563 1826 D PowerManagerService: updateUserActivitySummaryLocked: groupId=0, mWakefulness=Awake, mUserActivitySummary=0x1, nextTimeout=4094423 (in 59997 ms)
07-21 16:34:07.454 1563 1826 D PowerManagerNotifier: onScreenPolicyUpdate: newPolicy=3
07-21 16:34:07.454 1563 1826 D PowerManagerService: updateDisplayPowerStateLocked: displayReady=true, groupId=0, policy=BRIGHT, mWakefulness=Awake, mWakeLockSummary=0x0, mUserActivitySummary=0x1, mBootCompleted=true, screenBrightnessOverride=NaN, useAutoBrightness=false, mScreenBrightnessBoostInProgress=false, mIsVrModeEnabled= false, sQuiescent=false
07-21 16:34:07.575 1563 1826 D PowerManagerService: userActivityNoUpdateLocked: groupId=0, eventTime=4034546, event=2, flags=0x0, uid=1000
07-21 16:34:07.576 1563 1826 D PowerManagerNotifier: onUserActivity: event=2, uid=1000
07-21 16:34:07.576 1563 1826 D PowerManagerService: updateUserActivitySummaryLocked: groupId=0, mWakefulness=Awake, mUserActivitySummary=0x1, nextTimeout=4094546 (in 59998 ms)
07-21 16:34:07.576 1563 1826 D PowerManagerNotifier: onScreenPolicyUpdate: newPolicy=3
07-21 16:34:07.576 1563 1826 D PowerManagerService: updateDisplayPowerStateLocked: displayReady=true, groupId=0, policy=BRIGHT, mWakefulness=Awake, mWakeLockSummary=0x0, mUserActivitySummary=0x1, mBootCompleted=true, screenBrightnessOverride=NaN, useAutoBrightness=false, mScreenBrightnessBoostInProgress=false, mIsVrModeEnabled= false, sQuiescent=false
07-21 16:34:07.582 1563 1700 I ActivityManager: Force stopping com.ss.android.article.news appid=10097 user=0: deletePackageX
07-21 16:34:07.585 1563 1700 D FreeFormWindowHelper: handleFreeformTask : Task{2e16b62 #1 type=home ?? U=0 visible=true mode=fullscreen translucent=false sz=1 visible freeform task=true rootAffinity=null isMini=false}
07-21 16:34:07.585 1563 1700 D FreeFormWindowHelper: mFreeFormTask : null
07-21 16:34:07.585 1563 1700 D FreeFormWindowHelper: mInRecent : true
07-21 16:34:07.585 1563 1700 D FreeFormWindowHelper: The start activity is recent, hide freeform task : null
07-21 16:34:07.585 1563 1700 D FreeFormWindowHelper:
07-21 16:34:07.666 1563 1691 I input_focus: [Focus request 28c4f40 com.android.launcher3/com.android.launcher3.uioverrides.QuickstepLauncher,reason=UpdateInputWindows]
07-21 16:34:07.688 1563 1826 I input_focus: [Focus entering 28c4f40 com.android.launcher3/com.android.launcher3.uioverrides.QuickstepLauncher (server),reason=setFocusedWindow]
07-21 16:34:08.075 1563 1740 I PackageManager: Removing permission com.ss.android.article.news.permission.PUSH_WRITE_PROVIDER that used to be declared by com.ss.android.article.news
07-21 16:34:08.076 1563 1740 I PackageManager: Removing permission com.ss.android.article.news.permission.PROCESS_PUSH_MSG that used to be declared by com.ss.android.article.news
07-21 16:34:08.076 1563 1740 I PackageManager: Removing permission com.ss.android.article.news.minigame.PROCESS_COMMUNICATION that used to be declared by com.ss.android.article.news
07-21 16:34:08.076 1563 1740 I PackageManager: Removing permission com.ss.android.article.news.permission.MIPUSH_RECEIVE that used to be declared by com.ss.android.article.news
07-21 16:34:08.077 1563 1740 I PackageManager: Removing permission com.ss.android.article.news.hihonor.permission.PROCESS_PUSH_MSG that used to be declared by com.ss.android.article.news
07-21 16:34:08.077 1563 1740 I PackageManager: Removing permission com.ss.android.article.news.miniapp.PROCESS_COMMUNICATION that used to be declared by com.ss.android.article.news
07-21 16:34:08.077 1563 1740 I PackageManager: Removing permission com.ss.android.article.news.permission.PUSH_PROVIDER that used to be declared by com.ss.android.article.news
07-21 16:34:08.078 1563 1740 I PackageManager: Removing permission com.ss.android.article.news.permission.READ_ACCOUNT that used to be declared by com.ss.android.article.news
07-21 16:34:08.078 1563 1740 I PackageManager: Removing permission com.ss.android.article.news.permission.antisurvival that used to be declared by com.ss.android.article.news
07-21 16:34:08.079 1563 1740 I PackageManager: Removing permission com.ss.android.article.news.permission.WRITE_ACCOUNT that used to be declared by com.ss.android.article.news
07-21 16:34:08.079 1563 1740 I PackageManager: Permission ownership changed. Updating all permissions.
07-21 16:34:08.156 1563 1740 W PackageManager: /data/system/packages.xml fsync begin
07-21 16:34:08.166 1563 1740 W PackageManager: /data/system/packages.xml fsync end
07-21 16:34:08.180 0 0 I [ 4035.149563] sdcardfs: removing com.ss.android.article.news
07-21 16:34:08.184 0 0 I [ 4035.154576] logd: start watching /data/system/packages.list ...
07-21 16:34:08.188 1563 1740 I commit_sys_config_file: [package-user-0,4]
07-21 16:34:08.188 1563 1740 I commit_sys_config_file: [package,68]
07-21 16:34:08.188 0 0 I [ 4035.156430] logd: ReadPackageList, total packages: 121
07-21 16:34:08.191 1563 1687 W Looper : Slow dispatch took 110ms android.fg h=android.os.Handler c= m=0
07-21 16:34:08.198 1563 1740 D PackageManager: Instant App installer not found with android.intent.action.INSTALL_INSTANT_APP_PACKAGE
07-21 16:34:08.198 1563 1740 D PackageManager: Clear ephemeral installer activity
07-21 16:34:08.350 1563 1700 I ActivityManager: Force stopping com.tencent.wework appid=10098 user=0: deletePackageX
07-21 16:34:08.351 1563 1700 I ActivityManager: Force stopping service ServiceRecord{d02fd82 u0 com.tencent.wework/.launch.ForeService}
07-21 16:34:08.351 1563 1700 I ActivityManager: Force stopping service ServiceRecord{80fbc93 u0 com.tencent.wework/.remote.PushService}
07-21 16:34:08.353 1563 1700 D FreeFormWindowHelper: handleFreeformTask : Task{2e16b62 #1 type=home ?? U=0 visible=true mode=fullscreen translucent=false sz=1 visible freeform task=true rootAffinity=null isMini=false}
07-21 16:34:08.353 1563 1700 D FreeFormWindowHelper: mFreeFormTask : null
07-21 16:34:08.353 1563 1700 D FreeFormWindowHelper: mInRecent : true
07-21 16:34:08.353 1563 1700 D FreeFormWindowHelper: The start activity is recent, hide freeform task : null
07-21 16:34:08.353 1563 1700 D FreeFormWindowHelper:
07-21 16:34:10.076 1563 1826 I input_interaction: Interaction with: 28c4f40 com.android.launcher3/com.android.launcher3.uioverrides.QuickstepLauncher (server), c461ca2 com.android.systemui.ImageWallpaper (server), edge-swipe (server), swipe-up (server), PointerEventDispatcher0 (server),
07-21 16:34:10.077 1563 1826 D PowerManagerService: userActivityNoUpdateLocked: groupId=0, eventTime=4037047, event=2, flags=0x0, uid=1000
07-21 16:34:10.077 1563 1826 D PowerManagerNotifier: onUserActivity: event=2, uid=1000
07-21 16:34:10.077 1563 1826 D PowerManagerService: updateUserActivitySummaryLocked: groupId=0, mWakefulness=Awake, mUserActivitySummary=0x1, nextTimeout=4097047 (in 59998 ms)
07-21 16:34:10.077 1563 1826 D PowerManagerNotifier: onScreenPolicyUpdate: newPolicy=3
07-21 16:34:10.078 1563 1826 D PowerManagerService: updateDisplayPowerStateLocked: displayReady=true, groupId=0, policy=BRIGHT, mWakefulness=Awake, mWakeLockSummary=0x0, mUserActivitySummary=0x1, mBootCompleted=true, screenBrightnessOverride=NaN, useAutoBrightness=false, mScreenBrightnessBoostInProgress=false, mIsVrModeEnabled= false, sQuiescent=false
07-21 16:34:10.195 1563 1826 D PowerManagerService: userActivityNoUpdateLocked: groupId=0, eventTime=4037166, event=2, flags=0x0, uid=1000
07-21 16:34:10.195 1563 1826 D PowerManagerNotifier: onUserActivity: event=2, uid=1000
07-21 16:34:10.195 1563 1826 D PowerManagerService: updateUserActivitySummaryLocked: groupId=0, mWakefulness=Awake, mUserActivitySummary=0x1, nextTimeout=4097166 (in 59999 ms)
07-21 16:34:10.196 1563 1826 D PowerManagerNotifier: onScreenPolicyUpdate: newPolicy=3
07-21 16:34:10.196 1563 1826 D PowerManagerService: updateDisplayPowerStateLocked: displayReady=true, groupId=0, policy=BRIGHT, mWakefulness=Awake, mWakeLockSummary=0x0, mUserActivitySummary=0x1, mBootCompleted=true, screenBrightnessOverride=NaN, useAutoBrightness=false, mScreenBrightnessBoostInProgress=false, mIsVrModeEnabled= false, sQuiescent=false
07-21 16:34:10.644 1563 1826 D PowerManagerService: userActivityNoUpdateLocked: groupId=0, eventTime=4037614, event=2, flags=0x0, uid=1000
07-21 16:34:10.644 1563 1826 D PowerManagerNotifier: onUserActivity: event=2, uid=1000
07-21 16:34:10.644 1563 1826 D PowerManagerService: updateUserActivitySummaryLocked: groupId=0, mWakefulness=Awake, mUserActivitySummary=0x1, nextTimeout=4097614 (in 59998 ms)
07-21 16:34:10.644 1563 1826 D PowerManagerNotifier: onScreenPolicyUpdate: newPolicy=3
07-21 16:34:10.644 1563 1826 D PowerManagerService: updateDisplayPowerStateLocked: displayReady=true, groupId=0, policy=BRIGHT, mWakefulness=Awake, mWakeLockSummary=0x0, mUserActivitySummary=0x1, mBootCompleted=true, screenBrightnessOverride=NaN, useAutoBrightness=false, mScreenBrightnessBoostInProgress=false, mIsVrModeEnabled= false, sQuiescent=false
07-21 16:34:10.766 1563 1826 D PowerManagerService: userActivityNoUpdateLocked: groupId=0, eventTime=4037737, event=2, flags=0x0, uid=1000
07-21 16:34:10.766 1563 1826 D PowerManagerNotifier: onUserActivity: event=2, uid=1000
07-21 16:34:10.767 1563 1826 D PowerManagerService: updateUserActivitySummaryLocked: groupId=0, mWakefulness=Awake, mUserActivitySummary=0x1, nextTimeout=4097737 (in 59999 ms)
07-21 16:34:10.767 1563 1826 D PowerManagerNotifier: onScreenPolicyUpdate: newPolicy=3
07-21 16:34:10.767 1563 1826 D PowerManagerService: updateDisplayPowerStateLocked: displayReady=true, groupId=0, policy=BRIGHT, mWakefulness=Awake, mWakeLockSummary=0x0, mUserActivitySummary=0x1, mBootCompleted=true, screenBrightnessOverride=NaN, useAutoBrightness=false, mScreenBrightnessBoostInProgress=false, mIsVrModeEnabled= false, sQuiescent=false
07-21 16:34:11.489 1563 1826 D PowerManagerService: userActivityNoUpdateLocked: groupId=0, eventTime=4038459, event=2, flags=0x0, uid=1000
07-21 16:34:11.489 1563 1826 D PowerManagerNotifier: onUserActivity: event=2, uid=1000
07-21 16:34:11.489 1563 1826 D PowerManagerService: updateUserActivitySummaryLocked: groupId=0, mWakefulness=Awake, mUserActivitySummary=0x1, nextTimeout=4098459 (in 59998 ms)
07-21 16:34:11.489 1563 1826 D PowerManagerNotifier: onScreenPolicyUpdate: newPolicy=3
07-21 16:34:11.489 1563 1826 D PowerManagerService: updateDisplayPowerStateLocked: displayReady=true, groupId=0, policy=BRIGHT, mWakefulness=Awake, mWakeLockSummary=0x0, mUserActivitySummary=0x1, mBootCompleted=true, screenBrightnessOverride=NaN, useAutoBrightness=false, mScreenBrightnessBoostInProgress=false, mIsVrModeEnabled= false, sQuiescent=false
07-21 16:34:11.593 1563 1691 I input_focus: [Focus request c8ebada com.android.launcher3/com.android.launcher3.uioverrides.QuickstepLauncher,reason=UpdateInputWindows]
07-21 16:34:11.620 1563 1826 I input_focus: [Focus leaving 28c4f40 com.android.launcher3/com.android.launcher3.uioverrides.QuickstepLauncher (server),reason=Waiting for window because NOT_VISIBLE]
07-21 16:34:11.632 1563 1826 I input_focus: [Focus entering c8ebada com.android.launcher3/com.android.launcher3.uioverrides.QuickstepLauncher (server),reason=Window became focusable. Previous reason: NOT_VISIBLE]
07-21 16:34:11.926 1563 1817 D PowerManagerService: acquireWakeLockInternal: lock=104154948, flags=0x1, tag="*alarm*", ws=WorkSource{10106}, uid=1000, pid=1563
07-21 16:34:11.927 1563 1817 D PowerManagerService: updateWakeLockSummaryLocked: mWakefulness=Awake, mWakeLockSummary=0x1
07-21 16:34:11.927 1563 1817 D PowerManagerService: updateUserActivitySummaryLocked: groupId=0, mWakefulness=Awake, mUserActivitySummary=0x1, nextTimeout=4098459 (in 59561 ms)
07-21 16:34:11.927 1563 1817 D PowerManagerNotifier: onScreenPolicyUpdate: newPolicy=3
07-21 16:34:11.927 1563 1817 D PowerManagerService: updateDisplayPowerStateLocked: displayReady=true, groupId=0, policy=BRIGHT, mWakefulness=Awake, mWakeLockSummary=0x1, mUserActivitySummary=0x1, mBootCompleted=true, screenBrightnessOverride=NaN, useAutoBrightness=false, mScreenBrightnessBoostInProgress=false, mIsVrModeEnabled= false, sQuiescent=false
07-21 16:34:11.927 1563 1817 D PowerManagerService: Acquiring suspend blocker "PowerManagerService.WakeLocks".
07-21 16:34:11.928 1563 1817 D PowerManagerNotifier: onWakeLockAcquired: flags=1, tag="*alarm*", packageName=android, ownerUid=1000, ownerPid=1563, workSource=WorkSource{10106}
07-21 16:34:11.929 1563 1563 D PowerManagerService: releaseWakeLockInternal: lock=104154948 [*alarm*], flags=0x0
07-21 16:34:11.929 1563 1563 D PowerManagerNotifier: onWakeLockReleased: flags=1, tag="*alarm*", packageName=android, ownerUid=1000, ownerPid=1563, workSource=WorkSource{10106}
07-21 16:34:11.929 1563 1563 D PowerManagerService: updateWakeLockSummaryLocked: mWakefulness=Awake, mWakeLockSummary=0x0
07-21 16:34:11.929 1563 1563 D PowerManagerService: updateUserActivitySummaryLocked: groupId=0, mWakefulness=Awake, mUserActivitySummary=0x1, nextTimeout=4098459 (in 59558 ms)
07-21 16:34:11.929 1563 1563 D PowerManagerNotifier: onScreenPolicyUpdate: newPolicy=3
07-21 16:34:11.929 1563 1563 D PowerManagerService: updateDisplayPowerStateLocked: displayReady=true, groupId=0, policy=BRIGHT, mWakefulness=Awake, mWakeLockSummary=0x0, mUserActivitySummary=0x1, mBootCompleted=true, screenBrightnessOverride=NaN, useAutoBrightness=false, mScreenBrightnessBoostInProgress=false, mIsVrModeEnabled= false, sQuiescent=false
07-21 16:34:11.929 1563 1563 D PowerManagerService: Releasing suspend blocker "PowerManagerService.WakeLocks".
07-21 16:34:12.192 1563 1826 I input_interaction: Interaction with: c8ebada com.android.launcher3/com.android.launcher3.uioverrides.QuickstepLauncher (server), edge-swipe (server), swipe-up (server), PointerEventDispatcher0 (server),
07-21 16:34:12.193 1563 1826 D PowerManagerService: userActivityNoUpdateLocked: groupId=0, eventTime=4039163, event=2, flags=0x0, uid=1000
07-21 16:34:12.193 1563 1826 D PowerManagerNotifier: onUserActivity: event=2, uid=1000
07-21 16:34:12.193 1563 1826 D PowerManagerService: updateUserActivitySummaryLocked: groupId=0, mWakefulness=Awake, mUserActivitySummary=0x1, nextTimeout=4099163 (in 59999 ms)
07-21 16:34:12.193 1563 1826 D PowerManagerNotifier: onScreenPolicyUpdate: newPolicy=3
07-21 16:34:12.193 1563 1826 D PowerManagerService: updateDisplayPowerStateLocked: displayReady=true, groupId=0, policy=BRIGHT, mWakefulness=Awake, mWakeLockSummary=0x0, mUserActivitySummary=0x1, mBootCompleted=true, screenBrightnessOverride=NaN, useAutoBrightness=false, mScreenBrightnessBoostInProgress=false, mIsVrModeEnabled= false, sQuiescent=false
07-21 16:34:12.305 1563 1826 D PowerManagerService: userActivityNoUpdateLocked: groupId=0, eventTime=4039276, event=2, flags=0x0, uid=1000
07-21 16:34:12.305 1563 1826 D PowerManagerNotifier: onUserActivity: event=2, uid=1000
07-21 16:34:12.306 1563 1826 D PowerManagerService: updateUserActivitySummaryLocked: groupId=0, mWakefulness=Awake, mUserActivitySummary=0x1, nextTimeout=4099276 (in 59999 ms)
07-21 16:34:12.306 1563 1826 D PowerManagerNotifier: onScreenPolicyUpdate: newPolicy=3
07-21 16:34:12.306 1563 1826 D PowerManagerService: updateDisplayPowerStateLocked: displayReady=true, groupId=0, policy=BRIGHT, mWakefulness=Awake, mWakeLockSummary=0x0, mUserActivitySummary=0x1, mBootCompleted=true, screenBrightnessOverride=NaN, useAutoBrightness=false, mScreenBrightnessBoostInProgress=false, mIsVrModeEnabled= false, sQuiescent=false
07-21 16:34:12.324 1563 1691 I input_focus: [Focus request 28c4f40 com.android.launcher3/com.android.launcher3.uioverrides.QuickstepLauncher,reason=UpdateInputWindows]
07-21 16:34:12.350 1563 1826 I input_focus: [Focus entering 28c4f40 com.android.launcher3/com.android.launcher3.uioverrides.QuickstepLauncher (server),reason=setFocusedWindow]
07-21 16:34:12.996 1563 1826 I input_interaction: Interaction with: 28c4f40 com.android.launcher3/com.android.launcher3.uioverrides.QuickstepLauncher (server), c461ca2 com.android.systemui.ImageWallpaper (server), edge-swipe (server), swipe-up (server), PointerEventDispatcher0 (server),
07-21 16:34:12.997 1563 1826 D PowerManagerService: userActivityNoUpdateLocked: groupId=0, eventTime=4039967, event=2, flags=0x0, uid=1000
07-21 16:34:12.997 1563 1826 D PowerManagerNotifier: onUserActivity: event=2, uid=1000
07-21 16:34:12.997 1563 1826 D PowerManagerService: updateUserActivitySummaryLocked: groupId=0, mWakefulness=Awake, mUserActivitySummary=0x1, nextTimeout=4099967 (in 59999 ms)
07-21 16:34:12.997 1563 1826 D PowerManagerNotifier: onScreenPolicyUpdate: newPolicy=3
07-21 16:34:12.997 1563 1826 D PowerManagerService: updateDisplayPowerStateLocked: displayReady=true, groupId=0, policy=BRIGHT, mWakefulness=Awake, mWakeLockSummary=0x0, mUserActivitySummary=0x1, mBootCompleted=true, screenBrightnessOverride=NaN, useAutoBrightness=false, mScreenBrightnessBoostInProgress=false, mIsVrModeEnabled= false, sQuiescent=false
07-21 16:34:13.105 1563 12235 D FreeFormWindowHelper: exitRecentTasks
07-21 16:34:13.297 1563 1815 I commit_sys_config_file: [settings-1-0,4]
07-21 16:34:14.392 1563 1826 D PowerManagerService: userActivityNoUpdateLocked: groupId=0, eventTime=4041362, event=2, flags=0x0, uid=1000
07-21 16:34:14.392 1563 1826 D PowerManagerNotifier: onUserActivity: event=2, uid=1000
07-21 16:34:14.392 1563 1826 D PowerManagerService: updateUserActivitySummaryLocked: groupId=0, mWakefulness=Awake, mUserActivitySummary=0x1, nextTimeout=4101362 (in 59999 ms)
07-21 16:34:14.392 1563 1826 D PowerManagerNotifier: onScreenPolicyUpdate: newPolicy=3
07-21 16:34:14.392 1563 1826 D PowerManagerService: updateDisplayPowerStateLocked: displayReady=true, groupId=0, policy=BRIGHT, mWakefulness=Awake, mWakeLockSummary=0x0, mUserActivitySummary=0x1, mBootCompleted=true, screenBrightnessOverride=NaN, useAutoBrightness=false, mScreenBrightnessBoostInProgress=false, mIsVrModeEnabled= false, sQuiescent=false
07-21 16:34:15.446 1563 1826 D PowerManagerService: userActivityNoUpdateLocked: groupId=0, eventTime=4042416, event=2, flags=0x0, uid=1000
07-21 16:34:15.446 1563 1826 D PowerManagerNotifier: onUserActivity: event=2, uid=1000
07-21 16:34:15.446 1563 1826 D PowerManagerService: updateUserActivitySummaryLocked: groupId=0, mWakefulness=Awake, mUserActivitySummary=0x1, nextTimeout=4102416 (in 59999 ms)
07-21 16:34:15.446 1563 1826 D PowerManagerNotifier: onScreenPolicyUpdate: newPolicy=3
07-21 16:34:15.446 1563 1826 D PowerManagerService: updateDisplayPowerStateLocked: displayReady=true, groupId=0, policy=BRIGHT, mWakefulness=Awake, mWakeLockSummary=0x0, mUserActivitySummary=0x1, mBootCompleted=true, screenBrightnessOverride=NaN, useAutoBrightness=false, mScreenBrightnessBoostInProgress=false, mIsVrModeEnabled= false, sQuiescent=false
07-21 16:34:15.559 1563 1826 D PowerManagerService: userActivityNoUpdateLocked: groupId=0, eventTime=4042530, event=2, flags=0x0, uid=1000
07-21 16:34:15.560 1563 1826 D PowerManagerNotifier: onUserActivity: event=2, uid=1000
07-21 16:34:15.560 1563 1826 D PowerManagerService: updateUserActivitySummaryLocked: groupId=0, mWakefulness=Awake, mUserActivitySummary=0x1, nextTimeout=4102530 (in 59999 ms)
07-21 16:34:15.560 1563 1826 D PowerManagerNotifier: onScreenPolicyUpdate: newPolicy=3
07-21 16:34:15.560 1563 1826 D PowerManagerService: updateDisplayPowerStateLocked: displayReady=true, groupId=0, policy=BRIGHT, mWakefulness=Awake, mWakeLockSummary=0x0, mUserActivitySummary=0x1, mBootCompleted=true, screenBrightnessOverride=NaN, useAutoBrightness=false, mScreenBrightnessBoostInProgress=false, mIsVrModeEnabled= false, sQuiescent=false
07-21 16:34:18.555 1563 1740 I PackageManager: Removing permission com.tencent.wework.permission.MIPUSH_RECEIVE that used to be declared by com.tencent.wework
07-21 16:34:18.555 1563 1740 I PackageManager: Removing permission com.tencent.wework.manual.dump that used to be declared by com.tencent.wework
07-21 16:34:18.555 1563 1740 I PackageManager: Removing permission com.tencent.wework.backtrace.warmed_up that used to be declared by com.tencent.wework
07-21 16:34:18.555 1563 1740 I PackageManager: Removing permission com.tencent.wework.vfs.broadcast that used to be declared by com.tencent.wework
07-21 16:34:18.555 1563 1740 I PackageManager: Removing permission com.tencent.wework.permission.PUSH_PROVIDER that used to be declared by com.tencent.wework
07-21 16:34:18.556 1563 1740 I PackageManager: Removing permission com.tencent.wework.voiceassist.permission.READ that used to be declared by com.tencent.wework
07-21 16:34:18.556 1563 1740 I PackageManager: Removing permission com.tencent.wework.voiceassist.permission.WRITE that used to be declared by com.tencent.wework
07-21 16:34:18.556 1563 1740 I PackageManager: Removing permission com.tencent.wework.permission.PUSH_WRITE_PROVIDER that used to be declared by com.tencent.wework
07-21 16:34:18.556 1563 1740 I PackageManager: Removing permission com.tencent.wework.permission.PROCESS_PUSH_MSG that used to be declared by com.tencent.wework
07-21 16:34:18.556 1563 1740 I PackageManager: Removing permission com.tencent.wework.permission.receiver that used to be declared by com.tencent.wework
07-21 16:34:18.556 1563 1740 I PackageManager: Permission ownership changed. Updating all permissions.
07-21 16:34:18.595 1563 1740 W PackageManager: /data/system/packages.xml fsync begin
07-21 16:34:18.603 1563 1740 W PackageManager: /data/system/packages.xml fsync end
07-21 16:34:18.616 0 0 I [ 4045.587396] sdcardfs: removing com.tencent.wework
07-21 16:34:18.624 1563 1740 I commit_sys_config_file: [package-user-0,3]
07-21 16:34:18.624 1563 1740 I commit_sys_config_file: [package,46]
07-21 16:34:18.624 0 0 I [ 4045.592171] logd: start watching /data/system/packages.list ...
07-21 16:34:18.624 0 0 I [ 4045.593347] logd: ReadPackageList, total packages: 120
07-21 16:34:18.626 1563 1740 D PackageManager: Instant App installer not found with android.intent.action.INSTALL_INSTANT_APP_PACKAGE
07-21 16:34:18.626 1563 1740 D PackageManager: Clear ephemeral installer activity
07-21 16:34:18.886 1563 1700 I ActivityManager: Force stopping com.youku.phone appid=10099 user=0: deletePackageX
07-21 16:34:18.888 1563 1700 I ActivityManager: Killing 16307:com.thundercomm.gamemode.provider/u0a64 (adj 915): empty #2
07-21 16:34:18.888 1563 1700 I am_kill : [0,16307,com.thundercomm.gamemode.provider,915,empty #2]
07-21 16:34:18.890 1563 1700 D FreeFormWindowHelper: handleFreeformTask : Task{2e16b62 #1 type=home ?? U=0 visible=true mode=fullscreen translucent=false sz=1 visible freeform task=true rootAffinity=null isMini=false}
07-21 16:34:18.890 1563 1700 D FreeFormWindowHelper: mFreeFormTask : null
07-21 16:34:18.890 1563 1700 D FreeFormWindowHelper: mInRecent : false
07-21 16:34:18.890 1563 1700 D FreeFormWindowHelper:
07-21 16:34:18.895 1563 1699 I am_pss : [15034,10092,com.android.permissioncontroller,12794880,9859072,48128,97959936,0,19,6]
07-21 16:34:18.914 1563 26128 I am_proc_died: [0,16307,com.thundercomm.gamemode.provider,915,19]
07-21 16:34:18.915 1563 26128 I am_uid_stopped: 10064
07-21 16:34:19.797 1563 1740 I PackageManager: Removing permission com.youku.phone.push.permission.MESSAGE that used to be declared by com.youku.phone
07-21 16:34:19.797 1563 1740 I PackageManager: Removing permission com.youku.phone.permission.MIPUSH_RECEIVE that used to be declared by com.youku.phone
07-21 16:34:19.797 1563 1740 I PackageManager: Removing permission com.youku.phone.openadsdk.permission.TT_PANGOLIN that used to be declared by com.youku.phone
07-21 16:34:19.798 1563 1740 I PackageManager: Removing permission com.youku.phone.hihonor.permission.PROCESS_PUSH_MSG that used to be declared by com.youku.phone
07-21 16:34:19.798 1563 1740 I PackageManager: Removing permission com.youku.phone.permission.C2D_MESSAGE that used to be declared by com.youku.phone
07-21 16:34:19.798 1563 1740 I PackageManager: Permission ownership changed. Updating all permissions.
07-21 16:34:19.857 1563 1740 W PackageManager: /data/system/packages.xml fsync begin
07-21 16:34:19.865 1563 1740 W PackageManager: /data/system/packages.xml fsync end
07-21 16:34:19.876 0 0 I [ 4046.846437] sdcardfs: removing com.youku.phone
07-21 16:34:19.880 0 0 I [ 4046.850618] logd: start watching /data/system/packages.list ...
07-21 16:34:19.882 1563 1740 I commit_sys_config_file: [package-user-0,3]
07-21 16:34:19.882 1563 1740 I commit_sys_config_file: [package,50]
07-21 16:34:19.884 0 0 I [ 4046.853563] logd: ReadPackageList, total packages: 119
07-21 16:34:19.886 1563 1740 D PackageManager: Instant App installer not found with android.intent.action.INSTALL_INSTANT_APP_PACKAGE
07-21 16:34:19.886 1563 1740 D PackageManager: Clear ephemeral installer activity
07-21 16:34:20.048 1563 1700 I ActivityManager: Force stopping com.smile.gifmaker appid=10106 user=0: deletePackageX
07-21 16:34:20.050 1563 1700 I ActivityManager: Killing 16619:com.android.providers.calendar/u0a23 (adj 915): empty #2
07-21 16:34:20.050 1563 1700 I am_kill : [0,16619,com.android.providers.calendar,915,empty #2]
07-21 16:34:20.054 1563 1700 D FreeFormWindowHelper: handleFreeformTask : Task{2e16b62 #1 type=home ?? U=0 visible=true mode=fullscreen translucent=false sz=1 visible freeform task=true rootAffinity=null isMini=false}
07-21 16:34:20.054 1563 1700 D FreeFormWindowHelper: mFreeFormTask : null
07-21 16:34:20.054 1563 1700 D FreeFormWindowHelper: mInRecent : false
07-21 16:34:20.054 1563 1700 D FreeFormWindowHelper:
07-21 16:34:20.082 1563 17518 I am_proc_died: [0,16619,com.android.providers.calendar,915,19]
07-21 16:34:20.083 1563 17518 I am_uid_stopped: 10023
07-21 16:34:24.990 1563 1740 I PackageManager: Removing permission com.smile.gifmaker.permission.MIPUSH_RECEIVE that used to be declared by com.smile.gifmaker
07-21 16:34:24.990 1563 1740 I PackageManager: Removing permission com.smile.gifmaker.permission.AGREE_PRIVACY_PERMISSION that used to be declared by com.smile.gifmaker
07-21 16:34:24.990 1563 1740 I PackageManager: Removing permission com.smile.gifmaker.hihonor.permission.PROCESS_PUSH_MSG that used to be declared by com.smile.gifmaker
07-21 16:34:24.990 1563 1740 I PackageManager: Removing permission com.smile.gifmaker.permission.C2D_MESSAGE that used to be declared by com.smile.gifmaker
07-21 16:34:24.990 1563 1740 I PackageManager: Removing permission com.smile.gifmaker.frog.game.permission that used to be declared by com.smile.gifmaker
07-21 16:34:24.990 1563 1740 I PackageManager: Removing permission com.smile.gifmaker.permission.PROCESS_PUSH_MSG that used to be declared by com.smile.gifmaker
07-21 16:34:24.990 1563 1740 I PackageManager: Removing permission com.smile.gifmaker.refreshToken.ALLOW_RECEIVED that used to be declared by com.smile.gifmaker
07-21 16:34:24.991 1563 1740 I PackageManager: Removing permission com.smile.gifmaker.permission.PUSH_WRITE_PROVIDER that used to be declared by com.smile.gifmaker
07-21 16:34:24.991 1563 1740 I PackageManager: Removing permission com.smile.gifmaker.push.permission.MESSAGE that used to be declared by com.smile.gifmaker
07-21 16:34:24.991 1563 1740 I PackageManager: Removing permission com.smile.gifmaker.permission.PUSH_PROVIDER that used to be declared by com.smile.gifmaker
07-21 16:34:24.991 1563 1740 I PackageManager: Removing permission com.yxcorp.gifshow.thirdparty.auth.read that used to be declared by com.smile.gifmaker
07-21 16:34:24.991 1563 1740 I PackageManager: Removing permission com.smile.gifmaker.PERMISSION_UPDATE_SDK_CONFIG that used to be declared by com.smile.gifmaker
07-21 16:34:24.991 1563 1740 I PackageManager: Removing permission com.smile.gifmaker.permission.KW_SDK_BROADCAST that used to be declared by com.smile.gifmaker
07-21 16:34:24.991 1563 1740 I PackageManager: Permission ownership changed. Updating all permissions.
07-21 16:34:25.015 1563 1740 W PackageManager: /data/system/packages.xml fsync begin
07-21 16:34:25.021 1563 1740 W PackageManager: /data/system/packages.xml fsync end
07-21 16:34:25.032 0 0 I [ 4052.000361] sdcardfs: removing com.smile.gifmaker
07-21 16:34:25.032 0 0 I [ 4052.003931] logd: start watching /data/system/packages.list ...
07-21 16:34:25.035 1563 1740 I commit_sys_config_file: [package-user-0,2]
07-21 16:34:25.035 1563 1740 I commit_sys_config_file: [package,33]
07-21 16:34:25.039 1563 1740 D PackageManager: Instant App installer not found with android.intent.action.INSTALL_INSTANT_APP_PACKAGE
07-21 16:34:25.039 1563 1740 D PackageManager: Clear ephemeral installer activity
07-21 16:34:25.040 0 0 I [ 4052.008495] logd: ReadPackageList, total packages: 118
07-21 16:34:25.198 1563 1700 I ActivityManager: Force stopping com.hunantv.imgo.activity appid=10116 user=0: deletePackageX
07-21 16:34:25.200 1563 1700 D FreeFormWindowHelper: handleFreeformTask : Task{2e16b62 #1 type=home ?? U=0 visible=true mode=fullscreen translucent=false sz=1 visible freeform task=true rootAffinity=null isMini=false}
07-21 16:34:25.201 1563 1700 D FreeFormWindowHelper: mFreeFormTask : null
07-21 16:34:25.201 1563 1700 D FreeFormWindowHelper: mInRecent : false
07-21 16:34:25.201 1563 1700 D FreeFormWindowHelper:
07-21 16:34:25.212 1563 1740 I PackageManager: Removing permission com.hunantv.imgo.activity.permission.PROCESS_PUSH_MSG that used to be declared by com.hunantv.imgo.activity
07-21 16:34:25.212 1563 1740 I PackageManager: Removing permission com.hunantv.imgo.activity.permission.PUSH_PROVIDER that used to be declared by com.hunantv.imgo.activity
07-21 16:34:25.212 1563 1740 I PackageManager: Removing permission getui.permission.GetuiService.com.hunantv.imgo.activity that used to be declared by com.hunantv.imgo.activity
07-21 16:34:25.212 1563 1740 I PackageManager: Removing permission com.hunantv.imgo.activity.permission.JPUSH_MESSAGE that used to be declared by com.hunantv.imgo.activity
07-21 16:34:25.212 1563 1740 I PackageManager: Removing permission com.hunantv.imgo.activity.permission.PUSH_WRITE_PROVIDER that used to be declared by com.hunantv.imgo.activity
07-21 16:34:25.212 1563 1740 I PackageManager: Removing permission com.hunantv.imgo.activity.openadsdk.permission.TT_PANGOLIN that used to be declared by com.hunantv.imgo.activity
07-21 16:34:25.212 1563 1740 I PackageManager: Removing permission com.hunantv.imgo.activity.permission.MIPUSH_RECEIVE that used to be declared by com.hunantv.imgo.activity
07-21 16:34:25.212 1563 1740 I PackageManager: Removing permission com.hunantv.imgo.activity.permission.SAFE_ACCESS that used to be declared by com.hunantv.imgo.activity
07-21 16:34:25.212 1563 1740 I PackageManager: Removing permission com.hunantv.imgo.activity.MG_BROADCAST that used to be declared by com.hunantv.imgo.activity
07-21 16:34:25.213 1563 1740 I PackageManager: Removing permission com.hunantv.imgo.activity.permission.C2D_MESSAGE that used to be declared by com.hunantv.imgo.activity
07-21 16:34:25.213 1563 1740 I PackageManager: Removing permission mgtv.gamesdk.WRITE_DATABASE that used to be declared by com.hunantv.imgo.activity
07-21 16:34:25.213 1563 1740 I PackageManager: Removing permission com.hunantv.imgo.activity.push.permission.MESSAGE that used to be declared by com.hunantv.imgo.activity
07-21 16:34:25.213 1563 1740 I PackageManager: Removing permission mgtv.gamesdk.READ_DATABASE that used to be declared by com.hunantv.imgo.activity
07-21 16:34:25.213 1563 1740 I PackageManager: Removing permission com.hunantv.imgo.activity.diana.permission.RECEIVE_DIANA_MESSAGE that used to be declared by com.hunantv.imgo.activity
07-21 16:34:25.213 1563 1740 I PackageManager: Permission ownership changed. Updating all permissions.
07-21 16:34:25.238 1563 1740 W PackageManager: /data/system/packages.xml fsync begin
07-21 16:34:25.246 1563 1740 W PackageManager: /data/system/packages.xml fsync end
07-21 16:34:25.260 0 0 I [ 4052.228251] sdcardfs: removing com.hunantv.imgo.activity
07-21 16:34:25.263 1563 1740 I commit_sys_config_file: [package-user-0,3]
07-21 16:34:25.263 1563 1740 I commit_sys_config_file: [package,40]
07-21 16:34:25.264 0 0 I [ 4052.232347] logd: start watching /data/system/packages.list ...
07-21 16:34:25.264 0 0 I [ 4052.234074] logd: ReadPackageList, total packages: 117
07-21 16:34:25.268 1563 1740 D PackageManager: Instant App installer not found with android.intent.action.INSTALL_INSTANT_APP_PACKAGE
07-21 16:34:25.268 1563 1740 D PackageManager: Clear ephemeral installer activity
07-21 16:34:25.372 1563 1740 I ActivityManager: Force stopping com.ss.android.article.news appid=10097 user=0: pkg removed
07-21 16:34:25.373 1563 1740 D FreeFormWindowHelper: handleFreeformTask : Task{2e16b62 #1 type=home ?? U=0 visible=true mode=fullscreen translucent=false sz=1 visible freeform task=true rootAffinity=null isMini=false}
07-21 16:34:25.373 1563 1740 D FreeFormWindowHelper: mFreeFormTask : null
07-21 16:34:25.373 1563 1740 D FreeFormWindowHelper: mInRecent : false
07-21 16:34:25.373 1563 1740 D FreeFormWindowHelper:
07-21 16:34:25.374 21043 21043 I force_gc: bg
07-21 16:34:25.375 2071 2071 I force_gc: bg
07-21 16:34:25.379 1563 1687 D CompanionDeviceManagerService: onPackageRemoved(packageName = com.ss.android.article.news, uid = 10097)
07-21 16:34:25.379 1563 1687 I CompanionDeviceManagerService: Updating associations: [] --> []
07-21 16:34:25.379 1563 1838 V StorageManagerService: Package com.ss.android.article.news does not have legacy storage
07-21 16:34:25.383 1563 1700 W BroadcastQueue: Background execution not allowed: receiving Intent { act=android.intent.action.PACKAGE_REMOVED dat=package:com.ss.android.article.news flg=0x4000010 (has extras) } to com.android.gallery3d/.app.PackagesMonitor
07-21 16:34:25.486 1563 1699 W TextServicesManagerService: no available spell checker services found
07-21 16:34:25.489 1563 1812 W AccountManagerService: deleting account Account {name=xxxx, type=com.ss.android.article.news} because type com.ss.android.article.news's registered authenticator no longer exist.
07-21 16:34:25.529 1563 1700 W BroadcastQueue: Background execution not allowed: receiving Intent { act=android.intent.action.PACKAGE_REMOVED dat=package:com.ss.android.article.news flg=0x4000010 (has extras) } to com.ss.android.article.video.landscape/com.taobao.accs.EventReceiver
07-21 16:34:25.531 1563 1563 D CompatibilityChangeReporter: Compat change id reported: 135634846; UID 1000; state: DISABLED
07-21 16:34:25.531 1563 1563 D CompatibilityChangeReporter: Compat change id reported: 177438394; UID 1000; state: DISABLED
07-21 16:34:25.531 1563 1563 D CompatibilityChangeReporter: Compat change id reported: 135772972; UID 1000; state: DISABLED
07-21 16:34:25.531 1563 1563 D CompatibilityChangeReporter: Compat change id reported: 135754954; UID 1000; state: ENABLED
07-21 16:34:25.531 1563 1563 W Looper : Slow dispatch took 153ms main h=android.app.ActivityThread$H c=android.app.LoadedApk$ReceiverDispatcher$Args$$ExternalSyntheticLambda0@f87f99e m=0
07-21 16:34:25.531 1563 1700 W BroadcastQueue: Background execution not allowed: receiving Intent { act=android.intent.action.PACKAGE_REMOVED dat=package:com.ss.android.article.news flg=0x4000010 (has extras) } to com.ss.android.article.video.landscape/com.taobao.agoo.AgooCommondReceiver
07-21 16:34:25.533 1563 1563 I GameManagerService: Disabling downscale for com.ss.android.article.news
07-21 16:34:25.533 1563 1563 I thunderperf: CompatConfig.addOverrideUnsafe: bef-state=0
07-21 16:34:25.533 1563 1563 I thunderperf: CompatConfig.addOverrideUnsafe: aft-state=0
07-21 16:34:25.533 1563 1740 W PackageManager: Not removing non-existent package com.youku.phone
07-21 16:34:25.534 1563 1808 I RollbackManager: broadcast=ACTION_PACKAGE_FULLY_REMOVED pkg=com.ss.android.article.news
07-21 16:34:25.535 1563 1700 W BroadcastQueue: Background execution not allowed: receiving Intent { act=android.intent.action.PACKAGE_REMOVED dat=package:com.ss.android.article.news flg=0x4000010 (has extras) } to air.tv.douyu.android/com.douyu.sdk.apkdownload.receiver.BroadcastReceiverPackageInstall
07-21 16:34:25.535 1563 1845 D PowerManagerService: acquireWakeLockInternal: lock=122799120, flags=0x1, tag="NetworkStats", ws=null, uid=1000, pid=1563
07-21 16:34:25.535 1563 1845 D PowerManagerService: updateWakeLockSummaryLocked: mWakefulness=Awake, mWakeLockSummary=0x1
07-21 16:34:25.535 1563 1845 D PowerManagerService: updateUserActivitySummaryLocked: groupId=0, mWakefulness=Awake, mUserActivitySummary=0x1, nextTimeout=4102530 (in 50024 ms)
07-21 16:34:25.535 1563 1845 D PowerManagerNotifier: onScreenPolicyUpdate: newPolicy=3
07-21 16:34:25.535 1563 1845 D PowerManagerService: updateDisplayPowerStateLocked: displayReady=true, groupId=0, policy=BRIGHT, mWakefulness=Awake, mWakeLockSummary=0x1, mUserActivitySummary=0x1, mBootCompleted=true, screenBrightnessOverride=NaN, useAutoBrightness=false, mScreenBrightnessBoostInProgress=false, mIsVrModeEnabled= false, sQuiescent=false
07-21 16:34:25.535 1563 1700 I am_uid_running: 10028
07-21 16:34:25.535 1563 1845 D PowerManagerService: Acquiring suspend blocker "PowerManagerService.WakeLocks".
07-21 16:34:25.536 1563 1845 D PowerManagerNotifier: onWakeLockAcquired: flags=1, tag="NetworkStats", packageName=android, ownerUid=1000, ownerPid=1563, workSource=null
07-21 16:34:25.539 1563 1846 I commit_sys_config_file: [net-policy,4042830]
07-21 16:34:25.543 1563 1700 D CompatibilityChangeReporter: Compat change id reported: 135634846; UID 10028; state: DISABLED
07-21 16:34:25.544 1563 1700 D CompatibilityChangeReporter: Compat change id reported: 177438394; UID 10028; state: DISABLED
07-21 16:34:25.544 1563 1700 D CompatibilityChangeReporter: Compat change id reported: 135772972; UID 10028; state: DISABLED
07-21 16:34:25.544 1563 1700 D CompatibilityChangeReporter: Compat change id reported: 135754954; UID 10028; state: ENABLED
07-21 16:34:25.545 1563 1740 W PackageManager: Not removing non-existent package com.smile.gifmaker
07-21 16:34:25.545 1563 1740 W PackageManager: Not removing non-existent package com.hunantv.imgo.activity
07-21 16:34:25.547 1563 1700 I ActivityManager: Force stopping com.qiyi.video appid=10122 user=0: deletePackageX
07-21 16:34:25.548 1563 1700 I ActivityManager: Force stopping service ServiceRecord{5e70d7b u0 com.qiyi.video/org.qiyi.pluginlibrary.pm.PluginPackageManagerService}
07-21 16:34:25.548 1563 1700 I ActivityManager: Force stopping service ServiceRecord{1e2e10a u0 com.qiyi.video/com.ss.android.socialbase.downloader.notification.DownloadNotificationService}
07-21 16:34:25.548 1563 1700 I ActivityManager: Force stopping service ServiceRecord{ab52cac u0 com.qiyi.video/org.qiyi.video.nativelib.pm.LibraryManagerService}
07-21 16:34:25.548 1563 1700 I ActivityManager: Force stopping service ServiceRecord{6402a5f u0 com.qiyi.video/com.iqiyi.hcim.service.IMService}
07-21 16:34:25.548 1563 1700 I ActivityManager: Force stopping service ServiceRecord{b5492fe u0 com.qiyi.video/com.qq.e.comm.DownloadService}
07-21 16:34:25.549 1563 1700 D FreeFormWindowHelper: handleFreeformTask : Task{2e16b62 #1 type=home ?? U=0 visible=true mode=fullscreen translucent=false sz=1 visible freeform task=true rootAffinity=null isMini=false}
07-21 16:34:25.549 1563 1700 D FreeFormWindowHelper: mFreeFormTask : null
07-21 16:34:25.549 1563 1700 D FreeFormWindowHelper: mInRecent : false
07-21 16:34:25.549 1563 1700 D FreeFormWindowHelper:
07-21 16:34:25.550 1563 1845 I netstats_mobile_sample: [0,0,0,0,0,0,0,0,0,0,0,0,1689928465549]
07-21 16:34:25.550 1563 1845 I netstats_wifi_sample: [8007435,9512,12728170,20765,8007435,9512,12728170,20765,109514798,118101,10169804,18574,1689928465549]
07-21 16:34:25.554 1563 1886 I commit_sys_config_file: [session_index,19]
07-21 16:34:25.555 1563 1886 I commit_sys_config_file: [blobs_index,1]
07-21 16:34:25.561 1563 1845 D PowerManagerService: releaseWakeLockInternal: lock=122799120 [NetworkStats], flags=0x0
07-21 16:34:25.561 1563 1845 D PowerManagerNotifier: onWakeLockReleased: flags=1, tag="NetworkStats", packageName=android, ownerUid=1000, ownerPid=1563, workSource=null
07-21 16:34:25.572 1563 1701 I am_proc_start: [0,17452,1000,com.android.keychain,service,{com.android.keychain/com.android.keychain.KeyChainService}]
07-21 16:34:25.573 1563 1845 D PowerManagerService: updateWakeLockSummaryLocked: mWakefulness=Awake, mWakeLockSummary=0x0
07-21 16:34:25.573 1563 1701 I ActivityManager: Start proc 17452:com.android.keychain/1000 for service {com.android.keychain/com.android.keychain.KeyChainService}
07-21 16:34:25.573 1563 1845 D PowerManagerService: updateUserActivitySummaryLocked: groupId=0, mWakefulness=Awake, mUserActivitySummary=0x1, nextTimeout=4102530 (in 49986 ms)
07-21 16:34:25.573 1563 1845 D PowerManagerNotifier: onScreenPolicyUpdate: newPolicy=3
07-21 16:34:25.573 1563 1845 D PowerManagerService: updateDisplayPowerStateLocked: displayReady=true, groupId=0, policy=BRIGHT, mWakefulness=Awake, mWakeLockSummary=0x0, mUserActivitySummary=0x1, mBootCompleted=true, screenBrightnessOverride=NaN, useAutoBrightness=false, mScreenBrightnessBoostInProgress=false, mIsVrModeEnabled= false, sQuiescent=false
07-21 16:34:25.573 1563 1845 D PowerManagerService: Releasing suspend blocker "PowerManagerService.WakeLocks".
07-21 16:34:25.574 1563 1701 D CompatibilityChangeReporter: Compat change id reported: 143937733; UID 10028; state: ENABLED
07-21 16:34:25.575 1563 1563 I Telecom : CarModeTracker: Package com.ss.android.article.news is not tracked.: SSH.oR@AHw
