07-21 16:33:52.038 1563 1690 I commit_sys_config_file: [warnings-config,12818]
07-21 16:33:52.042 1563 2229 I am_proc_died: [0,16276,com.android.keychain,965,19]
07-21 16:33:52.056 1563 2229 I am_proc_died: [0,16341,com.kugou.android.auto,955,19]
07-21 16:33:52.056 1563 2229 I am_uid_stopped: 10118
07-21 16:33:52.059 1563 9239 I am_proc_died: [0,16453,com.hunantv.imgo.activity,915,19]
07-21 16:33:52.059 1563 9239 I am_uid_stopped: 10116
07-21 16:33:52.065 1563 21009 I am_proc_died: [0,16437,com.youku.phone,925,19]
07-21 16:33:52.065 1563 21009 I am_uid_stopped: 10099
07-21 16:33:52.068 1563 2390 I am_proc_died: [0,16383,tv.danmaku.bilibilihd,915,19]
07-21 16:33:52.068 1563 2390 I am_uid_stopped: 10102
07-21 16:33:52.069 1563 2226 I am_proc_died: [0,16343,com.tencent.wework,945,19]
07-21 16:33:52.070 1563 2226 I am_uid_stopped: 10098
07-21 16:33:52.271 16454 16454 I auditd : type=1400 audit(0.0:16302): avc: denied { open } for comm="dfp_oaid_thread" path="/dev/__properties__/u:object_r:vendor_default_prop:s0" dev="tmpfs" ino=2356 scontext=u:r:untrusted_app_29:s0:c106,c256,c512,c768 tcontext=u:object_r:vendor_default_prop:s0 tclass=file permissive=1 app=com.smile.gifmaker
07-21 16:33:52.271 16454 16454 I auditd : type=1400 audit(0.0:16303): avc: denied { getattr } for comm="dfp_oaid_thread" path="/dev/__properties__/u:object_r:vendor_default_prop:s0" dev="tmpfs" ino=2356 scontext=u:r:untrusted_app_29:s0:c106,c256,c512,c768 tcontext=u:object_r:vendor_default_prop:s0 tclass=file permissive=1 app=com.smile.gifmaker
07-21 16:33:52.271 16454 16454 I auditd : type=1400 audit(0.0:16304): avc: denied { map } for comm="dfp_oaid_thread" path="/dev/__properties__/u:object_r:vendor_default_prop:s0" dev="tmpfs" ino=2356 scontext=u:r:untrusted_app_29:s0:c106,c256,c512,c768 tcontext=u:object_r:vendor_default_prop:s0 tclass=file permissive=1 app=com.smile.gifmaker
07-21 16:33:52.300 16454 16529 W Looper : Loop again would have the queued messages be executed before this one completed.
07-21 16:33:52.340 1563 1817 D PowerManagerService: acquireWakeLockInternal: lock=104154948, flags=0x1, tag="*alarm*", ws=WorkSource{1000}, uid=1000, pid=1563
07-21 16:33:52.340 1563 1817 D PowerManagerService: updateWakeLockSummaryLocked: mWakefulness=Awake, mWakeLockSummary=0x1
07-21 16:33:52.340 1563 1817 D PowerManagerService: updateUserActivitySummaryLocked: groupId=0, mWakefulness=Awake, mUserActivitySummary=0x1, nextTimeout=4078259 (in 58960 ms)
07-21 16:33:52.340 1563 1817 D PowerManagerNotifier: onScreenPolicyUpdate: newPolicy=3
07-21 16:33:52.340 1563 1817 D PowerManagerService: updateDisplayPowerStateLocked: displayReady=true, groupId=0, policy=BRIGHT, mWakefulness=Awake, mWakeLockSummary=0x1, mUserActivitySummary=0x1, mBootCompleted=true, screenBrightnessOverride=NaN, useAutoBrightness=false, mScreenBrightnessBoostInProgress=false, mIsVrModeEnabled= false, sQuiescent=false
07-21 16:33:52.340 1563 1817 D PowerManagerService: Acquiring suspend blocker "PowerManagerService.WakeLocks".
07-21 16:33:52.342 1563 1817 D PowerManagerNotifier: onWakeLockAcquired: flags=1, tag="*alarm*", packageName=android, ownerUid=1000, ownerPid=1563, workSource=WorkSource{1000}
07-21 16:33:52.343 1563 1848 D PowerManagerService: releaseWakeLockInternal: lock=104154948 [*alarm*], flags=0x0
07-21 16:33:52.343 1563 1848 D PowerManagerNotifier: onWakeLockReleased: flags=1, tag="*alarm*", packageName=android, ownerUid=1000, ownerPid=1563, workSource=WorkSource{1000}
07-21 16:33:52.343 1563 1848 D PowerManagerService: updateWakeLockSummaryLocked: mWakefulness=Awake, mWakeLockSummary=0x0
07-21 16:33:52.343 1563 1848 D PowerManagerService: updateUserActivitySummaryLocked: groupId=0, mWakefulness=Awake, mUserActivitySummary=0x1, nextTimeout=4078259 (in 58957 ms)
07-21 16:33:52.343 1563 1848 D PowerManagerNotifier: onScreenPolicyUpdate: newPolicy=3
07-21 16:33:52.343 1563 1848 D PowerManagerService: updateDisplayPowerStateLocked: displayReady=true, groupId=0, policy=BRIGHT, mWakefulness=Awake, mWakeLockSummary=0x0, mUserActivitySummary=0x1, mBootCompleted=true, screenBrightnessOverride=NaN, useAutoBrightness=false, mScreenBrightnessBoostInProgress=false, mIsVrModeEnabled= false, sQuiescent=false
07-21 16:33:52.343 1563 1848 D PowerManagerService: Releasing suspend blocker "PowerManagerService.WakeLocks".
07-21 16:33:52.445 0 0 W [ 4019.400063] ALERT: changing window size from 20000000 to 16000000 at 4019400035059
07-21 16:33:52.469 0 0 I [ 4019.427138] [drm: dsi_display_set_mode] [msm-dsi-info]: mdp_transfer_time_us=0 us
07-21 16:33:52.469 0 0 I [ 4019.427147] [drm: dsi_display_set_mode] [msm-dsi-info]: hactive= 2560,vactive= 1080,fps=60
07-21 16:33:52.469 0 0 I [ 4019.427258] [MAX975X: max96755x_drm_notifier_callback] *INFO* receives BLANK: UNBLANK
07-21 16:33:52.497 1563 1690 I DisplayDeviceRepository: Display device changed: DisplayDeviceInfo{"内置屏幕": uniqueId="local:4630946816427681409", 2560 x 1080, modeId 1, defaultModeId 1, supportedModes [{id=1, width=2560, height=1080, fps=60.000004, alternativeRefreshRates=[30.000002, 45.0]}, {id=2, width=2560, height=1080, fps=45.0, alternativeRefreshRates=[30.000002, 60.000004]}, {id=3, width=2560, height=1080, fps=30.000002, alternativeRefreshRates=[45.0, 60.000004]}], colorMode 0, supportedColorModes [0], hdrCapabilities HdrCapabilities{mSupportedHdrTypes=[2, 3, 4], mMaxLuminance=500.0, mMaxAverageLuminance=500.0, mMinLuminance=0.0}, allmSupported false, gameContentTypeSupported false, density 240, 320.315 x 318.976 dpi, appVsyncOff 1000000, presDeadline 16666666, touch INTERNAL, rotation 0, type INTERNAL, address {port=129, model=0x40446d97fee5e6}, deviceProductInfo DeviceProductInfo{name=, manufacturerPnpId=QCM, productId=1, modelYear=null, manufactureDate=ManufactureDate{week=27, year=2006}, connectionToSinkType=0}, state ON, frameRateOverride , brightnessMinimum 0.0, brightnessMaximum 1.0, brightnessDefault 1.0, FLAG_DEFAULT_DISPLAY, FLAG_ROTATES_WITH_CONTENT, FLAG_SECURE, FLAG_SUPPORTS_PROTECTED_BUFFERS}
07-21 16:33:52.566 16454 16575 I liblog : 34
07-21 16:33:52.633 16454 16454 W Looper : Loop again would have the queued messages be executed before this one completed.
07-21 16:33:52.638 1563 1815 I commit_sys_config_file: [settings-1-0,3]
07-21 16:33:52.667 16454 16454 I auditd : type=1400 audit(0.0:16305): avc: granted { execute } for comm="ela_global-io" path="/data/user/0/com.smile.gifmaker/app_lib/libruntime-optimize.so.28545" dev="dm-13" ino=175025 scontext=u:r:untrusted_app_29:s0:c106,c256,c512,c768 tcontext=u:object_r:app_data_file:s0:c106,c256,c512,c768 tclass=file app=com.smile.gifmaker
07-21 16:33:52.677 0 0 I : [ 4019.628436] atmel_mxt_ts 0-004a: Enter resume
07-21 16:33:52.839 16454 16454 I auditd : type=1400 audit(0.0:16306): avc: granted { nlmsg_readpriv } for comm="ela_global-io" scontext=u:r:untrusted_app_29:s0:c106,c256,c512,c768 tcontext=u:r:untrusted_app_29:s0:c106,c256,c512,c768 tclass=netlink_route_socket app=com.smile.gifmaker
07-21 16:33:52.843 16454 16454 I auditd : type=1400 audit(0.0:16307): avc: granted { nlmsg_readpriv } for comm="ela_global-io" scontext=u:r:untrusted_app_29:s0:c106,c256,c512,c768 tcontext=u:r:untrusted_app_29:s0:c106,c256,c512,c768 tclass=netlink_route_socket app=com.smile.gifmaker
07-21 16:33:52.855 1563 15393 E PackageDexUsage: Unsupported context?
07-21 16:33:53.002 2088 2809 W ContextImpl: Calling a method in the system process without a qualified user: android.app.ContextImpl.sendBroadcast:1173 android.content.ContextWrapper.sendBroadcast:479 com.thundercomm.microsettings.action.SetTimeAction.timeUpdated:191 com.thundercomm.microsettings.action.SetTimeAction.update24HourFormat:173 com.thundercomm.microsettings.action.SetTimeAction.doActualAction:133
07-21 16:33:53.007 1563 1563 D DevicePolicyManager: updateSystemUpdateFreezePeriodsRecord
07-21 16:33:53.009 1563 1563 D ConditionProviders.SCP: onReceive android.intent.action.TIME_SET
07-21 16:33:53.009 1563 1563 D ConditionProviders.SCP: evaluateSubscriptionLocked cal=ScheduleCalendar[mDays={1, 2, 3, 4, 5, 6, 7}, mSchedule=ScheduleInfo{days=[1, 2, 3, 4, 5, 6, 7], startHour=22, startMinute=0, endHour=7, endMinute=0, exitAtAlarm=true, nextAlarm=Thu Jan 01 08:00:00 GMT+08:00 1970 (0)}], now=Fri Jul 21 16:33:53 GMT+08:00 2023 (1689928433009), nextUserAlarmTime=Thu Jan 01 08:00:00 GMT+08:00 1970 (0)
07-21 16:33:53.009 1563 1563 D ConditionProviders.SCP: notifyCondition condition://android/schedule?days=1.2.3.4.5.6.7&start=22.0&end=7.0&exitAtAlarm=true STATE_FALSE reason=!meetsSchedule
07-21 16:33:53.010 1563 1563 D ConditionProviders.SCP: Scheduling evaluate for Fri Jul 21 22:00:00 GMT+08:00 2023 (1689948000000), in +5h26m6s991ms, now=Fri Jul 21 16:33:53 GMT+08:00 2023 (1689928433009)
07-21 16:33:53.011 1563 1563 D CompatibilityChangeReporter: Compat change id reported: 171306433; UID 1000; state: ENABLED
07-21 16:33:53.014 1563 1700 I am_uid_running: 10058
07-21 16:33:53.015 1563 1700 D CompatibilityChangeReporter: Compat change id reported: 135634846; UID 10058; state: DISABLED
07-21 16:33:53.015 1563 1700 D CompatibilityChangeReporter: Compat change id reported: 177438394; UID 10058; state: DISABLED
07-21 16:33:53.015 1563 1700 D CompatibilityChangeReporter: Compat change id reported: 135772972; UID 10058; state: DISABLED
07-21 16:33:53.015 1563 1700 D CompatibilityChangeReporter: Compat change id reported: 135754954; UID 10058; state: ENABLED
07-21 16:33:53.015 1563 1701 D CompatibilityChangeReporter: Compat change id reported: 143937733; UID 10058; state: ENABLED
07-21 16:33:53.016 1563 1861 I am_uid_running: 10023
07-21 16:33:53.015 16454 16454 I auditd : type=1400 audit(0.0:16308): avc: granted { nlmsg_readpriv } for comm="ela_global-io" scontext=u:r:untrusted_app_29:s0:c106,c256,c512,c768 tcontext=u:r:untrusted_app_29:s0:c106,c256,c512,c768 tclass=netlink_route_socket app=com.smile.gifmaker
07-21 16:33:53.027 0 0 W [ 4019.993345] audit: audit_lost=12479 audit_rate_limit=5 audit_backlog_limit=64
07-21 16:33:53.027 0 0 E [ 4019.993351] audit: rate limit exceeded
07-21 16:33:53.017 1563 1861 D CompatibilityChangeReporter: Compat change id reported: 135634846; UID 10023; state: DISABLED
07-21 16:33:53.017 1563 1861 D CompatibilityChangeReporter: Compat change id reported: 177438394; UID 10023; state: DISABLED
07-21 16:33:53.017 1563 1861 D CompatibilityChangeReporter: Compat change id reported: 135772972; UID 10023; state: DISABLED
07-21 16:33:53.017 1563 1861 D CompatibilityChangeReporter: Compat change id reported: 135754954; UID 10023; state: ENABLED
07-21 16:33:53.023 1563 1701 I am_proc_start: [0,16618,10058,com.qualcomm.timeservice,broadcast,{com.qualcomm.timeservice/com.qualcomm.timeservice.TimeServiceBroadcastReceiver}]
07-21 16:33:53.023 1563 1701 I ActivityManager: Start proc 16618:com.qualcomm.timeservice/u0a58 for broadcast {com.qualcomm.timeservice/com.qualcomm.timeservice.TimeServiceBroadcastReceiver}
07-21 16:33:53.023 1563 1701 D CompatibilityChangeReporter: Compat change id reported: 143937733; UID 10023; state: ENABLED
07-21 16:33:53.032 1563 1701 I am_proc_start: [0,16619,10023,com.android.providers.calendar,content provider,{com.android.providers.calendar/com.android.providers.calendar.CalendarProvider2}]
07-21 16:33:53.032 1563 1701 I ActivityManager: Start proc 16619:com.android.providers.calendar/u0a23 for content provider {com.android.providers.calendar/com.android.providers.calendar.CalendarProvider2}
07-21 16:33:53.040 0 0 I [ 4020.008538] binder: 16618:16618 ioctl 40046210 7ff1724834 returned -22
07-21 16:33:53.039 1563 13803 I am_proc_bound: [0,16618,com.qualcomm.timeservice]
07-21 16:33:53.041 1563 13803 D CompatibilityChangeReporter: Compat change id reported: 168419799; UID 10058; state: DISABLED
07-21 16:33:53.052 0 0 I [ 4020.016334] binder: 16619:16619 ioctl 40046210 7ff1724834 returned -22
07-21 16:33:53.047 1563 13803 I am_proc_bound: [0,16619,com.android.providers.calendar]
07-21 16:33:53.057 1563 13803 D CompatibilityChangeReporter: Compat change id reported: 168419799; UID 10023; state: DISABLED
07-21 16:33:53.059 1563 13803 I am_uid_active: 10023
07-21 16:33:53.081 1563 1826 I input_interaction: Interaction with: 28c4f40 com.android.launcher3/com.android.launcher3.uioverrides.QuickstepLauncher (server), c461ca2 com.android.systemui.ImageWallpaper (server), edge-swipe (server), swipe-up (server), PointerEventDispatcher0 (server),
07-21 16:33:53.081 1563 1826 D PowerManagerService: userActivityNoUpdateLocked: groupId=0, eventTime=4020052, event=2, flags=0x0, uid=1000
07-21 16:33:53.082 1563 1826 D PowerManagerNotifier: onUserActivity: event=2, uid=1000
07-21 16:33:53.082 1563 1826 D PowerManagerService: updateUserActivitySummaryLocked: groupId=0, mWakefulness=Awake, mUserActivitySummary=0x1, nextTimeout=4080052 (in 59999 ms)
07-21 16:33:53.082 1563 1826 D PowerManagerNotifier: onScreenPolicyUpdate: newPolicy=3
07-21 16:33:53.082 1563 1826 D PowerManagerService: updateDisplayPowerStateLocked: displayReady=true, groupId=0, policy=BRIGHT, mWakefulness=Awake, mWakeLockSummary=0x0, mUserActivitySummary=0x1, mBootCompleted=true, screenBrightnessOverride=NaN, useAutoBrightness=false, mScreenBrightnessBoostInProgress=false, mIsVrModeEnabled= false, sQuiescent=false
07-21 16:33:53.098 1563 15393 D CompatibilityChangeReporter: Compat change id reported: 143231523; UID 10023; state: DISABLED
07-21 16:33:53.106 1563 1861 D CompatibilityChangeReporter: Compat change id reported: 143231523; UID 1000; state: DISABLED
07-21 16:33:53.121 1563 15393 D PowerManagerService: acquireWakeLockInternal: lock=7638101, flags=0x1, tag="TimeService", ws=null, uid=10058, pid=16618
07-21 16:33:53.122 1563 15393 D PowerManagerService: updateWakeLockSummaryLocked: mWakefulness=Awake, mWakeLockSummary=0x1
07-21 16:33:53.122 1563 15393 D PowerManagerService: updateUserActivitySummaryLocked: groupId=0, mWakefulness=Awake, mUserActivitySummary=0x1, nextTimeout=4080052 (in 59959 ms)
07-21 16:33:53.122 1563 15393 D PowerManagerNotifier: onScreenPolicyUpdate: newPolicy=3
07-21 16:33:53.122 1563 15393 D PowerManagerService: updateDisplayPowerStateLocked: displayReady=true, groupId=0, policy=BRIGHT, mWakefulness=Awake, mWakeLockSummary=0x1, mUserActivitySummary=0x1, mBootCompleted=true, screenBrightnessOverride=NaN, useAutoBrightness=false, mScreenBrightnessBoostInProgress=false, mIsVrModeEnabled= false, sQuiescent=false
07-21 16:33:53.122 1563 15393 D PowerManagerService: Acquiring suspend blocker "PowerManagerService.WakeLocks".
07-21 16:33:53.123 1563 15393 D PowerManagerNotifier: onWakeLockAcquired: flags=1, tag="TimeService", packageName=com.qualcomm.timeservice, ownerUid=10058, ownerPid=16618, workSource=null
07-21 16:33:53.129 1563 15393 D PowerManagerService: releaseWakeLockInternal: lock=7638101 [TimeService], flags=0x0
07-21 16:33:53.129 1563 15393 D PowerManagerNotifier: onWakeLockReleased: flags=1, tag="TimeService", packageName=com.qualcomm.timeservice, ownerUid=10058, ownerPid=16618, workSource=null
07-21 16:33:53.130 1563 15393 D PowerManagerService: updateWakeLockSummaryLocked: mWakefulness=Awake, mWakeLockSummary=0x0
07-21 16:33:53.130 1563 15393 D PowerManagerService: updateUserActivitySummaryLocked: groupId=0, mWakefulness=Awake, mUserActivitySummary=0x1, nextTimeout=4080052 (in 59951 ms)
07-21 16:33:53.130 1563 15393 D PowerManagerNotifier: onScreenPolicyUpdate: newPolicy=3
07-21 16:33:53.130 1563 15393 D PowerManagerService: updateDisplayPowerStateLocked: displayReady=true, groupId=0, policy=BRIGHT, mWakefulness=Awake, mWakeLockSummary=0x0, mUserActivitySummary=0x1, mBootCompleted=true, screenBrightnessOverride=NaN, useAutoBrightness=false, mScreenBrightnessBoostInProgress=false, mIsVrModeEnabled= false, sQuiescent=false
07-21 16:33:53.130 1563 15393 D PowerManagerService: Releasing suspend blocker "PowerManagerService.WakeLocks".
07-21 16:33:53.130 1563 15393 I am_uid_running: 10122
07-21 16:33:53.131 1563 15393 D CompatibilityChangeReporter: Compat change id reported: 135634846; UID 10122; state: DISABLED
07-21 16:33:53.131 1563 15393 D CompatibilityChangeReporter: Compat change id reported: 177438394; UID 10122; state: DISABLED
07-21 16:33:53.131 1563 15393 D CompatibilityChangeReporter: Compat change id reported: 135772972; UID 10122; state: DISABLED
07-21 16:33:53.131 1563 15393 D CompatibilityChangeReporter: Compat change id reported: 135754954; UID 10122; state: ENABLED
07-21 16:33:53.131 1563 1701 D CompatibilityChangeReporter: Compat change id reported: 143937733; UID 10122; state: ENABLED
07-21 16:33:53.132 1563 15393 I ActivityManager: Killing 16454:com.smile.gifmaker/u0a106 (adj 905): empty #2
07-21 16:33:53.132 1563 15393 I am_kill : [0,16454,com.smile.gifmaker,905,empty #2]
07-21 16:33:53.140 1563 1701 I am_proc_start: [0,16658,10122,com.qiyi.video,broadcast,{com.qiyi.video/androidx.work.impl.background.systemalarm.RescheduleReceiver}]
07-21 16:33:53.140 1563 1701 I ActivityManager: Start proc 16658:com.qiyi.video/u0a122 for broadcast {com.qiyi.video/androidx.work.impl.background.systemalarm.RescheduleReceiver}
07-21 16:33:53.165 0 0 I [ 4020.132615] binder: 16658:16658 ioctl 40046210 7ff1724834 returned -22
07-21 16:33:53.167 1563 15393 I am_proc_bound: [0,16658,com.qiyi.video]
07-21 16:33:53.215 689 749 E FrameworkListener: read() failed (Connection reset by peer)
07-21 16:33:53.220 0 0 I [ 4020.189310] binder: undelivered transaction 1848432, process died.
07-21 16:33:53.220 1563 13803 I am_proc_died: [0,16454,com.smile.gifmaker,905,19]
07-21 16:33:53.221 1563 13803 I am_uid_stopped: 10106
07-21 16:33:53.438 16658 16704 E ActivityThread: Failed to find provider info for com.oplus.cardservice.repository.provider.CardServiceServerProvider
07-21 16:33:53.483 1563 16720 D PowerManagerService: acquireWakeLockInternal: lock=258260044, flags=0x1, tag="*vibrator*", ws=WorkSource{10079}, uid=1000, pid=1563
07-21 16:33:53.483 1563 16720 D PowerManagerService: updateWakeLockSummaryLocked: mWakefulness=Awake, mWakeLockSummary=0x1
07-21 16:33:53.483 1563 16720 D PowerManagerService: updateUserActivitySummaryLocked: groupId=0, mWakefulness=Awake, mUserActivitySummary=0x1, nextTimeout=4080052 (in 59597 ms)
07-21 16:33:53.483 1563 16720 D PowerManagerNotifier: onScreenPolicyUpdate: newPolicy=3
07-21 16:33:53.483 1563 16720 D PowerManagerService: updateDisplayPowerStateLocked: displayReady=true, groupId=0, policy=BRIGHT, mWakefulness=Awake, mWakeLockSummary=0x1, mUserActivitySummary=0x1, mBootCompleted=true, screenBrightnessOverride=NaN, useAutoBrightness=false, mScreenBrightnessBoostInProgress=false, mIsVrModeEnabled= false, sQuiescent=false
07-21 16:33:53.484 1563 16720 D PowerManagerService: Acquiring suspend blocker "PowerManagerService.WakeLocks".
07-21 16:33:53.484 1563 16720 D PowerManagerNotifier: onWakeLockAcquired: flags=1, tag="*vibrator*", packageName=android, ownerUid=1000, ownerPid=1563, workSource=WorkSource{10079}
07-21 16:33:53.487 1563 3528 D FreeFormWindowHelper: Current Display FreeFormTask is null
07-21 16:33:53.488 1563 3528 D FreeFormWindowHelper: Current Display FreeFormTask is null
07-21 16:33:53.492 1563 3528 D FreeFormWindowHelper: enterRecentTasks
07-21 16:33:53.528 1563 16720 D PowerManagerService: releaseWakeLockInternal: lock=258260044 [*vibrator*], flags=0x0
07-21 16:33:53.528 1563 16720 D PowerManagerNotifier: onWakeLockReleased: flags=1, tag="*vibrator*", packageName=android, ownerUid=1000, ownerPid=1563, workSource=WorkSource{10079}
07-21 16:33:53.529 1563 16720 D PowerManagerService: updateWakeLockSummaryLocked: mWakefulness=Awake, mWakeLockSummary=0x0
07-21 16:33:53.529 1563 16720 D PowerManagerService: updateUserActivitySummaryLocked: groupId=0, mWakefulness=Awake, mUserActivitySummary=0x1, nextTimeout=4080052 (in 59552 ms)
07-21 16:33:53.529 1563 16720 D PowerManagerNotifier: onScreenPolicyUpdate: newPolicy=3
07-21 16:33:53.529 1563 16720 D PowerManagerService: updateDisplayPowerStateLocked: displayReady=true, groupId=0, policy=BRIGHT, mWakefulness=Awake, mWakeLockSummary=0x0, mUserActivitySummary=0x1, mBootCompleted=true, screenBrightnessOverride=NaN, useAutoBrightness=false, mScreenBrightnessBoostInProgress=false, mIsVrModeEnabled= false, sQuiescent=false
07-21 16:33:53.529 1563 16720 D PowerManagerService: Releasing suspend blocker "PowerManagerService.WakeLocks".
07-21 16:33:53.571 1563 13803 W ActivityManager: Background start not allowed: service Intent { cmp=com.qiyi.video/org.qiyi.pluginlibrary.pm.PluginPackageManagerService } to com.qiyi.video/org.qiyi.pluginlibrary.pm.PluginPackageManagerService from pid=16658 uid=10122 pkg=com.qiyi.video startFg?=false
07-21 16:33:53.690 1563 1815 I commit_sys_config_file: [settings-1-0,5]
07-21 16:33:53.707 16658 16658 I auditd : type=1400 audit(0.0:16323): avc: granted { execute } for comm="tmn-5-4" path="/data/data/com.qiyi.video/app_native_lib/com.iqiyi.fastdns/1.1.3.60/arm64-v8a/libfastdns.so" dev="dm-13" ino=75510 scontext=u:r:untrusted_app:s0:c122,c256,c512,c768 tcontext=u:object_r:app_data_file:s0:c122,c256,c512,c768 tclass=file app=com.qiyi.video
07-21 16:33:53.721 1563 1700 W BroadcastQueue: Permission Denial: broadcasting Intent { act=android.net.conn.CONNECTIVITY_CHANGE flg=0x4200010 (has extras) } from null (pid=-1, uid=-1) requires android.net.conn.CONNECTIVITY_CHANGE due to registered receiver BroadcastFilter{cd930b8 10122/u0 ReceiverList{2d8c71b 16658 com.qiyi.video/10122/u0 remote:746fd2a}}
07-21 16:33:53.747 1563 1860 I GameModeConfig: isGameModeOn = true
07-21 16:33:53.747 1563 1860 I GameModeConfig: isGaming = false
07-21 16:33:53.747 1563 1860 I GameModeConfig: isGameModeOn = true
07-21 16:33:53.747 1563 1860 I GameModeConfig: isGaming = false
07-21 16:33:53.748 1563 1860 I GameModeConfig: isGameModeOn = true
07-21 16:33:53.748 1563 1860 I GameModeConfig: isGaming = false
07-21 16:33:53.748 1563 1860 I GameModeConfig: isGameModeOn = true
07-21 16:33:53.748 1563 1860 I GameModeConfig: isGaming = false
07-21 16:33:53.773 1563 3528 W ActivityManager: Background start not allowed: service Intent { cmp=com.qiyi.video/com.iqiyi.hcim.service.IMService } to com.qiyi.video/com.iqiyi.hcim.service.IMService from pid=16658 uid=10122 pkg=com.qiyi.video startFg?=false
07-21 16:33:53.778 1563 21026 W ActivityManager: Background start not allowed: service Intent { cmp=com.qiyi.video/org.qiyi.pluginlibrary.pm.PluginPackageManagerService } to com.qiyi.video/org.qiyi.pluginlibrary.pm.PluginPackageManagerService from pid=16658 uid=10122 pkg=com.qiyi.video startFg?=false
07-21 16:33:53.781 1563 21026 W ActivityManager: Background start not allowed: service Intent { cmp=com.qiyi.video/org.qiyi.android.plugin.ipc.IPCService0 (has extras) } to com.qiyi.video/org.qiyi.android.plugin.ipc.IPCService0 from pid=16658 uid=10122 pkg=com.qiyi.video startFg?=false
07-21 16:33:53.823 16658 16658 I auditd : type=1400 audit(0.0:16324): avc: granted { execute } for comm="AutoName_com/qq" path="/data/data/com.qiyi.video/app_e_qq_com_plugin_138a072b26cc7e69d16ffdad8a1875d7/oat/arm64/gdt_plugin.odex" dev="dm-13" ino=190242 scontext=u:r:untrusted_app:s0:c122,c256,c512,c768 tcontext=u:object_r:app_data_file:s0:c122,c256,c512,c768 tclass=file app=com.qiyi.video
07-21 16:33:53.845 1563 21026 W ActivityManager: Background start not allowed: service Intent { cmp=com.qiyi.video/org.qiyi.android.plugin.ipc.IPCService0 (has extras) } to com.qiyi.video/org.qiyi.android.plugin.ipc.IPCService0 from pid=16658 uid=10122 pkg=com.qiyi.video startFg?=false
07-21 16:33:53.850 16658 16658 W Looper : Loop again would have the queued messages be executed before this one completed.
07-21 16:33:53.854 1563 21026 I am_uid_running: 10106
07-21 16:33:53.854 1563 21026 D CompatibilityChangeReporter: Compat change id reported: 135634846; UID 10106; state: DISABLED
07-21 16:33:53.855 1563 1701 D CompatibilityChangeReporter: Compat change id reported: 143937733; UID 10106; state: DISABLED
07-21 16:33:53.861 1563 1701 I am_proc_start: [0,16823,10106,com.smile.gifmaker,broadcast,{com.smile.gifmaker/androidx.work.impl.background.systemalarm.RescheduleReceiver}]
07-21 16:33:53.861 1563 1701 I ActivityManager: Start proc 16823:com.smile.gifmaker/u0a106 for broadcast {com.smile.gifmaker/androidx.work.impl.background.systemalarm.RescheduleReceiver}
07-21 16:33:53.870 1563 3528 I ActivityManager: Killing 16618:com.qualcomm.timeservice/u0a58 (adj 905): empty #2
07-21 16:33:53.871 1563 3528 I am_kill : [0,16618,com.qualcomm.timeservice,905,empty #2]
07-21 16:33:53.879 16658 16658 I auditd : type=1400 audit(0.0:16325): avc: denied { open } for comm="AutoName_org/qi" path="/dev/__properties__/u:object_r:vendor_default_prop:s0" dev="tmpfs" ino=2356 scontext=u:r:untrusted_app:s0:c122,c256,c512,c768 tcontext=u:object_r:vendor_default_prop:s0 tclass=file permissive=1 app=com.qiyi.video
07-21 16:33:53.879 16658 16658 I auditd : type=1400 audit(0.0:16326): avc: denied { getattr } for comm="AutoName_org/qi" path="/dev/__properties__/u:object_r:vendor_default_prop:s0" dev="tmpfs" ino=2356 scontext=u:r:untrusted_app:s0:c122,c256,c512,c768 tcontext=u:object_r:vendor_default_prop:s0 tclass=file permissive=1 app=com.qiyi.video
07-21 16:33:53.879 16658 16658 I auditd : type=1400 audit(0.0:16327): avc: denied { map } for comm="AutoName_org/qi" path="/dev/__properties__/u:object_r:vendor_default_prop:s0" dev="tmpfs" ino=2356 scontext=u:r:untrusted_app:s0:c122,c256,c512,c768 tcontext=u:object_r:vendor_default_prop:s0 tclass=file permissive=1 app=com.qiyi.video
07-21 16:33:53.890 1563 3528 I am_proc_bound: [0,16823,com.smile.gifmaker]
07-21 16:33:53.892 0 0 I [ 4020.854893] binder: 16823:16823 ioctl 40046210 ff9965c8 returned -22
07-21 16:33:53.897 1563 1826 D PowerManagerService: userActivityNoUpdateLocked: groupId=0, eventTime=4020867, event=2, flags=0x0, uid=1000
07-21 16:33:53.897 1563 1826 D PowerManagerNotifier: onUserActivity: event=2, uid=1000
07-21 16:33:53.897 1563 1826 D PowerManagerService: updateUserActivitySummaryLocked: groupId=0, mWakefulness=Awake, mUserActivitySummary=0x1, nextTimeout=4080867 (in 59999 ms)
07-21 16:33:53.897 1563 1826 D PowerManagerNotifier: onScreenPolicyUpdate: newPolicy=3
07-21 16:33:53.897 1563 1826 D PowerManagerService: updateDisplayPowerStateLocked: displayReady=true, groupId=0, policy=BRIGHT, mWakefulness=Awake, mWakeLockSummary=0x0, mUserActivitySummary=0x1, mBootCompleted=true, screenBrightnessOverride=NaN, useAutoBrightness=false, mScreenBrightnessBoostInProgress=false, mIsVrModeEnabled= false, sQuiescent=false
07-21 16:33:53.928 1563 3528 I am_proc_died: [0,16618,com.qualcomm.timeservice,905,19]
07-21 16:33:53.929 1563 3528 I am_uid_stopped: 10058
07-21 16:33:53.939 1563 3528 W ActivityManager: Unable to start service Intent { act=com.bun.msa.action.start.service cmp=com.mdid.msa/.service.MsaKlService (has extras) } U=0: not found
07-21 16:33:53.940 1563 17518 W ActivityManager: Unable to start service Intent { act=com.bun.msa.action.bindto.service cmp=com.mdid.msa/.service.MsaIdService (has extras) } U=0: not found
07-21 16:33:54.004 1563 1689 I commit_sys_config_file: [notification-policy,4011674]
07-21 16:33:54.089 0 0 W [ 4021.058367] audit: audit_lost=12497 audit_rate_limit=5 audit_backlog_limit=64
07-21 16:33:54.089 0 0 E [ 4021.058373] audit: rate limit exceeded
07-21 16:33:54.090 1563 17518 W ActivityManager: Background start not allowed: service Intent { cmp=com.qiyi.video/com.qq.e.comm.DownloadService (has extras) } to com.qiyi.video/com.qq.e.comm.DownloadService from pid=16658 uid=10122 pkg=com.qiyi.video startFg?=false
07-21 16:33:54.210 1563 3528 W ActivityManager: Background start not allowed: service Intent { cmp=com.qiyi.video/org.qiyi.pluginlibrary.pm.PluginPackageManagerService } to com.qiyi.video/org.qiyi.pluginlibrary.pm.PluginPackageManagerService from pid=16658 uid=10122 pkg=com.qiyi.video startFg?=false
07-21 16:33:54.211 1563 3528 W ActivityManager: Background start not allowed: service Intent { cmp=com.qiyi.video/org.qiyi.pluginlibrary.pm.PluginPackageManagerService } to com.qiyi.video/org.qiyi.pluginlibrary.pm.PluginPackageManagerService from pid=16658 uid=10122 pkg=com.qiyi.video startFg?=false
07-21 16:33:54.248 1563 17518 W ActivityManager: Background start not allowed: service Intent { cmp=com.qiyi.video/org.qiyi.pluginlibrary.pm.PluginPackageManagerService } to com.qiyi.video/org.qiyi.pluginlibrary.pm.PluginPackageManagerService from pid=16658 uid=10122 pkg=com.qiyi.video startFg?=false
07-21 16:33:54.290 1563 1826 D PowerManagerService: userActivityNoUpdateLocked: groupId=0, eventTime=4021261, event=2, flags=0x0, uid=1000
07-21 16:33:54.290 1563 1826 D PowerManagerNotifier: onUserActivity: event=2, uid=1000
07-21 16:33:54.290 1563 1826 D PowerManagerService: updateUserActivitySummaryLocked: groupId=0, mWakefulness=Awake, mUserActivitySummary=0x1, nextTimeout=4081261 (in 59999 ms)
07-21 16:33:54.290 1563 1826 D PowerManagerNotifier: onScreenPolicyUpdate: newPolicy=3
07-21 16:33:54.291 1563 1826 D PowerManagerService: updateDisplayPowerStateLocked: displayReady=true, groupId=0, policy=BRIGHT, mWakefulness=Awake, mWakeLockSummary=0x0, mUserActivitySummary=0x1, mBootCompleted=true, screenBrightnessOverride=NaN, useAutoBrightness=false, mScreenBrightnessBoostInProgress=false, mIsVrModeEnabled= false, sQuiescent=false
07-21 16:33:54.404 16823 16974 W Looper : Loop again would have the queued messages be executed before this one completed.
07-21 16:33:54.686 1563 3528 W ActivityManager: Background start not allowed: service Intent { cmp=com.qiyi.video/org.qiyi.video.nativelib.pm.LibraryManagerService } to com.qiyi.video/org.qiyi.video.nativelib.pm.LibraryManagerService from pid=16658 uid=10122 pkg=com.qiyi.video startFg?=false
07-21 16:33:54.946 16823 16823 W Looper : Loop again would have the queued messages be executed before this one completed.
07-21 16:33:54.955 16823 16823 I auditd : type=1400 audit(0.0:16343): avc: granted { execute } for comm="ela_global-io" path="/data/user/0/com.smile.gifmaker/app_lib/libruntime-optimize.so.28545" dev="dm-13" ino=43503 scontext=u:r:untrusted_app_29:s0:c106,c256,c512,c768 tcontext=u:object_r:app_data_file:s0:c106,c256,c512,c768 tclass=file app=com.smile.gifmaker
07-21 16:33:54.991 1563 3528 I am_uid_running: 10095
07-21 16:33:54.992 1563 3528 D CompatibilityChangeReporter: Compat change id reported: 135634846; UID 10095; state: DISABLED
07-21 16:33:54.992 1563 3528 D CompatibilityChangeReporter: Compat change id reported: 177438394; UID 10095; state: DISABLED
07-21 16:33:54.992 1563 3528 D CompatibilityChangeReporter: Compat change id reported: 135772972; UID 10095; state: DISABLED
07-21 16:33:54.992 1563 3528 D CompatibilityChangeReporter: Compat change id reported: 135754954; UID 10095; state: DISABLED
07-21 16:33:54.992 1563 1701 D CompatibilityChangeReporter: Compat change id reported: 143937733; UID 10095; state: DISABLED
07-21 16:33:54.993 1563 3528 I ActivityManager: Killing 16658:com.qiyi.video/u0a122 (adj 905): empty #2
07-21 16:33:54.994 1563 3528 I am_kill : [0,16658,com.qiyi.video,905,empty #2]
07-21 16:33:55.002 1563 1701 I am_proc_start: [0,17049,10095,com.tencent.mobileqq:MSF,broadcast,{com.tencent.mobileqq/com.tencent.mobileqq.msf.core.NetConnInfoCenter}]
07-21 16:33:55.002 1563 1701 I ActivityManager: Start proc 17049:com.tencent.mobileqq:MSF/u0a95 for broadcast {com.tencent.mobileqq/com.tencent.mobileqq.msf.core.NetConnInfoCenter}
07-21 16:33:55.020 0 0 I [ 4021.987793] binder: 17049:17049 ioctl 40046210 7ff1724834 returned -22
07-21 16:33:55.024 1563 3528 I am_proc_bound: [0,17049,com.tencent.mobileqq:MSF]
07-21 16:33:55.026 1563 3528 D CompatibilityChangeReporter: Compat change id reported: 168419799; UID 10095; state: DISABLED
07-21 16:33:55.124 1563 1826 D PowerManagerService: userActivityNoUpdateLocked: groupId=0, eventTime=4022094, event=2, flags=0x0, uid=1000
07-21 16:33:55.124 1563 1826 D PowerManagerNotifier: onUserActivity: event=2, uid=1000
07-21 16:33:55.124 1563 1826 D PowerManagerService: updateUserActivitySummaryLocked: groupId=0, mWakefulness=Awake, mUserActivitySummary=0x1, nextTimeout=4082094 (in 59998 ms)
07-21 16:33:55.125 1563 1826 D PowerManagerNotifier: onScreenPolicyUpdate: newPolicy=3
07-21 16:33:55.125 1563 1826 D PowerManagerService: updateDisplayPowerStateLocked: displayReady=true, groupId=0, policy=BRIGHT, mWakefulness=Awake, mWakeLockSummary=0x0, mUserActivitySummary=0x1, mBootCompleted=true, screenBrightnessOverride=NaN, useAutoBrightness=false, mScreenBrightnessBoostInProgress=false, mIsVrModeEnabled= false, sQuiescent=false
07-21 16:33:55.167 1563 17518 E PackageDexUsage: Unsupported context?
07-21 16:33:55.187 16823 16823 I auditd : type=1400 audit(0.0:16344): avc: granted { nlmsg_readpriv } for comm="ela_global-io" scontext=u:r:untrusted_app_29:s0:c106,c256,c512,c768 tcontext=u:r:untrusted_app_29:s0:c106,c256,c512,c768 tclass=netlink_route_socket app=com.smile.gifmaker
07-21 16:33:55.203 16823 16823 I auditd : type=1400 audit(0.0:16345): avc: granted { nlmsg_readpriv } for comm="ela_global-io" scontext=u:r:untrusted_app_29:s0:c106,c256,c512,c768 tcontext=u:r:untrusted_app_29:s0:c106,c256,c512,c768 tclass=netlink_route_socket app=com.smile.gifmaker
07-21 16:33:55.240 1563 17518 D CompatibilityChangeReporter: Compat change id reported: 135634846; UID 10095; state: DISABLED
07-21 16:33:55.240 1563 17518 D CompatibilityChangeReporter: Compat change id reported: 177438394; UID 10095; state: DISABLED
07-21 16:33:55.240 1563 17518 D CompatibilityChangeReporter: Compat change id reported: 135772972; UID 10095; state: DISABLED
07-21 16:33:55.240 1563 17518 D CompatibilityChangeReporter: Compat change id reported: 135754954; UID 10095; state: DISABLED
07-21 16:33:55.240 1563 1701 D CompatibilityChangeReporter: Compat change id reported: 143937733; UID 10095; state: DISABLED
07-21 16:33:55.249 1563 1826 D PowerManagerService: userActivityNoUpdateLocked: groupId=0, eventTime=4022219, event=2, flags=0x0, uid=1000
07-21 16:33:55.249 1563 1826 D PowerManagerNotifier: onUserActivity: event=2, uid=1000
07-21 16:33:55.249 1563 1826 D PowerManagerService: updateUserActivitySummaryLocked: groupId=0, mWakefulness=Awake, mUserActivitySummary=0x1, nextTimeout=4082219 (in 59998 ms)
07-21 16:33:55.249 1563 1826 D PowerManagerNotifier: onScreenPolicyUpdate: newPolicy=3
07-21 16:33:55.249 1563 1826 D PowerManagerService: updateDisplayPowerStateLocked: displayReady=true, groupId=0, policy=BRIGHT, mWakefulness=Awake, mWakeLockSummary=0x0, mUserActivitySummary=0x1, mBootCompleted=true, screenBrightnessOverride=NaN, useAutoBrightness=false, mScreenBrightnessBoostInProgress=false, mIsVrModeEnabled= false, sQuiescent=false
07-21 16:33:55.250 1563 1701 I am_proc_start: [0,17071,10095,com.tencent.mobileqq,content provider,{com.tencent.mobileqq/com.tencent.mqq.shared_file_accessor.ContentProviderImpl}]
07-21 16:33:55.250 1563 1701 I ActivityManager: Start proc 17071:com.tencent.mobileqq/u0a95 for content provider {com.tencent.mobileqq/com.tencent.mqq.shared_file_accessor.ContentProviderImpl}
07-21 16:33:55.268 0 0 I [ 4022.237484] binder: 17071:17071 ioctl 40046210 7ff1724834 returned -22
07-21 16:33:55.269 1563 17518 I am_proc_bound: [0,17071,com.tencent.mobileqq]
07-21 16:33:55.320 0 0 W [ 4022.291651] audit: audit_lost=12508 audit_rate_limit=5 audit_backlog_limit=64
07-21 16:33:55.320 0 0 E [ 4022.291656] audit: rate limit exceeded
07-21 16:33:55.315 16823 16823 I auditd : type=1400 audit(0.0:16346): avc: denied { read } for comm="pool-2-thread-6" name="tcp" dev="proc" ino=4026532256 scontext=u:r:untrusted_app_29:s0:c106,c256,c512,c768 tcontext=u:object_r:proc_net_tcp_udp:s0 tclass=file permissive=1 app=com.smile.gifmaker
07-21 16:33:55.315 16823 16823 I auditd : type=1400 audit(0.0:16347): avc: denied { open } for comm="pool-2-thread-6" path="/proc/16823/net/tcp" dev="proc" ino=4026532256 scontext=u:r:untrusted_app_29:s0:c106,c256,c512,c768 tcontext=u:object_r:proc_net_tcp_udp:s0 tclass=file permissive=1 app=com.smile.gifmaker
07-21 16:33:55.341 1563 1563 W WindowManager: removeWindowToken: Attempted to remove non-existing token: android.os.Binder@39a83a1
07-21 16:33:55.557 1563 1826 D PowerManagerService: userActivityNoUpdateLocked: groupId=0, eventTime=4022528, event=2, flags=0x0, uid=1000
07-21 16:33:55.558 1563 1826 D PowerManagerNotifier: onUserActivity: event=2, uid=1000
07-21 16:33:55.558 1563 1826 D PowerManagerService: updateUserActivitySummaryLocked: groupId=0, mWakefulness=Awake, mUserActivitySummary=0x1, nextTimeout=4082528 (in 59999 ms)
07-21 16:33:55.558 1563 1826 D PowerManagerNotifier: onScreenPolicyUpdate: newPolicy=3
07-21 16:33:55.558 1563 1826 D PowerManagerService: updateDisplayPowerStateLocked: displayReady=true, groupId=0, policy=BRIGHT, mWakefulness=Awake, mWakeLockSummary=0x0, mUserActivitySummary=0x1, mBootCompleted=true, screenBrightnessOverride=NaN, useAutoBrightness=false, mScreenBrightnessBoostInProgress=false, mIsVrModeEnabled= false, sQuiescent=false
07-21 16:33:55.720 1563 1860 I GameModeConfig: isGameModeOn = true
07-21 16:33:55.720 1563 1860 I GameModeConfig: isGaming = false
07-21 16:33:55.720 1563 1860 I GameModeConfig: isGameModeOn = true
07-21 16:33:55.720 1563 1860 I GameModeConfig: isGaming = false
07-21 16:33:55.720 1563 1860 I GameModeConfig: isGameModeOn = true
07-21 16:33:55.720 1563 1860 I GameModeConfig: isGaming = false
07-21 16:33:55.720 1563 1860 I GameModeConfig: isGameModeOn = true
07-21 16:33:55.720 1563 1860 I GameModeConfig: isGaming = false
07-21 16:33:55.720 1563 1860 I GameModeConfig: isGameModeOn = true
07-21 16:33:55.720 1563 1860 I GameModeConfig: isGaming = false
07-21 16:33:55.720 1563 1860 I GameModeConfig: isGameModeOn = true
07-21 16:33:55.720 1563 1860 I GameModeConfig: isGaming = false
07-21 16:33:55.721 1563 1860 I GameModeConfig: isGameModeOn = true
07-21 16:33:55.721 1563 1860 I GameModeConfig: isGaming = false
07-21 16:33:55.721 1563 1860 I GameModeConfig: isGameModeOn = true
07-21 16:33:55.721 1563 1860 I GameModeConfig: isGaming = false
07-21 16:33:55.726 1563 6493 D CompatibilityChangeReporter: Compat change id reported: 135634846; UID 10106; state: DISABLED
07-21 16:33:55.727 1563 1701 D CompatibilityChangeReporter: Compat change id reported: 143937733; UID 10106; state: DISABLED
07-21 16:33:55.733 1563 1701 I am_proc_start: [0,17145,10106,com.smile.gifmaker:push_v3,service,{com.smile.gifmaker/com.kwai.android.dispatcher.PushV3ProcessLauncherService}]
07-21 16:33:55.733 1563 1701 I ActivityManager: Start proc 17145:com.smile.gifmaker:push_v3/u0a106 for service {com.smile.gifmaker/com.kwai.android.dispatcher.PushV3ProcessLauncherService}
07-21 16:33:55.749 0 0 I [ 4022.719002] binder: 17145:17145 ioctl 40046210 ff9965c8 returned -22
07-21 16:33:55.752 1563 6493 I am_proc_bound: [0,17145,com.smile.gifmaker:push_v3]
07-21 16:33:55.832 1563 1860 I GameModeConfig: isGameModeOn = true
07-21 16:33:55.832 1563 1860 I GameModeConfig: isGaming = false
07-21 16:33:55.832 1563 1860 I GameModeConfig: isGameModeOn = true
07-21 16:33:55.832 1563 1860 I GameModeConfig: isGaming = false
07-21 16:33:55.832 1563 1860 I GameModeConfig: isGameModeOn = true
07-21 16:33:55.832 1563 1860 I GameModeConfig: isGaming = false
07-21 16:33:55.833 1563 1860 I GameModeConfig: isGameModeOn = true
07-21 16:33:55.833 1563 1860 I GameModeConfig: isGaming = false
07-21 16:33:56.110 1563 3528 W ActivityManager: Background start not allowed: service Intent { cmp=com.tencent.mobileqq/.msf.service.MsfService (has extras) } to com.tencent.mobileqq/.msf.service.MsfService from pid=17049 uid=10095 pkg=com.tencent.mobileqq startFg?=false
07-21 16:33:56.277 1563 1826 D PowerManagerService: userActivityNoUpdateLocked: groupId=0, eventTime=4023248, event=2, flags=0x0, uid=1000
07-21 16:33:56.277 1563 1826 D PowerManagerNotifier: onUserActivity: event=2, uid=1000
07-21 16:33:56.278 1563 1826 D PowerManagerService: updateUserActivitySummaryLocked: groupId=0, mWakefulness=Awake, mUserActivitySummary=0x1, nextTimeout=4083248 (in 59999 ms)
07-21 16:33:56.278 1563 1826 D PowerManagerNotifier: onScreenPolicyUpdate: newPolicy=3
07-21 16:33:56.278 1563 1826 D PowerManagerService: updateDisplayPowerStateLocked: displayReady=true, groupId=0, policy=BRIGHT, mWakefulness=Awake, mWakeLockSummary=0x0, mUserActivitySummary=0x1, mBootCompleted=true, screenBrightnessOverride=NaN, useAutoBrightness=false, mScreenBrightnessBoostInProgress=false, mIsVrModeEnabled= false, sQuiescent=false
07-21 16:33:56.586 1563 1826 D PowerManagerService: userActivityNoUpdateLocked: groupId=0, eventTime=4023557, event=2, flags=0x0, uid=1000
07-21 16:33:56.586 1563 1826 D PowerManagerNotifier: onUserActivity: event=2, uid=1000
07-21 16:33:56.587 1563 1826 D PowerManagerService: updateUserActivitySummaryLocked: groupId=0, mWakefulness=Awake, mUserActivitySummary=0x1, nextTimeout=4083557 (in 59999 ms)
07-21 16:33:56.587 1563 1826 D PowerManagerNotifier: onScreenPolicyUpdate: newPolicy=3
07-21 16:33:56.587 1563 1826 D PowerManagerService: updateDisplayPowerStateLocked: displayReady=true, groupId=0, policy=BRIGHT, mWakefulness=Awake, mWakeLockSummary=0x0, mUserActivitySummary=0x1, mBootCompleted=true, screenBrightnessOverride=NaN, useAutoBrightness=false, mScreenBrightnessBoostInProgress=false, mIsVrModeEnabled= false, sQuiescent=false
07-21 16:33:56.660 17049 17049 E ActivityThread: Failed to find provider info for telephony
07-21 16:33:56.740 1563 3528 I am_proc_died: [0,16658,com.qiyi.video,905,19]
07-21 16:33:56.741 1563 3528 I am_uid_stopped: 10122
07-21 16:33:56.799 0 0 I [ 4023.765719] init: Untracked pid 17046 received signal 9
07-21 16:33:56.866 1563 2221 I ActivityManager: Killing 17071:com.tencent.mobileqq/u0a95 (adj 915): empty #2
07-21 16:33:56.866 1563 2221 I am_kill : [0,17071,com.tencent.mobileqq,915,empty #2]
07-21 16:33:56.868 1563 2221 I ActivityManager: Killing 16823:com.smile.gifmaker/u0a106 (adj 905): empty #3
07-21 16:33:56.868 1563 2221 I am_kill : [0,16823,com.smile.gifmaker,905,empty #3]
07-21 16:33:56.874 1563 1700 W BroadcastQueue: Skipping deliver [background] BroadcastRecord{fc23afc u0 com.tencent.mobileqq.msf.bd.netchange} to ReceiverList{49b6240 17071 com.tencent.mobileqq/10095/u0 remote:13629c3}: process gone or crashing
07-21 16:33:57.029 1563 1689 I commit_sys_config_file: [notification-policy,4014698]
07-21 16:33:57.132 0 0 I [ 4024.100397] binder: undelivered transaction 1852614, process died.
07-21 16:33:57.130 17049 17301 I ActivityThread: Removing dead content provider:android.content.ContentProviderProxy@6c1b6d6
07-21 16:33:57.130 1563 21026 I am_proc_died: [0,17071,com.tencent.mobileqq,915,19]
07-21 16:33:57.132 1563 21026 I ActivityManager: Killing 17049:com.tencent.mobileqq:MSF/u0a95 (adj 915): empty #2
07-21 16:33:57.132 1563 21026 I am_kill : [0,17049,com.tencent.mobileqq:MSF,915,empty #2]
07-21 16:33:57.134 0 0 I [ 4024.100790] binder: send failed reply for transaction 1852665 to 17049:17301
07-21 16:33:57.160 1563 1860 I GameModeConfig: isGameModeOn = true
07-21 16:33:57.160 1563 1860 I GameModeConfig: isGaming = false
07-21 16:33:57.160 1563 1860 I GameModeConfig: isGameModeOn = true
07-21 16:33:57.160 1563 1860 I GameModeConfig: isGaming = false
07-21 16:33:57.161 1563 1860 I GameModeConfig: isGameModeOn = true
07-21 16:33:57.161 1563 1860 I GameModeConfig: isGaming = false
07-21 16:33:57.161 1563 1860 I GameModeConfig: isGameModeOn = true
07-21 16:33:57.161 1563 1860 I GameModeConfig: isGaming = false
07-21 16:33:57.161 1563 1860 I GameModeConfig: isGameModeOn = true
07-21 16:33:57.161 1563 1860 I GameModeConfig: isGaming = false
07-21 16:33:57.161 1563 1860 I GameModeConfig: isGameModeOn = true
07-21 16:33:57.161 1563 1860 I GameModeConfig: isGaming = false
07-21 16:33:57.161 1563 1860 I GameModeConfig: isGameModeOn = true
07-21 16:33:57.161 1563 1860 I GameModeConfig: isGaming = false
07-21 16:33:57.161 1563 1860 I GameModeConfig: isGameModeOn = true
07-21 16:33:57.162 1563 1860 I GameModeConfig: isGaming = false
07-21 16:33:57.171 17145 17145 W Looper : Loop again would have the queued messages be executed before this one completed.
07-21 16:33:57.173 1563 2226 I ActivityManager: Killing 17145:com.smile.gifmaker:push_v3/u0a106 (adj 905): empty #2
07-21 16:33:57.173 1563 2226 I am_kill : [0,17145,com.smile.gifmaker:push_v3,905,empty #2]
07-21 16:33:57.198 1563 2226 I am_proc_died: [0,17049,com.tencent.mobileqq:MSF,915,19]
07-21 16:33:57.200 1563 2226 I am_uid_stopped: 10095
07-21 16:33:57.233 0 0 I [ 4024.204273] binder: undelivered TRANSACTION_COMPLETE
07-21 16:33:57.233 0 0 I [ 4024.204282] binder: undelivered transaction 1852925, process died.
07-21 16:33:57.233 1563 2226 I am_proc_died: [0,17145,com.smile.gifmaker:push_v3,905,19]
07-21 16:33:57.234 1563 2226 W ActivityManager: Scheduling restart of crashed service com.smile.gifmaker/com.kwai.android.dispatcher.PushV3ProcessLauncherService in 1000ms for connection
07-21 16:33:57.234 1563 2226 I am_schedule_service_restart: [0,com.smile.gifmaker/com.kwai.android.dispatcher.PushV3ProcessLauncherService,1000]
07-21 16:33:57.244 0 0 I [ 4024.215297] binder: undelivered transaction 1852917, process died.
07-21 16:33:57.244 1563 10016 I am_proc_died: [0,16823,com.smile.gifmaker,905,19]
07-21 16:33:57.245 1563 10016 I am_uid_stopped: 10106
07-21 16:33:59.692 0 0 I [ 4026.660475] init: processing action (sys.tlog.tlogdshc.active=1) from (/system/etc/init/tlogd.rc:198)
07-21 16:33:59.692 0 0 I [ 4026.661372] init: starting service 'tlogdshc'...
07-21 16:33:59.800 0 0 I [ 4026.768413] init: Service 'tlogdshc' (pid 17348) exited with status 0 oneshot service took 0.102000 seconds in background
07-21 16:33:59.800 0 0 I [ 4026.768442] init: Sending signal 9 to service 'tlogdshc' (pid 17348) process group...
07-21 16:33:59.800 0 0 I [ 4026.768647] libprocessgroup: Successfully killed process cgroup uid 0 pid 17348 in 0ms
07-21 16:33:59.989 1563 1817 D PowerManagerService: acquireWakeLockInternal: lock=104154948, flags=0x1, tag="*alarm*", ws=WorkSource{1000}, uid=1000, pid=1563
07-21 16:33:59.989 1563 1817 D PowerManagerService: updateWakeLockSummaryLocked: mWakefulness=Awake, mWakeLockSummary=0x1
07-21 16:33:59.989 1563 1817 D PowerManagerService: updateUserActivitySummaryLocked: groupId=0, mWakefulness=Awake, mUserActivitySummary=0x1, nextTimeout=4083557 (in 56596 ms)
07-21 16:33:59.989 1563 1817 D PowerManagerNotifier: onScreenPolicyUpdate: newPolicy=3
07-21 16:33:59.990 1563 1817 D PowerManagerService: updateDisplayPowerStateLocked: displayReady=true, groupId=0, policy=BRIGHT, mWakefulness=Awake, mWakeLockSummary=0x1, mUserActivitySummary=0x1, mBootCompleted=true, screenBrightnessOverride=NaN, useAutoBrightness=false, mScreenBrightnessBoostInProgress=false, mIsVrModeEnabled= false, sQuiescent=false
07-21 16:33:59.990 1563 1817 D PowerManagerService: Acquiring suspend blocker "PowerManagerService.WakeLocks".
07-21 16:33:59.992 1563 1817 D PowerManagerNotifier: onWakeLockAcquired: flags=1, tag="*alarm*", packageName=android, ownerUid=1000, ownerPid=1563, workSource=WorkSource{1000}
07-21 16:33:59.993 1563 1563 D PowerManagerService: releaseWakeLockInternal: lock=104154948 [*alarm*], flags=0x0
07-21 16:33:59.993 1563 1563 D PowerManagerNotifier: onWakeLockReleased: flags=1, tag="*alarm*", packageName=android, ownerUid=1000, ownerPid=1563, workSource=WorkSource{1000}
07-21 16:33:59.994 1563 1563 D PowerManagerService: updateWakeLockSummaryLocked: mWakefulness=Awake, mWakeLockSummary=0x0
07-21 16:33:59.994 1563 1563 D PowerManagerService: updateUserActivitySummaryLocked: groupId=0, mWakefulness=Awake, mUserActivitySummary=0x1, nextTimeout=4083557 (in 56592 ms)
07-21 16:33:59.994 1563 1563 D PowerManagerNotifier: onScreenPolicyUpdate: newPolicy=3
07-21 16:33:59.994 1563 1563 D PowerManagerService: updateDisplayPowerStateLocked: displayReady=true, groupId=0, policy=BRIGHT, mWakefulness=Awake, mWakeLockSummary=0x0, mUserActivitySummary=0x1, mBootCompleted=true, screenBrightnessOverride=NaN, useAutoBrightness=false, mScreenBrightnessBoostInProgress=false, mIsVrModeEnabled= false, sQuiescent=false
07-21 16:33:59.994 1563 1563 D PowerManagerService: Releasing suspend blocker "PowerManagerService.WakeLocks".
07-21 16:34:00.003 1563 1817 D PowerManagerService: acquireWakeLockInternal: lock=104154948, flags=0x1, tag="*alarm*", ws=WorkSource{1000}, uid=1000, pid=1563
07-21 16:34:00.003 1563 1817 D PowerManagerService: updateWakeLockSummaryLocked: mWakefulness=Awake, mWakeLockSummary=0x1
07-21 16:34:00.003 1563 1817 D PowerManagerService: updateUserActivitySummaryLocked: groupId=0, mWakefulness=Awake, mUserActivitySummary=0x1, nextTimeout=4083557 (in 56582 ms)
07-21 16:34:00.003 1563 1817 D PowerManagerNotifier: onScreenPolicyUpdate: newPolicy=3
07-21 16:34:00.003 1563 1817 D PowerManagerService: updateDisplayPowerStateLocked: displayReady=true, groupId=0, policy=BRIGHT, mWakefulness=Awake, mWakeLockSummary=0x1, mUserActivitySummary=0x1, mBootCompleted=true, screenBrightnessOverride=NaN, useAutoBrightness=false, mScreenBrightnessBoostInProgress=false, mIsVrModeEnabled= false, sQuiescent=false
07-21 16:34:00.003 1563 1817 D PowerManagerService: Acquiring suspend blocker "PowerManagerService.WakeLocks".
07-21 16:34:00.004 1563 1817 D PowerManagerNotifier: onWakeLockAcquired: flags=1, tag="*alarm*", packageName=android, ownerUid=1000, ownerPid=1563, workSource=WorkSource{1000}
07-21 16:34:00.005 1563 1563 D PowerManagerService: releaseWakeLockInternal: lock=104154948 [*alarm*], flags=0x0
07-21 16:34:00.005 1563 1563 D PowerManagerNotifier: onWakeLockReleased: flags=1, tag="*alarm*", packageName=android, ownerUid=1000, ownerPid=1563, workSource=WorkSource{1000}
07-21 16:34:00.005 1563 1563 D PowerManagerService: updateWakeLockSummaryLocked: mWakefulness=Awake, mWakeLockSummary=0x0
07-21 16:34:00.005 1563 1563 D PowerManagerService: updateUserActivitySummaryLocked: groupId=0, mWakefulness=Awake, mUserActivitySummary=0x1, nextTimeout=4083557 (in 56580 ms)
