07-21 16:34:52.037 1563 1845 D PowerManagerService: updateDisplayPowerStateLocked: displayReady=true, groupId=0, policy=BRIGHT, mWakefulness=Awake, mWakeLockSummary=0x0, mUserActivitySummary=0x1, mBootCompleted=true, screenBrightnessOverride=NaN, useAutoBrightness=false, mScreenBrightnessBoostInProgress=false, mIsVrModeEnabled= false, sQuiescent=false
07-21 16:34:52.037 1563 1845 D PowerManagerService: Releasing suspend blocker "PowerManagerService.WakeLocks".
07-21 16:34:52.037 1563 1563 I Telecom : CarModeTracker: Package com.cmcc.cmvideo is not tracked.: SSH.oR@AJk
07-21 16:34:52.037 1563 1563 I Telecom : InCallController: updateCarModeForConnections: car mode apps: : SSH.oR@AJk
07-21 16:34:52.037 1563 1563 I GameModeConfig: isGameModeOn = true
07-21 16:34:52.037 1563 1563 I GameModeConfig: isGaming = false
07-21 16:34:52.038 1563 26128 I ActivityManager: Killing 18469:com.android.documentsui/u0a28 (adj 905): empty #2
07-21 16:34:52.038 1563 26128 I am_kill : [0,18469,com.android.documentsui,905,empty #2]
07-21 16:34:52.040 1563 1699 W TextServicesManagerService: no available spell checker services found
07-21 16:34:52.043 0 0 I [ 4079.009376] binder: 18496:18496 ioctl 40046210 7ff1724834 returned -22
07-21 16:34:52.048 1563 1563 I GameManagerService: Disabling downscale for air.tv.douyu.android
07-21 16:34:52.048 1563 1563 I thunderperf: CompatConfig.addOverrideUnsafe: bef-state=0
07-21 16:34:52.048 1563 1563 I thunderperf: CompatConfig.addOverrideUnsafe: aft-state=0
07-21 16:34:52.049 1563 12235 I am_proc_bound: [0,18496,com.android.externalstorage]
07-21 16:34:52.051 1563 12235 D CompatibilityChangeReporter: Compat change id reported: 168419799; UID 10031; state: DISABLED
07-21 16:34:52.052 1563 1563 I Telecom : CarModeTracker: Package air.tv.douyu.android is not tracked.: SSH.oR@AJs
07-21 16:34:52.052 1563 1563 I Telecom : InCallController: updateCarModeForConnections: car mode apps: : SSH.oR@AJs
07-21 16:34:52.053 1563 1563 I notification_cancel_all: [1000,1563,com.tencent.mobileqq,0,0,0,5,NULL]
07-21 16:34:52.054 1563 1563 I ConditionProviders: Disallowing condition provider com.tencent.mobileqq (userSet: true)
07-21 16:34:52.057 1563 1860 I GameModeConfig: isGameModeOn = true
07-21 16:34:52.057 1563 1860 I GameModeConfig: isGaming = false
07-21 16:34:52.057 1563 1860 I GameModeConfig: isGameModeOn = true
07-21 16:34:52.057 1563 1860 I GameModeConfig: isGaming = false
07-21 16:34:52.057 1563 1563 I notification_cancel_all: [1000,1563,com.cmcc.cmvideo,0,0,0,5,NULL]
07-21 16:34:52.057 1563 1860 I GameModeConfig: isGameModeOn = true
07-21 16:34:52.057 1563 1860 I GameModeConfig: isGaming = false
07-21 16:34:52.057 1563 1860 I GameModeConfig: isGameModeOn = true
07-21 16:34:52.057 1563 1860 I GameModeConfig: isGaming = false
07-21 16:34:52.058 1563 1699 I InputMethodManagerService: Input method uninstalled, disabling: ComponentInfo{com.github.uiautomator/com.github.uiautomator.FastInputIME}
07-21 16:34:52.058 1563 1563 I ConditionProviders: Disallowing condition provider com.cmcc.cmvideo (userSet: true)
07-21 16:34:52.059 1563 2230 I ActivityManager: Killing 18496:com.android.externalstorage/u0a31 (adj 905): empty #2
07-21 16:34:52.059 1563 2230 I am_kill : [0,18496,com.android.externalstorage,905,empty #2]
07-21 16:34:52.061 1563 1563 I notification_cancel_all: [1000,1563,air.tv.douyu.android,0,0,0,5,NULL]
07-21 16:34:52.062 1563 1860 I GameModeConfig: isGameModeOn = true
07-21 16:34:52.062 1563 1860 I GameModeConfig: isGaming = false
07-21 16:34:52.063 1563 1860 I GameModeConfig: isGameModeOn = true
07-21 16:34:52.063 1563 1860 I GameModeConfig: isGaming = false
07-21 16:34:52.063 1563 1860 I GameModeConfig: isGameModeOn = true
07-21 16:34:52.063 1563 1860 I GameModeConfig: isGaming = false
07-21 16:34:52.063 1563 1860 I GameModeConfig: isGameModeOn = true
07-21 16:34:52.063 1563 1860 I GameModeConfig: isGaming = false
07-21 16:34:52.063 1563 1563 I ConditionProviders: Disallowing condition provider air.tv.douyu.android (userSet: true)
07-21 16:34:52.064 1563 1563 I GameModeConfig: isGameModeOn = true
07-21 16:34:52.064 1563 1563 I GameModeConfig: isGaming = false
07-21 16:34:52.065 1563 1563 W Looper : Drained
07-21 16:34:52.065 1563 1563 I GameModeConfig: isGameModeOn = true
07-21 16:34:52.065 1563 1563 I GameModeConfig: isGaming = false
07-21 16:34:52.065 1563 1699 W InputMethodManagerService: Skipping input method com.android.inputmethod.latin/.LatinIME: Not Supported.
07-21 16:34:52.065 1563 1563 I GameModeConfig: isGameModeOn = true
07-21 16:34:52.065 1563 1563 I GameModeConfig: isGaming = false
07-21 16:34:52.066 1563 1699 I CompanionDeviceManagerService: Writing associations to disk: []
07-21 16:34:52.066 1563 1563 D PowerManagerService: acquireWakeLockInternal: lock=192061204, flags=0x1, tag="*job*/com.android.providers.media.module/com.android.providers.media.MediaService", ws=WorkSource{10093}, uid=1000, pid=1563
07-21 16:34:52.066 1563 1563 D PowerManagerService: updateWakeLockSummaryLocked: mWakefulness=Awake, mWakeLockSummary=0x1
07-21 16:34:52.066 1563 1563 D PowerManagerService: updateUserActivitySummaryLocked: groupId=0, mWakefulness=Awake, mUserActivitySummary=0x1, nextTimeout=4136150 (in 57112 ms)
07-21 16:34:52.066 1563 1563 D PowerManagerNotifier: onScreenPolicyUpdate: newPolicy=3
07-21 16:34:52.066 1563 1563 D PowerManagerService: updateDisplayPowerStateLocked: displayReady=true, groupId=0, policy=BRIGHT, mWakefulness=Awake, mWakeLockSummary=0x1, mUserActivitySummary=0x1, mBootCompleted=true, screenBrightnessOverride=NaN, useAutoBrightness=false, mScreenBrightnessBoostInProgress=false, mIsVrModeEnabled= false, sQuiescent=false
07-21 16:34:52.066 1563 1563 D PowerManagerService: Acquiring suspend blocker "PowerManagerService.WakeLocks".
07-21 16:34:52.067 1563 1563 D PowerManagerNotifier: onWakeLockAcquired: flags=1, tag="*job*/com.android.providers.media.module/com.android.providers.media.MediaService", packageName=android, ownerUid=1000, ownerPid=1563, workSource=WorkSource{10093}
07-21 16:34:52.068 1563 1860 I GameModeConfig: isGameModeOn = true
07-21 16:34:52.068 1563 1860 I GameModeConfig: isGaming = false
07-21 16:34:52.068 1563 1860 I GameModeConfig: isGameModeOn = true
07-21 16:34:52.068 1563 1860 I GameModeConfig: isGaming = false
07-21 16:34:52.068 1563 1860 I GameModeConfig: isGameModeOn = true
07-21 16:34:52.068 1563 1860 I GameModeConfig: isGaming = false
07-21 16:34:52.068 1563 1860 I GameModeConfig: isGameModeOn = true
07-21 16:34:52.068 1563 1860 I GameModeConfig: isGaming = false
07-21 16:34:52.072 1563 26128 I am_uid_running: 10037
07-21 16:34:52.072 1563 26128 D CompatibilityChangeReporter: Compat change id reported: 135634846; UID 10037; state: DISABLED
07-21 16:34:52.072 1563 26128 D CompatibilityChangeReporter: Compat change id reported: 177438394; UID 10037; state: DISABLED
07-21 16:34:52.072 1563 26128 D CompatibilityChangeReporter: Compat change id reported: 135772972; UID 10037; state: DISABLED
07-21 16:34:52.072 1563 26128 D CompatibilityChangeReporter: Compat change id reported: 135754954; UID 10037; state: ENABLED
07-21 16:34:52.073 1563 1701 D CompatibilityChangeReporter: Compat change id reported: 143937733; UID 10037; state: ENABLED
07-21 16:34:52.082 1563 12235 I am_proc_died: [0,18496,com.android.externalstorage,905,19]
07-21 16:34:52.082 1563 12235 I am_uid_stopped: 10031
07-21 16:34:52.082 1563 12235 I am_uid_running: 10031
07-21 16:34:52.083 1563 12235 D CompatibilityChangeReporter: Compat change id reported: 135634846; UID 10031; state: DISABLED
07-21 16:34:52.083 1563 12235 D CompatibilityChangeReporter: Compat change id reported: 177438394; UID 10031; state: DISABLED
07-21 16:34:52.083 1563 12235 D CompatibilityChangeReporter: Compat change id reported: 135772972; UID 10031; state: DISABLED
07-21 16:34:52.083 1563 12235 D CompatibilityChangeReporter: Compat change id reported: 135754954; UID 10031; state: ENABLED
07-21 16:34:52.084 1563 1701 I am_proc_start: [0,18513,10037,com.microsoft.emmx,broadcast,{com.microsoft.emmx/org.chromium.chrome.browser.browserservices.InstalledWebappBroadcastReceiver}]
07-21 16:34:52.084 1563 1701 I ActivityManager: Start proc 18513:com.microsoft.emmx/u0a37 for broadcast {com.microsoft.emmx/org.chromium.chrome.browser.browserservices.InstalledWebappBroadcastReceiver}
07-21 16:34:52.084 1563 1701 D CompatibilityChangeReporter: Compat change id reported: 143937733; UID 10031; state: ENABLED
07-21 16:34:52.090 1563 1701 I am_proc_start: [0,18518,10031,com.android.externalstorage,restart,com.android.externalstorage]
07-21 16:34:52.090 1563 1701 I ActivityManager: Start proc 18518:com.android.externalstorage/u0a31 for restart com.android.externalstorage
07-21 16:34:52.091 0 0 I [ 4079.062408] binder: undelivered TRANSACTION_COMPLETE
07-21 16:34:52.091 0 0 I [ 4079.062415] binder: undelivered transaction 1876979, process died.
07-21 16:34:52.092 1563 26128 I am_proc_died: [0,18469,com.android.documentsui,905,19]
07-21 16:34:52.092 1563 26128 I am_uid_stopped: 10028
07-21 16:34:52.100 0 0 I [ 4079.070677] binder: 18518:18518 ioctl 40046210 7ff1724834 returned -22
07-21 16:34:52.103 1563 21017 D PowerManagerService: releaseWakeLockInternal: lock=192061204 [*job*/com.android.providers.media.module/com.android.providers.media.MediaService], flags=0x0
07-21 16:34:52.104 1563 21017 D PowerManagerNotifier: onWakeLockReleased: flags=1, tag="*job*/com.android.providers.media.module/com.android.providers.media.MediaService", packageName=android, ownerUid=1000, ownerPid=1563, workSource=WorkSource{10093}
07-21 16:34:52.104 1563 21017 D PowerManagerService: updateWakeLockSummaryLocked: mWakefulness=Awake, mWakeLockSummary=0x0
07-21 16:34:52.104 1563 21017 D PowerManagerService: updateUserActivitySummaryLocked: groupId=0, mWakefulness=Awake, mUserActivitySummary=0x1, nextTimeout=4136150 (in 57075 ms)
07-21 16:34:52.104 1563 21017 D PowerManagerNotifier: onScreenPolicyUpdate: newPolicy=3
07-21 16:34:52.104 1563 21017 D PowerManagerService: updateDisplayPowerStateLocked: displayReady=true, groupId=0, policy=BRIGHT, mWakefulness=Awake, mWakeLockSummary=0x0, mUserActivitySummary=0x1, mBootCompleted=true, screenBrightnessOverride=NaN, useAutoBrightness=false, mScreenBrightnessBoostInProgress=false, mIsVrModeEnabled= false, sQuiescent=false
07-21 16:34:52.104 1563 21017 D PowerManagerService: Releasing suspend blocker "PowerManagerService.WakeLocks".
07-21 16:34:52.104 1563 26128 I am_proc_bound: [0,18518,com.android.externalstorage]
07-21 16:34:52.105 0 0 I [ 4079.073165] binder: 18513:18513 ioctl 40046210 7ff1724834 returned -22
07-21 16:34:52.105 1563 26128 D CompatibilityChangeReporter: Compat change id reported: 168419799; UID 10031; state: DISABLED
07-21 16:34:52.107 1563 21017 I am_proc_bound: [0,18513,com.microsoft.emmx]
07-21 16:34:52.109 1563 21017 D CompatibilityChangeReporter: Compat change id reported: 168419799; UID 10037; state: DISABLED
07-21 16:34:52.119 1563 12235 I ActivityManager: Killing 18518:com.android.externalstorage/u0a31 (adj 905): empty #2
07-21 16:34:52.119 1563 12235 I am_kill : [0,18518,com.android.externalstorage,905,empty #2]
07-21 16:34:52.126 1563 1699 W TextServicesManagerService: no available spell checker services found
07-21 16:34:52.132 1563 1815 I commit_sys_config_file: [settings-3-0,4]
07-21 16:34:52.134 1563 1699 I CompanionDeviceManagerService: Writing associations to disk: []
07-21 16:34:52.141 1563 1699 W TextServicesManagerService: no available spell checker services found
07-21 16:34:52.148 1563 19837 I am_proc_died: [0,18518,com.android.externalstorage,905,19]
07-21 16:34:52.148 1563 19837 I am_uid_stopped: 10031
07-21 16:34:52.151 1563 1699 I CompanionDeviceManagerService: Writing associations to disk: []
07-21 16:34:52.157 1563 1699 W TextServicesManagerService: no available spell checker services found
07-21 16:34:52.168 1563 1699 I CompanionDeviceManagerService: Writing associations to disk: []
07-21 16:34:52.315 1563 1689 I commit_sys_config_file: [notification-policy,4069984]
07-21 16:34:52.347 1563 1815 I commit_sys_config_file: [settings-3-0,9]
07-21 16:34:52.353 1563 1598 I am_uid_running: 10021
07-21 16:34:52.353 1563 1598 D CompatibilityChangeReporter: Compat change id reported: 135634846; UID 10021; state: DISABLED
07-21 16:34:52.353 1563 1598 D CompatibilityChangeReporter: Compat change id reported: 177438394; UID 10021; state: DISABLED
07-21 16:34:52.353 1563 1598 D CompatibilityChangeReporter: Compat change id reported: 135772972; UID 10021; state: DISABLED
07-21 16:34:52.353 1563 1598 D CompatibilityChangeReporter: Compat change id reported: 135754954; UID 10021; state: ENABLED
07-21 16:34:52.354 1563 1701 D CompatibilityChangeReporter: Compat change id reported: 143937733; UID 10021; state: ENABLED
07-21 16:34:52.354 1563 1598 I ActivityManager: Killing 18513:com.microsoft.emmx/u0a37 (adj 905): empty #2
07-21 16:34:52.354 1563 1598 I am_kill : [0,18513,com.microsoft.emmx,905,empty #2]
07-21 16:34:52.362 1563 1701 I am_proc_start: [0,18583,10021,android.process.media,broadcast,{com.android.providers.downloads/com.android.providers.downloads.DownloadReceiver}]
07-21 16:34:52.362 1563 1701 I ActivityManager: Start proc 18583:android.process.media/u0a21 for broadcast {com.android.providers.downloads/com.android.providers.downloads.DownloadReceiver}
07-21 16:34:52.379 0 0 I [ 4079.348535] binder: 18583:18583 ioctl 40046210 7ff1724834 returned -22
07-21 16:34:52.381 1563 1598 I am_proc_died: [0,18513,com.microsoft.emmx,905,19]
07-21 16:34:52.382 1563 1598 I am_uid_stopped: 10037
07-21 16:34:52.384 1563 10016 I am_proc_bound: [0,18583,android.process.media]
07-21 16:34:52.386 1563 10016 D CompatibilityChangeReporter: Compat change id reported: 168419799; UID 10021; state: DISABLED
07-21 16:34:52.424 1563 1860 I GameModeConfig: isGameModeOn = true
07-21 16:34:52.424 1563 1860 I GameModeConfig: isGaming = false
07-21 16:34:52.424 1563 1860 I GameModeConfig: isGameModeOn = true
07-21 16:34:52.424 1563 1860 I GameModeConfig: isGaming = false
07-21 16:34:52.425 1563 1860 I GameModeConfig: isGameModeOn = true
07-21 16:34:52.425 1563 1860 I GameModeConfig: isGaming = false
07-21 16:34:52.425 1563 1860 I GameModeConfig: isGameModeOn = true
07-21 16:34:52.425 1563 1860 I GameModeConfig: isGaming = false
07-21 16:34:52.445 1563 10016 W BroadcastQueue: Background execution not allowed: receiving Intent { act=android.intent.action.PACKAGE_REMOVED dat=package:com.ss.android.lark flg=0x4000010 (has extras) } to com.android.gallery3d/.app.PackagesMonitor
07-21 16:34:52.446 1563 10016 I ActivityManager: Killing 18449:com.android.keychain/1000 (adj 905): empty #2
07-21 16:34:52.446 1563 10016 I am_kill : [0,18449,com.android.keychain,905,empty #2]
07-21 16:34:52.448 1563 1700 W BroadcastQueue: Background execution not allowed: receiving Intent { act=android.intent.action.PACKAGE_REMOVED dat=package:com.ss.android.lark flg=0x4000010 (has extras) } to com.ss.android.article.video.landscape/com.taobao.accs.EventReceiver
07-21 16:34:52.448 1563 1700 W BroadcastQueue: Background execution not allowed: receiving Intent { act=android.intent.action.PACKAGE_REMOVED dat=package:com.ss.android.lark flg=0x4000010 (has extras) } to com.ss.android.article.video.landscape/com.taobao.agoo.AgooCommondReceiver
07-21 16:34:52.448 1563 1700 I am_uid_running: 10028
07-21 16:34:52.449 1563 1700 D CompatibilityChangeReporter: Compat change id reported: 135634846; UID 10028; state: DISABLED
07-21 16:34:52.449 1563 1700 D CompatibilityChangeReporter: Compat change id reported: 177438394; UID 10028; state: DISABLED
07-21 16:34:52.449 1563 1700 D CompatibilityChangeReporter: Compat change id reported: 135772972; UID 10028; state: DISABLED
07-21 16:34:52.449 1563 1700 D CompatibilityChangeReporter: Compat change id reported: 135754954; UID 10028; state: ENABLED
07-21 16:34:52.449 1563 1701 D CompatibilityChangeReporter: Compat change id reported: 143937733; UID 10028; state: ENABLED
07-21 16:34:52.459 1563 1701 I am_proc_start: [0,18600,10028,com.android.documentsui,broadcast,{com.android.documentsui/com.android.documentsui.PackageReceiver}]
07-21 16:34:52.459 1563 1701 I ActivityManager: Start proc 18600:com.android.documentsui/u0a28 for broadcast {com.android.documentsui/com.android.documentsui.PackageReceiver}
07-21 16:34:52.466 1563 10016 I am_proc_died: [0,18449,com.android.keychain,905,19]
07-21 16:34:52.480 0 0 I [ 4079.450970] binder: 18600:18600 ioctl 40046210 7ff1724834 returned -22
07-21 16:34:52.486 1563 10016 I am_proc_bound: [0,18600,com.android.documentsui]
07-21 16:34:52.488 1563 10016 D CompatibilityChangeReporter: Compat change id reported: 168419799; UID 10028; state: DISABLED
07-21 16:34:52.534 1563 10016 I am_uid_running: 10031
07-21 16:34:52.534 1563 10016 D CompatibilityChangeReporter: Compat change id reported: 135634846; UID 10031; state: DISABLED
07-21 16:34:52.534 1563 10016 D CompatibilityChangeReporter: Compat change id reported: 177438394; UID 10031; state: DISABLED
07-21 16:34:52.534 1563 10016 D CompatibilityChangeReporter: Compat change id reported: 135772972; UID 10031; state: DISABLED
07-21 16:34:52.534 1563 10016 D CompatibilityChangeReporter: Compat change id reported: 135754954; UID 10031; state: ENABLED
07-21 16:34:52.534 1563 1701 D CompatibilityChangeReporter: Compat change id reported: 143937733; UID 10031; state: ENABLED
07-21 16:34:52.544 1563 1701 I am_proc_start: [0,18625,10031,com.android.externalstorage,content provider,{com.android.externalstorage/com.android.externalstorage.ExternalStorageProvider}]
07-21 16:34:52.544 1563 1701 I ActivityManager: Start proc 18625:com.android.externalstorage/u0a31 for content provider {com.android.externalstorage/com.android.externalstorage.ExternalStorageProvider}
07-21 16:34:52.557 1563 10016 I ActivityManager: Killing 18583:android.process.media/u0a21 (adj 905): empty #2
07-21 16:34:52.557 1563 10016 I am_kill : [0,18583,android.process.media,905,empty #2]
07-21 16:34:52.572 1563 1563 D PowerManagerService: acquireWakeLockInternal: lock=231108813, flags=0x1, tag="*job*/com.android.providers.media.module/com.android.providers.media.MediaService", ws=WorkSource{10093}, uid=1000, pid=1563
07-21 16:34:52.572 1563 1563 D PowerManagerService: updateWakeLockSummaryLocked: mWakefulness=Awake, mWakeLockSummary=0x1
07-21 16:34:52.572 1563 1563 D PowerManagerService: updateUserActivitySummaryLocked: groupId=0, mWakefulness=Awake, mUserActivitySummary=0x1, nextTimeout=4136150 (in 56607 ms)
07-21 16:34:52.572 1563 1563 D PowerManagerNotifier: onScreenPolicyUpdate: newPolicy=3
07-21 16:34:52.572 1563 1563 D PowerManagerService: updateDisplayPowerStateLocked: displayReady=true, groupId=0, policy=BRIGHT, mWakefulness=Awake, mWakeLockSummary=0x1, mUserActivitySummary=0x1, mBootCompleted=true, screenBrightnessOverride=NaN, useAutoBrightness=false, mScreenBrightnessBoostInProgress=false, mIsVrModeEnabled= false, sQuiescent=false
07-21 16:34:52.572 1563 1563 D PowerManagerService: Acquiring suspend blocker "PowerManagerService.WakeLocks".
07-21 16:34:52.573 1563 1563 D PowerManagerNotifier: onWakeLockAcquired: flags=1, tag="*job*/com.android.providers.media.module/com.android.providers.media.MediaService", packageName=android, ownerUid=1000, ownerPid=1563, workSource=WorkSource{10093}
07-21 16:34:52.576 0 0 I [ 4079.544726] binder: 18625:18625 ioctl 40046210 7ff1724834 returned -22
07-21 16:34:52.578 1563 21009 I am_uid_running: 10037
07-21 16:34:52.579 1563 21009 D CompatibilityChangeReporter: Compat change id reported: 135634846; UID 10037; state: DISABLED
07-21 16:34:52.579 1563 10016 D PowerManagerService: releaseWakeLockInternal: lock=231108813 [*job*/com.android.providers.media.module/com.android.providers.media.MediaService], flags=0x0
07-21 16:34:52.579 1563 10016 D PowerManagerNotifier: onWakeLockReleased: flags=1, tag="*job*/com.android.providers.media.module/com.android.providers.media.MediaService", packageName=android, ownerUid=1000, ownerPid=1563, workSource=WorkSource{10093}
07-21 16:34:52.579 1563 21009 D CompatibilityChangeReporter: Compat change id reported: 177438394; UID 10037; state: DISABLED
07-21 16:34:52.579 1563 10016 D PowerManagerService: updateWakeLockSummaryLocked: mWakefulness=Awake, mWakeLockSummary=0x0
07-21 16:34:52.579 1563 21009 D CompatibilityChangeReporter: Compat change id reported: 135772972; UID 10037; state: DISABLED
07-21 16:34:52.579 1563 10016 D PowerManagerService: updateUserActivitySummaryLocked: groupId=0, mWakefulness=Awake, mUserActivitySummary=0x1, nextTimeout=4136150 (in 56599 ms)
07-21 16:34:52.579 1563 21009 D CompatibilityChangeReporter: Compat change id reported: 135754954; UID 10037; state: ENABLED
07-21 16:34:52.579 1563 10016 D PowerManagerNotifier: onScreenPolicyUpdate: newPolicy=3
07-21 16:34:52.579 1563 10016 D PowerManagerService: updateDisplayPowerStateLocked: displayReady=true, groupId=0, policy=BRIGHT, mWakefulness=Awake, mWakeLockSummary=0x0, mUserActivitySummary=0x1, mBootCompleted=true, screenBrightnessOverride=NaN, useAutoBrightness=false, mScreenBrightnessBoostInProgress=false, mIsVrModeEnabled= false, sQuiescent=false
07-21 16:34:52.579 1563 10016 D PowerManagerService: Releasing suspend blocker "PowerManagerService.WakeLocks".
07-21 16:34:52.580 1563 1701 D CompatibilityChangeReporter: Compat change id reported: 143937733; UID 10037; state: ENABLED
07-21 16:34:52.580 1563 24291 I am_proc_bound: [0,18625,com.android.externalstorage]
07-21 16:34:52.584 1563 10016 I ActivityManager: Killing 18600:com.android.documentsui/u0a28 (adj 905): empty #2
07-21 16:34:52.584 1563 10016 I am_kill : [0,18600,com.android.documentsui,905,empty #2]
07-21 16:34:52.587 1563 24291 I am_proc_died: [0,18583,android.process.media,905,19]
07-21 16:34:52.588 1563 24291 I am_uid_stopped: 10021
07-21 16:34:52.589 1563 1701 I am_proc_start: [0,18642,10037,com.microsoft.emmx,broadcast,{com.microsoft.emmx/org.chromium.chrome.browser.browserservices.InstalledWebappBroadcastReceiver}]
07-21 16:34:52.589 1563 1701 I ActivityManager: Start proc 18642:com.microsoft.emmx/u0a37 for broadcast {com.microsoft.emmx/org.chromium.chrome.browser.browserservices.InstalledWebappBroadcastReceiver}
07-21 16:34:52.612 0 0 I [ 4079.580837] binder: 18642:18642 ioctl 40046210 7ff1724834 returned -22
07-21 16:34:52.614 1563 24291 I am_proc_bound: [0,18642,com.microsoft.emmx]
07-21 16:34:52.619 1563 21009 I am_proc_died: [0,18600,com.android.documentsui,905,19]
07-21 16:34:52.619 1563 21009 I am_uid_stopped: 10028
07-21 16:34:52.833 1563 13803 I am_uid_running: 10021
07-21 16:34:52.834 1563 13803 D CompatibilityChangeReporter: Compat change id reported: 135634846; UID 10021; state: DISABLED
07-21 16:34:52.834 1563 13803 D CompatibilityChangeReporter: Compat change id reported: 177438394; UID 10021; state: DISABLED
07-21 16:34:52.834 1563 13803 D CompatibilityChangeReporter: Compat change id reported: 135772972; UID 10021; state: DISABLED
07-21 16:34:52.834 1563 13803 D CompatibilityChangeReporter: Compat change id reported: 135754954; UID 10021; state: ENABLED
07-21 16:34:52.834 1563 1701 D CompatibilityChangeReporter: Compat change id reported: 143937733; UID 10021; state: ENABLED
07-21 16:34:52.835 1563 13803 I ActivityManager: Killing 18625:com.android.externalstorage/u0a31 (adj 905): empty #2
07-21 16:34:52.835 1563 13803 I am_kill : [0,18625,com.android.externalstorage,905,empty #2]
07-21 16:34:52.843 1563 1701 I am_proc_start: [0,18697,10021,android.process.media,broadcast,{com.android.providers.downloads/com.android.providers.downloads.DownloadReceiver}]
07-21 16:34:52.843 1563 1701 I ActivityManager: Start proc 18697:android.process.media/u0a21 for broadcast {com.android.providers.downloads/com.android.providers.downloads.DownloadReceiver}
07-21 16:34:52.858 1563 13803 I am_proc_died: [0,18625,com.android.externalstorage,905,19]
07-21 16:34:52.859 1563 13803 I am_uid_stopped: 10031
07-21 16:34:52.868 0 0 I [ 4079.836752] binder: 18697:18697 ioctl 40046210 7ff1724834 returned -22
07-21 16:34:52.871 1563 13803 I am_proc_bound: [0,18697,android.process.media]
07-21 16:34:52.912 1563 1860 I GameModeConfig: isGameModeOn = true
07-21 16:34:52.912 1563 1860 I GameModeConfig: isGaming = false
07-21 16:34:52.912 1563 1860 I GameModeConfig: isGameModeOn = true
07-21 16:34:52.912 1563 1860 I GameModeConfig: isGaming = false
07-21 16:34:52.912 1563 1860 I GameModeConfig: isGameModeOn = true
07-21 16:34:52.912 1563 1860 I GameModeConfig: isGaming = false
07-21 16:34:52.913 1563 1860 I GameModeConfig: isGameModeOn = true
07-21 16:34:52.913 1563 1860 I GameModeConfig: isGaming = false
07-21 16:34:52.934 1563 13803 W BroadcastQueue: Background execution not allowed: receiving Intent { act=android.intent.action.PACKAGE_REMOVED dat=package:com.github.uiautomator flg=0x4000010 (has extras) } to com.android.gallery3d/.app.PackagesMonitor
07-21 16:34:52.935 1563 13803 I ActivityManager: Killing 18642:com.microsoft.emmx/u0a37 (adj 905): empty #2
07-21 16:34:52.935 1563 13803 I am_kill : [0,18642,com.microsoft.emmx,905,empty #2]
07-21 16:34:52.938 1563 1700 W BroadcastQueue: Background execution not allowed: receiving Intent { act=android.intent.action.PACKAGE_REMOVED dat=package:com.github.uiautomator flg=0x4000010 (has extras) } to com.ss.android.article.video.landscape/com.taobao.accs.EventReceiver
07-21 16:34:52.938 1563 1700 W BroadcastQueue: Background execution not allowed: receiving Intent { act=android.intent.action.PACKAGE_REMOVED dat=package:com.github.uiautomator flg=0x4000010 (has extras) } to com.ss.android.article.video.landscape/com.taobao.agoo.AgooCommondReceiver
07-21 16:34:52.938 1563 1700 I am_uid_running: 10028
07-21 16:34:52.939 1563 1700 D CompatibilityChangeReporter: Compat change id reported: 135634846; UID 10028; state: DISABLED
07-21 16:34:52.939 1563 1700 D CompatibilityChangeReporter: Compat change id reported: 177438394; UID 10028; state: DISABLED
07-21 16:34:52.939 1563 1700 D CompatibilityChangeReporter: Compat change id reported: 135772972; UID 10028; state: DISABLED
07-21 16:34:52.939 1563 1700 D CompatibilityChangeReporter: Compat change id reported: 135754954; UID 10028; state: ENABLED
07-21 16:34:52.939 1563 1701 D CompatibilityChangeReporter: Compat change id reported: 143937733; UID 10028; state: ENABLED
07-21 16:34:52.953 1563 1701 I am_proc_start: [0,18729,10028,com.android.documentsui,broadcast,{com.android.documentsui/com.android.documentsui.PackageReceiver}]
07-21 16:34:52.953 1563 1701 I ActivityManager: Start proc 18729:com.android.documentsui/u0a28 for broadcast {com.android.documentsui/com.android.documentsui.PackageReceiver}
07-21 16:34:52.960 1563 2221 I am_proc_died: [0,18642,com.microsoft.emmx,905,19]
07-21 16:34:52.961 1563 2221 I am_uid_stopped: 10037
07-21 16:34:52.992 0 0 I [ 4079.960825] binder: 18729:18729 ioctl 40046210 7ff1724834 returned -22
07-21 16:34:52.994 1563 2221 I am_proc_bound: [0,18729,com.android.documentsui]
07-21 16:34:53.049 1563 21009 I am_uid_running: 10031
07-21 16:34:53.049 1563 21009 D CompatibilityChangeReporter: Compat change id reported: 135634846; UID 10031; state: DISABLED
07-21 16:34:53.049 1563 21009 D CompatibilityChangeReporter: Compat change id reported: 177438394; UID 10031; state: DISABLED
07-21 16:34:53.050 1563 21009 D CompatibilityChangeReporter: Compat change id reported: 135772972; UID 10031; state: DISABLED
07-21 16:34:53.050 1563 21009 D CompatibilityChangeReporter: Compat change id reported: 135754954; UID 10031; state: ENABLED
07-21 16:34:53.050 1563 1701 D CompatibilityChangeReporter: Compat change id reported: 143937733; UID 10031; state: ENABLED
07-21 16:34:53.064 1563 21009 I ActivityManager: Killing 18697:android.process.media/u0a21 (adj 905): empty #2
07-21 16:34:53.064 1563 21009 I am_kill : [0,18697,android.process.media,905,empty #2]
07-21 16:34:53.066 1563 1701 I am_proc_start: [0,18763,10031,com.android.externalstorage,content provider,{com.android.externalstorage/com.android.externalstorage.ExternalStorageProvider}]
07-21 16:34:53.066 1563 1701 I ActivityManager: Start proc 18763:com.android.externalstorage/u0a31 for content provider {com.android.externalstorage/com.android.externalstorage.ExternalStorageProvider}
07-21 16:34:53.078 1563 1563 D PowerManagerService: acquireWakeLockInternal: lock=8684471, flags=0x1, tag="*job*/com.android.providers.media.module/com.android.providers.media.MediaService", ws=WorkSource{10093}, uid=1000, pid=1563
07-21 16:34:53.078 1563 1563 D PowerManagerService: updateWakeLockSummaryLocked: mWakefulness=Awake, mWakeLockSummary=0x1
07-21 16:34:53.078 1563 1563 D PowerManagerService: updateUserActivitySummaryLocked: groupId=0, mWakefulness=Awake, mUserActivitySummary=0x1, nextTimeout=4136150 (in 56100 ms)
07-21 16:34:53.078 1563 1563 D PowerManagerNotifier: onScreenPolicyUpdate: newPolicy=3
07-21 16:34:53.078 1563 1563 D PowerManagerService: updateDisplayPowerStateLocked: displayReady=true, groupId=0, policy=BRIGHT, mWakefulness=Awake, mWakeLockSummary=0x1, mUserActivitySummary=0x1, mBootCompleted=true, screenBrightnessOverride=NaN, useAutoBrightness=false, mScreenBrightnessBoostInProgress=false, mIsVrModeEnabled= false, sQuiescent=false
07-21 16:34:53.078 1563 1563 D PowerManagerService: Acquiring suspend blocker "PowerManagerService.WakeLocks".
07-21 16:34:53.080 1563 1563 D PowerManagerNotifier: onWakeLockAcquired: flags=1, tag="*job*/com.android.providers.media.module/com.android.providers.media.MediaService", packageName=android, ownerUid=1000, ownerPid=1563, workSource=WorkSource{10093}
07-21 16:34:53.083 1563 2221 I am_uid_running: 10037
07-21 16:34:53.083 1563 2221 D CompatibilityChangeReporter: Compat change id reported: 135634846; UID 10037; state: DISABLED
07-21 16:34:53.083 1563 2221 D CompatibilityChangeReporter: Compat change id reported: 177438394; UID 10037; state: DISABLED
07-21 16:34:53.084 1563 2221 D CompatibilityChangeReporter: Compat change id reported: 135772972; UID 10037; state: DISABLED
07-21 16:34:53.084 1563 2221 D CompatibilityChangeReporter: Compat change id reported: 135754954; UID 10037; state: ENABLED
07-21 16:34:53.085 1563 1701 D CompatibilityChangeReporter: Compat change id reported: 143937733; UID 10037; state: ENABLED
07-21 16:34:53.085 1563 24291 D PowerManagerService: releaseWakeLockInternal: lock=8684471 [*job*/com.android.providers.media.module/com.android.providers.media.MediaService], flags=0x0
07-21 16:34:53.092 0 0 I [ 4080.061470] binder: 18763:18763 ioctl 40046210 7ff1724834 returned -22
07-21 16:34:53.085 1563 24291 D PowerManagerNotifier: onWakeLockReleased: flags=1, tag="*job*/com.android.providers.media.module/com.android.providers.media.MediaService", packageName=android, ownerUid=1000, ownerPid=1563, workSource=WorkSource{10093}
07-21 16:34:53.085 1563 24291 D PowerManagerService: updateWakeLockSummaryLocked: mWakefulness=Awake, mWakeLockSummary=0x0
07-21 16:34:53.085 1563 24291 D PowerManagerService: updateUserActivitySummaryLocked: groupId=0, mWakefulness=Awake, mUserActivitySummary=0x1, nextTimeout=4136150 (in 56094 ms)
07-21 16:34:53.085 1563 24291 D PowerManagerNotifier: onScreenPolicyUpdate: newPolicy=3
07-21 16:34:53.085 1563 24291 D PowerManagerService: updateDisplayPowerStateLocked: displayReady=true, groupId=0, policy=BRIGHT, mWakefulness=Awake, mWakeLockSummary=0x0, mUserActivitySummary=0x1, mBootCompleted=true, screenBrightnessOverride=NaN, useAutoBrightness=false, mScreenBrightnessBoostInProgress=false, mIsVrModeEnabled= false, sQuiescent=false
07-21 16:34:53.085 1563 24291 D PowerManagerService: Releasing suspend blocker "PowerManagerService.WakeLocks".
07-21 16:34:53.096 1563 2221 I am_proc_died: [0,18697,android.process.media,905,19]
07-21 16:34:53.096 1563 2221 I am_uid_stopped: 10021
07-21 16:34:53.099 1563 24291 I am_proc_bound: [0,18763,com.android.externalstorage]
07-21 16:34:53.103 1563 1701 I am_proc_start: [0,18778,10037,com.microsoft.emmx,broadcast,{com.microsoft.emmx/org.chromium.chrome.browser.browserservices.InstalledWebappBroadcastReceiver}]
07-21 16:34:53.103 1563 1701 I ActivityManager: Start proc 18778:com.microsoft.emmx/u0a37 for broadcast {com.microsoft.emmx/org.chromium.chrome.browser.browserservices.InstalledWebappBroadcastReceiver}
07-21 16:34:53.115 689 18717 W SocketClient: write error (Broken pipe)
07-21 16:34:53.122 0 0 I [ 4080.092587] binder: 18778:18778 ioctl 40046210 7ff1724834 returned -22
07-21 16:34:53.123 1563 21009 I am_proc_bound: [0,18778,com.microsoft.emmx]
07-21 16:34:53.124 1563 21009 I ActivityManager: Killing 18729:com.android.documentsui/u0a28 (adj 905): empty #2
07-21 16:34:53.124 1563 21009 I am_kill : [0,18729,com.android.documentsui,905,empty #2]
07-21 16:34:53.150 0 0 I [ 4080.120433] binder: undelivered transaction 1879813, process died.
07-21 16:34:53.149 1563 21009 I am_proc_died: [0,18729,com.android.documentsui,905,19]
07-21 16:34:53.150 1563 21009 I am_uid_stopped: 10028
07-21 16:34:53.342 1563 21009 I am_uid_running: 10021
07-21 16:34:53.343 1563 21009 D CompatibilityChangeReporter: Compat change id reported: 135634846; UID 10021; state: DISABLED
07-21 16:34:53.343 1563 21009 D CompatibilityChangeReporter: Compat change id reported: 177438394; UID 10021; state: DISABLED
07-21 16:34:53.343 1563 21009 D CompatibilityChangeReporter: Compat change id reported: 135772972; UID 10021; state: DISABLED
07-21 16:34:53.343 1563 21009 D CompatibilityChangeReporter: Compat change id reported: 135754954; UID 10021; state: ENABLED
07-21 16:34:53.343 1563 1701 D CompatibilityChangeReporter: Compat change id reported: 143937733; UID 10021; state: ENABLED
07-21 16:34:53.344 1563 21009 I ActivityManager: Killing 18763:com.android.externalstorage/u0a31 (adj 905): empty #2
07-21 16:34:53.344 1563 21009 I am_kill : [0,18763,com.android.externalstorage,905,empty #2]
07-21 16:34:53.358 1563 1701 I am_proc_start: [0,18823,10021,android.process.media,broadcast,{com.android.providers.downloads/com.android.providers.downloads.DownloadReceiver}]
07-21 16:34:53.358 1563 1701 I ActivityManager: Start proc 18823:android.process.media/u0a21 for broadcast {com.android.providers.downloads/com.android.providers.downloads.DownloadReceiver}
07-21 16:34:53.368 1563 21009 I am_proc_died: [0,18763,com.android.externalstorage,905,19]
07-21 16:34:53.369 1563 21009 I am_uid_stopped: 10031
07-21 16:34:53.388 0 0 I [ 4080.357402] binder: 18823:18823 ioctl 40046210 7ff1724834 returned -22
07-21 16:34:53.392 1563 21009 I am_proc_bound: [0,18823,android.process.media]
07-21 16:34:53.435 1563 1860 I GameModeConfig: isGameModeOn = true
07-21 16:34:53.435 1563 1860 I GameModeConfig: isGaming = false
07-21 16:34:53.435 1563 1860 I GameModeConfig: isGameModeOn = true
07-21 16:34:53.435 1563 1860 I GameModeConfig: isGaming = false
07-21 16:34:53.436 1563 1860 I GameModeConfig: isGameModeOn = true
07-21 16:34:53.436 1563 1860 I GameModeConfig: isGaming = false
07-21 16:34:53.436 1563 1860 I GameModeConfig: isGameModeOn = true
07-21 16:34:53.436 1563 1860 I GameModeConfig: isGaming = false
07-21 16:34:53.457 1563 21009 W BroadcastQueue: Background execution not allowed: receiving Intent { act=android.intent.action.PACKAGE_REMOVED dat=package:com.tencent.mobileqq flg=0x4000010 (has extras) } to com.android.gallery3d/.app.PackagesMonitor
07-21 16:34:53.458 1563 21009 I ActivityManager: Killing 18778:com.microsoft.emmx/u0a37 (adj 905): empty #2
07-21 16:34:53.458 1563 21009 I am_kill : [0,18778,com.microsoft.emmx,905,empty #2]
07-21 16:34:53.460 1563 1700 W BroadcastQueue: Background execution not allowed: receiving Intent { act=android.intent.action.PACKAGE_REMOVED dat=package:com.tencent.mobileqq flg=0x4000010 (has extras) } to com.ss.android.article.video.landscape/com.taobao.accs.EventReceiver
07-21 16:34:53.460 1563 1700 W BroadcastQueue: Background execution not allowed: receiving Intent { act=android.intent.action.PACKAGE_REMOVED dat=package:com.tencent.mobileqq flg=0x4000010 (has extras) } to com.ss.android.article.video.landscape/com.taobao.agoo.AgooCommondReceiver
07-21 16:34:53.460 1563 1700 W BroadcastQueue: Background execution not allowed: receiving Intent { act=android.intent.action.PACKAGE_REMOVED dat=package:com.tencent.mobileqq flg=0x4000010 (has extras) } to com.miHoYo.Yuanshen/cn.jpush.android.service.PushReceiver
07-21 16:34:53.460 1563 1700 I am_uid_running: 10028
07-21 16:34:53.461 1563 1700 D CompatibilityChangeReporter: Compat change id reported: 135634846; UID 10028; state: DISABLED
07-21 16:34:53.461 1563 1700 D CompatibilityChangeReporter: Compat change id reported: 177438394; UID 10028; state: DISABLED
07-21 16:34:53.461 1563 1700 D CompatibilityChangeReporter: Compat change id reported: 135772972; UID 10028; state: DISABLED
07-21 16:34:53.461 1563 1700 D CompatibilityChangeReporter: Compat change id reported: 135754954; UID 10028; state: ENABLED
07-21 16:34:53.461 1563 1701 D CompatibilityChangeReporter: Compat change id reported: 143937733; UID 10028; state: ENABLED
07-21 16:34:53.476 1563 1701 I am_proc_start: [0,18848,10028,com.android.documentsui,broadcast,{com.android.documentsui/com.android.documentsui.PackageReceiver}]
07-21 16:34:53.476 1563 1701 I ActivityManager: Start proc 18848:com.android.documentsui/u0a28 for broadcast {com.android.documentsui/com.android.documentsui.PackageReceiver}
07-21 16:34:53.487 1563 21009 I am_proc_died: [0,18778,com.microsoft.emmx,905,19]
07-21 16:34:53.488 1563 21009 I am_uid_stopped: 10037
07-21 16:34:53.504 0 0 I [ 4080.474061] binder: 18848:18848 ioctl 40046210 7ff1724834 returned -22
07-21 16:34:53.511 1563 21009 I am_proc_bound: [0,18848,com.android.documentsui]
07-21 16:34:53.559 1563 21009 I am_uid_running: 10031
07-21 16:34:53.559 1563 21009 D CompatibilityChangeReporter: Compat change id reported: 135634846; UID 10031; state: DISABLED
07-21 16:34:53.559 1563 21009 D CompatibilityChangeReporter: Compat change id reported: 177438394; UID 10031; state: DISABLED
07-21 16:34:53.559 1563 21009 D CompatibilityChangeReporter: Compat change id reported: 135772972; UID 10031; state: DISABLED
07-21 16:34:53.559 1563 21009 D CompatibilityChangeReporter: Compat change id reported: 135754954; UID 10031; state: ENABLED
07-21 16:34:53.560 1563 1701 D CompatibilityChangeReporter: Compat change id reported: 143937733; UID 10031; state: ENABLED
07-21 16:34:53.574 1563 1701 I am_proc_start: [0,18875,10031,com.android.externalstorage,content provider,{com.android.externalstorage/com.android.externalstorage.ExternalStorageProvider}]
07-21 16:34:53.575 1563 1701 I ActivityManager: Start proc 18875:com.android.externalstorage/u0a31 for content provider {com.android.externalstorage/com.android.externalstorage.ExternalStorageProvider}
07-21 16:34:53.580 1563 21009 I ActivityManager: Killing 18823:android.process.media/u0a21 (adj 905): empty #2
07-21 16:34:53.580 1563 21009 I am_kill : [0,18823,android.process.media,905,empty #2]
07-21 16:34:53.592 1563 1563 D PowerManagerService: acquireWakeLockInternal: lock=55289873, flags=0x1, tag="*job*/com.android.providers.media.module/com.android.providers.media.MediaService", ws=WorkSource{10093}, uid=1000, pid=1563
07-21 16:34:53.592 1563 1563 D PowerManagerService: updateWakeLockSummaryLocked: mWakefulness=Awake, mWakeLockSummary=0x1
07-21 16:34:53.592 1563 1563 D PowerManagerService: updateUserActivitySummaryLocked: groupId=0, mWakefulness=Awake, mUserActivitySummary=0x1, nextTimeout=4136150 (in 55586 ms)
07-21 16:34:53.592 1563 1563 D PowerManagerNotifier: onScreenPolicyUpdate: newPolicy=3
07-21 16:34:53.592 1563 1563 D PowerManagerService: updateDisplayPowerStateLocked: displayReady=true, groupId=0, policy=BRIGHT, mWakefulness=Awake, mWakeLockSummary=0x1, mUserActivitySummary=0x1, mBootCompleted=true, screenBrightnessOverride=NaN, useAutoBrightness=false, mScreenBrightnessBoostInProgress=false, mIsVrModeEnabled= false, sQuiescent=false
07-21 16:34:53.592 1563 1563 D PowerManagerService: Acquiring suspend blocker "PowerManagerService.WakeLocks".
07-21 16:34:53.595 1563 1563 D PowerManagerNotifier: onWakeLockAcquired: flags=1, tag="*job*/com.android.providers.media.module/com.android.providers.media.MediaService", packageName=android, ownerUid=1000, ownerPid=1563, workSource=WorkSource{10093}
07-21 16:34:53.598 1563 2229 I am_uid_running: 10037
07-21 16:34:53.599 1563 2229 D CompatibilityChangeReporter: Compat change id reported: 135634846; UID 10037; state: DISABLED
07-21 16:34:53.599 1563 2229 D CompatibilityChangeReporter: Compat change id reported: 177438394; UID 10037; state: DISABLED
07-21 16:34:53.599 1563 2229 D CompatibilityChangeReporter: Compat change id reported: 135772972; UID 10037; state: DISABLED
07-21 16:34:53.599 1563 2229 D CompatibilityChangeReporter: Compat change id reported: 135754954; UID 10037; state: ENABLED
07-21 16:34:53.599 1563 1701 D CompatibilityChangeReporter: Compat change id reported: 143937733; UID 10037; state: ENABLED
07-21 16:34:53.600 1563 21009 D PowerManagerService: releaseWakeLockInternal: lock=55289873 [*job*/com.android.providers.media.module/com.android.providers.media.MediaService], flags=0x0
07-21 16:34:53.600 1563 21009 D PowerManagerNotifier: onWakeLockReleased: flags=1, tag="*job*/com.android.providers.media.module/com.android.providers.media.MediaService", packageName=android, ownerUid=1000, ownerPid=1563, workSource=WorkSource{10093}
07-21 16:34:53.600 1563 21009 D PowerManagerService: updateWakeLockSummaryLocked: mWakefulness=Awake, mWakeLockSummary=0x0
07-21 16:34:53.600 1563 21009 D PowerManagerService: updateUserActivitySummaryLocked: groupId=0, mWakefulness=Awake, mUserActivitySummary=0x1, nextTimeout=4136150 (in 55578 ms)
07-21 16:34:53.601 1563 21009 D PowerManagerNotifier: onScreenPolicyUpdate: newPolicy=3
07-21 16:34:53.601 1563 21009 D PowerManagerService: updateDisplayPowerStateLocked: displayReady=true, groupId=0, policy=BRIGHT, mWakefulness=Awake, mWakeLockSummary=0x0, mUserActivitySummary=0x1, mBootCompleted=true, screenBrightnessOverride=NaN, useAutoBrightness=false, mScreenBrightnessBoostInProgress=false, mIsVrModeEnabled= false, sQuiescent=false
07-21 16:34:53.601 1563 21009 D PowerManagerService: Releasing suspend blocker "PowerManagerService.WakeLocks".
07-21 16:34:53.608 0 0 I [ 4080.575351] binder: 18875:18875 ioctl 40046210 7ff1724834 returned -22
07-21 16:34:53.611 1563 2229 I am_proc_died: [0,18823,android.process.media,905,19]
07-21 16:34:53.611 1563 2229 I am_uid_stopped: 10021
07-21 16:34:53.615 1563 2229 I am_proc_bound: [0,18875,com.android.externalstorage]
07-21 16:34:53.619 1563 1701 I am_proc_start: [0,18890,10037,com.microsoft.emmx,broadcast,{com.microsoft.emmx/org.chromium.chrome.browser.browserservices.InstalledWebappBroadcastReceiver}]
07-21 16:34:53.619 1563 1701 I ActivityManager: Start proc 18890:com.microsoft.emmx/u0a37 for broadcast {com.microsoft.emmx/org.chromium.chrome.browser.browserservices.InstalledWebappBroadcastReceiver}
07-21 16:34:53.644 0 0 I [ 4080.614211] binder: 18890:18890 ioctl 40046210 7ff1724834 returned -22
07-21 16:34:53.647 1563 9105 I am_proc_bound: [0,18890,com.microsoft.emmx]
07-21 16:34:53.648 1563 9105 I ActivityManager: Killing 18848:com.android.documentsui/u0a28 (adj 905): empty #2
07-21 16:34:53.648 1563 9105 I am_kill : [0,18848,com.android.documentsui,905,empty #2]
07-21 16:34:53.674 0 0 I [ 4080.644167] binder: undelivered transaction 1880614, process died.
07-21 16:34:53.673 1563 2229 I am_proc_died: [0,18848,com.android.documentsui,905,19]
07-21 16:34:53.673 1563 2229 I am_uid_stopped: 10028
07-21 16:34:53.863 1563 9105 I am_uid_running: 10021
07-21 16:34:53.863 1563 9105 D CompatibilityChangeReporter: Compat change id reported: 135634846; UID 10021; state: DISABLED
07-21 16:34:53.863 1563 9105 D CompatibilityChangeReporter: Compat change id reported: 177438394; UID 10021; state: DISABLED
07-21 16:34:53.863 1563 9105 D CompatibilityChangeReporter: Compat change id reported: 135772972; UID 10021; state: DISABLED
07-21 16:34:53.863 1563 9105 D CompatibilityChangeReporter: Compat change id reported: 135754954; UID 10021; state: ENABLED
07-21 16:34:53.863 1563 1701 D CompatibilityChangeReporter: Compat change id reported: 143937733; UID 10021; state: ENABLED
07-21 16:34:53.864 1563 9105 I ActivityManager: Killing 18875:com.android.externalstorage/u0a31 (adj 905): empty #2
07-21 16:34:53.864 1563 9105 I am_kill : [0,18875,com.android.externalstorage,905,empty #2]
07-21 16:34:53.878 1563 1701 I am_proc_start: [0,18934,10021,android.process.media,broadcast,{com.android.providers.downloads/com.android.providers.downloads.DownloadReceiver}]
07-21 16:34:53.878 1563 1701 I ActivityManager: Start proc 18934:android.process.media/u0a21 for broadcast {com.android.providers.downloads/com.android.providers.downloads.DownloadReceiver}
07-21 16:34:53.888 1563 9105 I am_proc_died: [0,18875,com.android.externalstorage,905,19]
07-21 16:34:53.888 1563 9105 I am_uid_stopped: 10031
07-21 16:34:53.900 0 0 I [ 4080.868615] binder: 18934:18934 ioctl 40046210 7ff1724834 returned -22
07-21 16:34:53.905 1563 9105 I am_proc_bound: [0,18934,android.process.media]
07-21 16:34:53.941 1563 1563 D PowerManagerService: acquireWakeLockInternal: lock=199516543, flags=0x2000000a, tag="WindowManager", ws=WorkSource{10080}, uid=1000, pid=1563
07-21 16:34:53.942 1563 1563 D PowerManagerService: updateWakeLockSummaryLocked: mWakefulness=Awake, mWakeLockSummary=0x23
07-21 16:34:53.942 1563 1563 D PowerManagerService: updateUserActivitySummaryLocked: groupId=0, mWakefulness=Awake, mUserActivitySummary=0x1, nextTimeout=4136150 (in 55237 ms)
07-21 16:34:53.942 1563 1563 D PowerManagerNotifier: onScreenPolicyUpdate: newPolicy=3
07-21 16:34:53.942 1563 1563 D PowerManagerService: updateDisplayPowerStateLocked: displayReady=true, groupId=0, policy=BRIGHT, mWakefulness=Awake, mWakeLockSummary=0x23, mUserActivitySummary=0x1, mBootCompleted=true, screenBrightnessOverride=NaN, useAutoBrightness=false, mScreenBrightnessBoostInProgress=false, mIsVrModeEnabled= false, sQuiescent=false
07-21 16:34:53.942 1563 1563 D PowerManagerService: Acquiring suspend blocker "PowerManagerService.WakeLocks".
07-21 16:34:53.942 1563 1563 D PowerManagerNotifier: onWakeLockAcquired: flags=536870922, tag="WindowManager", packageName=android, ownerUid=1000, ownerPid=1563, workSource=WorkSource{10080}
07-21 16:34:53.948 1563 1860 I GameModeConfig: isGameModeOn = true
07-21 16:34:53.948 1563 1860 I GameModeConfig: isGaming = false
07-21 16:34:53.948 1563 1860 I GameModeConfig: isGameModeOn = true
07-21 16:34:53.948 1563 1860 I GameModeConfig: isGaming = false
07-21 16:34:53.949 1563 1860 I GameModeConfig: isGameModeOn = true
07-21 16:34:53.949 1563 1860 I GameModeConfig: isGaming = false
07-21 16:34:53.949 1563 1860 I GameModeConfig: isGameModeOn = true
07-21 16:34:53.949 1563 1860 I GameModeConfig: isGaming = false
07-21 16:34:53.973 1563 9105 W BroadcastQueue: Background execution not allowed: receiving Intent { act=android.intent.action.PACKAGE_REMOVED dat=package:com.cmcc.cmvideo flg=0x4000010 (has extras) } to com.android.gallery3d/.app.PackagesMonitor
07-21 16:34:53.974 1563 9105 I ActivityManager: Killing 18890:com.microsoft.emmx/u0a37 (adj 905): empty #2
07-21 16:34:53.974 1563 9105 I am_kill : [0,18890,com.microsoft.emmx,905,empty #2]
07-21 16:34:53.976 1563 1700 W BroadcastQueue: Background execution not allowed: receiving Intent { act=android.intent.action.PACKAGE_REMOVED dat=package:com.cmcc.cmvideo flg=0x4000010 (has extras) } to com.ss.android.article.video.landscape/com.taobao.accs.EventReceiver
07-21 16:34:53.976 1563 1700 W BroadcastQueue: Background execution not allowed: receiving Intent { act=android.intent.action.PACKAGE_REMOVED dat=package:com.cmcc.cmvideo flg=0x4000010 (has extras) } to com.ss.android.article.video.landscape/com.taobao.agoo.AgooCommondReceiver
07-21 16:34:53.976 1563 1700 I am_uid_running: 10028
07-21 16:34:53.977 1563 1700 D CompatibilityChangeReporter: Compat change id reported: 135634846; UID 10028; state: DISABLED
07-21 16:34:53.977 1563 1700 D CompatibilityChangeReporter: Compat change id reported: 177438394; UID 10028; state: DISABLED
07-21 16:34:53.977 1563 1700 D CompatibilityChangeReporter: Compat change id reported: 135772972; UID 10028; state: DISABLED
07-21 16:34:53.977 1563 1700 D CompatibilityChangeReporter: Compat change id reported: 135754954; UID 10028; state: ENABLED
07-21 16:34:53.977 1563 1701 D CompatibilityChangeReporter: Compat change id reported: 143937733; UID 10028; state: ENABLED
07-21 16:34:53.992 1563 1701 I am_proc_start: [0,18960,10028,com.android.documentsui,broadcast,{com.android.documentsui/com.android.documentsui.PackageReceiver}]
07-21 16:34:53.992 1563 1701 I ActivityManager: Start proc 18960:com.android.documentsui/u0a28 for broadcast {com.android.documentsui/com.android.documentsui.PackageReceiver}
07-21 16:34:53.996 1563 1689 I commit_sys_config_file: [jobs,3]
07-21 16:34:54.017 1563 9105 I am_proc_died: [0,18890,com.microsoft.emmx,905,19]
07-21 16:34:54.018 0 0 I [ 4080.989002] binder: 18960:18960 ioctl 40046210 7ff1724834 returned -22
07-21 16:34:54.018 1563 9105 I am_uid_stopped: 10037
07-21 16:34:54.021 1563 2231 I am_proc_bound: [0,18960,com.android.documentsui]
07-21 16:34:54.074 1563 2231 I am_uid_running: 10031
07-21 16:34:54.074 1563 2231 D CompatibilityChangeReporter: Compat change id reported: 135634846; UID 10031; state: DISABLED
07-21 16:34:54.074 1563 2231 D CompatibilityChangeReporter: Compat change id reported: 177438394; UID 10031; state: DISABLED
07-21 16:34:54.074 1563 2231 D CompatibilityChangeReporter: Compat change id reported: 135772972; UID 10031; state: DISABLED
07-21 16:34:54.074 1563 2231 D CompatibilityChangeReporter: Compat change id reported: 135754954; UID 10031; state: ENABLED
07-21 16:34:54.075 1563 1701 D CompatibilityChangeReporter: Compat change id reported: 143937733; UID 10031; state: ENABLED
