07-27 10:09:44.756 10448 10448 I wm_on_resume_called: [192034560,com.tencent.qqlive.ona.activity.VideoDetailActivity,RESUME_ACTIVITY]
07-27 10:09:44.758 10685 10685 I wm_on_start_called: [90579046,com.tencent.mm.plugin.login_exdevice.ui.LoginAsExDeviceUI,handleStartActivity]
07-27 10:09:44.764 10685 10685 I wm_on_resume_called: [90579046,com.tencent.mm.plugin.login_exdevice.ui.LoginAsExDeviceUI,RESUME_ACTIVITY]
07-27 10:09:44.768 10685 10685 I wm_on_top_resumed_gained_called: [90579046,com.tencent.mm.plugin.login_exdevice.ui.LoginAsExDeviceUI,topStateChangedWhenResumed]
07-27 10:09:44.775 10685 10685 I auditd : type=1400 audit(0.0:14711): avc: denied { read } for comm="com.tencent.mm" name="devices" dev="proc" ino=4026532305 scontext=u:r:untrusted_app_29:s0:c98,c256,c512,c768 tcontext=u:object_r:proc:s0 tclass=file permissive=1 app=com.tencent.mm
07-27 10:09:44.775 10685 10685 I auditd : type=1400 audit(0.0:14712): avc: denied { open } for comm="com.tencent.mm" path="/proc/bus/pci/devices" dev="proc" ino=4026532305 scontext=u:r:untrusted_app_29:s0:c98,c256,c512,c768 tcontext=u:object_r:proc:s0 tclass=file permissive=1 app=com.tencent.mm
07-27 10:09:44.775 10685 10685 I auditd : type=1400 audit(0.0:14713): avc: denied { read } for comm="com.tencent.mm" name="interrupts" dev="proc" ino=4026532242 scontext=u:r:untrusted_app_29:s0:c98,c256,c512,c768 tcontext=u:object_r:proc_interrupts:s0 tclass=file permissive=1 app=com.tencent.mm
07-27 10:09:44.775 10685 10685 I auditd : type=1400 audit(0.0:14714): avc: denied { open } for comm="com.tencent.mm" path="/proc/interrupts" dev="proc" ino=4026532242 scontext=u:r:untrusted_app_29:s0:c98,c256,c512,c768 tcontext=u:object_r:proc_interrupts:s0 tclass=file permissive=1 app=com.tencent.mm
07-27 10:09:44.775 10685 10685 I auditd : type=1400 audit(0.0:14715): avc: denied { read } for comm="com.tencent.mm" name="diskstats" dev="proc" ino=4026532302 scontext=u:r:untrusted_app_29:s0:c98,c256,c512,c768 tcontext=u:object_r:proc_diskstats:s0 tclass=file permissive=1 app=com.tencent.mm
07-27 10:09:44.775 10685 10685 I auditd : type=1400 audit(0.0:14716): avc: denied { open } for comm="com.tencent.mm" path="/proc/diskstats" dev="proc" ino=4026532302 scontext=u:r:untrusted_app_29:s0:c98,c256,c512,c768 tcontext=u:object_r:proc_diskstats:s0 tclass=file permissive=1 app=com.tencent.mm
07-27 10:09:44.803 10448 10448 I wm_on_paused_called: [192034560,com.tencent.qqlive.ona.activity.VideoDetailActivity,performPause]
07-27 10:09:44.827 10448 10448 I wm_on_stop_called: [192034560,com.tencent.qqlive.ona.activity.VideoDetailActivity,STOP_ACTIVITY_ITEM]
07-27 10:09:45.067 1564 1680 I input_focus: [Focus request c9e184a com.tencent.mm/com.tencent.mm.plugin.login_exdevice.ui.LoginAsExDeviceUI,reason=UpdateInputWindows]
07-27 10:09:45.073 1564 1676 I wm_activity_launch_time: [0,90579046,com.tencent.mm/.plugin.login_exdevice.ui.LoginAsExDeviceUI,400]
07-27 10:09:45.081 1564 1853 I input_focus: [Focus leaving 787c56 com.tencent.mm/com.tencent.mm.plugin.account.ui.MobileInputUI (server),reason=setFocusedWindow]
07-27 10:09:45.081 1564 1853 I input_focus: [Focus entering c9e184a com.tencent.mm/com.tencent.mm.plugin.login_exdevice.ui.LoginAsExDeviceUI (server),reason=setFocusedWindow]
07-27 10:09:45.255 1564 1680 I input_focus: [Focus request d4b16f9 com.tencent.mm/com.tencent.mm.plugin.login_exdevice.ui.LoginAsExDeviceUI,reason=UpdateInputWindows]
07-27 10:09:45.281 1564 1853 I input_focus: [Focus entering d4b16f9 com.tencent.mm/com.tencent.mm.plugin.login_exdevice.ui.LoginAsExDeviceUI (server),reason=setFocusedWindow]
07-27 10:09:46.873 1564 1853 I input_interaction: Interaction with: d4b16f9 com.tencent.mm/com.tencent.mm.plugin.login_exdevice.ui.LoginAsExDeviceUI (server), edge-swipe (server), swipe-up (server), PointerEventDispatcher0 (server),
07-27 10:09:47.002 1564 11038 I wm_finish_activity: [0,90579046,22,com.tencent.mm/.plugin.login_exdevice.ui.LoginAsExDeviceUI,app-request]
07-27 10:09:47.021 1564 11038 I wm_pause_activity: [0,90579046,com.tencent.mm/.plugin.login_exdevice.ui.LoginAsExDeviceUI,userLeaving=false,finish]
07-27 10:09:47.035 10685 10685 I wm_on_top_resumed_lost_called: [90579046,com.tencent.mm.plugin.login_exdevice.ui.LoginAsExDeviceUI,topStateChangedWhenResumed]
07-27 10:09:47.038 1564 1853 I input_focus: [Focus leaving d4b16f9 com.tencent.mm/com.tencent.mm.plugin.login_exdevice.ui.LoginAsExDeviceUI (server),reason=NO_WINDOW]
07-27 10:09:47.041 10685 10685 I wm_on_paused_called: [90579046,com.tencent.mm.plugin.login_exdevice.ui.LoginAsExDeviceUI,performPause]
07-27 10:09:47.044 1564 11038 I wm_set_resumed_activity: [0,com.tencent.mm/.plugin.account.ui.MobileInputUI,resumeTopActivityInnerLocked]
07-27 10:09:47.045 1564 11038 I wm_resume_activity: [0,59022592,22,com.tencent.mm/.plugin.account.ui.MobileInputUI]
07-27 10:09:47.046 1564 11038 I wm_pause_activity: [0,192034560,com.tencent.qqlive/.ona.activity.VideoDetailActivity,userLeaving=false,makeInvisible]
07-27 10:09:47.047 1564 11038 I wm_resume_activity: [0,192034560,21,com.tencent.qqlive/.ona.activity.VideoDetailActivity]
07-27 10:09:47.047 1564 11038 I wm_add_to_stopping: [0,192034560,com.tencent.qqlive/.ona.activity.VideoDetailActivity,makeInvisible]
07-27 10:09:47.055 1564 1680 I input_focus: [Focus request 787c56 com.tencent.mm/com.tencent.mm.plugin.account.ui.MobileInputUI,reason=UpdateInputWindows]
07-27 10:09:47.058 1564 1679 I sysui_multi_action: [757,803,799,window_time_2,802,3]
07-27 10:09:47.060 10448 10448 I wm_on_restart_called: [192034560,com.tencent.qqlive.ona.activity.VideoDetailActivity,performRestartActivity]
07-27 10:09:47.067 10685 10685 I wm_on_resume_called: [59022592,com.tencent.mm.plugin.account.ui.MobileInputUI,RESUME_ACTIVITY]
07-27 10:09:47.068 1564 1853 I input_focus: [Focus entering 787c56 com.tencent.mm/com.tencent.mm.plugin.account.ui.MobileInputUI (server),reason=setFocusedWindow]
07-27 10:09:47.068 10685 10685 I wm_on_top_resumed_gained_called: [59022592,com.tencent.mm.plugin.account.ui.MobileInputUI,topWhenResuming]
07-27 10:09:47.069 10448 10448 I wm_on_start_called: [192034560,com.tencent.qqlive.ona.activity.VideoDetailActivity,handleStartActivity]
07-27 10:09:47.082 10448 10448 I wm_on_resume_called: [192034560,com.tencent.qqlive.ona.activity.VideoDetailActivity,LIFECYCLER_RESUME_ACTIVITY]
07-27 10:09:47.095 10448 10448 I wm_on_paused_called: [192034560,com.tencent.qqlive.ona.activity.VideoDetailActivity,performPause]
07-27 10:09:47.098 1564 1679 I wm_stop_activity: [0,192034560,com.tencent.qqlive/.ona.activity.VideoDetailActivity]
07-27 10:09:47.098 1564 1679 I wm_destroy_activity: [0,90579046,22,com.tencent.mm/.plugin.login_exdevice.ui.LoginAsExDeviceUI,finish-idle]
07-27 10:09:47.098 1564 1679 I sysui_multi_action: [757,803,799,window_time_2,802,0]
07-27 10:09:47.112 10448 10448 I wm_on_resume_called: [192034560,com.tencent.qqlive.ona.activity.VideoDetailActivity,RESUME_ACTIVITY]
07-27 10:09:47.115 10685 10685 I wm_on_stop_called: [90579046,com.tencent.mm.plugin.login_exdevice.ui.LoginAsExDeviceUI,LIFECYCLER_STOP_ACTIVITY]
07-27 10:09:47.116 1564 1958 I sync : [com.tencent.android.qqdownloader.YYBLiveAccountProvider,0,3,24220937]
07-27 10:09:47.125 10685 10685 I wm_on_destroy_called: [90579046,com.tencent.mm.plugin.login_exdevice.ui.LoginAsExDeviceUI,performDestroy]
07-27 10:09:47.131 1564 2757 I wm_pause_activity: [0,192034560,com.tencent.qqlive/.ona.activity.VideoDetailActivity,userLeaving=false,makeInvisible]
07-27 10:09:47.132 1564 2757 I wm_resume_activity: [0,192034560,21,com.tencent.qqlive/.ona.activity.VideoDetailActivity]
07-27 10:09:47.132 1564 2757 I wm_add_to_stopping: [0,192034560,com.tencent.qqlive/.ona.activity.VideoDetailActivity,makeInvisible]
07-27 10:09:47.138 1564 1958 I sync : [com.tencent.android.qqdownloader.YYBLiveAccountProvider,1,3,24220937]
07-27 10:09:47.142 1564 1958 I commit_sys_config_file: [sync-status,552080]
07-27 10:09:47.150 1564 1958 I sync : [com.tencent.android.qqdownloader.YYBLiveAccountProvider,0,3,24220937]
07-27 10:09:47.171 1564 1958 I sync : [com.tencent.android.qqdownloader.YYBLiveAccountProvider,1,3,24220937]
07-27 10:09:47.171 1564 1958 I commit_sys_config_file: [sync-status,552110]
07-27 10:09:47.191 10448 10448 I wm_on_paused_called: [192034560,com.tencent.qqlive.ona.activity.VideoDetailActivity,performPause]
07-27 10:09:47.207 10448 10448 I wm_on_stop_called: [192034560,com.tencent.qqlive.ona.activity.VideoDetailActivity,STOP_ACTIVITY_ITEM]
07-27 10:09:47.212 10448 10448 I wm_on_restart_called: [192034560,com.tencent.qqlive.ona.activity.VideoDetailActivity,performRestartActivity]
07-27 10:09:47.214 10448 10448 I wm_on_start_called: [192034560,com.tencent.qqlive.ona.activity.VideoDetailActivity,handleStartActivity]
07-27 10:09:47.220 10448 10448 I wm_on_resume_called: [192034560,com.tencent.qqlive.ona.activity.VideoDetailActivity,LIFECYCLER_RESUME_ACTIVITY]
07-27 10:09:47.231 10448 10448 I wm_on_paused_called: [192034560,com.tencent.qqlive.ona.activity.VideoDetailActivity,performPause]
07-27 10:09:47.234 1564 1679 I wm_stop_activity: [0,192034560,com.tencent.qqlive/.ona.activity.VideoDetailActivity]
07-27 10:09:47.234 1564 1679 I sysui_multi_action: [757,803,799,window_time_2,802,0]
07-27 10:09:47.284 10448 10448 I wm_on_resume_called: [192034560,com.tencent.qqlive.ona.activity.VideoDetailActivity,RESUME_ACTIVITY]
07-27 10:09:47.666 10448 10448 I wm_on_paused_called: [192034560,com.tencent.qqlive.ona.activity.VideoDetailActivity,performPause]
07-27 10:09:47.741 10448 10448 I wm_on_stop_called: [192034560,com.tencent.qqlive.ona.activity.VideoDetailActivity,STOP_ACTIVITY_ITEM]
07-27 10:09:47.983 1564 1853 I input_interaction: Interaction with: 787c56 com.tencent.mm/com.tencent.mm.plugin.account.ui.MobileInputUI (server), edge-swipe (server), swipe-up (server), PointerEventDispatcher0 (server),
07-27 10:09:48.143 10685 10685 I auditd : type=1400 audit(0.0:14732): avc: denied { read } for comm="Binder:10685_3" name="drivers" dev="proc" ino=4026531852 scontext=u:r:untrusted_app_29:s0:c98,c256,c512,c768 tcontext=u:object_r:proc_tty_drivers:s0 tclass=file permissive=1 app=com.tencent.mm
07-27 10:09:48.143 10685 10685 I auditd : type=1400 audit(0.0:14733): avc: denied { getattr } for comm="Binder:10685_3" path="/proc/tty/drivers" dev="proc" ino=4026531852 scontext=u:r:untrusted_app_29:s0:c98,c256,c512,c768 tcontext=u:object_r:proc_tty_drivers:s0 tclass=file permissive=1 app=com.tencent.mm
07-27 10:09:48.147 1564 1680 I input_focus: [Focus request e3a7a72 com.tencent.mm/com.tencent.mm.plugin.account.ui.MobileInputUI,reason=UpdateInputWindows]
07-27 10:09:48.157 1564 1853 I input_focus: [Focus leaving 787c56 com.tencent.mm/com.tencent.mm.plugin.account.ui.MobileInputUI (server),reason=setFocusedWindow]
07-27 10:09:48.157 1564 1853 I input_focus: [Focus entering e3a7a72 com.tencent.mm/com.tencent.mm.plugin.account.ui.MobileInputUI (server),reason=setFocusedWindow]
07-27 10:09:48.163 10685 10685 I auditd : type=1400 audit(0.0:14734): avc: denied { read } for comm="Binder:10685_3" name="devices" dev="proc" ino=4026532305 scontext=u:r:untrusted_app_29:s0:c98,c256,c512,c768 tcontext=u:object_r:proc:s0 tclass=file permissive=1 app=com.tencent.mm
07-27 10:09:48.163 10685 10685 I auditd : type=1400 audit(0.0:14735): avc: denied { open } for comm="Binder:10685_3" path="/proc/bus/pci/devices" dev="proc" ino=4026532305 scontext=u:r:untrusted_app_29:s0:c98,c256,c512,c768 tcontext=u:object_r:proc:s0 tclass=file permissive=1 app=com.tencent.mm
07-27 10:09:48.163 10685 10685 I auditd : type=1400 audit(0.0:14736): avc: denied { read } for comm="Binder:10685_3" name="interrupts" dev="proc" ino=4026532242 scontext=u:r:untrusted_app_29:s0:c98,c256,c512,c768 tcontext=u:object_r:proc_interrupts:s0 tclass=file permissive=1 app=com.tencent.mm
07-27 10:09:48.198 1564 1564 I notification_enqueue: [10096,10782,com.tencent.android.qqdownloader,127,NULL,0,Notification(channel=channel_id_default_silent shortcut=null contentView=com.tencent.android.qqdownloader/0x7f0a01c2 vibrate=null sound=null defaults=0x0 flags=0x2a2 color=0x00000000 groupKey=com.tencent.android.qqdownloader vis=PRIVATE),1]
07-27 10:09:48.785 1564 9990 I am_proc_died: [0,13515,com.tencent.mm:support,100,3]
07-27 10:09:48.787 1564 9990 I am_schedule_service_restart: [0,com.tencent.mm/.service.ProcessService$SupportProcessService,1000]
07-27 10:09:49.143 1564 1678 I commit_sys_config_file: [jobs,5]
07-27 10:09:49.205 1564 1680 I input_focus: [Focus request 787c56 com.tencent.mm/com.tencent.mm.plugin.account.ui.MobileInputUI,reason=UpdateInputWindows]
07-27 10:09:49.225 1564 1853 I input_focus: [Focus entering 787c56 com.tencent.mm/com.tencent.mm.plugin.account.ui.MobileInputUI (server),reason=setFocusedWindow]
07-27 10:09:49.228 1564 9990 I wm_task_moved: [22,1,8]
07-27 10:09:49.228 1564 9990 I wm_set_resumed_activity: [0,com.tencent.mm/.plugin.account.ui.MobileInputUI,positionChildAt]
07-27 10:09:49.228 1564 9990 I wm_create_activity: [0,124915612,22,com.tencent.mm/.plugin.webview.ui.tools.MMWebViewUI,NULL,NULL,NULL,0]
07-27 10:09:49.230 1564 9990 I wm_pause_activity: [0,59022592,com.tencent.mm/.plugin.account.ui.MobileInputUI,userLeaving=true,resumeTopActivityInnerLocked]
07-27 10:09:49.234 10685 10685 I wm_on_top_resumed_lost_called: [59022592,com.tencent.mm.plugin.account.ui.MobileInputUI,topStateChangedWhenResumed]
07-27 10:09:49.239 10685 10685 I wm_on_paused_called: [59022592,com.tencent.mm.plugin.account.ui.MobileInputUI,performPause]
07-27 10:09:49.241 1564 11038 I wm_restart_activity: [0,124915612,22,com.tencent.mm/.plugin.webview.ui.tools.MMWebViewUI]
07-27 10:09:49.242 1564 11038 I wm_set_resumed_activity: [0,com.tencent.mm/.plugin.webview.ui.tools.MMWebViewUI,minimalResumeActivityLocked]
07-27 10:09:49.243 1564 11038 I wm_pause_activity: [0,192034560,com.tencent.qqlive/.ona.activity.VideoDetailActivity,userLeaving=false,makeInvisible]
07-27 10:09:49.244 1564 11038 I wm_resume_activity: [0,192034560,21,com.tencent.qqlive/.ona.activity.VideoDetailActivity]
07-27 10:09:49.245 1564 11038 I wm_add_to_stopping: [0,192034560,com.tencent.qqlive/.ona.activity.VideoDetailActivity,makeInvisible]
07-27 10:09:49.247 1564 1679 I sysui_multi_action: [757,803,799,window_time_2,802,2]
07-27 10:09:49.258 10448 10448 I wm_on_restart_called: [192034560,com.tencent.qqlive.ona.activity.VideoDetailActivity,performRestartActivity]
07-27 10:09:49.261 10448 10448 I wm_on_start_called: [192034560,com.tencent.qqlive.ona.activity.VideoDetailActivity,handleStartActivity]
07-27 10:09:49.270 10448 10448 I wm_on_resume_called: [192034560,com.tencent.qqlive.ona.activity.VideoDetailActivity,LIFECYCLER_RESUME_ACTIVITY]
07-27 10:09:49.281 10448 10448 I wm_on_paused_called: [192034560,com.tencent.qqlive.ona.activity.VideoDetailActivity,performPause]
07-27 10:09:49.284 1564 1679 I wm_stop_activity: [0,192034560,com.tencent.qqlive/.ona.activity.VideoDetailActivity]
07-27 10:09:49.284 1564 1679 I sysui_multi_action: [757,803,799,window_time_2,802,0]
07-27 10:09:49.291 10448 10448 I wm_on_resume_called: [192034560,com.tencent.qqlive.ona.activity.VideoDetailActivity,RESUME_ACTIVITY]
07-27 10:09:49.335 10448 10448 I wm_on_paused_called: [192034560,com.tencent.qqlive.ona.activity.VideoDetailActivity,performPause]
07-27 10:09:49.351 10685 10685 I auditd : type=1400 audit(0.0:14751): avc: granted { execute } for comm="com.tencent.mm" path="/data/user/0/com.tencent.mm/app_xwalk_5193/extracted_xwalkcore/libxwebcore.so" dev="dm-10" ino=9494 scontext=u:r:untrusted_app_29:s0:c98,c256,c512,c768 tcontext=u:object_r:app_data_file:s0:c98,c256,c512,c768 tclass=file app=com.tencent.mm
07-27 10:09:49.367 10448 10448 I wm_on_stop_called: [192034560,com.tencent.qqlive.ona.activity.VideoDetailActivity,STOP_ACTIVITY_ITEM]
07-27 10:09:49.578 10685 10685 I wm_on_create_called: [124915612,com.tencent.mm.plugin.webview.ui.tools.MMWebViewUI,performCreate]
07-27 10:09:49.581 10685 10685 I wm_on_start_called: [124915612,com.tencent.mm.plugin.webview.ui.tools.MMWebViewUI,handleStartActivity]
07-27 10:09:49.589 10685 10685 I wm_on_resume_called: [124915612,com.tencent.mm.plugin.webview.ui.tools.MMWebViewUI,RESUME_ACTIVITY]
07-27 10:09:49.604 1564 1680 I input_focus: [Focus request eaa12d0 com.tencent.mm/com.tencent.mm.plugin.webview.ui.tools.MMWebViewUI,reason=UpdateInputWindows]
07-27 10:09:49.619 10685 10685 I wm_on_top_resumed_gained_called: [124915612,com.tencent.mm.plugin.webview.ui.tools.MMWebViewUI,topStateChangedWhenResumed]
07-27 10:09:49.621 1564 1676 I wm_activity_launch_time: [0,124915612,com.tencent.mm/.plugin.webview.ui.tools.MMWebViewUI,397]
07-27 10:09:49.619 870 870 I auditd : type=1400 audit(0.0:14752): avc: denied { add_name } for comm="perf@2.2-servic" name="force_rail_on" scontext=u:r:vendor_hal_perf_default:s0 tcontext=u:object_r:vendor_sysfs_kgsl:s0 tclass=dir permissive=1
07-27 10:09:49.619 870 870 I auditd : type=1400 audit(0.0:14753): avc: denied { add_name } for comm="perf@2.2-servic" name="min_freq" scontext=u:r:vendor_hal_perf_default:s0 tcontext=u:object_r:vendor_sysfs_devfreq:s0 tclass=dir permissive=1
07-27 10:09:49.619 870 870 I auditd : type=1400 audit(0.0:14754): avc: denied { add_name } for comm="perf@2.2-servic" name="clkscale_enable" scontext=u:r:vendor_hal_perf_default:s0 tcontext=u:object_r:sysfs:s0 tclass=dir permissive=1
07-27 10:09:49.625 1564 1853 I input_focus: [Focus leaving 787c56 com.tencent.mm/com.tencent.mm.plugin.account.ui.MobileInputUI (server),reason=setFocusedWindow]
07-27 10:09:49.625 1564 1853 I input_focus: [Focus entering eaa12d0 com.tencent.mm/com.tencent.mm.plugin.webview.ui.tools.MMWebViewUI (server),reason=setFocusedWindow]
07-27 10:09:49.634 1564 1695 I am_proc_start: [0,14064,10098,com.tencent.mm:xweb_privileged_process_0,service,{com.tencent.mm/com.tencent.xweb.pinus.sdk.process.PrivilegedProcessService0}]
07-27 10:09:49.664 1564 7811 I am_proc_bound: [0,14064,com.tencent.mm:xweb_privileged_process_0]
07-27 10:09:49.681 1564 9979 I am_uid_running: 99006
07-27 10:09:49.699 1564 1695 I am_proc_start: [0,14082,99006,com.tencent.mm:xweb_sandboxed_process_0:com.tencent.xweb.pinus.sdk.process.SandboxedProcessService0,service,{com.tencent.mm/com.tencent.xweb.pinus.sdk.process.SandboxedProcessService0}]
07-27 10:09:49.714 1564 7811 I am_proc_bound: [0,14082,com.tencent.mm:xweb_sandboxed_process_0:com.tencent.xweb.pinus.sdk.process.SandboxedProcessService0]
07-27 10:09:49.715 1564 7811 I am_uid_active: 99006
07-27 10:09:49.715 14082 14082 I auditd : type=1400 audit(0.0:14755): avc: denied { getattr } for comm="ProcessService0" path="/data/user/0/com.tencent.mm" dev="dm-10" ino=4473 scontext=u:r:isolated_app:s0:c512,c768 tcontext=u:object_r:app_data_file:s0:c98,c256,c512,c768 tclass=dir permissive=1 bug=b/120394782
07-27 10:09:54.865 1564 1894 I netstats_mobile_sample: [0,0,0,0,0,0,0,0,0,0,0,0,1690423791398]
07-27 10:09:54.866 1564 1894 I netstats_wifi_sample: [582499,498,1902541,3309,582499,498,1902541,3309,6238281,5320,1508383,2926,1690423791398]
07-27 10:09:54.863 683 683 I auditd : type=1400 audit(0.0:14757): avc: denied { add_name } for comm="Binder:683_3" name="globalAlert" scontext=u:r:netd:s0 tcontext=u:object_r:proc_net:s0 tclass=dir permissive=1
07-27 10:09:55.051 10448 10448 I auditd : type=1400 audit(0.0:14758): avc: granted { execute } for comm="AdCoreFixedImme" path="/data/data/com.tencent.qqlive/files/tad_cache/mosaic_so/e82211a964927f10ed128b44bf122bbc.so" dev="dm-10" ino=20144 scontext=u:r:untrusted_app:s0:c100,c256,c512,c768 tcontext=u:object_r:app_data_file:s0:c100,c256,c512,c768 tclass=file app=com.tencent.qqlive
07-27 10:09:57.163 1564 1692 I am_pss : [11163,10096,com.tencent.android.qqdownloader,93301760,81911808,0,221196288,0,4,19]
07-27 10:09:57.173 1564 1692 I am_pss : [11170,10096,com.tencent.android.qqdownloader:cloud,26786816,20099072,0,138506240,0,4,9]
07-27 10:09:57.179 1564 1692 I am_pss : [12156,10093,com.android.permissioncontroller,21336064,7991296,10599424,80748544,0,19,6]
07-27 10:09:57.185 1564 1692 I am_pss : [3792,10064,com.qualcomm.qti.devicestatisticsservice,5364736,3579904,0,88461312,0,0,5]
07-27 10:09:57.794 1564 1853 I input_interaction: Interaction with: eaa12d0 com.tencent.mm/com.tencent.mm.plugin.webview.ui.tools.MMWebViewUI (server), edge-swipe (server), swipe-up (server), PointerEventDispatcher0 (server),
07-27 10:09:58.258 1564 1894 I netstats_mobile_sample: [0,0,0,0,0,0,0,0,0,0,0,0,1690423794791]
07-27 10:09:58.258 1564 1894 I netstats_wifi_sample: [582499,498,1908382,3328,582499,498,1908382,3328,6238281,5320,1514224,2945,1690423794791]
07-27 10:09:58.255 683 683 I auditd : type=1400 audit(0.0:14759): avc: denied { add_name } for comm="Binder:683_3" name="globalAlert" scontext=u:r:netd:s0 tcontext=u:object_r:proc_net:s0 tclass=dir permissive=1
07-27 10:09:59.010 1564 1694 I am_uid_running: 10058
07-27 10:09:59.017 1564 1910 I am_uid_running: 10027
07-27 10:09:59.022 1564 1695 I am_proc_start: [0,14206,10058,com.qualcomm.timeservice,broadcast,{com.qualcomm.timeservice/com.qualcomm.timeservice.TimeServiceBroadcastReceiver}]
07-27 10:09:59.029 1564 1695 I am_proc_start: [0,14207,10027,com.android.providers.calendar,content provider,{com.android.providers.calendar/com.android.providers.calendar.CalendarProvider2}]
07-27 10:09:59.038 1564 10185 I am_proc_bound: [0,14206,com.qualcomm.timeservice]
07-27 10:09:59.056 1564 10185 I am_proc_bound: [0,14207,com.android.providers.calendar]
07-27 10:09:59.062 1564 10185 I am_uid_active: 10027
07-27 10:09:59.107 1564 10185 I am_kill : [0,12156,com.android.permissioncontroller,925,empty #2]
07-27 10:09:59.147 1564 7811 I am_proc_died: [0,12156,com.android.permissioncontroller,925,19]
07-27 10:09:59.148 1564 7811 I am_uid_stopped: 10093
07-27 10:09:59.756 1564 1692 I am_pss : [10782,10096,com.tencent.android.qqdownloader:daemon,91490304,57454592,0,266686464,0,4,18]
07-27 10:10:03.623 1564 1894 I netstats_mobile_sample: [0,0,0,0,0,0,0,0,0,0,0,0,1690423800178]
07-27 10:10:03.623 1564 1894 I netstats_wifi_sample: [590053,504,1930001,3371,590053,504,1930001,3371,6318857,5384,1530807,2984,1690423800178]
07-27 10:10:03.623 683 683 I auditd : type=1400 audit(0.0:14760): avc: denied { add_name } for comm="Binder:683_3" name="globalAlert" scontext=u:r:netd:s0 tcontext=u:object_r:proc_net:s0 tclass=dir permissive=1
07-27 10:10:07.124 1564 1894 I netstats_mobile_sample: [0,0,0,0,0,0,0,0,0,0,0,0,1690423803679]
07-27 10:10:07.124 1564 1894 I netstats_wifi_sample: [593830,507,1940833,3393,593830,507,1940833,3393,6359145,5416,1539121,3004,1690423803679]
07-27 10:10:11.671 1564 1894 I netstats_mobile_sample: [0,0,0,0,0,0,0,0,0,0,0,0,1690423808226]
07-27 10:10:11.672 1564 1894 I netstats_wifi_sample: [597607,510,1951800,3418,597607,510,1951800,3418,6399433,5448,1547570,3027,1690423808226]
07-27 10:10:15.769 1564 1894 I netstats_mobile_sample: [0,0,0,0,0,0,0,0,0,0,0,0,1690423812324]
07-27 10:10:15.769 1564 1894 I netstats_wifi_sample: [601384,513,1968248,3454,601384,513,1968248,3454,6439721,5480,1561500,3061,1690423812324]
07-27 10:10:19.708 1564 1894 I netstats_mobile_sample: [0,0,0,0,0,0,0,0,0,0,0,0,1690423816262]
07-27 10:10:19.708 1564 1894 I netstats_wifi_sample: [605161,516,1979170,3478,605161,516,1979170,3478,6480009,5512,1569904,3083,1690423816262]
07-27 10:10:22.119 1564 1958 I sync : [com.tencent.android.qqdownloader.YYBLiveAccountProvider,0,3,24220937]
07-27 10:10:22.141 1564 1958 I sync : [com.tencent.android.qqdownloader.YYBLiveAccountProvider,1,3,24220937]
07-27 10:10:22.144 1564 1958 I commit_sys_config_file: [sync-status,587105]
07-27 10:10:22.145 1564 1692 I am_pss : [10448,10100,com.tencent.qqlive,278427648,203464704,0,553410560,0,10,33]
07-27 10:10:22.151 1564 1958 I sync : [com.tencent.android.qqdownloader.YYBLiveAccountProvider,0,3,24220937]
07-27 10:10:22.163 1564 1692 I am_pss : [10549,10100,com.tencent.qqlive:cache,97441792,58359808,0,292163584,0,10,15]
07-27 10:10:22.176 1564 1692 I am_pss : [10559,10100,com.tencent.qqlive:services,65944576,30851072,0,255033344,0,10,12]
07-27 10:10:22.179 1564 1958 I sync : [com.tencent.android.qqdownloader.YYBLiveAccountProvider,1,3,24220937]
07-27 10:10:22.183 1564 1692 I am_pss : [12830,99005,com.android.webview:sandboxed_process0:org.chromium.content.app.SandboxedProcessService0:0,37298176,13602816,0,116273152,0,4,8]
07-27 10:10:22.185 1564 1958 I commit_sys_config_file: [sync-status,587146]
07-27 10:10:22.191 1564 1692 I am_pss : [2597,10095,android.ext.services,12821504,10616832,0,103800832,0,5,6]
07-27 10:10:23.555 683 683 I auditd : type=1400 audit(0.0:14761): avc: denied { add_name } for comm="Binder:683_3" name="globalAlert" scontext=u:r:netd:s0 tcontext=u:object_r:proc_net:s0 tclass=dir permissive=1
07-27 10:10:23.555 1564 1894 I netstats_mobile_sample: [0,0,0,0,0,0,0,0,0,0,0,0,1690423820110]
07-27 10:10:23.556 1564 1894 I netstats_wifi_sample: [608938,519,1990047,3501,608938,519,1990047,3501,6520297,5544,1578263,3104,1690423820110]
07-27 10:10:24.150 1564 1678 I commit_sys_config_file: [jobs,6]
07-27 10:10:27.405 1564 1894 I netstats_mobile_sample: [0,0,0,0,0,0,0,0,0,0,0,0,1690423823960]
07-27 10:10:27.405 1564 1894 I netstats_wifi_sample: [612715,522,2006495,3537,612715,522,2006495,3537,6560585,5576,1592193,3138,1690423823960]
07-27 10:10:32.244 1564 1894 I netstats_mobile_sample: [0,0,0,0,0,0,0,0,0,0,0,0,1690423828799]
07-27 10:10:32.245 1564 1894 I netstats_wifi_sample: [616492,525,2017462,3562,616492,525,2017462,3562,6600873,5608,1600642,3161,1690423828799]
07-27 10:10:37.345 1564 1894 I netstats_mobile_sample: [0,0,0,0,0,0,0,0,0,0,0,0,1690423833900]
07-27 10:10:37.345 1564 1894 I netstats_wifi_sample: [620269,528,2034000,3600,620269,528,2034000,3600,6641161,5640,1614662,3197,1690423833900]
07-27 10:10:39.384 1564 10185 I netstats_mobile_sample: [0,0,0,0,0,0,0,0,0,0,0,0,1690423835939]
07-27 10:10:39.384 1564 10185 I netstats_wifi_sample: [624046,531,2044742,3620,624046,531,2044742,3620,6681449,5672,1622886,3215,1690423835939]
07-27 10:10:39.389 1564 7811 I wm_finish_activity: [0,124915612,22,com.tencent.mm/.plugin.webview.ui.tools.MMWebViewUI,app-request]
07-27 10:10:39.397 1564 7811 I wm_pause_activity: [0,124915612,com.tencent.mm/.plugin.webview.ui.tools.MMWebViewUI,userLeaving=false,finish]
07-27 10:10:39.405 10685 10685 I wm_on_top_resumed_lost_called: [124915612,com.tencent.mm.plugin.webview.ui.tools.MMWebViewUI,topStateChangedWhenResumed]
07-27 10:10:39.417 10685 10685 I wm_on_paused_called: [124915612,com.tencent.mm.plugin.webview.ui.tools.MMWebViewUI,performPause]
07-27 10:10:39.419 1564 7811 I wm_set_resumed_activity: [0,com.tencent.mm/.plugin.account.ui.MobileInputUI,resumeTopActivityInnerLocked]
07-27 10:10:39.420 1564 7811 I wm_resume_activity: [0,59022592,22,com.tencent.mm/.plugin.account.ui.MobileInputUI]
07-27 10:10:39.421 1564 7811 I wm_pause_activity: [0,192034560,com.tencent.qqlive/.ona.activity.VideoDetailActivity,userLeaving=false,makeInvisible]
07-27 10:10:39.422 1564 1853 I input_focus: [Focus leaving eaa12d0 com.tencent.mm/com.tencent.mm.plugin.webview.ui.tools.MMWebViewUI (server),reason=NO_WINDOW]
07-27 10:10:39.422 1564 7811 I wm_resume_activity: [0,192034560,21,com.tencent.qqlive/.ona.activity.VideoDetailActivity]
07-27 10:10:39.423 1564 7811 I wm_add_to_stopping: [0,192034560,com.tencent.qqlive/.ona.activity.VideoDetailActivity,makeInvisible]
07-27 10:10:39.430 1564 1680 I input_focus: [Focus request 787c56 com.tencent.mm/com.tencent.mm.plugin.account.ui.MobileInputUI,reason=UpdateInputWindows]
07-27 10:10:39.430 10448 10448 I wm_on_restart_called: [192034560,com.tencent.qqlive.ona.activity.VideoDetailActivity,performRestartActivity]
07-27 10:10:39.435 1564 1679 I sysui_multi_action: [757,803,799,window_time_2,802,50]
07-27 10:10:39.440 1564 1853 I input_focus: [Focus entering 787c56 com.tencent.mm/com.tencent.mm.plugin.account.ui.MobileInputUI (server),reason=setFocusedWindow]
07-27 10:10:39.446 1564 1692 I am_pss : [10685,10098,com.tencent.mm,297440256,224964608,0,531492864,0,2,20]
07-27 10:10:39.447 10448 10448 I wm_on_start_called: [192034560,com.tencent.qqlive.ona.activity.VideoDetailActivity,handleStartActivity]
07-27 10:10:39.459 1564 1692 I am_pss : [3646,10039,com.baidu.input_hryt,97647616,83152896,0,254545920,0,7,11]
07-27 10:10:39.466 10448 10448 I wm_on_resume_called: [192034560,com.tencent.qqlive.ona.activity.VideoDetailActivity,LIFECYCLER_RESUME_ACTIVITY]
07-27 10:10:39.466 10685 10685 I wm_on_activity_result_called: [59022592,com.tencent.mm.plugin.account.ui.MobileInputUI,ACTIVITY_RESULT]
07-27 10:10:39.468 1564 1692 I am_pss : [1961,1002,com.android.bluetooth,31372288,27615232,0,138211328,0,0,8]
07-27 10:10:39.475 1564 1692 I am_pss : [3350,10073,com.qualcomm.location.XT,6380544,4460544,0,92884992,0,6,5]
07-27 10:10:39.476 10685 10685 I wm_on_resume_called: [59022592,com.tencent.mm.plugin.account.ui.MobileInputUI,RESUME_ACTIVITY]
07-27 10:10:39.477 10685 10685 I wm_on_top_resumed_gained_called: [59022592,com.tencent.mm.plugin.account.ui.MobileInputUI,topWhenResuming]
07-27 10:10:39.481 1564 1692 I am_pss : [2319,1001,.dataservices,8170496,6324224,0,94081024,0,0,5]
07-27 10:10:39.481 10448 10448 I wm_on_paused_called: [192034560,com.tencent.qqlive.ona.activity.VideoDetailActivity,performPause]
07-27 10:10:39.486 1564 1679 I wm_stop_activity: [0,192034560,com.tencent.qqlive/.ona.activity.VideoDetailActivity]
07-27 10:10:39.486 1564 1679 I wm_destroy_activity: [0,124915612,22,com.tencent.mm/.plugin.webview.ui.tools.MMWebViewUI,finish-idle]
07-27 10:10:39.488 1564 1692 I am_pss : [2193,1073,com.android.networkstack.process,15648768,13271040,0,109481984,0,0,6]
07-27 10:10:39.489 1564 1679 I sysui_multi_action: [757,803,799,window_time_2,802,0]
07-27 10:10:39.492 1564 1679 I am_kill : [0,14206,com.qualcomm.timeservice,915,empty #2]
07-27 10:10:39.495 1564 1680 I input_focus: [Focus request bf1566c com.tencent.mm/com.tencent.mm.plugin.account.ui.MobileInputUI,reason=UpdateInputWindows]
07-27 10:10:39.508 10685 10685 I wm_on_stop_called: [124915612,com.tencent.mm.plugin.webview.ui.tools.MMWebViewUI,LIFECYCLER_STOP_ACTIVITY]
07-27 10:10:39.509 10448 10448 I wm_on_resume_called: [192034560,com.tencent.qqlive.ona.activity.VideoDetailActivity,RESUME_ACTIVITY]
07-27 10:10:39.510 1564 1692 I am_pss : [1564,1000,system,222072832,137003008,0,541151232,0,0,19]
07-27 10:10:39.522 1564 1853 I input_focus: [Focus leaving 787c56 com.tencent.mm/com.tencent.mm.plugin.account.ui.MobileInputUI (server),reason=setFocusedWindow]
07-27 10:10:39.522 1564 1853 I input_focus: [Focus entering bf1566c com.tencent.mm/com.tencent.mm.plugin.account.ui.MobileInputUI (server),reason=setFocusedWindow]
07-27 10:10:39.519 10685 10685 I auditd : type=1400 audit(0.0:14762): avc: denied { read } for comm="Binder:10685_4" name="devices" dev="proc" ino=4026532305 scontext=u:r:untrusted_app_29:s0:c98,c256,c512,c768 tcontext=u:object_r:proc:s0 tclass=file permissive=1 app=com.tencent.mm
07-27 10:10:39.519 10685 10685 I auditd : type=1400 audit(0.0:14763): avc: denied { open } for comm="Binder:10685_4" path="/proc/bus/pci/devices" dev="proc" ino=4026532305 scontext=u:r:untrusted_app_29:s0:c98,c256,c512,c768 tcontext=u:object_r:proc:s0 tclass=file permissive=1 app=com.tencent.mm
07-27 10:10:39.519 10685 10685 I auditd : type=1400 audit(0.0:14764): avc: denied { read } for comm="Binder:10685_4" name="interrupts" dev="proc" ino=4026532242 scontext=u:r:untrusted_app_29:s0:c98,c256,c512,c768 tcontext=u:object_r:proc_interrupts:s0 tclass=file permissive=1 app=com.tencent.mm
07-27 10:10:39.519 10685 10685 I auditd : type=1400 audit(0.0:14765): avc: denied { open } for comm="Binder:10685_4" path="/proc/interrupts" dev="proc" ino=4026532242 scontext=u:r:untrusted_app_29:s0:c98,c256,c512,c768 tcontext=u:object_r:proc_interrupts:s0 tclass=file permissive=1 app=com.tencent.mm
07-27 10:10:39.519 10685 10685 I auditd : type=1400 audit(0.0:14766): avc: denied { read } for comm="Binder:10685_4" name="diskstats" dev="proc" ino=4026532302 scontext=u:r:untrusted_app_29:s0:c98,c256,c512,c768 tcontext=u:object_r:proc_diskstats:s0 tclass=file permissive=1 app=com.tencent.mm
07-27 10:10:39.525 1564 1692 I am_pss : [14082,99006,com.tencent.mm:xweb_sandboxed_process_0:com.tencent.xweb.pinus.sdk.process.SandboxedProcessService0,211353600,193048576,0,359346176,0,3,11]
07-27 10:10:39.539 1564 1692 I am_pss : [14064,10098,com.tencent.mm:xweb_privileged_process_0,69722112,30732288,0,241348608,0,3,10]
07-27 10:10:39.544 10685 10685 I wm_on_destroy_called: [124915612,com.tencent.mm.plugin.webview.ui.tools.MMWebViewUI,performDestroy]
07-27 10:10:39.550 1564 9979 I wm_pause_activity: [0,192034560,com.tencent.qqlive/.ona.activity.VideoDetailActivity,userLeaving=false,makeInvisible]
07-27 10:10:39.552 1564 9979 I wm_resume_activity: [0,192034560,21,com.tencent.qqlive/.ona.activity.VideoDetailActivity]
07-27 10:10:39.552 1564 9979 I wm_add_to_stopping: [0,192034560,com.tencent.qqlive/.ona.activity.VideoDetailActivity,makeInvisible]
07-27 10:10:39.557 1564 1692 I am_pss : [14207,10027,com.android.providers.calendar,7122944,5009408,0,96473088,0,19,5]
07-27 10:10:39.568 1564 9979 I am_kill : [0,14082,com.tencent.mm:xweb_sandboxed_process_0:com.tencent.xweb.pinus.sdk.process.SandboxedProcessService0,0,isolated not needed]
07-27 10:10:39.596 1564 9990 I am_proc_died: [0,14206,com.qualcomm.timeservice,915,19]
07-27 10:10:39.597 1564 9990 I am_uid_stopped: 10058
07-27 10:10:39.612 1564 9990 I am_proc_died: [0,14082,com.tencent.mm:xweb_sandboxed_process_0:com.tencent.xweb.pinus.sdk.process.SandboxedProcessService0,0,10]
07-27 10:10:39.612 1564 9990 I am_uid_stopped: 99006
07-27 10:10:39.638 10448 10448 I wm_on_paused_called: [192034560,com.tencent.qqlive.ona.activity.VideoDetailActivity,performPause]
07-27 10:10:39.806 1564 7811 I service_manager_stats: [100,65,60712]
07-27 10:10:39.806 10448 10448 I wm_on_stop_called: [192034560,com.tencent.qqlive.ona.activity.VideoDetailActivity,STOP_ACTIVITY_ITEM]
07-27 10:10:39.823 10448 10448 I wm_on_restart_called: [192034560,com.tencent.qqlive.ona.activity.VideoDetailActivity,performRestartActivity]
07-27 10:10:39.829 10448 10448 I wm_on_start_called: [192034560,com.tencent.qqlive.ona.activity.VideoDetailActivity,handleStartActivity]
07-27 10:10:39.839 10448 10448 I wm_on_resume_called: [192034560,com.tencent.qqlive.ona.activity.VideoDetailActivity,LIFECYCLER_RESUME_ACTIVITY]
07-27 10:10:39.857 10448 10448 I wm_on_paused_called: [192034560,com.tencent.qqlive.ona.activity.VideoDetailActivity,performPause]
07-27 10:10:39.860 1564 1679 I wm_stop_activity: [0,192034560,com.tencent.qqlive/.ona.activity.VideoDetailActivity]
07-27 10:10:39.862 1564 1679 I sysui_multi_action: [757,803,799,window_time_2,802,0]
07-27 10:10:39.871 10448 10448 I wm_on_resume_called: [192034560,com.tencent.qqlive.ona.activity.VideoDetailActivity,RESUME_ACTIVITY]
07-27 10:10:39.943 10448 10448 I wm_on_paused_called: [192034560,com.tencent.qqlive.ona.activity.VideoDetailActivity,performPause]
07-27 10:10:39.981 10448 10448 I wm_on_stop_called: [192034560,com.tencent.qqlive.ona.activity.VideoDetailActivity,STOP_ACTIVITY_ITEM]
07-27 10:10:41.597 1564 1678 I commit_sys_config_file: [notification-policy,649345]
07-27 10:10:42.087 1564 1853 I input_interaction: Interaction with: bf1566c com.tencent.mm/com.tencent.mm.plugin.account.ui.MobileInputUI (server), edge-swipe (server), swipe-up (server), PointerEventDispatcher0 (server),
07-27 10:10:42.203 870 870 I auditd : type=1400 audit(0.0:14782): avc: denied { add_name } for comm="perf@2.2-servic" name="cpu_min_freq" scontext=u:r:vendor_hal_perf_default:s0 tcontext=u:object_r:vendor_sysfs_msm_perf:s0 tclass=dir permissive=1
07-27 10:10:42.503 11720 11720 I auditd : type=1400 audit(0.0:14783): avc: granted { nlmsg_readpriv } for comm="mars::13417" scontext=u:r:untrusted_app_29:s0:c98,c256,c512,c768 tcontext=u:r:untrusted_app_29:s0:c98,c256,c512,c768 tclass=netlink_route_socket app=com.tencent.mm
07-27 10:10:42.503 11720 11720 I auditd : type=1400 audit(0.0:14784): avc: granted { nlmsg_readpriv } for comm="mars::13417" scontext=u:r:untrusted_app_29:s0:c98,c256,c512,c768 tcontext=u:r:untrusted_app_29:s0:c98,c256,c512,c768 tclass=netlink_route_socket app=com.tencent.mm
07-27 10:10:42.519 14576 14576 I auditd : type=1400 audit(0.0:14785): avc: granted { bind } for comm="ip" scontext=u:r:untrusted_app_29:s0:c98,c256,c512,c768 tcontext=u:r:untrusted_app_29:s0:c98,c256,c512,c768 tclass=netlink_route_socket app=com.tencent.mm
07-27 10:10:42.539 11720 11720 I auditd : type=1400 audit(0.0:14786): avc: granted { nlmsg_readpriv } for comm="mars::14577" scontext=u:r:untrusted_app_29:s0:c98,c256,c512,c768 tcontext=u:r:untrusted_app_29:s0:c98,c256,c512,c768 tclass=netlink_route_socket app=com.tencent.mm
07-27 10:10:42.558 1564 1680 I input_focus: [Focus request 787c56 com.tencent.mm/com.tencent.mm.plugin.account.ui.MobileInputUI,reason=UpdateInputWindows]
07-27 10:10:42.558 1564 1853 I input_interaction: Interaction with: edge-swipe (server), swipe-up (server), PointerEventDispatcher0 (server),
07-27 10:10:42.570 1564 10185 I wm_finish_activity: [0,59022592,22,com.tencent.mm/.plugin.account.ui.MobileInputUI,clear-task-stack]
07-27 10:10:42.579 1564 10185 I wm_pause_activity: [0,59022592,com.tencent.mm/.plugin.account.ui.MobileInputUI,userLeaving=false,finish]
07-27 10:10:42.579 1564 10185 I wm_finish_activity: [0,128268649,22,com.tencent.mm/.plugin.account.ui.MobileInputUI,clear-task-stack]
07-27 10:10:42.580 1564 10185 I wm_destroy_activity: [0,128268649,22,com.tencent.mm/.plugin.account.ui.MobileInputUI,finish-imm:finishIfPossible]
07-27 10:10:42.581 1564 10185 I wm_finish_activity: [0,202534709,22,com.tencent.mm/.plugin.account.ui.LoginPasswordUI,clear-task-stack]
07-27 10:10:42.582 1564 10185 I wm_destroy_activity: [0,202534709,22,com.tencent.mm/.plugin.account.ui.LoginPasswordUI,finish-imm:finishIfPossible]
07-27 10:10:42.582 1564 10185 I wm_new_intent: [0,198132555,22,com.tencent.mm/.ui.LauncherUI,android.intent.action.MAIN,NULL,NULL,270532608]
07-27 10:10:42.583 1564 10185 I wm_task_moved: [22,1,8]
07-27 10:10:42.586 1564 1853 I input_focus: [Focus entering 787c56 com.tencent.mm/com.tencent.mm.plugin.account.ui.MobileInputUI (server),reason=setFocusedWindow]
07-27 10:10:42.594 10685 10685 I wm_on_top_resumed_lost_called: [59022592,com.tencent.mm.plugin.account.ui.MobileInputUI,topStateChangedWhenResumed]
07-27 10:10:42.596 1564 1853 I input_focus: [Focus leaving 787c56 com.tencent.mm/com.tencent.mm.plugin.account.ui.MobileInputUI (server),reason=NO_WINDOW]
07-27 10:10:42.601 1564 1695 I am_proc_start: [0,14587,10098,com.tencent.mm:hotpot..,service,{com.tencent.mm/com.tencent.mm.plugin.normsg.NormsgDataService}]
07-27 10:10:42.605 10685 10685 I wm_on_paused_called: [59022592,com.tencent.mm.plugin.account.ui.MobileInputUI,performPause]
07-27 10:10:42.607 1564 9990 I wm_set_resumed_activity: [0,com.tencent.mm/.ui.LauncherUI,resumeTopActivityInnerLocked]
07-27 10:10:42.608 1564 9990 I wm_resume_activity: [0,198132555,22,com.tencent.mm/.ui.LauncherUI]
07-27 10:10:42.609 1564 9990 I wm_pause_activity: [0,192034560,com.tencent.qqlive/.ona.activity.VideoDetailActivity,userLeaving=false,makeInvisible]
07-27 10:10:42.610 1564 9990 I wm_resume_activity: [0,192034560,21,com.tencent.qqlive/.ona.activity.VideoDetailActivity]
07-27 10:10:42.611 1564 9990 I wm_add_to_stopping: [0,192034560,com.tencent.qqlive/.ona.activity.VideoDetailActivity,makeInvisible]
07-27 10:10:42.617 1564 1680 I input_focus: [Focus request dc16576 com.tencent.mm/com.tencent.mm.plugin.account.ui.MobileInputUI,reason=UpdateInputWindows]
07-27 10:10:42.620 10685 10685 I wm_on_stop_called: [128268649,com.tencent.mm.plugin.account.ui.MobileInputUI,LIFECYCLER_STOP_ACTIVITY]
07-27 10:10:42.624 1564 7811 I am_proc_bound: [0,14587,com.tencent.mm:hotpot..]
07-27 10:10:42.629 1564 1679 I sysui_multi_action: [757,803,799,window_time_2,802,3]
07-27 10:10:42.630 10448 10448 I wm_on_restart_called: [192034560,com.tencent.qqlive.ona.activity.VideoDetailActivity,performRestartActivity]
07-27 10:10:42.638 10685 10685 I wm_on_destroy_called: [128268649,com.tencent.mm.plugin.account.ui.MobileInputUI,performDestroy]
07-27 10:10:42.646 1564 1853 I input_focus: [Focus entering dc16576 com.tencent.mm/com.tencent.mm.plugin.account.ui.MobileInputUI (server),reason=setFocusedWindow]
07-27 10:10:42.649 1564 1680 I input_focus: [Focus request 3ddb670 com.tencent.mm/com.tencent.mm.plugin.account.ui.LoginPasswordUI,reason=UpdateInputWindows]
07-27 10:10:42.651 10685 10685 I wm_on_stop_called: [202534709,com.tencent.mm.plugin.account.ui.LoginPasswordUI,LIFECYCLER_STOP_ACTIVITY]
07-27 10:10:42.651 10448 10448 I wm_on_start_called: [192034560,com.tencent.qqlive.ona.activity.VideoDetailActivity,handleStartActivity]
07-27 10:10:42.653 1564 1679 I wm_destroy_activity: [0,59022592,22,com.tencent.mm/.plugin.account.ui.MobileInputUI,finish-transit]
07-27 10:10:42.663 10685 10685 I wm_on_destroy_called: [202534709,com.tencent.mm.plugin.account.ui.LoginPasswordUI,performDestroy]
07-27 10:10:42.663 1564 1853 I input_focus: [Focus entering 3ddb670 com.tencent.mm/com.tencent.mm.plugin.account.ui.LoginPasswordUI (server),reason=setFocusedWindow]
07-27 10:10:42.670 10448 10448 I wm_on_resume_called: [192034560,com.tencent.qqlive.ona.activity.VideoDetailActivity,LIFECYCLER_RESUME_ACTIVITY]
07-27 10:10:42.673 1564 1680 I input_focus: [Focus request 4aafe96 com.tencent.mm/com.tencent.mm.ui.LauncherUI,reason=UpdateInputWindows]
07-27 10:10:42.678 1564 1692 I am_pss : [2647,10078,com.android.launcher3,98050048,89186304,0,229036032,0,2,9]
07-27 10:10:42.680 1564 1853 I input_focus: [Focus entering 4aafe96 com.tencent.mm/com.tencent.mm.ui.LauncherUI (server),reason=setFocusedWindow]
07-27 10:10:42.686 10448 10448 I wm_on_paused_called: [192034560,com.tencent.qqlive.ona.activity.VideoDetailActivity,performPause]
07-27 10:10:42.689 1564 1679 I wm_stop_activity: [0,192034560,com.tencent.qqlive/.ona.activity.VideoDetailActivity]
07-27 10:10:42.689 1564 1679 I sysui_multi_action: [757,803,799,window_time_2,802,0]
07-27 10:10:42.715 10448 10448 I wm_on_resume_called: [192034560,com.tencent.qqlive.ona.activity.VideoDetailActivity,RESUME_ACTIVITY]
07-27 10:10:42.850 10448 10448 I wm_on_paused_called: [192034560,com.tencent.qqlive.ona.activity.VideoDetailActivity,performPause]
07-27 10:10:42.898 10685 10685 I wm_on_resume_called: [198132555,com.tencent.mm.ui.LauncherUI,RESUME_ACTIVITY]
07-27 10:10:42.900 10685 10685 I wm_on_top_resumed_gained_called: [198132555,com.tencent.mm.ui.LauncherUI,topWhenResuming]
07-27 10:10:42.909 10685 10685 I wm_on_stop_called: [59022592,com.tencent.mm.plugin.account.ui.MobileInputUI,LIFECYCLER_STOP_ACTIVITY]
07-27 10:10:42.925 10685 10685 I wm_on_destroy_called: [59022592,com.tencent.mm.plugin.account.ui.MobileInputUI,performDestroy]
07-27 10:10:42.933 1564 7811 I am_kill : [0,14207,com.android.providers.calendar,905,empty #2]
07-27 10:10:42.939 1564 2014 I wm_pause_activity: [0,192034560,com.tencent.qqlive/.ona.activity.VideoDetailActivity,userLeaving=false,makeInvisible]
07-27 10:10:42.940 1564 2014 I wm_resume_activity: [0,192034560,21,com.tencent.qqlive/.ona.activity.VideoDetailActivity]
07-27 10:10:42.941 1564 2014 I wm_add_to_stopping: [0,192034560,com.tencent.qqlive/.ona.activity.VideoDetailActivity,makeInvisible]
07-27 10:10:42.970 10448 10448 I wm_on_stop_called: [192034560,com.tencent.qqlive.ona.activity.VideoDetailActivity,STOP_ACTIVITY_ITEM]
07-27 10:10:42.975 514 514 I auditd : avc: denied { find } for pid=10685 uid=10098 name=android.hardware.light.ILights/default scontext=u:r:untrusted_app_29:s0:c98,c256,c512,c768 tcontext=u:object_r:hal_light_service:s0 tclass=service_manager permissive=1
07-27 10:10:42.976 514 514 I auditd : avc: denied { find } for pid=10685 uid=10098 name=android.hardware.power.IPower/default scontext=u:r:untrusted_app_29:s0:c98,c256,c512,c768 tcontext=u:object_r:hal_power_service:s0 tclass=service_manager permissive=1
07-27 10:10:42.977 514 514 I auditd : avc: denied { find } for pid=10685 uid=10098 name=android.hardware.vibrator.IVibrator/default scontext=u:r:untrusted_app_29:s0:c98,c256,c512,c768 tcontext=u:object_r:hal_vibrator_service:s0 tclass=service_manager permissive=1
07-27 10:10:42.979 514 514 I auditd : avc: denied { find } for pid=10685 uid=10098 name=android.os.UpdateEngineStableService scontext=u:r:untrusted_app_29:s0:c98,c256,c512,c768 tcontext=u:object_r:update_engine_stable_service:s0 tclass=service_manager permissive=1
07-27 10:10:42.984 514 514 I auditd : avc: denied { find } for pid=10685 uid=10098 name=android.security.authorization scontext=u:r:untrusted_app_29:s0:c98,c256,c512,c768 tcontext=u:object_r:authorization_service:s0 tclass=service_manager permissive=1
07-27 10:10:42.984 514 514 I auditd : avc: denied { find } for pid=10685 uid=10098 name=android.security.compat scontext=u:r:untrusted_app_29:s0:c98,c256,c512,c768 tcontext=u:object_r:keystore_compat_hal_service:s0 tclass=service_manager permissive=1
07-27 10:10:42.992 10448 10448 I wm_on_restart_called: [192034560,com.tencent.qqlive.ona.activity.VideoDetailActivity,performRestartActivity]
07-27 10:10:42.995 514 514 I auditd : avc: denied { find } for pid=10685 uid=10098 name=android.security.metrics scontext=u:r:untrusted_app_29:s0:c98,c256,c512,c768 tcontext=u:object_r:keystore_metrics_service:s0 tclass=service_manager permissive=1
07-27 10:10:43.001 10448 10448 I wm_on_start_called: [192034560,com.tencent.qqlive.ona.activity.VideoDetailActivity,handleStartActivity]
07-27 10:10:43.013 514 514 I auditd : avc: denied { find } for pid=10685 uid=10098 name=app_hibernation scontext=u:r:untrusted_app_29:s0:c98,c256,c512,c768 tcontext=u:object_r:app_hibernation_service:s0 tclass=service_manager permissive=1
07-27 10:10:43.015 10448 10448 I wm_on_resume_called: [192034560,com.tencent.qqlive.ona.activity.VideoDetailActivity,LIFECYCLER_RESUME_ACTIVITY]
07-27 10:10:43.016 1564 1894 I netstats_mobile_sample: [0,0,0,0,0,0,0,0,0,0,0,0,1690423839571]
07-27 10:10:43.017 1564 1894 I netstats_wifi_sample: [627823,534,2055664,3644,627823,534,2055664,3644,6721737,5704,1631290,3237,1690423839571]
07-27 10:10:43.029 10448 10448 I wm_on_paused_called: [192034560,com.tencent.qqlive.ona.activity.VideoDetailActivity,performPause]
07-27 10:10:43.032 1564 1679 I wm_stop_activity: [0,192034560,com.tencent.qqlive/.ona.activity.VideoDetailActivity]
07-27 10:10:43.032 1564 1679 I sysui_multi_action: [757,803,799,window_time_2,802,1]
07-27 10:10:43.040 10448 10448 I wm_on_resume_called: [192034560,com.tencent.qqlive.ona.activity.VideoDetailActivity,RESUME_ACTIVITY]
07-27 10:10:43.059 1564 7811 I am_proc_died: [0,14207,com.android.providers.calendar,905,19]
07-27 10:10:43.060 1564 7811 I am_uid_stopped: 10027
07-27 10:10:43.063 514 514 I auditd : avc: denied { find } for pid=10685 uid=10098 name=cacheinfo scontext=u:r:untrusted_app_29:s0:c98,c256,c512,c768 tcontext=u:object_r:cacheinfo_service:s0 tclass=service_manager permissive=1
07-27 10:10:43.073 514 514 I auditd : avc: denied { find } for pid=10685 uid=10098 name=com.thundercomm.gamemode.perfservice scontext=u:r:untrusted_app_29:s0:c98,c256,c512,c768 tcontext=u:object_r:boostperf_service:s0 tclass=service_manager permissive=1
07-27 10:10:43.074 514 514 I auditd : avc: denied { find } for pid=10685 uid=10098 name=com.thundercomm.microservice scontext=u:r:untrusted_app_29:s0:c98,c256,c512,c768 tcontext=u:object_r:micro_service:s0 tclass=service_manager permissive=1
07-27 10:10:43.074 514 514 I auditd : avc: denied { find } for pid=10685 uid=10098 name=com.thundercomm.tcservice scontext=u:r:untrusted_app_29:s0:c98,c256,c512,c768 tcontext=u:object_r:tc_service:s0 tclass=service_manager permissive=1
07-27 10:10:43.075 514 514 I auditd : avc: denied { find } for pid=10685 uid=10098 name=com.thundercomm.tcservice.uartservice scontext=u:r:untrusted_app_29:s0:c98,c256,c512,c768 tcontext=u:object_r:tc_uart_service:s0 tclass=service_manager permissive=1
07-27 10:10:43.106 514 514 I auditd : avc: denied { find } for pid=10685 uid=10098 name=dnsresolver scontext=u:r:untrusted_app_29:s0:c98,c256,c512,c768 tcontext=u:object_r:dnsresolver_service:s0 tclass=service_manager permissive=1
07-27 10:10:43.108 514 514 I auditd : avc: denied { find } for pid=10685 uid=10098 name=dpmservice scontext=u:r:untrusted_app_29:s0:c98,c256,c512,c768 tcontext=u:object_r:vendor_dpmservice:s0 tclass=service_manager permissive=1
07-27 10:10:43.112 514 514 I auditd : avc: denied { find } for pid=10685 uid=10098 name=dynamic_system scontext=u:r:untrusted_app_29:s0:c98,c256,c512,c768 tcontext=u:object_r:dynamic_system_service:s0 tclass=service_manager permissive=1
07-27 10:10:43.130 514 514 I auditd : avc: denied { find } for pid=10685 uid=10098 name=incident scontext=u:r:untrusted_app_29:s0:c98,c256,c512,c768 tcontext=u:object_r:incident_service:s0 tclass=service_manager permissive=1
07-27 10:10:43.131 10448 10448 I wm_on_paused_called: [192034560,com.tencent.qqlive.ona.activity.VideoDetailActivity,performPause]
07-27 10:10:43.137 514 514 I auditd : avc: denied { find } for pid=10685 uid=10098 name=incidentcompanion scontext=u:r:untrusted_app_29:s0:c98,c256,c512,c768 tcontext=u:object_r:incidentcompanion_service:s0 tclass=service_manager permissive=1
07-27 10:10:43.146 514 514 I auditd : avc: denied { find } for pid=10685 uid=10098 name=installd scontext=u:r:untrusted_app_29:s0:c98,c256,c512,c768 tcontext=u:object_r:installd_service:s0 tclass=service_manager permissive=1
07-27 10:10:43.147 514 514 I auditd : avc: denied { find } for pid=10685 uid=10098 name=iorapd scontext=u:r:untrusted_app_29:s0:c98,c256,c512,c768 tcontext=u:object_r:iorapd_service:s0 tclass=service_manager permissive=1
07-27 10:10:43.157 514 514 I auditd : avc: denied { find } for pid=10685 uid=10098 name=location_time_zone_manager scontext=u:r:untrusted_app_29:s0:c98,c256,c512,c768 tcontext=u:object_r:location_time_zone_manager_service:s0 tclass=service_manager permissive=1
