07-27 10:12:56.580 1564 3234 D PowerManagerService: updateUserActivitySummaryLocked: groupId=0, mWakefulness=Awake, mUserActivitySummary=0x1, nextTimeout=856889 (in 55276 ms)
07-27 10:12:56.580 1564 3234 D PowerManagerNotifier: onScreenPolicyUpdate: newPolicy=3
07-27 10:12:56.580 1564 3234 D PowerManagerService: updateDisplayPowerStateLocked: displayReady=true, groupId=0, policy=BRIGHT, mWakefulness=Awake, mWakeLockSummary=0x23, mUserActivitySummary=0x1, mBootCompleted=true, screenBrightnessOverride=NaN, useAutoBrightness=true, mScreenBrightnessBoostInProgress=false, mIsVrModeEnabled= false, sQuiescent=false
07-27 10:12:56.580 1564 3234 D PowerManagerNotifier: onWakeLockAcquired: flags=1, tag="j", packageName=com.tencent.android.qqdownloader, ownerUid=10096, ownerPid=19990, workSource=null
07-27 10:12:56.581 1564 1958 W SyncManager: failed sync operation JobId=100024 ***/com.tencent.android.qqdownloader.YYBLiveAccountProvider.account u0 [com.tencent.android.qqdownloader.YYBLiveAccountProvider] USER ExpectedIn=0s STANDBY-EXEMPTED Reason=10096, SyncResult: syncAlreadyInProgress: true stats []
07-27 10:12:56.581 20165 21251 I KcSdk : [KcState] [checkChange]: errorCode:-10001subErrorCode:0, isKingCard:false, apn:null, requestParamType:0, requestParamValue:null, unicomRet:0, Product:0
07-27 10:12:56.582 20165 21251 I KcSdk : [KcState] [notifyChange] - (true) OrderCheckResult{kingcard=0, errorCode=-10001, subErrorCode=0, product=0, phoneNum='null', operator=-2, activationUrl='https://personalkingcard.3g.qq.com/activity/personal/index.html#/?logintype=2&j=1&src=76_1_u&sdi_from=20', stateTag='', extra=''}
07-27 10:12:56.582 20165 21251 I KcSdk : [KcState] [notifyChange] - (false) OrderCheckResult{kingcard=0, errorCode=-10001, subErrorCode=0, product=0, phoneNum='null', operator=-2, activationUrl='https://personalkingcard.3g.qq.com/activity/personal/index.html#/?logintype=2&j=1&src=76_1_u&sdi_from=20', stateTag='', extra=''}
07-27 10:12:56.582 20165 21251 I KcSdk : [KcState] [notifyNetworkChange] - (true) OrderCheckResult{kingcard=0, errorCode=-10001, subErrorCode=0, product=0, phoneNum='null', operator=-2, activationUrl='https://personalkingcard.3g.qq.com/activity/personal/index.html#/?logintype=2&j=1&src=76_1_u&sdi_from=20', stateTag='null', extra='null'}
07-27 10:12:56.582 20165 21251 I KcSdk : [KcState] [notifyNetworkChange] - (false) OrderCheckResult{kingcard=0, errorCode=-10001, subErrorCode=0, product=0, phoneNum='null', operator=-2, activationUrl='https://personalkingcard.3g.qq.com/activity/personal/index.html#/?logintype=2&j=1&src=76_1_u&sdi_from=20', stateTag='null', extra='null'}
07-27 10:12:56.586 1564 1958 I sync : [com.tencent.android.qqdownloader.YYBLiveAccountProvider,1,3,24220937]
07-27 10:12:56.588 1564 1958 I commit_sys_config_file: [sync-status,741562]
07-27 10:12:56.588 1564 1958 D PowerManagerService: releaseWakeLockInternal: lock=106728032 [SyncLoopWakeLock], flags=0x0
07-27 10:12:56.588 1564 1958 D PowerManagerNotifier: onWakeLockReleased: flags=1, tag="SyncLoopWakeLock", packageName=android, ownerUid=1000, ownerPid=1564, workSource=null
07-27 10:12:56.589 1564 1958 D PowerManagerService: updateWakeLockSummaryLocked: mWakefulness=Awake, mWakeLockSummary=0x23
07-27 10:12:56.589 1564 1958 D PowerManagerService: updateUserActivitySummaryLocked: groupId=0, mWakefulness=Awake, mUserActivitySummary=0x1, nextTimeout=856889 (in 55268 ms)
07-27 10:12:56.589 1564 1958 D PowerManagerNotifier: onScreenPolicyUpdate: newPolicy=3
07-27 10:12:56.589 1564 1958 D PowerManagerService: updateDisplayPowerStateLocked: displayReady=true, groupId=0, policy=BRIGHT, mWakefulness=Awake, mWakeLockSummary=0x23, mUserActivitySummary=0x1, mBootCompleted=true, screenBrightnessOverride=NaN, useAutoBrightness=true, mScreenBrightnessBoostInProgress=false, mIsVrModeEnabled= false, sQuiescent=false
07-27 10:12:56.589 1564 1958 D PowerManagerService: acquireWakeLockInternal: lock=106728032, flags=0x1, tag="SyncLoopWakeLock", ws=null, uid=1000, pid=1564
07-27 10:12:56.589 1564 1958 D PowerManagerService: updateWakeLockSummaryLocked: mWakefulness=Awake, mWakeLockSummary=0x23
07-27 10:12:56.589 1564 1958 D PowerManagerService: updateUserActivitySummaryLocked: groupId=0, mWakefulness=Awake, mUserActivitySummary=0x1, nextTimeout=856889 (in 55268 ms)
07-27 10:12:56.589 1564 1958 D PowerManagerNotifier: onScreenPolicyUpdate: newPolicy=3
07-27 10:12:56.589 1564 1958 D PowerManagerService: updateDisplayPowerStateLocked: displayReady=true, groupId=0, policy=BRIGHT, mWakefulness=Awake, mWakeLockSummary=0x23, mUserActivitySummary=0x1, mBootCompleted=true, screenBrightnessOverride=NaN, useAutoBrightness=true, mScreenBrightnessBoostInProgress=false, mIsVrModeEnabled= false, sQuiescent=false
07-27 10:12:56.589 1564 1958 D PowerManagerNotifier: onWakeLockAcquired: flags=1, tag="SyncLoopWakeLock", packageName=android, ownerUid=1000, ownerPid=1564, workSource=null
07-27 10:12:56.590 1564 1958 D PowerManagerService: releaseWakeLockInternal: lock=106728032 [SyncLoopWakeLock], flags=0x0
07-27 10:12:56.590 1564 1958 D PowerManagerNotifier: onWakeLockReleased: flags=1, tag="SyncLoopWakeLock", packageName=android, ownerUid=1000, ownerPid=1564, workSource=null
07-27 10:12:56.590 1564 1958 D PowerManagerService: updateWakeLockSummaryLocked: mWakefulness=Awake, mWakeLockSummary=0x23
07-27 10:12:56.590 1564 1958 D PowerManagerService: updateUserActivitySummaryLocked: groupId=0, mWakefulness=Awake, mUserActivitySummary=0x1, nextTimeout=856889 (in 55266 ms)
07-27 10:12:56.590 1564 1958 D PowerManagerNotifier: onScreenPolicyUpdate: newPolicy=3
07-27 10:12:56.590 1564 1958 D PowerManagerService: updateDisplayPowerStateLocked: displayReady=true, groupId=0, policy=BRIGHT, mWakefulness=Awake, mWakeLockSummary=0x23, mUserActivitySummary=0x1, mBootCompleted=true, screenBrightnessOverride=NaN, useAutoBrightness=true, mScreenBrightnessBoostInProgress=false, mIsVrModeEnabled= false, sQuiescent=false
07-27 10:12:56.606 19425 20983 W .tencent.qqliv: Accessing hidden method Lcom/android/org/conscrypt/ConscryptEngineSocket;->setUseSessionTickets(Z)V (max-target-q,core-platform-api, reflection, denied)
07-27 10:12:56.607 19425 20983 W .tencent.qqliv: Accessing hidden method Lcom/android/org/conscrypt/OpenSSLSocketImpl;->setUseSessionTickets(Z)V (max-target-q,core-platform-api, reflection, denied)
07-27 10:12:56.607 19425 20983 W .tencent.qqliv: Accessing hidden method Lcom/android/org/conscrypt/AbstractConscryptSocket;->setUseSessionTickets(Z)V (max-target-q, reflection, denied)
07-27 10:12:56.607 19425 20983 W .tencent.qqliv: Accessing hidden method Lcom/android/org/conscrypt/ConscryptEngineSocket;->setHostname(Ljava/lang/String;)V (max-target-q,core-platform-api, reflection, denied)
07-27 10:12:56.607 19425 20983 W .tencent.qqliv: Accessing hidden method Lcom/android/org/conscrypt/OpenSSLSocketImpl;->setHostname(Ljava/lang/String;)V (max-target-q,core-platform-api, reflection, denied)
07-27 10:12:56.607 19425 20983 W .tencent.qqliv: Accessing hidden method Lcom/android/org/conscrypt/AbstractConscryptSocket;->setHostname(Ljava/lang/String;)V (max-target-q, reflection, denied)
07-27 10:12:56.607 19425 20983 W .tencent.qqliv: Accessing hidden method Lcom/android/org/conscrypt/OpenSSLSocketImpl;->setAlpnProtocols([B)V (max-target-q,core-platform-api, reflection, denied)
07-27 10:12:56.607 19425 20983 W .tencent.qqliv: Accessing hidden method Lcom/android/org/conscrypt/AbstractConscryptSocket;->setAlpnProtocols([B)V (max-target-q, reflection, denied)
07-27 10:12:56.609 1564 3234 D PowerManagerService: acquireWakeLockInternal: lock=152020916, flags=0x1, tag="j", ws=null, uid=10096, pid=19990
07-27 10:12:56.609 1564 3234 D PowerManagerService: updateWakeLockSummaryLocked: mWakefulness=Awake, mWakeLockSummary=0x23
07-27 10:12:56.609 1564 3234 D PowerManagerService: updateUserActivitySummaryLocked: groupId=0, mWakefulness=Awake, mUserActivitySummary=0x1, nextTimeout=856889 (in 55248 ms)
07-27 10:12:56.609 1564 3234 D PowerManagerNotifier: onScreenPolicyUpdate: newPolicy=3
07-27 10:12:56.609 1564 3234 D PowerManagerService: updateDisplayPowerStateLocked: displayReady=true, groupId=0, policy=BRIGHT, mWakefulness=Awake, mWakeLockSummary=0x23, mUserActivitySummary=0x1, mBootCompleted=true, screenBrightnessOverride=NaN, useAutoBrightness=true, mScreenBrightnessBoostInProgress=false, mIsVrModeEnabled= false, sQuiescent=false
07-27 10:12:56.609 1564 3234 D PowerManagerNotifier: onWakeLockAcquired: flags=1, tag="j", packageName=com.tencent.android.qqdownloader, ownerUid=10096, ownerPid=19990, workSource=null
07-27 10:12:56.619 1564 1564 I GameModeConfig: isGameModeOn = false
07-27 10:12:56.626 1963 1963 W ShadeListBuilder: (Build 357) Duplicate summary for group "0|com.tencent.android.qqdownloader|g:com.tencent.android.qqdownloader": "0|com.tencent.android.qqdownloader|3040|null|10096" vs. "0|com.tencent.android.qqdownloader|127|null|10096"
07-27 10:12:56.629 1963 1963 D InterruptionStateProvider: No bubble up: not allowed to bubble: 0|com.tencent.android.qqdownloader|127|null|10096
07-27 10:12:56.629 1963 1963 D InterruptionStateProvider: No heads up: unimportant notification: 0|com.tencent.android.qqdownloader|127|null|10096
07-27 10:12:56.646 1963 2120 D PeopleSpaceWidgetMgr: Sbn doesn't contain valid PeopleTileKey: null/0/com.tencent.android.qqdownloader
07-27 10:12:56.655 1963 1963 V NotificationMediaManager: DEBUG_MEDIA: updating album art for notification null metadata=null metaDataChanged=false state=0
07-27 10:12:56.676 1963 1963 W ShadeListBuilder: (Build 358) Duplicate summary for group "0|com.tencent.android.qqdownloader|g:com.tencent.android.qqdownloader": "0|com.tencent.android.qqdownloader|3040|null|10096" vs. "0|com.tencent.android.qqdownloader|127|null|10096"
07-27 10:12:56.709 1564 3221 D PowerManagerService: releaseWakeLockInternal: lock=61180045 [j], flags=0x0
07-27 10:12:56.709 1564 3221 D PowerManagerNotifier: onWakeLockReleased: flags=1, tag="j", packageName=com.tencent.android.qqdownloader, ownerUid=10096, ownerPid=19990, workSource=null
07-27 10:12:56.709 1564 3221 D PowerManagerService: updateWakeLockSummaryLocked: mWakefulness=Awake, mWakeLockSummary=0x23
07-27 10:12:56.709 1564 3221 D PowerManagerService: updateUserActivitySummaryLocked: groupId=0, mWakefulness=Awake, mUserActivitySummary=0x1, nextTimeout=856889 (in 55147 ms)
07-27 10:12:56.709 1564 3221 D PowerManagerNotifier: onScreenPolicyUpdate: newPolicy=3
07-27 10:12:56.710 1564 3221 D PowerManagerService: updateDisplayPowerStateLocked: displayReady=true, groupId=0, policy=BRIGHT, mWakefulness=Awake, mWakeLockSummary=0x23, mUserActivitySummary=0x1, mBootCompleted=true, screenBrightnessOverride=NaN, useAutoBrightness=true, mScreenBrightnessBoostInProgress=false, mIsVrModeEnabled= false, sQuiescent=false
07-27 10:12:56.713 1564 3221 D ActivityTaskManager: Skipping, freeform mode : Task{4b4c4ca #25 type=standard A=10100:com.tencent.qqlive U=0 visible=true mode=freeform translucent=false sz=2 visible freeform task=true rootAffinity=10100:com.tencent.qqlive isMini=false}
07-27 10:12:56.745 19425 20983 W .tencent.qqliv: Accessing hidden method Lcom/android/org/conscrypt/OpenSSLSocketImpl;->getAlpnSelectedProtocol()[B (max-target-q,core-platform-api, reflection, denied)
07-27 10:12:56.745 19425 20983 W .tencent.qqliv: Accessing hidden method Lcom/android/org/conscrypt/AbstractConscryptSocket;->getAlpnSelectedProtocol()[B (max-target-q, reflection, denied)
07-27 10:12:56.812 1564 3234 D PowerManagerService: releaseWakeLockInternal: lock=139676575 [j], flags=0x0
07-27 10:12:56.812 1564 3234 D PowerManagerNotifier: onWakeLockReleased: flags=1, tag="j", packageName=com.tencent.android.qqdownloader, ownerUid=10096, ownerPid=19990, workSource=null
07-27 10:12:56.812 1564 3234 D PowerManagerService: updateWakeLockSummaryLocked: mWakefulness=Awake, mWakeLockSummary=0x23
07-27 10:12:56.812 1564 3234 D PowerManagerService: updateUserActivitySummaryLocked: groupId=0, mWakefulness=Awake, mUserActivitySummary=0x1, nextTimeout=856889 (in 55045 ms)
07-27 10:12:56.812 1564 3234 D PowerManagerNotifier: onScreenPolicyUpdate: newPolicy=3
07-27 10:12:56.812 1564 3234 D PowerManagerService: updateDisplayPowerStateLocked: displayReady=true, groupId=0, policy=BRIGHT, mWakefulness=Awake, mWakeLockSummary=0x23, mUserActivitySummary=0x1, mBootCompleted=true, screenBrightnessOverride=NaN, useAutoBrightness=true, mScreenBrightnessBoostInProgress=false, mIsVrModeEnabled= false, sQuiescent=false
07-27 10:12:56.838 1564 3234 D PowerManagerService: acquireWakeLockInternal: lock=167473117, flags=0x1, tag="j", ws=null, uid=10096, pid=19990
07-27 10:12:56.839 1564 3234 D PowerManagerService: updateWakeLockSummaryLocked: mWakefulness=Awake, mWakeLockSummary=0x23
07-27 10:12:56.839 1564 3234 D PowerManagerService: updateUserActivitySummaryLocked: groupId=0, mWakefulness=Awake, mUserActivitySummary=0x1, nextTimeout=856889 (in 55018 ms)
07-27 10:12:56.839 1564 3234 D PowerManagerNotifier: onScreenPolicyUpdate: newPolicy=3
07-27 10:12:56.839 1564 3234 D PowerManagerService: updateDisplayPowerStateLocked: displayReady=true, groupId=0, policy=BRIGHT, mWakefulness=Awake, mWakeLockSummary=0x23, mUserActivitySummary=0x1, mBootCompleted=true, screenBrightnessOverride=NaN, useAutoBrightness=true, mScreenBrightnessBoostInProgress=false, mIsVrModeEnabled= false, sQuiescent=false
07-27 10:12:56.839 1564 3234 D PowerManagerNotifier: onWakeLockAcquired: flags=1, tag="j", packageName=com.tencent.android.qqdownloader, ownerUid=10096, ownerPid=19990, workSource=null
07-27 10:12:56.966 1564 3234 D ActivityTaskManager: Skipping, freeform mode : Task{4b4c4ca #25 type=standard A=10100:com.tencent.qqlive U=0 visible=true mode=freeform translucent=false sz=2 visible freeform task=true rootAffinity=10100:com.tencent.qqlive isMini=false}
07-27 10:12:57.071 1564 3234 D PowerManagerService: releaseWakeLockInternal: lock=167473117 [j], flags=0x0
07-27 10:12:57.072 1564 3234 D PowerManagerNotifier: onWakeLockReleased: flags=1, tag="j", packageName=com.tencent.android.qqdownloader, ownerUid=10096, ownerPid=19990, workSource=null
07-27 10:12:57.072 1564 3234 D PowerManagerService: updateWakeLockSummaryLocked: mWakefulness=Awake, mWakeLockSummary=0x23
07-27 10:12:57.072 1564 3234 D PowerManagerService: updateUserActivitySummaryLocked: groupId=0, mWakefulness=Awake, mUserActivitySummary=0x1, nextTimeout=856889 (in 54785 ms)
07-27 10:12:57.072 1564 3234 D PowerManagerNotifier: onScreenPolicyUpdate: newPolicy=3
07-27 10:12:57.072 1564 3234 D PowerManagerService: updateDisplayPowerStateLocked: displayReady=true, groupId=0, policy=BRIGHT, mWakefulness=Awake, mWakeLockSummary=0x23, mUserActivitySummary=0x1, mBootCompleted=true, screenBrightnessOverride=NaN, useAutoBrightness=true, mScreenBrightnessBoostInProgress=false, mIsVrModeEnabled= false, sQuiescent=false
07-27 10:12:57.127 1564 3234 D PowerManagerService: acquireWakeLockInternal: lock=236070738, flags=0x1, tag="j", ws=null, uid=10096, pid=19990
07-27 10:12:57.127 1564 3234 D PowerManagerService: updateWakeLockSummaryLocked: mWakefulness=Awake, mWakeLockSummary=0x23
07-27 10:12:57.128 1564 3234 D PowerManagerService: updateUserActivitySummaryLocked: groupId=0, mWakefulness=Awake, mUserActivitySummary=0x1, nextTimeout=856889 (in 54729 ms)
07-27 10:12:57.128 1564 3234 D PowerManagerNotifier: onScreenPolicyUpdate: newPolicy=3
07-27 10:12:57.128 1564 3234 D PowerManagerService: updateDisplayPowerStateLocked: displayReady=true, groupId=0, policy=BRIGHT, mWakefulness=Awake, mWakeLockSummary=0x23, mUserActivitySummary=0x1, mBootCompleted=true, screenBrightnessOverride=NaN, useAutoBrightness=true, mScreenBrightnessBoostInProgress=false, mIsVrModeEnabled= false, sQuiescent=false
07-27 10:12:57.128 1564 3234 D PowerManagerNotifier: onWakeLockAcquired: flags=1, tag="j", packageName=com.tencent.android.qqdownloader, ownerUid=10096, ownerPid=19990, workSource=null
07-27 10:12:57.137 1564 3234 D PowerManagerService: acquireWakeLockInternal: lock=18999843, flags=0x1, tag="j", ws=null, uid=10096, pid=19990
07-27 10:12:57.137 1564 3234 D PowerManagerService: updateWakeLockSummaryLocked: mWakefulness=Awake, mWakeLockSummary=0x23
07-27 10:12:57.137 1564 3234 D PowerManagerService: updateUserActivitySummaryLocked: groupId=0, mWakefulness=Awake, mUserActivitySummary=0x1, nextTimeout=856889 (in 54720 ms)
07-27 10:12:57.137 1564 3234 D PowerManagerNotifier: onScreenPolicyUpdate: newPolicy=3
07-27 10:12:57.137 1564 3234 D PowerManagerService: updateDisplayPowerStateLocked: displayReady=true, groupId=0, policy=BRIGHT, mWakefulness=Awake, mWakeLockSummary=0x23, mUserActivitySummary=0x1, mBootCompleted=true, screenBrightnessOverride=NaN, useAutoBrightness=true, mScreenBrightnessBoostInProgress=false, mIsVrModeEnabled= false, sQuiescent=false
07-27 10:12:57.137 1564 3234 D PowerManagerNotifier: onWakeLockAcquired: flags=1, tag="j", packageName=com.tencent.android.qqdownloader, ownerUid=10096, ownerPid=19990, workSource=null
07-27 10:12:57.190 660 673 I mpu_uart: [MSG-P:RECV]:No message received in 1000 ms
07-27 10:12:57.289 1564 3234 D PowerManagerService: releaseWakeLockInternal: lock=268351569 [j], flags=0x0
07-27 10:12:57.289 1564 3234 D PowerManagerNotifier: onWakeLockReleased: flags=1, tag="j", packageName=com.tencent.android.qqdownloader, ownerUid=10096, ownerPid=19990, workSource=null
07-27 10:12:57.289 1564 3234 D PowerManagerService: updateWakeLockSummaryLocked: mWakefulness=Awake, mWakeLockSummary=0x23
07-27 10:12:57.289 1564 3234 D PowerManagerService: updateUserActivitySummaryLocked: groupId=0, mWakefulness=Awake, mUserActivitySummary=0x1, nextTimeout=856889 (in 54567 ms)
07-27 10:12:57.289 1564 3234 D PowerManagerNotifier: onScreenPolicyUpdate: newPolicy=3
07-27 10:12:57.289 1564 3234 D PowerManagerService: updateDisplayPowerStateLocked: displayReady=true, groupId=0, policy=BRIGHT, mWakefulness=Awake, mWakeLockSummary=0x23, mUserActivitySummary=0x1, mBootCompleted=true, screenBrightnessOverride=NaN, useAutoBrightness=true, mScreenBrightnessBoostInProgress=false, mIsVrModeEnabled= false, sQuiescent=false
07-27 10:12:57.291 19425 19565 I chromium: [0727/101257.291913:INFO:tnet_request_common.cc(194)] Front request create: 0xb400007537aa8af0, delegate: 0xb400007597a63470
07-27 10:12:57.292 19425 19565 I chromium: [0727/101257.292039:INFO:tnet_quic_adapter.cc(52)] Create tnet adapter, this: 0xb400007597a63470
07-27 10:12:57.294 19425 21072 I chromium: [0727/101257.294347:INFO:tnet_quic_adapter.cc(170)] TnetAdapter add header, this: 0xb400007597a63470
07-27 10:12:57.294 19425 21072 I chromium: [0727/101257.294542:INFO:tnet_quic_adapter.cc(170)] TnetAdapter add header, this: 0xb400007597a63470
07-27 10:12:57.294 19425 21072 I chromium: [0727/101257.294649:INFO:tnet_quic_adapter.cc(170)] TnetAdapter add header, this: 0xb400007597a63470
07-27 10:12:57.294 19425 21072 I chromium: [0727/101257.294809:INFO:tnet_quic_adapter.cc(170)] TnetAdapter add header, this: 0xb400007597a63470
07-27 10:12:57.294 19425 21072 I chromium: [0727/101257.294881:INFO:tnet_quic_adapter.cc(170)] TnetAdapter add header, this: 0xb400007597a63470
07-27 10:12:57.294 19425 21072 I chromium: [0727/101257.294947:INFO:tnet_quic_adapter.cc(170)] TnetAdapter add header, this: 0xb400007597a63470
07-27 10:12:57.295 19425 21072 I chromium: [0727/101257.295008:INFO:tnet_quic_adapter.cc(170)] TnetAdapter add header, this: 0xb400007597a63470
07-27 10:12:57.295 19425 21072 I chromium: [0727/101257.295069:INFO:tnet_quic_adapter.cc(170)] TnetAdapter add header, this: 0xb400007597a63470
07-27 10:12:57.295 19425 21072 I chromium: [0727/101257.295143:INFO:tnet_quic_adapter.cc(170)] TnetAdapter add header, this: 0xb400007597a63470
07-27 10:12:57.295 19425 21072 I chromium: [0727/101257.295259:INFO:tnet_quic_adapter.cc(170)] TnetAdapter add header, this: 0xb400007597a63470
07-27 10:12:57.295 19425 21072 I chromium: [0727/101257.295562:INFO:tnet_quic_adapter.cc(196)] TnetAdapter send request, this: 0xb400007597a63470
07-27 10:12:57.295 19425 21072 I chromium: [0727/101257.295596:INFO:tnet_quic_adapter.cc(204)] Type: 0 send request
07-27 10:12:57.309 19919 19948 I JNI_DownloadProxy: initService
07-27 10:12:57.330 1564 3221 D PowerManagerService: acquireWakeLockInternal: lock=247883236, flags=0x1, tag="j", ws=null, uid=10096, pid=19990
07-27 10:12:57.330 1564 3221 D PowerManagerService: updateWakeLockSummaryLocked: mWakefulness=Awake, mWakeLockSummary=0x23
07-27 10:12:57.330 1564 3221 D PowerManagerService: updateUserActivitySummaryLocked: groupId=0, mWakefulness=Awake, mUserActivitySummary=0x1, nextTimeout=856889 (in 54526 ms)
07-27 10:12:57.331 1564 3221 D PowerManagerNotifier: onScreenPolicyUpdate: newPolicy=3
07-27 10:12:57.331 1564 3221 D PowerManagerService: updateDisplayPowerStateLocked: displayReady=true, groupId=0, policy=BRIGHT, mWakefulness=Awake, mWakeLockSummary=0x23, mUserActivitySummary=0x1, mBootCompleted=true, screenBrightnessOverride=NaN, useAutoBrightness=true, mScreenBrightnessBoostInProgress=false, mIsVrModeEnabled= false, sQuiescent=false
07-27 10:12:57.331 1564 3221 D PowerManagerNotifier: onWakeLockAcquired: flags=1, tag="j", packageName=com.tencent.android.qqdownloader, ownerUid=10096, ownerPid=19990, workSource=null
07-27 10:12:57.371 19919 20257 I FileLockLib: [19919]file 71 locked by pid: 19425. lock type: 0
07-27 10:12:57.374 19919 20257 I FileLockLib: [19919]file 71 locked by pid: 19425. lock type: 0
07-27 10:12:57.374 19919 20257 I FileLockLib: [19919]file 71 locked by pid: 19425. lock type: 0
07-27 10:12:57.376 19919 20257 I FileLockLib: [19919]file 71 locked by pid: 19425. lock type: 0
07-27 10:12:57.377 19919 20257 I FileLockLib: [19919]file 71 locked by pid: 19425. lock type: 0
07-27 10:12:57.377 19919 20257 I FileLockLib: [19919]file 71 locked by pid: 19425. lock type: 0
07-27 10:12:57.378 19919 20257 I FileLockLib: [19919]file 71 locked by pid: 19425. lock type: 0
07-27 10:12:57.379 19919 20257 I FileLockLib: [19919]file 71 locked by pid: 19425. lock type: 0
07-27 10:12:57.379 19919 20257 I FileLockLib: [19919]file 71 locked by pid: 19425. lock type: 0
07-27 10:12:57.380 19919 20257 I FileLockLib: [19919]file 71 locked by pid: 19425. lock type: 0
07-27 10:12:57.381 19919 20257 I FileLockLib: [19919]file 71 locked by pid: 19425. lock type: 0
07-27 10:12:57.381 19919 20257 I FileLockLib: [19919]file 71 locked by pid: 19425. lock type: 0
07-27 10:12:57.420 1564 1564 I notification_enqueue: [10096,19990,com.tencent.android.qqdownloader,127,NULL,0,Notification(channel=channel_id_default_silent shortcut=null contentView=com.tencent.android.qqdownloader/0x7f0a01c2 vibrate=null sound=null defaults=0x0 flags=0x2a2 color=0x00000000 groupKey=com.tencent.android.qqdownloader vis=PRIVATE),1]
07-27 10:12:57.507 20165 20165 I auditd : type=1400 audit(0.0:20055): avc: denied { open } for comm="qimei-s-thread-" path="/proc/uptime" dev="proc" ino=4026532246 scontext=u:r:untrusted_app_27:s0:c512,c768 tcontext=u:object_r:proc_uptime:s0 tclass=file permissive=1 app=com.tencent.android.qqdownloader
07-27 10:12:57.507 20165 20165 I qimei-s-thread-: type=1400 audit(0.0:20055): avc: denied { open } for path="/proc/uptime" dev="proc" ino=4026532246 scontext=u:r:untrusted_app_27:s0:c512,c768 tcontext=u:object_r:proc_uptime:s0 tclass=file permissive=1 app=com.tencent.android.qqdownloader
07-27 10:12:57.511 20165 20165 I auditd : type=1400 audit(0.0:20056): avc: denied { read } for comm="qimei-s-thread-" name="ioports" dev="proc" ino=4026532282 scontext=u:r:untrusted_app_27:s0:c512,c768 tcontext=u:object_r:proc:s0 tclass=file permissive=1 app=com.tencent.android.qqdownloader
07-27 10:12:57.511 20165 20165 I qimei-s-thread-: type=1400 audit(0.0:20056): avc: denied { read } for name="ioports" dev="proc" ino=4026532282 scontext=u:r:untrusted_app_27:s0:c512,c768 tcontext=u:object_r:proc:s0 tclass=file permissive=1 app=com.tencent.android.qqdownloader
07-27 10:12:57.511 20165 20165 I auditd : type=1400 audit(0.0:20057): avc: denied { open } for comm="qimei-s-thread-" path="/proc/ioports" dev="proc" ino=4026532282 scontext=u:r:untrusted_app_27:s0:c512,c768 tcontext=u:object_r:proc:s0 tclass=file permissive=1 app=com.tencent.android.qqdownloader
07-27 10:12:57.511 20165 20165 I qimei-s-thread-: type=1400 audit(0.0:20057): avc: denied { open } for path="/proc/ioports" dev="proc" ino=4026532282 scontext=u:r:untrusted_app_27:s0:c512,c768 tcontext=u:object_r:proc:s0 tclass=file permissive=1 app=com.tencent.android.qqdownloader
07-27 10:12:57.527 20165 20165 I auditd : type=1400 audit(0.0:20058): avc: granted { nlmsg_readpriv } for comm="qimei-s-thread-" scontext=u:r:untrusted_app_27:s0:c512,c768 tcontext=u:r:untrusted_app_27:s0:c512,c768 tclass=netlink_route_socket app=com.tencent.android.qqdownloader
07-27 10:12:57.527 20165 20165 W qimei-s-thread-: type=1400 audit(0.0:20058): avc: granted { nlmsg_readpriv } for scontext=u:r:untrusted_app_27:s0:c512,c768 tcontext=u:r:untrusted_app_27:s0:c512,c768 tclass=netlink_route_socket app=com.tencent.android.qqdownloader
07-27 10:12:57.621 1564 1564 I GameModeConfig: isGameModeOn = false
07-27 10:12:57.629 1963 1963 W ShadeListBuilder: (Build 359) Duplicate summary for group "0|com.tencent.android.qqdownloader|g:com.tencent.android.qqdownloader": "0|com.tencent.android.qqdownloader|3040|null|10096" vs. "0|com.tencent.android.qqdownloader|127|null|10096"
07-27 10:12:57.632 1963 1963 D InterruptionStateProvider: No bubble up: not allowed to bubble: 0|com.tencent.android.qqdownloader|127|null|10096
07-27 10:12:57.633 1963 1963 D InterruptionStateProvider: No heads up: unimportant notification: 0|com.tencent.android.qqdownloader|127|null|10096
07-27 10:12:57.647 1963 2120 D PeopleSpaceWidgetMgr: Sbn doesn't contain valid PeopleTileKey: null/0/com.tencent.android.qqdownloader
07-27 10:12:57.664 1963 1963 V NotificationMediaManager: DEBUG_MEDIA: updating album art for notification null metadata=null metaDataChanged=false state=0
07-27 10:12:57.679 1963 1963 W ShadeListBuilder: (Build 360) Duplicate summary for group "0|com.tencent.android.qqdownloader|g:com.tencent.android.qqdownloader": "0|com.tencent.android.qqdownloader|3040|null|10096" vs. "0|com.tencent.android.qqdownloader|127|null|10096"
07-27 10:12:57.704 1564 1692 I am_pss : [19425,10100,com.tencent.qqlive,645377024,583618560,3072,934060032,0,2,43]
07-27 10:12:57.724 1564 3234 D PowerManagerService: releaseWakeLockInternal: lock=229769663 [j], flags=0x0
07-27 10:12:57.725 1564 3234 D PowerManagerNotifier: onWakeLockReleased: flags=1, tag="j", packageName=com.tencent.android.qqdownloader, ownerUid=10096, ownerPid=19990, workSource=null
07-27 10:12:57.725 1564 3234 D PowerManagerService: updateWakeLockSummaryLocked: mWakefulness=Awake, mWakeLockSummary=0x23
07-27 10:12:57.725 1564 3234 D PowerManagerService: updateUserActivitySummaryLocked: groupId=0, mWakefulness=Awake, mUserActivitySummary=0x1, nextTimeout=856889 (in 54132 ms)
07-27 10:12:57.725 1564 3234 D PowerManagerNotifier: onScreenPolicyUpdate: newPolicy=3
07-27 10:12:57.725 1564 3234 D PowerManagerService: updateDisplayPowerStateLocked: displayReady=true, groupId=0, policy=BRIGHT, mWakefulness=Awake, mWakeLockSummary=0x23, mUserActivitySummary=0x1, mBootCompleted=true, screenBrightnessOverride=NaN, useAutoBrightness=true, mScreenBrightnessBoostInProgress=false, mIsVrModeEnabled= false, sQuiescent=false
07-27 10:12:57.740 1564 3221 W UriGrantsManagerService: No permission grants found for com.tencent.android.qqdownloader
07-27 10:12:57.771 19990 20087 W System.err: com.qq.taf.jce.JceDecodeException: type mismatch.
07-27 10:12:57.773 19990 20087 W System.err: at com.qq.taf.jce.JceInputStream.read(Unknown Source:34)
07-27 10:12:57.774 19990 20087 W System.err: at com.tencent.assistant.protocol.jce.GetChannelMsgResponse.readFrom(Unknown Source:4)
07-27 10:12:57.774 19990 20087 W System.err: at com.tencent.assistant.utils.JceUtils.bytes2JceObj(Unknown Source:20)
07-27 10:12:57.774 19990 20087 W System.err: at com.tencent.pangu.module.am.run(Unknown Source:8)
07-27 10:12:57.774 19990 20087 W System.err: at java.util.concurrent.Executors$RunnableAdapter.call(Executors.java:462)
07-27 10:12:57.774 19990 20087 W System.err: at java.util.concurrent.FutureTask.run(FutureTask.java:266)
07-27 10:12:57.774 19990 20087 W System.err: at java.util.concurrent.ScheduledThreadPoolExecutor$ScheduledFutureTask.run(ScheduledThreadPoolExecutor.java:301)
07-27 10:12:57.774 19990 20087 W System.err: at java.util.concurrent.ThreadPoolExecutor.runWorker(ThreadPoolExecutor.java:1167)
07-27 10:12:57.774 19990 20087 W System.err: at java.util.concurrent.ThreadPoolExecutor$Worker.run(ThreadPoolExecutor.java:641)
07-27 10:12:57.774 19990 20087 W System.err: at com.tencent.raft.threadservice.impl.v.run(Unknown Source:13)
07-27 10:12:57.774 19990 20087 W System.err: at java.lang.Thread.run(Thread.java:920)
07-27 10:12:57.851 1564 3234 D PowerManagerService: releaseWakeLockInternal: lock=188962998 [j], flags=0x0
07-27 10:12:57.851 1564 3234 D PowerManagerNotifier: onWakeLockReleased: flags=1, tag="j", packageName=com.tencent.android.qqdownloader, ownerUid=10096, ownerPid=19990, workSource=null
07-27 10:12:57.851 1564 3234 D PowerManagerService: updateWakeLockSummaryLocked: mWakefulness=Awake, mWakeLockSummary=0x23
07-27 10:12:57.851 1564 3234 D PowerManagerService: updateUserActivitySummaryLocked: groupId=0, mWakefulness=Awake, mUserActivitySummary=0x1, nextTimeout=856889 (in 54006 ms)
07-27 10:12:57.851 1564 3234 D PowerManagerNotifier: onScreenPolicyUpdate: newPolicy=3
07-27 10:12:57.851 1564 3234 D PowerManagerService: updateDisplayPowerStateLocked: displayReady=true, groupId=0, policy=BRIGHT, mWakefulness=Awake, mWakeLockSummary=0x23, mUserActivitySummary=0x1, mBootCompleted=true, screenBrightnessOverride=NaN, useAutoBrightness=true, mScreenBrightnessBoostInProgress=false, mIsVrModeEnabled= false, sQuiescent=false
07-27 10:12:57.873 1564 3234 D PowerManagerService: acquireWakeLockInternal: lock=158727248, flags=0x1, tag="j", ws=null, uid=10096, pid=19990
07-27 10:12:57.873 1564 3234 D PowerManagerService: updateWakeLockSummaryLocked: mWakefulness=Awake, mWakeLockSummary=0x23
07-27 10:12:57.873 1564 3234 D PowerManagerService: updateUserActivitySummaryLocked: groupId=0, mWakefulness=Awake, mUserActivitySummary=0x1, nextTimeout=856889 (in 53984 ms)
07-27 10:12:57.873 1564 3234 D PowerManagerNotifier: onScreenPolicyUpdate: newPolicy=3
07-27 10:12:57.873 1564 3234 D PowerManagerService: updateDisplayPowerStateLocked: displayReady=true, groupId=0, policy=BRIGHT, mWakefulness=Awake, mWakeLockSummary=0x23, mUserActivitySummary=0x1, mBootCompleted=true, screenBrightnessOverride=NaN, useAutoBrightness=true, mScreenBrightnessBoostInProgress=false, mIsVrModeEnabled= false, sQuiescent=false
07-27 10:12:57.873 1564 3234 D PowerManagerNotifier: onWakeLockAcquired: flags=1, tag="j", packageName=com.tencent.android.qqdownloader, ownerUid=10096, ownerPid=19990, workSource=null
07-27 10:12:57.921 19639 19841 I FileLockLib: [19639]file 77 locked by pid: 19425. lock type: 0
07-27 10:12:57.922 19639 19842 I FileLockLib: [19639]file 77 locked by pid: 19425. lock type: 0
07-27 10:12:57.915 19639 19639 I auditd : type=1400 audit(0.0:20059): avc: denied { read } for comm="Utils-Task-Thre" name="u:object_r:wifi_hal_prop:s0" dev="tmpfs" ino=11747 scontext=u:r:untrusted_app:s0:c100,c256,c512,c768 tcontext=u:object_r:wifi_hal_prop:s0 tclass=file permissive=1 app=com.tencent.qqlive
07-27 10:12:57.915 19639 19639 I Utils-Task-Thre: type=1400 audit(0.0:20059): avc: denied { read } for name="u:object_r:wifi_hal_prop:s0" dev="tmpfs" ino=11747 scontext=u:r:untrusted_app:s0:c100,c256,c512,c768 tcontext=u:object_r:wifi_hal_prop:s0 tclass=file permissive=1 app=com.tencent.qqlive
07-27 10:12:57.923 19639 19841 I FileLockLib: [19639]file 77 locked by pid: 19425. lock type: 0
07-27 10:12:57.923 0 0 W [ 802.954615] audit: audit_lost=18663 audit_rate_limit=5 audit_backlog_limit=64
07-27 10:12:57.923 0 0 E [ 802.954618] audit: rate limit exceeded
07-27 10:12:57.924 19639 19842 I FileLockLib: [19639]file 77 locked by pid: 19425. lock type: 0
07-27 10:12:58.001 1564 3234 D PowerManagerService: releaseWakeLockInternal: lock=158727248 [j], flags=0x0
07-27 10:12:58.001 1564 3234 D PowerManagerNotifier: onWakeLockReleased: flags=1, tag="j", packageName=com.tencent.android.qqdownloader, ownerUid=10096, ownerPid=19990, workSource=null
07-27 10:12:58.001 1564 3234 D PowerManagerService: updateWakeLockSummaryLocked: mWakefulness=Awake, mWakeLockSummary=0x23
07-27 10:12:58.002 1564 3234 D PowerManagerService: updateUserActivitySummaryLocked: groupId=0, mWakefulness=Awake, mUserActivitySummary=0x1, nextTimeout=856889 (in 53855 ms)
07-27 10:12:58.002 1564 3234 D PowerManagerNotifier: onScreenPolicyUpdate: newPolicy=3
07-27 10:12:58.002 1564 3234 D PowerManagerService: updateDisplayPowerStateLocked: displayReady=true, groupId=0, policy=BRIGHT, mWakefulness=Awake, mWakeLockSummary=0x23, mUserActivitySummary=0x1, mBootCompleted=true, screenBrightnessOverride=NaN, useAutoBrightness=true, mScreenBrightnessBoostInProgress=false, mIsVrModeEnabled= false, sQuiescent=false
07-27 10:12:58.021 1564 3234 D PowerManagerService: releaseWakeLockInternal: lock=18999843 [j], flags=0x0
07-27 10:12:58.022 1564 3234 D PowerManagerNotifier: onWakeLockReleased: flags=1, tag="j", packageName=com.tencent.android.qqdownloader, ownerUid=10096, ownerPid=19990, workSource=null
07-27 10:12:58.022 1564 3234 D PowerManagerService: updateWakeLockSummaryLocked: mWakefulness=Awake, mWakeLockSummary=0x23
07-27 10:12:58.022 1564 3234 D PowerManagerService: updateUserActivitySummaryLocked: groupId=0, mWakefulness=Awake, mUserActivitySummary=0x1, nextTimeout=856889 (in 53835 ms)
07-27 10:12:58.022 1564 3234 D PowerManagerNotifier: onScreenPolicyUpdate: newPolicy=3
07-27 10:12:58.022 1564 3234 D PowerManagerService: updateDisplayPowerStateLocked: displayReady=true, groupId=0, policy=BRIGHT, mWakefulness=Awake, mWakeLockSummary=0x23, mUserActivitySummary=0x1, mBootCompleted=true, screenBrightnessOverride=NaN, useAutoBrightness=true, mScreenBrightnessBoostInProgress=false, mIsVrModeEnabled= false, sQuiescent=false
07-27 10:12:58.036 1564 3234 D PowerManagerService: releaseWakeLockInternal: lock=236070738 [j], flags=0x0
07-27 10:12:58.036 1564 3234 D PowerManagerNotifier: onWakeLockReleased: flags=1, tag="j", packageName=com.tencent.android.qqdownloader, ownerUid=10096, ownerPid=19990, workSource=null
07-27 10:12:58.037 1564 3234 D PowerManagerService: updateWakeLockSummaryLocked: mWakefulness=Awake, mWakeLockSummary=0x23
07-27 10:12:58.037 1564 3234 D PowerManagerService: updateUserActivitySummaryLocked: groupId=0, mWakefulness=Awake, mUserActivitySummary=0x1, nextTimeout=856889 (in 53820 ms)
07-27 10:12:58.037 1564 3234 D PowerManagerNotifier: onScreenPolicyUpdate: newPolicy=3
07-27 10:12:58.037 1564 3234 D PowerManagerService: updateDisplayPowerStateLocked: displayReady=true, groupId=0, policy=BRIGHT, mWakefulness=Awake, mWakeLockSummary=0x23, mUserActivitySummary=0x1, mBootCompleted=true, screenBrightnessOverride=NaN, useAutoBrightness=true, mScreenBrightnessBoostInProgress=false, mIsVrModeEnabled= false, sQuiescent=false
07-27 10:12:58.046 1564 3234 D PowerManagerService: releaseWakeLockInternal: lock=58223031 [j], flags=0x0
07-27 10:12:58.046 1564 3234 D PowerManagerNotifier: onWakeLockReleased: flags=1, tag="j", packageName=com.tencent.android.qqdownloader, ownerUid=10096, ownerPid=19990, workSource=null
07-27 10:12:58.046 1564 3234 D PowerManagerService: updateWakeLockSummaryLocked: mWakefulness=Awake, mWakeLockSummary=0x23
07-27 10:12:58.046 1564 3234 D PowerManagerService: updateUserActivitySummaryLocked: groupId=0, mWakefulness=Awake, mUserActivitySummary=0x1, nextTimeout=856889 (in 53810 ms)
07-27 10:12:58.046 1564 3234 D PowerManagerNotifier: onScreenPolicyUpdate: newPolicy=3
07-27 10:12:58.046 1564 3234 D PowerManagerService: updateDisplayPowerStateLocked: displayReady=true, groupId=0, policy=BRIGHT, mWakefulness=Awake, mWakeLockSummary=0x23, mUserActivitySummary=0x1, mBootCompleted=true, screenBrightnessOverride=NaN, useAutoBrightness=true, mScreenBrightnessBoostInProgress=false, mIsVrModeEnabled= false, sQuiescent=false
07-27 10:12:58.061 1564 3234 D PowerManagerService: acquireWakeLockInternal: lock=268238409, flags=0x1, tag="j", ws=null, uid=10096, pid=19990
07-27 10:12:58.061 1564 3234 D PowerManagerService: updateWakeLockSummaryLocked: mWakefulness=Awake, mWakeLockSummary=0x23
07-27 10:12:58.061 1564 3234 D PowerManagerService: updateUserActivitySummaryLocked: groupId=0, mWakefulness=Awake, mUserActivitySummary=0x1, nextTimeout=856889 (in 53796 ms)
07-27 10:12:58.061 1564 3234 D PowerManagerNotifier: onScreenPolicyUpdate: newPolicy=3
07-27 10:12:58.061 1564 3234 D PowerManagerService: updateDisplayPowerStateLocked: displayReady=true, groupId=0, policy=BRIGHT, mWakefulness=Awake, mWakeLockSummary=0x23, mUserActivitySummary=0x1, mBootCompleted=true, screenBrightnessOverride=NaN, useAutoBrightness=true, mScreenBrightnessBoostInProgress=false, mIsVrModeEnabled= false, sQuiescent=false
07-27 10:12:58.061 1564 3234 D PowerManagerNotifier: onWakeLockAcquired: flags=1, tag="j", packageName=com.tencent.android.qqdownloader, ownerUid=10096, ownerPid=19990, workSource=null
07-27 10:12:58.069 1564 3234 D PowerManagerService: acquireWakeLockInternal: lock=162050894, flags=0x1, tag="j", ws=null, uid=10096, pid=19990
07-27 10:12:58.070 1564 3234 D PowerManagerService: updateWakeLockSummaryLocked: mWakefulness=Awake, mWakeLockSummary=0x23
07-27 10:12:58.070 1564 3234 D PowerManagerService: updateUserActivitySummaryLocked: groupId=0, mWakefulness=Awake, mUserActivitySummary=0x1, nextTimeout=856889 (in 53787 ms)
07-27 10:12:58.070 1564 3234 D PowerManagerNotifier: onScreenPolicyUpdate: newPolicy=3
07-27 10:12:58.070 1564 3234 D PowerManagerService: updateDisplayPowerStateLocked: displayReady=true, groupId=0, policy=BRIGHT, mWakefulness=Awake, mWakeLockSummary=0x23, mUserActivitySummary=0x1, mBootCompleted=true, screenBrightnessOverride=NaN, useAutoBrightness=true, mScreenBrightnessBoostInProgress=false, mIsVrModeEnabled= false, sQuiescent=false
07-27 10:12:58.070 1564 3234 D PowerManagerNotifier: onWakeLockAcquired: flags=1, tag="j", packageName=com.tencent.android.qqdownloader, ownerUid=10096, ownerPid=19990, workSource=null
07-27 10:12:58.074 1564 3234 D PowerManagerService: releaseWakeLockInternal: lock=115853298 [j], flags=0x0
07-27 10:12:58.074 1564 3234 D PowerManagerNotifier: onWakeLockReleased: flags=1, tag="j", packageName=com.tencent.android.qqdownloader, ownerUid=10096, ownerPid=19990, workSource=null
07-27 10:12:58.074 1564 3234 D PowerManagerService: updateWakeLockSummaryLocked: mWakefulness=Awake, mWakeLockSummary=0x23
07-27 10:12:58.074 1564 3234 D PowerManagerService: updateUserActivitySummaryLocked: groupId=0, mWakefulness=Awake, mUserActivitySummary=0x1, nextTimeout=856889 (in 53783 ms)
07-27 10:12:58.074 1564 3234 D PowerManagerNotifier: onScreenPolicyUpdate: newPolicy=3
07-27 10:12:58.074 1564 3234 D PowerManagerService: updateDisplayPowerStateLocked: displayReady=true, groupId=0, policy=BRIGHT, mWakefulness=Awake, mWakeLockSummary=0x23, mUserActivitySummary=0x1, mBootCompleted=true, screenBrightnessOverride=NaN, useAutoBrightness=true, mScreenBrightnessBoostInProgress=false, mIsVrModeEnabled= false, sQuiescent=false
07-27 10:12:58.176 19425 19565 I chromium: [0727/101258.176075:INFO:tnet_quic_adapter.cc(57)] Destroy tnet adapter, this: 0xb400007597a63470
07-27 10:12:58.176 19425 19565 I chromium: [0727/101258.176158:INFO:tnet_quic_request.cc(50)] TnetQuicRequest destroy, set delegate nullptr
07-27 10:12:58.176 19425 19565 I chromium: [0727/101258.176196:INFO:tnet_quic_adapter.cc(59)] request has been delete
07-27 10:12:58.176 19425 21073 I chromium: [0727/101258.176217:INFO:tnet_request_common.cc(200)] Front request destroy: 0xb400007537aa8af0
07-27 10:12:58.190 660 673 I mpu_uart: [MSG-P:RECV]:No message received in 1000 ms
07-27 10:12:58.191 660 672 I mpu_uart: [MSG-P:R]:recv sync frame timeout
07-27 10:12:58.216 19919 20462 I FileLockLib: [19919]file 71 locked by pid: 19425. lock type: 0
07-27 10:12:58.217 19919 20093 I FileLockLib: [19919]file 71 locked by pid: 19425. lock type: 0
07-27 10:12:58.217 19919 20462 I FileLockLib: [19919]file 71 locked by pid: 19425. lock type: 0
07-27 10:12:58.218 19919 20093 I FileLockLib: [19919]file 71 locked by pid: 19425. lock type: 0
07-27 10:12:58.228 2297 2702 D MicroService: handleHeartBeat:423
07-27 10:12:58.241 0 0 E [ 803.272864] [MAX975X: max96755x_vc1_lcd_dtc_check] *ERROR* DTC_Display: screen not ready(0), bl_sta(1), lvl(40)
07-27 10:12:58.251 1564 1692 I am_pss : [2647,10078,com.android.launcher3,134121472,122478592,8192,268165120,0,2,11]
07-27 10:12:58.262 1564 1692 I am_pss : [19990,10096,com.tencent.android.qqdownloader:daemon,53728256,41852928,8192,176525312,0,4,11]
07-27 10:12:58.275 1564 1692 I am_pss : [20165,10096,com.tencent.android.qqdownloader,83273728,71393280,8192,205819904,0,4,11]
07-27 10:12:58.342 2297 2297 D MicroService: onHeartBeatDetected
07-27 10:12:58.342 2297 2297 D MicroService: sendHeartbeatMessage
07-27 10:12:58.403 19990 20106 W System.err: com.qq.taf.jce.JceDecodeException: type mismatch.
07-27 10:12:58.403 19990 20106 W System.err: at com.qq.taf.jce.JceInputStream.a(Unknown Source:80)
07-27 10:12:58.403 19990 20106 W System.err: at com.qq.taf.jce.JceInputStream.readArray(Unknown Source:14)
07-27 10:12:58.403 19990 20106 W System.err: at com.qq.taf.jce.JceInputStream.read(Unknown Source:123)
07-27 10:12:58.403 19990 20106 W System.err: at com.tencent.assistant.protocol.jce.OpLayerMsgTriggerCfg.readFrom(Unknown Source:3)
07-27 10:12:58.403 19990 20106 W System.err: at com.tencent.assistant.utils.JceUtils.bytes2JceObj(Unknown Source:20)
07-27 10:12:58.403 19990 20106 W System.err: at com.tencent.pangu.module.an.run(Unknown Source:8)
07-27 10:12:58.403 19990 20106 W System.err: at java.util.concurrent.Executors$RunnableAdapter.call(Executors.java:462)
07-27 10:12:58.403 19990 20106 W System.err: at java.util.concurrent.FutureTask.run(FutureTask.java:266)
07-27 10:12:58.403 19990 20106 W System.err: at java.util.concurrent.ScheduledThreadPoolExecutor$ScheduledFutureTask.run(ScheduledThreadPoolExecutor.java:301)
07-27 10:12:58.403 19990 20106 W System.err: at java.util.concurrent.ThreadPoolExecutor.runWorker(ThreadPoolExecutor.java:1167)
07-27 10:12:58.403 19990 20106 W System.err: at java.util.concurrent.ThreadPoolExecutor$Worker.run(ThreadPoolExecutor.java:641)
07-27 10:12:58.403 19990 20106 W System.err: at com.tencent.raft.threadservice.impl.v.run(Unknown Source:13)
07-27 10:12:58.403 19990 20106 W System.err: at java.lang.Thread.run(Thread.java:920)
07-27 10:12:58.425 1564 1564 I notification_enqueue: [10096,19990,com.tencent.android.qqdownloader,127,NULL,0,Notification(channel=channel_id_default_silent shortcut=null contentView=com.tencent.android.qqdownloader/0x7f0a01c2 vibrate=null sound=null defaults=0x0 flags=0x2a2 color=0x00000000 groupKey=com.tencent.android.qqdownloader vis=PRIVATE),1]
07-27 10:12:58.484 19425 19519 I HEVCDEC : Parsing /proc/cpuinfo to recover CPUID
07-27 10:12:58.485 19425 19519 I HEVCDEC : Parsing /proc/cpuinfo to recover CPUID
07-27 10:12:58.502 1564 3221 D PowerManagerService: releaseWakeLockInternal: lock=8732965 [j], flags=0x0
07-27 10:12:58.502 1564 3221 D PowerManagerNotifier: onWakeLockReleased: flags=1, tag="j", packageName=com.tencent.android.qqdownloader, ownerUid=10096, ownerPid=19990, workSource=null
07-27 10:12:58.502 1564 3221 D PowerManagerService: updateWakeLockSummaryLocked: mWakefulness=Awake, mWakeLockSummary=0x23
07-27 10:12:58.502 1564 3221 D PowerManagerService: updateUserActivitySummaryLocked: groupId=0, mWakefulness=Awake, mUserActivitySummary=0x1, nextTimeout=856889 (in 53355 ms)
07-27 10:12:58.502 1564 3221 D PowerManagerNotifier: onScreenPolicyUpdate: newPolicy=3
07-27 10:12:58.502 1564 3221 D PowerManagerService: updateDisplayPowerStateLocked: displayReady=true, groupId=0, policy=BRIGHT, mWakefulness=Awake, mWakeLockSummary=0x23, mUserActivitySummary=0x1, mBootCompleted=true, screenBrightnessOverride=NaN, useAutoBrightness=true, mScreenBrightnessBoostInProgress=false, mIsVrModeEnabled= false, sQuiescent=false
07-27 10:12:58.526 1564 1678 I commit_sys_config_file: [jobs,5]
07-27 10:12:58.540 1564 3221 D PowerManagerService: acquireWakeLockInternal: lock=221054312, flags=0x1, tag="j", ws=null, uid=10096, pid=19990
07-27 10:12:58.540 1564 3221 D PowerManagerService: updateWakeLockSummaryLocked: mWakefulness=Awake, mWakeLockSummary=0x23
07-27 10:12:58.540 1564 3221 D PowerManagerService: updateUserActivitySummaryLocked: groupId=0, mWakefulness=Awake, mUserActivitySummary=0x1, nextTimeout=856889 (in 53316 ms)
07-27 10:12:58.540 1564 3221 D PowerManagerNotifier: onScreenPolicyUpdate: newPolicy=3
07-27 10:12:58.540 1564 3221 D PowerManagerService: updateDisplayPowerStateLocked: displayReady=true, groupId=0, policy=BRIGHT, mWakefulness=Awake, mWakeLockSummary=0x23, mUserActivitySummary=0x1, mBootCompleted=true, screenBrightnessOverride=NaN, useAutoBrightness=true, mScreenBrightnessBoostInProgress=false, mIsVrModeEnabled= false, sQuiescent=false
07-27 10:12:58.540 1564 3221 D PowerManagerNotifier: onWakeLockAcquired: flags=1, tag="j", packageName=com.tencent.android.qqdownloader, ownerUid=10096, ownerPid=19990, workSource=null
07-27 10:12:58.547 1564 3221 D PowerManagerService: acquireWakeLockInternal: lock=172043649, flags=0x1, tag="j", ws=null, uid=10096, pid=19990
07-27 10:12:58.547 1564 3221 D PowerManagerService: updateWakeLockSummaryLocked: mWakefulness=Awake, mWakeLockSummary=0x23
07-27 10:12:58.547 1564 3221 D PowerManagerService: updateUserActivitySummaryLocked: groupId=0, mWakefulness=Awake, mUserActivitySummary=0x1, nextTimeout=856889 (in 53309 ms)
07-27 10:12:58.547 1564 3221 D PowerManagerNotifier: onScreenPolicyUpdate: newPolicy=3
07-27 10:12:58.547 1564 3221 D PowerManagerService: updateDisplayPowerStateLocked: displayReady=true, groupId=0, policy=BRIGHT, mWakefulness=Awake, mWakeLockSummary=0x23, mUserActivitySummary=0x1, mBootCompleted=true, screenBrightnessOverride=NaN, useAutoBrightness=true, mScreenBrightnessBoostInProgress=false, mIsVrModeEnabled= false, sQuiescent=false
07-27 10:12:58.547 1564 3221 D PowerManagerNotifier: onWakeLockAcquired: flags=1, tag="j", packageName=com.tencent.android.qqdownloader, ownerUid=10096, ownerPid=19990, workSource=null
07-27 10:12:58.572 19919 20068 D JniHelper: JniHelper::getJavaVM(), pthread_self() = 499372866736
07-27 10:12:58.626 1564 1564 I GameModeConfig: isGameModeOn = false
07-27 10:12:58.633 1963 1963 W ShadeListBuilder: (Build 361) Duplicate summary for group "0|com.tencent.android.qqdownloader|g:com.tencent.android.qqdownloader": "0|com.tencent.android.qqdownloader|3040|null|10096" vs. "0|com.tencent.android.qqdownloader|127|null|10096"
07-27 10:12:58.636 1963 1963 D InterruptionStateProvider: No bubble up: not allowed to bubble: 0|com.tencent.android.qqdownloader|127|null|10096
07-27 10:12:58.637 1963 1963 D InterruptionStateProvider: No heads up: unimportant notification: 0|com.tencent.android.qqdownloader|127|null|10096
07-27 10:12:58.652 1963 2120 D PeopleSpaceWidgetMgr: Sbn doesn't contain valid PeopleTileKey: null/0/com.tencent.android.qqdownloader
07-27 10:12:58.667 1963 1963 V NotificationMediaManager: DEBUG_MEDIA: updating album art for notification null metadata=null metaDataChanged=false state=0
07-27 10:12:58.683 1963 1963 W ShadeListBuilder: (Build 362) Duplicate summary for group "0|com.tencent.android.qqdownloader|g:com.tencent.android.qqdownloader": "0|com.tencent.android.qqdownloader|3040|null|10096" vs. "0|com.tencent.android.qqdownloader|127|null|10096"
07-27 10:12:58.916 1564 3234 D PowerManagerService: acquireWakeLockInternal: lock=220182194, flags=0x1, tag="j", ws=null, uid=10096, pid=19990
07-27 10:12:58.917 1564 3234 D PowerManagerService: updateWakeLockSummaryLocked: mWakefulness=Awake, mWakeLockSummary=0x23
07-27 10:12:58.917 1564 3234 D PowerManagerService: updateUserActivitySummaryLocked: groupId=0, mWakefulness=Awake, mUserActivitySummary=0x1, nextTimeout=856889 (in 52940 ms)
07-27 10:12:58.917 1564 3234 D PowerManagerNotifier: onScreenPolicyUpdate: newPolicy=3
07-27 10:12:58.917 1564 3234 D PowerManagerService: updateDisplayPowerStateLocked: displayReady=true, groupId=0, policy=BRIGHT, mWakefulness=Awake, mWakeLockSummary=0x23, mUserActivitySummary=0x1, mBootCompleted=true, screenBrightnessOverride=NaN, useAutoBrightness=true, mScreenBrightnessBoostInProgress=false, mIsVrModeEnabled= false, sQuiescent=false
07-27 10:12:58.917 1564 3234 D PowerManagerNotifier: onWakeLockAcquired: flags=1, tag="j", packageName=com.tencent.android.qqdownloader, ownerUid=10096, ownerPid=19990, workSource=null
07-27 10:12:58.994 19990 20115 W System.err: java.lang.IllegalStateException: beginBroadcast() called while already in a broadcast
07-27 10:12:58.994 19990 20115 W System.err: at android.os.RemoteCallbackList.beginBroadcast(RemoteCallbackList.java:243)
07-27 10:12:58.994 19990 20115 W System.err: at com.tencent.assistant.netservice.NetServiceImpl.d(Unknown Source:12)
07-27 10:12:58.994 19990 20115 W System.err: at com.tencent.assistant.protocol.environment.b.c.f(Unknown Source:96)
07-27 10:12:58.994 19990 20115 W System.err: at com.tencent.assistant.protocol.environment.b.c.a(Unknown Source:16)
07-27 10:12:58.994 19990 20115 W System.err: at com.tencent.assistant.protocol.environment.d.a(Unknown Source:4)
07-27 10:12:58.994 19990 20115 W System.err: at com.tencent.assistant.protocol.scu.d.onUpdateRspHeadData(Unknown Source:11)
07-27 10:12:58.994 19990 20115 W System.err: at com.tencent.assistant.protocol.az.onNetWorkFinish(Unknown Source:400)
07-27 10:12:58.994 19990 20115 W System.err: at com.tencent.assistant.protocol.t.a(Unknown Source:193)
