07-27 10:08:26.405 1564 2479 I wm_task_moved: [12,1,7]
07-27 10:08:26.405 1564 2479 I wm_task_to_front: [0,12]
07-27 10:08:26.408 1564 2479 I wm_set_resumed_activity: [0,com.android.settings/.homepage.SettingsHomepageActivity,positionChildAt]
07-27 10:08:26.408 1564 2479 I wm_focused_root_task: [0,0,12,16,finish-top adjustFocusToNextFocusableTask]
07-27 10:08:26.408 1564 2479 I wm_set_resumed_activity: [0,com.android.settings/.homepage.SettingsHomepageActivity,finish-top]
07-27 10:08:26.425 1564 2479 I wm_pause_activity: [0,124266436,com.tencent.android.qqdownloader/com.tencent.pangu.activity.DownloadActivity,userLeaving=false,finish]
07-27 10:08:26.436 1564 1680 I input_focus: [Focus request dd3ee8b com.android.settings/com.android.settings.homepage.SettingsHomepageActivity,reason=UpdateInputWindows]
07-27 10:08:26.447 1564 1679 I sysui_multi_action: [757,803,799,window_time_2,802,4]
07-27 10:08:26.449 8597 8597 I wm_on_stop_called: [185350762,com.tencent.assistantv2.activity.MainActivity,LIFECYCLER_STOP_ACTIVITY]
07-27 10:08:26.458 1564 1853 I input_focus: [Focus leaving d640d06 com.tencent.android.qqdownloader/com.tencent.pangu.activity.DownloadActivity (server),reason=NO_WINDOW]
07-27 10:08:26.458 1564 1853 I input_focus: [Focus entering dd3ee8b com.android.settings/com.android.settings.homepage.SettingsHomepageActivity (server),reason=setFocusedWindow]
07-27 10:08:26.481 8597 8597 I wm_on_destroy_called: [185350762,com.tencent.assistantv2.activity.MainActivity,performDestroy]
07-27 10:08:26.487 8597 8597 I wm_on_top_resumed_lost_called: [124266436,com.tencent.pangu.activity.DownloadActivity,topStateChangedWhenResumed]
07-27 10:08:26.491 6985 6985 I wm_on_top_resumed_gained_called: [24950209,com.android.settings.homepage.SettingsHomepageActivity,topStateChangedWhenResumed]
07-27 10:08:26.495 8597 8597 I wm_on_paused_called: [124266436,com.tencent.pangu.activity.DownloadActivity,performPause]
07-27 10:08:26.507 1564 9979 I wm_destroy_activity: [0,124266436,16,com.tencent.android.qqdownloader/com.tencent.pangu.activity.DownloadActivity,finish-imm:completePausedLocked]
07-27 10:08:26.512 1564 1679 I sysui_multi_action: [757,803,799,window_time_0,802,0]
07-27 10:08:26.528 8597 8597 I wm_on_stop_called: [124266436,com.tencent.pangu.activity.DownloadActivity,LIFECYCLER_STOP_ACTIVITY]
07-27 10:08:26.545 8597 8597 I wm_on_destroy_called: [124266436,com.tencent.pangu.activity.DownloadActivity,performDestroy]
07-27 10:08:26.792 1564 1680 I wm_task_removed: [16,removeChild:removeChild last r=ActivityRecord{76827c4 u0 com.tencent.android.qqdownloader/com.tencent.pangu.activity.DownloadActivity taskAffinity=10096:com.tencent.android.qqdownloader t-1 f}} in t=Task{ac1e5ae #16 type=standard A=10096:com.tencent.android.qqdownloader U=0 visible=false mode=freeform translucent=true sz=0 visible freeform task=true rootAffinity=10096:com.tencent.android.qqdownloader isMini=false}]
07-27 10:08:26.792 1564 1680 I wm_task_removed: [16,removeChild]
07-27 10:08:27.640 1564 1853 I input_interaction: Interaction with: dd3ee8b com.android.settings/com.android.settings.homepage.SettingsHomepageActivity (server), edge-swipe (server), swipe-up (server), PointerEventDispatcher0 (server),
07-27 10:08:27.659 1564 2465 I wm_task_moved: [1,0,0]
07-27 10:08:27.660 1564 2465 I wm_task_moved: [1,0,5]
07-27 10:08:27.670 2647 2647 I wm_on_restart_called: [54944540,com.android.launcher3.uioverrides.QuickstepLauncher,performRestartActivity]
07-27 10:08:27.737 2647 2647 I wm_on_start_called: [54944540,com.android.launcher3.uioverrides.QuickstepLauncher,handleStartActivity]
07-27 10:08:27.739 6985 6985 I view_enqueue_input_event: [Motion - Cancel,com.android.settings/com.android.settings.homepage.SettingsHomepageActivity]
07-27 10:08:27.740 1564 1680 I input_focus: [Focus request recents_animation_input_consumer,reason=UpdateInputWindows]
07-27 10:08:27.742 1564 1853 I input_interaction: Interaction with: edge-swipe (server), swipe-up (server), PointerEventDispatcher0 (server),
07-27 10:08:27.755 2647 2647 I sysui_latency: [1,115]
07-27 10:08:27.761 1564 1853 I input_focus: [Focus leaving dd3ee8b com.android.settings/com.android.settings.homepage.SettingsHomepageActivity (server),reason=NOT_FOCUSABLE]
07-27 10:08:27.761 1564 1853 I input_focus: [Focus entering recents_animation_input_consumer (server),reason=setFocusedWindow]
07-27 10:08:27.771 870 870 I auditd : type=1400 audit(0.0:11285): avc: denied { add_name } for comm="perf@2.2-servic" name="min_freq" scontext=u:r:vendor_hal_perf_default:s0 tcontext=u:object_r:vendor_sysfs_devfreq:s0 tclass=dir permissive=1
07-27 10:08:27.775 1564 1676 I sysui_multi_action: [319,8,322,110,325,532,757,761,758,9,759,5,806,com.android.launcher3,871,com.android.launcher3.uioverrides.QuickstepLauncher,904,com.android.launcher3,905,0,1320,4,1321,1]
07-27 10:08:27.939 1564 1843 I commit_sys_config_file: [settings-1-0,4]
07-27 10:08:28.072 1564 1692 I sysui_latency: [8,124]
07-27 10:08:28.454 1564 8495 I wm_task_moved: [1,1,6]
07-27 10:08:28.455 1564 8495 I wm_task_moved: [9,1,2147483647]
07-27 10:08:28.455 1564 8495 I wm_task_to_front: [0,9]
07-27 10:08:28.455 1564 8495 I wm_focused_root_task: [0,0,1,12,RecentsAnimation.onAnimationFinished()]
07-27 10:08:28.455 6985 6985 I wm_on_top_resumed_lost_called: [24950209,com.android.settings.homepage.SettingsHomepageActivity,topStateChangedWhenResumed]
07-27 10:08:28.455 1564 8495 I wm_set_resumed_activity: [0,com.android.launcher3/.uioverrides.QuickstepLauncher,RecentsAnimation.onAnimationFinished()]
07-27 10:08:28.457 1564 8495 I wm_pause_activity: [0,24950209,com.android.settings/.homepage.SettingsHomepageActivity,userLeaving=true,pauseBackTasks]
07-27 10:08:28.458 1564 8495 I wm_add_to_stopping: [0,24950209,com.android.settings/.homepage.SettingsHomepageActivity,makeInvisible]
07-27 10:08:28.458 1564 8495 I wm_set_resumed_activity: [0,com.android.launcher3/.uioverrides.QuickstepLauncher,resumeTopActivityInnerLocked]
07-27 10:08:28.460 1564 8495 I wm_resume_activity: [0,54944540,9,com.android.launcher3/.uioverrides.QuickstepLauncher]
07-27 10:08:28.460 2647 2647 I wm_on_resume_called: [54944540,com.android.launcher3.uioverrides.QuickstepLauncher,RESUME_ACTIVITY]
07-27 10:08:28.464 1564 1680 I input_focus: [Focus request a55939e com.android.launcher3/com.android.launcher3.uioverrides.QuickstepLauncher,reason=UpdateInputWindows]
07-27 10:08:28.465 6985 6985 I sysui_multi_action: [757,35,758,2,1089,5711]
07-27 10:08:28.466 6985 6985 I sysui_multi_action: [757,747,758,2,1089,5709]
07-27 10:08:28.466 6985 6985 I wm_on_paused_called: [24950209,com.android.settings.homepage.SettingsHomepageActivity,performPause]
07-27 10:08:28.468 1564 1679 I wm_stop_activity: [0,24950209,com.android.settings/.homepage.SettingsHomepageActivity]
07-27 10:08:28.469 1564 1679 I sysui_multi_action: [757,803,799,window_time_0,802,2]
07-27 10:08:28.473 2647 2647 I wm_on_top_resumed_gained_called: [54944540,com.android.launcher3.uioverrides.QuickstepLauncher,topStateChangedWhenResumed]
07-27 10:08:28.476 1564 1679 I sysui_multi_action: [757,803,799,window_time_0,802,0]
07-27 10:08:28.478 1564 1679 I am_kill : [0,10149,com.android.providers.calendar,925,empty #2]
07-27 10:08:28.479 1564 1853 I input_focus: [Focus leaving recents_animation_input_consumer (server),reason=NOT_VISIBLE]
07-27 10:08:28.480 1564 1853 I input_focus: [Focus entering a55939e com.android.launcher3/com.android.launcher3.uioverrides.QuickstepLauncher (server),reason=setFocusedWindow]
07-27 10:08:28.500 6985 6985 I wm_on_stop_called: [24950209,com.android.settings.homepage.SettingsHomepageActivity,STOP_ACTIVITY_ITEM]
07-27 10:08:28.508 1564 3537 I am_proc_died: [0,10149,com.android.providers.calendar,925,19]
07-27 10:08:28.508 1564 3537 I am_uid_stopped: 10027
07-27 10:08:29.674 1564 1853 I input_interaction: Interaction with: a55939e com.android.launcher3/com.android.launcher3.uioverrides.QuickstepLauncher (server), 830e89c com.android.systemui.ImageWallpaper (server), edge-swipe (server), swipe-up (server), PointerEventDispatcher0 (server),
07-27 10:08:32.219 1564 8495 I wm_task_created: [20,-1]
07-27 10:08:32.222 1564 8495 I service_manager_stats: [100,56,27850]
07-27 10:08:32.223 1564 8495 I wm_task_moved: [20,1,7]
07-27 10:08:32.223 1564 8495 I wm_task_to_front: [0,20]
07-27 10:08:32.223 1564 8495 I wm_create_task: [0,20]
07-27 10:08:32.223 1564 8495 I wm_create_activity: [0,229260830,20,com.tencent.qqlive/.ona.activity.SplashHomeActivity,android.intent.action.MAIN,NULL,NULL,270532608]
07-27 10:08:32.223 1564 8495 I wm_task_moved: [20,1,7]
07-27 10:08:32.226 1564 1679 I am_uid_running: 10100
07-27 10:08:32.227 2647 2647 I wm_on_top_resumed_lost_called: [54944540,com.android.launcher3.uioverrides.QuickstepLauncher,topStateChangedWhenResumed]
07-27 10:08:32.232 1564 1695 I am_proc_start: [0,10448,10100,com.tencent.qqlive,top-activity,{com.tencent.qqlive/com.tencent.qqlive.ona.activity.SplashHomeActivity}]
07-27 10:08:32.246 1564 8495 I am_proc_bound: [0,10448,com.tencent.qqlive]
07-27 10:08:32.248 1564 8495 I wm_restart_activity: [0,229260830,20,com.tencent.qqlive/.ona.activity.SplashHomeActivity]
07-27 10:08:32.249 1564 8495 I wm_set_resumed_activity: [0,com.tencent.qqlive/.ona.activity.SplashHomeActivity,minimalResumeActivityLocked]
07-27 10:08:32.249 1564 8495 I am_uid_active: 10100
07-27 10:08:32.379 10448 10448 I wm_on_create_called: [229260830,com.tencent.qqlive.ona.activity.SplashHomeActivity,performCreate]
07-27 10:08:32.389 10448 10448 I wm_on_start_called: [229260830,com.tencent.qqlive.ona.activity.SplashHomeActivity,handleStartActivity]
07-27 10:08:32.390 10448 10448 I wm_on_resume_called: [229260830,com.tencent.qqlive.ona.activity.SplashHomeActivity,RESUME_ACTIVITY]
07-27 10:08:32.392 10448 10448 I wm_on_top_resumed_gained_called: [229260830,com.tencent.qqlive.ona.activity.SplashHomeActivity,topStateChangedWhenResumed]
07-27 10:08:32.399 1564 1680 I input_focus: [Focus request 70ab0df com.tencent.qqlive/com.tencent.qqlive.ona.activity.SplashHomeActivity,reason=UpdateInputWindows]
07-27 10:08:32.421 1564 1853 I input_focus: [Focus leaving a55939e com.android.launcher3/com.android.launcher3.uioverrides.QuickstepLauncher (server),reason=Waiting for window because NOT_VISIBLE]
07-27 10:08:32.464 1564 1676 I sysui_multi_action: [319,255,322,254,325,537,757,761,758,7,759,2,806,com.tencent.qqlive,871,com.tencent.qqlive.ona.activity.SplashHomeActivity,904,com.android.launcher3,905,0,945,40,1320,4,1321,4]
07-27 10:08:32.466 1564 1676 I wm_activity_launch_time: [0,229260830,com.tencent.qqlive/.ona.activity.SplashHomeActivity,254]
07-27 10:08:32.472 1564 1853 I input_focus: [Focus entering 70ab0df com.tencent.qqlive/com.tencent.qqlive.ona.activity.SplashHomeActivity (server),reason=Window became focusable. Previous reason: NOT_VISIBLE]
07-27 10:08:32.473 1564 1679 I am_kill : [0,10236,com.android.packageinstaller,915,empty #2]
07-27 10:08:32.497 1564 2776 I am_proc_died: [0,10236,com.android.packageinstaller,915,19]
07-27 10:08:32.497 1564 2776 I am_uid_stopped: 10020
07-27 10:08:37.121 1564 1958 I sync : [com.tencent.android.qqdownloader.YYBLiveAccountProvider,0,3,24220937]
07-27 10:08:37.132 1564 1692 I am_pss : [9331,10096,com.tencent.ilink.ServiceProcess,66854912,56053760,0,193761280,0,4,16]
07-27 10:08:37.142 1564 1692 I am_pss : [8915,10070,com.android.webview:webview_service,16944128,3747840,0,83865600,0,4,6]
07-27 10:08:37.143 1564 1958 I sync : [com.tencent.android.qqdownloader.YYBLiveAccountProvider,1,3,24220937]
07-27 10:08:37.151 1564 1692 I am_pss : [8895,99003,com.android.webview:sandboxed_process0:org.chromium.content.app.SandboxedProcessService0:0,51903488,37826560,0,116011008,0,4,7]
07-27 10:08:37.160 1564 1692 I am_pss : [8642,10096,com.tencent.android.qqdownloader:cloud,38819840,31744000,0,149864448,0,4,8]
07-27 10:08:37.169 1564 1958 I commit_sys_config_file: [sync-status,482108]
07-27 10:08:37.180 1564 1958 I sync : [com.tencent.android.qqdownloader.YYBLiveAccountProvider,0,3,24220937]
07-27 10:08:37.200 1564 1958 I sync : [com.tencent.android.qqdownloader.YYBLiveAccountProvider,1,3,24220937]
07-27 10:08:37.202 1564 1958 I commit_sys_config_file: [sync-status,482141]
07-27 10:08:37.572 1564 1853 I input_interaction: Interaction with: 70ab0df com.tencent.qqlive/com.tencent.qqlive.ona.activity.SplashHomeActivity (server), edge-swipe (server), swipe-up (server), PointerEventDispatcher0 (server),
07-27 10:08:37.748 1564 1680 I input_focus: [Focus request c662456 com.tencent.qqlive/com.tencent.qqlive.ona.activity.SplashHomeActivity,reason=UpdateInputWindows]
07-27 10:08:37.771 1564 1853 I input_focus: [Focus entering c662456 com.tencent.qqlive/com.tencent.qqlive.ona.activity.SplashHomeActivity (server),reason=setFocusedWindow]
07-27 10:08:37.791 1564 1695 I am_proc_start: [0,10549,10100,com.tencent.qqlive:cache,service,{com.tencent.qqlive/com.tencent.qqlive.ipc.BroadcastService}]
07-27 10:08:37.804 1564 1695 I am_proc_start: [0,10559,10100,com.tencent.qqlive:services,service,{com.tencent.qqlive/com.tencent.qqlive.pay.service.PayService}]
07-27 10:08:37.811 10448 10448 I auditd : type=1400 audit(0.0:11286): avc: denied { read } for comm="public_io_pool-" name="version" dev="proc" ino=4026532247 scontext=u:r:untrusted_app:s0:c100,c256,c512,c768 tcontext=u:object_r:proc_version:s0 tclass=file permissive=1 app=com.tencent.qqlive
07-27 10:08:37.811 10448 10448 I auditd : type=1400 audit(0.0:11287): avc: denied { open } for comm="public_io_pool-" path="/proc/version" dev="proc" ino=4026532247 scontext=u:r:untrusted_app:s0:c100,c256,c512,c768 tcontext=u:object_r:proc_version:s0 tclass=file permissive=1 app=com.tencent.qqlive
07-27 10:08:37.811 10448 10448 I auditd : type=1400 audit(0.0:11288): avc: denied { getattr } for comm="public_io_pool-" path="/proc/version" dev="proc" ino=4026532247 scontext=u:r:untrusted_app:s0:c100,c256,c512,c768 tcontext=u:object_r:proc_version:s0 tclass=file permissive=1 app=com.tencent.qqlive
07-27 10:08:37.831 10448 10448 I auditd : type=1400 audit(0.0:11289): avc: denied { open } for comm="public_io_pool-" path="/dev/__properties__/u:object_r:wifi_hal_prop:s0" dev="tmpfs" ino=11747 scontext=u:r:untrusted_app:s0:c100,c256,c512,c768 tcontext=u:object_r:wifi_hal_prop:s0 tclass=file permissive=1 app=com.tencent.qqlive
07-27 10:08:37.831 10448 10448 I auditd : type=1400 audit(0.0:11290): avc: denied { getattr } for comm="public_io_pool-" path="/dev/__properties__/u:object_r:wifi_hal_prop:s0" dev="tmpfs" ino=11747 scontext=u:r:untrusted_app:s0:c100,c256,c512,c768 tcontext=u:object_r:wifi_hal_prop:s0 tclass=file permissive=1 app=com.tencent.qqlive
07-27 10:08:37.840 1564 10539 I am_proc_bound: [0,10549,com.tencent.qqlive:cache]
07-27 10:08:37.847 1564 2465 I am_proc_bound: [0,10559,com.tencent.qqlive:services]
07-27 10:08:37.878 1564 2776 I wm_finish_activity: [0,229260830,20,com.tencent.qqlive/.ona.activity.SplashHomeActivity,app-request]
07-27 10:08:37.879 1564 2776 I wm_task_moved: [1,1,7]
07-27 10:08:37.880 1564 2776 I wm_set_resumed_activity: [0,com.android.launcher3/.uioverrides.QuickstepLauncher,positionChildAt]
07-27 10:08:37.880 1564 2776 I wm_task_moved: [9,1,2147483647]
07-27 10:08:37.880 1564 2776 I wm_task_to_front: [0,9]
07-27 10:08:37.880 1564 2776 I wm_focused_root_task: [0,0,1,-1,finish-top adjustFocusToNextFocusableTask]
07-27 10:08:37.880 1564 2776 I wm_set_resumed_activity: [0,com.android.launcher3/.uioverrides.QuickstepLauncher,finish-top]
07-27 10:08:37.890 1564 2776 I wm_pause_activity: [0,229260830,com.tencent.qqlive/.ona.activity.SplashHomeActivity,userLeaving=false,finish]
07-27 10:08:37.896 1564 1680 I input_focus: [Focus request a55939e com.android.launcher3/com.android.launcher3.uioverrides.QuickstepLauncher,reason=UpdateInputWindows]
07-27 10:08:37.913 1564 10539 I wm_task_created: [21,-1]
07-27 10:08:37.916 1564 10539 I wm_task_moved: [21,1,8]
07-27 10:08:37.916 1564 10539 I wm_task_to_front: [0,21]
07-27 10:08:37.917 1564 10539 I wm_create_task: [0,21]
07-27 10:08:37.917 1564 10539 I wm_create_activity: [0,183975342,21,com.tencent.qqlive/.ona.activity.SplashHomeActivity,NULL,NULL,NULL,335544320]
07-27 10:08:37.917 1564 10539 I wm_task_moved: [21,1,8]
07-27 10:08:37.918 1564 1853 I input_focus: [Focus leaving c662456 com.tencent.qqlive/com.tencent.qqlive.ona.activity.SplashHomeActivity (server),reason=NO_WINDOW]
07-27 10:08:37.918 1564 1853 I input_focus: [Focus entering a55939e com.android.launcher3/com.android.launcher3.uioverrides.QuickstepLauncher (server),reason=setFocusedWindow]
07-27 10:08:37.926 1564 10539 I am_uid_running: 10098
07-27 10:08:37.935 10448 10448 I wm_on_top_resumed_lost_called: [229260830,com.tencent.qqlive.ona.activity.SplashHomeActivity,topStateChangedWhenResumed]
07-27 10:08:37.936 10448 10448 I wm_on_paused_called: [229260830,com.tencent.qqlive.ona.activity.SplashHomeActivity,performPause]
07-27 10:08:37.936 1564 2465 I wm_add_to_stopping: [0,229260830,com.tencent.qqlive/.ona.activity.SplashHomeActivity,completeFinishing]
07-27 10:08:37.938 1564 2465 I wm_restart_activity: [0,183975342,21,com.tencent.qqlive/.ona.activity.SplashHomeActivity]
07-27 10:08:37.938 1564 2465 I wm_set_resumed_activity: [0,com.tencent.qqlive/.ona.activity.SplashHomeActivity,minimalResumeActivityLocked]
07-27 10:08:37.942 1564 1695 I am_proc_start: [0,10685,10098,com.tencent.mm,content provider,{com.tencent.mm/com.tencent.mm.plugin.base.stub.MMPluginProvider}]
07-27 10:08:37.943 1564 1679 I sysui_multi_action: [757,803,799,window_time_0,802,9]
07-27 10:08:37.987 1564 2776 I am_proc_bound: [0,10685,com.tencent.mm]
07-27 10:08:37.995 1564 2776 I am_uid_active: 10098
07-27 10:08:38.012 1564 1843 I commit_sys_config_file: [settings-3-0,11]
07-27 10:08:38.033 10448 10448 I wm_on_create_called: [183975342,com.tencent.qqlive.ona.activity.SplashHomeActivity,performCreate]
07-27 10:08:38.063 1564 2465 I am_kill : [0,8642,com.tencent.android.qqdownloader:cloud,905,empty #2]
07-27 10:08:38.074 1564 9979 I am_kill : [0,8506,com.tencent.android.qqdownloader:live,100,stop com.tencent.android.qqdownloader due to start instr]
07-27 10:08:38.076 1564 9979 I am_kill : [0,8597,com.tencent.android.qqdownloader,0,stop com.tencent.android.qqdownloader due to start instr]
07-27 10:08:38.101 1564 9979 I am_kill : [0,9331,com.tencent.ilink.ServiceProcess,0,stop com.tencent.android.qqdownloader due to start instr]
07-27 10:08:38.102 1564 9979 I am_uid_stopped: 10096
07-27 10:08:38.102 1564 9979 I am_kill : [0,8557,com.tencent.android.qqdownloader:daemon,0,stop com.tencent.android.qqdownloader due to start instr]
07-27 10:08:38.104 1564 9979 I am_kill : [0,8895,com.android.webview:sandboxed_process0:org.chromium.content.app.SandboxedProcessService0:0,0,isolated not needed]
07-27 10:08:38.110 1564 9979 I am_uid_running: 10096
07-27 10:08:38.115 1564 1679 I am_uid_active: 10096
07-27 10:08:38.118 1564 2664 I am_uid_running: 99004
07-27 10:08:38.143 1564 1695 I am_proc_start: [0,10782,10096,com.tencent.android.qqdownloader:daemon,added application,com.tencent.android.qqdownloader:daemon]
07-27 10:08:38.147 1564 1695 I am_proc_start: [0,10804,99004,com.android.webview:sandboxed_process0:org.chromium.content.app.SandboxedProcessService0:0,,{com.tencent.qqlive/org.chromium.content.app.SandboxedProcessService0:0}]
07-27 10:08:38.171 1564 2664 I am_proc_bound: [0,10804,com.android.webview:sandboxed_process0:org.chromium.content.app.SandboxedProcessService0:0]
07-27 10:08:38.173 1564 2664 I am_uid_active: 99004
07-27 10:08:38.210 1564 6960 I am_proc_bound: [0,10782,com.tencent.android.qqdownloader:daemon]
07-27 10:08:38.251 10448 10448 I wm_on_start_called: [183975342,com.tencent.qqlive.ona.activity.SplashHomeActivity,handleStartActivity]
07-27 10:08:38.267 10448 10448 I wm_on_resume_called: [183975342,com.tencent.qqlive.ona.activity.SplashHomeActivity,RESUME_ACTIVITY]
07-27 10:08:38.309 1564 1680 I input_focus: [Focus request 91c9051 com.tencent.qqlive/com.tencent.qqlive.ona.activity.SplashHomeActivity,reason=UpdateInputWindows]
07-27 10:08:38.321 10448 10448 I wm_on_top_resumed_gained_called: [183975342,com.tencent.qqlive.ona.activity.SplashHomeActivity,topStateChangedWhenResumed]
07-27 10:08:38.338 1564 1853 I input_focus: [Focus leaving a55939e com.android.launcher3/com.android.launcher3.uioverrides.QuickstepLauncher (server),reason=Waiting for window because NOT_VISIBLE]
07-27 10:08:38.346 1564 1676 I wm_activity_launch_time: [0,183975342,com.tencent.qqlive/.ona.activity.SplashHomeActivity,429]
07-27 10:08:38.353 1564 1853 I input_focus: [Focus entering 91c9051 com.tencent.qqlive/com.tencent.qqlive.ona.activity.SplashHomeActivity (server),reason=Window became focusable. Previous reason: NOT_VISIBLE]
07-27 10:08:38.510 1564 2664 I am_proc_died: [0,8895,com.android.webview:sandboxed_process0:org.chromium.content.app.SandboxedProcessService0:0,0,10]
07-27 10:08:38.510 1564 2664 I am_uid_stopped: 99003
07-27 10:08:38.537 1564 1695 I am_proc_start: [0,11045,10096,com.tencent.android.qqdownloader:live,service,{com.tencent.android.qqdownloader/com.tencent.assistant.syscomponent.MediaRouteProviderService2}]
07-27 10:08:38.576 1564 2776 I am_wtf : [0,10685,com.tencent.mm,949501508,FirebaseApp,Remote stack trace:
07-27 10:08:38.576 1564 2776 I am_wtf : at com.android.server.content.ContentService.registerContentObserver(ContentService.java:357)
07-27 10:08:38.576 1564 2776 I am_wtf : at android.content.IContentService$Stub.onTransact(IContentService.java:484)
07-27 10:08:38.576 1564 2776 I am_wtf : at android.os.Binder.execTransactInternal(Binder.java:1179)
07-27 10:08:38.576 1564 2776 I am_wtf : at android.os.Binder.execTransact(Binder.java:1143)
07-27 10:08:38.576 1564 2776 I am_wtf : ]
07-27 10:08:38.595 1564 11038 I am_proc_bound: [0,11045,com.tencent.android.qqdownloader:live]
07-27 10:08:38.637 1564 1679 I wm_destroy_activity: [0,229260830,20,com.tencent.qqlive/.ona.activity.SplashHomeActivity,finish-imm:idle]
07-27 10:08:38.660 10448 10448 I wm_on_stop_called: [229260830,com.tencent.qqlive.ona.activity.SplashHomeActivity,LIFECYCLER_STOP_ACTIVITY]
07-27 10:08:38.706 1564 1695 I am_proc_start: [0,11163,10096,com.tencent.android.qqdownloader,content provider,{com.tencent.android.qqdownloader/com.tencent.assistant.db.contentprovider.WallpaperProvider}]
07-27 10:08:38.719 1564 1695 I am_proc_start: [0,11170,10096,com.tencent.android.qqdownloader:cloud,service,{com.tencent.android.qqdownloader/com.live.watermelon.service.SentryAlphaService}]
07-27 10:08:38.730 10448 10448 I wm_on_destroy_called: [229260830,com.tencent.qqlive.ona.activity.SplashHomeActivity,performDestroy]
07-27 10:08:38.734 1564 2776 I wm_task_removed: [20,removeChild:removeChild last r=ActivityRecord{daa3e1e u0 com.tencent.qqlive/.ona.activity.SplashHomeActivity taskAffinity=10100:com.tencent.qqlive t-1 f}} in t=Task{aa61b15 #20 type=standard A=10100:com.tencent.qqlive U=0 visible=false mode=freeform translucent=true sz=0 visible freeform task=false rootAffinity=10100:com.tencent.qqlive isMini=false}]
07-27 10:08:38.734 1564 2776 I wm_task_removed: [20,removeChild]
07-27 10:08:38.753 1564 11154 I am_proc_bound: [0,11163,com.tencent.android.qqdownloader]
07-27 10:08:38.757 1564 2776 I am_proc_bound: [0,11170,com.tencent.android.qqdownloader:cloud]
07-27 10:08:38.919 11248 11248 I auditd : type=1400 audit(0.0:11989): avc: denied { open } for comm="getprop" path="/dev/__properties__/u:object_r:ab_update_gki_prop:s0" dev="tmpfs" ino=11408 scontext=u:r:untrusted_app_27:s0:c512,c768 tcontext=u:object_r:ab_update_gki_prop:s0 tclass=file permissive=1 app=com.tencent.android.qqdownloader
07-27 10:08:38.919 11248 11248 I auditd : type=1400 audit(0.0:11990): avc: denied { getattr } for comm="getprop" path="/dev/__properties__/u:object_r:ab_update_gki_prop:s0" dev="tmpfs" ino=11408 scontext=u:r:untrusted_app_27:s0:c512,c768 tcontext=u:object_r:ab_update_gki_prop:s0 tclass=file permissive=1 app=com.tencent.android.qqdownloader
07-27 10:08:38.919 11248 11248 I auditd : type=1400 audit(0.0:11991): avc: denied { map } for comm="getprop" path="/dev/__properties__/u:object_r:ab_update_gki_prop:s0" dev="tmpfs" ino=11408 scontext=u:r:untrusted_app_27:s0:c512,c768 tcontext=u:object_r:ab_update_gki_prop:s0 tclass=file permissive=1 app=com.tencent.android.qqdownloader
07-27 10:08:38.919 11248 11248 I auditd : type=1400 audit(0.0:11992): avc: denied { open } for comm="getprop" path="/dev/__properties__/u:object_r:adbd_prop:s0" dev="tmpfs" ino=11410 scontext=u:r:untrusted_app_27:s0:c512,c768 tcontext=u:object_r:adbd_prop:s0 tclass=file permissive=1 app=com.tencent.android.qqdownloader
07-27 10:08:38.919 11248 11248 I auditd : type=1400 audit(0.0:11993): avc: denied { getattr } for comm="getprop" path="/dev/__properties__/u:object_r:adbd_prop:s0" dev="tmpfs" ino=11410 scontext=u:r:untrusted_app_27:s0:c512,c768 tcontext=u:object_r:adbd_prop:s0 tclass=file permissive=1 app=com.tencent.android.qqdownloader
07-27 10:08:39.037 1564 3221 I am_kill : [0,10331,com.android.permissioncontroller,905,empty #2]
07-27 10:08:39.092 1564 11296 I am_proc_died: [0,10331,com.android.permissioncontroller,905,19]
07-27 10:08:39.092 1564 11296 I am_uid_stopped: 10093
07-27 10:08:39.152 1564 1678 I commit_sys_config_file: [jobs,8]
07-27 10:08:39.442 1564 3221 I netstats_mobile_sample: [0,0,0,0,0,0,0,0,0,0,0,0,1690423715975]
07-27 10:08:39.442 1564 3221 I netstats_wifi_sample: [510663,440,1663791,2824,510663,440,1663791,2824,5472809,4712,1317475,2479,1690423715975]
07-27 10:08:40.188 1564 1695 I am_proc_start: [0,11720,10098,com.tencent.mm:push,service,{com.tencent.mm/com.tencent.mm.booter.CoreService}]
07-27 10:08:40.215 1564 2785 I am_proc_bound: [0,11720,com.tencent.mm:push]
07-27 10:08:40.267 11720 11720 I auditd : type=1400 audit(0.0:13835): avc: denied { read } for comm="tencent.mm:push" name="anr" dev="dm-10" ino=34 scontext=u:r:untrusted_app_29:s0:c98,c256,c512,c768 tcontext=u:object_r:anr_data_file:s0 tclass=dir permissive=1 app=com.tencent.mm
07-27 10:08:40.427 11814 11814 I auditd : type=1400 audit(0.0:13836): avc: granted { bind } for comm="ip" scontext=u:r:untrusted_app_29:s0:c98,c256,c512,c768 tcontext=u:r:untrusted_app_29:s0:c98,c256,c512,c768 tclass=netlink_route_socket app=com.tencent.mm
07-27 10:08:40.439 11720 11720 I auditd : type=1400 audit(0.0:13837): avc: granted { nlmsg_readpriv } for comm="mars::11812" scontext=u:r:untrusted_app_29:s0:c98,c256,c512,c768 tcontext=u:r:untrusted_app_29:s0:c98,c256,c512,c768 tclass=netlink_route_socket app=com.tencent.mm
07-27 10:08:40.439 11720 11720 I auditd : type=1400 audit(0.0:13838): avc: granted { nlmsg_readpriv } for comm="mars::11812" scontext=u:r:untrusted_app_29:s0:c98,c256,c512,c768 tcontext=u:r:untrusted_app_29:s0:c98,c256,c512,c768 tclass=netlink_route_socket app=com.tencent.mm
07-27 10:08:40.475 11720 11720 I auditd : type=1400 audit(0.0:13839): avc: granted { nlmsg_readpriv } for comm="mars::11832" scontext=u:r:untrusted_app_29:s0:c98,c256,c512,c768 tcontext=u:r:untrusted_app_29:s0:c98,c256,c512,c768 tclass=netlink_route_socket app=com.tencent.mm
07-27 10:08:41.291 1564 1853 I input_interaction: Interaction with: 91c9051 com.tencent.qqlive/com.tencent.qqlive.ona.activity.SplashHomeActivity (server), edge-swipe (server), swipe-up (server), PointerEventDispatcher0 (server),
07-27 10:08:41.567 11163 11163 I auditd : type=1400 audit(0.0:13894): avc: granted { nlmsg_readpriv } for comm="halley_2800_Tem" scontext=u:r:untrusted_app_27:s0:c512,c768 tcontext=u:r:untrusted_app_27:s0:c512,c768 tclass=netlink_route_socket app=com.tencent.android.qqdownloader
07-27 10:08:41.607 10448 10448 I auditd : type=1400 audit(0.0:13895): avc: denied { open } for comm=".baseapi.thread" path="/dev/__properties__/u:object_r:vendor_default_prop:s0" dev="tmpfs" ino=11661 scontext=u:r:untrusted_app:s0:c100,c256,c512,c768 tcontext=u:object_r:vendor_default_prop:s0 tclass=file permissive=1 app=com.tencent.qqlive
07-27 10:08:41.607 10448 10448 I auditd : type=1400 audit(0.0:13896): avc: denied { getattr } for comm=".baseapi.thread" path="/dev/__properties__/u:object_r:vendor_default_prop:s0" dev="tmpfs" ino=11661 scontext=u:r:untrusted_app:s0:c100,c256,c512,c768 tcontext=u:object_r:vendor_default_prop:s0 tclass=file permissive=1 app=com.tencent.qqlive
07-27 10:08:41.607 10448 10448 I auditd : type=1400 audit(0.0:13897): avc: denied { map } for comm=".baseapi.thread" path="/dev/__properties__/u:object_r:vendor_default_prop:s0" dev="tmpfs" ino=11661 scontext=u:r:untrusted_app:s0:c100,c256,c512,c768 tcontext=u:object_r:vendor_default_prop:s0 tclass=file permissive=1 app=com.tencent.qqlive
07-27 10:08:41.711 10559 10559 I auditd : type=1400 audit(0.0:13898): avc: denied { getattr } for comm="Shark-Looper-Ma" path="/proc/version" dev="proc" ino=4026532247 scontext=u:r:untrusted_app:s0:c100,c256,c512,c768 tcontext=u:object_r:proc_version:s0 tclass=file permissive=1 app=com.tencent.qqlive
07-27 10:08:42.257 1564 1749 I commit_sys_config_file: [package-user-0,5]
07-27 10:08:42.312 1564 3221 D TelephonyRegistry: listen oscl: mHasNotifySubscriptionInfoChangedOccurred==false no callback
07-27 10:08:42.625 1564 1676 I am_uid_running: 10093
07-27 10:08:42.642 1564 1695 I am_proc_start: [0,12156,10093,com.android.permissioncontroller,service,{com.android.permissioncontroller/com.android.permissioncontroller.permission.service.PermissionControllerServiceImpl}]
07-27 10:08:42.670 1564 2479 I am_proc_bound: [0,12156,com.android.permissioncontroller]
07-27 10:08:42.675 1564 2479 I am_uid_active: 10093
07-27 10:08:43.331 683 683 I auditd : type=1400 audit(0.0:13904): avc: denied { getopt } for comm="Binder:683_2" scontext=u:r:netd:s0 tcontext=u:r:untrusted_app:s0:c100,c256,c512,c768 tclass=unix_stream_socket permissive=1 bug=b/77870037
07-27 10:08:43.378 1564 1692 I am_pss : [10448,10100,com.tencent.qqlive,295292928,228212736,0,537526272,0,2,23]
07-27 10:08:43.427 1564 1894 I netstats_mobile_sample: [0,0,0,0,0,0,0,0,0,0,0,0,1690423719960]
07-27 10:08:43.427 1564 1894 I netstats_wifi_sample: [514440,443,1674353,2840,514440,443,1674353,2840,5513097,4744,1325519,2493,1690423719960]
07-27 10:08:43.423 683 683 I auditd : type=1400 audit(0.0:13905): avc: denied { add_name } for comm="Binder:683_3" name="globalAlert" scontext=u:r:netd:s0 tcontext=u:object_r:proc_net:s0 tclass=dir permissive=1
07-27 10:08:43.709 1564 1564 I sysui_multi_action: [757,128,758,5,759,8,793,102908,794,0,795,26867,796,127,806,com.tencent.android.qqdownloader,857,channel_id_default_silent,858,3,946,com.tencent.android.qqdownloader,947,1,1500,26867,1688,1]
07-27 10:08:43.711 10782 10782 I auditd : type=1400 audit(0.0:13906): avc: denied { read } for comm="StartThread-52" name="drivers" dev="proc" ino=4026531852 scontext=u:r:untrusted_app_27:s0:c512,c768 tcontext=u:object_r:proc_tty_drivers:s0 tclass=file permissive=1 app=com.tencent.android.qqdownloader
07-27 10:08:43.711 10782 10782 I auditd : type=1400 audit(0.0:13907): avc: denied { open } for comm="StartThread-52" path="/proc/tty/drivers" dev="proc" ino=4026531852 scontext=u:r:untrusted_app_27:s0:c512,c768 tcontext=u:object_r:proc_tty_drivers:s0 tclass=file permissive=1 app=com.tencent.android.qqdownloader
07-27 10:08:43.711 10782 10782 I auditd : type=1400 audit(0.0:13908): avc: denied { getattr } for comm="StartThread-52" path="/proc/tty/drivers" dev="proc" ino=4026531852 scontext=u:r:untrusted_app_27:s0:c512,c768 tcontext=u:object_r:proc_tty_drivers:s0 tclass=file permissive=1 app=com.tencent.android.qqdownloader
07-27 10:08:43.784 1564 1564 I notification_enqueue: [10096,10782,com.tencent.android.qqdownloader,127,NULL,0,Notification(channel=channel_id_default_silent shortcut=null contentView=com.tencent.android.qqdownloader/0x7f0a01c2 vibrate=null sound=null defaults=0x0 flags=0x2a2 color=0x00000000 groupKey=com.tencent.android.qqdownloader vis=PRIVATE),0]
07-27 10:08:43.785 1564 1564 I sysui_multi_action: [757,128,758,5,759,8,793,2,794,0,795,2,796,127,806,com.tencent.android.qqdownloader,857,channel_id_default_silent,858,3,946,com.tencent.android.qqdownloader,947,1,1500,2]
07-27 10:08:43.786 1564 1564 I notification_canceled: [0|com.tencent.android.qqdownloader|127|null|10096,8,2,2,0,-1,-1,NULL]
07-27 10:08:44.046 1564 1680 I input_focus: [Focus request 90cbf5a com.tencent.qqlive/com.tencent.qqlive.ona.activity.SplashHomeActivity,reason=UpdateInputWindows]
07-27 10:08:44.068 1564 1853 I input_focus: [Focus leaving 91c9051 com.tencent.qqlive/com.tencent.qqlive.ona.activity.SplashHomeActivity (server),reason=Waiting for window because NOT_VISIBLE]
07-27 10:08:44.120 1564 1853 I input_focus: [Focus entering 90cbf5a com.tencent.qqlive/com.tencent.qqlive.ona.activity.SplashHomeActivity (server),reason=Window became focusable. Previous reason: NOT_VISIBLE]
07-27 10:08:44.792 1564 1564 I notification_enqueue: [10096,10782,com.tencent.android.qqdownloader,127,NULL,0,Notification(channel=channel_id_default_silent shortcut=null contentView=com.tencent.android.qqdownloader/0x7f0a01c2 vibrate=null sound=null defaults=0x0 flags=0x2a2 color=0x00000000 groupKey=com.tencent.android.qqdownloader vis=PRIVATE),0]
07-27 10:08:44.951 11163 11163 I auditd : type=1400 audit(0.0:14599): avc: denied { read } for comm="pool-13-thread-" name="version" dev="proc" ino=4026532247 scontext=u:r:untrusted_app_27:s0:c512,c768 tcontext=u:object_r:proc_version:s0 tclass=file permissive=1 app=com.tencent.android.qqdownloader
07-27 10:08:44.951 11163 11163 I auditd : type=1400 audit(0.0:14600): avc: denied { open } for comm="pool-13-thread-" path="/proc/version" dev="proc" ino=4026532247 scontext=u:r:untrusted_app_27:s0:c512,c768 tcontext=u:object_r:proc_version:s0 tclass=file permissive=1 app=com.tencent.android.qqdownloader
07-27 10:08:44.951 11163 11163 I auditd : type=1400 audit(0.0:14601): avc: denied { getattr } for comm="pool-13-thread-" path="/proc/version" dev="proc" ino=4026532247 scontext=u:r:untrusted_app_27:s0:c512,c768 tcontext=u:object_r:proc_version:s0 tclass=file permissive=1 app=com.tencent.android.qqdownloader
07-27 10:08:45.283 11163 11163 I auditd : type=1400 audit(0.0:14602): avc: granted { nlmsg_readpriv } for comm="pool-11-thread-" scontext=u:r:untrusted_app_27:s0:c512,c768 tcontext=u:r:untrusted_app_27:s0:c512,c768 tclass=netlink_route_socket app=com.tencent.android.qqdownloader
07-27 10:08:45.644 1564 1692 I sysui_multi_action: [757,1717,758,1,759,0]
07-27 10:08:45.645 1564 1692 I sysui_multi_action: [757,1717,758,2,759,0]
07-27 10:08:45.645 1564 1692 I sysui_multi_action: [757,1717,758,3,759,0]
07-27 10:08:45.801 1564 1564 I notification_enqueue: [10096,10782,com.tencent.android.qqdownloader,127,NULL,0,Notification(channel=channel_id_default_silent shortcut=null contentView=com.tencent.android.qqdownloader/0x7f0a01c2 vibrate=null sound=null defaults=0x0 flags=0x2a2 color=0x00000000 groupKey=com.tencent.android.qqdownloader vis=PRIVATE),1]
07-27 10:08:45.817 1564 1853 I input_interaction: Interaction with: 90cbf5a com.tencent.qqlive/com.tencent.qqlive.ona.activity.SplashHomeActivity (server), edge-swipe (server), swipe-up (server), PointerEventDispatcher0 (server),
07-27 10:08:45.939 10448 10448 I auditd : type=1400 audit(0.0:14603): avc: denied { read } for comm="TuringRiskThrea" name="tcp" dev="proc" ino=4026532265 scontext=u:r:untrusted_app:s0:c100,c256,c512,c768 tcontext=u:object_r:proc_net_tcp_udp:s0 tclass=file permissive=1 app=com.tencent.qqlive
07-27 10:08:45.959 10448 10448 I auditd : type=1400 audit(0.0:14606): avc: denied { read } for comm="TuringRiskThrea" name="bootstrap" dev="dm-5" ino=3003 scontext=u:r:untrusted_app:s0:c100,c256,c512,c768 tcontext=u:object_r:system_bootstrap_lib_file:s0 tclass=dir permissive=1 app=com.tencent.qqlive
07-27 10:08:45.959 10448 10448 I auditd : type=1400 audit(0.0:14607): avc: denied { read } for comm="TuringRiskThrea" name="version" dev="proc" ino=4026532247 scontext=u:r:untrusted_app:s0:c100,c256,c512,c768 tcontext=u:object_r:proc_version:s0 tclass=file permissive=1 app=com.tencent.qqlive
07-27 10:08:45.959 10448 10448 I auditd : type=1400 audit(0.0:14608): avc: denied { open } for comm="TuringRiskThrea" path="/proc/version" dev="proc" ino=4026532247 scontext=u:r:untrusted_app:s0:c100,c256,c512,c768 tcontext=u:object_r:proc_version:s0 tclass=file permissive=1 app=com.tencent.qqlive
07-27 10:08:45.959 10448 10448 I auditd : type=1400 audit(0.0:14609): avc: denied { open } for comm="TuringRiskThrea" path="/" dev="dm-5" ino=2 scontext=u:r:untrusted_app:s0:c100,c256,c512,c768 tcontext=u:object_r:rootfs:s0 tclass=dir permissive=1 app=com.tencent.qqlive
07-27 10:08:45.959 10448 10448 I auditd : type=1400 audit(0.0:14610): avc: denied { read } for comm="TuringRiskThrea" name="/" dev="configfs" ino=2084 scontext=u:r:untrusted_app:s0:c100,c256,c512,c768 tcontext=u:object_r:configfs:s0 tclass=dir permissive=1 app=com.tencent.qqlive
07-27 10:08:45.970 1564 1680 I input_focus: [Focus request 91c9051 com.tencent.qqlive/com.tencent.qqlive.ona.activity.SplashHomeActivity,reason=UpdateInputWindows]
07-27 10:08:45.991 1564 1853 I input_focus: [Focus entering 91c9051 com.tencent.qqlive/com.tencent.qqlive.ona.activity.SplashHomeActivity (server),reason=setFocusedWindow]
07-27 10:08:46.807 1564 1564 I notification_enqueue: [10096,10782,com.tencent.android.qqdownloader,127,NULL,0,Notification(channel=channel_id_default_silent shortcut=null contentView=com.tencent.android.qqdownloader/0x7f0a01c2 vibrate=null sound=null defaults=0x0 flags=0x2a2 color=0x00000000 groupKey=com.tencent.android.qqdownloader vis=PRIVATE),1]
07-27 10:08:47.203 11163 11163 I auditd : type=1400 audit(0.0:14624): avc: granted { execute } for comm="kcsdk_temporary" path="/data/user/0/com.tencent.android.qqdownloader/files/plugin/com.tencent.assistant.paganimation/arm64-v8a/libpag.so" dev="dm-10" ino=22443 scontext=u:r:untrusted_app_27:s0:c512,c768 tcontext=u:object_r:app_data_file:s0:c512,c768 tclass=file app=com.tencent.android.qqdownloader
07-27 10:08:47.814 1564 1564 I notification_enqueue: [10096,10782,com.tencent.android.qqdownloader,127,NULL,0,Notification(channel=channel_id_default_silent shortcut=null contentView=com.tencent.android.qqdownloader/0x7f0a01c2 vibrate=null sound=null defaults=0x0 flags=0x2a2 color=0x00000000 groupKey=com.tencent.android.qqdownloader vis=PRIVATE),1]
07-27 10:08:48.030 1564 1894 I netstats_mobile_sample: [0,0,0,0,0,0,0,0,0,0,0,0,1690423724563]
07-27 10:08:48.030 1564 1894 I netstats_wifi_sample: [518217,446,1684915,2856,518217,446,1684915,2856,5553385,4776,1333563,2507,1690423724563]
07-27 10:08:48.303 10549 10549 I auditd : type=1400 audit(0.0:14625): avc: denied { read } for comm="Utils-Task-Thre" name="u:object_r:wifi_hal_prop:s0" dev="tmpfs" ino=11747 scontext=u:r:untrusted_app:s0:c100,c256,c512,c768 tcontext=u:object_r:wifi_hal_prop:s0 tclass=file permissive=1 app=com.tencent.qqlive
07-27 10:08:48.303 10549 10549 I auditd : type=1400 audit(0.0:14626): avc: denied { open } for comm="Utils-Task-Thre" path="/dev/__properties__/u:object_r:wifi_hal_prop:s0" dev="tmpfs" ino=11747 scontext=u:r:untrusted_app:s0:c100,c256,c512,c768 tcontext=u:object_r:wifi_hal_prop:s0 tclass=file permissive=1 app=com.tencent.qqlive
07-27 10:08:48.303 10549 10549 I auditd : type=1400 audit(0.0:14627): avc: denied { getattr } for comm="Utils-Task-Thre" path="/dev/__properties__/u:object_r:wifi_hal_prop:s0" dev="tmpfs" ino=11747 scontext=u:r:untrusted_app:s0:c100,c256,c512,c768 tcontext=u:object_r:wifi_hal_prop:s0 tclass=file permissive=1 app=com.tencent.qqlive
07-27 10:08:48.303 10549 10549 I auditd : type=1400 audit(0.0:14628): avc: denied { map } for comm="Utils-Task-Thre" path="/dev/__properties__/u:object_r:wifi_hal_prop:s0" dev="tmpfs" ino=11747 scontext=u:r:untrusted_app:s0:c100,c256,c512,c768 tcontext=u:object_r:wifi_hal_prop:s0 tclass=file permissive=1 app=com.tencent.qqlive
07-27 10:08:48.782 1564 1692 I am_pss : [10782,10096,com.tencent.android.qqdownloader:daemon,62415872,50356224,0,187564032,0,4,12]
07-27 10:08:48.820 1564 1564 I notification_enqueue: [10096,10782,com.tencent.android.qqdownloader,127,NULL,0,Notification(channel=channel_id_default_silent shortcut=null contentView=com.tencent.android.qqdownloader/0x7f0a01c2 vibrate=null sound=null defaults=0x0 flags=0x2a2 color=0x00000000 groupKey=com.tencent.android.qqdownloader vis=PRIVATE),1]
07-27 10:08:49.828 1564 1564 I notification_enqueue: [10096,10782,com.tencent.android.qqdownloader,127,NULL,0,Notification(channel=channel_id_default_silent shortcut=null contentView=com.tencent.android.qqdownloader/0x7f0a01c2 vibrate=null sound=null defaults=0x0 flags=0x2a2 color=0x00000000 groupKey=com.tencent.android.qqdownloader vis=PRIVATE),1]
07-27 10:08:51.037 1564 1695 I am_proc_start: [0,12581,10100,com.tencent.qqlive:xg_vip_service,service,{com.tencent.qqlive/com.tencent.android.tpush.service.XGVipPushService}]
07-27 10:08:51.063 1564 3221 I am_proc_bound: [0,12581,com.tencent.qqlive:xg_vip_service]
07-27 10:08:51.287 12581 12581 I auditd : type=1400 audit(0.0:14629): avc: denied { open } for comm=".baseapi.thread" path="/dev/__properties__/u:object_r:vendor_default_prop:s0" dev="tmpfs" ino=11661 scontext=u:r:untrusted_app:s0:c100,c256,c512,c768 tcontext=u:object_r:vendor_default_prop:s0 tclass=file permissive=1 app=com.tencent.qqlive
07-27 10:08:51.287 12581 12581 I auditd : type=1400 audit(0.0:14630): avc: denied { getattr } for comm=".baseapi.thread" path="/dev/__properties__/u:object_r:vendor_default_prop:s0" dev="tmpfs" ino=11661 scontext=u:r:untrusted_app:s0:c100,c256,c512,c768 tcontext=u:object_r:vendor_default_prop:s0 tclass=file permissive=1 app=com.tencent.qqlive
07-27 10:08:51.287 12581 12581 I auditd : type=1400 audit(0.0:14631): avc: denied { map } for comm=".baseapi.thread" path="/dev/__properties__/u:object_r:vendor_default_prop:s0" dev="tmpfs" ino=11661 scontext=u:r:untrusted_app:s0:c100,c256,c512,c768 tcontext=u:object_r:vendor_default_prop:s0 tclass=file permissive=1 app=com.tencent.qqlive
07-27 10:08:51.335 11163 11163 I auditd : type=1400 audit(0.0:14632): avc: denied { open } for comm="qimei-s-thread-" path="/proc/uptime" dev="proc" ino=4026532246 scontext=u:r:untrusted_app_27:s0:c512,c768 tcontext=u:object_r:proc_uptime:s0 tclass=file permissive=1 app=com.tencent.android.qqdownloader
07-27 10:08:51.347 11163 11163 I auditd : type=1400 audit(0.0:14633): avc: denied { read } for comm="qimei-s-thread-" name="ioports" dev="proc" ino=4026532282 scontext=u:r:untrusted_app_27:s0:c512,c768 tcontext=u:object_r:proc:s0 tclass=file permissive=1 app=com.tencent.android.qqdownloader
07-27 10:08:51.500 1564 1692 I am_pss : [11163,10096,com.tencent.android.qqdownloader,80389120,68317184,0,204197888,0,4,16]
07-27 10:08:51.510 1564 1692 I am_pss : [11170,10096,com.tencent.android.qqdownloader:cloud,26674176,18829312,0,137199616,0,4,9]
07-27 10:08:52.883 1564 1911 I storage_state: [41217664-9172-527a-b3d5-edabb50a7d69,0,0,110837538816,118610538496]
07-27 10:08:53.796 1564 2664 I am_uid_running: 99005
07-27 10:08:53.816 1564 1695 I am_proc_start: [0,12830,99005,com.android.webview:sandboxed_process0:org.chromium.content.app.SandboxedProcessService0:0,,{com.tencent.android.qqdownloader/org.chromium.content.app.SandboxedProcessService0:0}]
07-27 10:08:53.840 1564 2664 I am_proc_bound: [0,12830,com.android.webview:sandboxed_process0:org.chromium.content.app.SandboxedProcessService0:0]
07-27 10:08:53.845 1564 2664 I am_uid_active: 99005
07-27 10:08:53.897 1564 1692 I am_pss : [10448,10100,com.tencent.qqlive,289098752,218521600,0,556187648,0,2,25]
07-27 10:08:53.919 10782 10782 I auditd : type=1400 audit(0.0:14637): avc: granted { execute } for comm="gatherer-1-thre" path="/data/user/0/com.tencent.android.qqdownloader/app_e_qq_com_plugin_new_b11baa871a179485a20599a8c8554089/libturingga.so" dev="dm-10" ino=10549 scontext=u:r:untrusted_app_27:s0:c512,c768 tcontext=u:object_r:app_data_file:s0:c512,c768 tclass=file app=com.tencent.android.qqdownloader
07-27 10:08:54.093 1564 1894 I netstats_mobile_sample: [0,0,0,0,0,0,0,0,0,0,0,0,1690423730625]
07-27 10:08:54.093 1564 1894 I netstats_wifi_sample: [521994,449,1703766,2890,521994,449,1703766,2890,5593673,4808,1349896,2539,1690423730625]
07-27 10:08:54.091 683 683 I auditd : type=1400 audit(0.0:14638): avc: denied { add_name } for comm="Binder:683_3" name="globalAlert" scontext=u:r:netd:s0 tcontext=u:object_r:proc_net:s0 tclass=dir permissive=1
07-27 10:08:55.089 1564 1692 I sysui_multi_action: [757,1717,758,1,759,0]
07-27 10:08:55.090 1564 1692 I sysui_multi_action: [757,1717,758,2,759,0]
07-27 10:08:55.090 1564 1692 I sysui_multi_action: [757,1717,758,3,759,0]
07-27 10:08:55.659 1564 1853 I input_interaction: Interaction with: 91c9051 com.tencent.qqlive/com.tencent.qqlive.ona.activity.SplashHomeActivity (server), edge-swipe (server), swipe-up (server), PointerEventDispatcher0 (server),
07-27 10:08:55.843 870 870 I auditd : type=1400 audit(0.0:14639): avc: denied { add_name } for comm="perf@2.2-servic" name="cpu_max_freq" scontext=u:r:vendor_hal_perf_default:s0 tcontext=u:object_r:vendor_sysfs_msm_perf:s0 tclass=dir permissive=1
07-27 10:08:55.850 1564 2479 I wm_task_moved: [21,1,7]
07-27 10:08:55.850 1564 2479 I wm_set_resumed_activity: [0,com.tencent.qqlive/.ona.activity.SplashHomeActivity,positionChildAt]
07-27 10:08:55.850 1564 2479 I wm_create_activity: [0,192034560,21,com.tencent.qqlive/.ona.activity.VideoDetailActivity,NULL,NULL,NULL,268435456]
07-27 10:08:55.851 1564 2479 I wm_pause_activity: [0,183975342,com.tencent.qqlive/.ona.activity.SplashHomeActivity,userLeaving=true,resumeTopActivityInnerLocked]
07-27 10:08:55.854 10448 10448 I wm_on_top_resumed_lost_called: [183975342,com.tencent.qqlive.ona.activity.SplashHomeActivity,topStateChangedWhenResumed]
07-27 10:08:55.857 10448 10448 I wm_on_paused_called: [183975342,com.tencent.qqlive.ona.activity.SplashHomeActivity,performPause]
07-27 10:08:55.859 1564 2664 I wm_restart_activity: [0,192034560,21,com.tencent.qqlive/.ona.activity.VideoDetailActivity]
07-27 10:08:55.860 1564 2664 I wm_set_resumed_activity: [0,com.tencent.qqlive/.ona.activity.VideoDetailActivity,minimalResumeActivityLocked]
07-27 10:08:55.862 1564 1679 I sysui_multi_action: [757,803,799,window_time_2,802,18]
07-27 10:08:55.988 10448 10448 I wm_on_create_called: [192034560,com.tencent.qqlive.ona.activity.VideoDetailActivity,performCreate]
07-27 10:08:56.014 10448 10448 I wm_on_start_called: [192034560,com.tencent.qqlive.ona.activity.VideoDetailActivity,handleStartActivity]
07-27 10:08:56.031 10448 10448 I wm_on_resume_called: [192034560,com.tencent.qqlive.ona.activity.VideoDetailActivity,RESUME_ACTIVITY]
07-27 10:08:56.045 10448 10448 I wm_on_top_resumed_gained_called: [192034560,com.tencent.qqlive.ona.activity.VideoDetailActivity,topStateChangedWhenResumed]
07-27 10:08:56.067 1564 1680 I input_focus: [Focus request 604c4a9 com.tencent.qqlive/com.tencent.qqlive.ona.activity.VideoDetailActivity,reason=UpdateInputWindows]
07-27 10:08:56.089 1564 1676 I wm_activity_launch_time: [0,192034560,com.tencent.qqlive/.ona.activity.VideoDetailActivity,246]
07-27 10:08:56.096 1564 1853 I input_focus: [Focus leaving 91c9051 com.tencent.qqlive/com.tencent.qqlive.ona.activity.SplashHomeActivity (server),reason=setFocusedWindow]
07-27 10:08:56.096 1564 1853 I input_focus: [Focus entering 604c4a9 com.tencent.qqlive/com.tencent.qqlive.ona.activity.VideoDetailActivity (server),reason=setFocusedWindow]
07-27 10:08:56.168 1564 1692 I am_pss : [10119,10065,com.thundercomm.gamemode.provider,7661568,5550080,0,94617600,0,19,5]
07-27 10:08:57.847 870 870 I auditd : type=1400 audit(0.0:14640): avc: denied { add_name } for comm="perf@2.2-servic" name="force_rail_on" scontext=u:r:vendor_hal_perf_default:s0 tcontext=u:object_r:vendor_sysfs_kgsl:s0 tclass=dir permissive=1
07-27 10:08:57.847 870 870 I auditd : type=1400 audit(0.0:14641): avc: denied { add_name } for comm="perf@2.2-servic" name="min_freq" scontext=u:r:vendor_hal_perf_default:s0 tcontext=u:object_r:vendor_sysfs_devfreq:s0 tclass=dir permissive=1
07-27 10:08:57.847 870 870 I auditd : type=1400 audit(0.0:14642): avc: denied { add_name } for comm="perf@2.2-servic" name="clkscale_enable" scontext=u:r:vendor_hal_perf_default:s0 tcontext=u:object_r:sysfs:s0 tclass=dir permissive=1
07-27 10:08:58.159 1564 1853 I input_interaction: Interaction with: 1bb457f StatusBar (server), edge-swipe (server), swipe-up (server), PointerEventDispatcher0 (server),
07-27 10:08:58.167 1963 1963 I sysui_multi_action: [757,803,799,panel_open,802,1]
07-27 10:08:58.170 1963 1963 I sysui_multi_action: [757,1328,758,4,1326,76,1327,0,1329,0]
07-27 10:08:58.234 1564 2785 I sysui_multi_action: [757,127,758,1]
07-27 10:08:58.234 1564 2785 I sysui_multi_action: [757,804,799,note_load,801,2,802,1]
07-27 10:08:58.234 1564 2785 I notification_panel_revealed: 2
07-27 10:08:58.248 1564 1680 I input_focus: [Focus request 689afdd NotificationShade,reason=UpdateInputWindows]
07-27 10:08:58.271 1564 1853 I input_focus: [Focus leaving 604c4a9 com.tencent.qqlive/com.tencent.qqlive.ona.activity.VideoDetailActivity (server),reason=Waiting for window because NOT_VISIBLE]
07-27 10:08:58.287 1564 2785 I sysui_multi_action: [757,128,758,1,793,543834,794,0,795,543834,796,26,798,0,806,android,857,DEVELOPER_IMPORTANT,858,4,947,0,1395,2,1500,543349,1688,1]
07-27 10:08:58.287 1963 1963 I sysui_multi_action: [757,111,758,1]
07-27 10:08:58.287 1963 1963 I sysui_multi_action: [757,113,758,1,759,113,927,0,928,1,1593,1]
07-27 10:08:58.287 1963 1963 I sysui_multi_action: [757,0,758,1,759,0,927,1,928,0,1593,1]
07-27 10:08:58.288 1564 2785 I sysui_multi_action: [757,804,799,note_freshness,801,543834,802,1]
07-27 10:08:58.288 1963 1963 I sysui_multi_action: [757,491,758,1,759,491,927,2,928,0,1311,-1,1593,1]
07-27 10:08:58.288 1564 2785 I notification_visibility: [-1|android|26|null|1000,1,543834,543834,0,0]
07-27 10:08:58.288 1963 1963 I sysui_multi_action: [757,0,758,1,759,0,927,3,928,0,1593,1]
