07-27 10:12:47.746 1564 1942 I EthernetNetworkFactory: networkForRequest, request: NetworkRequest [ REQUEST id=168, [ Capabilities: INTERNET&NOT_RESTRICTED&TRUSTED&NOT_VCN_MANAGED Uid: 10100 RequestorUid: 10100 RequestorPkg: com.tencent.qqlive] ], network: NetworkInterfaceState{ refCount: 15, iface: eth0, up: true, hwAddress: 36:7c:7c:00:00:0f, networkCapabilities: [ Transports: ETHERNET Capabilities: INTERNET&NOT_RESTRICTED&TRUSTED&NOT_VPN&NOT_ROAMING&NOT_CONGESTED&NOT_SUSPENDED&NOT_VCN_MANAGED LinkUpBandwidth>=100000Kbps LinkDnBandwidth>=100000Kbps], networkAgent: com.android.server.ethernet.EthernetNetworkFactory$NetworkInterfaceState$1@15a0a52, score: 70, ipClient: android.net.ip.IIpClient$Stub$Proxy@fe79123,linkProperties: {InterfaceName: eth0 LinkAddresses: [ fe80::7315:61d:4b5:5cfa/64,192.168.50.16/24 ] DnsAddresses: [ /101.226.4.6 ] Domains: null MTU: 0 TcpBufferSizes: 524288,1048576,3145728,524288,1048576,2097152 Routes: [ 192.168.50.0/24 -> 0.0.0.0 eth0 mtu 0,0.0.0.0/0 -> 192.168.50.4 eth0 mtu 0 ]}}
07-27 10:12:47.746 1564 1695 I am_proc_start: [0,19919,10100,com.tencent.qqlive:cache,service,{com.tencent.qqlive/com.tencent.qqlive.ona.offline.aidl.OfflineCacheService}]
07-27 10:12:47.746 1564 1695 I ActivityManager: Start proc 19919:com.tencent.qqlive:cache/u0a100 for service {com.tencent.qqlive/com.tencent.qqlive.ona.offline.aidl.OfflineCacheService}
07-27 10:12:47.747 1564 1897 D UntrustedWifiNetworkFactory: got request NetworkRequest [ REQUEST id=168, [ Capabilities: INTERNET&NOT_RESTRICTED&TRUSTED&NOT_VCN_MANAGED Uid: 10100 RequestorUid: 10100 RequestorPkg: com.tencent.qqlive] ]
07-27 10:12:47.748 1564 1897 D OemPaidWifiNetworkFactory: got request NetworkRequest [ REQUEST id=168, [ Capabilities: INTERNET&NOT_RESTRICTED&TRUSTED&NOT_VCN_MANAGED Uid: 10100 RequestorUid: 10100 RequestorPkg: com.tencent.qqlive] ]
07-27 10:12:47.751 19425 19425 I wm_on_top_resumed_gained_called: [76060447,com.tencent.qqlive.ona.activity.SplashHomeActivity,topStateChangedWhenResumed]
07-27 10:12:47.758 2647 2647 D ActivityChangeReceiver: onReceive
07-27 10:12:47.758 2647 6769 D MCUUtil : saveLastActivity activityName=com.tencent.qqlive.ona.activity.SplashHomeActivity packageName=com.tencent.qqlive
07-27 10:12:47.762 19919 19919 I Zygote : seccomp disabled by setenforce 0
07-27 10:12:47.776 1963 1963 V PanelView: com.android.systemui:id/notification_panel: setExpandedHeight(0.0)
07-27 10:12:47.781 0 0 I [ 792.812492] binder: 19919:19919 ioctl 40046210 7ffe7e33d4 returned -22
07-27 10:12:47.776 1564 1680 I input_focus: [Focus request efcdbbc com.tencent.qqlive/com.tencent.qqlive.ona.activity.SplashHomeActivity,reason=UpdateInputWindows]
07-27 10:12:47.778 2967 2994 I adbd : jdwp connection from 19919
07-27 10:12:47.780 19919 19919 D ProcessState: Binder ioctl to enable oneway spam detection failed: Invalid argument
07-27 10:12:47.779 1963 1963 V PanelBar: collapsePanel: animate=false waiting=false
07-27 10:12:47.786 1564 14848 I am_proc_bound: [0,19919,com.tencent.qqlive:cache]
07-27 10:12:47.786 1564 1853 I input_focus: [Focus leaving a55939e com.android.launcher3/com.android.launcher3.uioverrides.QuickstepLauncher (server),reason=Waiting for window because NOT_VISIBLE]
07-27 10:12:47.787 1564 14848 D CompatibilityInfo: mCompatibilityFlags - 4
07-27 10:12:47.787 1564 14848 D CompatibilityInfo: applicationDensity - 240
07-27 10:12:47.787 1564 14848 D CompatibilityInfo: applicationScale - 1.0
07-27 10:12:47.788 1564 14848 D CompatibilityInfo: mCompatibilityFlags - 4
07-27 10:12:47.788 1564 14848 D CompatibilityInfo: applicationDensity - 240
07-27 10:12:47.788 1564 14848 D CompatibilityInfo: applicationScale - 1.0
07-27 10:12:47.790 1564 14848 D CompatibilityInfo: mCompatibilityFlags - 4
07-27 10:12:47.790 1564 14848 D CompatibilityInfo: applicationDensity - 240
07-27 10:12:47.791 1564 14848 D CompatibilityInfo: applicationScale - 1.0
07-27 10:12:47.791 1564 14848 D CompatibilityInfo: mCompatibilityFlags - 4
07-27 10:12:47.791 1564 14848 D CompatibilityInfo: applicationDensity - 240
07-27 10:12:47.791 1564 14848 D CompatibilityInfo: applicationScale - 1.0
07-27 10:12:47.791 1564 14848 D CompatibilityInfo: mCompatibilityFlags - 4
07-27 10:12:47.791 1564 14848 D CompatibilityInfo: applicationDensity - 240
07-27 10:12:47.791 1564 14848 D CompatibilityInfo: applicationScale - 1.0
07-27 10:12:47.792 1564 14848 D CompatibilityInfo: mCompatibilityFlags - 4
07-27 10:12:47.792 1564 14848 D CompatibilityInfo: applicationDensity - 240
07-27 10:12:47.792 1564 14848 D CompatibilityInfo: applicationScale - 1.0
07-27 10:12:47.793 19919 19919 D CompatibilityChangeReporter: Compat change id reported: 171979766; UID 10100; state: ENABLED
07-27 10:12:47.799 1564 1564 I GameModeConfig: isGameModeOn = false
07-27 10:12:47.800 515 515 I hwservicemanager: getTransport: Cannot find entry android.hardware.graphics.mapper@4.0::IMapper/default in either framework or device VINTF manifest.
07-27 10:12:47.803 1963 1963 W ShadeListBuilder: (Build 350) Duplicate summary for group "0|com.tencent.android.qqdownloader|g:com.tencent.android.qqdownloader": "0|com.tencent.android.qqdownloader|3040|null|10096" vs. "0|com.tencent.android.qqdownloader|127|null|10096"
07-27 10:12:47.804 1963 1963 D InterruptionStateProvider: No bubble up: not allowed to bubble: 0|com.tencent.android.qqdownloader|127|null|10096
07-27 10:12:47.805 1963 1963 D InterruptionStateProvider: No heads up: unimportant notification: 0|com.tencent.android.qqdownloader|127|null|10096
07-27 10:12:47.809 1564 9990 D CompatibilityInfo: mCompatibilityFlags - 4
07-27 10:12:47.809 1564 9990 D CompatibilityInfo: applicationDensity - 240
07-27 10:12:47.809 1564 9990 D CompatibilityInfo: applicationScale - 1.0
07-27 10:12:47.812 1963 2120 D PeopleSpaceWidgetMgr: Sbn doesn't contain valid PeopleTileKey: null/0/com.tencent.android.qqdownloader
07-27 10:12:47.823 19919 19919 I Perf : Connecting to perf service.
07-27 10:12:47.831 1963 1963 V NotificationMediaManager: DEBUG_MEDIA: updating album art for notification null metadata=null metaDataChanged=false state=0
07-27 10:12:47.835 19919 19919 V GraphicsEnvironment: ANGLE Developer option for 'com.tencent.qqlive' set to: 'default'
07-27 10:12:47.837 19919 19919 V GraphicsEnvironment: ANGLE GameManagerService for com.tencent.qqlive: false
07-27 10:12:47.839 19919 19919 V GraphicsEnvironment: Updatable production driver is not supported on the device.
07-27 10:12:47.840 865 1027 I SDM : HWCDisplay::GetColorModeCount: Supported color mode count = 1
07-27 10:12:47.840 865 1027 I SDM : HWCDisplay::GetColorModes: Color mode = 0 is supported
07-27 10:12:47.841 992 2102 E HWComposer: getSupportedContentTypes: getSupportedContentTypes failed for display 4630946816427681409: Unsupported (8)
07-27 10:12:47.842 515 515 I hwservicemanager: getTransport: Cannot find entry android.hardware.graphics.mapper@4.0::IMapper/default in either framework or device VINTF manifest.
07-27 10:12:47.844 19919 19919 D NetworkSecurityConfig: Using Network Security Config from resource arg debugBuild: false
07-27 10:12:47.844 19919 19919 D NetworkSecurityConfig: Using Network Security Config from resource arg debugBuild: false
07-27 10:12:47.849 515 515 I hwservicemanager: getTransport: Cannot find entry android.hardware.graphics.allocator@4.0::IAllocator/default in either framework or device VINTF manifest.
07-27 10:12:47.853 1963 1963 W ShadeListBuilder: (Build 351) Duplicate summary for group "0|com.tencent.android.qqdownloader|g:com.tencent.android.qqdownloader": "0|com.tencent.android.qqdownloader|3040|null|10096" vs. "0|com.tencent.android.qqdownloader|127|null|10096"
07-27 10:12:47.856 1564 1904 D ConnectivityService: NetReassign [no changes]
07-27 10:12:47.862 1564 2757 W ActivityManager: Unable to start service Intent { cmp=com.tencent.android.qqdownloader/com.live.watermelon.Instrumentation } U=0: not found
07-27 10:12:47.870 19919 19967 W shadowhook_tag: !!!!! init time micros:491
07-27 10:12:47.870 19919 19967 W shadowhook_tag: shadowhook: shadowhook init(mode: SHARED, debuggable: false), return: 0, real-init: yes
07-27 10:12:47.871 0 0 I [ 792.896061] init: Untracked pid 14872 received signal 15
07-27 10:12:47.871 19919 19967 I rdefense: hook log cost: 2 ms, 2, 0
07-27 10:12:47.874 1564 3537 D ConnectivityService: ConnectivityService NetworkRequestInfo binderDied(uid/pid:10096/15004, android.os.BinderProxy@f28d877)
07-27 10:12:47.875 1564 2757 I am_proc_died: [0,15004,com.tencent.android.qqdownloader:cloud,915,19]
07-27 10:12:47.876 1564 2757 W ActivityManager: Scheduling restart of crashed service com.tencent.android.qqdownloader/com.live.watermelon.service.SentryAlphaService in 1000ms for connection
07-27 10:12:47.876 1564 2757 I am_schedule_service_restart: [0,com.tencent.android.qqdownloader/com.live.watermelon.service.SentryAlphaService,1000]
07-27 10:12:47.880 1564 1680 I ActivityTaskManager: Removing AddSplashScreenTimeoutRunnable from the message queue
07-27 10:12:47.884 1564 1679 I EventSequenceValidator: dec AccIntentStartedEvents to 1
07-27 10:12:47.884 1564 1676 I sysui_multi_action: [319,509,322,508,325,792,757,761,758,8,759,2,806,com.tencent.qqlive,871,com.tencent.qqlive.ona.activity.SplashHomeActivity,904,com.android.launcher3,905,0,1320,4,1321,4]
07-27 10:12:47.885 1564 1676 I wm_activity_launch_time: [0,76060447,com.tencent.qqlive/.ona.activity.SplashHomeActivity,508]
07-27 10:12:47.885 1564 1853 I input_focus: [Focus entering efcdbbc com.tencent.qqlive/com.tencent.qqlive.ona.activity.SplashHomeActivity (server),reason=Window became focusable. Previous reason: NOT_VISIBLE]
07-27 10:12:47.886 1564 1676 I ActivityTaskManager: Displayed com.tencent.qqlive/.ona.activity.SplashHomeActivity: +508ms
07-27 10:12:47.889 684 684 I Zygote : Process 15004 exited due to signal 9 (Killed)
07-27 10:12:47.894 1564 3537 I ActivityManager: Force stopping com.tencent.android.qqdownloader appid=10096 user=0: start instr
07-27 10:12:47.894 1564 3537 I ActivityManager: Killing 14762:com.tencent.android.qqdownloader:live/u0a96 (adj 100): stop com.tencent.android.qqdownloader due to start instr
07-27 10:12:47.894 1564 3537 I am_kill : [0,14762,com.tencent.android.qqdownloader:live,100,stop com.tencent.android.qqdownloader due to start instr]
07-27 10:12:47.897 1564 3537 I ActivityManager: Killing 14786:com.tencent.android.qqdownloader/u0a96 (adj 0): stop com.tencent.android.qqdownloader due to start instr
07-27 10:12:47.897 1564 3537 I am_kill : [0,14786,com.tencent.android.qqdownloader,0,stop com.tencent.android.qqdownloader due to start instr]
07-27 10:12:47.902 1564 3537 I am_uid_stopped: 10096
07-27 10:12:47.902 1564 3537 I ActivityManager: Killing 14713:com.tencent.android.qqdownloader:daemon/u0a96 (adj 0): stop com.tencent.android.qqdownloader due to start instr
07-27 10:12:47.902 1564 3537 I am_kill : [0,14713,com.tencent.android.qqdownloader:daemon,0,stop com.tencent.android.qqdownloader due to start instr]
07-27 10:12:47.904 1564 3537 I ActivityManager: Killing 15778:com.android.webview:sandboxed_process0:org.chromium.content.app.SandboxedProcessService0:0/u0a96i8 (adj 0): isolated not needed
07-27 10:12:47.904 1564 3537 I am_kill : [0,15778,com.android.webview:sandboxed_process0:org.chromium.content.app.SandboxedProcessService0:0,0,isolated not needed]
07-27 10:12:47.905 1564 3537 W ActivityManager: Crash of app com.tencent.android.qqdownloader:daemon running instrumentation ComponentInfo{com.tencent.android.qqdownloader/com.live.watermelon.Instrumentation}
07-27 10:12:47.905 1564 3537 I ActivityManager: Force stopping com.tencent.android.qqdownloader appid=10096 user=0: finished inst
07-27 10:12:47.906 1564 3537 D FreeFormWindowHelper: handleFreeformTask : Task{4b4c4ca #25 type=standard A=10100:com.tencent.qqlive U=0 visible=true mode=freeform translucent=false sz=1 visible freeform task=true rootAffinity=10100:com.tencent.qqlive isMini=false}
07-27 10:12:47.906 1564 3537 D FreeFormWindowHelper: mFreeFormTask : Task{4b4c4ca #25 type=standard A=10100:com.tencent.qqlive U=0 visible=true mode=freeform translucent=false sz=1 visible freeform task=true rootAffinity=10100:com.tencent.qqlive isMini=false}
07-27 10:12:47.906 1564 3537 D FreeFormWindowHelper: mInRecent : false
07-27 10:12:47.907 1564 3537 D FreeFormWindowHelper: add new freeform task : Task{4b4c4ca #25 type=standard A=10100:com.tencent.qqlive U=0 visible=true mode=freeform translucent=false sz=1 visible freeform task=true rootAffinity=10100:com.tencent.qqlive isMini=false}
07-27 10:12:47.907 1564 3537 D FreeFormWindowHelper:
07-27 10:12:47.908 1564 3537 D FreeFormWindowHelper: handleFreeformTask : Task{4b4c4ca #25 type=standard A=10100:com.tencent.qqlive U=0 visible=true mode=freeform translucent=false sz=1 visible freeform task=true rootAffinity=10100:com.tencent.qqlive isMini=false}
07-27 10:12:47.908 1564 3537 D FreeFormWindowHelper: mFreeFormTask : Task{4b4c4ca #25 type=standard A=10100:com.tencent.qqlive U=0 visible=true mode=freeform translucent=false sz=1 visible freeform task=true rootAffinity=10100:com.tencent.qqlive isMini=false}
07-27 10:12:47.908 1564 3537 D FreeFormWindowHelper: mInRecent : false
07-27 10:12:47.908 1564 3537 D FreeFormWindowHelper: add new freeform task : Task{4b4c4ca #25 type=standard A=10100:com.tencent.qqlive U=0 visible=true mode=freeform translucent=false sz=1 visible freeform task=true rootAffinity=10100:com.tencent.qqlive isMini=false}
07-27 10:12:47.908 1564 3537 D FreeFormWindowHelper:
07-27 10:12:47.908 1564 3537 I am_uid_running: 10096
07-27 10:12:47.908 1564 3537 D CompatibilityChangeReporter: Compat change id reported: 135634846; UID 10096; state: DISABLED
07-27 10:12:47.908 1564 3537 D CompatibilityChangeReporter: Compat change id reported: 177438394; UID 10096; state: DISABLED
07-27 10:12:47.908 1564 3537 D CompatibilityChangeReporter: Compat change id reported: 135772972; UID 10096; state: DISABLED
07-27 10:12:47.908 1564 3537 D CompatibilityChangeReporter: Compat change id reported: 135754954; UID 10096; state: DISABLED
07-27 10:12:47.908 1564 1695 D CompatibilityChangeReporter: Compat change id reported: 143937733; UID 10096; state: DISABLED
07-27 10:12:47.910 1564 1564 W ActivityManager: ProcessRecord{ba2bcf4 0:com.tencent.android.qqdownloader:live/u0a96} is attached to a previous process 14762
07-27 10:12:47.910 1564 1679 I am_uid_active: 10096
07-27 10:12:47.918 0 0 I [ 792.949064] init: Untracked pid 15091 exited with status 0
07-27 10:12:47.917 684 684 D Zygote : Forked child process 19990
07-27 10:12:47.917 1564 1695 I am_proc_start: [0,19990,10096,com.tencent.android.qqdownloader:daemon,added application,com.tencent.android.qqdownloader:daemon]
07-27 10:12:47.917 1564 1695 I ActivityManager: Start proc 19990:com.tencent.android.qqdownloader:daemon/u0a96 for added application com.tencent.android.qqdownloader:daemon
07-27 10:12:47.927 19990 19990 I Zygote : seccomp disabled by setenforce 0
07-27 10:12:47.927 19990 19990 I libc : SetHeapTaggingLevel: tag level set to 0
07-27 10:12:47.933 1564 1700 I libprocessgroup: Successfully killed process cgroup uid 10096 pid 15004 in 0ms
07-27 10:12:47.936 3646 3646 I ImeService: ImeService(com.baidu.input_hryt.ImeService@837a4d6) life called >>> onUnbindInput
07-27 10:12:47.936 3646 3646 D ImeService: onUnbindInput
07-27 10:12:47.937 3646 3646 I ImeService: ImeService(com.baidu.input_hryt.ImeService@837a4d6) life called >>> onUnbindInput false
07-27 10:12:47.940 3646 3646 I ImeService: ImeService(com.baidu.input_hryt.ImeService@837a4d6) life called >>> onBindInput
07-27 10:12:47.940 3646 3646 D ImeService: onBindInput
07-27 10:12:47.940 2967 2994 I adbd : jdwp connection from 19990
07-27 10:12:47.941 3646 3646 I ImeService: ImeService(com.baidu.input_hryt.ImeService@837a4d6) life called >>> onFinishInput
07-27 10:12:47.941 3646 3646 D ImeService: onFinishInput
07-27 10:12:47.941 3646 3646 I ImeService: ImeService(com.baidu.input_hryt.ImeService@837a4d6) life called >>> onStartInput false 10.6.1003.20
07-27 10:12:47.941 3646 3646 D ImeService: current version:10.6.1003.20
07-27 10:12:47.942 3646 3646 D ImeService: onStartInput:packageName:com.tencent.qqlive inputType:0 restarting:false,fieldId:-1,imeOptions:0
07-27 10:12:47.948 0 0 I [ 792.979820] binder: 19990:19990 ioctl 40046210 7ffe7e33d4 returned -22
07-27 10:12:47.947 19990 19990 D ProcessState: Binder ioctl to enable oneway spam detection failed: Invalid argument
07-27 10:12:47.949 3646 3871 E CarAuth : check ok
07-27 10:12:47.956 3646 3646 I ColorPicker: invalidatePickedColors: oldFloatColor=fff5f7fa
07-27 10:12:47.958 1564 3537 I am_proc_bound: [0,19990,com.tencent.android.qqdownloader:daemon]
07-27 10:12:47.959 1564 3537 D CompatibilityInfo: mCompatibilityFlags - 4
07-27 10:12:47.959 1564 3537 D CompatibilityInfo: applicationDensity - 240
07-27 10:12:47.959 1564 3537 D CompatibilityInfo: applicationScale - 1.0
07-27 10:12:47.961 19990 19990 D CompatibilityChangeReporter: Compat change id reported: 171979766; UID 10096; state: DISABLED
07-27 10:12:47.964 19990 19990 D ApplicationLoaders: Returning zygote-cached class loader: /system/framework/android.test.base.jar
07-27 10:12:47.966 1564 1700 I libprocessgroup: Successfully killed process cgroup uid 10096 pid 14762 in 33ms
07-27 10:12:47.985 1564 1904 D ConnectivityService: NetReassign [no changes]
07-27 10:12:47.988 19990 19990 I Perf : Connecting to perf service.
07-27 10:12:47.989 19919 19965 I eup : Backup Java Class And Method Success
07-27 10:12:47.989 19919 19965 I eup : Bugly Register JNI Methods Successfully ~
07-27 10:12:47.989 19919 19965 I eup : regist start
07-27 10:12:47.990 19919 19965 I eup : run in arm64
07-27 10:12:47.991 19990 19990 V GraphicsEnvironment: ANGLE Developer option for 'com.tencent.android.qqdownloader' set to: 'default'
07-27 10:12:47.992 19990 19990 V GraphicsEnvironment: ANGLE GameManagerService for com.tencent.android.qqdownloader: false
07-27 10:12:47.992 19990 19990 V GraphicsEnvironment: Updatable production driver is not supported on the device.
07-27 10:12:47.994 19990 19990 D NetworkSecurityConfig: No Network Security Config specified, using platform default
07-27 10:12:47.994 19990 19990 D NetworkSecurityConfig: No Network Security Config specified, using platform default
07-27 10:12:47.996 19990 19990 I MMKV : current API level = 31
07-27 10:12:47.996 19990 19990 I MMKV : page size:4096
07-27 10:12:47.996 19990 19990 I MMKV : root dir: /data/user/0/com.tencent.android.qqdownloader/files
07-27 10:12:47.996 19990 19990 I MMKV : loading [CrabShellKV] with 1105 size in total, file size is 8192, InterProcess 1
07-27 10:12:47.996 19990 19990 I MMKV : loading [CrabShellKV] with crc 4171532410 sequence 14 version 1
07-27 10:12:47.996 19990 19990 I MMKV : loaded [CrabShellKV] with 7 values
07-27 10:12:48.003 1564 2757 E DatabaseUtils: Writing exception to parcel
07-27 10:12:48.003 1564 2757 E DatabaseUtils: java.lang.SecurityException: com.tencent.qqlive was not granted this permission: android.permission.WRITE_SETTINGS.
07-27 10:12:48.003 1564 2757 E DatabaseUtils: at android.provider.Settings.isCallingPackageAllowedToPerformAppOpsProtectedOperation(Settings.java:17116)
07-27 10:12:48.003 1564 2757 E DatabaseUtils: at android.provider.Settings.checkAndNoteWriteSettingsOperation(Settings.java:17004)
07-27 10:12:48.003 1564 2757 E DatabaseUtils: at com.android.providers.settings.SettingsProvider.mutateSystemSetting(SettingsProvider.java:1854)
07-27 10:12:48.003 1564 2757 E DatabaseUtils: at com.android.providers.settings.SettingsProvider.insertSystemSetting(SettingsProvider.java:1820)
07-27 10:12:48.003 1564 2757 E DatabaseUtils: at com.android.providers.settings.SettingsProvider.call(SettingsProvider.java:461)
07-27 10:12:48.003 1564 2757 E DatabaseUtils: at android.content.ContentProvider.call(ContentProvider.java:2464)
07-27 10:12:48.003 1564 2757 E DatabaseUtils: at android.content.ContentProvider$Transport.call(ContentProvider.java:512)
07-27 10:12:48.003 1564 2757 E DatabaseUtils: at android.content.ContentProviderNative.onTransact(ContentProviderNative.java:295)
07-27 10:12:48.003 1564 2757 E DatabaseUtils: at android.os.Binder.execTransactInternal(Binder.java:1179)
07-27 10:12:48.003 1564 2757 E DatabaseUtils: at android.os.Binder.execTransact(Binder.java:1143)
07-27 10:12:48.009 19990 19990 I tag_LaunchSpeed: ,[main],[LaunchTagger][1]tag:Daemon_Application_onAttach
07-27 10:12:48.018 19990 19990 I MMKV : root dir: /data/user/0/com.tencent.android.qqdownloader/files/mmkv
07-27 10:12:48.019 19990 19990 I MMKVInitiator: ,need prepare mmkv, from: MMKVWrapper ,needForceFixPath: false ,currentPath: /data/user/0/com.tencent.android.qqdownloader/files/mmkv
07-27 10:12:48.019 19990 19990 I MMKV : loading [InterProcessKV] with 338472 size in total, file size is 1048576, InterProcess 1
07-27 10:12:48.019 1564 2757 D CompatibilityInfo: mCompatibilityFlags - 4
07-27 10:12:48.019 1564 2757 D CompatibilityInfo: applicationDensity - 240
07-27 10:12:48.019 1564 2757 D CompatibilityInfo: applicationScale - 1.0
07-27 10:12:48.019 19990 19990 I MMKV : loading [InterProcessKV] with crc 2863538999 sequence 22 version 1
07-27 10:12:48.020 19990 19990 I MMKV : loaded [InterProcessKV] with 1279 values
07-27 10:12:48.020 19990 19990 I MMKVWrapper: ,MMKVWrapper init finish
07-27 10:12:48.021 19990 19990 I Settings: ,NameValueCache: false
07-27 10:12:48.026 1564 1904 D ConnectivityService: NetReassign [no changes]
07-27 10:12:48.031 1564 2757 D CompatibilityInfo: mCompatibilityFlags - 4
07-27 10:12:48.031 1564 2757 D CompatibilityInfo: applicationDensity - 240
07-27 10:12:48.031 1564 2757 D CompatibilityInfo: applicationScale - 1.0
07-27 10:12:48.042 19919 20095 W nt.qqlive:cach: Accessing hidden method Landroid/net/wifi/WifiSsid;->()V (max-target-o, reflection, denied)
07-27 10:12:48.053 19990 19990 I STGlobal: ,setAppCaller(45, 1690423968053) from (6), from progress = daemon
07-27 10:12:48.053 19990 19990 I STGlobal: java.lang.RuntimeException
07-27 10:12:48.053 19990 19990 I STGlobal: at com.tencent.assistant.st.n.a(Unknown Source:67)
07-27 10:12:48.053 19990 19990 I STGlobal: at com.tencent.assistant.st.n.a(Unknown Source:4)
07-27 10:12:48.053 19990 19990 I STGlobal: at com.live.watermelon.InstrumentationImpl.b(Unknown Source:16)
07-27 10:12:48.053 19990 19990 I STGlobal: at com.live.watermelon.InstrumentationImpl.a(Unknown Source:55)
07-27 10:12:48.053 19990 19990 I STGlobal: at com.live.watermelon.InstrumentationImpl.onCreate(Unknown Source:7)
07-27 10:12:48.053 19990 19990 I STGlobal: at java.lang.reflect.Method.invoke(Native Method)
07-27 10:12:48.053 19990 19990 I STGlobal: at com.live.watermelon.Instrumentation.onCreate(Unknown Source:35)
07-27 10:12:48.053 19990 19990 I STGlobal: at android.app.ActivityThread.handleBindApplication(ActivityThread.java:6736)
07-27 10:12:48.053 19990 19990 I STGlobal: at android.app.ActivityThread.access$1500(ActivityThread.java:248)
07-27 10:12:48.053 19990 19990 I STGlobal: at android.app.ActivityThread$H.handleMessage(ActivityThread.java:2054)
07-27 10:12:48.053 19990 19990 I STGlobal: at android.os.Handler.dispatchMessage(Handler.java:106)
07-27 10:12:48.053 19990 19990 I STGlobal: at android.os.Looper.loopOnce(Looper.java:201)
07-27 10:12:48.053 19990 19990 I STGlobal: at android.os.Looper.loop(Looper.java:288)
07-27 10:12:48.053 19990 19990 I STGlobal: at android.app.ActivityThread.main(ActivityThread.java:7880)
07-27 10:12:48.053 19990 19990 I STGlobal: at java.lang.reflect.Method.invoke(Native Method)
07-27 10:12:48.053 19990 19990 I STGlobal: at com.android.internal.os.RuntimeInit$MethodAndArgsCaller.run(RuntimeInit.java:548)
07-27 10:12:48.053 19990 19990 I STGlobal: at com.android.internal.os.ZygoteInit.main(ZygoteInit.java:1009)
07-27 10:12:48.058 1564 3537 D ConnectivityService: ConnectivityService NetworkRequestInfo binderDied(uid/pid:10096/14762, android.os.BinderProxy@2f3334b)
07-27 10:12:48.059 1564 9990 V ActivityManager: Got obituary of 14762:com.tencent.android.qqdownloader:live
07-27 10:12:48.059 19990 19990 E CallerSessionIdManager: ,saveCallerSessionId: empty skip. caller = [45], sessionId = [] , java.lang.Exception
07-27 10:12:48.059 19990 19990 E CallerSessionIdManager: at com.tencent.assistant.kplfrequency.a.a(Unknown Source:59)
07-27 10:12:48.059 19990 19990 E CallerSessionIdManager: at com.tencent.assistant.st.n.a(Unknown Source:130)
07-27 10:12:48.059 19990 19990 E CallerSessionIdManager: at com.tencent.assistant.st.n.a(Unknown Source:4)
07-27 10:12:48.059 19990 19990 E CallerSessionIdManager: at com.live.watermelon.InstrumentationImpl.b(Unknown Source:16)
07-27 10:12:48.059 19990 19990 E CallerSessionIdManager: at com.live.watermelon.InstrumentationImpl.a(Unknown Source:55)
07-27 10:12:48.059 19990 19990 E CallerSessionIdManager: at com.live.watermelon.InstrumentationImpl.onCreate(Unknown Source:7)
07-27 10:12:48.059 19990 19990 E CallerSessionIdManager: at java.lang.reflect.Method.invoke(Native Method)
07-27 10:12:48.059 19990 19990 E CallerSessionIdManager: at com.live.watermelon.Instrumentation.onCreate(Unknown Source:35)
07-27 10:12:48.059 19990 19990 E CallerSessionIdManager: at android.app.ActivityThread.handleBindApplication(ActivityThread.java:6736)
07-27 10:12:48.059 19990 19990 E CallerSessionIdManager: at android.app.ActivityThread.access$1500(ActivityThread.java:248)
07-27 10:12:48.059 19990 19990 E CallerSessionIdManager: at android.app.ActivityThread$H.handleMessage(ActivityThread.java:2054)
07-27 10:12:48.059 19990 19990 E CallerSessionIdManager: at android.os.Handler.dispatchMessage(Handler.java:106)
07-27 10:12:48.059 19990 19990 E CallerSessionIdManager: at android.os.Looper.loopOnce(Looper.java:201)
07-27 10:12:48.059 19990 19990 E CallerSessionIdManager: at android.os.Looper.loop(Looper.java:288)
07-27 10:12:48.059 19990 19990 E CallerSessionIdManager: at android.app.ActivityThread.main(ActivityThread.java:7880)
07-27 10:12:48.059 19990 19990 E CallerSessionIdManager: at java.lang.reflect.Method.invoke(Native Method)
07-27 10:12:48.059 19990 19990 E CallerSessionIdManager: at com.android.internal.os.RuntimeInit$MethodAndArgsCaller.run(RuntimeInit.java:548)
07-27 10:12:48.059 19990 19990 E CallerSessionIdManager: at com.android.internal.os.ZygoteInit.main(ZygoteInit.java:1009)
07-27 10:12:48.059 19990 19990 E CallerSessionIdManager:
07-27 10:12:48.061 684 684 I Zygote : Process 14762 exited due to signal 9 (Killed)
07-27 10:12:48.061 19990 19990 I InstrumentationImpl_onCreate: ,onCreate: currentTimeMs = 1690423968059 , nowPid = 19990 , isAppFront = false , lastDeadTimeStamp = 1690423967868
07-27 10:12:48.061 1564 1695 W ActivityManager: Slow operation: 152ms so far, now at startProcess: asking zygote to start proc
07-27 10:12:48.061 1564 1695 D CompatibilityChangeReporter: Compat change id reported: 143937733; UID 10096; state: DISABLED
07-27 10:12:48.063 1564 3221 W ActivityManager: ProcessRecord{377bf0 0:com.tencent.android.qqdownloader/u0a96} is attached to a previous process 14786
07-27 10:12:48.063 1564 3221 D CompatibilityChangeReporter: Compat change id reported: 135634846; UID 10096; state: DISABLED
07-27 10:12:48.063 1564 3221 D CompatibilityChangeReporter: Compat change id reported: 177438394; UID 10096; state: DISABLED
07-27 10:12:48.063 1564 3221 D CompatibilityChangeReporter: Compat change id reported: 135772972; UID 10096; state: DISABLED
07-27 10:12:48.063 1564 3221 D CompatibilityChangeReporter: Compat change id reported: 135754954; UID 10096; state: DISABLED
07-27 10:12:48.065 19990 19990 I tag_LaunchSpeed: ,[main],[LaunchTagger][1]tag:Daemon_Application_onCreate_Begin
07-27 10:12:48.065 1564 1700 I libprocessgroup: Successfully killed process cgroup uid 10096 pid 14786 in 0ms
07-27 10:12:48.066 19990 20106 I RdefenseInitTask: ,init
07-27 10:12:48.066 19990 19990 I home_page_v9_load_fail: ,processName = com.tencent.android.qqdownloader:daemon, importance = 125
07-27 10:12:48.066 19990 19990 I home_page_v9_load_fail: ,Instrumentation start, ignore, caller = 45
07-27 10:12:48.067 684 684 D Zygote : Forked child process 20107
07-27 10:12:48.067 1564 1695 W ActivityManager: Slow operation: 157ms so far, now at startProcess: returned from zygote!
07-27 10:12:48.067 1564 1695 W ActivityManager: Slow operation: 157ms so far, now at startProcess: done updating battery stats
07-27 10:12:48.067 1564 1695 I am_proc_start: [0,20107,10096,com.tencent.android.qqdownloader:live,service,{com.tencent.android.qqdownloader/com.tencent.assistant.syscomponent.MediaRouteProviderService2}]
07-27 10:12:48.067 1564 1695 W ActivityManager: Slow operation: 157ms so far, now at startProcess: building log message
07-27 10:12:48.067 1564 1695 I ActivityManager: Start proc 20107:com.tencent.android.qqdownloader:live/u0a96 for service {com.tencent.android.qqdownloader/com.tencent.assistant.syscomponent.MediaRouteProviderService2}
07-27 10:12:48.067 1564 1695 W ActivityManager: Slow operation: 157ms so far, now at startProcess: starting to update pids map
07-27 10:12:48.067 1564 1695 W ActivityManager: Slow operation: 157ms so far, now at startProcess: done updating pids map
07-27 10:12:48.096 0 0 I [ 793.126552] binder: 20107:20107 ioctl 40046210 7ffe7e33d4 returned -22
07-27 10:12:48.068 19990 19990 I StartUpOptimizeManager: ,isHomePageRequestOptimizeEnable init, switchRet = true
07-27 10:12:48.072 19919 20065 W nt.qqlive:cach: Accessing hidden method Landroid/telephony/TelephonyManager;->getServiceStateForSubscriber(I)Landroid/telephony/ServiceState; (max-target-p, reflection, denied)
07-27 10:12:48.082 19919 20065 W nt.qqlive:cach: Accessing hidden method Landroid/telephony/SubscriptionManager;->getPhoneId(I)I (max-target-p, reflection, denied)
07-27 10:12:48.084 20107 20107 I Zygote : seccomp disabled by setenforce 0
07-27 10:12:48.084 20107 20107 I libc : SetHeapTaggingLevel: tag level set to 0
07-27 10:12:48.087 1564 2033 D ConnectivityService: ConnectivityService NetworkRequestInfo binderDied(uid/pid:10096/14713, android.os.BinderProxy@b035fca)
07-27 10:12:48.087 1564 2014 D ConnectivityService: ConnectivityService NetworkRequestInfo binderDied(uid/pid:10096/14713, android.os.BinderProxy@7db853b)
07-27 10:12:48.087 1564 2479 D ConnectivityService: ConnectivityService NetworkRequestInfo binderDied(uid/pid:10096/14713, android.os.BinderProxy@1b1e458)
07-27 10:12:48.089 684 684 I Zygote : Process 14713 exited due to signal 9 (Killed)
07-27 10:12:48.089 1564 2771 V ActivityManager: Got obituary of 14713:com.tencent.android.qqdownloader:daemon
07-27 10:12:48.093 2967 2994 I adbd : jdwp connection from 20107
07-27 10:12:48.094 20107 20107 D ProcessState: Binder ioctl to enable oneway spam detection failed: Invalid argument
07-27 10:12:48.094 19990 19990 E RDeliveryConfigProvider: ,getConfigValue: RDelivery尚未初始化. key = key_report_alive_duration_cache_time_interval
07-27 10:12:48.095 19990 19990 E RDeliveryConfigProvider: ,getConfigValue: RDelivery尚未初始化. key = key_report_alive_duration_time_interval
07-27 10:12:48.095 1564 1904 D ConnectivityService: releasing NetworkRequest [ REQUEST id=126, [ Capabilities: INTERNET&NOT_RESTRICTED&TRUSTED&NOT_VCN_MANAGED Uid: 10096 RequestorUid: 10096 RequestorPkg: com.tencent.android.qqdownloader] ] (release request)
07-27 10:12:48.096 1564 1942 I EthernetNetworkFactory: networkForRequest, request: NetworkRequest [ REQUEST id=126, [ Capabilities: INTERNET&NOT_RESTRICTED&TRUSTED&NOT_VCN_MANAGED Uid: 10096 RequestorUid: 10096 RequestorPkg: com.tencent.android.qqdownloader] ], network: NetworkInterfaceState{ refCount: 16, iface: eth0, up: true, hwAddress: 36:7c:7c:00:00:0f, networkCapabilities: [ Transports: ETHERNET Capabilities: INTERNET&NOT_RESTRICTED&TRUSTED&NOT_VPN&NOT_ROAMING&NOT_CONGESTED&NOT_SUSPENDED&NOT_VCN_MANAGED LinkUpBandwidth>=100000Kbps LinkDnBandwidth>=100000Kbps], networkAgent: com.android.server.ethernet.EthernetNetworkFactory$NetworkInterfaceState$1@15a0a52, score: 70, ipClient: android.net.ip.IIpClient$Stub$Proxy@fe79123,linkProperties: {InterfaceName: eth0 LinkAddresses: [ fe80::7315:61d:4b5:5cfa/64,192.168.50.16/24 ] DnsAddresses: [ /101.226.4.6 ] Domains: null MTU: 0 TcpBufferSizes: 524288,1048576,3145728,524288,1048576,2097152 Routes: [ 192.168.50.0/24 -> 0.0.0.0 eth0 mtu 0,0.0.0.0/0 -> 192.168.50.4 eth0 mtu 0 ]}}
07-27 10:12:48.097 19990 19990 E RDeliveryConfigProvider: ,getConfigBoolean: RDelivery尚未初始化. key = key_r_report_alive_duration , default = true
07-27 10:12:48.099 1564 2771 I am_proc_bound: [0,20107,com.tencent.android.qqdownloader:live]
07-27 10:12:48.100 1564 2771 D CompatibilityInfo: mCompatibilityFlags - 4
07-27 10:12:48.100 1564 2771 D CompatibilityInfo: applicationDensity - 240
07-27 10:12:48.100 1564 2771 D CompatibilityInfo: applicationScale - 1.0
07-27 10:12:48.100 1564 2664 D ConnectivityService: requestNetwork for uid/pid:10100/19919 activeRequest: null callbackRequest: 172 [NetworkRequest [ REQUEST id=173, [ Capabilities: INTERNET&NOT_RESTRICTED&TRUSTED&NOT_VCN_MANAGED Uid: 10100 RequestorUid: 10100 RequestorPkg: com.tencent.qqlive] ]] callback flags: 0 priority: 2147483647
07-27 10:12:48.101 1564 1904 D ConnectivityService: NetReassign [173 : null → 113]
07-27 10:12:48.102 1564 1897 D UntrustedWifiNetworkFactory: got request NetworkRequest [ REQUEST id=173, [ Capabilities: INTERNET&NOT_RESTRICTED&TRUSTED&NOT_VCN_MANAGED Uid: 10100 RequestorUid: 10100 RequestorPkg: com.tencent.qqlive] ]
07-27 10:12:48.102 1564 1942 D Ethernet: got request NetworkRequest [ REQUEST id=173, [ Capabilities: INTERNET&NOT_RESTRICTED&TRUSTED&NOT_VCN_MANAGED Uid: 10100 RequestorUid: 10100 RequestorPkg: com.tencent.qqlive] ]
07-27 10:12:48.102 1564 1942 D EthernetNetworkFactory: acceptRequest, request: NetworkRequest [ REQUEST id=173, [ Capabilities: INTERNET&NOT_RESTRICTED&TRUSTED&NOT_VCN_MANAGED Uid: 10100 RequestorUid: 10100 RequestorPkg: com.tencent.qqlive] ]
07-27 10:12:48.102 1564 1942 I EthernetNetworkFactory: networkForRequest, request: NetworkRequest [ REQUEST id=173, [ Capabilities: INTERNET&NOT_RESTRICTED&TRUSTED&NOT_VCN_MANAGED Uid: 10100 RequestorUid: 10100 RequestorPkg: com.tencent.qqlive] ], network: NetworkInterfaceState{ refCount: 15, iface: eth0, up: true, hwAddress: 36:7c:7c:00:00:0f, networkCapabilities: [ Transports: ETHERNET Capabilities: INTERNET&NOT_RESTRICTED&TRUSTED&NOT_VPN&NOT_ROAMING&NOT_CONGESTED&NOT_SUSPENDED&NOT_VCN_MANAGED LinkUpBandwidth>=100000Kbps LinkDnBandwidth>=100000Kbps], networkAgent: com.android.server.ethernet.EthernetNetworkFactory$NetworkInterfaceState$1@15a0a52, score: 70, ipClient: android.net.ip.IIpClient$Stub$Proxy@fe79123,linkProperties: {InterfaceName: eth0 LinkAddresses: [ fe80::7315:61d:4b5:5cfa/64,192.168.50.16/24 ] DnsAddresses: [ /101.226.4.6 ] Domains: null MTU: 0 TcpBufferSizes: 524288,1048576,3145728,524288,1048576,2097152 Routes: [ 192.168.50.0/24 -> 0.0.0.0 eth0 mtu 0,0.0.0.0/0 -> 192.168.50.4 eth0 mtu 0 ]}}
07-27 10:12:48.102 1564 1942 I EthernetNetworkFactory: networkForRequest, request: NetworkRequest [ REQUEST id=173, [ Capabilities: INTERNET&NOT_RESTRICTED&TRUSTED&NOT_VCN_MANAGED Uid: 10100 RequestorUid: 10100 RequestorPkg: com.tencent.qqlive] ], network: NetworkInterfaceState{ refCount: 15, iface: eth0, up: true, hwAddress: 36:7c:7c:00:00:0f, networkCapabilities: [ Transports: ETHERNET Capabilities: INTERNET&NOT_RESTRICTED&TRUSTED&NOT_VPN&NOT_ROAMING&NOT_CONGESTED&NOT_SUSPENDED&NOT_VCN_MANAGED LinkUpBandwidth>=100000Kbps LinkDnBandwidth>=100000Kbps], networkAgent: com.android.server.ethernet.EthernetNetworkFactory$NetworkInterfaceState$1@15a0a52, score: 70, ipClient: android.net.ip.IIpClient$Stub$Proxy@fe79123,linkProperties: {InterfaceName: eth0 LinkAddresses: [ fe80::7315:61d:4b5:5cfa/64,192.168.50.16/24 ] DnsAddresses: [ /101.226.4.6 ] Domains: null MTU: 0 TcpBufferSizes: 524288,1048576,3145728,524288,1048576,2097152 Routes: [ 192.168.50.0/24 -> 0.0.0.0 eth0 mtu 0,0.0.0.0/0 -> 192.168.50.4 eth0 mtu 0 ]}}
07-27 10:12:48.103 1564 1897 D OemPaidWifiNetworkFactory: got request NetworkRequest [ REQUEST id=173, [ Capabilities: INTERNET&NOT_RESTRICTED&TRUSTED&NOT_VCN_MANAGED Uid: 10100 RequestorUid: 10100 RequestorPkg: com.tencent.qqlive] ]
07-27 10:12:48.105 19990 20104 I LaunchSpeedSTManager: ,traceId:0 msg:GlobalInit
07-27 10:12:48.105 1564 2771 D CompatibilityInfo: mCompatibilityFlags - 4
07-27 10:12:48.105 1564 2771 D CompatibilityInfo: applicationDensity - 240
07-27 10:12:48.105 1564 2771 D CompatibilityInfo: applicationScale - 1.0
07-27 10:12:48.107 20107 20107 D CompatibilityChangeReporter: Compat change id reported: 171979766; UID 10096; state: DISABLED
07-27 10:12:48.109 20107 20107 D ApplicationLoaders: Returning zygote-cached class loader: /system/framework/android.test.base.jar
07-27 10:12:48.110 19990 20132 I AliveDurationTaskExecutor: ,handleMessage: delay time is too short! taskId = 3 , runTimes = 1 , taskDelayTime = 0
07-27 10:12:48.112 19990 20082 I XLog : ,init, proccess:daemon
07-27 10:12:48.112 19990 20111 E RDeliveryConfigProvider: ,getConfigBoolean: RDelivery尚未初始化. key = key_report_process_alive_event_to_beacon , default = false
07-27 10:12:48.116 19990 19990 I StartUpOptimizeManager: daemon,isTraceOptEnable init, switchRet = true
07-27 10:12:48.117 19990 20099 I WxApiWrapper: daemon,init wxAppSupportApi:671098935
07-27 10:12:48.118 19990 20130 I MMKVInitiator: daemon,need prepare mmkv, from: LiveCrossProcessKV ,needForceFixPath: true ,currentPath: /data/user/0/com.tencent.android.qqdownloader/files/mmkv
07-27 10:12:48.118 19990 20130 I MMKVInitiator: daemon,MMKV already init in the correct dir: /data/user/0/com.tencent.android.qqdownloader/files/mmkv
07-27 10:12:48.118 19990 20130 I MMKV : loading [LiveCrossProcessKV] with 190 size in total, file size is 4096, InterProcess 1
07-27 10:12:48.118 19990 20130 I MMKV : loading [LiveCrossProcessKV] with crc 2072678089 sequence 4 version 1
07-27 10:12:48.118 19990 20130 I MMKV : loaded [LiveCrossProcessKV] with 2 values
07-27 10:12:48.123 19990 20116 I MMKVInitiator: daemon,need prepare mmkv, from: ResHubInitializer ,needForceFixPath: true ,currentPath: /data/user/0/com.tencent.android.qqdownloader/files/mmkv
07-27 10:12:48.124 19990 20116 I MMKVInitiator: daemon,MMKV already init in the correct dir: /data/user/0/com.tencent.android.qqdownloader/files/mmkv
07-27 10:12:48.126 19990 20116 W System.err: java.lang.ClassNotFoundException: com.huawei.system.BuildEx
07-27 10:12:48.126 19990 20116 W System.err: at java.lang.Class.classForName(Native Method)
07-27 10:12:48.126 19990 20116 W System.err: at java.lang.Class.forName(Class.java:454)
07-27 10:12:48.126 19990 20116 W System.err: at java.lang.Class.forName(Class.java:379)
07-27 10:12:48.126 19990 20116 W System.err: at com.tencent.assistant.utils.df.i(Unknown Source:22)
07-27 10:12:48.126 19990 20116 W System.err: at com.tencent.assistant.utils.DeviceUtils.isHarmonyOS(Unknown Source:0)
07-27 10:12:48.126 19990 20116 W System.err: at com.tencent.pangu.reshub.j.a(Unknown Source:253)
07-27 10:12:48.126 19990 20116 W System.err: at com.tencent.pangu.reshub.ResHubInitializer.a(Unknown Source:66)
07-27 10:12:48.126 19990 20116 W System.err: at com.tencent.assistant.module.init.a.ap.doInit(Unknown Source:16)
07-27 10:12:48.126 19990 20116 W System.err: at com.tencent.assistant.module.init.AbstractInitTask.run(Unknown Source:8)
07-27 10:12:48.126 19990 20116 W System.err: at com.tencent.assistant.module.init.j.run(Unknown Source:20)
07-27 10:12:48.126 19990 20116 W System.err: at com.tencent.raft.threadservice.impl.c.run(Unknown Source:5)
07-27 10:12:48.126 19990 20116 W System.err: at com.tencent.raft.threadservice.impl.d.run(Unknown Source:2)
07-27 10:12:48.126 19990 20116 W System.err: at java.util.concurrent.ThreadPoolExecutor.runWorker(ThreadPoolExecutor.java:1167)
07-27 10:12:48.126 19990 20116 W System.err: at java.util.concurrent.ThreadPoolExecutor$Worker.run(ThreadPoolExecutor.java:641)
07-27 10:12:48.126 19990 20116 W System.err: at java.lang.Thread.run(Thread.java:920)
07-27 10:12:48.126 19990 20116 W System.err: Caused by: java.lang.ClassNotFoundException: com.huawei.system.BuildEx
07-27 10:12:48.126 19990 20116 W System.err: ... 15 more
07-27 10:12:48.132 19990 20116 E RDeliveryConfigProvider: daemon,getConfigValue: RDelivery尚未初始化. key = key_support_64_arch_plugin_list
07-27 10:12:48.133 19990 20116 I vivianabis: daemon,getAppAbis:[arm64-v8a]
07-27 10:12:48.133 19990 20116 I vivianabis: daemon,getAppAbis:[arm64-v8a]
07-27 10:12:48.133 19990 20116 I vivianabis: daemon,getAppAbis:[arm64-v8a]
07-27 10:12:48.134 19990 20113 I rubbish : daemon,>>> 使用自建扫描能力,不初始化手管的tmssdk
07-27 10:12:48.137 1564 2465 V ActivityManager: Got obituary of 16020:com.tencent.ilink.ServiceProcess
07-27 10:12:48.137 1564 2465 D ConnectivityService: ConnectivityService NetworkRequestInfo binderDied(uid/pid:10096/16020, android.os.BinderProxy@8a68b2a)
07-27 10:12:48.145 684 684 I Zygote : Process 16020 exited due to signal 9 (Killed)
07-27 10:12:48.146 20107 20107 I Perf : Connecting to perf service.
07-27 10:12:48.149 20107 20107 V GraphicsEnvironment: ANGLE Developer option for 'com.tencent.android.qqdownloader' set to: 'default'
07-27 10:12:48.150 20107 20107 V GraphicsEnvironment: ANGLE GameManagerService for com.tencent.android.qqdownloader: false
07-27 10:12:48.150 1564 9990 I am_proc_died: [0,15778,com.android.webview:sandboxed_process0:org.chromium.content.app.SandboxedProcessService0:0,0,10]
07-27 10:12:48.151 1564 9990 I am_uid_stopped: 99008
07-27 10:12:48.151 2180 2180 I Zygote : Process 15778 exited due to signal 9 (Killed)
07-27 10:12:48.151 20107 20107 V GraphicsEnvironment: Updatable production driver is not supported on the device.
07-27 10:12:48.153 19990 20115 I vivianabis: daemon,getAppAbis:[arm64-v8a]
07-27 10:12:48.155 19990 19990 I StartUpOptimizeManager: daemon,isWxMiniGameOpt init, switchRet = false
07-27 10:12:48.155 20107 20107 D NetworkSecurityConfig: No Network Security Config specified, using platform default
07-27 10:12:48.155 20107 20107 D NetworkSecurityConfig: No Network Security Config specified, using platform default
07-27 10:12:48.157 1564 1711 E KernelCpuSpeedReader: Failed to read cpu-freq: /sys/devices/system/cpu/cpu4/cpufreq/stats/time_in_state: open failed: ENOENT (No such file or directory)
07-27 10:12:48.157 1564 1711 E KernelCpuSpeedReader: Failed to read cpu-freq: /sys/devices/system/cpu/cpu0/cpufreq/stats/time_in_state: open failed: ENOENT (No such file or directory)
07-27 10:12:48.157 1564 1711 E system_server: Cannot read thread CPU times for PID 1564
07-27 10:12:48.158 20107 20107 I MMKV : current API level = 31
07-27 10:12:48.158 20107 20107 I MMKV : page size:4096
07-27 10:12:48.158 20107 20107 I MMKV : root dir: /data/user/0/com.tencent.android.qqdownloader/files
07-27 10:12:48.158 20107 20107 I MMKV : loading [CrabShellKV] with 1105 size in total, file size is 8192, InterProcess 1
07-27 10:12:48.158 20107 20107 I MMKV : loading [CrabShellKV] with crc 4171532410 sequence 14 version 1
07-27 10:12:48.158 20107 20107 I MMKV : loaded [CrabShellKV] with 7 values
07-27 10:12:48.160 1564 2664 D CompatibilityChangeReporter: Compat change id reported: 135634846; UID 10096; state: DISABLED
07-27 10:12:48.160 1564 2664 D CompatibilityChangeReporter: Compat change id reported: 177438394; UID 10096; state: DISABLED
07-27 10:12:48.160 1564 2664 D CompatibilityChangeReporter: Compat change id reported: 135772972; UID 10096; state: DISABLED
07-27 10:12:48.160 1564 2664 D CompatibilityChangeReporter: Compat change id reported: 135754954; UID 10096; state: DISABLED
07-27 10:12:48.165 19990 19990 I FLog_qqlive_log: daemon,[main]PluginLoadObserver:Don't observe other process like daemon、tools.
07-27 10:12:48.165 19990 19990 I FLog_qqlive_log:
07-27 10:12:48.165 19990 19990 I FLog_qqlive_log:
07-27 10:12:48.165 19990 19990 I tag_LaunchSpeed: daemon,[main],[LaunchTagger][1]tag:Daemon_Application_onCreate_End
07-27 10:12:48.166 19990 20115 I FLog_StartInstrReport: daemon,[StartThread-47]二次启动,
07-27 10:12:48.167 19990 20115 E RDeliveryConfigProvider: daemon,getConfigBoolean: RDelivery尚未初始化. key = key_is_enable_send_broadcast , default = true
07-27 10:12:48.167 19990 20115 I FLog_StartInstrReport: daemon,[StartThread-47]发起广播,
07-27 10:12:48.171 19990 20116 E FLog_MainBinderManager: daemon,query code isn't exist,serverName:1013
07-27 10:12:48.171 19990 20116 E FLog_MainBinderManager:
07-27 10:12:48.171 19990 20108 E FLog_MainBinderManager: daemon,query code isn't exist,serverName:1026
07-27 10:12:48.171 19990 20108 E FLog_MainBinderManager:
07-27 10:12:48.172 19990 20116 E FLog_MainBinderManager: daemon,query code isn't exist,serverName:1013
07-27 10:12:48.172 19990 20116 E FLog_MainBinderManager:
07-27 10:12:48.172 19990 20116 E FLog_MainBinderManager: daemon,query code isn't exist,serverName:1013
07-27 10:12:48.172 19990 20116 E FLog_MainBinderManager:
07-27 10:12:48.173 19990 20116 E FLog_MainBinderManager: daemon,query code isn't exist,serverName:1013
07-27 10:12:48.173 19990 20116 E FLog_MainBinderManager:
07-27 10:12:48.173 19990 20116 E FLog_MainBinderManager: daemon,query code isn't exist,serverName:1013
07-27 10:12:48.173 19990 20116 E FLog_MainBinderManager:
07-27 10:12:48.174 19990 20116 E FLog_MainBinderManager: daemon,query code isn't exist,serverName:1013
07-27 10:12:48.174 19990 20116 E FLog_MainBinderManager:
07-27 10:12:48.174 19990 20116 E FLog_MainBinderManager: daemon,query code isn't exist,serverName:1013
07-27 10:12:48.174 19990 20116 E FLog_MainBinderManager:
07-27 10:12:48.175 19990 20116 E FLog_MainBinderManager: daemon,query code isn't exist,serverName:1013
07-27 10:12:48.175 19990 20116 E FLog_MainBinderManager:
07-27 10:12:48.175 19990 20116 E FLog_MainBinderManager: daemon,query code isn't exist,serverName:1013
07-27 10:12:48.175 19990 20116 E FLog_MainBinderManager:
07-27 10:12:48.175 19990 20116 E FLog_MainBinderManager: daemon,query code isn't exist,serverName:1013
07-27 10:12:48.175 19990 20116 E FLog_MainBinderManager:
07-27 10:12:48.175 19990 20116 E FLog_MainBinderManager: daemon,query code isn't exist,serverName:1013
07-27 10:12:48.175 19990 20116 E FLog_MainBinderManager:
07-27 10:12:48.176 19990 20116 E FLog_MainBinderManager: daemon,query code isn't exist,serverName:1013
07-27 10:12:48.176 19990 20116 E FLog_MainBinderManager:
07-27 10:12:48.176 19990 20116 E FLog_MainBinderManager: daemon,query code isn't exist,serverName:1013
07-27 10:12:48.176 19990 20116 E FLog_MainBinderManager:
07-27 10:12:48.177 19990 20116 E FLog_MainBinderManager: daemon,query code isn't exist,serverName:1013
07-27 10:12:48.177 19990 20116 E FLog_MainBinderManager:
07-27 10:12:48.177 19990 20116 I report_tag: daemon,hookAms = false
07-27 10:12:48.179 1564 2771 D ConnectivityService: ConnectivityService NetworkRequestInfo binderDied(uid/pid:10096/14786, android.os.BinderProxy@4467873)
07-27 10:12:48.180 19990 20108 E FLog_MainBinderManager: daemon,query code isn't exist,serverName:1026
07-27 10:12:48.180 19990 20108 E FLog_MainBinderManager:
07-27 10:12:48.180 1564 1825 V ActivityManager: Got obituary of 14786:com.tencent.android.qqdownloader
07-27 10:12:48.181 684 684 I Zygote : Process 14786 exited due to signal 9 (Killed)
07-27 10:12:48.182 1564 1700 I libprocessgroup: Successfully killed process cgroup uid 10096 pid 14713 in 0ms
07-27 10:12:48.182 1564 1700 I libprocessgroup: Successfully killed process cgroup uid 99008 pid 15778 in 0ms
07-27 10:12:48.182 1564 1695 W ActivityManager: Slow operation: 120ms so far, now at startProcess: asking zygote to start proc
07-27 10:12:48.183 19990 20108 E FLog_MainBinderManager: daemon,query code isn't exist,serverName:1020
07-27 10:12:48.183 19990 20108 E FLog_MainBinderManager:
07-27 10:12:48.183 1564 1695 D CompatibilityChangeReporter: Compat change id reported: 143937733; UID 10096; state: DISABLED
07-27 10:12:48.188 1564 1904 D ConnectivityService: NetReassign [no changes]
07-27 10:12:48.189 684 684 D Zygote : Forked child process 20165
07-27 10:12:48.190 1564 1695 W ActivityManager: Slow operation: 127ms so far, now at startProcess: returned from zygote!
07-27 10:12:48.190 1564 1695 W ActivityManager: Slow operation: 127ms so far, now at startProcess: done updating battery stats
07-27 10:12:48.190 1564 1695 I am_proc_start: [0,20165,10096,com.tencent.android.qqdownloader,content provider,{com.tencent.android.qqdownloader/com.tencent.assistant.db.contentprovider.WallpaperProvider}]
07-27 10:12:48.190 1564 1695 W ActivityManager: Slow operation: 127ms so far, now at startProcess: building log message
07-27 10:12:48.190 1564 1695 I ActivityManager: Start proc 20165:com.tencent.android.qqdownloader/u0a96 for content provider {com.tencent.android.qqdownloader/com.tencent.assistant.db.contentprovider.WallpaperProvider}
07-27 10:12:48.190 1564 1695 W ActivityManager: Slow operation: 127ms so far, now at startProcess: starting to update pids map
07-27 10:12:48.190 1564 1695 W ActivityManager: Slow operation: 127ms so far, now at startProcess: done updating pids map
07-27 10:12:48.192 19990 20108 E FLog_MainBinderManager: daemon,query code isn't exist,serverName:1020
07-27 10:12:48.192 19990 20108 E FLog_MainBinderManager:
07-27 10:12:48.193 20107 20107 I MMKV : root dir: /data/user/0/com.tencent.android.qqdownloader/files/mmkv
07-27 10:12:48.193 20107 20107 I MMKVInitiator: ,need prepare mmkv, from: MMKVWrapper ,needForceFixPath: false ,currentPath: /data/user/0/com.tencent.android.qqdownloader/files/mmkv
07-27 10:12:48.193 20107 20107 I MMKV : loading [InterProcessKV] with 339480 size in total, file size is 1048576, InterProcess 1
07-27 10:12:48.194 20107 20107 I MMKV : loading [InterProcessKV] with crc 1508465066 sequence 22 version 1
07-27 10:12:48.195 20107 20107 I MMKV : loaded [InterProcessKV] with 1279 values
07-27 10:12:48.195 20107 20107 I MMKVWrapper: ,MMKVWrapper init finish
07-27 10:12:48.195 20107 20107 I Settings: ,NameValueCache: false
07-27 10:12:48.203 20165 20165 I Zygote : seccomp disabled by setenforce 0
