07-27 10:12:53.481 1564 1609 D PowerManagerService: updateDisplayPowerStateLocked: displayReady=true, groupId=0, policy=BRIGHT, mWakefulness=Awake, mWakeLockSummary=0x23, mUserActivitySummary=0x1, mBootCompleted=true, screenBrightnessOverride=NaN, useAutoBrightness=true, mScreenBrightnessBoostInProgress=false, mIsVrModeEnabled= false, sQuiescent=false
07-27 10:12:53.481 1564 1609 D PowerManagerNotifier: onWakeLockAcquired: flags=1, tag="j", packageName=com.tencent.android.qqdownloader, ownerUid=10096, ownerPid=19990, workSource=null
07-27 10:12:53.489 20165 21218 E System : ******** DEPRECATED FUNCTIONALITY ********
07-27 10:12:53.489 20165 21218 E System : * The implementation of the KeyFactory.RSA algorithm from
07-27 10:12:53.489 20165 21218 E System : * the BC provider is deprecated in this version of Android.
07-27 10:12:53.489 20165 21218 E System : * It will be removed in a future version of Android and your
07-27 10:12:53.489 20165 21218 E System : * application will no longer be able to request it. Please see
07-27 10:12:53.489 20165 21218 E System : * https://android-developers.googleblog.com/2018/03/cryptography-changes-in-android-p.html
07-27 10:12:53.489 20165 21218 E System : * for more details.
07-27 10:12:53.498 19425 19588 I rdefense: hook pthread create cost: 66 ms
07-27 10:12:53.499 19425 21020 E GVoiceAndroidLog: Java body size is 120
07-27 10:12:53.501 19425 21020 I GCloudVoice: [2023-07-27 10:12:53 501] | Info | [GCloudVoice] |21020| av_httprequest_jni_callback.cpp:31 |Java_com_gcloudsdk_apollo_apollovoice_httpclient_URLRequest_response| Java_com_gcloudsdk_apollo_apollovoice_httpclient_URLRequest_response result 0
07-27 10:12:53.502 19425 21020 I GCloudVoice: [2023-07-27 10:12:53 502] | Info | [GCloudVoice] |21020| av_remote_config.cpp:539 |onDidRecvResopnse| AVRemoteConfig::onDidRecvResopnse response: [1,"ConfigService:GetConfig",2,1,{"success":{"rec":{"ret_code":{"i32":0},"ret_msg":{"str":""},"rule_id":{"i32":9961}}}}]
07-27 10:12:53.502 19425 21020 E GCloudVoice: [2023-07-27 10:12:53 502] | Error | [GCloudVoice] |21020| av_remote_config.cpp:597 |onDidRecvResopnse| No config_items Node
07-27 10:12:53.502 19425 21020 I GCloudVoice: [2023-07-27 10:12:53 502] | Info | [GCloudVoice] |21020| GCloudVoiceEngine.cpp:5198 |OnRemoteConfig| OnConfig:0
07-27 10:12:53.502 19425 21020 E GCloudVoice: [2023-07-27 10:12:53 502] | Error | [GCloudVoice] |21020| av_remote_config.cpp:134 |GetServerAddrConfig| 3A config is not available
07-27 10:12:53.502 19425 21020 E GCloudVoice: [2023-07-27 10:12:53 502] | Error | [GCloudVoice] |21020| GCloudVoiceEngine.cpp:1985 |CheckServerAddrConfig| GetServerAddrConfig failed: 2
07-27 10:12:53.502 19425 21020 E GCloudVoice: [2023-07-27 10:12:53 502] | Error | [GCloudVoice] |21020| av_remote_config.cpp:102 |Get3AConfig| 3A config is not available
07-27 10:12:53.502 19425 21020 I GCloudVoice: [2023-07-27 10:12:53 502] | Info | [GCloudVoice] |21020| GCloudVoiceEngine.cpp:5205 |ReportConfigState| ApolloVoiceEngine::ReportConfigState
07-27 10:12:53.502 19425 21020 I GCloudVoice: [2023-07-27 10:12:53 502] | Info | [GCloudVoice] |21020| av_reporter.cpp:126 |ReportGQos| AVReporter::ReportGQos bizid=4, logid=741, len=304.
07-27 10:12:53.502 19425 21020 E GCloudVoice: [2023-07-27 10:12:53 502] | Error | [GCloudVoice] |21020| av_reporter.cpp:134 |ReportGQos| Failed to send to tqos: -20727137
07-27 10:12:53.502 19425 21020 I GCloudVoice: [2023-07-27 10:12:53 502] | Info | [GCloudVoice] |21020| ThreadLogFile.cpp:1681 |OnRemoteConfig| xxxxxx Trace GetLogConfig result :0
07-27 10:12:53.502 19425 21020 E GCloudVoice: [2023-07-27 10:12:53 502] | Error | [GCloudVoice] |21020| av_remote_config.cpp:118 |GetLogConfig| 3A config is not available
07-27 10:12:53.504 19425 21034 I GCloudVoice: [2023-07-27 10:12:53 504] | Info | [GCloudVoice] |21034| ThreadLogFile.cpp:653 |ApplyFLQConfig| xxxxxx Trace FLQ, enable:0,resend:-1,interval:0
07-27 10:12:53.504 19425 21034 I GCloudVoice: [2023-07-27 10:12:53 504] | Info | [GCloudVoice] |21034| FullLinkQoS.cpp:2146 |Q_EnableFLQoS| FLQ disable
07-27 10:12:53.504 19425 21034 E GCloudVoice: [2023-07-27 10:12:53 504] | Error | [GCloudVoice] |21034| av_remote_config.cpp:134 |GetServerAddrConfig| 3A config is not available
07-27 10:12:53.504 19425 21034 E GCloudVoice: [2023-07-27 10:12:53 504] | Error | [GCloudVoice] |21034| GCloudVoiceEngine.cpp:1985 |CheckServerAddrConfig| GetServerAddrConfig failed: 2
07-27 10:12:53.504 19425 21034 E GCloudVoice: [2023-07-27 10:12:53 504] | Error | [GCloudVoice] |21034| av_remote_config.cpp:102 |Get3AConfig| 3A config is not available
07-27 10:12:53.527 20165 20276 I TuringFdNative: TuringFD v68 (190FC754A92BE107, base, 0e441cf, compiled 2021_11_23_19_48_40) success
07-27 10:12:53.532 1564 1825 D PowerManagerService: acquireWakeLockInternal: lock=177291984, flags=0x1, tag="j", ws=null, uid=10096, pid=19990
07-27 10:12:53.532 1564 1825 D PowerManagerService: updateWakeLockSummaryLocked: mWakefulness=Awake, mWakeLockSummary=0x23
07-27 10:12:53.532 1564 1825 D PowerManagerService: updateUserActivitySummaryLocked: groupId=0, mWakefulness=Awake, mUserActivitySummary=0x1, nextTimeout=856889 (in 58324 ms)
07-27 10:12:53.532 1564 1825 D PowerManagerNotifier: onScreenPolicyUpdate: newPolicy=3
07-27 10:12:53.532 1564 1825 D PowerManagerService: updateDisplayPowerStateLocked: displayReady=true, groupId=0, policy=BRIGHT, mWakefulness=Awake, mWakeLockSummary=0x23, mUserActivitySummary=0x1, mBootCompleted=true, screenBrightnessOverride=NaN, useAutoBrightness=true, mScreenBrightnessBoostInProgress=false, mIsVrModeEnabled= false, sQuiescent=false
07-27 10:12:53.532 1564 1825 D PowerManagerNotifier: onWakeLockAcquired: flags=1, tag="j", packageName=com.tencent.android.qqdownloader, ownerUid=10096, ownerPid=19990, workSource=null
07-27 10:12:53.544 19425 21034 I GCloudVoice: [2023-07-27 10:12:53 544] | Info | [GCloudVoice] |21034| ThreadLogFile.cpp:373 |ClearAll| xxxxxx GVoice Log Thread Exit
07-27 10:12:53.544 19425 21034 I GCloudVoice: [2023-07-27 10:12:53 544] | Info | [GCloudVoice] |21034| QTAE.cpp:265 |JIN_DetachCurrentThread| JIN_DetachCurrentThread, pthread_self() = 499936988336
07-27 10:12:53.554 20165 20388 E KcSdk : [KcSdk] value: A095641B30785F28642708F481603E0B
07-27 10:12:53.554 20165 20388 E KcSdk : [KcSdk] value: 10270120
07-27 10:12:53.554 20165 20388 E KcSdk : [KcSdk] value: skdjljksdjg1134
07-27 10:12:53.554 20165 20388 E KcSdk : [KcSdk] value: 17179869253
07-27 10:12:53.554 20165 20388 E KcSdk : [KcSdk] value: 00001
07-27 10:12:53.554 20165 20388 E KcSdk : [KcSdk] value: https//m.10010.com
07-27 10:12:53.556 20165 20388 E KcSdk : [SdkEnv] channel 10270120
07-27 10:12:53.567 1564 1609 D CompatibilityInfo: mCompatibilityFlags - 4
07-27 10:12:53.567 1564 1609 D CompatibilityInfo: applicationDensity - 240
07-27 10:12:53.567 1564 1609 D CompatibilityInfo: applicationScale - 1.0
07-27 10:12:53.568 20165 20388 I KcSdk : [KcInner] set PhoneInfoBridge
07-27 10:12:53.568 20165 20388 E KcSdk : [KcState] com.tencent.android.qqdownloader-- notifyCheck msg: FIRST_REGISTER_LISTENER immediate: false
07-27 10:12:53.569 20165 20165 I KcSdk : [KcBaseService] onStart
07-27 10:12:53.569 20165 20165 I KcSdk : [KcBaseService] onBind
07-27 10:12:53.575 20165 20165 E KcSdk : [KcState] com.tencent.android.qqdownloader-- notifyCheck msg: android.net.conn.CONNECTIVITY_CHANGE immediate: false
07-27 10:12:53.576 20165 20165 I KcSdk : [IpcClient] back engine is connected, ComponentInfo{com.tencent.android.qqdownloader/kcsdk.shell.KcShellService} tmsdk.common.KcBaseService$1@180e1b3 use: 10
07-27 10:12:53.576 20165 20165 I KcSdk : [KcInner] [logprint] OnBackConnected
07-27 10:12:53.576 20165 20165 I KcSdk : [SdkEnv] setPhoneInfoBridge - BackConnected
07-27 10:12:53.577 20165 21258 I KcSdk : [KcInner] guid:03027623072615550100092029729418
07-27 10:12:53.577 20165 21260 I KcSdk : [KcInner] guid:03027623072615550100092029729418
07-27 10:12:53.590 1564 1564 I NotificationService: Cannot find enqueued record for key: 0|com.tencent.android.qqdownloader|127|null|10096
07-27 10:12:53.627 18078 18325 I com.tencent.mm: Explicit concurrent copying GC freed 45410(2500KB) AllocSpace objects, 14(280KB) LOS objects, 49% free, 23MB/46MB, paused 39us,28us total 121.946ms
07-27 10:12:53.633 18078 18089 W System : A resource failed to call close.
07-27 10:12:53.672 20165 21247 D CompatibilityChangeReporter: Compat change id reported: 160794467; UID 10096; state: DISABLED
07-27 10:12:53.728 19425 20983 W .tencent.qqliv: Accessing hidden method Lcom/android/org/conscrypt/ConscryptEngineSocket;->setUseSessionTickets(Z)V (max-target-q,core-platform-api, reflection, denied)
07-27 10:12:53.728 19425 20983 W .tencent.qqliv: Accessing hidden method Lcom/android/org/conscrypt/OpenSSLSocketImpl;->setUseSessionTickets(Z)V (max-target-q,core-platform-api, reflection, denied)
07-27 10:12:53.728 19425 20983 W .tencent.qqliv: Accessing hidden method Lcom/android/org/conscrypt/AbstractConscryptSocket;->setUseSessionTickets(Z)V (max-target-q, reflection, denied)
07-27 10:12:53.728 19425 20983 W .tencent.qqliv: Accessing hidden method Lcom/android/org/conscrypt/ConscryptEngineSocket;->setHostname(Ljava/lang/String;)V (max-target-q,core-platform-api, reflection, denied)
07-27 10:12:53.728 19425 20983 W .tencent.qqliv: Accessing hidden method Lcom/android/org/conscrypt/OpenSSLSocketImpl;->setHostname(Ljava/lang/String;)V (max-target-q,core-platform-api, reflection, denied)
07-27 10:12:53.729 19425 20983 W .tencent.qqliv: Accessing hidden method Lcom/android/org/conscrypt/AbstractConscryptSocket;->setHostname(Ljava/lang/String;)V (max-target-q, reflection, denied)
07-27 10:12:53.729 19425 20983 W .tencent.qqliv: Accessing hidden method Lcom/android/org/conscrypt/OpenSSLSocketImpl;->setAlpnProtocols([B)V (max-target-q,core-platform-api, reflection, denied)
07-27 10:12:53.729 19425 20983 W .tencent.qqliv: Accessing hidden method Lcom/android/org/conscrypt/AbstractConscryptSocket;->setAlpnProtocols([B)V (max-target-q, reflection, denied)
07-27 10:12:53.760 19425 20533 I HEVCDEC : Parsing /proc/cpuinfo to recover CPUID
07-27 10:12:53.761 19425 20533 I HEVCDEC : Parsing /proc/cpuinfo to recover CPUID
07-27 10:12:53.858 19425 21051 I chromium: [0727/101253.858621:INFO:tnet_quic_adapter.cc(57)] Destroy tnet adapter, this: 0xb400007597a5e690
07-27 10:12:53.858 19425 21053 I chromium: [0727/101253.858625:INFO:tnet_quic_adapter.cc(57)] Destroy tnet adapter, this: 0xb400007597a54670
07-27 10:12:53.858 19425 21051 I chromium: [0727/101253.858713:INFO:tnet_quic_request.cc(50)] TnetQuicRequest destroy, set delegate nullptr
07-27 10:12:53.858 19425 21053 I chromium: [0727/101253.858719:INFO:tnet_quic_request.cc(50)] TnetQuicRequest destroy, set delegate nullptr
07-27 10:12:53.858 19425 21053 I chromium: [0727/101253.858747:INFO:tnet_quic_adapter.cc(59)] request has been delete
07-27 10:12:53.858 19425 21051 I chromium: [0727/101253.858761:INFO:tnet_quic_adapter.cc(59)] request has been delete
07-27 10:12:53.858 19425 21073 I chromium: [0727/101253.858769:INFO:tnet_request_common.cc(200)] Front request destroy: 0xb400007537aa30a0
07-27 10:12:53.858 19425 21073 I chromium: [0727/101253.858833:INFO:tnet_request_common.cc(200)] Front request destroy: 0xb400007537aa4900
07-27 10:12:53.866 19425 21074 E chromium: [0727/101253.866181:ERROR:tnet_quic_client_stream.cc(72)] Find stream has no observer
07-27 10:12:53.866 19425 21074 E chromium: [0727/101253.866228:ERROR:tnet_quic_client_stream.cc(97)] Find stream has no observer
07-27 10:12:53.880 19425 21074 E chromium: [0727/101253.880495:ERROR:tnet_quic_client_stream.cc(72)] Find stream has no observer
07-27 10:12:53.880 19425 21074 E chromium: [0727/101253.880543:ERROR:tnet_quic_client_stream.cc(97)] Find stream has no observer
07-27 10:12:53.952 1961 3519 V Avrcp_ext: updateCurrentMediaState: mMediaController: null
07-27 10:12:53.952 1961 3519 W Avrcp_ext: isMusicActive: false getBluetoothPlayState: 2 A2dp State: 11 mAudioPlaybackIsActive: false
07-27 10:12:53.952 1961 3519 W Avrcp_ext: updateCurrentMediaState: isPlaying = false
07-27 10:12:53.952 1961 3519 I Avrcp_ext: device found at index 0
07-27 10:12:53.952 1961 3519 V Avrcp_ext: updateCurrentMediaState: addr: [B@2571ed5
07-27 10:12:53.952 1961 3519 V Avrcp_ext: Media update: id -1➡-1? [MediaAttributes: none] : [MediaAttributes: none]
07-27 10:12:53.952 1961 3519 D Avrcp_ext: isPackageNameValid: browsedPackage = isValid = false
07-27 10:12:53.952 1961 3519 V Avrcp_ext: updatePlaybackState, state: PlaybackState {state=2, position=-1, buffered position=0, speed=0.0, updated=798984, actions=0, custom actions=[], active item id=-1, error=null} device: null
07-27 10:12:53.952 18078 18325 I com.tencent.mm: Explicit concurrent copying GC freed 8347(383KB) AllocSpace objects, 4(80KB) LOS objects, 49% free, 22MB/45MB, paused 28us,31us total 62.567ms
07-27 10:12:53.953 1961 3519 V Avrcp_ext: Device: EDIFIER W281BT : old state: PlaybackState {state=2, position=-1, buffered position=0, speed=0.0, updated=728659, actions=0, custom actions=[], active item id=-1, error=null}
07-27 10:12:53.953 1961 3519 V Avrcp_ext: Device: no name:
07-27 10:12:53.953 1961 3519 V Avrcp_ext: Device: no name:
07-27 10:12:53.953 1961 3519 V Avrcp_ext: Device: no name:
07-27 10:12:53.953 1961 3519 V Avrcp_ext: Device: no name:
07-27 10:12:53.953 1961 3519 V Avrcp_ext: updatePlayerStateAndPosition, old=PlaybackState {state=2, position=-1, buffered position=0, speed=0.0, updated=728659, actions=0, custom actions=[], active item id=-1, error=null}, state=PlaybackState {state=2, position=-1, buffered position=0, speed=0.0, updated=798984, actions=0, custom actions=[], active item id=-1, error=null}
07-27 10:12:53.953 1961 3519 V Avrcp_ext: old state = PlaybackState {state=2, position=-1, buffered position=0, speed=0.0, updated=728659, actions=0, custom actions=[], active item id=-1, error=null}, new state= PlaybackState {state=2, position=-1, buffered position=0, speed=0.0, updated=798984, actions=0, custom actions=[], active item id=-1, error=null}
07-27 10:12:53.953 1961 3519 D HeadsetService: getHeadsetService(): returning com.android.bluetooth.hfp.HeadsetService@3a55a93
07-27 10:12:53.953 1961 3519 E HeadsetStateMachine: returning mCurrentState as Connected
07-27 10:12:53.953 1961 3519 D HeadsetService: isAudioOn: The number of audio connected devices 0
07-27 10:12:53.953 1961 3519 D HeadsetService: isScoOrCallActive(): Call Active:falseCall is Ringing:falseSCO is Active:false
07-27 10:12:53.953 1961 3519 E HeadsetStateMachine: returning mCurrentState as Connected
07-27 10:12:53.953 1961 3519 D HeadsetService: isAudioOn: The number of audio connected devices 0
07-27 10:12:53.953 1961 3519 I Avrcp_ext: updatePlayStatusForDevice: device: 60:F4:3A:B2:E8:8D
07-27 10:12:53.953 1961 3519 V Avrcp_ext: updatePlaybackState (0): old=PlaybackState {state=2, position=-1, buffered position=0, speed=0.0, updated=728659, actions=0, custom actions=[], active item id=-1, error=null}(2), new=PlaybackState {state=2, position=-1, buffered position=0, speed=0.0, updated=798984, actions=0, custom actions=[], active item id=-1, error=null}(2)
07-27 10:12:53.953 1961 3519 I Avrcp_ext: Exit updatePlayStatusForDevice
07-27 10:12:53.953 1961 3519 E HeadsetStateMachine: returning mCurrentState as Connected
07-27 10:12:53.953 1961 3519 D HeadsetService: isAudioOn: The number of audio connected devices 0
07-27 10:12:53.953 1961 3519 D HeadsetService: isScoOrCallActive(): Call Active:falseCall is Ringing:falseSCO is Active:false
07-27 10:12:53.953 1961 3519 E HeadsetStateMachine: returning mCurrentState as Connected
07-27 10:12:53.953 1961 3519 D HeadsetService: isAudioOn: The number of audio connected devices 0
07-27 10:12:53.953 1961 3519 I Avrcp_ext: updatePlayStatusForDevice: device: null
07-27 10:12:53.953 1961 3519 V Avrcp_ext: updatePlaybackState (1): old=PlaybackState {state=2, position=-1, buffered position=0, speed=0.0, updated=728659, actions=0, custom actions=[], active item id=-1, error=null}(2), new=PlaybackState {state=2, position=-1, buffered position=0, speed=0.0, updated=798984, actions=0, custom actions=[], active item id=-1, error=null}(2)
07-27 10:12:53.953 1961 3519 I Avrcp_ext: Exit updatePlayStatusForDevice
07-27 10:12:53.953 1961 3519 E HeadsetStateMachine: returning mCurrentState as Connected
07-27 10:12:53.953 1961 3519 D HeadsetService: isAudioOn: The number of audio connected devices 0
07-27 10:12:53.953 1961 3519 D HeadsetService: isScoOrCallActive(): Call Active:falseCall is Ringing:falseSCO is Active:false
07-27 10:12:53.953 1961 3519 E HeadsetStateMachine: returning mCurrentState as Connected
07-27 10:12:53.953 1961 3519 D HeadsetService: isAudioOn: The number of audio connected devices 0
07-27 10:12:53.954 1961 3519 I Avrcp_ext: updatePlayStatusForDevice: device: null
07-27 10:12:53.954 1961 3519 V Avrcp_ext: updatePlaybackState (1): old=PlaybackState {state=2, position=-1, buffered position=0, speed=0.0, updated=728659, actions=0, custom actions=[], active item id=-1, error=null}(2), new=PlaybackState {state=2, position=-1, buffered position=0, speed=0.0, updated=798984, actions=0, custom actions=[], active item id=-1, error=null}(2)
07-27 10:12:53.954 1961 3519 I Avrcp_ext: Exit updatePlayStatusForDevice
07-27 10:12:53.954 1961 3519 E HeadsetStateMachine: returning mCurrentState as Connected
07-27 10:12:53.954 1961 3519 D HeadsetService: isAudioOn: The number of audio connected devices 0
07-27 10:12:53.954 1961 3519 D HeadsetService: isScoOrCallActive(): Call Active:falseCall is Ringing:falseSCO is Active:false
07-27 10:12:53.954 1961 3519 E HeadsetStateMachine: returning mCurrentState as Connected
07-27 10:12:53.954 1961 3519 D HeadsetService: isAudioOn: The number of audio connected devices 0
07-27 10:12:53.954 1961 3519 I Avrcp_ext: updatePlayStatusForDevice: device: null
07-27 10:12:53.954 1961 3519 V Avrcp_ext: updatePlaybackState (1): old=PlaybackState {state=2, position=-1, buffered position=0, speed=0.0, updated=728659, actions=0, custom actions=[], active item id=-1, error=null}(2), new=PlaybackState {state=2, position=-1, buffered position=0, speed=0.0, updated=798984, actions=0, custom actions=[], active item id=-1, error=null}(2)
07-27 10:12:53.954 1961 3519 I Avrcp_ext: Exit updatePlayStatusForDevice
07-27 10:12:53.954 1961 3519 E HeadsetStateMachine: returning mCurrentState as Connected
07-27 10:12:53.954 1961 3519 D HeadsetService: isAudioOn: The number of audio connected devices 0
07-27 10:12:53.954 1961 3519 D HeadsetService: isScoOrCallActive(): Call Active:falseCall is Ringing:falseSCO is Active:false
07-27 10:12:53.954 1961 3519 E HeadsetStateMachine: returning mCurrentState as Connected
07-27 10:12:53.954 1961 3519 D HeadsetService: isAudioOn: The number of audio connected devices 0
07-27 10:12:53.954 1961 3519 I Avrcp_ext: updatePlayStatusForDevice: device: null
07-27 10:12:53.954 1961 3519 V Avrcp_ext: updatePlaybackState (1): old=PlaybackState {state=2, position=-1, buffered position=0, speed=0.0, updated=728659, actions=0, custom actions=[], active item id=-1, error=null}(2), new=PlaybackState {state=2, position=-1, buffered position=0, speed=0.0, updated=798984, actions=0, custom actions=[], active item id=-1, error=null}(2)
07-27 10:12:53.954 1961 3519 I Avrcp_ext: Exit updatePlayStatusForDevice
07-27 10:12:53.954 1961 3519 D Avrcp_ext: Enter sendPlayPosNotificationRsp
07-27 10:12:53.954 1961 3519 D Avrcp_ext: Enter getPlayPosition
07-27 10:12:53.954 1961 3519 I Avrcp_ext: device found at index 0
07-27 10:12:53.954 1961 3519 D Avrcp_ext: getPlayPosition, deviceFeatures[0] currentPosition is unknown
07-27 10:12:53.954 1961 3519 D Avrcp_ext: Don't send invalid play position notification for non-playing state
07-27 10:12:53.954 1961 3519 D Avrcp_ext: Enter sendPlayPosNotificationRsp
07-27 10:12:53.954 1961 3519 D Avrcp_ext: sendPlayPosNotificationRsp: Not registered or requesting.
07-27 10:12:53.954 1961 3519 D Avrcp_ext: Enter sendPlayPosNotificationRsp
07-27 10:12:53.954 1961 3519 D Avrcp_ext: sendPlayPosNotificationRsp: Not registered or requesting.
07-27 10:12:53.954 1961 3519 D Avrcp_ext: Enter sendPlayPosNotificationRsp
07-27 10:12:53.954 1961 3519 D Avrcp_ext: sendPlayPosNotificationRsp: Not registered or requesting.
07-27 10:12:53.954 1961 3519 D Avrcp_ext: Enter sendPlayPosNotificationRsp
07-27 10:12:53.954 1961 3519 D Avrcp_ext: sendPlayPosNotificationRsp: Not registered or requesting.
07-27 10:12:53.954 1961 3519 V Avrcp_ext: Exit updatePlayerStateAndPosition
07-27 10:12:53.962 1961 3519 V Avrcp_ext: updateCurrentMediaState: mMediaController: null
07-27 10:12:53.962 1961 3519 W Avrcp_ext: isMusicActive: false getBluetoothPlayState: 2 A2dp State: 11 mAudioPlaybackIsActive: false
07-27 10:12:53.962 1961 3519 W Avrcp_ext: updateCurrentMediaState: isPlaying = false
07-27 10:12:53.962 1961 3519 I Avrcp_ext: device found at index 0
07-27 10:12:53.962 1961 3519 V Avrcp_ext: updateCurrentMediaState: addr: [B@83b36ea
07-27 10:12:53.962 1961 3519 V Avrcp_ext: Media update: id -1➡-1? [MediaAttributes: none] : [MediaAttributes: none]
07-27 10:12:53.962 1961 3519 D Avrcp_ext: isPackageNameValid: browsedPackage = isValid = false
07-27 10:12:53.962 1961 3519 V Avrcp_ext: updatePlaybackState, state: PlaybackState {state=2, position=-1, buffered position=0, speed=0.0, updated=798994, actions=0, custom actions=[], active item id=-1, error=null} device: null
07-27 10:12:53.964 1961 3519 V Avrcp_ext: Device: EDIFIER W281BT : old state: PlaybackState {state=2, position=-1, buffered position=0, speed=0.0, updated=798984, actions=0, custom actions=[], active item id=-1, error=null}
07-27 10:12:53.964 1961 3519 V Avrcp_ext: Device: no name:
07-27 10:12:53.964 1961 3519 V Avrcp_ext: Device: no name:
07-27 10:12:53.964 1961 3519 V Avrcp_ext: Device: no name:
07-27 10:12:53.964 1961 3519 V Avrcp_ext: Device: no name:
07-27 10:12:53.964 1961 3519 V Avrcp_ext: updatePlayerStateAndPosition, old=PlaybackState {state=2, position=-1, buffered position=0, speed=0.0, updated=798984, actions=0, custom actions=[], active item id=-1, error=null}, state=PlaybackState {state=2, position=-1, buffered position=0, speed=0.0, updated=798994, actions=0, custom actions=[], active item id=-1, error=null}
07-27 10:12:53.964 1961 3519 V Avrcp_ext: old state = PlaybackState {state=2, position=-1, buffered position=0, speed=0.0, updated=798984, actions=0, custom actions=[], active item id=-1, error=null}, new state= PlaybackState {state=2, position=-1, buffered position=0, speed=0.0, updated=798994, actions=0, custom actions=[], active item id=-1, error=null}
07-27 10:12:53.964 1961 3519 D HeadsetService: getHeadsetService(): returning com.android.bluetooth.hfp.HeadsetService@3a55a93
07-27 10:12:53.964 1961 3519 E HeadsetStateMachine: returning mCurrentState as Connected
07-27 10:12:53.964 1961 3519 D HeadsetService: isAudioOn: The number of audio connected devices 0
07-27 10:12:53.964 1961 3519 D HeadsetService: isScoOrCallActive(): Call Active:falseCall is Ringing:falseSCO is Active:false
07-27 10:12:53.964 1961 3519 E HeadsetStateMachine: returning mCurrentState as Connected
07-27 10:12:53.964 1961 3519 D HeadsetService: isAudioOn: The number of audio connected devices 0
07-27 10:12:53.964 1961 3519 I Avrcp_ext: updatePlayStatusForDevice: device: 60:F4:3A:B2:E8:8D
07-27 10:12:53.964 1961 3519 V Avrcp_ext: updatePlaybackState (0): old=PlaybackState {state=2, position=-1, buffered position=0, speed=0.0, updated=798984, actions=0, custom actions=[], active item id=-1, error=null}(2), new=PlaybackState {state=2, position=-1, buffered position=0, speed=0.0, updated=798994, actions=0, custom actions=[], active item id=-1, error=null}(2)
07-27 10:12:53.964 1961 3519 I Avrcp_ext: Exit updatePlayStatusForDevice
07-27 10:12:53.964 1961 3519 E HeadsetStateMachine: returning mCurrentState as Connected
07-27 10:12:53.964 1961 3519 D HeadsetService: isAudioOn: The number of audio connected devices 0
07-27 10:12:53.964 1961 3519 D HeadsetService: isScoOrCallActive(): Call Active:falseCall is Ringing:falseSCO is Active:false
07-27 10:12:53.964 1961 3519 E HeadsetStateMachine: returning mCurrentState as Connected
07-27 10:12:53.964 1961 3519 D HeadsetService: isAudioOn: The number of audio connected devices 0
07-27 10:12:53.964 1961 3519 I Avrcp_ext: updatePlayStatusForDevice: device: null
07-27 10:12:53.964 1961 3519 V Avrcp_ext: updatePlaybackState (1): old=PlaybackState {state=2, position=-1, buffered position=0, speed=0.0, updated=798984, actions=0, custom actions=[], active item id=-1, error=null}(2), new=PlaybackState {state=2, position=-1, buffered position=0, speed=0.0, updated=798994, actions=0, custom actions=[], active item id=-1, error=null}(2)
07-27 10:12:53.964 1961 3519 I Avrcp_ext: Exit updatePlayStatusForDevice
07-27 10:12:53.964 1961 3519 E HeadsetStateMachine: returning mCurrentState as Connected
07-27 10:12:53.964 1961 3519 D HeadsetService: isAudioOn: The number of audio connected devices 0
07-27 10:12:53.964 1961 3519 D HeadsetService: isScoOrCallActive(): Call Active:falseCall is Ringing:falseSCO is Active:false
07-27 10:12:53.964 1961 3519 E HeadsetStateMachine: returning mCurrentState as Connected
07-27 10:12:53.964 1961 3519 D HeadsetService: isAudioOn: The number of audio connected devices 0
07-27 10:12:53.964 1961 3519 I Avrcp_ext: updatePlayStatusForDevice: device: null
07-27 10:12:53.964 1961 3519 V Avrcp_ext: updatePlaybackState (1): old=PlaybackState {state=2, position=-1, buffered position=0, speed=0.0, updated=798984, actions=0, custom actions=[], active item id=-1, error=null}(2), new=PlaybackState {state=2, position=-1, buffered position=0, speed=0.0, updated=798994, actions=0, custom actions=[], active item id=-1, error=null}(2)
07-27 10:12:53.964 1961 3519 I Avrcp_ext: Exit updatePlayStatusForDevice
07-27 10:12:53.964 1961 3519 E HeadsetStateMachine: returning mCurrentState as Connected
07-27 10:12:53.964 1961 3519 D HeadsetService: isAudioOn: The number of audio connected devices 0
07-27 10:12:53.964 1961 3519 D HeadsetService: isScoOrCallActive(): Call Active:falseCall is Ringing:falseSCO is Active:false
07-27 10:12:53.964 1961 3519 E HeadsetStateMachine: returning mCurrentState as Connected
07-27 10:12:53.965 1961 3519 D HeadsetService: isAudioOn: The number of audio connected devices 0
07-27 10:12:53.965 1961 3519 I Avrcp_ext: updatePlayStatusForDevice: device: null
07-27 10:12:53.965 1961 3519 V Avrcp_ext: updatePlaybackState (1): old=PlaybackState {state=2, position=-1, buffered position=0, speed=0.0, updated=798984, actions=0, custom actions=[], active item id=-1, error=null}(2), new=PlaybackState {state=2, position=-1, buffered position=0, speed=0.0, updated=798994, actions=0, custom actions=[], active item id=-1, error=null}(2)
07-27 10:12:53.965 1961 3519 I Avrcp_ext: Exit updatePlayStatusForDevice
07-27 10:12:53.965 1961 3519 E HeadsetStateMachine: returning mCurrentState as Connected
07-27 10:12:53.965 1961 3519 D HeadsetService: isAudioOn: The number of audio connected devices 0
07-27 10:12:53.965 1961 3519 D HeadsetService: isScoOrCallActive(): Call Active:falseCall is Ringing:falseSCO is Active:false
07-27 10:12:53.965 1961 3519 E HeadsetStateMachine: returning mCurrentState as Connected
07-27 10:12:53.965 1961 3519 D HeadsetService: isAudioOn: The number of audio connected devices 0
07-27 10:12:53.965 1961 3519 I Avrcp_ext: updatePlayStatusForDevice: device: null
07-27 10:12:53.965 1961 3519 V Avrcp_ext: updatePlaybackState (1): old=PlaybackState {state=2, position=-1, buffered position=0, speed=0.0, updated=798984, actions=0, custom actions=[], active item id=-1, error=null}(2), new=PlaybackState {state=2, position=-1, buffered position=0, speed=0.0, updated=798994, actions=0, custom actions=[], active item id=-1, error=null}(2)
07-27 10:12:53.965 1961 3519 I Avrcp_ext: Exit updatePlayStatusForDevice
07-27 10:12:53.965 1961 3519 D Avrcp_ext: Enter sendPlayPosNotificationRsp
07-27 10:12:53.965 1961 3519 D Avrcp_ext: Enter getPlayPosition
07-27 10:12:53.965 1961 3519 I Avrcp_ext: device found at index 0
07-27 10:12:53.965 1961 3519 D Avrcp_ext: getPlayPosition, deviceFeatures[0] currentPosition is unknown
07-27 10:12:53.965 1961 3519 D Avrcp_ext: Don't send invalid play position notification for non-playing state
07-27 10:12:53.965 1961 3519 D Avrcp_ext: Enter sendPlayPosNotificationRsp
07-27 10:12:53.965 1961 3519 D Avrcp_ext: sendPlayPosNotificationRsp: Not registered or requesting.
07-27 10:12:53.965 1961 3519 D Avrcp_ext: Enter sendPlayPosNotificationRsp
07-27 10:12:53.965 1961 3519 D Avrcp_ext: sendPlayPosNotificationRsp: Not registered or requesting.
07-27 10:12:53.965 1961 3519 D Avrcp_ext: Enter sendPlayPosNotificationRsp
07-27 10:12:53.965 1961 3519 D Avrcp_ext: sendPlayPosNotificationRsp: Not registered or requesting.
07-27 10:12:53.965 1961 3519 D Avrcp_ext: Enter sendPlayPosNotificationRsp
07-27 10:12:53.965 1961 3519 D Avrcp_ext: sendPlayPosNotificationRsp: Not registered or requesting.
07-27 10:12:53.965 1961 3519 V Avrcp_ext: Exit updatePlayerStateAndPosition
07-27 10:12:53.986 1564 3234 D PowerManagerService: acquireWakeLockInternal: lock=69315953, flags=0x1, tag="q", ws=null, uid=10096, pid=19990
07-27 10:12:53.986 1564 3234 D PowerManagerService: updateWakeLockSummaryLocked: mWakefulness=Awake, mWakeLockSummary=0x23
07-27 10:12:53.986 1564 3234 D PowerManagerService: updateUserActivitySummaryLocked: groupId=0, mWakefulness=Awake, mUserActivitySummary=0x1, nextTimeout=856889 (in 57870 ms)
07-27 10:12:53.986 1564 3234 D PowerManagerNotifier: onScreenPolicyUpdate: newPolicy=3
07-27 10:12:53.987 1564 3234 D PowerManagerService: updateDisplayPowerStateLocked: displayReady=true, groupId=0, policy=BRIGHT, mWakefulness=Awake, mWakeLockSummary=0x23, mUserActivitySummary=0x1, mBootCompleted=true, screenBrightnessOverride=NaN, useAutoBrightness=true, mScreenBrightnessBoostInProgress=false, mIsVrModeEnabled= false, sQuiescent=false
07-27 10:12:53.987 1564 3234 D PowerManagerNotifier: onWakeLockAcquired: flags=1, tag="q", packageName=com.tencent.android.qqdownloader, ownerUid=10096, ownerPid=19990, workSource=null
07-27 10:12:53.989 1564 3234 D PowerManagerService: releaseWakeLockInternal: lock=69315953 [q], flags=0x0
07-27 10:12:53.989 1564 3234 D PowerManagerNotifier: onWakeLockReleased: flags=1, tag="q", packageName=com.tencent.android.qqdownloader, ownerUid=10096, ownerPid=19990, workSource=null
07-27 10:12:53.989 1564 3234 D PowerManagerService: updateWakeLockSummaryLocked: mWakefulness=Awake, mWakeLockSummary=0x23
07-27 10:12:53.989 1564 3234 D PowerManagerService: updateUserActivitySummaryLocked: groupId=0, mWakefulness=Awake, mUserActivitySummary=0x1, nextTimeout=856889 (in 57868 ms)
07-27 10:12:53.989 1564 3234 D PowerManagerNotifier: onScreenPolicyUpdate: newPolicy=3
07-27 10:12:53.989 1564 3234 D PowerManagerService: updateDisplayPowerStateLocked: displayReady=true, groupId=0, policy=BRIGHT, mWakefulness=Awake, mWakeLockSummary=0x23, mUserActivitySummary=0x1, mBootCompleted=true, screenBrightnessOverride=NaN, useAutoBrightness=true, mScreenBrightnessBoostInProgress=false, mIsVrModeEnabled= false, sQuiescent=false
07-27 10:12:54.024 19919 19919 I FileLockLib: [19919]file 71 locked by pid: 19425. lock type: 0
07-27 10:12:54.026 19919 19919 I FileLockLib: [19919]file 71 locked by pid: 19425. lock type: 0
07-27 10:12:54.029 19919 19919 I FileLockLib: [19919]file 71 locked by pid: 19425. lock type: 0
07-27 10:12:54.116 0 0 E [ 799.144557] [MAX975X: max96755x_vc1_lcd_dtc_check] *ERROR* DTC_Display: screen not ready(0), bl_sta(1), lvl(40)
07-27 10:12:54.169 1564 3234 D PowerManagerService: releaseWakeLockInternal: lock=5637498 [j], flags=0x0
07-27 10:12:54.169 1564 3234 D PowerManagerNotifier: onWakeLockReleased: flags=1, tag="j", packageName=com.tencent.android.qqdownloader, ownerUid=10096, ownerPid=19990, workSource=null
07-27 10:12:54.169 1564 3234 D PowerManagerService: updateWakeLockSummaryLocked: mWakefulness=Awake, mWakeLockSummary=0x23
07-27 10:12:54.169 1564 3234 D PowerManagerService: updateUserActivitySummaryLocked: groupId=0, mWakefulness=Awake, mUserActivitySummary=0x1, nextTimeout=856889 (in 57687 ms)
07-27 10:12:54.169 1564 3234 D PowerManagerNotifier: onScreenPolicyUpdate: newPolicy=3
07-27 10:12:54.169 1564 3234 D PowerManagerService: updateDisplayPowerStateLocked: displayReady=true, groupId=0, policy=BRIGHT, mWakefulness=Awake, mWakeLockSummary=0x23, mUserActivitySummary=0x1, mBootCompleted=true, screenBrightnessOverride=NaN, useAutoBrightness=true, mScreenBrightnessBoostInProgress=false, mIsVrModeEnabled= false, sQuiescent=false
07-27 10:12:54.229 2297 2673 D MicroService: handleHeartBeat:421
07-27 10:12:54.248 1564 3234 D PowerManagerService: acquireWakeLockInternal: lock=5418925, flags=0x1, tag="j", ws=null, uid=10096, pid=19990
07-27 10:12:54.249 1564 3234 D PowerManagerService: updateWakeLockSummaryLocked: mWakefulness=Awake, mWakeLockSummary=0x23
07-27 10:12:54.249 1564 3234 D PowerManagerService: updateUserActivitySummaryLocked: groupId=0, mWakefulness=Awake, mUserActivitySummary=0x1, nextTimeout=856889 (in 57608 ms)
07-27 10:12:54.249 1564 3234 D PowerManagerNotifier: onScreenPolicyUpdate: newPolicy=3
07-27 10:12:54.249 1564 3234 D PowerManagerService: updateDisplayPowerStateLocked: displayReady=true, groupId=0, policy=BRIGHT, mWakefulness=Awake, mWakeLockSummary=0x23, mUserActivitySummary=0x1, mBootCompleted=true, screenBrightnessOverride=NaN, useAutoBrightness=true, mScreenBrightnessBoostInProgress=false, mIsVrModeEnabled= false, sQuiescent=false
07-27 10:12:54.249 1564 3234 D PowerManagerNotifier: onWakeLockAcquired: flags=1, tag="j", packageName=com.tencent.android.qqdownloader, ownerUid=10096, ownerPid=19990, workSource=null
07-27 10:12:54.291 1564 3234 D PowerManagerService: releaseWakeLockInternal: lock=217467778 [j], flags=0x0
07-27 10:12:54.291 1564 3234 D PowerManagerNotifier: onWakeLockReleased: flags=1, tag="j", packageName=com.tencent.android.qqdownloader, ownerUid=10096, ownerPid=19990, workSource=null
07-27 10:12:54.291 1564 3234 D PowerManagerService: updateWakeLockSummaryLocked: mWakefulness=Awake, mWakeLockSummary=0x23
07-27 10:12:54.291 1564 3234 D PowerManagerService: updateUserActivitySummaryLocked: groupId=0, mWakefulness=Awake, mUserActivitySummary=0x1, nextTimeout=856889 (in 57565 ms)
07-27 10:12:54.291 1564 3234 D PowerManagerNotifier: onScreenPolicyUpdate: newPolicy=3
07-27 10:12:54.291 1564 3234 D PowerManagerService: updateDisplayPowerStateLocked: displayReady=true, groupId=0, policy=BRIGHT, mWakefulness=Awake, mWakeLockSummary=0x23, mUserActivitySummary=0x1, mBootCompleted=true, screenBrightnessOverride=NaN, useAutoBrightness=true, mScreenBrightnessBoostInProgress=false, mIsVrModeEnabled= false, sQuiescent=false
07-27 10:12:54.337 2297 2297 D MicroService: onHeartBeatDetected
07-27 10:12:54.337 2297 2297 D MicroService: sendHeartbeatMessage
07-27 10:12:54.372 19919 20257 I FileLockLib: [19919]file 71 locked by pid: 19425. lock type: 0
07-27 10:12:54.371 20165 20165 I auditd : type=1400 audit(0.0:20043): avc: granted { nlmsg_readpriv } for comm="pool-11-thread-" scontext=u:r:untrusted_app_27:s0:c512,c768 tcontext=u:r:untrusted_app_27:s0:c512,c768 tclass=netlink_route_socket app=com.tencent.android.qqdownloader
07-27 10:12:54.371 20165 20165 W pool-11-thread-: type=1400 audit(0.0:20043): avc: granted { nlmsg_readpriv } for scontext=u:r:untrusted_app_27:s0:c512,c768 tcontext=u:r:untrusted_app_27:s0:c512,c768 tclass=netlink_route_socket app=com.tencent.android.qqdownloader
07-27 10:12:54.375 19919 20257 I FileLockLib: [19919]file 71 locked by pid: 19425. lock type: 0
07-27 10:12:54.377 19919 20257 I FileLockLib: [19919]file 71 locked by pid: 19425. lock type: 0
07-27 10:12:54.381 19919 20257 I FileLockLib: [19919]file 71 locked by pid: 19425. lock type: 0
07-27 10:12:54.382 19919 20257 I FileLockLib: [19919]file 71 locked by pid: 19425. lock type: 0
07-27 10:12:54.382 19919 20257 I FileLockLib: [19919]file 71 locked by pid: 19425. lock type: 0
07-27 10:12:54.383 19919 20257 I FileLockLib: [19919]file 71 locked by pid: 19425. lock type: 0
07-27 10:12:54.384 19919 20257 I FileLockLib: [19919]file 71 locked by pid: 19425. lock type: 0
07-27 10:12:54.384 19919 20257 I FileLockLib: [19919]file 71 locked by pid: 19425. lock type: 0
07-27 10:12:54.385 19919 20257 I FileLockLib: [19919]file 71 locked by pid: 19425. lock type: 0
07-27 10:12:54.386 19919 20257 I FileLockLib: [19919]file 71 locked by pid: 19425. lock type: 0
07-27 10:12:54.386 660 673 I mpu_uart: [MSG-P:RECV]:No message received in 1000 ms
07-27 10:12:54.386 19919 20257 I FileLockLib: [19919]file 71 locked by pid: 19425. lock type: 0
07-27 10:12:54.389 660 672 I mpu_uart: [MSG-P:R]:recv sync frame timeout
07-27 10:12:54.396 1564 1564 I notification_enqueue: [10096,19990,com.tencent.android.qqdownloader,127,NULL,0,Notification(channel=channel_id_default_silent shortcut=null contentView=com.tencent.android.qqdownloader/0x7f0a01c2 vibrate=null sound=null defaults=0x0 flags=0x2a2 color=0x00000000 groupKey=com.tencent.android.qqdownloader vis=PRIVATE),0]
07-27 10:12:54.494 19425 19792 I HEVCDEC : Parsing /proc/cpuinfo to recover CPUID
07-27 10:12:54.495 19425 19792 I HEVCDEC : Parsing /proc/cpuinfo to recover CPUID
07-27 10:12:54.511 1564 3234 D PowerManagerService: acquireWakeLockInternal: lock=85432745, flags=0x1, tag="j", ws=null, uid=10096, pid=19990
07-27 10:12:54.511 1564 3234 D PowerManagerService: updateWakeLockSummaryLocked: mWakefulness=Awake, mWakeLockSummary=0x23
07-27 10:12:54.511 1564 3234 D PowerManagerService: updateUserActivitySummaryLocked: groupId=0, mWakefulness=Awake, mUserActivitySummary=0x1, nextTimeout=856889 (in 57346 ms)
07-27 10:12:54.511 1564 3234 D PowerManagerNotifier: onScreenPolicyUpdate: newPolicy=3
07-27 10:12:54.511 1564 3234 D PowerManagerService: updateDisplayPowerStateLocked: displayReady=true, groupId=0, policy=BRIGHT, mWakefulness=Awake, mWakeLockSummary=0x23, mUserActivitySummary=0x1, mBootCompleted=true, screenBrightnessOverride=NaN, useAutoBrightness=true, mScreenBrightnessBoostInProgress=false, mIsVrModeEnabled= false, sQuiescent=false
07-27 10:12:54.511 1564 3234 D PowerManagerNotifier: onWakeLockAcquired: flags=1, tag="j", packageName=com.tencent.android.qqdownloader, ownerUid=10096, ownerPid=19990, workSource=null
07-27 10:12:54.591 20165 20165 I auditd : type=1400 audit(0.0:20044): avc: denied { read } for comm="pool-13-thread-" name="version" dev="proc" ino=4026532247 scontext=u:r:untrusted_app_27:s0:c512,c768 tcontext=u:object_r:proc_version:s0 tclass=file permissive=1 app=com.tencent.android.qqdownloader
07-27 10:12:54.591 20165 20165 I pool-13-thread-: type=1400 audit(0.0:20044): avc: denied { read } for name="version" dev="proc" ino=4026532247 scontext=u:r:untrusted_app_27:s0:c512,c768 tcontext=u:object_r:proc_version:s0 tclass=file permissive=1 app=com.tencent.android.qqdownloader
07-27 10:12:54.597 1564 1564 I GameModeConfig: isGameModeOn = false
07-27 10:12:54.591 20165 20165 I auditd : type=1400 audit(0.0:20045): avc: denied { open } for comm="pool-13-thread-" path="/proc/version" dev="proc" ino=4026532247 scontext=u:r:untrusted_app_27:s0:c512,c768 tcontext=u:object_r:proc_version:s0 tclass=file permissive=1 app=com.tencent.android.qqdownloader
07-27 10:12:54.591 20165 20165 I pool-13-thread-: type=1400 audit(0.0:20045): avc: denied { open } for path="/proc/version" dev="proc" ino=4026532247 scontext=u:r:untrusted_app_27:s0:c512,c768 tcontext=u:object_r:proc_version:s0 tclass=file permissive=1 app=com.tencent.android.qqdownloader
07-27 10:12:54.591 20165 20165 I auditd : type=1400 audit(0.0:20046): avc: denied { getattr } for comm="pool-13-thread-" path="/proc/version" dev="proc" ino=4026532247 scontext=u:r:untrusted_app_27:s0:c512,c768 tcontext=u:object_r:proc_version:s0 tclass=file permissive=1 app=com.tencent.android.qqdownloader
07-27 10:12:54.591 20165 20165 I pool-13-thread-: type=1400 audit(0.0:20046): avc: denied { getattr } for path="/proc/version" dev="proc" ino=4026532247 scontext=u:r:untrusted_app_27:s0:c512,c768 tcontext=u:object_r:proc_version:s0 tclass=file permissive=1 app=com.tencent.android.qqdownloader
07-27 10:12:54.616 1963 1963 D InterruptionStateProvider: No bubble up: not allowed to bubble: 0|com.tencent.android.qqdownloader|127|null|10096
07-27 10:12:54.616 1963 1963 D InterruptionStateProvider: No heads up: unimportant notification: 0|com.tencent.android.qqdownloader|127|null|10096
07-27 10:12:54.617 1963 2120 D PeopleSpaceWidgetMgr: Sbn doesn't contain valid PeopleTileKey: null/0/com.tencent.android.qqdownloader
07-27 10:12:54.627 1963 1963 V NotificationMediaManager: DEBUG_MEDIA: updating album art for notification null metadata=null metaDataChanged=false state=0
07-27 10:12:54.655 1963 1963 W ShadeListBuilder: (Build 354) Duplicate summary for group "0|com.tencent.android.qqdownloader|g:com.tencent.android.qqdownloader": "0|com.tencent.android.qqdownloader|3040|null|10096" vs. "0|com.tencent.android.qqdownloader|127|null|10096"
07-27 10:12:54.884 1564 2479 D PowerManagerService: releaseWakeLockInternal: lock=57554183 [j], flags=0x0
07-27 10:12:54.884 1564 2479 D PowerManagerNotifier: onWakeLockReleased: flags=1, tag="j", packageName=com.tencent.android.qqdownloader, ownerUid=10096, ownerPid=19990, workSource=null
07-27 10:12:54.884 1564 2479 D PowerManagerService: updateWakeLockSummaryLocked: mWakefulness=Awake, mWakeLockSummary=0x23
07-27 10:12:54.884 1564 2479 D PowerManagerService: updateUserActivitySummaryLocked: groupId=0, mWakefulness=Awake, mUserActivitySummary=0x1, nextTimeout=856889 (in 56972 ms)
07-27 10:12:54.884 1564 2479 D PowerManagerNotifier: onScreenPolicyUpdate: newPolicy=3
07-27 10:12:54.884 1564 2479 D PowerManagerService: updateDisplayPowerStateLocked: displayReady=true, groupId=0, policy=BRIGHT, mWakefulness=Awake, mWakeLockSummary=0x23, mUserActivitySummary=0x1, mBootCompleted=true, screenBrightnessOverride=NaN, useAutoBrightness=true, mScreenBrightnessBoostInProgress=false, mIsVrModeEnabled= false, sQuiescent=false
07-27 10:12:54.972 19425 21298 I JNI_Util: JVM JNI AttachCurrentThread ok, tid:0xb07c2a5873000000.
07-27 10:12:54.972 19425 21299 I JNI_Util: JVM JNI AttachCurrentThread ok, tid:0xb09c1a5773000000.
07-27 10:12:54.975 19425 21300 I JNI_Util: JVM JNI AttachCurrentThread ok, tid:0xb06c274973000000.
07-27 10:12:55.017 19425 20784 E ThemeUtils: View class com.tencent.qqlive.modules.vb.lottie.adapter.VBLottieAnimationView is an AppCompat widget that can only be used with a Theme.AppCompat theme (or descendant).
07-27 10:12:55.025 19425 20784 E ThemeUtils: View class com.tencent.qqlive.modules.vb.lottie.adapter.VBLottieAnimationView is an AppCompat widget that can only be used with a Theme.AppCompat theme (or descendant).
07-27 10:12:55.040 1564 1825 D PowerManagerService: releaseWakeLockInternal: lock=5418925 [j], flags=0x0
07-27 10:12:55.040 1564 1825 D PowerManagerNotifier: onWakeLockReleased: flags=1, tag="j", packageName=com.tencent.android.qqdownloader, ownerUid=10096, ownerPid=19990, workSource=null
07-27 10:12:55.040 1564 1825 D PowerManagerService: updateWakeLockSummaryLocked: mWakefulness=Awake, mWakeLockSummary=0x23
07-27 10:12:55.040 1564 1825 D PowerManagerService: updateUserActivitySummaryLocked: groupId=0, mWakefulness=Awake, mUserActivitySummary=0x1, nextTimeout=856889 (in 56817 ms)
07-27 10:12:55.040 1564 1825 D PowerManagerNotifier: onScreenPolicyUpdate: newPolicy=3
07-27 10:12:55.040 1564 1825 D PowerManagerService: updateDisplayPowerStateLocked: displayReady=true, groupId=0, policy=BRIGHT, mWakefulness=Awake, mWakeLockSummary=0x23, mUserActivitySummary=0x1, mBootCompleted=true, screenBrightnessOverride=NaN, useAutoBrightness=true, mScreenBrightnessBoostInProgress=false, mIsVrModeEnabled= false, sQuiescent=false
07-27 10:12:55.058 1564 2479 D PowerManagerService: releaseWakeLockInternal: lock=177291984 [j], flags=0x0
07-27 10:12:55.058 1564 2479 D PowerManagerNotifier: onWakeLockReleased: flags=1, tag="j", packageName=com.tencent.android.qqdownloader, ownerUid=10096, ownerPid=19990, workSource=null
07-27 10:12:55.058 1564 2479 D PowerManagerService: updateWakeLockSummaryLocked: mWakefulness=Awake, mWakeLockSummary=0x23
07-27 10:12:55.058 1564 2479 D PowerManagerService: updateUserActivitySummaryLocked: groupId=0, mWakefulness=Awake, mUserActivitySummary=0x1, nextTimeout=856889 (in 56798 ms)
07-27 10:12:55.058 1564 2479 D PowerManagerNotifier: onScreenPolicyUpdate: newPolicy=3
07-27 10:12:55.058 1564 2479 D PowerManagerService: updateDisplayPowerStateLocked: displayReady=true, groupId=0, policy=BRIGHT, mWakefulness=Awake, mWakeLockSummary=0x23, mUserActivitySummary=0x1, mBootCompleted=true, screenBrightnessOverride=NaN, useAutoBrightness=true, mScreenBrightnessBoostInProgress=false, mIsVrModeEnabled= false, sQuiescent=false
07-27 10:12:55.189 660 672 D mpu_uart: [MSG-P:R-M]:recved H:38, L:0
07-27 10:12:55.189 660 672 V mpu_uart: recv data buf:[0x3c, 0x26, 0x0, 0x2, 0xd, 0x2, 0x1, 0x1c, 0xd, 0xa, 0x20, 0x42, 0x2d, 0x6d, 0x61, 0x69, 0x6e, 0x5f, 0x6c, 0x6f, 0x6f, 0x70, 0x20, 0x69, 0x73, 0x20, 0x72, 0x75, 0x6e, 0x6e, 0x69, 0x6e, 0x67, 0xd, 0xa, 0x0, 0x0, 0x70, ]
07-27 10:12:55.190 660 672 V mpu_uart:
07-27 10:12:55.190 660 672 V mpu_uart: B-main_loop is running
07-27 10:12:55.190 660 673 D mpu_uart: [SESSION-Distribute]:Message en queue:d
07-27 10:12:55.273 19425 19587 I HEVCDEC : Parsing /proc/cpuinfo to recover CPUID
07-27 10:12:55.273 19425 19587 I HEVCDEC : Parsing /proc/cpuinfo to recover CPUID
07-27 10:12:55.274 1564 2479 D PowerManagerService: releaseWakeLockInternal: lock=94729855 [AudioMix], flags=0x0
07-27 10:12:55.274 1564 2479 D PowerManagerNotifier: onWakeLockReleased: flags=1, tag="AudioMix", packageName=audioserver, ownerUid=1041, ownerPid=0, workSource=null
07-27 10:12:55.274 1564 2479 D PowerManagerService: updateWakeLockSummaryLocked: mWakefulness=Awake, mWakeLockSummary=0x23
07-27 10:12:55.274 1564 2479 D PowerManagerService: updateUserActivitySummaryLocked: groupId=0, mWakefulness=Awake, mUserActivitySummary=0x1, nextTimeout=856889 (in 56583 ms)
07-27 10:12:55.274 1564 2479 D PowerManagerNotifier: onScreenPolicyUpdate: newPolicy=3
07-27 10:12:55.274 1564 2479 D PowerManagerService: updateDisplayPowerStateLocked: displayReady=true, groupId=0, policy=BRIGHT, mWakefulness=Awake, mWakeLockSummary=0x23, mUserActivitySummary=0x1, mBootCompleted=true, screenBrightnessOverride=NaN, useAutoBrightness=true, mScreenBrightnessBoostInProgress=false, mIsVrModeEnabled= false, sQuiescent=false
07-27 10:12:55.275 1564 2479 D PowerManagerService: releaseWakeLockInternal: lock=140514965 [AudioMix], flags=0x0
07-27 10:12:55.275 1564 2479 D PowerManagerNotifier: onWakeLockReleased: flags=1, tag="AudioMix", packageName=audioserver, ownerUid=1041, ownerPid=0, workSource=null
07-27 10:12:55.275 1564 2479 D PowerManagerService: updateWakeLockSummaryLocked: mWakefulness=Awake, mWakeLockSummary=0x23
07-27 10:12:55.275 1564 2479 D PowerManagerService: updateUserActivitySummaryLocked: groupId=0, mWakefulness=Awake, mUserActivitySummary=0x1, nextTimeout=856889 (in 56582 ms)
07-27 10:12:55.275 1564 2479 D PowerManagerNotifier: onScreenPolicyUpdate: newPolicy=3
07-27 10:12:55.275 1564 2479 D PowerManagerService: updateDisplayPowerStateLocked: displayReady=true, groupId=0, policy=BRIGHT, mWakefulness=Awake, mWakeLockSummary=0x23, mUserActivitySummary=0x1, mBootCompleted=true, screenBrightnessOverride=NaN, useAutoBrightness=true, mScreenBrightnessBoostInProgress=false, mIsVrModeEnabled= false, sQuiescent=false
07-27 10:12:55.276 1564 2479 D PowerManagerService: releaseWakeLockInternal: lock=239926174 [AudioMix], flags=0x0
07-27 10:12:55.276 1564 2479 D PowerManagerNotifier: onWakeLockReleased: flags=1, tag="AudioMix", packageName=audioserver, ownerUid=1041, ownerPid=0, workSource=null
07-27 10:12:55.276 1564 2479 D PowerManagerService: updateWakeLockSummaryLocked: mWakefulness=Awake, mWakeLockSummary=0x23
07-27 10:12:55.276 1564 2479 D PowerManagerService: updateUserActivitySummaryLocked: groupId=0, mWakefulness=Awake, mUserActivitySummary=0x1, nextTimeout=856889 (in 56580 ms)
07-27 10:12:55.276 1564 2479 D PowerManagerNotifier: onScreenPolicyUpdate: newPolicy=3
07-27 10:12:55.276 1564 2479 D PowerManagerService: updateDisplayPowerStateLocked: displayReady=true, groupId=0, policy=BRIGHT, mWakefulness=Awake, mWakeLockSummary=0x23, mUserActivitySummary=0x1, mBootCompleted=true, screenBrightnessOverride=NaN, useAutoBrightness=true, mScreenBrightnessBoostInProgress=false, mIsVrModeEnabled= false, sQuiescent=false
07-27 10:12:55.279 1564 2479 D PowerManagerService: releaseWakeLockInternal: lock=67711914 [AudioMix], flags=0x0
07-27 10:12:55.279 1564 2479 D PowerManagerNotifier: onWakeLockReleased: flags=1, tag="AudioMix", packageName=audioserver, ownerUid=1041, ownerPid=0, workSource=null
07-27 10:12:55.279 1564 2479 D PowerManagerService: updateWakeLockSummaryLocked: mWakefulness=Awake, mWakeLockSummary=0x23
07-27 10:12:55.279 1564 2479 D PowerManagerService: updateUserActivitySummaryLocked: groupId=0, mWakefulness=Awake, mUserActivitySummary=0x1, nextTimeout=856889 (in 56577 ms)
07-27 10:12:55.279 1564 2479 D PowerManagerNotifier: onScreenPolicyUpdate: newPolicy=3
07-27 10:12:55.279 1564 2479 D PowerManagerService: updateDisplayPowerStateLocked: displayReady=true, groupId=0, policy=BRIGHT, mWakefulness=Awake, mWakeLockSummary=0x23, mUserActivitySummary=0x1, mBootCompleted=true, screenBrightnessOverride=NaN, useAutoBrightness=true, mScreenBrightnessBoostInProgress=false, mIsVrModeEnabled= false, sQuiescent=false
07-27 10:12:55.281 1564 2479 D PowerManagerService: releaseWakeLockInternal: lock=113792588 [AudioMix], flags=0x0
07-27 10:12:55.281 1564 2479 D PowerManagerNotifier: onWakeLockReleased: flags=1, tag="AudioMix", packageName=audioserver, ownerUid=1041, ownerPid=0, workSource=null
