07-27 10:12:44.877 1564 1679 D CompatibilityChangeReporter: Compat change id reported: 135754954; UID 1000; state: ENABLED
07-27 10:12:44.886 684 684 D Zygote : Forked child process 18915
07-27 10:12:44.887 1564 1695 I am_proc_start: [0,18915,1000,com.android.settings,NULL,]
07-27 10:12:44.887 1564 1695 I ActivityManager: Start proc 18915:com.android.settings/1000 for null
07-27 10:12:44.889 1564 1692 I am_pss : [18078,10098,com.tencent.mm,256214016,200552448,7168,431271936,0,10,19]
07-27 10:12:44.892 18915 18915 I Zygote : seccomp disabled by setenforce 0
07-27 10:12:44.892 1564 9990 I am_proc_died: [0,18771,com.android.providers.calendar,915,19]
07-27 10:12:44.893 1564 9990 I am_uid_stopped: 10027
07-27 10:12:44.896 684 684 I Zygote : Process 18771 exited due to signal 9 (Killed)
07-27 10:12:44.901 1564 1692 I am_pss : [18223,10098,com.tencent.mm:push,96159744,43294720,8192,253440000,0,10,11]
07-27 10:12:44.910 1564 10185 D ConnectivityService: ConnectivityService NetworkRequestInfo binderDied(uid/pid:10100/10559, android.os.BinderProxy@28195bc)
07-27 10:12:44.910 1564 9979 D ConnectivityService: ConnectivityService NetworkRequestInfo binderDied(uid/pid:10100/10559, android.os.BinderProxy@8343945)
07-27 10:12:44.910 1564 7819 D ConnectivityService: ConnectivityService NetworkRequestInfo binderDied(uid/pid:10100/10559, android.os.BinderProxy@80d989a)
07-27 10:12:44.912 0 0 I [ 789.942623] binder: undelivered transaction 747650, process died.
07-27 10:12:44.911 1564 1904 D ConnectivityService: releasing NetworkRequest [ REQUEST id=88, [ Capabilities: INTERNET&NOT_RESTRICTED&TRUSTED&NOT_VCN_MANAGED Uid: 10100 RequestorUid: 10100 RequestorPkg: com.tencent.qqlive] ] (release request)
07-27 10:12:44.912 1564 1942 I EthernetNetworkFactory: networkForRequest, request: NetworkRequest [ REQUEST id=88, [ Capabilities: INTERNET&NOT_RESTRICTED&TRUSTED&NOT_VCN_MANAGED Uid: 10100 RequestorUid: 10100 RequestorPkg: com.tencent.qqlive] ], network: NetworkInterfaceState{ refCount: 17, iface: eth0, up: true, hwAddress: 36:7c:7c:00:00:0f, networkCapabilities: [ Transports: ETHERNET Capabilities: INTERNET&NOT_RESTRICTED&TRUSTED&NOT_VPN&NOT_ROAMING&NOT_CONGESTED&NOT_SUSPENDED&NOT_VCN_MANAGED LinkUpBandwidth>=100000Kbps LinkDnBandwidth>=100000Kbps], networkAgent: com.android.server.ethernet.EthernetNetworkFactory$NetworkInterfaceState$1@15a0a52, score: 70, ipClient: android.net.ip.IIpClient$Stub$Proxy@fe79123,linkProperties: {InterfaceName: eth0 LinkAddresses: [ fe80::7315:61d:4b5:5cfa/64,192.168.50.16/24 ] DnsAddresses: [ /101.226.4.6 ] Domains: null MTU: 0 TcpBufferSizes: 524288,1048576,3145728,524288,1048576,2097152 Routes: [ 192.168.50.0/24 -> 0.0.0.0 eth0 mtu 0,0.0.0.0/0 -> 192.168.50.4 eth0 mtu 0 ]}}
07-27 10:12:44.913 1564 1825 I am_proc_died: [0,10559,com.tencent.qqlive:services,100,19]
07-27 10:12:44.913 684 684 I Zygote : Process 10559 exited due to signal 9 (Killed)
07-27 10:12:44.913 2967 2994 I adbd : jdwp connection from 18915
07-27 10:12:44.914 18915 18915 D ProcessState: Binder ioctl to enable oneway spam detection failed: Invalid argument
07-27 10:12:44.915 1564 1825 W ActivityManager: Scheduling restart of crashed service com.tencent.qqlive/.pay.service.PayService in 10958ms for connection
07-27 10:12:44.915 1564 1825 I am_schedule_service_restart: [0,com.tencent.qqlive/.pay.service.PayService,10958]
07-27 10:12:44.915 1564 1700 I libprocessgroup: Successfully killed process cgroup uid 10100 pid 10549 in 0ms
07-27 10:12:44.919 0 0 I [ 789.947259] binder: 18915:18915 ioctl 40046210 7ffe7e33d4 returned -22
07-27 10:12:44.921 1564 1825 I am_proc_bound: [0,18915,com.android.settings]
07-27 10:12:44.922 1564 1825 D CompatibilityInfo: mCompatibilityFlags - 4
07-27 10:12:44.922 1564 1825 D CompatibilityInfo: applicationDensity - 240
07-27 10:12:44.923 1564 1825 D CompatibilityInfo: applicationScale - 1.0
07-27 10:12:44.928 18915 18915 D CompatibilityChangeReporter: Compat change id reported: 171979766; UID 1000; state: ENABLED
07-27 10:12:44.938 18915 18915 W ndroid.setting: ClassLoaderContext shared library size mismatch. Expected=2, found=0 (PCL[]{PCL[/system/framework/org.apache.http.legacy.jar*2058259660]#PCL[/system_ext/framework/extphonelib.jar*2894378777]} | PCL[])
07-27 10:12:44.950 1564 2776 D ConnectivityService: ConnectivityService NetworkRequestInfo binderDied(uid/pid:10100/10549, android.os.BinderProxy@4b051a8)
07-27 10:12:44.950 1564 7819 D ConnectivityService: ConnectivityService NetworkRequestInfo binderDied(uid/pid:10100/10549, android.os.BinderProxy@d9ca466)
07-27 10:12:44.950 1564 2776 D ConnectivityService: ConnectivityService NetworkRequestInfo binderDied(uid/pid:10100/10549, android.os.BinderProxy@2ad43a7)
07-27 10:12:44.950 1564 11038 D ConnectivityService: ConnectivityService NetworkRequestInfo binderDied(uid/pid:10100/10549, android.os.BinderProxy@88ce054)
07-27 10:12:44.951 1564 1904 D ConnectivityService: releasing NetworkRequest [ REQUEST id=83, [ Capabilities: INTERNET&NOT_RESTRICTED&TRUSTED&NOT_VCN_MANAGED Uid: 10100 RequestorUid: 10100 RequestorPkg: com.tencent.qqlive] ] (release request)
07-27 10:12:44.951 1564 1904 D ConnectivityService: releasing NetworkRequest [ REQUEST id=94, [ Transports: CELLULAR Capabilities: INTERNET&NOT_RESTRICTED&TRUSTED&NOT_VPN&NOT_VCN_MANAGED Uid: 10100 RequestorUid: 10100 RequestorPkg: com.tencent.qqlive] ] (release request)
07-27 10:12:44.952 1564 1564 I notification_cancel_all: [10100,10448,com.tencent.qqlive,0,0,64,9,NULL]
07-27 10:12:44.952 1564 3537 I am_proc_died: [0,10549,com.tencent.qqlive:cache,100,19]
07-27 10:12:44.952 1564 1904 D ConnectivityService: releasing NetworkRequest [ REQUEST id=95, [ Transports: CELLULAR Capabilities: INTERNET&NOT_RESTRICTED&TRUSTED&NOT_VPN&NOT_VCN_MANAGED Uid: 10100 RequestorUid: 10100 RequestorPkg: com.tencent.qqlive] ] (release request)
07-27 10:12:44.952 1564 8495 D ConnectivityService: ConnectivityService NetworkRequestInfo binderDied(uid/pid:10100/10549, android.os.BinderProxy@7e424c1)
07-27 10:12:44.952 1564 1942 I EthernetNetworkFactory: networkForRequest, request: NetworkRequest [ REQUEST id=83, [ Capabilities: INTERNET&NOT_RESTRICTED&TRUSTED&NOT_VCN_MANAGED Uid: 10100 RequestorUid: 10100 RequestorPkg: com.tencent.qqlive] ], network: NetworkInterfaceState{ refCount: 16, iface: eth0, up: true, hwAddress: 36:7c:7c:00:00:0f, networkCapabilities: [ Transports: ETHERNET Capabilities: INTERNET&NOT_RESTRICTED&TRUSTED&NOT_VPN&NOT_ROAMING&NOT_CONGESTED&NOT_SUSPENDED&NOT_VCN_MANAGED LinkUpBandwidth>=100000Kbps LinkDnBandwidth>=100000Kbps], networkAgent: com.android.server.ethernet.EthernetNetworkFactory$NetworkInterfaceState$1@15a0a52, score: 70, ipClient: android.net.ip.IIpClient$Stub$Proxy@fe79123,linkProperties: {InterfaceName: eth0 LinkAddresses: [ fe80::7315:61d:4b5:5cfa/64,192.168.50.16/24 ] DnsAddresses: [ /101.226.4.6 ] Domains: null MTU: 0 TcpBufferSizes: 524288,1048576,3145728,524288,1048576,2097152 Routes: [ 192.168.50.0/24 -> 0.0.0.0 eth0 mtu 0,0.0.0.0/0 -> 192.168.50.4 eth0 mtu 0 ]}}
07-27 10:12:44.954 1564 1564 I notification_cancel_all: [10100,10448,com.tencent.qqlive,0,0,64,9,NULL]
07-27 10:12:44.954 1564 3537 W ActivityManager: Scheduling restart of crashed service com.tencent.qqlive/com.tencent.thumbplayer.core.datatransport.service.TPDataTransportRemoteService in 20919ms for connection
07-27 10:12:44.954 1564 3537 I am_schedule_service_restart: [0,com.tencent.qqlive/com.tencent.thumbplayer.core.datatransport.service.TPDataTransportRemoteService,20919]
07-27 10:12:44.954 1564 3537 W ActivityManager: Scheduling restart of crashed service com.tencent.qqlive/.services.download.DownloadService in 30918ms for connection
07-27 10:12:44.954 1564 3537 I am_schedule_service_restart: [0,com.tencent.qqlive/.services.download.DownloadService,30918]
07-27 10:12:44.954 1564 3537 W ActivityManager: Scheduling restart of crashed service com.tencent.qqlive/.downloadproxy.tvkhttpproxy.service.TVKPlayService in 40918ms for connection
07-27 10:12:44.954 1564 3537 I am_schedule_service_restart: [0,com.tencent.qqlive/.downloadproxy.tvkhttpproxy.service.TVKPlayService,40918]
07-27 10:12:44.954 1564 3537 W ActivityManager: Scheduling restart of crashed service com.tencent.qqlive/.ipc.BroadcastService in 50918ms for connection
07-27 10:12:44.954 1564 3537 I am_schedule_service_restart: [0,com.tencent.qqlive/.ipc.BroadcastService,50918]
07-27 10:12:44.954 1564 3537 W ActivityManager: Scheduling restart of crashed service com.tencent.qqlive/.ona.offline.aidl.OfflineCacheService in 60918ms for connection
07-27 10:12:44.954 1564 3537 I am_schedule_service_restart: [0,com.tencent.qqlive/.ona.offline.aidl.OfflineCacheService,60918]
07-27 10:12:44.954 1564 3537 W ActivityManager: Scheduling restart of crashed service com.tencent.qqlive/.paylogic.cache.CachePayInfoService in 70918ms for connection
07-27 10:12:44.954 1564 3537 I am_schedule_service_restart: [0,com.tencent.qqlive/.paylogic.cache.CachePayInfoService,70918]
07-27 10:12:44.955 1564 3537 W ActivityManager: Scheduling restart of crashed service com.tencent.qqlive/.download.service.TkdDownloadService in 80918ms for connection
07-27 10:12:44.955 1564 3537 I am_schedule_service_restart: [0,com.tencent.qqlive/.download.service.TkdDownloadService,80918]
07-27 10:12:44.955 1564 3537 W ActivityManager: Scheduling restart of crashed service com.tencent.qqlive/.ona.chat.manager.DataService in 90918ms for connection
07-27 10:12:44.955 1564 3537 I am_schedule_service_restart: [0,com.tencent.qqlive/.ona.chat.manager.DataService,90918]
07-27 10:12:44.955 1564 3537 W ActivityManager: Scheduling restart of crashed service com.tencent.qqlive/.modules.vb.predownload.service.PreDownloadInnerService in 100918ms for connection
07-27 10:12:44.955 1564 3537 I am_schedule_service_restart: [0,com.tencent.qqlive/.modules.vb.predownload.service.PreDownloadInnerService,100918]
07-27 10:12:44.955 1564 3537 I ActivityManager: Killing 18915:com.android.settings/1000 (adj 905): empty #2
07-27 10:12:44.955 1564 3537 I am_kill : [0,18915,com.android.settings,905,empty #2]
07-27 10:12:44.955 684 684 I Zygote : Process 10549 exited due to signal 9 (Killed)
07-27 10:12:44.959 1564 11296 D CompatibilityChangeReporter: Compat change id reported: 135634846; UID 10100; state: DISABLED
07-27 10:12:44.959 1564 11296 D CompatibilityChangeReporter: Compat change id reported: 177438394; UID 10100; state: DISABLED
07-27 10:12:44.959 1564 11296 D CompatibilityChangeReporter: Compat change id reported: 135772972; UID 10100; state: DISABLED
07-27 10:12:44.959 1564 11296 D CompatibilityChangeReporter: Compat change id reported: 135754954; UID 10100; state: ENABLED
07-27 10:12:44.960 1564 1695 D CompatibilityChangeReporter: Compat change id reported: 143937733; UID 10100; state: ENABLED
07-27 10:12:44.960 1564 1700 I libprocessgroup: Successfully killed process cgroup uid 1000 pid 18801 in 0ms
07-27 10:12:44.960 1564 1700 I libprocessgroup: Successfully killed process cgroup uid 10027 pid 18771 in 0ms
07-27 10:12:44.960 1564 1700 I libprocessgroup: Successfully killed process cgroup uid 1000 pid 18915 in 0ms
07-27 10:12:44.968 684 684 D Zygote : Forked child process 18932
07-27 10:12:44.968 1564 1695 I am_proc_start: [0,18932,10100,com.tencent.qqlive:cache,service,{com.tencent.qqlive/com.tencent.qqlive.ona.offline.aidl.OfflineCacheService}]
07-27 10:12:44.969 1564 1695 I ActivityManager: Start proc 18932:com.tencent.qqlive:cache/u0a100 for service {com.tencent.qqlive/com.tencent.qqlive.ona.offline.aidl.OfflineCacheService}
07-27 10:12:44.974 18932 18932 I Zygote : seccomp disabled by setenforce 0
07-27 10:12:44.976 1564 2757 I am_proc_died: [0,18915,com.android.settings,905,19]
07-27 10:12:44.976 684 684 I Zygote : Process 18915 exited due to signal 9 (Killed)
07-27 10:12:44.982 1564 1679 D CompatibilityChangeReporter: Compat change id reported: 135634846; UID 1000; state: DISABLED
07-27 10:12:44.982 1564 1679 D CompatibilityChangeReporter: Compat change id reported: 177438394; UID 1000; state: DISABLED
07-27 10:12:44.983 1564 1679 D CompatibilityChangeReporter: Compat change id reported: 135772972; UID 1000; state: DISABLED
07-27 10:12:44.983 1564 1679 D CompatibilityChangeReporter: Compat change id reported: 135754954; UID 1000; state: ENABLED
07-27 10:12:44.987 2967 2994 I adbd : jdwp connection from 18932
07-27 10:12:44.989 18932 18932 D ProcessState: Binder ioctl to enable oneway spam detection failed: Invalid argument
07-27 10:12:44.991 0 0 I [ 790.021904] binder: 18932:18932 ioctl 40046210 7ffe7e33d4 returned -22
07-27 10:12:44.991 684 684 D Zygote : Forked child process 18947
07-27 10:12:44.992 1564 1695 I am_proc_start: [0,18947,1000,com.android.settings,NULL,]
07-27 10:12:44.992 1564 1695 I ActivityManager: Start proc 18947:com.android.settings/1000 for null
07-27 10:12:44.996 1564 2757 I am_proc_bound: [0,18932,com.tencent.qqlive:cache]
07-27 10:12:44.997 18947 18947 I Zygote : seccomp disabled by setenforce 0
07-27 10:12:44.998 1564 2757 D CompatibilityInfo: mCompatibilityFlags - 4
07-27 10:12:44.998 1564 2757 D CompatibilityInfo: applicationDensity - 240
07-27 10:12:44.998 1564 2757 D CompatibilityInfo: applicationScale - 1.0
07-27 10:12:45.002 1564 2757 D CompatibilityInfo: mCompatibilityFlags - 4
07-27 10:12:45.002 1564 2757 D CompatibilityInfo: applicationDensity - 240
07-27 10:12:45.002 1564 2757 D CompatibilityInfo: applicationScale - 1.0
07-27 10:12:45.003 1564 2757 D CompatibilityInfo: mCompatibilityFlags - 4
07-27 10:12:45.003 1564 2757 D CompatibilityInfo: applicationDensity - 240
07-27 10:12:45.003 1564 2757 D CompatibilityInfo: applicationScale - 1.0
07-27 10:12:45.004 1564 2757 D CompatibilityInfo: mCompatibilityFlags - 4
07-27 10:12:45.004 1564 2757 D CompatibilityInfo: applicationDensity - 240
07-27 10:12:45.004 1564 2757 D CompatibilityInfo: applicationScale - 1.0
07-27 10:12:45.004 1564 2757 D CompatibilityInfo: mCompatibilityFlags - 4
07-27 10:12:45.004 1564 2757 D CompatibilityInfo: applicationDensity - 240
07-27 10:12:45.004 1564 2757 D CompatibilityInfo: applicationScale - 1.0
07-27 10:12:45.005 1564 1694 D CompatibilityInfo: mCompatibilityFlags - 4
07-27 10:12:45.005 1564 1694 D CompatibilityInfo: applicationDensity - 240
07-27 10:12:45.005 1564 1694 D CompatibilityInfo: applicationScale - 1.0
07-27 10:12:45.006 18932 18932 D CompatibilityChangeReporter: Compat change id reported: 171979766; UID 10100; state: ENABLED
07-27 10:12:45.006 1564 1694 D CompatibilityInfo: mCompatibilityFlags - 4
07-27 10:12:45.006 1564 1694 D CompatibilityInfo: applicationDensity - 240
07-27 10:12:45.006 1564 1694 D CompatibilityInfo: applicationScale - 1.0
07-27 10:12:45.007 1564 1694 D CompatibilityInfo: mCompatibilityFlags - 4
07-27 10:12:45.007 1564 1694 D CompatibilityInfo: applicationDensity - 240
07-27 10:12:45.007 1564 1694 D CompatibilityInfo: applicationScale - 1.0
07-27 10:12:45.008 1564 1694 D CompatibilityInfo: mCompatibilityFlags - 4
07-27 10:12:45.008 1564 1694 D CompatibilityInfo: applicationDensity - 240
07-27 10:12:45.008 1564 1694 D CompatibilityInfo: applicationScale - 1.0
07-27 10:12:45.008 1564 1694 D CompatibilityInfo: mCompatibilityFlags - 4
07-27 10:12:45.008 1564 1694 D CompatibilityInfo: applicationDensity - 240
07-27 10:12:45.008 1564 1694 D CompatibilityInfo: applicationScale - 1.0
07-27 10:12:45.019 2967 2994 I adbd : jdwp connection from 18947
07-27 10:12:45.021 18947 18947 D ProcessState: Binder ioctl to enable oneway spam detection failed: Invalid argument
07-27 10:12:45.025 0 0 I [ 790.053622] binder: 18947:18947 ioctl 40046210 7ffe7e33d4 returned -22
07-27 10:12:45.027 1564 2757 I am_proc_bound: [0,18947,com.android.settings]
07-27 10:12:45.028 1564 2757 D CompatibilityInfo: mCompatibilityFlags - 4
07-27 10:12:45.028 1564 2757 D CompatibilityInfo: applicationDensity - 240
07-27 10:12:45.028 1564 2757 D CompatibilityInfo: applicationScale - 1.0
07-27 10:12:45.033 18947 18947 D CompatibilityChangeReporter: Compat change id reported: 171979766; UID 1000; state: ENABLED
07-27 10:12:45.042 18932 18932 I Perf : Connecting to perf service.
07-27 10:12:45.045 18947 18947 W ndroid.setting: ClassLoaderContext shared library size mismatch. Expected=2, found=0 (PCL[]{PCL[/system/framework/org.apache.http.legacy.jar*2058259660]#PCL[/system_ext/framework/extphonelib.jar*2894378777]} | PCL[])
07-27 10:12:45.046 18932 18932 V GraphicsEnvironment: ANGLE Developer option for 'com.tencent.qqlive' set to: 'default'
07-27 10:12:45.047 18932 18932 V GraphicsEnvironment: ANGLE GameManagerService for com.tencent.qqlive: false
07-27 10:12:45.048 18932 18932 V GraphicsEnvironment: Updatable production driver is not supported on the device.
07-27 10:12:45.049 18932 18932 D NetworkSecurityConfig: Using Network Security Config from resource arg debugBuild: false
07-27 10:12:45.050 18932 18932 D NetworkSecurityConfig: Using Network Security Config from resource arg debugBuild: false
07-27 10:12:45.061 18947 18947 I Perf : Connecting to perf service.
07-27 10:12:45.064 18932 18932 I nt.qqlive:cach: Waiting for a blocking GC ClassLinker
07-27 10:12:45.065 18947 18947 V GraphicsEnvironment: ANGLE Developer option for 'com.android.settings' set to: 'default'
07-27 10:12:45.065 18947 18947 V GraphicsEnvironment: ANGLE GameManagerService for com.android.settings: false
07-27 10:12:45.066 18947 18947 D NetworkSecurityConfig: No Network Security Config specified, using platform default
07-27 10:12:45.066 18947 18947 D NetworkSecurityConfig: No Network Security Config specified, using platform default
07-27 10:12:45.075 18947 18947 I CarUiInstaller: CarUiInstaller started for com.android.settings
07-27 10:12:45.080 18947 18947 D SettingsSliceProvider: init
07-27 10:12:45.081 18947 18947 D SettingsSliceProvider: onCreateSliceProvider
07-27 10:12:45.083 18932 18967 W shadowhook_tag: !!!!! init time micros:896
07-27 10:12:45.083 18932 18967 W shadowhook_tag: shadowhook: shadowhook init(mode: SHARED, debuggable: false), return: 0, real-init: yes
07-27 10:12:45.090 18932 18970 I nt.qqlive:cach: Waiting for a blocking GC ClassLinker
07-27 10:12:45.093 18932 18967 I rdefense: hook log cost: 11 ms, 2, 0
07-27 10:12:45.144 18932 18968 I eup : Backup Java Class And Method Success
07-27 10:12:45.144 18932 18968 I eup : Bugly Register JNI Methods Successfully ~
07-27 10:12:45.144 18932 18968 I eup : regist start
07-27 10:12:45.144 18932 18968 I eup : run in arm64
07-27 10:12:45.237 1564 1904 D ConnectivityService: NetReassign [no changes]
07-27 10:12:45.254 18932 19012 W nt.qqlive:cach: Accessing hidden method Landroid/net/wifi/WifiSsid;->()V (max-target-o, reflection, denied)
07-27 10:12:45.295 18932 19005 W nt.qqlive:cach: Accessing hidden method Landroid/telephony/TelephonyManager;->getServiceStateForSubscriber(I)Landroid/telephony/ServiceState; (max-target-p, reflection, denied)
07-27 10:12:45.303 1564 11296 I ActivityManager: Killing 18947:com.android.settings/1000 (adj 905): empty #2
07-27 10:12:45.303 1564 11296 I am_kill : [0,18947,com.android.settings,905,empty #2]
07-27 10:12:45.309 1564 1700 I libprocessgroup: Successfully killed process cgroup uid 1000 pid 18947 in 5ms
07-27 10:12:45.314 18932 19005 W nt.qqlive:cach: Accessing hidden method Landroid/telephony/SubscriptionManager;->getPhoneId(I)I (max-target-p, reflection, denied)
07-27 10:12:45.318 1564 11296 D ConnectivityService: requestNetwork for uid/pid:10100/18932 activeRequest: null callbackRequest: 141 [NetworkRequest [ REQUEST id=142, [ Capabilities: INTERNET&NOT_RESTRICTED&TRUSTED&NOT_VCN_MANAGED Uid: 10100 RequestorUid: 10100 RequestorPkg: com.tencent.qqlive] ]] callback flags: 0 priority: 2147483647
07-27 10:12:45.319 1564 1904 D ConnectivityService: NetReassign [142 : null → 113]
07-27 10:12:45.321 1564 1942 D Ethernet: got request NetworkRequest [ REQUEST id=142, [ Capabilities: INTERNET&NOT_RESTRICTED&TRUSTED&NOT_VCN_MANAGED Uid: 10100 RequestorUid: 10100 RequestorPkg: com.tencent.qqlive] ]
07-27 10:12:45.321 1564 1942 D EthernetNetworkFactory: acceptRequest, request: NetworkRequest [ REQUEST id=142, [ Capabilities: INTERNET&NOT_RESTRICTED&TRUSTED&NOT_VCN_MANAGED Uid: 10100 RequestorUid: 10100 RequestorPkg: com.tencent.qqlive] ]
07-27 10:12:45.321 1564 1942 I EthernetNetworkFactory: networkForRequest, request: NetworkRequest [ REQUEST id=142, [ Capabilities: INTERNET&NOT_RESTRICTED&TRUSTED&NOT_VCN_MANAGED Uid: 10100 RequestorUid: 10100 RequestorPkg: com.tencent.qqlive] ], network: NetworkInterfaceState{ refCount: 15, iface: eth0, up: true, hwAddress: 36:7c:7c:00:00:0f, networkCapabilities: [ Transports: ETHERNET Capabilities: INTERNET&NOT_RESTRICTED&TRUSTED&NOT_VPN&NOT_ROAMING&NOT_CONGESTED&NOT_SUSPENDED&NOT_VCN_MANAGED LinkUpBandwidth>=100000Kbps LinkDnBandwidth>=100000Kbps], networkAgent: com.android.server.ethernet.EthernetNetworkFactory$NetworkInterfaceState$1@15a0a52, score: 70, ipClient: android.net.ip.IIpClient$Stub$Proxy@fe79123,linkProperties: {InterfaceName: eth0 LinkAddresses: [ fe80::7315:61d:4b5:5cfa/64,192.168.50.16/24 ] DnsAddresses: [ /101.226.4.6 ] Domains: null MTU: 0 TcpBufferSizes: 524288,1048576,3145728,524288,1048576,2097152 Routes: [ 192.168.50.0/24 -> 0.0.0.0 eth0 mtu 0,0.0.0.0/0 -> 192.168.50.4 eth0 mtu 0 ]}}
07-27 10:12:45.321 1564 1897 D UntrustedWifiNetworkFactory: got request NetworkRequest [ REQUEST id=142, [ Capabilities: INTERNET&NOT_RESTRICTED&TRUSTED&NOT_VCN_MANAGED Uid: 10100 RequestorUid: 10100 RequestorPkg: com.tencent.qqlive] ]
07-27 10:12:45.321 1564 1942 I EthernetNetworkFactory: networkForRequest, request: NetworkRequest [ REQUEST id=142, [ Capabilities: INTERNET&NOT_RESTRICTED&TRUSTED&NOT_VCN_MANAGED Uid: 10100 RequestorUid: 10100 RequestorPkg: com.tencent.qqlive] ], network: NetworkInterfaceState{ refCount: 15, iface: eth0, up: true, hwAddress: 36:7c:7c:00:00:0f, networkCapabilities: [ Transports: ETHERNET Capabilities: INTERNET&NOT_RESTRICTED&TRUSTED&NOT_VPN&NOT_ROAMING&NOT_CONGESTED&NOT_SUSPENDED&NOT_VCN_MANAGED LinkUpBandwidth>=100000Kbps LinkDnBandwidth>=100000Kbps], networkAgent: com.android.server.ethernet.EthernetNetworkFactory$NetworkInterfaceState$1@15a0a52, score: 70, ipClient: android.net.ip.IIpClient$Stub$Proxy@fe79123,linkProperties: {InterfaceName: eth0 LinkAddresses: [ fe80::7315:61d:4b5:5cfa/64,192.168.50.16/24 ] DnsAddresses: [ /101.226.4.6 ] Domains: null MTU: 0 TcpBufferSizes: 524288,1048576,3145728,524288,1048576,2097152 Routes: [ 192.168.50.0/24 -> 0.0.0.0 eth0 mtu 0,0.0.0.0/0 -> 192.168.50.4 eth0 mtu 0 ]}}
07-27 10:12:45.321 1564 1897 D OemPaidWifiNetworkFactory: got request NetworkRequest [ REQUEST id=142, [ Capabilities: INTERNET&NOT_RESTRICTED&TRUSTED&NOT_VCN_MANAGED Uid: 10100 RequestorUid: 10100 RequestorPkg: com.tencent.qqlive] ]
07-27 10:12:45.344 1564 2757 D CompatibilityChangeReporter: Compat change id reported: 135634846; UID 10100; state: DISABLED
07-27 10:12:45.344 1564 2757 D CompatibilityChangeReporter: Compat change id reported: 177438394; UID 10100; state: DISABLED
07-27 10:12:45.344 1564 2757 D CompatibilityChangeReporter: Compat change id reported: 135772972; UID 10100; state: DISABLED
07-27 10:12:45.345 1564 2757 D CompatibilityChangeReporter: Compat change id reported: 135754954; UID 10100; state: ENABLED
07-27 10:12:45.345 1564 1695 D CompatibilityChangeReporter: Compat change id reported: 143937733; UID 10100; state: ENABLED
07-27 10:12:45.357 684 684 D Zygote : Forked child process 19026
07-27 10:12:45.358 1564 1695 I am_proc_start: [0,19026,10100,com.tencent.qqlive:services,service,{com.tencent.qqlive/com.tencent.qqlive.pay.service.PayService}]
07-27 10:12:45.358 1564 1695 I ActivityManager: Start proc 19026:com.tencent.qqlive:services/u0a100 for service {com.tencent.qqlive/com.tencent.qqlive.pay.service.PayService}
07-27 10:12:45.363 19026 19026 I Zygote : seccomp disabled by setenforce 0
07-27 10:12:45.376 2967 2994 I adbd : jdwp connection from 19026
07-27 10:12:45.378 19026 19026 D ProcessState: Binder ioctl to enable oneway spam detection failed: Invalid argument
07-27 10:12:45.380 660 672 I mpu_uart: [MSG-P:R]:recv sync frame timeout
07-27 10:12:45.380 660 673 I mpu_uart: [MSG-P:RECV]:No message received in 1000 ms
07-27 10:12:45.384 1564 2757 I am_proc_bound: [0,19026,com.tencent.qqlive:services]
07-27 10:12:45.385 1564 2757 D CompatibilityInfo: mCompatibilityFlags - 4
07-27 10:12:45.385 1564 2757 D CompatibilityInfo: applicationDensity - 240
07-27 10:12:45.385 1564 2757 D CompatibilityInfo: applicationScale - 1.0
07-27 10:12:45.386 0 0 I [ 790.410903] binder: 19026:19026 ioctl 40046210 7ffe7e33d4 returned -22
07-27 10:12:45.386 1564 2757 D CompatibilityInfo: mCompatibilityFlags - 4
07-27 10:12:45.386 1564 2757 D CompatibilityInfo: applicationDensity - 240
07-27 10:12:45.386 1564 2757 D CompatibilityInfo: applicationScale - 1.0
07-27 10:12:45.387 10448 16957 I GCloudVoice: [2023-07-27 10:12:45 387] | Info | [GCloudVoice] |16957| AudRndSLES.cpp:372 |GetBufLen| framework CAudRndSLES::GetBufLen nDataLeft=0, m_dwCanFillLevelSize=9600
07-27 10:12:45.390 19026 19026 D CompatibilityChangeReporter: Compat change id reported: 171979766; UID 10100; state: ENABLED
07-27 10:12:45.391 1564 2757 I am_proc_died: [0,18947,com.android.settings,905,19]
07-27 10:12:45.392 684 684 I Zygote : Process 18947 exited due to signal 9 (Killed)
07-27 10:12:45.400 1564 1679 D CompatibilityChangeReporter: Compat change id reported: 135634846; UID 1000; state: DISABLED
07-27 10:12:45.400 1564 1679 D CompatibilityChangeReporter: Compat change id reported: 177438394; UID 1000; state: DISABLED
07-27 10:12:45.400 1564 1679 D CompatibilityChangeReporter: Compat change id reported: 135772972; UID 1000; state: DISABLED
07-27 10:12:45.400 1564 1679 D CompatibilityChangeReporter: Compat change id reported: 135754954; UID 1000; state: ENABLED
07-27 10:12:45.409 684 684 D Zygote : Forked child process 19044
07-27 10:12:45.409 1564 1695 I am_proc_start: [0,19044,1000,com.android.settings,NULL,]
07-27 10:12:45.409 1564 1695 I ActivityManager: Start proc 19044:com.android.settings/1000 for null
07-27 10:12:45.413 19044 19044 I Zygote : seccomp disabled by setenforce 0
07-27 10:12:45.425 19026 19026 I Perf : Connecting to perf service.
07-27 10:12:45.427 1564 1904 D ConnectivityService: NetReassign [no changes]
07-27 10:12:45.430 19026 19026 V GraphicsEnvironment: ANGLE Developer option for 'com.tencent.qqlive' set to: 'default'
07-27 10:12:45.430 19026 19026 V GraphicsEnvironment: ANGLE GameManagerService for com.tencent.qqlive: false
07-27 10:12:45.431 19026 19026 V GraphicsEnvironment: Updatable production driver is not supported on the device.
07-27 10:12:45.437 0 0 I [ 790.466604] binder: 19044:19044 ioctl 40046210 7ffe7e33d4 returned -22
07-27 10:12:45.432 19026 19026 D NetworkSecurityConfig: Using Network Security Config from resource arg debugBuild: false
07-27 10:12:45.433 2967 2994 I adbd : jdwp connection from 19044
07-27 10:12:45.433 19026 19026 D NetworkSecurityConfig: Using Network Security Config from resource arg debugBuild: false
07-27 10:12:45.434 19044 19044 D ProcessState: Binder ioctl to enable oneway spam detection failed: Invalid argument
07-27 10:12:45.439 1564 11296 I am_proc_bound: [0,19044,com.android.settings]
07-27 10:12:45.443 1564 11296 D CompatibilityInfo: mCompatibilityFlags - 4
07-27 10:12:45.443 1564 11296 D CompatibilityInfo: applicationDensity - 240
07-27 10:12:45.443 1564 11296 D CompatibilityInfo: applicationScale - 1.0
07-27 10:12:45.448 19026 19026 I qqlive:service: Waiting for a blocking GC ClassLinker
07-27 10:12:45.452 19044 19044 D CompatibilityChangeReporter: Compat change id reported: 171979766; UID 1000; state: ENABLED
07-27 10:12:45.465 19044 19044 W ndroid.setting: ClassLoaderContext shared library size mismatch. Expected=2, found=0 (PCL[]{PCL[/system/framework/org.apache.http.legacy.jar*2058259660]#PCL[/system_ext/framework/extphonelib.jar*2894378777]} | PCL[])
07-27 10:12:45.483 19026 19070 W shadowhook_tag: !!!!! init time micros:1066
07-27 10:12:45.483 19026 19070 W shadowhook_tag: shadowhook: shadowhook init(mode: SHARED, debuggable: false), return: 0, real-init: yes
07-27 10:12:45.485 19044 19044 I Perf : Connecting to perf service.
07-27 10:12:45.489 19044 19044 V GraphicsEnvironment: ANGLE Developer option for 'com.android.settings' set to: 'default'
07-27 10:12:45.490 19044 19044 V GraphicsEnvironment: ANGLE GameManagerService for com.android.settings: false
07-27 10:12:45.492 19044 19044 D NetworkSecurityConfig: No Network Security Config specified, using platform default
07-27 10:12:45.492 19044 19044 D NetworkSecurityConfig: No Network Security Config specified, using platform default
07-27 10:12:45.511 19026 19070 I rdefense: hook log cost: 34 ms, 2, 0
07-27 10:12:45.511 19044 19044 I CarUiInstaller: CarUiInstaller started for com.android.settings
07-27 10:12:45.516 19044 19044 D SettingsSliceProvider: init
07-27 10:12:45.517 19044 19044 D SettingsSliceProvider: onCreateSliceProvider
07-27 10:12:45.568 1564 1904 D ConnectivityService: NetReassign [no changes]
07-27 10:12:45.598 19026 19071 I eup : Backup Java Class And Method Success
07-27 10:12:45.599 19026 19071 I eup : Bugly Register JNI Methods Successfully ~
07-27 10:12:45.599 19026 19071 I eup : regist start
07-27 10:12:45.599 19026 19071 I eup : run in arm64
07-27 10:12:45.602 0 0 E [ 790.632583] [MAX975X: max96755x_vc1_lcd_dtc_check] *ERROR* DTC_Display: screen not ready(0), bl_sta(1), lvl(40)
07-27 10:12:45.615 18932 18932 I auditd : type=1400 audit(0.0:17967): avc: denied { read } for comm="public_io_pool-" name="u:object_r:serialno_prop:s0" dev="tmpfs" ino=11590 scontext=u:r:untrusted_app:s0:c100,c256,c512,c768 tcontext=u:object_r:serialno_prop:s0 tclass=file permissive=1 app=com.tencent.qqlive
07-27 10:12:45.615 18932 18932 I public_io_pool-: type=1400 audit(0.0:17967): avc: denied { read } for name="u:object_r:serialno_prop:s0" dev="tmpfs" ino=11590 scontext=u:r:untrusted_app:s0:c100,c256,c512,c768 tcontext=u:object_r:serialno_prop:s0 tclass=file permissive=1 app=com.tencent.qqlive
07-27 10:12:45.615 18932 18932 I auditd : type=1400 audit(0.0:17968): avc: denied { open } for comm="public_io_pool-" path="/dev/__properties__/u:object_r:serialno_prop:s0" dev="tmpfs" ino=11590 scontext=u:r:untrusted_app:s0:c100,c256,c512,c768 tcontext=u:object_r:serialno_prop:s0 tclass=file permissive=1 app=com.tencent.qqlive
07-27 10:12:45.615 18932 18932 I public_io_pool-: type=1400 audit(0.0:17968): avc: denied { open } for path="/dev/__properties__/u:object_r:serialno_prop:s0" dev="tmpfs" ino=11590 scontext=u:r:untrusted_app:s0:c100,c256,c512,c768 tcontext=u:object_r:serialno_prop:s0 tclass=file permissive=1 app=com.tencent.qqlive
07-27 10:12:45.615 18932 18932 I auditd : type=1400 audit(0.0:17969): avc: denied { getattr } for comm="public_io_pool-" path="/dev/__properties__/u:object_r:serialno_prop:s0" dev="tmpfs" ino=11590 scontext=u:r:untrusted_app:s0:c100,c256,c512,c768 tcontext=u:object_r:serialno_prop:s0 tclass=file permissive=1 app=com.tencent.qqlive
07-27 10:12:45.615 18932 18932 I public_io_pool-: type=1400 audit(0.0:17969): avc: denied { getattr } for path="/dev/__properties__/u:object_r:serialno_prop:s0" dev="tmpfs" ino=11590 scontext=u:r:untrusted_app:s0:c100,c256,c512,c768 tcontext=u:object_r:serialno_prop:s0 tclass=file permissive=1 app=com.tencent.qqlive
07-27 10:12:45.615 18932 18932 I auditd : type=1400 audit(0.0:17970): avc: denied { map } for comm="public_io_pool-" path="/dev/__properties__/u:object_r:serialno_prop:s0" dev="tmpfs" ino=11590 scontext=u:r:untrusted_app:s0:c100,c256,c512,c768 tcontext=u:object_r:serialno_prop:s0 tclass=file permissive=1 app=com.tencent.qqlive
07-27 10:12:45.615 18932 18932 I public_io_pool-: type=1400 audit(0.0:17970): avc: denied { map } for path="/dev/__properties__/u:object_r:serialno_prop:s0" dev="tmpfs" ino=11590 scontext=u:r:untrusted_app:s0:c100,c256,c512,c768 tcontext=u:object_r:serialno_prop:s0 tclass=file permissive=1 app=com.tencent.qqlive
07-27 10:12:45.615 1963 1963 D ViewTouchDebug: mView : com.android.systemui.navigationbar.NavigationBarFrame{b1baa31 V.E...... ........ 0,0-2560,46 #7f0b03f3 app:id/navigation_bar_frame}Receive event : MotionEvent { action=ACTION_OUTSIDE, actionButton=0, id[0]=0, x[0]=0.0, y[0]=-1034.0, toolType[0]=TOOL_TYPE_FINGER, buttonState=0, classification=NONE, metaState=0, flags=0x0, edgeFlags=0x0, pointerCount=1, historySize=0, eventTime=790645, downTime=790645, deviceId=2, source=0x5002, displayId=0, eventId=1744365728 }
07-27 10:12:45.615 1963 1963 D NoBackGesture: Start gesture: MotionEvent { action=ACTION_DOWN, actionButton=0, id[0]=0, x[0]=1772.0, y[0]=538.0, toolType[0]=TOOL_TYPE_FINGER, buttonState=0, classification=NONE, metaState=0, flags=0x0, edgeFlags=0x0, pointerCount=1, historySize=0, eventTime=790645, downTime=790645, deviceId=2, source=0x5002, displayId=0, eventId=405705458 } mSysUiFlags=131072 region=Rect(0, 36 - 2560, 1080)
07-27 10:12:45.616 2647 2647 D ViewTouchDebug: mView : DecorView@27c08e7[QuickstepLauncher]Receive event : MotionEvent { action=ACTION_DOWN, actionButton=0, id[0]=0, x[0]=1772.0, y[0]=538.0, toolType[0]=TOOL_TYPE_FINGER, buttonState=0, classification=NONE, metaState=0, flags=0x0, edgeFlags=0x0, pointerCount=1, historySize=0, eventTime=790645, downTime=790645, deviceId=2, source=0x5002, displayId=0, eventId=405705458 }
07-27 10:12:45.618 1564 1853 D PowerManagerService: userActivityNoUpdateLocked: groupId=0, eventTime=790645, event=2, flags=0x0, uid=1000
07-27 10:12:45.618 1564 1853 D PowerManagerNotifier: onUserActivity: event=2, uid=1000
07-27 10:12:45.619 1564 1853 D PowerManagerService: updateUserActivitySummaryLocked: groupId=0, mWakefulness=Awake, mUserActivitySummary=0x1, nextTimeout=850645 (in 59994 ms)
07-27 10:12:45.619 1564 1853 D PowerManagerNotifier: onScreenPolicyUpdate: newPolicy=3
07-27 10:12:45.619 1564 1853 D PowerManagerService: updateDisplayPowerStateLocked: displayReady=true, groupId=0, policy=BRIGHT, mWakefulness=Awake, mWakeLockSummary=0x0, mUserActivitySummary=0x1, mBootCompleted=true, screenBrightnessOverride=NaN, useAutoBrightness=true, mScreenBrightnessBoostInProgress=false, mIsVrModeEnabled= false, sQuiescent=false
07-27 10:12:45.620 2647 2647 D TouchInteractionService: onInputEvent mUncheckedConsumer = com.android.quickstep.InputConsumer$$ExternalSyntheticLambda0@58c18f6
07-27 10:12:45.626 1564 2757 I ActivityManager: Killing 10448:com.tencent.qqlive/u0a100 (adj 200): empty #2
07-27 10:12:45.626 1564 2757 I am_kill : [0,10448,com.tencent.qqlive,200,empty #2]
07-27 10:12:45.629 1963 1963 D NoBackGesture: Gesture [1690423965615,alw=FALSE,FALSE,TRUE,FALSE,disp=Point(2560, 1080),wl=45,il=0,wr=45,ir=0,excl=SkRegion((0,36,2560,1080))]
07-27 10:12:45.630 1564 2757 I ActivityManager: Killing 18932:com.tencent.qqlive:cache/u0a100 (adj 100): empty #3
07-27 10:12:45.630 1564 2757 I am_kill : [0,18932,com.tencent.qqlive:cache,100,empty #3]
07-27 10:12:45.648 1564 1700 I libprocessgroup: Successfully killed process cgroup uid 10100 pid 10448 in 18ms
07-27 10:12:45.695 1564 1904 D ConnectivityService: NetReassign [no changes]
07-27 10:12:45.716 0 0 I [ 790.747752] binder: undelivered TRANSACTION_COMPLETE
07-27 10:12:45.716 0 0 I [ 790.747763] binder: undelivered transaction 748913, process died.
07-27 10:12:45.715 1564 3537 D ConnectivityService: ConnectivityService NetworkRequestInfo binderDied(uid/pid:10100/18932, android.os.BinderProxy@d5dc736)
07-27 10:12:45.716 1564 2785 D ConnectivityService: ConnectivityService NetworkRequestInfo binderDied(uid/pid:10100/18932, android.os.BinderProxy@55547a4)
07-27 10:12:45.716 1564 11296 D ConnectivityService: ConnectivityService NetworkRequestInfo binderDied(uid/pid:10100/18932, android.os.BinderProxy@dfba90d)
07-27 10:12:45.717 0 0 I [ 790.748099] binder: undelivered transaction 748529, process died.
07-27 10:12:45.717 0 0 I [ 790.748102] binder: undelivered transaction 748530, process died.
07-27 10:12:45.717 0 0 I [ 790.748104] binder: undelivered transaction 748531, process died.
07-27 10:12:45.717 0 0 I [ 790.748107] binder: undelivered transaction 748532, process died.
07-27 10:12:45.717 0 0 I [ 790.748109] binder: undelivered transaction 748533, process died.
07-27 10:12:45.717 0 0 I [ 790.748111] binder: undelivered transaction 748534, process died.
07-27 10:12:45.717 0 0 I [ 790.748114] binder: undelivered transaction 748536, process died.
07-27 10:12:45.717 1564 9990 D ConnectivityService: ConnectivityService NetworkRequestInfo binderDied(uid/pid:10100/18932, android.os.BinderProxy@d647637)
07-27 10:12:45.717 1564 1904 D ConnectivityService: releasing NetworkRequest [ REQUEST id=142, [ Capabilities: INTERNET&NOT_RESTRICTED&TRUSTED&NOT_VCN_MANAGED Uid: 10100 RequestorUid: 10100 RequestorPkg: com.tencent.qqlive] ] (release request)
07-27 10:12:45.717 1564 2757 I am_proc_died: [0,18932,com.tencent.qqlive:cache,100,19]
07-27 10:12:45.717 684 684 I Zygote : Process 18932 exited due to signal 9 (Killed)
07-27 10:12:45.718 1564 1942 I EthernetNetworkFactory: networkForRequest, request: NetworkRequest [ REQUEST id=142, [ Capabilities: INTERNET&NOT_RESTRICTED&TRUSTED&NOT_VCN_MANAGED Uid: 10100 RequestorUid: 10100 RequestorPkg: com.tencent.qqlive] ], network: NetworkInterfaceState{ refCount: 16, iface: eth0, up: true, hwAddress: 36:7c:7c:00:00:0f, networkCapabilities: [ Transports: ETHERNET Capabilities: INTERNET&NOT_RESTRICTED&TRUSTED&NOT_VPN&NOT_ROAMING&NOT_CONGESTED&NOT_SUSPENDED&NOT_VCN_MANAGED LinkUpBandwidth>=100000Kbps LinkDnBandwidth>=100000Kbps], networkAgent: com.android.server.ethernet.EthernetNetworkFactory$NetworkInterfaceState$1@15a0a52, score: 70, ipClient: android.net.ip.IIpClient$Stub$Proxy@fe79123,linkProperties: {InterfaceName: eth0 LinkAddresses: [ fe80::7315:61d:4b5:5cfa/64,192.168.50.16/24 ] DnsAddresses: [ /101.226.4.6 ] Domains: null MTU: 0 TcpBufferSizes: 524288,1048576,3145728,524288,1048576,2097152 Routes: [ 192.168.50.0/24 -> 0.0.0.0 eth0 mtu 0,0.0.0.0/0 -> 192.168.50.4 eth0 mtu 0 ]}}
07-27 10:12:45.718 1564 2757 W ActivityManager: Scheduling restart of crashed service com.tencent.qqlive/com.tencent.thumbplayer.core.datatransport.service.TPDataTransportRemoteService in 10154ms for connection
07-27 10:12:45.719 1564 2757 I am_schedule_service_restart: [0,com.tencent.qqlive/com.tencent.thumbplayer.core.datatransport.service.TPDataTransportRemoteService,10154]
07-27 10:12:45.719 1564 2757 W ActivityManager: Scheduling restart of crashed service com.tencent.qqlive/.services.download.DownloadService in 123672ms for connection
07-27 10:12:45.719 1564 2757 I am_schedule_service_restart: [0,com.tencent.qqlive/.services.download.DownloadService,123672]
07-27 10:12:45.721 1564 2757 W ActivityManager: Scheduling restart of crashed service com.tencent.qqlive/.downloadproxy.tvkhttpproxy.service.TVKPlayService in 20151ms for connection
07-27 10:12:45.721 1564 2757 I am_schedule_service_restart: [0,com.tencent.qqlive/.downloadproxy.tvkhttpproxy.service.TVKPlayService,20151]
07-27 10:12:45.721 1564 2757 W ActivityManager: Scheduling restart of crashed service com.tencent.qqlive/.ipc.BroadcastService in 203672ms for connection
07-27 10:12:45.721 1564 2757 I am_schedule_service_restart: [0,com.tencent.qqlive/.ipc.BroadcastService,203672]
07-27 10:12:45.722 1564 2757 W ActivityManager: Scheduling restart of crashed service com.tencent.qqlive/.ona.offline.aidl.OfflineCacheService in 30151ms for connection
07-27 10:12:45.722 1564 2757 I am_schedule_service_restart: [0,com.tencent.qqlive/.ona.offline.aidl.OfflineCacheService,30151]
07-27 10:12:45.722 1564 2757 W ActivityManager: Scheduling restart of crashed service com.tencent.qqlive/.paylogic.cache.CachePayInfoService in 40151ms for connection
07-27 10:12:45.722 1564 2757 I am_schedule_service_restart: [0,com.tencent.qqlive/.paylogic.cache.CachePayInfoService,40151]
07-27 10:12:45.722 1564 2757 W ActivityManager: Scheduling restart of crashed service com.tencent.qqlive/.download.service.TkdDownloadService in 323672ms for connection
07-27 10:12:45.722 1564 2757 I am_schedule_service_restart: [0,com.tencent.qqlive/.download.service.TkdDownloadService,323672]
07-27 10:12:45.722 1564 2757 W ActivityManager: Scheduling restart of crashed service com.tencent.qqlive/.ona.chat.manager.DataService in 363672ms for connection
07-27 10:12:45.722 1564 2757 I am_schedule_service_restart: [0,com.tencent.qqlive/.ona.chat.manager.DataService,363672]
07-27 10:12:45.722 1564 2757 W ActivityManager: Scheduling restart of crashed service com.tencent.qqlive/.modules.vb.predownload.service.PreDownloadInnerService in 403672ms for connection
07-27 10:12:45.722 1564 2757 I am_schedule_service_restart: [0,com.tencent.qqlive/.modules.vb.predownload.service.PreDownloadInnerService,403672]
07-27 10:12:45.728 19026 19182 W qqlive:service: Accessing hidden method Landroid/net/wifi/WifiSsid;->()V (max-target-o, reflection, denied)
07-27 10:12:45.759 19026 19180 W qqlive:service: Accessing hidden method Landroid/telephony/TelephonyManager;->getServiceStateForSubscriber(I)Landroid/telephony/ServiceState; (max-target-p, reflection, denied)
07-27 10:12:45.774 1564 2757 D CompatibilityChangeReporter: Compat change id reported: 135634846; UID 10100; state: DISABLED
07-27 10:12:45.774 1564 2757 D CompatibilityChangeReporter: Compat change id reported: 177438394; UID 10100; state: DISABLED
07-27 10:12:45.774 1564 2757 D CompatibilityChangeReporter: Compat change id reported: 135772972; UID 10100; state: DISABLED
07-27 10:12:45.774 1564 2757 D CompatibilityChangeReporter: Compat change id reported: 135754954; UID 10100; state: ENABLED
07-27 10:12:45.774 1564 1695 D CompatibilityChangeReporter: Compat change id reported: 143937733; UID 10100; state: ENABLED
07-27 10:12:45.782 684 684 D Zygote : Forked child process 19203
07-27 10:12:45.783 1564 1695 I am_proc_start: [0,19203,10100,com.tencent.qqlive:cache,service,{com.tencent.qqlive/com.tencent.qqlive.ipc.BroadcastService}]
07-27 10:12:45.783 1564 1695 I ActivityManager: Start proc 19203:com.tencent.qqlive:cache/u0a100 for service {com.tencent.qqlive/com.tencent.qqlive.ipc.BroadcastService}
07-27 10:12:45.786 19026 19180 W qqlive:service: Accessing hidden method Landroid/telephony/SubscriptionManager;->getPhoneId(I)I (max-target-p, reflection, denied)
07-27 10:12:45.790 19203 19203 I Zygote : seccomp disabled by setenforce 0
07-27 10:12:45.790 1564 2757 D ConnectivityService: requestNetwork for uid/pid:10100/19026 activeRequest: null callbackRequest: 146 [NetworkRequest [ REQUEST id=147, [ Capabilities: INTERNET&NOT_RESTRICTED&TRUSTED&NOT_VCN_MANAGED Uid: 10100 RequestorUid: 10100 RequestorPkg: com.tencent.qqlive] ]] callback flags: 0 priority: 2147483647
07-27 10:12:45.791 1564 1904 D ConnectivityService: NetReassign [147 : null → 113]
07-27 10:12:45.793 1564 1942 D Ethernet: got request NetworkRequest [ REQUEST id=147, [ Capabilities: INTERNET&NOT_RESTRICTED&TRUSTED&NOT_VCN_MANAGED Uid: 10100 RequestorUid: 10100 RequestorPkg: com.tencent.qqlive] ]
07-27 10:12:45.794 1564 1942 D EthernetNetworkFactory: acceptRequest, request: NetworkRequest [ REQUEST id=147, [ Capabilities: INTERNET&NOT_RESTRICTED&TRUSTED&NOT_VCN_MANAGED Uid: 10100 RequestorUid: 10100 RequestorPkg: com.tencent.qqlive] ]
07-27 10:12:45.794 1564 1942 I EthernetNetworkFactory: networkForRequest, request: NetworkRequest [ REQUEST id=147, [ Capabilities: INTERNET&NOT_RESTRICTED&TRUSTED&NOT_VCN_MANAGED Uid: 10100 RequestorUid: 10100 RequestorPkg: com.tencent.qqlive] ], network: NetworkInterfaceState{ refCount: 15, iface: eth0, up: true, hwAddress: 36:7c:7c:00:00:0f, networkCapabilities: [ Transports: ETHERNET Capabilities: INTERNET&NOT_RESTRICTED&TRUSTED&NOT_VPN&NOT_ROAMING&NOT_CONGESTED&NOT_SUSPENDED&NOT_VCN_MANAGED LinkUpBandwidth>=100000Kbps LinkDnBandwidth>=100000Kbps], networkAgent: com.android.server.ethernet.EthernetNetworkFactory$NetworkInterfaceState$1@15a0a52, score: 70, ipClient: android.net.ip.IIpClient$Stub$Proxy@fe79123,linkProperties: {InterfaceName: eth0 LinkAddresses: [ fe80::7315:61d:4b5:5cfa/64,192.168.50.16/24 ] DnsAddresses: [ /101.226.4.6 ] Domains: null MTU: 0 TcpBufferSizes: 524288,1048576,3145728,524288,1048576,2097152 Routes: [ 192.168.50.0/24 -> 0.0.0.0 eth0 mtu 0,0.0.0.0/0 -> 192.168.50.4 eth0 mtu 0 ]}}
07-27 10:12:45.794 1564 1942 I EthernetNetworkFactory: networkForRequest, request: NetworkRequest [ REQUEST id=147, [ Capabilities: INTERNET&NOT_RESTRICTED&TRUSTED&NOT_VCN_MANAGED Uid: 10100 RequestorUid: 10100 RequestorPkg: com.tencent.qqlive] ], network: NetworkInterfaceState{ refCount: 15, iface: eth0, up: true, hwAddress: 36:7c:7c:00:00:0f, networkCapabilities: [ Transports: ETHERNET Capabilities: INTERNET&NOT_RESTRICTED&TRUSTED&NOT_VPN&NOT_ROAMING&NOT_CONGESTED&NOT_SUSPENDED&NOT_VCN_MANAGED LinkUpBandwidth>=100000Kbps LinkDnBandwidth>=100000Kbps], networkAgent: com.android.server.ethernet.EthernetNetworkFactory$NetworkInterfaceState$1@15a0a52, score: 70, ipClient: android.net.ip.IIpClient$Stub$Proxy@fe79123,linkProperties: {InterfaceName: eth0 LinkAddresses: [ fe80::7315:61d:4b5:5cfa/64,192.168.50.16/24 ] DnsAddresses: [ /101.226.4.6 ] Domains: null MTU: 0 TcpBufferSizes: 524288,1048576,3145728,524288,1048576,2097152 Routes: [ 192.168.50.0/24 -> 0.0.0.0 eth0 mtu 0,0.0.0.0/0 -> 192.168.50.4 eth0 mtu 0 ]}}
07-27 10:12:45.795 1564 1897 D UntrustedWifiNetworkFactory: got request NetworkRequest [ REQUEST id=147, [ Capabilities: INTERNET&NOT_RESTRICTED&TRUSTED&NOT_VCN_MANAGED Uid: 10100 RequestorUid: 10100 RequestorPkg: com.tencent.qqlive] ]
07-27 10:12:45.795 1564 1897 D OemPaidWifiNetworkFactory: got request NetworkRequest [ REQUEST id=147, [ Capabilities: INTERNET&NOT_RESTRICTED&TRUSTED&NOT_VCN_MANAGED Uid: 10100 RequestorUid: 10100 RequestorPkg: com.tencent.qqlive] ]
07-27 10:12:45.801 2967 2994 I adbd : jdwp connection from 19203
07-27 10:12:45.803 0 0 I [ 790.834477] binder: 19203:19203 ioctl 40046210 7ffe7e33d4 returned -22
07-27 10:12:45.802 19203 19203 D ProcessState: Binder ioctl to enable oneway spam detection failed: Invalid argument
07-27 10:12:45.805 1564 2757 I am_proc_bound: [0,19203,com.tencent.qqlive:cache]
07-27 10:12:45.807 1564 2757 D CompatibilityInfo: mCompatibilityFlags - 4
07-27 10:12:45.807 1564 2757 D CompatibilityInfo: applicationDensity - 240
07-27 10:12:45.807 1564 2757 D CompatibilityInfo: applicationScale - 1.0
07-27 10:12:45.812 1564 2757 D CompatibilityInfo: mCompatibilityFlags - 4
07-27 10:12:45.812 1564 2757 D CompatibilityInfo: applicationDensity - 240
07-27 10:12:45.812 1564 2757 D CompatibilityInfo: applicationScale - 1.0
07-27 10:12:45.814 1564 1694 D CompatibilityInfo: mCompatibilityFlags - 4
07-27 10:12:45.814 1564 1694 D CompatibilityInfo: applicationDensity - 240
07-27 10:12:45.814 1564 1694 D CompatibilityInfo: applicationScale - 1.0
07-27 10:12:45.816 1564 1694 D CompatibilityInfo: mCompatibilityFlags - 4
07-27 10:12:45.816 1564 1694 D CompatibilityInfo: applicationDensity - 240
07-27 10:12:45.816 1564 1694 D CompatibilityInfo: applicationScale - 1.0
07-27 10:12:45.816 19203 19203 D CompatibilityChangeReporter: Compat change id reported: 171979766; UID 10100; state: ENABLED
07-27 10:12:45.818 1564 1694 D CompatibilityInfo: mCompatibilityFlags - 4
07-27 10:12:45.818 1564 1694 D CompatibilityInfo: applicationDensity - 240
07-27 10:12:45.818 1564 1694 D CompatibilityInfo: applicationScale - 1.0
07-27 10:12:45.819 1564 1694 D CompatibilityInfo: mCompatibilityFlags - 4
07-27 10:12:45.819 1564 1694 D CompatibilityInfo: applicationDensity - 240
07-27 10:12:45.819 1564 1694 D CompatibilityInfo: applicationScale - 1.0
07-27 10:12:45.820 1564 1694 D CompatibilityInfo: mCompatibilityFlags - 4
07-27 10:12:45.820 1564 1694 D CompatibilityInfo: applicationDensity - 240
07-27 10:12:45.820 1564 1694 D CompatibilityInfo: applicationScale - 1.0
07-27 10:12:45.821 1564 1694 D CompatibilityInfo: mCompatibilityFlags - 4
07-27 10:12:45.821 1564 1694 D CompatibilityInfo: applicationDensity - 240
07-27 10:12:45.821 1564 1694 D CompatibilityInfo: applicationScale - 1.0
07-27 10:12:45.822 1564 1694 D CompatibilityInfo: mCompatibilityFlags - 4
07-27 10:12:45.822 1564 1694 D CompatibilityInfo: applicationDensity - 240
07-27 10:12:45.822 1564 1694 D CompatibilityInfo: applicationScale - 1.0
07-27 10:12:45.823 1564 1694 D CompatibilityInfo: mCompatibilityFlags - 4
07-27 10:12:45.823 1564 1694 D CompatibilityInfo: applicationDensity - 240
07-27 10:12:45.823 1564 1694 D CompatibilityInfo: applicationScale - 1.0
07-27 10:12:45.866 19203 19203 I Perf : Connecting to perf service.
07-27 10:12:45.874 1564 1694 D CompatibilityChangeReporter: Compat change id reported: 135634846; UID 10100; state: DISABLED
07-27 10:12:45.874 1564 1694 D CompatibilityChangeReporter: Compat change id reported: 177438394; UID 10100; state: DISABLED
07-27 10:12:45.874 1564 1694 D CompatibilityChangeReporter: Compat change id reported: 135772972; UID 10100; state: DISABLED
07-27 10:12:45.874 1564 1694 D CompatibilityChangeReporter: Compat change id reported: 135754954; UID 10100; state: ENABLED
07-27 10:12:45.874 19203 19203 V GraphicsEnvironment: ANGLE Developer option for 'com.tencent.qqlive' set to: 'default'
07-27 10:12:45.874 1564 1695 D CompatibilityChangeReporter: Compat change id reported: 143937733; UID 10100; state: ENABLED
07-27 10:12:45.875 19203 19203 V GraphicsEnvironment: ANGLE GameManagerService for com.tencent.qqlive: false
07-27 10:12:45.875 1564 1700 I libprocessgroup: Successfully killed process cgroup uid 10100 pid 18932 in 0ms
07-27 10:12:45.876 19203 19203 V GraphicsEnvironment: Updatable production driver is not supported on the device.
07-27 10:12:45.878 19203 19203 D NetworkSecurityConfig: Using Network Security Config from resource arg debugBuild: false
07-27 10:12:45.880 19203 19203 D NetworkSecurityConfig: Using Network Security Config from resource arg debugBuild: false
07-27 10:12:45.883 684 684 D Zygote : Forked child process 19224
