07-27 10:13:06.259 21715 21715 W halley_2800_Tem: type=1400 audit(0.0:20774): avc: granted { nlmsg_readpriv } for scontext=u:r:untrusted_app_27:s0:c512,c768 tcontext=u:r:untrusted_app_27:s0:c512,c768 tclass=netlink_route_socket app=com.tencent.android.qqdownloader
07-27 10:13:06.350 2297 2297 D MicroService: onHeartBeatDetected
07-27 10:13:06.350 2297 2297 D MicroService: sendHeartbeatMessage
07-27 10:13:06.371 19919 20257 I FileLockLib: [19919]file 71 locked by pid: 19425. lock type: 0
07-27 10:13:06.372 19919 20257 I FileLockLib: [19919]file 71 locked by pid: 19425. lock type: 0
07-27 10:13:06.372 19919 20257 I FileLockLib: [19919]file 71 locked by pid: 19425. lock type: 0
07-27 10:13:06.373 19919 20257 I FileLockLib: [19919]file 71 locked by pid: 19425. lock type: 0
07-27 10:13:06.373 19919 20257 I FileLockLib: [19919]file 71 locked by pid: 19425. lock type: 0
07-27 10:13:06.373 19919 20257 I FileLockLib: [19919]file 71 locked by pid: 19425. lock type: 0
07-27 10:13:06.374 19919 20257 I FileLockLib: [19919]file 71 locked by pid: 19425. lock type: 0
07-27 10:13:06.374 19919 20257 I FileLockLib: [19919]file 71 locked by pid: 19425. lock type: 0
07-27 10:13:06.374 19919 20257 I FileLockLib: [19919]file 71 locked by pid: 19425. lock type: 0
07-27 10:13:06.374 19919 20257 I FileLockLib: [19919]file 71 locked by pid: 19425. lock type: 0
07-27 10:13:06.375 19919 20257 I FileLockLib: [19919]file 71 locked by pid: 19425. lock type: 0
07-27 10:13:06.375 19919 20257 I FileLockLib: [19919]file 71 locked by pid: 19425. lock type: 0
07-27 10:13:06.469 683 21618 W SocketClient: write error (Broken pipe)
07-27 10:13:06.469 683 21618 W resolv : GetAddrInfoHandler::run: Error writing DNS result to client uid 10096 pid 19990: Broken pipe
07-27 10:13:06.791 0 0 E [ 811.820611] [MAX975X: max96755x_vc1_lcd_dtc_check] *ERROR* DTC_Display: screen not ready(0), bl_sta(1), lvl(40)
07-27 10:13:07.180 1564 8495 W ProcessStats: Tracking association SourceState{d688782 com.tencent.android.qqdownloader:daemon/10096 BTopFgs #4377} whose proc state 2 is better than process ProcessState{f577e93 com.tencent.android.qqdownloader/10096 pkg=com.tencent.android.qqdownloader (sub)} proc state 3 (197 skipped)
07-27 10:13:07.195 660 673 I mpu_uart: [MSG-P:RECV]:No message received in 1000 ms
07-27 10:13:07.202 660 672 I mpu_uart: [MSG-P:R]:recv sync frame timeout
07-27 10:13:07.638 1564 1853 I input_interaction: Interaction with: c75faee com.tencent.qqlive/com.tencent.qqlive.ona.activity.VideoDetailActivity (server), edge-swipe (server), swipe-up (server), PointerEventDispatcher0 (server),
07-27 10:13:07.639 1564 1853 D PowerManagerService: userActivityNoUpdateLocked: groupId=0, eventTime=812669, event=2, flags=0x0, uid=1000
07-27 10:13:07.639 1564 1853 D PowerManagerNotifier: onUserActivity: event=2, uid=1000
07-27 10:13:07.640 1564 1853 D PowerManagerService: updateUserActivitySummaryLocked: groupId=0, mWakefulness=Awake, mUserActivitySummary=0x1, nextTimeout=872669 (in 59997 ms)
07-27 10:13:07.640 1564 1853 D PowerManagerNotifier: onScreenPolicyUpdate: newPolicy=3
07-27 10:13:07.640 1564 1853 D PowerManagerService: updateDisplayPowerStateLocked: displayReady=true, groupId=0, policy=BRIGHT, mWakefulness=Awake, mWakeLockSummary=0x23, mUserActivitySummary=0x1, mBootCompleted=true, screenBrightnessOverride=NaN, useAutoBrightness=true, mScreenBrightnessBoostInProgress=false, mIsVrModeEnabled= false, sQuiescent=false
07-27 10:13:07.642 2647 2647 D TouchInteractionService: onInputEvent mUncheckedConsumer = com.android.quickstep.InputConsumer$$ExternalSyntheticLambda0@58c18f6
07-27 10:13:07.642 1963 1963 D ViewTouchDebug: mView : com.android.systemui.navigationbar.NavigationBarFrame{b1baa31 V.E...... ........ 0,0-2560,46 #7f0b03f3 app:id/navigation_bar_frame}Receive event : MotionEvent { action=ACTION_OUTSIDE, actionButton=0, id[0]=0, x[0]=0.0, y[0]=-1034.0, toolType[0]=TOOL_TYPE_FINGER, buttonState=0, classification=NONE, metaState=0, flags=0x0, edgeFlags=0x0, pointerCount=1, historySize=0, eventTime=812669, downTime=812669, deviceId=2, source=0x5002, displayId=0, eventId=1606970795 }
07-27 10:13:07.643 1963 1963 D NoBackGesture: Start gesture: MotionEvent { action=ACTION_DOWN, actionButton=0, id[0]=0, x[0]=323.0, y[0]=320.0, toolType[0]=TOOL_TYPE_FINGER, buttonState=0, classification=NONE, metaState=0, flags=0x0, edgeFlags=0x0, pointerCount=1, historySize=0, eventTime=812669, downTime=812669, deviceId=2, source=0x5002, displayId=0, eventId=677174494 } mSysUiFlags=131072 region=Rect(0, 0 - 0, 0)
07-27 10:13:07.644 1963 1963 D NoBackGesture: Gesture [1690423987643,alw=FALSE,FALSE,TRUE,FALSE,disp=Point(2560, 1080),wl=45,il=0,wr=45,ir=0,excl=SkRegion()]
07-27 10:13:07.650 19425 19425 D ViewTouchDebug: mView : DecorView@104bbb7[VideoDetailActivity]Receive event : MotionEvent { action=ACTION_DOWN, actionButton=0, id[0]=0, x[0]=378.74997, y[0]=309.99997, toolType[0]=TOOL_TYPE_FINGER, buttonState=0, classification=NONE, metaState=0, flags=0x0, edgeFlags=0x0, pointerCount=1, historySize=0, eventTime=812669, downTime=812669, deviceId=2, source=0x5002, displayId=0, eventId=677174494 }
07-27 10:13:07.654 19425 19425 I DecorCaptionView: Check caption touch event:[E]=MotionEvent { action=ACTION_DOWN, actionButton=0, id[0]=0, x[0]=378.74997, y[0]=309.99997, toolType[0]=TOOL_TYPE_FINGER, buttonState=0, classification=NONE, metaState=0, flags=0x0, edgeFlags=0x0, pointerCount=1, historySize=0, eventTime=812669, downTime=812669, deviceId=2, source=0x5002, displayId=0, eventId=677174494 }
07-27 10:13:07.723 19425 19425 I DecorCaptionView: Check caption touch event:[E]=MotionEvent { action=ACTION_MOVE, actionButton=0, id[0]=0, x[0]=378.74997, y[0]=309.99997, toolType[0]=TOOL_TYPE_FINGER, buttonState=0, classification=NONE, metaState=0, flags=0x0, edgeFlags=0x0, pointerCount=1, historySize=2, eventTime=812739, downTime=812669, deviceId=2, source=0x5002, displayId=0, eventId=742392436 }
07-27 10:13:07.746 1564 1853 D PowerManagerService: userActivityNoUpdateLocked: groupId=0, eventTime=812778, event=2, flags=0x0, uid=1000
07-27 10:13:07.747 1564 1853 D PowerManagerNotifier: onUserActivity: event=2, uid=1000
07-27 10:13:07.747 1564 1853 D PowerManagerService: updateUserActivitySummaryLocked: groupId=0, mWakefulness=Awake, mUserActivitySummary=0x1, nextTimeout=872778 (in 59999 ms)
07-27 10:13:07.747 1564 1853 D PowerManagerNotifier: onScreenPolicyUpdate: newPolicy=3
07-27 10:13:07.747 1564 1853 D PowerManagerService: updateDisplayPowerStateLocked: displayReady=true, groupId=0, policy=BRIGHT, mWakefulness=Awake, mWakeLockSummary=0x23, mUserActivitySummary=0x1, mBootCompleted=true, screenBrightnessOverride=NaN, useAutoBrightness=true, mScreenBrightnessBoostInProgress=false, mIsVrModeEnabled= false, sQuiescent=false
07-27 10:13:07.750 19425 19425 D ViewTouchDebug: mView : DecorView@104bbb7[VideoDetailActivity]Receive event : MotionEvent { action=ACTION_UP, actionButton=0, id[0]=0, x[0]=378.74997, y[0]=309.99997, toolType[0]=TOOL_TYPE_FINGER, buttonState=0, classification=NONE, metaState=0, flags=0x0, edgeFlags=0x0, pointerCount=1, historySize=0, eventTime=812778, downTime=812669, deviceId=2, source=0x5002, displayId=0, eventId=415285787 }
07-27 10:13:07.751 19425 19425 I DecorCaptionView: Check caption touch event:[E]=MotionEvent { action=ACTION_UP, actionButton=0, id[0]=0, x[0]=378.74997, y[0]=309.99997, toolType[0]=TOOL_TYPE_FINGER, buttonState=0, classification=NONE, metaState=0, flags=0x0, edgeFlags=0x0, pointerCount=1, historySize=0, eventTime=812778, downTime=812669, deviceId=2, source=0x5002, displayId=0, eventId=415285787 }
07-27 10:13:07.988 19425 19425 E ThemeUtils: View class com.tencent.qqlive.qmtplayer.plugin.bottombar.component.playbutton.databinding.PlayImageView is an AppCompat widget that can only be used with a Theme.AppCompat theme (or descendant).
07-27 10:13:08.096 21715 21750 I id.qqdownloade: Background concurrent copying GC freed 335290(18MB) AllocSpace objects, 212(4696KB) LOS objects, 50% free, 23MB/47MB, paused 50us,26us total 105.313ms
07-27 10:13:08.195 660 673 I mpu_uart: [MSG-P:RECV]:No message received in 1000 ms
07-27 10:13:08.254 2297 2737 D MicroService: handleHeartBeat:428
07-27 10:13:08.351 2297 2297 D MicroService: onHeartBeatDetected
07-27 10:13:08.351 2297 2297 D MicroService: sendHeartbeatMessage
07-27 10:13:08.961 1564 1904 D ConnectivityService: NetReassign [no changes]
07-27 10:13:08.968 21648 21693 D CompatibilityChangeReporter: Compat change id reported: 160794467; UID 10096; state: DISABLED
07-27 10:13:08.979 1564 8495 W ActivityManager: Receiver with filter android.content.IntentFilter@3c801e5 already registered for pid 21648, callerPackage is com.tencent.android.qqdownloader
07-27 10:13:09.023 21648 22009 E System : ******** DEPRECATED FUNCTIONALITY ********
07-27 10:13:09.023 21648 22009 E System : * The implementation of the KeyFactory.RSA algorithm from
07-27 10:13:09.023 21648 22009 E System : * the BC provider is deprecated in this version of Android.
07-27 10:13:09.023 21648 22009 E System : * It will be removed in a future version of Android and your
07-27 10:13:09.023 21648 22009 E System : * application will no longer be able to request it. Please see
07-27 10:13:09.023 21648 22009 E System : * https://android-developers.googleblog.com/2018/03/cryptography-changes-in-android-p.html
07-27 10:13:09.023 21648 22009 E System : * for more details.
07-27 10:13:09.026 1564 1564 I sysui_multi_action: [757,128,758,5,759,8,793,14630,794,0,795,8589,796,127,806,com.tencent.android.qqdownloader,857,channel_id_default_silent,858,3,946,com.tencent.android.qqdownloader,947,1,1500,8589,1688,1]
07-27 10:13:09.026 1564 1564 I notification_canceled: [0|com.tencent.android.qqdownloader|127|null|10096,8,14630,8589,0,-1,-1,NULL]
07-27 10:13:09.023 21648 21648 I auditd : type=1400 audit(0.0:20775): avc: denied { read } for comm="StartThread-54" name="drivers" dev="proc" ino=4026531852 scontext=u:r:untrusted_app_27:s0:c512,c768 tcontext=u:object_r:proc_tty_drivers:s0 tclass=file permissive=1 app=com.tencent.android.qqdownloader
07-27 10:13:09.023 21648 21648 I StartThread-54: type=1400 audit(0.0:20775): avc: denied { read } for name="drivers" dev="proc" ino=4026531852 scontext=u:r:untrusted_app_27:s0:c512,c768 tcontext=u:object_r:proc_tty_drivers:s0 tclass=file permissive=1 app=com.tencent.android.qqdownloader
07-27 10:13:09.023 21648 21648 I auditd : type=1400 audit(0.0:20776): avc: denied { open } for comm="StartThread-54" path="/proc/tty/drivers" dev="proc" ino=4026531852 scontext=u:r:untrusted_app_27:s0:c512,c768 tcontext=u:object_r:proc_tty_drivers:s0 tclass=file permissive=1 app=com.tencent.android.qqdownloader
07-27 10:13:09.023 21648 21648 I StartThread-54: type=1400 audit(0.0:20776): avc: denied { open } for path="/proc/tty/drivers" dev="proc" ino=4026531852 scontext=u:r:untrusted_app_27:s0:c512,c768 tcontext=u:object_r:proc_tty_drivers:s0 tclass=file permissive=1 app=com.tencent.android.qqdownloader
07-27 10:13:09.023 21648 21648 I auditd : type=1400 audit(0.0:20777): avc: denied { getattr } for comm="StartThread-54" path="/proc/tty/drivers" dev="proc" ino=4026531852 scontext=u:r:untrusted_app_27:s0:c512,c768 tcontext=u:object_r:proc_tty_drivers:s0 tclass=file permissive=1 app=com.tencent.android.qqdownloader
07-27 10:13:09.023 21648 21648 I StartThread-54: type=1400 audit(0.0:20777): avc: denied { getattr } for path="/proc/tty/drivers" dev="proc" ino=4026531852 scontext=u:r:untrusted_app_27:s0:c512,c768 tcontext=u:object_r:proc_tty_drivers:s0 tclass=file permissive=1 app=com.tencent.android.qqdownloader
07-27 10:13:09.039 1963 2120 D PeopleSpaceWidgetMgr: Sbn doesn't contain valid PeopleTileKey: null/0/com.tencent.android.qqdownloader
07-27 10:13:09.056 21648 21693 I System.out: send delaySendDownloadMsg msg
07-27 10:13:09.084 21648 21693 I HookManager: start inject obj:ActivityManagerHook
07-27 10:13:09.084 21648 21693 I HookManager: end inject obj:ActivityManagerHook
07-27 10:13:09.083 21648 21648 I auditd : type=1400 audit(0.0:20778): avc: granted { execute } for comm="StartThread-54" path="/data/user/0/com.tencent.android.qqdownloader/files/plugin/com.tencent.assistant.plugin.ionia/arm64-v8a/libionia.so" dev="dm-10" ino=18362 scontext=u:r:untrusted_app_27:s0:c512,c768 tcontext=u:object_r:app_data_file:s0:c512,c768 tclass=file app=com.tencent.android.qqdownloader
07-27 10:13:09.083 21648 21648 W StartThread-54: type=1400 audit(0.0:20778): avc: granted { execute } for path="/data/user/0/com.tencent.android.qqdownloader/files/plugin/com.tencent.assistant.plugin.ionia/arm64-v8a/libionia.so" dev="dm-10" ino=18362 scontext=u:r:untrusted_app_27:s0:c512,c768 tcontext=u:object_r:app_data_file:s0:c512,c768 tclass=file app=com.tencent.android.qqdownloader
07-27 10:13:09.090 21648 21693 E AudioAttributes: Illegal value unmarshalling AudioAttributes, can't initialize bundle
07-27 10:13:09.095 21648 21648 I auditd : type=1400 audit(0.0:20779): avc: granted { nlmsg_readpriv } for comm="qimei-thread-1" scontext=u:r:untrusted_app_27:s0:c512,c768 tcontext=u:r:untrusted_app_27:s0:c512,c768 tclass=netlink_route_socket app=com.tencent.android.qqdownloader
07-27 10:13:09.095 21648 21648 W qimei-thread-1: type=1400 audit(0.0:20779): avc: granted { nlmsg_readpriv } for scontext=u:r:untrusted_app_27:s0:c512,c768 tcontext=u:r:untrusted_app_27:s0:c512,c768 tclass=netlink_route_socket app=com.tencent.android.qqdownloader
07-27 10:13:09.102 1564 1894 D PowerManagerService: acquireWakeLockInternal: lock=13137269, flags=0x1, tag="NetworkStats", ws=null, uid=1000, pid=1564
07-27 10:13:09.103 1564 1894 D PowerManagerService: updateWakeLockSummaryLocked: mWakefulness=Awake, mWakeLockSummary=0x23
07-27 10:13:09.103 1564 1894 D PowerManagerService: updateUserActivitySummaryLocked: groupId=0, mWakefulness=Awake, mUserActivitySummary=0x1, nextTimeout=872778 (in 58643 ms)
07-27 10:13:09.105 1564 1894 D PowerManagerNotifier: onScreenPolicyUpdate: newPolicy=3
07-27 10:13:09.105 1564 1894 D PowerManagerService: updateDisplayPowerStateLocked: displayReady=true, groupId=0, policy=BRIGHT, mWakefulness=Awake, mWakeLockSummary=0x23, mUserActivitySummary=0x1, mBootCompleted=true, screenBrightnessOverride=NaN, useAutoBrightness=true, mScreenBrightnessBoostInProgress=false, mIsVrModeEnabled= false, sQuiescent=false
07-27 10:13:09.105 1564 1894 D PowerManagerNotifier: onWakeLockAcquired: flags=1, tag="NetworkStats", packageName=android, ownerUid=1000, ownerPid=1564, workSource=null
07-27 10:13:09.108 1564 1564 I notification_enqueue: [10096,21648,com.tencent.android.qqdownloader,127,NULL,0,Notification(channel=channel_id_default_silent shortcut=null contentView=com.tencent.android.qqdownloader/0x7f0a01c2 vibrate=null sound=null defaults=0x0 flags=0x2a2 color=0x00000000 groupKey=com.tencent.android.qqdownloader vis=PRIVATE),0]
07-27 10:13:09.112 1564 1564 I sysui_multi_action: [757,128,758,5,759,8,793,9,794,0,795,9,796,127,806,com.tencent.android.qqdownloader,857,channel_id_default_silent,858,3,946,com.tencent.android.qqdownloader,947,1,1500,9]
07-27 10:13:09.112 1564 1564 I notification_canceled: [0|com.tencent.android.qqdownloader|127|null|10096,8,9,9,0,-1,-1,NULL]
07-27 10:13:09.126 1564 2757 D PowerManagerService: acquireWakeLockInternal: lock=131741979, flags=0x1, tag="j", ws=null, uid=10096, pid=21648
07-27 10:13:09.126 1564 2757 D PowerManagerService: updateWakeLockSummaryLocked: mWakefulness=Awake, mWakeLockSummary=0x23
07-27 10:13:09.126 1564 2757 D PowerManagerService: updateUserActivitySummaryLocked: groupId=0, mWakefulness=Awake, mUserActivitySummary=0x1, nextTimeout=872778 (in 58619 ms)
07-27 10:13:09.126 1564 2757 D PowerManagerNotifier: onScreenPolicyUpdate: newPolicy=3
07-27 10:13:09.126 1564 2757 D PowerManagerService: updateDisplayPowerStateLocked: displayReady=true, groupId=0, policy=BRIGHT, mWakefulness=Awake, mWakeLockSummary=0x23, mUserActivitySummary=0x1, mBootCompleted=true, screenBrightnessOverride=NaN, useAutoBrightness=true, mScreenBrightnessBoostInProgress=false, mIsVrModeEnabled= false, sQuiescent=false
07-27 10:13:09.126 1564 2757 D PowerManagerNotifier: onWakeLockAcquired: flags=1, tag="j", packageName=com.tencent.android.qqdownloader, ownerUid=10096, ownerPid=21648, workSource=null
07-27 10:13:09.130 1564 1894 I netstats_mobile_sample: [0,0,0,0,0,0,0,0,0,0,0,0,1690423985697]
07-27 10:13:09.130 1564 1894 I netstats_wifi_sample: [791314,797,2589921,4744,791314,797,2589921,4744,8641599,8395,2037429,4145,1690423985697]
07-27 10:13:09.130 1564 1894 D PowerManagerService: releaseWakeLockInternal: lock=13137269 [NetworkStats], flags=0x0
07-27 10:13:09.130 1564 1894 D PowerManagerNotifier: onWakeLockReleased: flags=1, tag="NetworkStats", packageName=android, ownerUid=1000, ownerPid=1564, workSource=null
07-27 10:13:09.131 1564 1894 D PowerManagerService: updateWakeLockSummaryLocked: mWakefulness=Awake, mWakeLockSummary=0x23
07-27 10:13:09.131 1564 1894 D PowerManagerService: updateUserActivitySummaryLocked: groupId=0, mWakefulness=Awake, mUserActivitySummary=0x1, nextTimeout=872778 (in 58615 ms)
07-27 10:13:09.131 1564 1894 D PowerManagerNotifier: onScreenPolicyUpdate: newPolicy=3
07-27 10:13:09.131 1564 1894 D PowerManagerService: updateDisplayPowerStateLocked: displayReady=true, groupId=0, policy=BRIGHT, mWakefulness=Awake, mWakeLockSummary=0x23, mUserActivitySummary=0x1, mBootCompleted=true, screenBrightnessOverride=NaN, useAutoBrightness=true, mScreenBrightnessBoostInProgress=false, mIsVrModeEnabled= false, sQuiescent=false
07-27 10:13:09.134 21715 22067 I DpmTcmClient: RegisterTcmMonitor from: $Proxy2
07-27 10:13:09.140 1564 1904 D ConnectivityService: NetReassign [no changes]
07-27 10:13:09.142 21713 21741 I downloader:liv: oneway function results for code 1 on binder at 0x75179ef7a0 will be dropped but finished with status UNKNOWN_TRANSACTION
07-27 10:13:09.146 21715 21812 I TuringFdNative: TuringFD v68 (190FC754A92BE107, base, 0e441cf, compiled 2021_11_23_19_48_40) success
07-27 10:13:09.150 1564 1904 D ConnectivityService: NetReassign [no changes]
07-27 10:13:09.153 21713 21741 I downloader:liv: oneway function results for code 2 on binder at 0x75179eaa90 will be dropped but finished with status UNKNOWN_TRANSACTION
07-27 10:13:09.151 21715 21715 I auditd : type=1400 audit(0.0:20780): avc: granted { execute } for comm="kcsdk_temporary" path="/data/user/0/com.tencent.android.qqdownloader/files/plugin/com.tencent.plugin.dawangka/arm64-v8a/libKcsdk-2.0.9.so" dev="dm-10" ino=18418 scontext=u:r:untrusted_app_27:s0:c512,c768 tcontext=u:object_r:app_data_file:s0:c512,c768 tclass=file app=com.tencent.android.qqdownloader
07-27 10:13:09.151 21715 21715 W kcsdk_temporary: type=1400 audit(0.0:20780): avc: granted { execute } for path="/data/user/0/com.tencent.android.qqdownloader/files/plugin/com.tencent.plugin.dawangka/arm64-v8a/libKcsdk-2.0.9.so" dev="dm-10" ino=18418 scontext=u:r:untrusted_app_27:s0:c512,c768 tcontext=u:object_r:app_data_file:s0:c512,c768 tclass=file app=com.tencent.android.qqdownloader
07-27 10:13:09.159 21715 21872 E KcSdk : [KcSdk] value: A095641B30785F28642708F481603E0B
07-27 10:13:09.159 21715 21872 E KcSdk : [KcSdk] value: 10270120
07-27 10:13:09.159 21715 21872 E KcSdk : [KcSdk] value: skdjljksdjg1134
07-27 10:13:09.159 21715 21872 E KcSdk : [KcSdk] value: 17179869253
07-27 10:13:09.159 21715 21872 E KcSdk : [KcSdk] value: 00001
07-27 10:13:09.159 21715 21872 E KcSdk : [KcSdk] value: https//m.10010.com
07-27 10:13:09.160 21715 21872 E KcSdk : [SdkEnv] channel 10270120
07-27 10:13:09.168 1564 8495 D CompatibilityInfo: mCompatibilityFlags - 4
07-27 10:13:09.168 1564 8495 D CompatibilityInfo: applicationDensity - 240
07-27 10:13:09.168 1564 8495 D CompatibilityInfo: applicationScale - 1.0
07-27 10:13:09.171 21715 21872 I KcSdk : [KcInner] set PhoneInfoBridge
07-27 10:13:09.172 21715 21872 E KcSdk : [KcState] com.tencent.android.qqdownloader-- notifyCheck msg: FIRST_REGISTER_LISTENER immediate: false
07-27 10:13:09.173 21715 21715 I KcSdk : [KcBaseService] onStart
07-27 10:13:09.173 21715 21715 I KcSdk : [KcBaseService] onBind
07-27 10:13:09.179 1564 1904 D ConnectivityService: NetReassign [no changes]
07-27 10:13:09.181 21715 21715 E KcSdk : [KcState] com.tencent.android.qqdownloader-- notifyCheck msg: android.net.conn.CONNECTIVITY_CHANGE immediate: false
07-27 10:13:09.181 21715 21715 I KcSdk : [IpcClient] back engine is connected, ComponentInfo{com.tencent.android.qqdownloader/kcsdk.shell.KcShellService} tmsdk.common.KcBaseService$1@9ea7bc2 use: 14
07-27 10:13:09.181 21715 21715 I KcSdk : [KcInner] [logprint] OnBackConnected
07-27 10:13:09.181 21715 21715 I KcSdk : [SdkEnv] setPhoneInfoBridge - BackConnected
07-27 10:13:09.182 21715 22096 I KcSdk : [KcInner] guid:03027623072615550100092029729418
07-27 10:13:09.184 21715 22105 I KcSdk : [KcInner] guid:03027623072615550100092029729418
07-27 10:13:09.179 22086 22086 I auditd : type=1400 audit(0.0:20781): avc: denied { open } for comm="getprop" path="/dev/__properties__/u:object_r:ab_update_gki_prop:s0" dev="tmpfs" ino=11408 scontext=u:r:untrusted_app_27:s0:c512,c768 tcontext=u:object_r:ab_update_gki_prop:s0 tclass=file permissive=1 app=com.tencent.android.qqdownloader
07-27 10:13:09.179 22086 22086 I getprop : type=1400 audit(0.0:20781): avc: denied { open } for path="/dev/__properties__/u:object_r:ab_update_gki_prop:s0" dev="tmpfs" ino=11408 scontext=u:r:untrusted_app_27:s0:c512,c768 tcontext=u:object_r:ab_update_gki_prop:s0 tclass=file permissive=1 app=com.tencent.android.qqdownloader
07-27 10:13:09.179 22086 22086 I auditd : type=1400 audit(0.0:20782): avc: denied { getattr } for comm="getprop" path="/dev/__properties__/u:object_r:ab_update_gki_prop:s0" dev="tmpfs" ino=11408 scontext=u:r:untrusted_app_27:s0:c512,c768 tcontext=u:object_r:ab_update_gki_prop:s0 tclass=file permissive=1 app=com.tencent.android.qqdownloader
07-27 10:13:09.179 22086 22086 I getprop : type=1400 audit(0.0:20782): avc: denied { getattr } for path="/dev/__properties__/u:object_r:ab_update_gki_prop:s0" dev="tmpfs" ino=11408 scontext=u:r:untrusted_app_27:s0:c512,c768 tcontext=u:object_r:ab_update_gki_prop:s0 tclass=file permissive=1 app=com.tencent.android.qqdownloader
07-27 10:13:09.179 22086 22086 I auditd : type=1400 audit(0.0:20783): avc: denied { map } for comm="getprop" path="/dev/__properties__/u:object_r:ab_update_gki_prop:s0" dev="tmpfs" ino=11408 scontext=u:r:untrusted_app_27:s0:c512,c768 tcontext=u:object_r:ab_update_gki_prop:s0 tclass=file permissive=1 app=com.tencent.android.qqdownloader
07-27 10:13:09.179 22086 22086 I getprop : type=1400 audit(0.0:20783): avc: denied { map } for path="/dev/__properties__/u:object_r:ab_update_gki_prop:s0" dev="tmpfs" ino=11408 scontext=u:r:untrusted_app_27:s0:c512,c768 tcontext=u:object_r:ab_update_gki_prop:s0 tclass=file permissive=1 app=com.tencent.android.qqdownloader
07-27 10:13:09.187 0 0 W [ 814.217342] audit: audit_lost=19367 audit_rate_limit=5 audit_backlog_limit=64
07-27 10:13:09.187 0 0 E [ 814.217344] audit: rate limit exceeded
07-27 10:13:09.195 660 673 I mpu_uart: [MSG-P:RECV]:No message received in 1000 ms
07-27 10:13:09.223 21715 22032 E System : ******** DEPRECATED FUNCTIONALITY ********
07-27 10:13:09.223 21715 22032 E System : * The implementation of the KeyFactory.RSA algorithm from
07-27 10:13:09.223 21715 22032 E System : * the BC provider is deprecated in this version of Android.
07-27 10:13:09.223 21715 22032 E System : * It will be removed in a future version of Android and your
07-27 10:13:09.223 21715 22032 E System : * application will no longer be able to request it. Please see
07-27 10:13:09.224 21715 22032 E System : * https://android-developers.googleblog.com/2018/03/cryptography-changes-in-android-p.html
07-27 10:13:09.224 21715 22032 E System : * for more details.
07-27 10:13:09.255 19425 19425 E ThemeUtils: View class com.airbnb.lottie.LottieAnimationView is an AppCompat widget that can only be used with a Theme.AppCompat theme (or descendant).
07-27 10:13:09.258 19425 19425 E ThemeUtils: View class com.airbnb.lottie.LottieAnimationView is an AppCompat widget that can only be used with a Theme.AppCompat theme (or descendant).
07-27 10:13:09.281 21715 22089 D CompatibilityChangeReporter: Compat change id reported: 160794467; UID 10096; state: DISABLED
07-27 10:13:09.309 1564 1564 I NotificationService: Cannot find enqueued record for key: 0|com.tencent.android.qqdownloader|127|null|10096
07-27 10:13:09.371 19919 20257 I FileLockLib: [19919]file 71 locked by pid: 19425. lock type: 0
07-27 10:13:09.374 19919 20257 I FileLockLib: [19919]file 71 locked by pid: 19425. lock type: 0
07-27 10:13:09.374 19919 20257 I FileLockLib: [19919]file 71 locked by pid: 19425. lock type: 0
07-27 10:13:09.376 19919 20257 I FileLockLib: [19919]file 71 locked by pid: 19425. lock type: 0
07-27 10:13:09.376 19919 20257 I FileLockLib: [19919]file 71 locked by pid: 19425. lock type: 0
07-27 10:13:09.377 19919 20257 I FileLockLib: [19919]file 71 locked by pid: 19425. lock type: 0
07-27 10:13:09.377 19919 20257 I FileLockLib: [19919]file 71 locked by pid: 19425. lock type: 0
07-27 10:13:09.378 19919 20257 I FileLockLib: [19919]file 71 locked by pid: 19425. lock type: 0
07-27 10:13:09.379 19919 20257 I FileLockLib: [19919]file 71 locked by pid: 19425. lock type: 0
07-27 10:13:09.380 19919 20257 I FileLockLib: [19919]file 71 locked by pid: 19425. lock type: 0
07-27 10:13:09.380 19919 20257 I FileLockLib: [19919]file 71 locked by pid: 19425. lock type: 0
07-27 10:13:09.381 19919 20257 I FileLockLib: [19919]file 71 locked by pid: 19425. lock type: 0
07-27 10:13:09.599 1961 3519 V Avrcp_ext: updateCurrentMediaState: mMediaController: null
07-27 10:13:09.600 1961 3519 W Avrcp_ext: isMusicActive: false getBluetoothPlayState: 2 A2dp State: 11 mAudioPlaybackIsActive: false
07-27 10:13:09.600 1961 3519 W Avrcp_ext: updateCurrentMediaState: isPlaying = false
07-27 10:13:09.600 1961 3519 I Avrcp_ext: device found at index 0
07-27 10:13:09.600 1961 3519 V Avrcp_ext: updateCurrentMediaState: addr: [B@eeddddb
07-27 10:13:09.600 1961 3519 V Avrcp_ext: Media update: id -1➡-1? [MediaAttributes: none] : [MediaAttributes: none]
07-27 10:13:09.600 1961 3519 D Avrcp_ext: isPackageNameValid: browsedPackage = isValid = false
07-27 10:13:09.600 1961 3519 V Avrcp_ext: updatePlaybackState, state: PlaybackState {state=2, position=-1, buffered position=0, speed=0.0, updated=814632, actions=0, custom actions=[], active item id=-1, error=null} device: null
07-27 10:13:09.602 1961 3519 V Avrcp_ext: Device: EDIFIER W281BT : old state: PlaybackState {state=2, position=-1, buffered position=0, speed=0.0, updated=798994, actions=0, custom actions=[], active item id=-1, error=null}
07-27 10:13:09.603 1961 3519 V Avrcp_ext: Device: no name:
07-27 10:13:09.603 1961 3519 V Avrcp_ext: Device: no name:
07-27 10:13:09.603 1961 3519 V Avrcp_ext: Device: no name:
07-27 10:13:09.603 1961 3519 V Avrcp_ext: Device: no name:
07-27 10:13:09.603 1961 3519 V Avrcp_ext: updatePlayerStateAndPosition, old=PlaybackState {state=2, position=-1, buffered position=0, speed=0.0, updated=798994, actions=0, custom actions=[], active item id=-1, error=null}, state=PlaybackState {state=2, position=-1, buffered position=0, speed=0.0, updated=814632, actions=0, custom actions=[], active item id=-1, error=null}
07-27 10:13:09.603 1961 3519 V Avrcp_ext: old state = PlaybackState {state=2, position=-1, buffered position=0, speed=0.0, updated=798994, actions=0, custom actions=[], active item id=-1, error=null}, new state= PlaybackState {state=2, position=-1, buffered position=0, speed=0.0, updated=814632, actions=0, custom actions=[], active item id=-1, error=null}
07-27 10:13:09.603 1961 3519 D HeadsetService: getHeadsetService(): returning com.android.bluetooth.hfp.HeadsetService@3a55a93
07-27 10:13:09.603 1961 3519 E HeadsetStateMachine: returning mCurrentState as Connected
07-27 10:13:09.603 1961 3519 D HeadsetService: isAudioOn: The number of audio connected devices 0
07-27 10:13:09.603 1961 3519 D HeadsetService: isScoOrCallActive(): Call Active:falseCall is Ringing:falseSCO is Active:false
07-27 10:13:09.603 1961 3519 E HeadsetStateMachine: returning mCurrentState as Connected
07-27 10:13:09.603 1961 3519 D HeadsetService: isAudioOn: The number of audio connected devices 0
07-27 10:13:09.603 1961 3519 I Avrcp_ext: updatePlayStatusForDevice: device: 60:F4:3A:B2:E8:8D
07-27 10:13:09.603 1961 3519 V Avrcp_ext: updatePlaybackState (0): old=PlaybackState {state=2, position=-1, buffered position=0, speed=0.0, updated=798994, actions=0, custom actions=[], active item id=-1, error=null}(2), new=PlaybackState {state=2, position=-1, buffered position=0, speed=0.0, updated=814632, actions=0, custom actions=[], active item id=-1, error=null}(2)
07-27 10:13:09.603 1961 3519 I Avrcp_ext: Exit updatePlayStatusForDevice
07-27 10:13:09.603 1961 3519 E HeadsetStateMachine: returning mCurrentState as Connected
07-27 10:13:09.603 1961 3519 D HeadsetService: isAudioOn: The number of audio connected devices 0
07-27 10:13:09.603 1961 3519 D HeadsetService: isScoOrCallActive(): Call Active:falseCall is Ringing:falseSCO is Active:false
07-27 10:13:09.603 1961 3519 E HeadsetStateMachine: returning mCurrentState as Connected
07-27 10:13:09.604 1961 3519 D HeadsetService: isAudioOn: The number of audio connected devices 0
07-27 10:13:09.605 1961 3519 I Avrcp_ext: updatePlayStatusForDevice: device: null
07-27 10:13:09.605 1961 3519 V Avrcp_ext: updatePlaybackState (1): old=PlaybackState {state=2, position=-1, buffered position=0, speed=0.0, updated=798994, actions=0, custom actions=[], active item id=-1, error=null}(2), new=PlaybackState {state=2, position=-1, buffered position=0, speed=0.0, updated=814632, actions=0, custom actions=[], active item id=-1, error=null}(2)
07-27 10:13:09.605 1961 3519 I Avrcp_ext: Exit updatePlayStatusForDevice
07-27 10:13:09.605 1961 3519 E HeadsetStateMachine: returning mCurrentState as Connected
07-27 10:13:09.605 1961 3519 D HeadsetService: isAudioOn: The number of audio connected devices 0
07-27 10:13:09.605 1961 3519 D HeadsetService: isScoOrCallActive(): Call Active:falseCall is Ringing:falseSCO is Active:false
07-27 10:13:09.605 1961 3519 E HeadsetStateMachine: returning mCurrentState as Connected
07-27 10:13:09.605 1961 3519 D HeadsetService: isAudioOn: The number of audio connected devices 0
07-27 10:13:09.605 1961 3519 I Avrcp_ext: updatePlayStatusForDevice: device: null
07-27 10:13:09.605 1961 3519 V Avrcp_ext: updatePlaybackState (1): old=PlaybackState {state=2, position=-1, buffered position=0, speed=0.0, updated=798994, actions=0, custom actions=[], active item id=-1, error=null}(2), new=PlaybackState {state=2, position=-1, buffered position=0, speed=0.0, updated=814632, actions=0, custom actions=[], active item id=-1, error=null}(2)
07-27 10:13:09.605 1961 3519 I Avrcp_ext: Exit updatePlayStatusForDevice
07-27 10:13:09.605 1961 3519 E HeadsetStateMachine: returning mCurrentState as Connected
07-27 10:13:09.605 1961 3519 D HeadsetService: isAudioOn: The number of audio connected devices 0
07-27 10:13:09.605 1961 3519 D HeadsetService: isScoOrCallActive(): Call Active:falseCall is Ringing:falseSCO is Active:false
07-27 10:13:09.605 1961 3519 E HeadsetStateMachine: returning mCurrentState as Connected
07-27 10:13:09.605 1961 3519 D HeadsetService: isAudioOn: The number of audio connected devices 0
07-27 10:13:09.605 1961 3519 I Avrcp_ext: updatePlayStatusForDevice: device: null
07-27 10:13:09.605 1961 3519 V Avrcp_ext: updatePlaybackState (1): old=PlaybackState {state=2, position=-1, buffered position=0, speed=0.0, updated=798994, actions=0, custom actions=[], active item id=-1, error=null}(2), new=PlaybackState {state=2, position=-1, buffered position=0, speed=0.0, updated=814632, actions=0, custom actions=[], active item id=-1, error=null}(2)
07-27 10:13:09.605 1961 3519 I Avrcp_ext: Exit updatePlayStatusForDevice
07-27 10:13:09.605 1961 3519 E HeadsetStateMachine: returning mCurrentState as Connected
07-27 10:13:09.605 1961 3519 D HeadsetService: isAudioOn: The number of audio connected devices 0
07-27 10:13:09.605 1961 3519 D HeadsetService: isScoOrCallActive(): Call Active:falseCall is Ringing:falseSCO is Active:false
07-27 10:13:09.605 1961 3519 E HeadsetStateMachine: returning mCurrentState as Connected
07-27 10:13:09.605 1961 3519 D HeadsetService: isAudioOn: The number of audio connected devices 0
07-27 10:13:09.605 1961 3519 I Avrcp_ext: updatePlayStatusForDevice: device: null
07-27 10:13:09.605 1961 3519 V Avrcp_ext: updatePlaybackState (1): old=PlaybackState {state=2, position=-1, buffered position=0, speed=0.0, updated=798994, actions=0, custom actions=[], active item id=-1, error=null}(2), new=PlaybackState {state=2, position=-1, buffered position=0, speed=0.0, updated=814632, actions=0, custom actions=[], active item id=-1, error=null}(2)
07-27 10:13:09.605 1961 3519 I Avrcp_ext: Exit updatePlayStatusForDevice
07-27 10:13:09.605 1961 3519 D Avrcp_ext: Enter sendPlayPosNotificationRsp
07-27 10:13:09.605 1961 3519 D Avrcp_ext: Enter getPlayPosition
07-27 10:13:09.605 1961 3519 I Avrcp_ext: device found at index 0
07-27 10:13:09.605 1961 3519 D Avrcp_ext: getPlayPosition, deviceFeatures[0] currentPosition is unknown
07-27 10:13:09.606 1961 3519 D Avrcp_ext: Don't send invalid play position notification for non-playing state
07-27 10:13:09.606 1961 3519 D Avrcp_ext: Enter sendPlayPosNotificationRsp
07-27 10:13:09.606 1961 3519 D Avrcp_ext: sendPlayPosNotificationRsp: Not registered or requesting.
07-27 10:13:09.606 1961 3519 D Avrcp_ext: Enter sendPlayPosNotificationRsp
07-27 10:13:09.606 1961 3519 D Avrcp_ext: sendPlayPosNotificationRsp: Not registered or requesting.
07-27 10:13:09.606 1961 3519 D Avrcp_ext: Enter sendPlayPosNotificationRsp
07-27 10:13:09.606 1961 3519 D Avrcp_ext: sendPlayPosNotificationRsp: Not registered or requesting.
07-27 10:13:09.606 1961 3519 D Avrcp_ext: Enter sendPlayPosNotificationRsp
07-27 10:13:09.606 1961 3519 D Avrcp_ext: sendPlayPosNotificationRsp: Not registered or requesting.
07-27 10:13:09.606 1961 3519 V Avrcp_ext: Exit updatePlayerStateAndPosition
07-27 10:13:09.609 1961 3519 D HeadsetService: getHeadsetService(): returning com.android.bluetooth.hfp.HeadsetService@3a55a93
07-27 10:13:09.609 1961 3519 E HeadsetStateMachine: returning mCurrentState as Connected
07-27 10:13:09.609 1961 3519 D HeadsetService: isAudioOn: The number of audio connected devices 0
07-27 10:13:09.609 1961 3519 D HeadsetService: isScoOrCallActive(): Call Active:falseCall is Ringing:falseSCO is Active:false
07-27 10:13:09.609 1961 3519 E HeadsetStateMachine: returning mCurrentState as Connected
07-27 10:13:09.609 1961 3519 D HeadsetService: isAudioOn: The number of audio connected devices 0
07-27 10:13:09.610 1961 3519 V Avrcp_ext: ActiveSession: MediaController (com.tencent.android.qqdownloader@7426078) null
07-27 10:13:09.610 1961 3519 W Avrcp_ext: playState object null, sending STOPPED
07-27 10:13:09.610 1961 3519 V Avrcp_ext: isBrowseSupported for com.tencent.android.qqdownloader: false
07-27 10:13:09.610 1961 3519 D Avrcp_ext: Adding media player info for com.tencent.android.qqdownloader with id 5
07-27 10:13:09.611 1961 3519 D Avrcp_ext: update #5:MediaPlayerInfo com.tencent.android.qqdownloader (as '应用宝') Type = 1, SubType = 0, Status = 0 Feature Bits [40 41 42 44 45 47 48 58] Controller: MediaController (com.tencent.android.qqdownloader@7426078) null
07-27 10:13:09.611 1961 3519 W Avrcp_ext: No addressed player but active sessions, taking first.
07-27 10:13:09.611 1961 3519 W Avrcp_ext: No package name for player (0 not valid)
07-27 10:13:09.611 1961 3519 W Avrcp_ext: Changing addressed media session to com.tencent.android.qqdownloader
07-27 10:13:09.611 1961 3519 V Avrcp_ext: getMediaPlayerInfo: Found com.tencent.android.qqdownloader
07-27 10:13:09.611 1961 3519 V Avrcp_ext: Set addressed #5 MediaPlayerInfo com.tencent.android.qqdownloader (as '应用宝') Type = 1, SubType = 0, Status = 0 Feature Bits [40 41 42 44 45 47 48 58] Controller: MediaController (com.tencent.android.qqdownloader@7426078) null
07-27 10:13:09.612 1961 3519 V Avrcp_ext: updateNewIds: Addressed:0 to 5, Browse:0 to 0
07-27 10:13:09.612 1961 3519 D Avrcp_ext: updateCurrentController: null to MediaController (com.tencent.android.qqdownloader@7426078) null
07-27 10:13:09.613 1961 3519 V Avrcp_ext: updateCurrentMediaState: mMediaController: MediaController (com.tencent.android.qqdownloader@7426078) null
07-27 10:13:09.613 1961 3519 W Avrcp_ext: isMusicActive: false getBluetoothPlayState: 2 A2dp State: 11 mAudioPlaybackIsActive: false
07-27 10:13:09.613 1961 3519 D Avrcp_ext: isMusicActive = false mAudioPlaybackIsActive = false player state = null
07-27 10:13:09.613 1961 3519 I Avrcp_ext: device found at index 0
07-27 10:13:09.614 1961 3519 V Avrcp_ext: updateCurrentMediaState: addr: [B@577d351
07-27 10:13:09.614 1961 3519 I Avrcp_ext: Skipping update due to invalid playback state
07-27 10:13:09.614 1961 3519 V Avrcp_ext: updatePlaybackState, state: null device: null
07-27 10:13:09.615 1961 3519 V Avrcp_ext: Device: EDIFIER W281BT : old state: PlaybackState {state=2, position=-1, buffered position=0, speed=0.0, updated=814632, actions=0, custom actions=[], active item id=-1, error=null}
07-27 10:13:09.615 1961 3519 V Avrcp_ext: Device: no name:
07-27 10:13:09.615 1961 3519 V Avrcp_ext: Device: no name:
07-27 10:13:09.615 1961 3519 V Avrcp_ext: Device: no name:
07-27 10:13:09.615 1961 3519 V Avrcp_ext: Device: no name:
07-27 10:13:09.615 1961 3519 V Avrcp_ext: updatePlayerStateAndPosition, old=PlaybackState {state=2, position=-1, buffered position=0, speed=0.0, updated=814632, actions=0, custom actions=[], active item id=-1, error=null}, state=null
07-27 10:13:09.615 1961 3519 I Avrcp_ext: updatePlayerStateAndPosition: device: state = null
07-27 10:13:09.616 1961 3519 V Avrcp_ext: updateCurrentMediaState: mMediaController: MediaController (com.tencent.android.qqdownloader@7426078) null
07-27 10:13:09.616 1961 3519 W Avrcp_ext: isMusicActive: false getBluetoothPlayState: 2 A2dp State: 11 mAudioPlaybackIsActive: false
07-27 10:13:09.616 1961 3519 D Avrcp_ext: isMusicActive = false mAudioPlaybackIsActive = false player state = null
07-27 10:13:09.616 1961 3519 I Avrcp_ext: device found at index 0
07-27 10:13:09.616 1961 3519 V Avrcp_ext: updateCurrentMediaState: addr: [B@80dd7b6
07-27 10:13:09.616 1961 3519 I Avrcp_ext: Skipping update due to invalid playback state
07-27 10:13:09.616 1961 3519 V Avrcp_ext: updatePlaybackState, state: null device: null
07-27 10:13:09.617 1961 3519 V Avrcp_ext: Device: EDIFIER W281BT : old state: PlaybackState {state=2, position=-1, buffered position=0, speed=0.0, updated=814632, actions=0, custom actions=[], active item id=-1, error=null}
07-27 10:13:09.617 1961 3519 V Avrcp_ext: Device: no name:
07-27 10:13:09.617 1961 3519 V Avrcp_ext: Device: no name:
07-27 10:13:09.617 1961 3519 V Avrcp_ext: Device: no name:
07-27 10:13:09.617 1961 3519 V Avrcp_ext: Device: no name:
07-27 10:13:09.617 1961 3519 V Avrcp_ext: updatePlayerStateAndPosition, old=PlaybackState {state=2, position=-1, buffered position=0, speed=0.0, updated=814632, actions=0, custom actions=[], active item id=-1, error=null}, state=null
07-27 10:13:09.617 1961 3519 I Avrcp_ext: updatePlayerStateAndPosition: device: state = null
07-27 10:13:09.618 1961 3519 V Avrcp_ext: updateCurrentMediaState: mMediaController: MediaController (com.tencent.android.qqdownloader@7426078) null
07-27 10:13:09.618 1961 3519 W Avrcp_ext: isMusicActive: false getBluetoothPlayState: 2 A2dp State: 11 mAudioPlaybackIsActive: false
07-27 10:13:09.618 1961 3519 D Avrcp_ext: isMusicActive = false mAudioPlaybackIsActive = false player state = null
07-27 10:13:09.619 1961 3519 I Avrcp_ext: device found at index 0
07-27 10:13:09.619 1961 3519 V Avrcp_ext: updateCurrentMediaState: addr: [B@2627cb7
07-27 10:13:09.619 1961 3519 I Avrcp_ext: Skipping update due to invalid playback state
07-27 10:13:09.619 1961 3519 V Avrcp_ext: updatePlaybackState, state: null device: null
07-27 10:13:09.620 1961 3519 V Avrcp_ext: Device: EDIFIER W281BT : old state: PlaybackState {state=2, position=-1, buffered position=0, speed=0.0, updated=814632, actions=0, custom actions=[], active item id=-1, error=null}
07-27 10:13:09.620 1961 3519 V Avrcp_ext: Device: no name:
07-27 10:13:09.620 1961 3519 V Avrcp_ext: Device: no name:
07-27 10:13:09.620 1961 3519 V Avrcp_ext: Device: no name:
07-27 10:13:09.620 1961 3519 V Avrcp_ext: Device: no name:
07-27 10:13:09.620 1961 3519 V Avrcp_ext: updatePlayerStateAndPosition, old=PlaybackState {state=2, position=-1, buffered position=0, speed=0.0, updated=814632, actions=0, custom actions=[], active item id=-1, error=null}, state=null
07-27 10:13:09.620 1961 3519 I Avrcp_ext: updatePlayerStateAndPosition: device: state = null
07-27 10:13:09.621 1961 3519 V Avrcp_ext: updateCurrentMediaState: mMediaController: MediaController (com.tencent.android.qqdownloader@7426078) null
07-27 10:13:09.621 1961 3519 W Avrcp_ext: isMusicActive: false getBluetoothPlayState: 2 A2dp State: 11 mAudioPlaybackIsActive: false
07-27 10:13:09.621 1961 3519 D Avrcp_ext: isMusicActive = false mAudioPlaybackIsActive = false player state = null
07-27 10:13:09.621 1961 3519 I Avrcp_ext: device found at index 0
07-27 10:13:09.621 1961 3519 V Avrcp_ext: updateCurrentMediaState: addr: [B@2790c24
07-27 10:13:09.621 1961 3519 I Avrcp_ext: Skipping update due to invalid playback state
07-27 10:13:09.621 1961 3519 V Avrcp_ext: updatePlaybackState, state: null device: null
07-27 10:13:09.622 1961 3519 V Avrcp_ext: Device: EDIFIER W281BT : old state: PlaybackState {state=2, position=-1, buffered position=0, speed=0.0, updated=814632, actions=0, custom actions=[], active item id=-1, error=null}
07-27 10:13:09.622 1961 3519 V Avrcp_ext: Device: no name:
07-27 10:13:09.622 1961 3519 V Avrcp_ext: Device: no name:
07-27 10:13:09.622 1961 3519 V Avrcp_ext: Device: no name:
07-27 10:13:09.622 1961 3519 V Avrcp_ext: Device: no name:
07-27 10:13:09.622 1961 3519 V Avrcp_ext: updatePlayerStateAndPosition, old=PlaybackState {state=2, position=-1, buffered position=0, speed=0.0, updated=814632, actions=0, custom actions=[], active item id=-1, error=null}, state=null
07-27 10:13:09.622 1961 3519 I Avrcp_ext: updatePlayerStateAndPosition: device: state = null
07-27 10:13:09.622 1961 3519 V Avrcp_ext: MediaController session destroyed
07-27 10:13:09.622 1961 3519 V Avrcp_ext: updateNewIds: Addressed:5 to 5, Browse:0 to 0
07-27 10:13:09.623 1961 3519 D Avrcp_ext: updateCurrentController: MediaController (com.tencent.android.qqdownloader@7426078) null to null
07-27 10:13:09.623 1961 3519 V Avrcp_ext: updateNewIds: Addressed:5 to 0, Browse:0 to 0
07-27 10:13:09.623 1961 3519 V Avrcp_ext: updateCurrentMediaState: mMediaController: null
07-27 10:13:09.623 1961 3519 W Avrcp_ext: isMusicActive: false getBluetoothPlayState: 2 A2dp State: 11 mAudioPlaybackIsActive: false
07-27 10:13:09.623 1961 3519 W Avrcp_ext: updateCurrentMediaState: isPlaying = false
07-27 10:13:09.623 1961 3519 I Avrcp_ext: device found at index 0
07-27 10:13:09.623 1961 3519 V Avrcp_ext: updateCurrentMediaState: addr: [B@715538d
07-27 10:13:09.623 1961 3519 V Avrcp_ext: Media update: id -1➡-1? [MediaAttributes: none] : [MediaAttributes: none]
07-27 10:13:09.623 1961 3519 D Avrcp_ext: isPackageNameValid: browsedPackage = isValid = false
07-27 10:13:09.623 1961 3519 V Avrcp_ext: updatePlaybackState, state: PlaybackState {state=2, position=-1, buffered position=0, speed=0.0, updated=814656, actions=0, custom actions=[], active item id=-1, error=null} device: null
07-27 10:13:09.624 1961 3519 V Avrcp_ext: Device: EDIFIER W281BT : old state: PlaybackState {state=2, position=-1, buffered position=0, speed=0.0, updated=814632, actions=0, custom actions=[], active item id=-1, error=null}
07-27 10:13:09.624 1961 3519 V Avrcp_ext: Device: no name:
07-27 10:13:09.624 1961 3519 V Avrcp_ext: Device: no name:
07-27 10:13:09.624 1961 3519 V Avrcp_ext: Device: no name:
07-27 10:13:09.624 1961 3519 V Avrcp_ext: Device: no name:
07-27 10:13:09.624 1961 3519 V Avrcp_ext: updatePlayerStateAndPosition, old=PlaybackState {state=2, position=-1, buffered position=0, speed=0.0, updated=814632, actions=0, custom actions=[], active item id=-1, error=null}, state=PlaybackState {state=2, position=-1, buffered position=0, speed=0.0, updated=814656, actions=0, custom actions=[], active item id=-1, error=null}
07-27 10:13:09.624 1961 3519 V Avrcp_ext: old state = PlaybackState {state=2, position=-1, buffered position=0, speed=0.0, updated=814632, actions=0, custom actions=[], active item id=-1, error=null}, new state= PlaybackState {state=2, position=-1, buffered position=0, speed=0.0, updated=814656, actions=0, custom actions=[], active item id=-1, error=null}
07-27 10:13:09.624 1961 3519 D HeadsetService: getHeadsetService(): returning com.android.bluetooth.hfp.HeadsetService@3a55a93
07-27 10:13:09.624 1961 3519 E HeadsetStateMachine: returning mCurrentState as Connected
07-27 10:13:09.624 1961 3519 D HeadsetService: isAudioOn: The number of audio connected devices 0
07-27 10:13:09.624 1961 3519 D HeadsetService: isScoOrCallActive(): Call Active:falseCall is Ringing:falseSCO is Active:false
07-27 10:13:09.624 1961 3519 E HeadsetStateMachine: returning mCurrentState as Connected
07-27 10:13:09.624 1961 3519 D HeadsetService: isAudioOn: The number of audio connected devices 0
07-27 10:13:09.625 1961 3519 I Avrcp_ext: updatePlayStatusForDevice: device: 60:F4:3A:B2:E8:8D
07-27 10:13:09.625 1961 3519 V Avrcp_ext: updatePlaybackState (0): old=PlaybackState {state=2, position=-1, buffered position=0, speed=0.0, updated=814632, actions=0, custom actions=[], active item id=-1, error=null}(2), new=PlaybackState {state=2, position=-1, buffered position=0, speed=0.0, updated=814656, actions=0, custom actions=[], active item id=-1, error=null}(2)
07-27 10:13:09.625 1961 3519 I Avrcp_ext: Exit updatePlayStatusForDevice
07-27 10:13:09.625 1961 3519 E HeadsetStateMachine: returning mCurrentState as Connected
07-27 10:13:09.625 1961 3519 D HeadsetService: isAudioOn: The number of audio connected devices 0
07-27 10:13:09.625 1961 3519 D HeadsetService: isScoOrCallActive(): Call Active:falseCall is Ringing:falseSCO is Active:false
07-27 10:13:09.625 1961 3519 E HeadsetStateMachine: returning mCurrentState as Connected
07-27 10:13:09.625 1961 3519 D HeadsetService: isAudioOn: The number of audio connected devices 0
07-27 10:13:09.625 1961 3519 I Avrcp_ext: updatePlayStatusForDevice: device: null
07-27 10:13:09.625 1961 3519 V Avrcp_ext: updatePlaybackState (1): old=PlaybackState {state=2, position=-1, buffered position=0, speed=0.0, updated=814632, actions=0, custom actions=[], active item id=-1, error=null}(2), new=PlaybackState {state=2, position=-1, buffered position=0, speed=0.0, updated=814656, actions=0, custom actions=[], active item id=-1, error=null}(2)
07-27 10:13:09.625 1961 3519 I Avrcp_ext: Exit updatePlayStatusForDevice
07-27 10:13:09.625 1961 3519 E HeadsetStateMachine: returning mCurrentState as Connected
07-27 10:13:09.625 1961 3519 D HeadsetService: isAudioOn: The number of audio connected devices 0
07-27 10:13:09.625 1961 3519 D HeadsetService: isScoOrCallActive(): Call Active:falseCall is Ringing:falseSCO is Active:false
07-27 10:13:09.625 1961 3519 E HeadsetStateMachine: returning mCurrentState as Connected
07-27 10:13:09.625 1961 3519 D HeadsetService: isAudioOn: The number of audio connected devices 0
07-27 10:13:09.625 1961 3519 I Avrcp_ext: updatePlayStatusForDevice: device: null
07-27 10:13:09.625 1961 3519 V Avrcp_ext: updatePlaybackState (1): old=PlaybackState {state=2, position=-1, buffered position=0, speed=0.0, updated=814632, actions=0, custom actions=[], active item id=-1, error=null}(2), new=PlaybackState {state=2, position=-1, buffered position=0, speed=0.0, updated=814656, actions=0, custom actions=[], active item id=-1, error=null}(2)
07-27 10:13:09.625 1961 3519 I Avrcp_ext: Exit updatePlayStatusForDevice
07-27 10:13:09.625 1961 3519 E HeadsetStateMachine: returning mCurrentState as Connected
07-27 10:13:09.625 1961 3519 D HeadsetService: isAudioOn: The number of audio connected devices 0
07-27 10:13:09.625 1961 3519 D HeadsetService: isScoOrCallActive(): Call Active:falseCall is Ringing:falseSCO is Active:false
07-27 10:13:09.625 1961 3519 E HeadsetStateMachine: returning mCurrentState as Connected
07-27 10:13:09.625 1961 3519 D HeadsetService: isAudioOn: The number of audio connected devices 0
07-27 10:13:09.625 1961 3519 I Avrcp_ext: updatePlayStatusForDevice: device: null
07-27 10:13:09.625 1961 3519 V Avrcp_ext: updatePlaybackState (1): old=PlaybackState {state=2, position=-1, buffered position=0, speed=0.0, updated=814632, actions=0, custom actions=[], active item id=-1, error=null}(2), new=PlaybackState {state=2, position=-1, buffered position=0, speed=0.0, updated=814656, actions=0, custom actions=[], active item id=-1, error=null}(2)
07-27 10:13:09.625 1961 3519 I Avrcp_ext: Exit updatePlayStatusForDevice
07-27 10:13:09.625 1961 3519 E HeadsetStateMachine: returning mCurrentState as Connected
07-27 10:13:09.625 1961 3519 D HeadsetService: isAudioOn: The number of audio connected devices 0
07-27 10:13:09.625 1961 3519 D HeadsetService: isScoOrCallActive(): Call Active:falseCall is Ringing:falseSCO is Active:false
07-27 10:13:09.625 1961 3519 E HeadsetStateMachine: returning mCurrentState as Connected
07-27 10:13:09.625 1961 3519 D HeadsetService: isAudioOn: The number of audio connected devices 0
07-27 10:13:09.625 1961 3519 I Avrcp_ext: updatePlayStatusForDevice: device: null
