07-27 10:13:03.852 1564 3221 W ActivityManager: Crash of app com.tencent.android.qqdownloader:daemon running instrumentation ComponentInfo{com.tencent.android.qqdownloader/com.live.watermelon.Instrumentation}
07-27 10:13:03.852 1564 3221 I ActivityManager: Force stopping com.tencent.android.qqdownloader appid=10096 user=0: finished inst
07-27 10:13:03.853 1564 3221 D FreeFormWindowHelper: handleFreeformTask : Task{4b4c4ca #25 type=standard A=10100:com.tencent.qqlive U=0 visible=true mode=freeform translucent=false sz=2 visible freeform task=true rootAffinity=10100:com.tencent.qqlive isMini=false}
07-27 10:13:03.853 1564 3221 D FreeFormWindowHelper: mFreeFormTask : Task{4b4c4ca #25 type=standard A=10100:com.tencent.qqlive U=0 visible=true mode=freeform translucent=false sz=2 visible freeform task=true rootAffinity=10100:com.tencent.qqlive isMini=false}
07-27 10:13:03.853 1564 3221 D FreeFormWindowHelper: mInRecent : false
07-27 10:13:03.853 1564 3221 D FreeFormWindowHelper: add new freeform task : Task{4b4c4ca #25 type=standard A=10100:com.tencent.qqlive U=0 visible=true mode=freeform translucent=false sz=2 visible freeform task=true rootAffinity=10100:com.tencent.qqlive isMini=false}
07-27 10:13:03.853 1564 3221 D FreeFormWindowHelper:
07-27 10:13:03.854 1564 3221 D FreeFormWindowHelper: handleFreeformTask : Task{4b4c4ca #25 type=standard A=10100:com.tencent.qqlive U=0 visible=true mode=freeform translucent=false sz=2 visible freeform task=true rootAffinity=10100:com.tencent.qqlive isMini=false}
07-27 10:13:03.854 1564 3221 D FreeFormWindowHelper: mFreeFormTask : Task{4b4c4ca #25 type=standard A=10100:com.tencent.qqlive U=0 visible=true mode=freeform translucent=false sz=2 visible freeform task=true rootAffinity=10100:com.tencent.qqlive isMini=false}
07-27 10:13:03.854 1564 3221 D FreeFormWindowHelper: mInRecent : false
07-27 10:13:03.854 1564 3221 D FreeFormWindowHelper: add new freeform task : Task{4b4c4ca #25 type=standard A=10100:com.tencent.qqlive U=0 visible=true mode=freeform translucent=false sz=2 visible freeform task=true rootAffinity=10100:com.tencent.qqlive isMini=false}
07-27 10:13:03.854 1564 3221 D FreeFormWindowHelper:
07-27 10:13:03.854 1564 3221 I am_uid_running: 10096
07-27 10:13:03.854 1564 3221 D CompatibilityChangeReporter: Compat change id reported: 135634846; UID 10096; state: DISABLED
07-27 10:13:03.854 1564 3221 D CompatibilityChangeReporter: Compat change id reported: 177438394; UID 10096; state: DISABLED
07-27 10:13:03.854 1564 3221 D CompatibilityChangeReporter: Compat change id reported: 135772972; UID 10096; state: DISABLED
07-27 10:13:03.854 1564 3221 D CompatibilityChangeReporter: Compat change id reported: 135754954; UID 10096; state: DISABLED
07-27 10:13:03.855 1564 1695 D CompatibilityChangeReporter: Compat change id reported: 143937733; UID 10096; state: DISABLED
07-27 10:13:03.856 1564 1564 W ActivityManager: ProcessRecord{39aa881 0:com.tencent.android.qqdownloader:live/u0a96} is attached to a previous process 20107
07-27 10:13:03.862 684 684 D Zygote : Forked child process 21648
07-27 10:13:03.862 1564 1695 I am_proc_start: [0,21648,10096,com.tencent.android.qqdownloader:daemon,added application,com.tencent.android.qqdownloader:daemon]
07-27 10:13:03.862 1564 1695 I ActivityManager: Start proc 21648:com.tencent.android.qqdownloader:daemon/u0a96 for added application com.tencent.android.qqdownloader:daemon
07-27 10:13:03.865 21648 21648 I Zygote : seccomp disabled by setenforce 0
07-27 10:13:03.866 21648 21648 I libc : SetHeapTaggingLevel: tag level set to 0
07-27 10:13:03.873 2967 2994 I adbd : jdwp connection from 21648
07-27 10:13:03.876 21648 21648 D ProcessState: Binder ioctl to enable oneway spam detection failed: Invalid argument
07-27 10:13:03.880 0 0 I [ 808.908655] binder: 21648:21648 ioctl 40046210 7ffe7e33d4 returned -22
07-27 10:13:03.881 1564 1825 I am_proc_bound: [0,21648,com.tencent.android.qqdownloader:daemon]
07-27 10:13:03.882 1564 1825 D CompatibilityInfo: mCompatibilityFlags - 4
07-27 10:13:03.882 1564 1825 D CompatibilityInfo: applicationDensity - 240
07-27 10:13:03.882 1564 1825 D CompatibilityInfo: applicationScale - 1.0
07-27 10:13:03.882 1564 1825 I am_uid_active: 10096
07-27 10:13:03.883 21648 21648 D CompatibilityChangeReporter: Compat change id reported: 171979766; UID 10096; state: DISABLED
07-27 10:13:03.885 21648 21648 D ApplicationLoaders: Returning zygote-cached class loader: /system/framework/android.test.base.jar
07-27 10:13:03.889 0 0 I [ 808.921275] init: Untracked pid 20244 exited with status 0
07-27 10:13:03.893 19919 20654 E PatchManager: 不满足拉取更新条件,距离上一次拉取成功间隔不到:10分钟. 当前时间间隔:4分钟
07-27 10:13:03.899 1564 1700 I libprocessgroup: Successfully killed process cgroup uid 10096 pid 20174 in 58ms
07-27 10:13:03.901 21648 21648 I Perf : Connecting to perf service.
07-27 10:13:03.903 21648 21648 V GraphicsEnvironment: ANGLE Developer option for 'com.tencent.android.qqdownloader' set to: 'default'
07-27 10:13:03.903 21648 21648 V GraphicsEnvironment: ANGLE GameManagerService for com.tencent.android.qqdownloader: false
07-27 10:13:03.903 21648 21648 V GraphicsEnvironment: Updatable production driver is not supported on the device.
07-27 10:13:03.904 21648 21648 D NetworkSecurityConfig: No Network Security Config specified, using platform default
07-27 10:13:03.904 21648 21648 D NetworkSecurityConfig: No Network Security Config specified, using platform default
07-27 10:13:03.906 21648 21648 I MMKV : current API level = 31
07-27 10:13:03.906 21648 21648 I MMKV : page size:4096
07-27 10:13:03.906 21648 21648 I MMKV : root dir: /data/user/0/com.tencent.android.qqdownloader/files
07-27 10:13:03.906 21648 21648 I MMKV : loading [CrabShellKV] with 1105 size in total, file size is 8192, InterProcess 1
07-27 10:13:03.906 21648 21648 I MMKV : loading [CrabShellKV] with crc 4171532410 sequence 14 version 1
07-27 10:13:03.906 21648 21648 I MMKV : loaded [CrabShellKV] with 7 values
07-27 10:13:03.909 21648 21648 I tag_LaunchSpeed: ,[main],[LaunchTagger][1]tag:Daemon_Application_onAttach
07-27 10:13:03.918 21648 21648 I MMKV : root dir: /data/user/0/com.tencent.android.qqdownloader/files/mmkv
07-27 10:13:03.918 21648 21648 I MMKVInitiator: ,need prepare mmkv, from: MMKVWrapper ,needForceFixPath: false ,currentPath: /data/user/0/com.tencent.android.qqdownloader/files/mmkv
07-27 10:13:03.918 21648 21648 I MMKV : loading [InterProcessKV] with 535179 size in total, file size is 1048576, InterProcess 1
07-27 10:13:03.918 21648 21648 I MMKV : loading [InterProcessKV] with crc 2860582639 sequence 22 version 1
07-27 10:13:03.920 21648 21648 I MMKV : loaded [InterProcessKV] with 1279 values
07-27 10:13:03.920 21648 21648 I MMKVWrapper: ,MMKVWrapper init finish
07-27 10:13:03.920 21648 21648 I Settings: ,NameValueCache: false
07-27 10:13:03.924 1564 1825 D CompatibilityInfo: mCompatibilityFlags - 4
07-27 10:13:03.924 1564 1825 D CompatibilityInfo: applicationDensity - 240
07-27 10:13:03.924 1564 1825 D CompatibilityInfo: applicationScale - 1.0
07-27 10:13:03.926 1564 1825 I am_proc_died: [0,21550,com.android.webview:sandboxed_process0:org.chromium.content.app.SandboxedProcessService0:0,0,10]
07-27 10:13:03.926 1564 1825 I am_uid_stopped: 99012
07-27 10:13:03.928 2180 2180 I Zygote : Process 21550 exited due to signal 9 (Killed)
07-27 10:13:03.930 1564 1711 E KernelCpuSpeedReader: Failed to read cpu-freq: /sys/devices/system/cpu/cpu4/cpufreq/stats/time_in_state: open failed: ENOENT (No such file or directory)
07-27 10:13:03.930 1564 1711 E KernelCpuSpeedReader: Failed to read cpu-freq: /sys/devices/system/cpu/cpu0/cpufreq/stats/time_in_state: open failed: ENOENT (No such file or directory)
07-27 10:13:03.931 1564 1711 E system_server: Cannot read thread CPU times for PID 1564
07-27 10:13:03.935 0 0 I [ 808.967606] binder_alloc: 20165: binder_alloc_buf, no vma
07-27 10:13:03.935 0 0 I [ 808.967610] binder: 1564:1825 transaction failed 29189/-3, size 228-0 line 3240
07-27 10:13:03.935 0 0 I [ 808.967722] binder_alloc: 20174: binder_alloc_buf, no vma
07-27 10:13:03.935 0 0 I [ 808.967723] binder: 1564:1825 transaction failed 29189/-3, size 228-0 line 3240
07-27 10:13:03.934 21648 21648 I STGlobal: ,setAppCaller(45, 1690423983934) from (6), from progress = daemon
07-27 10:13:03.934 21648 21648 I STGlobal: java.lang.RuntimeException
07-27 10:13:03.934 21648 21648 I STGlobal: at com.tencent.assistant.st.n.a(Unknown Source:67)
07-27 10:13:03.934 21648 21648 I STGlobal: at com.tencent.assistant.st.n.a(Unknown Source:4)
07-27 10:13:03.934 21648 21648 I STGlobal: at com.live.watermelon.InstrumentationImpl.b(Unknown Source:16)
07-27 10:13:03.934 21648 21648 I STGlobal: at com.live.watermelon.InstrumentationImpl.a(Unknown Source:55)
07-27 10:13:03.934 21648 21648 I STGlobal: at com.live.watermelon.InstrumentationImpl.onCreate(Unknown Source:7)
07-27 10:13:03.934 21648 21648 I STGlobal: at java.lang.reflect.Method.invoke(Native Method)
07-27 10:13:03.934 21648 21648 I STGlobal: at com.live.watermelon.Instrumentation.onCreate(Unknown Source:35)
07-27 10:13:03.934 21648 21648 I STGlobal: at android.app.ActivityThread.handleBindApplication(ActivityThread.java:6736)
07-27 10:13:03.934 21648 21648 I STGlobal: at android.app.ActivityThread.access$1500(ActivityThread.java:248)
07-27 10:13:03.934 21648 21648 I STGlobal: at android.app.ActivityThread$H.handleMessage(ActivityThread.java:2054)
07-27 10:13:03.934 21648 21648 I STGlobal: at android.os.Handler.dispatchMessage(Handler.java:106)
07-27 10:13:03.934 21648 21648 I STGlobal: at android.os.Looper.loopOnce(Looper.java:201)
07-27 10:13:03.934 21648 21648 I STGlobal: at android.os.Looper.loop(Looper.java:288)
07-27 10:13:03.934 21648 21648 I STGlobal: at android.app.ActivityThread.main(ActivityThread.java:7880)
07-27 10:13:03.934 21648 21648 I STGlobal: at java.lang.reflect.Method.invoke(Native Method)
07-27 10:13:03.934 21648 21648 I STGlobal: at com.android.internal.os.RuntimeInit$MethodAndArgsCaller.run(RuntimeInit.java:548)
07-27 10:13:03.934 21648 21648 I STGlobal: at com.android.internal.os.ZygoteInit.main(ZygoteInit.java:1009)
07-27 10:13:03.936 1564 2479 V ActivityManager: Got obituary of 20165:com.tencent.android.qqdownloader
07-27 10:13:03.936 1564 14848 D ConnectivityService: ConnectivityService NetworkRequestInfo binderDied(uid/pid:10096/20165, android.os.BinderProxy@5db6934)
07-27 10:13:03.937 21648 21648 E CallerSessionIdManager: ,saveCallerSessionId: empty skip. caller = [45], sessionId = [] , java.lang.Exception
07-27 10:13:03.937 21648 21648 E CallerSessionIdManager: at com.tencent.assistant.kplfrequency.a.a(Unknown Source:59)
07-27 10:13:03.937 21648 21648 E CallerSessionIdManager: at com.tencent.assistant.st.n.a(Unknown Source:130)
07-27 10:13:03.937 21648 21648 E CallerSessionIdManager: at com.tencent.assistant.st.n.a(Unknown Source:4)
07-27 10:13:03.937 21648 21648 E CallerSessionIdManager: at com.live.watermelon.InstrumentationImpl.b(Unknown Source:16)
07-27 10:13:03.937 21648 21648 E CallerSessionIdManager: at com.live.watermelon.InstrumentationImpl.a(Unknown Source:55)
07-27 10:13:03.937 21648 21648 E CallerSessionIdManager: at com.live.watermelon.InstrumentationImpl.onCreate(Unknown Source:7)
07-27 10:13:03.937 21648 21648 E CallerSessionIdManager: at java.lang.reflect.Method.invoke(Native Method)
07-27 10:13:03.937 21648 21648 E CallerSessionIdManager: at com.live.watermelon.Instrumentation.onCreate(Unknown Source:35)
07-27 10:13:03.937 21648 21648 E CallerSessionIdManager: at android.app.ActivityThread.handleBindApplication(ActivityThread.java:6736)
07-27 10:13:03.937 21648 21648 E CallerSessionIdManager: at android.app.ActivityThread.access$1500(ActivityThread.java:248)
07-27 10:13:03.937 21648 21648 E CallerSessionIdManager: at android.app.ActivityThread$H.handleMessage(ActivityThread.java:2054)
07-27 10:13:03.937 21648 21648 E CallerSessionIdManager: at android.os.Handler.dispatchMessage(Handler.java:106)
07-27 10:13:03.937 21648 21648 E CallerSessionIdManager: at android.os.Looper.loopOnce(Looper.java:201)
07-27 10:13:03.937 21648 21648 E CallerSessionIdManager: at android.os.Looper.loop(Looper.java:288)
07-27 10:13:03.937 21648 21648 E CallerSessionIdManager: at android.app.ActivityThread.main(ActivityThread.java:7880)
07-27 10:13:03.937 21648 21648 E CallerSessionIdManager: at java.lang.reflect.Method.invoke(Native Method)
07-27 10:13:03.937 21648 21648 E CallerSessionIdManager: at com.android.internal.os.RuntimeInit$MethodAndArgsCaller.run(RuntimeInit.java:548)
07-27 10:13:03.937 21648 21648 E CallerSessionIdManager: at com.android.internal.os.ZygoteInit.main(ZygoteInit.java:1009)
07-27 10:13:03.937 21648 21648 E CallerSessionIdManager:
07-27 10:13:03.938 21648 21667 I XLog : ,init, proccess:daemon
07-27 10:13:03.938 21648 21648 I InstrumentationImpl_onCreate: daemon,onCreate: currentTimeMs = 1690423983937 , nowPid = 21648 , isAppFront = false , lastDeadTimeStamp = 1690423983842
07-27 10:13:03.939 1564 2033 D ConnectivityService: ConnectivityService NetworkRequestInfo binderDied(uid/pid:10096/20174, android.os.BinderProxy@ab1d35d)
07-27 10:13:03.939 1564 11296 V ActivityManager: Got obituary of 20174:com.tencent.android.qqdownloader:cloud
07-27 10:13:03.939 684 684 I Zygote : Process 20165 exited due to signal 9 (Killed)
07-27 10:13:03.940 1564 11296 D CompatibilityChangeReporter: Compat change id reported: 135634846; UID 10096; state: DISABLED
07-27 10:13:03.940 1564 11296 D CompatibilityChangeReporter: Compat change id reported: 177438394; UID 10096; state: DISABLED
07-27 10:13:03.940 1564 11296 D CompatibilityChangeReporter: Compat change id reported: 135772972; UID 10096; state: DISABLED
07-27 10:13:03.941 1564 11296 D CompatibilityChangeReporter: Compat change id reported: 135754954; UID 10096; state: DISABLED
07-27 10:13:03.941 684 684 I Zygote : Process 20174 exited due to signal 9 (Killed)
07-27 10:13:03.941 21648 21648 I tag_LaunchSpeed: daemon,[main],[LaunchTagger][1]tag:Daemon_Application_onCreate_Begin
07-27 10:13:03.942 21648 21674 I RdefenseInitTask: daemon,init
07-27 10:13:03.942 21648 21648 I home_page_v9_load_fail: daemon,processName = com.tencent.android.qqdownloader:daemon, importance = 125
07-27 10:13:03.942 21648 21648 I home_page_v9_load_fail: daemon,Instrumentation start, ignore, caller = 45
07-27 10:13:03.943 21648 21648 I StartUpOptimizeManager: daemon,isHomePageRequestOptimizeEnable init, switchRet = true
07-27 10:13:03.944 1564 1700 I libprocessgroup: Successfully killed process cgroup uid 10096 pid 20107 in 0ms
07-27 10:13:03.954 21648 21689 I MMKV : loading [LiveCrossProcessKV] with 190 size in total, file size is 4096, InterProcess 1
07-27 10:13:03.954 21648 21689 I MMKV : loading [LiveCrossProcessKV] with crc 2072678089 sequence 4 version 1
07-27 10:13:03.954 21648 21689 I MMKV : loaded [LiveCrossProcessKV] with 2 values
07-27 10:13:03.963 21648 21693 W System.err: java.lang.ClassNotFoundException: com.huawei.system.BuildEx
07-27 10:13:03.963 21648 21693 W System.err: at java.lang.Class.classForName(Native Method)
07-27 10:13:03.963 21648 21693 W System.err: at java.lang.Class.forName(Class.java:454)
07-27 10:13:03.963 21648 21693 W System.err: at java.lang.Class.forName(Class.java:379)
07-27 10:13:03.963 21648 21693 W System.err: at com.tencent.assistant.utils.df.i(Unknown Source:22)
07-27 10:13:03.963 21648 21693 W System.err: at com.tencent.assistant.utils.DeviceUtils.isHarmonyOS(Unknown Source:0)
07-27 10:13:03.963 21648 21693 W System.err: at com.tencent.pangu.reshub.j.a(Unknown Source:253)
07-27 10:13:03.963 21648 21693 W System.err: at com.tencent.pangu.reshub.ResHubInitializer.a(Unknown Source:66)
07-27 10:13:03.963 21648 21693 W System.err: at com.tencent.assistant.module.init.a.ap.doInit(Unknown Source:16)
07-27 10:13:03.963 21648 21693 W System.err: at com.tencent.assistant.module.init.AbstractInitTask.run(Unknown Source:8)
07-27 10:13:03.963 21648 21693 W System.err: at com.tencent.assistant.module.init.j.run(Unknown Source:20)
07-27 10:13:03.963 21648 21693 W System.err: at com.tencent.raft.threadservice.impl.c.run(Unknown Source:5)
07-27 10:13:03.963 21648 21693 W System.err: at com.tencent.raft.threadservice.impl.d.run(Unknown Source:2)
07-27 10:13:03.963 21648 21693 W System.err: at java.util.concurrent.ThreadPoolExecutor.runWorker(ThreadPoolExecutor.java:1167)
07-27 10:13:03.963 21648 21693 W System.err: at java.util.concurrent.ThreadPoolExecutor$Worker.run(ThreadPoolExecutor.java:641)
07-27 10:13:03.963 21648 21693 W System.err: at java.lang.Thread.run(Thread.java:920)
07-27 10:13:03.963 21648 21693 W System.err: Caused by: java.lang.ClassNotFoundException: com.huawei.system.BuildEx
07-27 10:13:03.963 21648 21693 W System.err: ... 15 more
07-27 10:13:03.972 1564 1611 D ConnectivityService: ConnectivityService NetworkRequestInfo binderDied(uid/pid:10096/20107, android.os.BinderProxy@849017e)
07-27 10:13:03.974 1564 2033 V ActivityManager: Got obituary of 20107:com.tencent.android.qqdownloader:live
07-27 10:13:03.975 0 0 W [ 809.005332] binder_cleanup_transaction: 25 callbacks suppressed
07-27 10:13:03.975 0 0 I [ 809.005336] binder: undelivered transaction 785547, process died.
07-27 10:13:03.977 684 684 I Zygote : Process 20107 exited due to signal 9 (Killed)
07-27 10:13:03.978 1564 1700 I libprocessgroup: Successfully killed process cgroup uid 10096 pid 20165 in 0ms
07-27 10:13:03.979 1564 1695 W ActivityManager: Slow operation: 122ms so far, now at startProcess: asking zygote to start proc
07-27 10:13:03.979 1564 1695 D CompatibilityChangeReporter: Compat change id reported: 143937733; UID 10096; state: DISABLED
07-27 10:13:03.980 1564 1700 I libprocessgroup: Successfully killed process cgroup uid 10096 pid 19990 in 0ms
07-27 10:13:03.991 21648 21688 W System.err: java.lang.NullPointerException: Attempt to invoke interface method 'boolean com.tencent.pangu.utils.kingcard.ipc.IGetSimCardType.isKingCard()' on a null object reference
07-27 10:13:03.991 21648 21688 W System.err: at com.tencent.pangu.utils.kingcard.ipc.f.g(Unknown Source:6)
07-27 10:13:03.991 21648 21688 W System.err: at com.tencent.pangu.utils.kingcard.ipc.f.b(Unknown Source:11)
07-27 10:13:03.991 21648 21688 W System.err: at com.tencent.assistant.manager.SplashManager.b(Unknown Source:28)
07-27 10:13:03.991 21648 21688 W System.err: at com.tencent.assistant.manager.SplashManager.d(Unknown Source:1)
07-27 10:13:03.991 21648 21688 W System.err: at com.tencent.assistant.module.init.a.au.doInit(Unknown Source:12)
07-27 10:13:03.991 21648 21688 W System.err: at com.tencent.assistant.module.init.AbstractInitTask.run(Unknown Source:8)
07-27 10:13:03.991 21648 21688 W System.err: at com.tencent.assistant.module.init.j.run(Unknown Source:20)
07-27 10:13:03.991 21648 21688 W System.err: at com.tencent.raft.threadservice.impl.c.run(Unknown Source:5)
07-27 10:13:03.991 21648 21688 W System.err: at com.tencent.raft.threadservice.impl.d.run(Unknown Source:2)
07-27 10:13:03.991 21648 21688 W System.err: at java.util.concurrent.ThreadPoolExecutor.runWorker(ThreadPoolExecutor.java:1167)
07-27 10:13:03.991 21648 21688 W System.err: at java.util.concurrent.ThreadPoolExecutor$Worker.run(ThreadPoolExecutor.java:641)
07-27 10:13:03.991 21648 21688 W System.err: at java.lang.Thread.run(Thread.java:920)
07-27 10:13:03.993 21648 21674 W bytehook_tag: bytehook init, mode 0, debug 0, return 0
07-27 10:13:03.995 684 684 D Zygote : Forked child process 21713
07-27 10:13:03.996 1564 1695 W ActivityManager: Slow operation: 139ms so far, now at startProcess: returned from zygote!
07-27 10:13:03.996 1564 1695 W ActivityManager: Slow operation: 139ms so far, now at startProcess: done updating battery stats
07-27 10:13:03.996 1564 1695 I am_proc_start: [0,21713,10096,com.tencent.android.qqdownloader:live,service,{com.tencent.android.qqdownloader/com.tencent.assistant.syscomponent.MediaRouteProviderService2}]
07-27 10:13:03.996 1564 1695 W ActivityManager: Slow operation: 139ms so far, now at startProcess: building log message
07-27 10:13:03.996 1564 1695 I ActivityManager: Start proc 21713:com.tencent.android.qqdownloader:live/u0a96 for service {com.tencent.android.qqdownloader/com.tencent.assistant.syscomponent.MediaRouteProviderService2}
07-27 10:13:03.996 1564 1695 W ActivityManager: Slow operation: 139ms so far, now at startProcess: starting to update pids map
07-27 10:13:03.996 1564 1695 W ActivityManager: Slow operation: 139ms so far, now at startProcess: done updating pids map
07-27 10:13:03.996 1564 1695 W ActivityManager: Slow operation: 55ms so far, now at startProcess: asking zygote to start proc
07-27 10:13:03.999 21713 21713 I Zygote : seccomp disabled by setenforce 0
07-27 10:13:03.999 21713 21713 I libc : SetHeapTaggingLevel: tag level set to 0
07-27 10:13:03.995 21714 21714 I auditd : type=1400 audit(0.0:20070): avc: granted { execute } for comm="Thread-5" name="daemon2_64_v2.2.2" dev="dm-10" ino=8815 scontext=u:r:untrusted_app_27:s0:c512,c768 tcontext=u:object_r:app_data_file:s0:c512,c768 tclass=file app=com.tencent.android.qqdownloader
07-27 10:13:03.995 21714 21714 W Thread-5: type=1400 audit(0.0:20070): avc: granted { execute } for name="daemon2_64_v2.2.2" dev="dm-10" ino=8815 scontext=u:r:untrusted_app_27:s0:c512,c768 tcontext=u:object_r:app_data_file:s0:c512,c768 tclass=file app=com.tencent.android.qqdownloader
07-27 10:13:04.018 0 0 I [ 809.047467] binder: 21713:21713 ioctl 40046210 7ffe7e33d4 returned -22
07-27 10:13:03.995 21714 21714 I auditd : type=1400 audit(0.0:20071): avc: granted { execute_no_trans } for comm="Thread-5" path="/data/user/0/com.tencent.android.qqdownloader/app_bin/daemon2_64_v2.2.2" dev="dm-10" ino=8815 scontext=u:r:untrusted_app_27:s0:c512,c768 tcontext=u:object_r:app_data_file:s0:c512,c768 tclass=file app=com.tencent.android.qqdownloader
07-27 10:13:03.995 21714 21714 W Thread-5: type=1400 audit(0.0:20071): avc: granted { execute_no_trans } for path="/data/user/0/com.tencent.android.qqdownloader/app_bin/daemon2_64_v2.2.2" dev="dm-10" ino=8815 scontext=u:r:untrusted_app_27:s0:c512,c768 tcontext=u:object_r:app_data_file:s0:c512,c768 tclass=file app=com.tencent.android.qqdownloader
07-27 10:13:03.999 21714 21714 I auditd : type=1400 audit(0.0:20072): avc: granted { execute } for comm="daemon2_64_v2.2" path="/data/user/0/com.tencent.android.qqdownloader/app_bin/daemon2_64_v2.2.2" dev="dm-10" ino=8815 scontext=u:r:untrusted_app_27:s0:c512,c768 tcontext=u:object_r:app_data_file:s0:c512,c768 tclass=file app=com.tencent.android.qqdownloader
07-27 10:13:03.999 21714 21714 W daemon2_64_v2.2: type=1400 audit(0.0:20072): avc: granted { execute } for path="/data/user/0/com.tencent.android.qqdownloader/app_bin/daemon2_64_v2.2.2" dev="dm-10" ino=8815 scontext=u:r:untrusted_app_27:s0:c512,c768 tcontext=u:object_r:app_data_file:s0:c512,c768 tclass=file app=com.tencent.android.qqdownloader
07-27 10:13:04.021 0 0 I [ 809.051792] binder: 21715:21715 ioctl 40046210 7ffe7e33d4 returned -22
07-27 10:13:04.003 684 684 D Zygote : Forked child process 21715
07-27 10:13:04.003 1564 1695 W ActivityManager: Slow operation: 62ms so far, now at startProcess: returned from zygote!
07-27 10:13:04.003 1564 1695 W ActivityManager: Slow operation: 62ms so far, now at startProcess: done updating battery stats
07-27 10:13:04.003 1564 1695 I am_proc_start: [0,21715,10096,com.tencent.android.qqdownloader,content provider,{com.tencent.android.qqdownloader/com.tencent.assistant.db.contentprovider.WallpaperProvider}]
07-27 10:13:04.003 1564 1695 W ActivityManager: Slow operation: 62ms so far, now at startProcess: building log message
07-27 10:13:04.003 1564 1695 I ActivityManager: Start proc 21715:com.tencent.android.qqdownloader/u0a96 for content provider {com.tencent.android.qqdownloader/com.tencent.assistant.db.contentprovider.WallpaperProvider}
07-27 10:13:04.003 1564 1695 W ActivityManager: Slow operation: 62ms so far, now at startProcess: starting to update pids map
07-27 10:13:04.003 1564 1695 W ActivityManager: Slow operation: 63ms so far, now at startProcess: done updating pids map
07-27 10:13:04.009 21715 21715 I Zygote : seccomp disabled by setenforce 0
07-27 10:13:04.009 21715 21715 I libc : SetHeapTaggingLevel: tag level set to 0
07-27 10:13:04.010 684 684 D Zygote : Forked child process 21723
07-27 10:13:04.010 1564 1695 I am_proc_start: [0,21723,10096,com.tencent.android.qqdownloader:cloud,service,{com.tencent.android.qqdownloader/com.live.watermelon.service.SentryAlphaService}]
07-27 10:13:04.024 0 0 I [ 809.055681] binder: 21723:21723 ioctl 40046210 7ffe7e33d4 returned -22
07-27 10:13:04.010 1564 1695 I ActivityManager: Start proc 21723:com.tencent.android.qqdownloader:cloud/u0a96 for service {com.tencent.android.qqdownloader/com.live.watermelon.service.SentryAlphaService}
07-27 10:13:04.012 21724 21724 D ProcessState: Binder ioctl to enable oneway spam detection failed: Invalid argument
07-27 10:13:04.014 21723 21723 I Zygote : seccomp disabled by setenforce 0
07-27 10:13:04.015 21713 21713 D ProcessState: Binder ioctl to enable oneway spam detection failed: Invalid argument
07-27 10:13:04.015 21723 21723 I libc : SetHeapTaggingLevel: tag level set to 0
07-27 10:13:04.015 2967 2994 I adbd : jdwp connection from 21713
07-27 10:13:04.016 21648 21667 I TuringFdNative: TuringFD v68 (190FC754A92BE107, base, 0e441cf, compiled 2021_11_23_19_48_40) success
07-27 10:13:04.018 1564 2033 I am_proc_bound: [0,21713,com.tencent.android.qqdownloader:live]
07-27 10:13:04.019 2967 2994 I adbd : jdwp connection from 21715
07-27 10:13:04.019 1564 2033 D CompatibilityInfo: mCompatibilityFlags - 4
07-27 10:13:04.019 1564 2033 D CompatibilityInfo: applicationDensity - 240
07-27 10:13:04.019 1564 2033 D CompatibilityInfo: applicationScale - 1.0
07-27 10:13:04.019 21715 21715 D ProcessState: Binder ioctl to enable oneway spam detection failed: Invalid argument
07-27 10:13:04.020 1564 2033 D CompatibilityInfo: mCompatibilityFlags - 4
07-27 10:13:04.020 1564 2033 D CompatibilityInfo: applicationDensity - 240
07-27 10:13:04.020 1564 2033 D CompatibilityInfo: applicationScale - 1.0
07-27 10:13:04.022 1564 2033 I am_proc_bound: [0,21715,com.tencent.android.qqdownloader]
07-27 10:13:04.023 21723 21723 D ProcessState: Binder ioctl to enable oneway spam detection failed: Invalid argument
07-27 10:13:04.023 1564 2033 D CompatibilityInfo: mCompatibilityFlags - 4
07-27 10:13:04.023 1564 2033 D CompatibilityInfo: applicationDensity - 240
07-27 10:13:03.999 21714 21714 I daemon2_64_v2.2: type=1400 audit(0.0:20073): avc: denied { getattr } for path="/postinstall" dev="dm-5" ino=44 scontext=u:r:untrusted_app_27:s0:c512,c768 tcontext=u:object_r:postinstall_mnt_dir:s0 tclass=dir permissive=1 app=com.tencent.android.qqdownloader
07-27 10:13:04.026 1564 2033 D CompatibilityInfo: mCompatibilityFlags - 4
07-27 10:13:04.026 1564 2033 D CompatibilityInfo: applicationDensity - 240
07-27 10:13:04.026 1564 2033 D CompatibilityInfo: applicationScale - 1.0
07-27 10:13:04.026 2967 2994 I adbd : jdwp connection from 21723
07-27 10:13:04.027 21713 21713 D CompatibilityChangeReporter: Compat change id reported: 171979766; UID 10096; state: DISABLED
07-27 10:13:04.027 1564 7821 I am_proc_bound: [0,21723,com.tencent.android.qqdownloader:cloud]
07-27 10:13:04.028 1564 7821 D CompatibilityInfo: mCompatibilityFlags - 4
07-27 10:13:04.028 1564 7821 D CompatibilityInfo: applicationDensity - 240
07-27 10:13:04.028 1564 7821 D CompatibilityInfo: applicationScale - 1.0
07-27 10:13:04.030 21713 21713 D ApplicationLoaders: Returning zygote-cached class loader: /system/framework/android.test.base.jar
07-27 10:13:04.031 1564 7821 D CompatibilityInfo: mCompatibilityFlags - 4
07-27 10:13:04.031 1564 7821 D CompatibilityInfo: applicationDensity - 240
07-27 10:13:04.031 1564 7821 D CompatibilityInfo: applicationScale - 1.0
07-27 10:13:04.032 21723 21723 D CompatibilityChangeReporter: Compat change id reported: 171979766; UID 10096; state: DISABLED
07-27 10:13:04.034 21723 21723 D ApplicationLoaders: Returning zygote-cached class loader: /system/framework/android.test.base.jar
07-27 10:13:04.035 21648 21693 I eup : Backup Java Class And Method Success
07-27 10:13:04.035 21648 21693 I eup : Bugly Register JNI Methods Successfully ~
07-27 10:13:04.035 21648 21693 I eup : regist start
07-27 10:13:04.035 21648 21693 I eup : run in arm64
07-27 10:13:04.039 0 0 W [ 809.061351] audit: audit_lost=18667 audit_rate_limit=5 audit_backlog_limit=64
07-27 10:13:04.039 0 0 E [ 809.061353] audit: rate limit exceeded
07-27 10:13:04.042 21715 21715 D CompatibilityChangeReporter: Compat change id reported: 171979766; UID 10096; state: DISABLED
07-27 10:13:04.046 21715 21715 D ApplicationLoaders: Returning zygote-cached class loader: /system/framework/android.test.base.jar
07-27 10:13:04.050 21713 21713 I Perf : Connecting to perf service.
07-27 10:13:04.056 21713 21713 V GraphicsEnvironment: ANGLE Developer option for 'com.tencent.android.qqdownloader' set to: 'default'
07-27 10:13:04.056 21713 21713 V GraphicsEnvironment: ANGLE GameManagerService for com.tencent.android.qqdownloader: false
07-27 10:13:04.057 21713 21713 V GraphicsEnvironment: Updatable production driver is not supported on the device.
07-27 10:13:04.057 21723 21723 I Perf : Connecting to perf service.
07-27 10:13:04.057 21713 21713 D NetworkSecurityConfig: No Network Security Config specified, using platform default
07-27 10:13:04.057 21713 21713 D NetworkSecurityConfig: No Network Security Config specified, using platform default
07-27 10:13:04.060 21713 21713 I MMKV : current API level = 31
07-27 10:13:04.060 21713 21713 I MMKV : page size:4096
07-27 10:13:04.060 21713 21713 I MMKV : root dir: /data/user/0/com.tencent.android.qqdownloader/files
07-27 10:13:04.060 21713 21713 I MMKV : loading [CrabShellKV] with 1105 size in total, file size is 8192, InterProcess 1
07-27 10:13:04.060 21713 21713 I MMKV : loading [CrabShellKV] with crc 4171532410 sequence 14 version 1
07-27 10:13:04.060 21713 21713 I MMKV : loaded [CrabShellKV] with 7 values
07-27 10:13:04.062 21723 21723 V GraphicsEnvironment: ANGLE Developer option for 'com.tencent.android.qqdownloader' set to: 'default'
07-27 10:13:04.062 21723 21723 V GraphicsEnvironment: ANGLE GameManagerService for com.tencent.android.qqdownloader: false
07-27 10:13:04.063 21723 21723 V GraphicsEnvironment: Updatable production driver is not supported on the device.
07-27 10:13:04.064 21723 21723 D NetworkSecurityConfig: No Network Security Config specified, using platform default
07-27 10:13:04.064 21723 21723 D NetworkSecurityConfig: No Network Security Config specified, using platform default
07-27 10:13:04.066 21723 21723 I MMKV : current API level = 31
07-27 10:13:04.066 21723 21723 I MMKV : page size:4096
07-27 10:13:04.066 21723 21723 I MMKV : root dir: /data/user/0/com.tencent.android.qqdownloader/files
07-27 10:13:04.066 21723 21723 I MMKV : loading [CrabShellKV] with 1105 size in total, file size is 8192, InterProcess 1
07-27 10:13:04.066 21723 21723 I MMKV : loading [CrabShellKV] with crc 4171532410 sequence 14 version 1
07-27 10:13:04.066 21723 21723 I MMKV : loaded [CrabShellKV] with 7 values
07-27 10:13:04.076 21715 21715 I Perf : Connecting to perf service.
07-27 10:13:04.077 0 0 I [ 809.109779] binder: undelivered transaction 785260, process died.
07-27 10:13:04.077 0 0 I [ 809.109783] binder: undelivered transaction 785277, process died.
07-27 10:13:04.077 0 0 I [ 809.109785] binder: undelivered transaction 785279, process died.
07-27 10:13:04.077 0 0 I [ 809.109787] binder: undelivered transaction 785280, process died.
07-27 10:13:04.077 1564 7821 V ActivityManager: Got obituary of 19990:com.tencent.android.qqdownloader:daemon
07-27 10:13:04.077 1564 2776 D ConnectivityService: ConnectivityService NetworkRequestInfo binderDied(uid/pid:10096/19990, android.os.BinderProxy@acdb290)
07-27 10:13:04.077 1564 8495 D ConnectivityService: ConnectivityService NetworkRequestInfo binderDied(uid/pid:10096/19990, android.os.BinderProxy@15d1789)
07-27 10:13:04.078 1564 9990 D ConnectivityService: ConnectivityService NetworkRequestInfo binderDied(uid/pid:10096/19990, android.os.BinderProxy@c994953)
07-27 10:13:04.078 1564 1904 D ConnectivityService: releasing NetworkRequest [ REQUEST id=187, [ Capabilities: INTERNET&NOT_RESTRICTED&TRUSTED&NOT_VCN_MANAGED Uid: 10096 RequestorUid: 10096 RequestorPkg: com.tencent.android.qqdownloader] ] (release request)
07-27 10:13:04.078 684 684 I Zygote : Process 19990 exited due to signal 9 (Killed)
07-27 10:13:04.078 1564 1942 I EthernetNetworkFactory: networkForRequest, request: NetworkRequest [ REQUEST id=187, [ Capabilities: INTERNET&NOT_RESTRICTED&TRUSTED&NOT_VCN_MANAGED Uid: 10096 RequestorUid: 10096 RequestorPkg: com.tencent.android.qqdownloader] ], network: NetworkInterfaceState{ refCount: 17, iface: eth0, up: true, hwAddress: 36:7c:7c:00:00:0f, networkCapabilities: [ Transports: ETHERNET Capabilities: INTERNET&NOT_RESTRICTED&TRUSTED&NOT_VPN&NOT_ROAMING&NOT_CONGESTED&NOT_SUSPENDED&NOT_VCN_MANAGED LinkUpBandwidth>=100000Kbps LinkDnBandwidth>=100000Kbps], networkAgent: com.android.server.ethernet.EthernetNetworkFactory$NetworkInterfaceState$1@15a0a52, score: 70, ipClient: android.net.ip.IIpClient$Stub$Proxy@fe79123,linkProperties: {InterfaceName: eth0 LinkAddresses: [ fe80::7315:61d:4b5:5cfa/64,192.168.50.16/24 ] DnsAddresses: [ /101.226.4.6 ] Domains: null MTU: 0 TcpBufferSizes: 524288,1048576,3145728,524288,1048576,2097152 Routes: [ 192.168.50.0/24 -> 0.0.0.0 eth0 mtu 0,0.0.0.0/0 -> 192.168.50.4 eth0 mtu 0 ]}}
07-27 10:13:04.080 21715 21715 V GraphicsEnvironment: ANGLE Developer option for 'com.tencent.android.qqdownloader' set to: 'default'
07-27 10:13:04.081 21715 21715 V GraphicsEnvironment: ANGLE GameManagerService for com.tencent.android.qqdownloader: false
07-27 10:13:04.081 21715 21715 V GraphicsEnvironment: Updatable production driver is not supported on the device.
07-27 10:13:04.081 21715 21715 D NetworkSecurityConfig: No Network Security Config specified, using platform default
07-27 10:13:04.081 21715 21715 D NetworkSecurityConfig: No Network Security Config specified, using platform default
07-27 10:13:04.083 1564 1700 I libprocessgroup: Successfully killed process cgroup uid 99012 pid 21550 in 0ms
07-27 10:13:04.084 21715 21715 I MMKV : current API level = 31
07-27 10:13:04.084 21715 21715 I MMKV : page size:4096
07-27 10:13:04.084 21715 21715 I MMKV : root dir: /data/user/0/com.tencent.android.qqdownloader/files
07-27 10:13:04.084 21715 21715 I MMKV : loading [CrabShellKV] with 1105 size in total, file size is 8192, InterProcess 1
07-27 10:13:04.084 21715 21715 I MMKV : loading [CrabShellKV] with crc 4171532410 sequence 14 version 1
07-27 10:13:04.084 21715 21715 I MMKV : loaded [CrabShellKV] with 7 values
07-27 10:13:04.084 21713 21713 I MMKV : root dir: /data/user/0/com.tencent.android.qqdownloader/files/mmkv
07-27 10:13:04.084 21713 21713 I MMKVInitiator: ,need prepare mmkv, from: MMKVWrapper ,needForceFixPath: false ,currentPath: /data/user/0/com.tencent.android.qqdownloader/files/mmkv
07-27 10:13:04.085 21713 21713 I MMKV : loading [InterProcessKV] with 536913 size in total, file size is 1048576, InterProcess 1
07-27 10:13:04.085 21713 21713 I MMKV : loading [InterProcessKV] with crc 3184824711 sequence 22 version 1
07-27 10:13:04.087 21713 21713 I MMKV : loaded [InterProcessKV] with 1279 values
07-27 10:13:04.087 21713 21713 I MMKVWrapper: ,MMKVWrapper init finish
07-27 10:13:04.087 21713 21713 I Settings: ,NameValueCache: false
07-27 10:13:04.089 21715 21715 I tag_LaunchSpeed: ,[main],[LaunchTagger][1]tag:Main_Application_onAttach
07-27 10:13:04.093 21723 21723 I MMKV : root dir: /data/user/0/com.tencent.android.qqdownloader/files/mmkv
07-27 10:13:04.093 21723 21723 I MMKVInitiator: ,need prepare mmkv, from: MMKVWrapper ,needForceFixPath: false ,currentPath: /data/user/0/com.tencent.android.qqdownloader/files/mmkv
07-27 10:13:04.093 21723 21723 I MMKV : loading [InterProcessKV] with 536913 size in total, file size is 1048576, InterProcess 1
07-27 10:13:04.094 21723 21723 I MMKV : loading [InterProcessKV] with crc 3184824711 sequence 22 version 1
07-27 10:13:04.095 21723 21723 I MMKV : loaded [InterProcessKV] with 1279 values
07-27 10:13:04.095 21723 21723 I MMKVWrapper: ,MMKVWrapper init finish
07-27 10:13:04.096 21723 21723 I Settings: ,NameValueCache: false
07-27 10:13:04.103 21715 21803 I MMKV : root dir: /data/user/0/com.tencent.android.qqdownloader/files/mmkv
07-27 10:13:04.103 21715 21803 I MMKVInitiator: ,need prepare mmkv, from: MMKVWrapper ,needForceFixPath: false ,currentPath: /data/user/0/com.tencent.android.qqdownloader/files/mmkv
07-27 10:13:04.103 21715 21803 I MMKV : loading [InterProcessKV] with 536963 size in total, file size is 1048576, InterProcess 1
07-27 10:13:04.104 21715 21803 I MMKV : loading [InterProcessKV] with crc 3973028779 sequence 22 version 1
07-27 10:13:04.105 21715 21803 I MMKV : loaded [InterProcessKV] with 1279 values
07-27 10:13:04.105 21715 21803 I MMKVWrapper: ,MMKVWrapper init finish
07-27 10:13:04.105 21715 21803 I Settings: ,NameValueCache: false
07-27 10:13:04.108 21723 21801 I RdefenseInitTask: ,init
07-27 10:13:04.109 21723 21723 I StartUpOptimizeManager: ,isHomePageRequestOptimizeEnable init, switchRet = true
07-27 10:13:04.109 21713 21805 I RdefenseInitTask: ,init
07-27 10:13:04.112 21713 21713 I StartUpOptimizeManager: ,isHomePageRequestOptimizeEnable init, switchRet = true
07-27 10:13:04.114 21713 21795 I STGlobal: ,syncAppCallerFromDeamon start STGlobal.appCaller = 6, AstApp.getProcessFlag() = live
07-27 10:13:04.116 1564 2757 D CompatibilityInfo: mCompatibilityFlags - 4
07-27 10:13:04.116 1564 2757 D CompatibilityInfo: applicationDensity - 240
07-27 10:13:04.116 1564 2757 D CompatibilityInfo: applicationScale - 1.0
07-27 10:13:04.116 1564 1606 W System : A resource failed to call close.
07-27 10:13:04.116 1564 1606 W System : A resource failed to call close.
07-27 10:13:04.116 21723 21723 I BinderManager: ,mBinderManagerConnection -> onServiceConnected
07-27 10:13:04.117 21723 21723 I BinderManager: ,mBinderManagerConnection -> onServiceConnected, mBinderManager = com.tencent.assistant.daemon.m@cdf0fb1
07-27 10:13:04.117 1564 1606 W System : A resource failed to call close.
07-27 10:13:04.117 1564 1606 W System : A resource failed to call close.
07-27 10:13:04.120 21723 21820 I MMKVInitiator: ,need prepare mmkv, from: LiveCrossProcessKV ,needForceFixPath: true ,currentPath: /data/user/0/com.tencent.android.qqdownloader/files/mmkv
07-27 10:13:04.120 21723 21820 I MMKVInitiator: ,MMKV already init in the correct dir: /data/user/0/com.tencent.android.qqdownloader/files/mmkv
07-27 10:13:04.120 21723 21820 I MMKV : loading [LiveCrossProcessKV] with 190 size in total, file size is 4096, InterProcess 1
07-27 10:13:04.120 21723 21820 I MMKV : loading [LiveCrossProcessKV] with crc 2072678089 sequence 4 version 1
07-27 10:13:04.120 21723 21820 I MMKV : loaded [LiveCrossProcessKV] with 2 values
07-27 10:13:04.124 21713 21795 I STGlobal: ,syncAppCallerFromDeamon end STGlobal.appCaller = 45
07-27 10:13:04.124 21713 21795 I STGlobal: ,syncAppViaFromDeamon start STGlobal.appVia = , AstApp.getProcessFlag() = live
07-27 10:13:04.124 21713 21805 E ActivityThreadHacker: ,ApplicationThread$Stub fields is null
07-27 10:13:04.125 21723 21792 I STGlobal: ,syncAppCallerFromDeamon start STGlobal.appCaller = 6, AstApp.getProcessFlag() = cloud
07-27 10:13:04.125 21713 21795 I STGlobal: ,syncAppViaFromDeamon end STGlobal.appVia =
07-27 10:13:04.125 21713 21805 E Monitor : ,Monitor init fail. key = service_monitor
07-27 10:13:04.125 21713 21805 E Monitor : ,Monitor init fail. key = receiver_monitor
07-27 10:13:04.125 21713 21805 E Monitor : ,Monitor init fail. key = activity_monitor
07-27 10:13:04.125 21713 21805 E Monitor : ,Monitor init fail. key = process_monitor
07-27 10:13:04.126 21723 21792 I STGlobal: ,syncAppCallerFromDeamon end STGlobal.appCaller = 45
07-27 10:13:04.126 21723 21792 I STGlobal: ,syncAppViaFromDeamon start STGlobal.appVia = , AstApp.getProcessFlag() = cloud
07-27 10:13:04.126 21715 21715 W HMSSDK_PushPreferences: get new sharedPreferences failed,start to get from context.
07-27 10:13:04.127 21713 21795 I XLog : ,init, proccess:live
07-27 10:13:04.127 21723 21792 I STGlobal: ,syncAppViaFromDeamon end STGlobal.appVia =
07-27 10:13:04.127 21723 21792 I XLog : ,init, proccess:cloud
07-27 10:13:04.129 1564 8495 D CompatibilityInfo: mCompatibilityFlags - 4
07-27 10:13:04.129 1564 8495 D CompatibilityInfo: applicationDensity - 240
07-27 10:13:04.129 1564 8495 D CompatibilityInfo: applicationScale - 1.0
07-27 10:13:04.133 21713 21805 I ActivityThreadHacker: live,start Hook successful, dur = 11
07-27 10:13:04.136 21713 21713 I StartUpOptimizeManager: live,isTraceOptEnable init, switchRet = true
07-27 10:13:04.138 1564 8495 D CompatibilityInfo: mCompatibilityFlags - 4
07-27 10:13:04.138 1564 8495 D CompatibilityInfo: applicationDensity - 240
07-27 10:13:04.138 1564 8495 D CompatibilityInfo: applicationScale - 1.0
07-27 10:13:04.138 21715 21715 I AllianceAliveProviderProxy: ,onCreate
07-27 10:13:04.142 21713 21770 I downloader:liv: oneway function results for code 1 on binder at 0x75179eaa90 will be dropped but finished with status UNKNOWN_TRANSACTION
07-27 10:13:04.142 21713 21770 I downloader:liv: oneway function results for code 2 on binder at 0x75179eaa90 will be dropped but finished with status UNKNOWN_TRANSACTION
07-27 10:13:04.145 21723 21816 I WxApiWrapper: cloud,init wxAppSupportApi:671098935
07-27 10:13:04.151 0 0 I [ 809.182332] binder: 21853:21853 ioctl 40046210 7fe9c67cb4 returned -22
07-27 10:13:04.148 21713 21830 W bytehook_tag: bytehook init, mode 0, debug 0, return 0
07-27 10:13:04.149 21853 21853 D ProcessState: Binder ioctl to enable oneway spam detection failed: Invalid argument
07-27 10:13:04.152 21715 21803 I XLog : ,init, proccess:market
07-27 10:13:04.154 21715 21715 I GameAccContentProvider: market,onCreate() called
07-27 10:13:04.183 21713 21893 E System : ******** DEPRECATED FUNCTIONALITY ********
07-27 10:13:04.183 21713 21893 E System : * The implementation of the KeyFactory.RSA algorithm from
07-27 10:13:04.183 21713 21893 E System : * the BC provider is deprecated in this version of Android.
07-27 10:13:04.183 21713 21893 E System : * It will be removed in a future version of Android and your
07-27 10:13:04.183 21713 21893 E System : * application will no longer be able to request it. Please see
07-27 10:13:04.183 21713 21893 E System : * https://android-developers.googleblog.com/2018/03/cryptography-changes-in-android-p.html
07-27 10:13:04.183 21713 21893 E System : * for more details.
07-27 10:13:04.184 21723 21792 W bytehook_tag: bytehook init, mode 0, debug 0, return 0
07-27 10:13:04.194 660 673 I mpu_uart: [MSG-P:RECV]:No message received in 1000 ms
07-27 10:13:04.199 660 672 I mpu_uart: [MSG-P:R]:recv sync frame timeout
07-27 10:13:04.209 21715 21882 W System.err: java.lang.ClassNotFoundException: com.huawei.system.BuildEx
07-27 10:13:04.209 21715 21882 W System.err: at java.lang.Class.classForName(Native Method)
07-27 10:13:04.209 21715 21882 W System.err: at java.lang.Class.forName(Class.java:454)
07-27 10:13:04.209 21715 21882 W System.err: at java.lang.Class.forName(Class.java:379)
07-27 10:13:04.209 21715 21882 W System.err: at com.tencent.assistant.utils.df.i(Unknown Source:22)
07-27 10:13:04.209 21715 21882 W System.err: at com.tencent.assistant.utils.DeviceUtils.isHarmonyOS(Unknown Source:0)
07-27 10:13:04.209 21715 21882 W System.err: at com.tencent.pangu.reshub.j.a(Unknown Source:253)
07-27 10:13:04.209 21715 21882 W System.err: at com.tencent.pangu.reshub.ResHubInitializer.a(Unknown Source:66)
07-27 10:13:04.209 21715 21882 W System.err: at com.tencent.assistant.module.init.a.ap.doInit(Unknown Source:16)
07-27 10:13:04.209 21715 21882 W System.err: at com.tencent.assistant.module.init.AbstractInitTask.run(Unknown Source:8)
07-27 10:13:04.209 21715 21882 W System.err: at com.tencent.assistant.module.init.j.run(Unknown Source:20)
07-27 10:13:04.209 21715 21882 W System.err: at com.tencent.raft.threadservice.impl.c.run(Unknown Source:5)
07-27 10:13:04.209 21715 21882 W System.err: at com.tencent.raft.threadservice.impl.d.run(Unknown Source:2)
07-27 10:13:04.209 21715 21882 W System.err: at java.util.concurrent.ThreadPoolExecutor.runWorker(ThreadPoolExecutor.java:1167)
07-27 10:13:04.209 21715 21882 W System.err: at java.util.concurrent.ThreadPoolExecutor$Worker.run(ThreadPoolExecutor.java:641)
07-27 10:13:04.209 21715 21882 W System.err: at java.lang.Thread.run(Thread.java:920)
07-27 10:13:04.209 21715 21882 W System.err: Caused by: java.lang.ClassNotFoundException: com.huawei.system.BuildEx
07-27 10:13:04.209 21715 21882 W System.err: ... 15 more
07-27 10:13:04.238 21715 21903 I MMKV : loading [RapidViewFileStoreIndexKV] with 279944 size in total, file size is 524288, InterProcess 1
07-27 10:13:04.238 21715 21903 I MMKV : loading [RapidViewFileStoreIndexKV] with crc 3145244360 sequence 16 version 2
07-27 10:13:04.241 2297 2723 D MicroService: handleHeartBeat:426
07-27 10:13:04.243 21715 21903 I MMKV : loaded [RapidViewFileStoreIndexKV] with 1693 values
07-27 10:13:04.243 21715 21903 I MMKV : loading [RapidViewFileDownloadIndexKV] with 500692 size in total, file size is 524288, InterProcess 1
07-27 10:13:04.243 21715 21903 I MMKV : loading [RapidViewFileDownloadIndexKV] with crc 685513118 sequence 9 version 1
07-27 10:13:04.244 21715 21903 I MMKV : loaded [RapidViewFileDownloadIndexKV] with 1693 values
07-27 10:13:04.245 21715 21903 I MMKV : loading [RapidViewViewConfigKV] with 61247 size in total, file size is 65536, InterProcess 1
07-27 10:13:04.245 21715 21903 I MMKV : loading [RapidViewViewConfigKV] with crc 1892323756 sequence 6 version 1
07-27 10:13:04.245 21715 21903 I MMKV : loaded [RapidViewViewConfigKV] with 463 values
07-27 10:13:04.252 21715 21882 I MMKV : root dir: /data/user/0/com.tencent.android.qqdownloader/files/mmkv
07-27 10:13:04.252 21715 21859 W bytehook_tag: bytehook init, mode 0, debug 0, return 0
07-27 10:13:04.256 21715 21945 I MMKV : loading [rdelivery_common_storage] with 1188 size in total, file size is 4096, InterProcess 1
07-27 10:13:04.256 21715 21945 I MMKV : loading [rdelivery_common_storage] with crc 1422787182 sequence 3 version 1
07-27 10:13:04.256 21715 21945 I MMKV : loaded [rdelivery_common_storage] with 5 values
07-27 10:13:04.261 21715 21943 I MMKV : loading [aa66b6582e_10010_null_2012361473884766912_APP] with 126218 size in total, file size is 262144, InterProcess 1
07-27 10:13:04.261 21715 21943 I MMKV : loading [aa66b6582e_10010_null_2012361473884766912_APP] with crc 2816483379 sequence 5 version 1
07-27 10:13:04.261 21715 21943 I MMKV : loaded [aa66b6582e_10010_null_2012361473884766912_APP] with 37 values
07-27 10:13:04.277 21715 21885 E SQLiteLog: (1) duplicate column name: overWriteChannelId in "alter table downloadsinfo add column overWriteChannelId INTEGER;"
07-27 10:13:04.278 21715 21885 E SQLiteLog: (1) duplicate column name: autoOpenInstalledApp in "alter table downloadsinfo add column autoOpenInstalledApp INTEGER;"
07-27 10:13:04.278 21715 21885 E SQLiteLog: (1) duplicate column name: subscribeId in "alter table downloadsinfo add column subscribeId INTEGER;"
07-27 10:13:04.278 21715 21885 E SQLiteLog: (1) duplicate column name: sllLocalFileListMd5 in "alter table downloadsinfo add column sllLocalFileListMd5 TEXT;"
07-27 10:13:04.278 21715 21885 E SQLiteLog: (1) duplicate column name: mainUrl in "alter table downloadsinfo add column mainUrl TEXT;"
07-27 10:13:04.278 21715 21885 E SQLiteLog: (1) duplicate column name: retryDownload in "alter table downloadsinfo add column retryDownload INTEGER;"
07-27 10:13:04.279 21715 21885 E SQLiteLog: (1) duplicate column name: speed in "alter table downloadsinfo add column speed INTEGER;"
07-27 10:13:04.279 21715 21885 E SQLiteLog: (1) duplicate column name: isQLApkLengthChanged in "alter table downloadsinfo add column isQLApkLengthChanged INTEGER;"
07-27 10:13:04.279 21715 21885 E SQLiteLog: (1) duplicate column name: clientFileSize in "alter table downloadsinfo add column clientFileSize INTEGER;"
07-27 10:13:04.279 21715 21885 E SQLiteLog: (1) duplicate column name: finalFileName in "alter table downloadsinfo add column finalFileName TEXT;"
07-27 10:13:04.280 21715 21885 E SQLiteLog: (1) duplicate column name: fromOutCall in "alter table downloadsinfo add column fromOutCall INTEGER;"
07-27 10:13:04.302 21715 21882 I eup : Backup Java Class And Method Success
07-27 10:13:04.302 21715 21882 I eup : Bugly Register JNI Methods Successfully ~
07-27 10:13:04.303 21715 21882 I eup : regist start
07-27 10:13:04.303 21715 21882 I eup : run in arm64
07-27 10:13:04.348 2297 2297 D MicroService: onHeartBeatDetected
07-27 10:13:04.348 2297 2297 D MicroService: sendHeartbeatMessage
07-27 10:13:04.352 21715 21715 I MMKV : loading [mmkv.default] with 0 size in total, file size is 4096, InterProcess 0
07-27 10:13:04.352 21715 21715 I MMKV : loaded [mmkv.default] with 0 values
07-27 10:13:05.194 660 673 I mpu_uart: [MSG-P:RECV]:No message received in 1000 ms
07-27 10:13:05.390 19425 21046 E GCloudVoice: [2023-07-27 10:13:05 390] | Error | [GCloudVoice] |21046| GCloudVoiceEngine.cpp:4260 |OnApplyAuthKey| OnApplyAuthKey timeout
07-27 10:13:05.987 1564 8495 D CompatibilityInfo: mCompatibilityFlags - 4
07-27 10:13:05.987 1564 8495 D CompatibilityInfo: applicationDensity - 240
07-27 10:13:05.987 1564 8495 D CompatibilityInfo: applicationScale - 1.0
07-27 10:13:06.195 660 673 I mpu_uart: [MSG-P:RECV]:No message received in 1000 ms
07-27 10:13:06.247 2297 2729 D MicroService: handleHeartBeat:427
07-27 10:13:06.259 21715 21715 I auditd : type=1400 audit(0.0:20774): avc: granted { nlmsg_readpriv } for comm="halley_2800_Tem" scontext=u:r:untrusted_app_27:s0:c512,c768 tcontext=u:r:untrusted_app_27:s0:c512,c768 tclass=netlink_route_socket app=com.tencent.android.qqdownloader
