07-27 10:12:48.203 684 684 D Zygote : Forked child process 20174
07-27 10:12:48.204 1564 1695 I am_proc_start: [0,20174,10096,com.tencent.android.qqdownloader:cloud,service,{com.tencent.android.qqdownloader/com.live.watermelon.service.SentryAlphaService}]
07-27 10:12:48.204 1564 1695 I ActivityManager: Start proc 20174:com.tencent.android.qqdownloader:cloud/u0a96 for service {com.tencent.android.qqdownloader/com.live.watermelon.service.SentryAlphaService}
07-27 10:12:48.209 20165 20165 I libc : SetHeapTaggingLevel: tag level set to 0
07-27 10:12:48.210 20174 20174 I Zygote : seccomp disabled by setenforce 0
07-27 10:12:48.210 19990 19990 I BinderManager: daemon,mBinderManagerConnection -> onServiceConnected
07-27 10:12:48.210 20174 20174 I libc : SetHeapTaggingLevel: tag level set to 0
07-27 10:12:48.210 19990 19990 I BinderManager: daemon,mBinderManagerConnection -> onServiceConnected, mBinderManager = com.tencent.assistant.daemon.BinderManagerImpl@d0e191c
07-27 10:12:48.216 19990 20108 W System.err: java.lang.NullPointerException: Attempt to invoke interface method 'boolean com.tencent.pangu.utils.kingcard.ipc.IGetSimCardType.isKingCard()' on a null object reference
07-27 10:12:48.216 19990 20108 W System.err: at com.tencent.pangu.utils.kingcard.ipc.f.g(Unknown Source:6)
07-27 10:12:48.216 19990 20108 W System.err: at com.tencent.pangu.utils.kingcard.ipc.f.b(Unknown Source:11)
07-27 10:12:48.216 19990 20108 W System.err: at com.tencent.assistant.manager.SplashManager.b(Unknown Source:28)
07-27 10:12:48.216 19990 20108 W System.err: at com.tencent.assistant.manager.SplashManager.d(Unknown Source:1)
07-27 10:12:48.216 19990 20108 W System.err: at com.tencent.assistant.module.init.a.au.doInit(Unknown Source:12)
07-27 10:12:48.216 19990 20108 W System.err: at com.tencent.assistant.module.init.AbstractInitTask.run(Unknown Source:8)
07-27 10:12:48.216 19990 20108 W System.err: at com.tencent.assistant.module.init.j.run(Unknown Source:20)
07-27 10:12:48.216 19990 20108 W System.err: at com.tencent.raft.threadservice.impl.c.run(Unknown Source:5)
07-27 10:12:48.216 19990 20108 W System.err: at com.tencent.raft.threadservice.impl.d.run(Unknown Source:2)
07-27 10:12:48.216 19990 20108 W System.err: at java.util.concurrent.ThreadPoolExecutor.runWorker(ThreadPoolExecutor.java:1167)
07-27 10:12:48.216 19990 20108 W System.err: at java.util.concurrent.ThreadPoolExecutor$Worker.run(ThreadPoolExecutor.java:641)
07-27 10:12:48.216 19990 20108 W System.err: at java.lang.Thread.run(Thread.java:920)
07-27 10:12:48.217 19990 20108 I splashInfo: daemon,设置过闪屏显示最大显示次数,且闪屏显示次数到了,抛弃 splashInfo = SplashInfo{beginTime=1690387200, id=5105, title='7.27三国杀', desc='', endTime=1690473599, runTime=5, runTimes=1, hasRunTimes=1, imageUrl='https://cdn.yyb.gtimg.com/wupload/xy/yybcms/34BSz9id.jpg', imagePath='/storage/emulated/0/Android/data/com.tencent.android.qqdownloader/files/tassistant/pic/1065FC28CC198DB9CA6CBB6A2366F794', imageDataDesc='dpi=556*748;time=2023-07-27 00:00:00~2023-07-27 23:59:59', status=1, splashBitmapDensity=1.0, btnImage='http://cms-40062.sh.gfp.tencent-cloud.com/xy/yybcms/1620-1080_1625627498186.png', btnPath='/storage/emulated/0/Android/data/com.tencent.android.qqdownloader/files/tassistant/pic/30D521B57B6439249235350EB10D444C', btnMarginLeft=10000, btnMarginBottom=200, btnHeight=77, btnWidth=287, splashType=1, targetType=4, target='tmast://webview?mode=0&url=https%3A%2F%2Fovact.iwan.yyb.qq.com%2Fmagic-act%2FebdqFEe4P1iQpSUz4ZaE7GZtHv%2Findex_index.html%3Fpage%3Dindex%26ovscroll%3D0%26download_pkgnames%3Dbf.sgs.hdexp%26book_appids%3D12147939%26only_openid%3D1%26ptag%3Dyyb_splash%26recommendId%3DBwMAXgoAAh0ADAsaAgAevxkQ_y0ADAsqAQu6Fjx7IlNvdXJjZVR5cGUiOiJBUFAiLCJTb3VyY2VOYW1lIjoiU1BMQVNIIiwiU291cmNlSUQiOiI1MTA1In0mAD0ADAs9AAxqADcCAAFfoxJkwdDaKQABDDkAAQxIAAMGBHBjdnIWATAGBGVjcG0WATAGBVNjb3JlFgEwUQbYbHkMfwBZDBYAJh5QTkctc3BsYXNoQWRhcHRlci0yMDIxMDYxMC0yNzc8QmTB0NpZAAIKAGQWHlBORy1zcGxhc2hBZGFwdGVyLTIwMjEwNjEwLTI3NywLCgACFgEwLAtrAC0CZMHQ2hJkwdDaLDYgNjc3YTM1NTIzMjlhMGVmOGNiZDRiNDdkYzkyMDg5NzY%253D&recommendId=BwMAXgoAAh0ADAsaAgAevxkQ_y0ADAsqAQu6Fjx7IlNvdXJjZVR5cGUiOiJBUFAiLCJTb3VyY2VOYW1lIjoiU1BMQVNIIiwiU291cmNlSUQiOiI1MTA1In0mAD0ADAs9AAxqADcCAAFfoxJkwdDaKQABDDkAAQxIAAMGBHBjdnIWATAGBGVjcG0WATAGBVNjb3JlFgEwUQbYbHkMfwBZDBYAJh5QTkctc3BsYXNoQWRhcHRlci0yMDIxMDYxMC0yNzc8QmTB0NpZAAIKAGQWHlBORy1zcGxhc2hBZGFwdGVyLTIwMjEwNjEwLTI3NywLCgACFgEwLAtrAC0CZMHQ2hJkwdDaLDYgNjc3YTM1NTIzMjlhMGVmOGNiZDRiNDdkYzkyMDg5NzY%3D', recommend_id=[7, 3, 0, 94, 10, 0, 2, 29, 0, 12, 11, 26, 2, 0, 30, -65, 25, 16, -1, 45, 0, 12, 11, 42, 1, 11, -70, 22, 60, 123, 34, 83, 111, 117, 114, 99, 101, 84, 121, 112, 101, 34, 58, 34, 65, 80, 80, 34, 44, 34, 83, 111, 117, 114, 99, 101, 78, 97, 109, 101, 34, 58, 34, 83, 80, 76, 65, 83, 72, 34, 44, 34, 83, 111, 117, 114, 99, 101, 73, 68, 34, 58, 34, 53, 49, 48, 53, 34, 125, 38, 0, 61, 0, 12, 11, 61, 0, 12, 106, 0, 55, 2, 0, 1, 95, -93, 18, 100, -63, -48, -38, 41, 0, 1, 12, 57, 0, 1, 12, 72, 0, 3, 6, 4, 112, 99, 118, 114, 22, 1, 48, 6, 4, 101, 99, 112, 109, 22, 1, 48, 6, 5, 83, 99, 111, 114, 101, 22, 1, 48, 81, 6, -40, 108, 121, 12, 127, 0, 89, 12, 22, 0, 38, 30, 80, 78, 71, 45, 115, 112, 108, 97, 115, 104, 65, 100, 97, 112, 116, 101, 114, 45, 50, 48, 50, 49, 48, 54, 49, 48, 45, 50, 55, 55, 60, 66, 100, -63, -48, -38, 89, 0, 2, 10, 0, 100, 22, 30, 80, 78, 71, 45, 115, 112, 108, 97, 115, 104, 65, 100, 97, 112, 116, 101, 114, 45, 50, 48, 50, 49, 48, 54, 49, 48, 45, 50, 55, 55, 44, 11, 10, 0, 2, 22, 1, 48, 44, 11, 107, 0, 45, 2, 100, -63, -48, -38, 18, 100, -63, -48, -38, 44, 54, 32, 54, 55, 55, 97, 51, 53, 53, 50, 51, 50, 57, 97, 48, 101, 102, 56, 99, 98, 100, 52, 98, 52, 55, 100, 99, 57, 50, 48, 56, 57, 55, 54], splashDataType=1, showCountMain=1, showCountSwitch=0, resumeHasRunTimes=0, h5Url='', isKingCard=0, priority=9, safetyZoneLeft=64, safetyZoneTop=140, tailorError=0, buttonText=点击跳转至详情页面}
07-27 10:12:48.217 19990 20108 E RDeliveryConfigProvider: daemon,getConfigBoolean: RDelivery尚未初始化. key = key_report_process_alive_enable , default = true
07-27 10:12:48.217 19990 20108 E RDeliveryConfigProvider: daemon,getConfigInt: RDelivery尚未初始化. key = key_report_process_alive_max_count_on_day , default = 3
07-27 10:12:48.223 20165 20165 D ProcessState: Binder ioctl to enable oneway spam detection failed: Invalid argument
07-27 10:12:48.224 0 0 I [ 793.255682] binder: 20165:20165 ioctl 40046210 7ffe7e33d4 returned -22
07-27 10:12:48.224 2297 2644 D MicroService: handleHeartBeat:418
07-27 10:12:48.225 2967 2994 I adbd : jdwp connection from 20174
07-27 10:12:48.226 2967 2994 I adbd : jdwp connection from 20165
07-27 10:12:48.229 1564 2479 I am_proc_bound: [0,20165,com.tencent.android.qqdownloader]
07-27 10:12:48.230 1564 2479 D CompatibilityInfo: mCompatibilityFlags - 4
07-27 10:12:48.230 1564 2479 D CompatibilityInfo: applicationDensity - 240
07-27 10:12:48.230 1564 2479 D CompatibilityInfo: applicationScale - 1.0
07-27 10:12:48.233 20107 20107 I StartUpOptimizeManager: ,isHomePageRequestOptimizeEnable init, switchRet = true
07-27 10:12:48.234 19990 20153 W jimxia : daemon,jimxia, get appCaller: 45 get appVia:
07-27 10:12:48.243 0 0 I [ 793.275617] binder: 20174:20174 ioctl 40046210 7ffe7e33d4 returned -22
07-27 10:12:48.234 1564 2479 D CompatibilityInfo: mCompatibilityFlags - 4
07-27 10:12:48.234 1564 2479 D CompatibilityInfo: applicationDensity - 240
07-27 10:12:48.234 1564 2479 D CompatibilityInfo: applicationScale - 1.0
07-27 10:12:48.236 20165 20165 D CompatibilityChangeReporter: Compat change id reported: 171979766; UID 10096; state: DISABLED
07-27 10:12:48.236 19990 20153 E RDeliveryConfigProvider: daemon,getConfigValue: RDelivery尚未初始化. key = key_just_use_https_android_info
07-27 10:12:48.239 20165 20165 D ApplicationLoaders: Returning zygote-cached class loader: /system/framework/android.test.base.jar
07-27 10:12:48.231 20220 20220 I auditd : type=1400 audit(0.0:17993): avc: granted { execute } for comm="Thread-5" name="daemon2_64_v2.2.2" dev="dm-10" ino=8815 scontext=u:r:untrusted_app_27:s0:c512,c768 tcontext=u:object_r:app_data_file:s0:c512,c768 tclass=file app=com.tencent.android.qqdownloader
07-27 10:12:48.239 19990 20108 I AbsNetWorkTask: daemon,traceId:0 msg:The Request contains Auth, for cmdNames = Auth
07-27 10:12:48.243 20174 20174 D ProcessState: Binder ioctl to enable oneway spam detection failed: Invalid argument
07-27 10:12:48.243 20107 20223 I RdefenseInitTask: ,init
07-27 10:12:48.246 1564 14848 D CompatibilityInfo: mCompatibilityFlags - 4
07-27 10:12:48.246 1564 14848 D CompatibilityInfo: applicationDensity - 240
07-27 10:12:48.246 1564 14848 D CompatibilityInfo: applicationScale - 1.0
07-27 10:12:48.248 1564 1904 D ConnectivityService: NetReassign [no changes]
07-27 10:12:48.258 0 0 W [ 793.276616] audit: audit_lost=16631 audit_rate_limit=5 audit_backlog_limit=64
07-27 10:12:48.258 0 0 E [ 793.276619] audit: rate limit exceeded
07-27 10:12:48.231 20220 20220 W Thread-5: type=1400 audit(0.0:17993): avc: granted { execute } for name="daemon2_64_v2.2.2" dev="dm-10" ino=8815 scontext=u:r:untrusted_app_27:s0:c512,c768 tcontext=u:object_r:app_data_file:s0:c512,c768 tclass=file app=com.tencent.android.qqdownloader
07-27 10:12:48.231 20220 20220 I auditd : type=1400 audit(0.0:17994): avc: granted { execute_no_trans } for comm="Thread-5" path="/data/user/0/com.tencent.android.qqdownloader/app_bin/daemon2_64_v2.2.2" dev="dm-10" ino=8815 scontext=u:r:untrusted_app_27:s0:c512,c768 tcontext=u:object_r:app_data_file:s0:c512,c768 tclass=file app=com.tencent.android.qqdownloader
07-27 10:12:48.231 20220 20220 W Thread-5: type=1400 audit(0.0:17994): avc: granted { execute_no_trans } for path="/data/user/0/com.tencent.android.qqdownloader/app_bin/daemon2_64_v2.2.2" dev="dm-10" ino=8815 scontext=u:r:untrusted_app_27:s0:c512,c768 tcontext=u:object_r:app_data_file:s0:c512,c768 tclass=file app=com.tencent.android.qqdownloader
07-27 10:12:48.235 20179 20179 I auditd : type=1400 audit(0.0:17995): avc: denied { search } for comm="mount" name="vendor" dev="tmpfs" ino=14346 scontext=u:r:untrusted_app_27:s0:c512,c768 tcontext=u:object_r:mnt_vendor_file:s0 tclass=dir permissive=1
07-27 10:12:48.235 20179 20179 I mount : type=1400 audit(0.0:17995): avc: denied { search } for name="vendor" dev="tmpfs" ino=14346 scontext=u:r:untrusted_app_27:s0:c512,c768 tcontext=u:object_r:mnt_vendor_file:s0 tclass=dir permissive=1
07-27 10:12:48.235 20179 20179 I auditd : type=1400 audit(0.0:17996): avc: denied { getattr } for comm="mount" path="/mnt/vendor/persist" dev="sda2" ino=2 scontext=u:r:untrusted_app_27:s0:c512,c768 tcontext=u:object_r:mnt_vendor_file:s0 tclass=dir permissive=1
07-27 10:12:48.235 20179 20179 I mount : type=1400 audit(0.0:17996): avc: denied { getattr } for path="/mnt/vendor/persist" dev="sda2" ino=2 scontext=u:r:untrusted_app_27:s0:c512,c768 tcontext=u:object_r:mnt_vendor_file:s0 tclass=dir permissive=1
07-27 10:12:48.239 20179 20179 I auditd : type=1400 audit(0.0:17997): avc: denied { getattr } for comm="mount" path="/vendor/bt_firmware" dev="sde5" ino=1 scontext=u:r:untrusted_app_27:s0:c512,c768 tcontext=u:object_r:bt_firmware_file:s0 tclass=dir permissive=1
07-27 10:12:48.239 20179 20179 I mount : type=1400 audit(0.0:17997): avc: denied { getattr } for path="/vendor/bt_firmware" dev="sde5" ino=1 scontext=u:r:untrusted_app_27:s0:c512,c768 tcontext=u:object_r:bt_firmware_file:s0 tclass=dir permissive=1
07-27 10:12:48.260 0 0 I [ 793.291969] binder: 20244:20244 ioctl 40046210 7fdf49a494 returned -22
07-27 10:12:48.259 20244 20244 D ProcessState: Binder ioctl to enable oneway spam detection failed: Invalid argument
07-27 10:12:48.259 20107 20107 I STGlobal: ,syncAppCallerFromDeamon start STGlobal.appCaller = 6, AstApp.getProcessFlag() = live
07-27 10:12:48.261 20107 20107 I STGlobal: ,syncAppCallerFromDeamon end STGlobal.appCaller = 45
07-27 10:12:48.261 20107 20107 I STGlobal: ,syncAppViaFromDeamon start STGlobal.appVia = , AstApp.getProcessFlag() = live
07-27 10:12:48.262 20107 20107 I STGlobal: ,syncAppViaFromDeamon end STGlobal.appVia =
07-27 10:12:48.262 1564 2479 I am_proc_bound: [0,20174,com.tencent.android.qqdownloader:cloud]
07-27 10:12:48.263 1564 2479 D CompatibilityInfo: mCompatibilityFlags - 4
07-27 10:12:48.263 1564 2479 D CompatibilityInfo: applicationDensity - 240
07-27 10:12:48.263 1564 2479 D CompatibilityInfo: applicationScale - 1.0
07-27 10:12:48.266 1564 2479 D CompatibilityInfo: mCompatibilityFlags - 4
07-27 10:12:48.266 1564 2479 D CompatibilityInfo: applicationDensity - 240
07-27 10:12:48.266 1564 2479 D CompatibilityInfo: applicationScale - 1.0
07-27 10:12:48.266 20165 20165 I Perf : Connecting to perf service.
07-27 10:12:48.268 20174 20174 D CompatibilityChangeReporter: Compat change id reported: 171979766; UID 10096; state: DISABLED
07-27 10:12:48.269 20107 20107 I StartUpOptimizeManager: ,isTraceOptEnable init, switchRet = true
07-27 10:12:48.272 20107 20156 I XLog : ,init, proccess:live
07-27 10:12:48.275 20174 20174 D ApplicationLoaders: Returning zygote-cached class loader: /system/framework/android.test.base.jar
07-27 10:12:48.276 20165 20165 V GraphicsEnvironment: ANGLE Developer option for 'com.tencent.android.qqdownloader' set to: 'default'
07-27 10:12:48.277 20165 20165 V GraphicsEnvironment: ANGLE GameManagerService for com.tencent.android.qqdownloader: false
07-27 10:12:48.277 20165 20165 V GraphicsEnvironment: Updatable production driver is not supported on the device.
07-27 10:12:48.277 20165 20165 D NetworkSecurityConfig: No Network Security Config specified, using platform default
07-27 10:12:48.278 20165 20165 D NetworkSecurityConfig: No Network Security Config specified, using platform default
07-27 10:12:48.280 20165 20165 I MMKV : current API level = 31
07-27 10:12:48.280 20165 20165 I MMKV : page size:4096
07-27 10:12:48.280 20165 20165 I MMKV : root dir: /data/user/0/com.tencent.android.qqdownloader/files
07-27 10:12:48.280 20165 20165 I MMKV : loading [CrabShellKV] with 1105 size in total, file size is 8192, InterProcess 1
07-27 10:12:48.280 20165 20165 I MMKV : loading [CrabShellKV] with crc 4171532410 sequence 14 version 1
07-27 10:12:48.280 20165 20165 I MMKV : loaded [CrabShellKV] with 7 values
07-27 10:12:48.284 1564 5594 D CompatibilityInfo: mCompatibilityFlags - 4
07-27 10:12:48.284 1564 5594 D CompatibilityInfo: applicationDensity - 240
07-27 10:12:48.284 1564 5594 D CompatibilityInfo: applicationScale - 1.0
07-27 10:12:48.286 19990 20108 I vivianabis: daemon,getAppAbis:[arm64-v8a]
07-27 10:12:48.286 20165 20165 I tag_LaunchSpeed: ,[main],[LaunchTagger][1]tag:Main_Application_onAttach
07-27 10:12:48.289 20107 20133 I downloader:liv: oneway function results for code 1 on binder at 0x75179ea580 will be dropped but finished with status UNKNOWN_TRANSACTION
07-27 10:12:48.290 20107 20142 I downloader:liv: oneway function results for code 2 on binder at 0x75179ea580 will be dropped but finished with status UNKNOWN_TRANSACTION
07-27 10:12:48.290 20107 20223 E ActivityThreadHacker: live,ApplicationThread$Stub fields is null
07-27 10:12:48.291 20107 20223 E Monitor : live,Monitor init fail. key = service_monitor
07-27 10:12:48.291 20107 20223 E Monitor : live,Monitor init fail. key = receiver_monitor
07-27 10:12:48.291 20107 20223 E Monitor : live,Monitor init fail. key = activity_monitor
07-27 10:12:48.291 20107 20223 E Monitor : live,Monitor init fail. key = process_monitor
07-27 10:12:48.294 20107 20107 I BinderManager: live,mBinderManagerConnection -> onServiceConnected
07-27 10:12:48.294 20107 20107 I BinderManager: live,mBinderManagerConnection -> onServiceConnected, mBinderManager = com.tencent.assistant.daemon.m@57d1d2
07-27 10:12:48.296 20107 20223 I ActivityThreadHacker: live,start Hook successful, dur = 7
07-27 10:12:48.301 20174 20174 I Perf : Connecting to perf service.
07-27 10:12:48.301 19990 20104 I TuringFdNative: TuringFD v68 (190FC754A92BE107, base, 0e441cf, compiled 2021_11_23_19_48_40) success
07-27 10:12:48.304 20107 20251 W bytehook_tag: bytehook init, mode 0, debug 0, return 0
07-27 10:12:48.305 20174 20174 V GraphicsEnvironment: ANGLE Developer option for 'com.tencent.android.qqdownloader' set to: 'default'
07-27 10:12:48.305 20174 20174 V GraphicsEnvironment: ANGLE GameManagerService for com.tencent.android.qqdownloader: false
07-27 10:12:48.306 20174 20174 V GraphicsEnvironment: Updatable production driver is not supported on the device.
07-27 10:12:48.306 20174 20174 D NetworkSecurityConfig: No Network Security Config specified, using platform default
07-27 10:12:48.306 20174 20174 D NetworkSecurityConfig: No Network Security Config specified, using platform default
07-27 10:12:48.307 19990 20108 I HttpNetWorkTask: daemon,traceId:0 msg:The Request contains Auth for reqeustId = 1 mRequestSeq = 2 cmdNames = Auth
07-27 10:12:48.308 20174 20174 I MMKV : current API level = 31
07-27 10:12:48.308 3074 3397 E MediaProvider: Creating a non-default top level directory or deleting an existing one is not allowed!
07-27 10:12:48.308 20174 20174 I MMKV : page size:4096
07-27 10:12:48.308 20174 20174 I MMKV : root dir: /data/user/0/com.tencent.android.qqdownloader/files
07-27 10:12:48.308 20174 20174 I MMKV : loading [CrabShellKV] with 1105 size in total, file size is 8192, InterProcess 1
07-27 10:12:48.309 20174 20174 I MMKV : loading [CrabShellKV] with crc 4171532410 sequence 14 version 1
07-27 10:12:48.309 20174 20174 I MMKV : loaded [CrabShellKV] with 7 values
07-27 10:12:48.309 1564 5594 D PowerManagerService: acquireWakeLockInternal: lock=179073678, flags=0x1, tag="j", ws=null, uid=10096, pid=19990
07-27 10:12:48.309 1564 5594 D PowerManagerService: updateWakeLockSummaryLocked: mWakefulness=Awake, mWakeLockSummary=0x1
07-27 10:12:48.310 1564 5594 D PowerManagerService: updateUserActivitySummaryLocked: groupId=0, mWakefulness=Awake, mUserActivitySummary=0x1, nextTimeout=852346 (in 59004 ms)
07-27 10:12:48.310 1564 5594 D PowerManagerNotifier: onScreenPolicyUpdate: newPolicy=3
07-27 10:12:48.310 1564 5594 D PowerManagerService: updateDisplayPowerStateLocked: displayReady=true, groupId=0, policy=BRIGHT, mWakefulness=Awake, mWakeLockSummary=0x1, mUserActivitySummary=0x1, mBootCompleted=true, screenBrightnessOverride=NaN, useAutoBrightness=true, mScreenBrightnessBoostInProgress=false, mIsVrModeEnabled= false, sQuiescent=false
07-27 10:12:48.310 1564 5594 D PowerManagerNotifier: onWakeLockAcquired: flags=1, tag="j", packageName=com.tencent.android.qqdownloader, ownerUid=10096, ownerPid=19990, workSource=null
07-27 10:12:48.313 1564 11154 D ConnectivityService: requestNetwork for uid/pid:10100/19919 activeRequest: null callbackRequest: 176 [NetworkRequest [ REQUEST id=176, [ Transports: CELLULAR Capabilities: INTERNET&NOT_RESTRICTED&TRUSTED&NOT_VPN&NOT_VCN_MANAGED Uid: 10100 RequestorUid: 10100 RequestorPkg: com.tencent.qqlive] ]] callback flags: 0 priority: 2147483647
07-27 10:12:48.314 1564 1904 D ConnectivityService: NetReassign [no changes]
07-27 10:12:48.321 20165 20276 I MMKV : root dir: /data/user/0/com.tencent.android.qqdownloader/files/mmkv
07-27 10:12:48.321 20165 20276 I MMKVInitiator: ,need prepare mmkv, from: MMKVWrapper ,needForceFixPath: false ,currentPath: /data/user/0/com.tencent.android.qqdownloader/files/mmkv
07-27 10:12:48.321 20165 20276 I MMKV : loading [InterProcessKV] with 340339 size in total, file size is 1048576, InterProcess 1
07-27 10:12:48.322 20165 20276 I MMKV : loading [InterProcessKV] with crc 2521897324 sequence 22 version 1
07-27 10:12:48.323 20165 20276 I MMKV : loaded [InterProcessKV] with 1279 values
07-27 10:12:48.324 20165 20276 I MMKVWrapper: ,MMKVWrapper init finish
07-27 10:12:48.324 20165 20276 I Settings: ,NameValueCache: false
07-27 10:12:48.328 2297 2297 D MicroService: onHeartBeatDetected
07-27 10:12:48.328 2297 2297 D MicroService: sendHeartbeatMessage
07-27 10:12:48.335 20174 20174 I MMKV : root dir: /data/user/0/com.tencent.android.qqdownloader/files/mmkv
07-27 10:12:48.336 20174 20174 I MMKVInitiator: ,need prepare mmkv, from: MMKVWrapper ,needForceFixPath: false ,currentPath: /data/user/0/com.tencent.android.qqdownloader/files/mmkv
07-27 10:12:48.336 20174 20174 I MMKV : loading [InterProcessKV] with 340376 size in total, file size is 1048576, InterProcess 1
07-27 10:12:48.337 20174 20174 I MMKV : loading [InterProcessKV] with crc 2286117835 sequence 22 version 1
07-27 10:12:48.338 20174 20174 I MMKV : loaded [InterProcessKV] with 1279 values
07-27 10:12:48.338 20174 20174 I MMKVWrapper: ,MMKVWrapper init finish
07-27 10:12:48.338 20174 20174 I Settings: ,NameValueCache: false
07-27 10:12:48.341 20165 20165 W HMSSDK_PushPreferences: get new sharedPreferences failed,start to get from context.
07-27 10:12:48.347 19919 20090 W nt.qqlive:cach: Accessing hidden method Landroid/os/storage/StorageVolume;->getPath()Ljava/lang/String; (max-target-q,test-api, reflection, denied)
07-27 10:12:48.347 19919 20090 W nt.qqlive:cach: If this is a platform test consider enabling VMRuntime.ALLOW_TEST_API_ACCESS change id for this package.
07-27 10:12:48.348 19990 20116 I eup : Backup Java Class And Method Success
07-27 10:12:48.348 20165 20165 I AllianceAliveProviderProxy: ,onCreate
07-27 10:12:48.352 19990 20116 I eup : Bugly Register JNI Methods Successfully ~
07-27 10:12:48.352 19990 20116 I eup : regist start
07-27 10:12:48.353 19990 20116 I eup : run in arm64
07-27 10:12:48.356 20165 20276 I XLog : ,init, proccess:market
07-27 10:12:48.358 0 0 I [ 793.390812] binder: 19919:20355 ioctl 40046210 73e584bdb4 returned -22
07-27 10:12:48.362 20165 20165 I GameAccContentProvider: market,onCreate() called
07-27 10:12:48.375 20174 20174 I StartUpOptimizeManager: ,isHomePageRequestOptimizeEnable init, switchRet = true
07-27 10:12:48.377 20174 20334 I RdefenseInitTask: ,init
07-27 10:12:48.383 660 672 I mpu_uart: [MSG-P:R]:recv sync frame timeout
07-27 10:12:48.385 660 673 I mpu_uart: [MSG-P:RECV]:No message received in 1000 ms
07-27 10:12:48.386 20174 20174 I BinderManager: ,mBinderManagerConnection -> onServiceConnected
07-27 10:12:48.397 19990 20087 W bytehook_tag: bytehook init, mode 0, debug 0, return 0
07-27 10:12:48.397 1564 14848 D ConnectivityService: requestNetwork for uid/pid:10100/19919 activeRequest: null callbackRequest: 177 [NetworkRequest [ REQUEST id=177, [ Transports: CELLULAR Capabilities: INTERNET&NOT_RESTRICTED&TRUSTED&NOT_VPN&NOT_VCN_MANAGED Uid: 10100 RequestorUid: 10100 RequestorPkg: com.tencent.qqlive] ]] callback flags: 0 priority: 2147483647
07-27 10:12:48.398 1564 1904 D ConnectivityService: NetReassign [no changes]
07-27 10:12:48.403 20165 20165 I tag_LaunchSpeed: market,[main],[LaunchTagger][1]tag:Main_Application_onCreate_Begin
07-27 10:12:48.404 20165 20165 I StartUpOptimizeManager: market,isHomePageRequestOptimizeEnable init, switchRet = true
07-27 10:12:48.405 20165 20388 I RdefenseInitTask: market,init
07-27 10:12:48.407 20174 20174 I BinderManager: ,mBinderManagerConnection -> onServiceConnected, mBinderManager = com.tencent.assistant.daemon.m@cdf0fb1
07-27 10:12:48.408 1218 1469 W HDCPManagerAdapter: HDCPManagerAdapter::isHDCPAvailable 0
07-27 10:12:48.408 1218 1469 W HDCPManagerAdapter: HDCPManagerAdapter::isHDCPAvailable 0
07-27 10:12:48.408 1218 1469 W HDCPManagerAdapter: HDCPManagerAdapter::isHDCPAvailable 0
07-27 10:12:48.409 1218 1469 W HDCPManagerAdapter: HDCPManagerAdapter::isHDCPAvailable 0
07-27 10:12:48.410 20174 20329 I STGlobal: ,syncAppCallerFromDeamon start STGlobal.appCaller = 6, AstApp.getProcessFlag() = cloud
07-27 10:12:48.416 20174 20375 I MMKVInitiator: ,need prepare mmkv, from: LiveCrossProcessKV ,needForceFixPath: true ,currentPath: /data/user/0/com.tencent.android.qqdownloader/files/mmkv
07-27 10:12:48.416 20174 20375 I MMKVInitiator: ,MMKV already init in the correct dir: /data/user/0/com.tencent.android.qqdownloader/files/mmkv
07-27 10:12:48.417 20174 20375 I MMKV : loading [LiveCrossProcessKV] with 190 size in total, file size is 4096, InterProcess 1
07-27 10:12:48.417 20174 20375 I MMKV : loading [LiveCrossProcessKV] with crc 2072678089 sequence 4 version 1
07-27 10:12:48.417 20174 20375 I MMKV : loaded [LiveCrossProcessKV] with 2 values
07-27 10:12:48.420 20174 20329 I STGlobal: ,syncAppCallerFromDeamon end STGlobal.appCaller = 45
07-27 10:12:48.420 20174 20329 I STGlobal: ,syncAppViaFromDeamon start STGlobal.appVia = , AstApp.getProcessFlag() = cloud
07-27 10:12:48.420 20174 20329 I STGlobal: ,syncAppViaFromDeamon end STGlobal.appVia =
07-27 10:12:48.421 20174 20329 I XLog : ,init, proccess:cloud
07-27 10:12:48.427 20174 20372 I WxApiWrapper: cloud,init wxAppSupportApi:671098935
07-27 10:12:48.429 1564 2479 D CompatibilityInfo: mCompatibilityFlags - 4
07-27 10:12:48.429 1564 2479 D CompatibilityInfo: applicationDensity - 240
07-27 10:12:48.429 1564 2479 D CompatibilityInfo: applicationScale - 1.0
07-27 10:12:48.432 1564 11154 D CompatibilityInfo: mCompatibilityFlags - 4
07-27 10:12:48.432 1564 11154 D CompatibilityInfo: applicationDensity - 240
07-27 10:12:48.432 1564 11154 D CompatibilityInfo: applicationScale - 1.0
07-27 10:12:48.466 20174 20334 E ActivityThreadHacker: cloud,ApplicationThread$Stub fields is null
07-27 10:12:48.468 20174 20334 E Monitor : cloud,Monitor init fail. key = service_monitor
07-27 10:12:48.469 20174 20334 E Monitor : cloud,Monitor init fail. key = receiver_monitor
07-27 10:12:48.469 20174 20334 E Monitor : cloud,Monitor init fail. key = activity_monitor
07-27 10:12:48.469 20174 20334 E Monitor : cloud,Monitor init fail. key = process_monitor
07-27 10:12:48.473 20107 20424 E System : ******** DEPRECATED FUNCTIONALITY ********
07-27 10:12:48.473 20107 20424 E System : * The implementation of the KeyFactory.RSA algorithm from
07-27 10:12:48.473 20107 20424 E System : * the BC provider is deprecated in this version of Android.
07-27 10:12:48.473 20107 20424 E System : * It will be removed in a future version of Android and your
07-27 10:12:48.473 20107 20424 E System : * application will no longer be able to request it. Please see
07-27 10:12:48.473 20107 20424 E System : * https://android-developers.googleblog.com/2018/03/cryptography-changes-in-android-p.html
07-27 10:12:48.473 20107 20424 E System : * for more details.
07-27 10:12:48.481 20165 20430 I MMKV : loading [RapidViewFileStoreIndexKV] with 279944 size in total, file size is 524288, InterProcess 1
07-27 10:12:48.481 20165 20430 I MMKV : loading [RapidViewFileStoreIndexKV] with crc 3145244360 sequence 16 version 2
07-27 10:12:48.483 20165 20430 I MMKV : loaded [RapidViewFileStoreIndexKV] with 1693 values
07-27 10:12:48.493 20165 20430 I MMKV : loading [RapidViewFileDownloadIndexKV] with 500692 size in total, file size is 524288, InterProcess 1
07-27 10:12:48.493 20165 20430 I MMKV : loading [RapidViewFileDownloadIndexKV] with crc 685513118 sequence 9 version 1
07-27 10:12:48.495 20165 20430 I MMKV : loaded [RapidViewFileDownloadIndexKV] with 1693 values
07-27 10:12:48.495 20165 20430 I MMKV : loading [RapidViewViewConfigKV] with 61247 size in total, file size is 65536, InterProcess 1
07-27 10:12:48.495 20165 20430 I MMKV : loading [RapidViewViewConfigKV] with crc 1892323756 sequence 6 version 1
07-27 10:12:48.495 20165 20430 I MMKV : loaded [RapidViewViewConfigKV] with 463 values
07-27 10:12:48.528 20488 20488 D ProcessState: Binder ioctl to enable oneway spam detection failed: Invalid argument
07-27 10:12:48.529 0 0 I [ 793.561276] binder: 20488:20488 ioctl 40046210 7ff34e6c24 returned -22
07-27 10:12:48.539 683 19555 W SocketClient: write error (Broken pipe)
07-27 10:12:48.539 683 19555 W SocketClient: write error (Broken pipe)
07-27 10:12:48.539 683 19555 W SocketClient: write error (Broken pipe)
07-27 10:12:48.539 683 19555 W SocketClient: write error (Broken pipe)
07-27 10:12:48.539 683 19555 W SocketClient: write error (Broken pipe)
07-27 10:12:48.539 683 19555 W SocketClient: write error (Broken pipe)
07-27 10:12:48.539 683 19555 W SocketClient: write error (Broken pipe)
07-27 10:12:48.539 683 19555 W SocketClient: write error (Broken pipe)
07-27 10:12:48.539 683 19555 W SocketClient: write error (Broken pipe)
07-27 10:12:48.539 683 19555 W SocketClient: write error (Broken pipe)
07-27 10:12:48.539 683 19555 W SocketClient: write error (Broken pipe)
07-27 10:12:48.539 683 19555 W SocketClient: write error (Broken pipe)
07-27 10:12:48.539 683 19555 W SocketClient: write error (Broken pipe)
07-27 10:12:48.539 683 19555 W SocketClient: write error (Broken pipe)
07-27 10:12:48.539 683 19555 W SocketClient: write error (Broken pipe)
07-27 10:12:48.539 683 19555 W SocketClient: write error (Broken pipe)
07-27 10:12:48.539 683 19555 W SocketClient: write error (Broken pipe)
07-27 10:12:48.539 683 19555 W SocketClient: write error (Broken pipe)
07-27 10:12:48.539 683 19555 W SocketClient: write error (Broken pipe)
07-27 10:12:48.540 683 19555 W SocketClient: write error (Broken pipe)
07-27 10:12:48.540 683 19555 W SocketClient: write error (Broken pipe)
07-27 10:12:48.540 683 19555 W SocketClient: write error (Broken pipe)
07-27 10:12:48.540 683 19555 W resolv : GetHostByNameHandler::run: Error writing DNS result to client uid 10100 pid 19203: Broken pipe
07-27 10:12:48.552 683 19154 W SocketClient: write error (Broken pipe)
07-27 10:12:48.552 683 19154 W resolv : GetAddrInfoHandler::run: Error writing DNS result to client uid 10100 pid 18932: Broken pipe
07-27 10:12:48.552 683 19525 W SocketClient: write error (Broken pipe)
07-27 10:12:48.552 683 19525 W resolv : GetAddrInfoHandler::run: Error writing DNS result to client uid 10100 pid 19203: Broken pipe
07-27 10:12:48.556 1564 1825 D PowerManagerService: acquireWakeLockInternal: lock=250586413, flags=0x1, tag="", ws=null, uid=10100, pid=19425
07-27 10:12:48.556 1564 1825 D PowerManagerService: updateWakeLockSummaryLocked: mWakefulness=Awake, mWakeLockSummary=0x1
07-27 10:12:48.556 1564 1825 D PowerManagerService: updateUserActivitySummaryLocked: groupId=0, mWakefulness=Awake, mUserActivitySummary=0x1, nextTimeout=852346 (in 58757 ms)
07-27 10:12:48.556 1564 1825 D PowerManagerNotifier: onScreenPolicyUpdate: newPolicy=3
07-27 10:12:48.556 1564 1825 D PowerManagerService: updateDisplayPowerStateLocked: displayReady=true, groupId=0, policy=BRIGHT, mWakefulness=Awake, mWakeLockSummary=0x1, mUserActivitySummary=0x1, mBootCompleted=true, screenBrightnessOverride=NaN, useAutoBrightness=true, mScreenBrightnessBoostInProgress=false, mIsVrModeEnabled= false, sQuiescent=false
07-27 10:12:48.556 1564 1825 D PowerManagerNotifier: onWakeLockAcquired: flags=1, tag="", packageName=com.tencent.qqlive, ownerUid=10100, ownerPid=19425, workSource=null
07-27 10:12:48.572 20174 20371 W bytehook_tag: bytehook init, mode 0, debug 0, return 0
07-27 10:12:48.573 20165 20416 W System.err: java.lang.ClassNotFoundException: com.huawei.system.BuildEx
07-27 10:12:48.573 20165 20416 W System.err: at java.lang.Class.classForName(Native Method)
07-27 10:12:48.573 20165 20416 W System.err: at java.lang.Class.forName(Class.java:454)
07-27 10:12:48.573 20165 20416 W System.err: at java.lang.Class.forName(Class.java:379)
07-27 10:12:48.573 20165 20416 W System.err: at com.tencent.assistant.utils.df.i(Unknown Source:22)
07-27 10:12:48.573 20165 20416 W System.err: at com.tencent.assistant.utils.DeviceUtils.isHarmonyOS(Unknown Source:0)
07-27 10:12:48.573 20165 20416 W System.err: at com.tencent.pangu.reshub.j.a(Unknown Source:253)
07-27 10:12:48.573 20165 20416 W System.err: at com.tencent.pangu.reshub.ResHubInitializer.a(Unknown Source:66)
07-27 10:12:48.573 20165 20416 W System.err: at com.tencent.assistant.module.init.a.ap.doInit(Unknown Source:16)
07-27 10:12:48.573 20165 20416 W System.err: at com.tencent.assistant.module.init.AbstractInitTask.run(Unknown Source:8)
07-27 10:12:48.573 20165 20416 W System.err: at com.tencent.assistant.module.init.j.run(Unknown Source:20)
07-27 10:12:48.573 20165 20416 W System.err: at com.tencent.raft.threadservice.impl.c.run(Unknown Source:5)
07-27 10:12:48.573 20165 20416 W System.err: at com.tencent.raft.threadservice.impl.d.run(Unknown Source:2)
07-27 10:12:48.573 20165 20416 W System.err: at java.util.concurrent.ThreadPoolExecutor.runWorker(ThreadPoolExecutor.java:1167)
07-27 10:12:48.573 20165 20416 W System.err: at java.util.concurrent.ThreadPoolExecutor$Worker.run(ThreadPoolExecutor.java:641)
07-27 10:12:48.573 20165 20416 W System.err: at java.lang.Thread.run(Thread.java:920)
07-27 10:12:48.573 20165 20416 W System.err: Caused by: java.lang.ClassNotFoundException: com.huawei.system.BuildEx
07-27 10:12:48.573 20165 20416 W System.err: ... 15 more
07-27 10:12:48.610 683 19066 W SocketClient: write error (Broken pipe)
07-27 10:12:48.610 683 19066 W resolv : GetAddrInfoHandler::run: Error writing DNS result to client uid 10100 pid 18932: Broken pipe
07-27 10:12:48.610 683 19118 W SocketClient: write error (Broken pipe)
07-27 10:12:48.610 683 19118 W resolv : GetAddrInfoHandler::run: Error writing DNS result to client uid 10100 pid 18932: Broken pipe
07-27 10:12:48.610 683 19340 W SocketClient: write error (Broken pipe)
07-27 10:12:48.610 683 19340 W resolv : GetAddrInfoHandler::run: Error writing DNS result to client uid 10100 pid 19026: Broken pipe
07-27 10:12:48.610 683 19124 W SocketClient: write error (Broken pipe)
07-27 10:12:48.610 683 19124 W resolv : GetAddrInfoHandler::run: Error writing DNS result to client uid 10100 pid 10448: Broken pipe
07-27 10:12:48.610 683 19078 W SocketClient: write error (Broken pipe)
07-27 10:12:48.610 683 19078 W resolv : GetAddrInfoHandler::run: Error writing DNS result to client uid 10100 pid 18932: Broken pipe
07-27 10:12:48.610 683 19414 W SocketClient: write error (Broken pipe)
07-27 10:12:48.610 683 19414 W resolv : GetAddrInfoHandler::run: Error writing DNS result to client uid 10100 pid 19203: Broken pipe
07-27 10:12:48.611 683 19321 W SocketClient: write error (Broken pipe)
07-27 10:12:48.611 683 19321 W resolv : GetAddrInfoHandler::run: Error writing DNS result to client uid 10100 pid 19026: Broken pipe
07-27 10:12:48.612 683 19478 W SocketClient: write error (Broken pipe)
07-27 10:12:48.612 683 19478 W resolv : GetAddrInfoHandler::run: Error writing DNS result to client uid 10100 pid 19203: Broken pipe
07-27 10:12:48.613 683 19422 W SocketClient: write error (Broken pipe)
07-27 10:12:48.613 683 19422 W resolv : GetAddrInfoHandler::run: Error writing DNS result to client uid 10100 pid 19203: Broken pipe
07-27 10:12:48.613 683 19022 W SocketClient: write error (Broken pipe)
07-27 10:12:48.613 683 19022 W resolv : GetAddrInfoHandler::run: Error writing DNS result to client uid 10100 pid 18932: Broken pipe
07-27 10:12:48.613 683 19304 W SocketClient: write error (Broken pipe)
07-27 10:12:48.613 683 19304 W resolv : GetAddrInfoHandler::run: Error writing DNS result to client uid 10100 pid 19026: Broken pipe
07-27 10:12:48.613 683 19416 W SocketClient: write error (Broken pipe)
07-27 10:12:48.613 683 19416 W resolv : GetAddrInfoHandler::run: Error writing DNS result to client uid 10100 pid 19203: Broken pipe
07-27 10:12:48.615 683 19097 W SocketClient: write error (Broken pipe)
07-27 10:12:48.615 683 19097 W resolv : GetAddrInfoHandler::run: Error writing DNS result to client uid 10100 pid 18932: Broken pipe
07-27 10:12:48.617 683 19068 W SocketClient: write error (Broken pipe)
07-27 10:12:48.617 683 19068 W resolv : GetAddrInfoHandler::run: Error writing DNS result to client uid 10100 pid 18932: Broken pipe
07-27 10:12:48.618 683 19418 W SocketClient: write error (Broken pipe)
07-27 10:12:48.618 683 19418 W resolv : GetAddrInfoHandler::run: Error writing DNS result to client uid 10100 pid 19203: Broken pipe
07-27 10:12:48.618 683 19151 W SocketClient: write error (Broken pipe)
07-27 10:12:48.618 683 19151 W resolv : GetAddrInfoHandler::run: Error writing DNS result to client uid 10100 pid 18932: Broken pipe
07-27 10:12:48.618 683 19386 W SocketClient: write error (Broken pipe)
07-27 10:12:48.618 683 19386 W resolv : GetAddrInfoHandler::run: Error writing DNS result to client uid 10100 pid 19203: Broken pipe
07-27 10:12:48.619 683 19523 W SocketClient: write error (Broken pipe)
07-27 10:12:48.619 683 19523 W resolv : GetAddrInfoHandler::run: Error writing DNS result to client uid 10100 pid 19203: Broken pipe
07-27 10:12:48.623 683 19301 W SocketClient: write error (Broken pipe)
07-27 10:12:48.623 683 19301 W resolv : GetAddrInfoHandler::run: Error writing DNS result to client uid 10100 pid 19026: Broken pipe
07-27 10:12:48.624 683 19201 W SocketClient: write error (Broken pipe)
07-27 10:12:48.624 683 19201 W resolv : GetAddrInfoHandler::run: Error writing DNS result to client uid 10100 pid 19026: Broken pipe
07-27 10:12:48.626 683 19274 W SocketClient: write error (Broken pipe)
07-27 10:12:48.626 683 19274 W resolv : GetAddrInfoHandler::run: Error writing DNS result to client uid 10100 pid 19026: Broken pipe
07-27 10:12:48.665 20165 20388 W bytehook_tag: bytehook init, mode 0, debug 0, return 0
07-27 10:12:48.683 20165 20428 E SQLiteLog: (1) duplicate column name: overWriteChannelId in "alter table downloadsinfo add column overWriteChannelId INTEGER;"
07-27 10:12:48.684 20165 20428 E SQLiteLog: (1) duplicate column name: autoOpenInstalledApp in "alter table downloadsinfo add column autoOpenInstalledApp INTEGER;"
07-27 10:12:48.684 20165 20428 E SQLiteLog: (1) duplicate column name: subscribeId in "alter table downloadsinfo add column subscribeId INTEGER;"
07-27 10:12:48.685 20165 20428 E SQLiteLog: (1) duplicate column name: sllLocalFileListMd5 in "alter table downloadsinfo add column sllLocalFileListMd5 TEXT;"
07-27 10:12:48.685 20165 20428 E SQLiteLog: (1) duplicate column name: mainUrl in "alter table downloadsinfo add column mainUrl TEXT;"
07-27 10:12:48.685 20165 20428 E SQLiteLog: (1) duplicate column name: retryDownload in "alter table downloadsinfo add column retryDownload INTEGER;"
07-27 10:12:48.686 20165 20428 E SQLiteLog: (1) duplicate column name: speed in "alter table downloadsinfo add column speed INTEGER;"
07-27 10:12:48.687 20165 20428 E SQLiteLog: (1) duplicate column name: isQLApkLengthChanged in "alter table downloadsinfo add column isQLApkLengthChanged INTEGER;"
07-27 10:12:48.687 20165 20428 E SQLiteLog: (1) duplicate column name: clientFileSize in "alter table downloadsinfo add column clientFileSize INTEGER;"
07-27 10:12:48.688 20165 20428 E SQLiteLog: (1) duplicate column name: finalFileName in "alter table downloadsinfo add column finalFileName TEXT;"
07-27 10:12:48.688 20165 20428 E SQLiteLog: (1) duplicate column name: fromOutCall in "alter table downloadsinfo add column fromOutCall INTEGER;"
07-27 10:12:48.715 20165 20416 I MMKV : root dir: /data/user/0/com.tencent.android.qqdownloader/files/mmkv
07-27 10:12:48.738 20165 20544 I MMKV : loading [rdelivery_common_storage] with 977 size in total, file size is 4096, InterProcess 1
07-27 10:12:48.738 20165 20544 I MMKV : loading [rdelivery_common_storage] with crc 2317933495 sequence 3 version 1
07-27 10:12:48.739 20165 20544 I MMKV : loaded [rdelivery_common_storage] with 5 values
07-27 10:12:48.742 20165 20542 I MMKV : loading [aa66b6582e_10010_null_2012361473884766912_APP] with 126218 size in total, file size is 262144, InterProcess 1
07-27 10:12:48.742 20165 20542 I MMKV : loading [aa66b6582e_10010_null_2012361473884766912_APP] with crc 2816483379 sequence 5 version 1
07-27 10:12:48.743 20165 20542 I MMKV : loaded [aa66b6582e_10010_null_2012361473884766912_APP] with 37 values
07-27 10:12:48.767 20165 20416 I eup : Backup Java Class And Method Success
07-27 10:12:48.767 20165 20416 I eup : Bugly Register JNI Methods Successfully ~
07-27 10:12:48.767 20165 20416 I eup : regist start
07-27 10:12:48.767 20165 20416 I eup : run in arm64
07-27 10:12:48.795 20165 20165 I MMKV : loading [mmkv.default] with 0 size in total, file size is 4096, InterProcess 0
07-27 10:12:48.795 20165 20165 I MMKV : loaded [mmkv.default] with 0 values
07-27 10:12:49.385 660 673 I mpu_uart: [MSG-P:RECV]:No message received in 1000 ms
07-27 10:12:49.585 1564 1853 I input_interaction: Interaction with: efcdbbc com.tencent.qqlive/com.tencent.qqlive.ona.activity.SplashHomeActivity (server), edge-swipe (server), swipe-up (server), PointerEventDispatcher0 (server),
07-27 10:12:49.585 1564 1853 D PowerManagerService: userActivityNoUpdateLocked: groupId=0, eventTime=794617, event=2, flags=0x0, uid=1000
07-27 10:12:49.585 1564 1853 D PowerManagerNotifier: onUserActivity: event=2, uid=1000
07-27 10:12:49.586 1564 1853 D PowerManagerService: updateUserActivitySummaryLocked: groupId=0, mWakefulness=Awake, mUserActivitySummary=0x1, nextTimeout=854617 (in 59999 ms)
07-27 10:12:49.586 1564 1853 D PowerManagerNotifier: onScreenPolicyUpdate: newPolicy=3
07-27 10:12:49.586 1564 1853 D PowerManagerService: updateDisplayPowerStateLocked: displayReady=true, groupId=0, policy=BRIGHT, mWakefulness=Awake, mWakeLockSummary=0x1, mUserActivitySummary=0x1, mBootCompleted=true, screenBrightnessOverride=NaN, useAutoBrightness=true, mScreenBrightnessBoostInProgress=false, mIsVrModeEnabled= false, sQuiescent=false
07-27 10:12:49.586 1963 1963 D ViewTouchDebug: mView : com.android.systemui.navigationbar.NavigationBarFrame{b1baa31 V.E...... ........ 0,0-2560,46 #7f0b03f3 app:id/navigation_bar_frame}Receive event : MotionEvent { action=ACTION_OUTSIDE, actionButton=0, id[0]=0, x[0]=0.0, y[0]=-1034.0, toolType[0]=TOOL_TYPE_FINGER, buttonState=0, classification=NONE, metaState=0, flags=0x0, edgeFlags=0x0, pointerCount=1, historySize=0, eventTime=794617, downTime=794617, deviceId=2, source=0x5002, displayId=0, eventId=1423483141 }
07-27 10:12:49.586 1963 1963 D NoBackGesture: Start gesture: MotionEvent { action=ACTION_DOWN, actionButton=0, id[0]=0, x[0]=541.0, y[0]=210.0, toolType[0]=TOOL_TYPE_FINGER, buttonState=0, classification=NONE, metaState=0, flags=0x0, edgeFlags=0x0, pointerCount=1, historySize=0, eventTime=794617, downTime=794617, deviceId=2, source=0x5002, displayId=0, eventId=446743078 } mSysUiFlags=0 region=Rect(0, 0 - 0, 0)
07-27 10:12:49.586 1963 1963 D NoBackGesture: Gesture [1690423969586,alw=FALSE,FALSE,TRUE,FALSE,disp=Point(2560, 1080),wl=45,il=0,wr=45,ir=0,excl=SkRegion()]
07-27 10:12:49.588 2647 2647 D TouchInteractionService: onInputEvent mUncheckedConsumer = com.android.quickstep.InputConsumer$$ExternalSyntheticLambda0@58c18f6
07-27 10:12:49.717 1564 1825 D PowerManagerService: releaseWakeLockInternal: lock=150042083 [HttpRequestTask], flags=0x0
07-27 10:12:49.717 1564 1825 D PowerManagerNotifier: onWakeLockReleased: flags=1, tag="HttpRequestTask", packageName=com.tencent.qqlive, ownerUid=10100, ownerPid=19425, workSource=null
07-27 10:12:49.717 1564 1825 D PowerManagerService: updateWakeLockSummaryLocked: mWakefulness=Awake, mWakeLockSummary=0x1
07-27 10:12:49.717 1564 1825 D PowerManagerService: updateUserActivitySummaryLocked: groupId=0, mWakefulness=Awake, mUserActivitySummary=0x1, nextTimeout=854617 (in 59867 ms)
07-27 10:12:49.717 1564 1825 D PowerManagerNotifier: onScreenPolicyUpdate: newPolicy=3
07-27 10:12:49.717 1564 1825 D PowerManagerService: updateDisplayPowerStateLocked: displayReady=true, groupId=0, policy=BRIGHT, mWakefulness=Awake, mWakeLockSummary=0x1, mUserActivitySummary=0x1, mBootCompleted=true, screenBrightnessOverride=NaN, useAutoBrightness=true, mScreenBrightnessBoostInProgress=false, mIsVrModeEnabled= false, sQuiescent=false
07-27 10:12:49.725 1564 1825 D PowerManagerService: releaseWakeLockInternal: lock=179073678 [j], flags=0x0
07-27 10:12:49.725 1564 1825 D PowerManagerNotifier: onWakeLockReleased: flags=1, tag="j", packageName=com.tencent.android.qqdownloader, ownerUid=10096, ownerPid=19990, workSource=null
07-27 10:12:49.725 1564 1825 D PowerManagerService: updateWakeLockSummaryLocked: mWakefulness=Awake, mWakeLockSummary=0x1
07-27 10:12:49.725 1564 1825 D PowerManagerService: updateUserActivitySummaryLocked: groupId=0, mWakefulness=Awake, mUserActivitySummary=0x1, nextTimeout=854617 (in 59859 ms)
07-27 10:12:49.725 1564 1825 D PowerManagerNotifier: onScreenPolicyUpdate: newPolicy=3
07-27 10:12:49.725 1564 1825 D PowerManagerService: updateDisplayPowerStateLocked: displayReady=true, groupId=0, policy=BRIGHT, mWakefulness=Awake, mWakeLockSummary=0x1, mUserActivitySummary=0x1, mBootCompleted=true, screenBrightnessOverride=NaN, useAutoBrightness=true, mScreenBrightnessBoostInProgress=false, mIsVrModeEnabled= false, sQuiescent=false
07-27 10:12:49.726 1564 1825 D PowerManagerService: acquireWakeLockInternal: lock=1364028, flags=0x1, tag="j", ws=null, uid=10096, pid=19990
07-27 10:12:49.727 1564 1825 D PowerManagerService: updateWakeLockSummaryLocked: mWakefulness=Awake, mWakeLockSummary=0x1
07-27 10:12:49.727 1564 1825 D PowerManagerService: updateUserActivitySummaryLocked: groupId=0, mWakefulness=Awake, mUserActivitySummary=0x1, nextTimeout=854617 (in 59858 ms)
07-27 10:12:49.727 1564 1825 D PowerManagerNotifier: onScreenPolicyUpdate: newPolicy=3
07-27 10:12:49.727 1564 1825 D PowerManagerService: updateDisplayPowerStateLocked: displayReady=true, groupId=0, policy=BRIGHT, mWakefulness=Awake, mWakeLockSummary=0x1, mUserActivitySummary=0x1, mBootCompleted=true, screenBrightnessOverride=NaN, useAutoBrightness=true, mScreenBrightnessBoostInProgress=false, mIsVrModeEnabled= false, sQuiescent=false
07-27 10:12:49.727 1564 1825 D PowerManagerNotifier: onWakeLockAcquired: flags=1, tag="j", packageName=com.tencent.android.qqdownloader, ownerUid=10096, ownerPid=19990, workSource=null
07-27 10:12:49.863 0 0 E [ 794.892630] [MAX975X: max96755x_vc1_lcd_dtc_check] *ERROR* DTC_Display: screen not ready(0), bl_sta(1), lvl(40)
07-27 10:12:49.984 1564 5594 D PowerManagerService: acquireWakeLockInternal: lock=262248218, flags=0x1, tag="MicroMsg.MMAutoAuth", ws=null, uid=10098, pid=18223
07-27 10:12:49.984 1564 5594 D PowerManagerService: updateWakeLockSummaryLocked: mWakefulness=Awake, mWakeLockSummary=0x1
07-27 10:12:49.984 1564 5594 D PowerManagerService: updateUserActivitySummaryLocked: groupId=0, mWakefulness=Awake, mUserActivitySummary=0x1, nextTimeout=854617 (in 59601 ms)
07-27 10:12:49.984 1564 5594 D PowerManagerNotifier: onScreenPolicyUpdate: newPolicy=3
07-27 10:12:49.984 1564 5594 D PowerManagerService: updateDisplayPowerStateLocked: displayReady=true, groupId=0, policy=BRIGHT, mWakefulness=Awake, mWakeLockSummary=0x1, mUserActivitySummary=0x1, mBootCompleted=true, screenBrightnessOverride=NaN, useAutoBrightness=true, mScreenBrightnessBoostInProgress=false, mIsVrModeEnabled= false, sQuiescent=false
07-27 10:12:49.984 1564 5594 D PowerManagerNotifier: onWakeLockAcquired: flags=1, tag="MicroMsg.MMAutoAuth", packageName=com.tencent.mm, ownerUid=10098, ownerPid=18223, workSource=null
07-27 10:12:49.998 1564 5594 D PowerManagerService: releaseWakeLockInternal: lock=262248218 [MicroMsg.MMAutoAuth], flags=0x0
07-27 10:12:49.998 1564 5594 D PowerManagerNotifier: onWakeLockReleased: flags=1, tag="MicroMsg.MMAutoAuth", packageName=com.tencent.mm, ownerUid=10098, ownerPid=18223, workSource=null
07-27 10:12:49.999 1564 5594 D PowerManagerService: updateWakeLockSummaryLocked: mWakefulness=Awake, mWakeLockSummary=0x1
07-27 10:12:49.999 1564 5594 D PowerManagerService: updateUserActivitySummaryLocked: groupId=0, mWakefulness=Awake, mUserActivitySummary=0x1, nextTimeout=854617 (in 59586 ms)
07-27 10:12:49.999 1564 5594 D PowerManagerNotifier: onScreenPolicyUpdate: newPolicy=3
07-27 10:12:49.999 1564 5594 D PowerManagerService: updateDisplayPowerStateLocked: displayReady=true, groupId=0, policy=BRIGHT, mWakefulness=Awake, mWakeLockSummary=0x1, mUserActivitySummary=0x1, mBootCompleted=true, screenBrightnessOverride=NaN, useAutoBrightness=true, mScreenBrightnessBoostInProgress=false, mIsVrModeEnabled= false, sQuiescent=false
07-27 10:12:50.001 1564 5594 D PowerManagerService: acquireWakeLockInternal: lock=262248218, flags=0x1, tag="MicroMsg.MMAutoAuth", ws=null, uid=10098, pid=18223
07-27 10:12:50.001 1564 5594 D PowerManagerService: updateWakeLockSummaryLocked: mWakefulness=Awake, mWakeLockSummary=0x1
07-27 10:12:50.001 1564 5594 D PowerManagerService: updateUserActivitySummaryLocked: groupId=0, mWakefulness=Awake, mUserActivitySummary=0x1, nextTimeout=854617 (in 59584 ms)
07-27 10:12:50.001 1564 5594 D PowerManagerNotifier: onScreenPolicyUpdate: newPolicy=3
07-27 10:12:50.001 1564 5594 D PowerManagerService: updateDisplayPowerStateLocked: displayReady=true, groupId=0, policy=BRIGHT, mWakefulness=Awake, mWakeLockSummary=0x1, mUserActivitySummary=0x1, mBootCompleted=true, screenBrightnessOverride=NaN, useAutoBrightness=true, mScreenBrightnessBoostInProgress=false, mIsVrModeEnabled= false, sQuiescent=false
07-27 10:12:50.001 1564 5594 D PowerManagerNotifier: onWakeLockAcquired: flags=1, tag="MicroMsg.MMAutoAuth", packageName=com.tencent.mm, ownerUid=10098, ownerPid=18223, workSource=null
07-27 10:12:50.028 1564 5594 D PowerManagerService: acquireWakeLockInternal: lock=200503883, flags=0x1, tag="PlatformComm", ws=null, uid=10098, pid=18223
07-27 10:12:50.028 1564 5594 D PowerManagerService: updateWakeLockSummaryLocked: mWakefulness=Awake, mWakeLockSummary=0x1
07-27 10:12:50.028 1564 5594 D PowerManagerService: updateUserActivitySummaryLocked: groupId=0, mWakefulness=Awake, mUserActivitySummary=0x1, nextTimeout=854617 (in 59557 ms)
07-27 10:12:50.028 1564 5594 D PowerManagerNotifier: onScreenPolicyUpdate: newPolicy=3
07-27 10:12:50.028 1564 5594 D PowerManagerService: updateDisplayPowerStateLocked: displayReady=true, groupId=0, policy=BRIGHT, mWakefulness=Awake, mWakeLockSummary=0x1, mUserActivitySummary=0x1, mBootCompleted=true, screenBrightnessOverride=NaN, useAutoBrightness=true, mScreenBrightnessBoostInProgress=false, mIsVrModeEnabled= false, sQuiescent=false
07-27 10:12:50.028 1564 5594 D PowerManagerNotifier: onWakeLockAcquired: flags=1, tag="PlatformComm", packageName=com.tencent.mm, ownerUid=10098, ownerPid=18223, workSource=null
07-27 10:12:50.064 1564 2033 D PowerManagerService: releaseWakeLockInternal: lock=200503883 [PlatformComm], flags=0x0
