07-27 10:08:58.288 1963 1963 I sysui_multi_action: [757,0,758,1,759,0,927,4,1593,1]
07-27 10:08:58.289 1564 2785 I sysui_multi_action: [757,128,758,1,793,543917,794,0,795,543917,796,32,798,1,806,android,857,USB,858,1,947,0,1395,2,1500,543373,1688,1]
07-27 10:08:58.289 1564 2785 I sysui_multi_action: [757,804,799,note_freshness,801,543917,802,1]
07-27 10:08:58.289 1564 2785 I notification_visibility: [-1|android|32|null|1000,1,543917,543917,0,1]
07-27 10:08:58.290 1963 1963 I sysui_multi_action: [757,111,758,1]
07-27 10:08:58.290 1963 1963 I sysui_multi_action: [757,113,758,1,759,113,927,0,928,1,1593,1]
07-27 10:08:58.290 1963 1963 I sysui_multi_action: [757,0,758,1,759,0,927,1,928,0,1593,1]
07-27 10:08:58.290 1963 1963 I sysui_multi_action: [757,491,758,1,759,491,927,2,928,0,1311,-1,1593,1]
07-27 10:08:58.290 1963 1963 I sysui_multi_action: [757,0,758,1,759,0,927,3,928,0,1593,1]
07-27 10:08:58.303 1564 1853 I input_focus: [Focus entering 689afdd NotificationShade (server),reason=Window became focusable. Previous reason: NOT_VISIBLE]
07-27 10:08:58.439 1564 1692 I am_pss : [10549,10100,com.tencent.qqlive:cache,84853760,51859456,0,285483008,0,3,15]
07-27 10:08:58.450 1564 1692 I am_pss : [10559,10100,com.tencent.qqlive:services,57200640,28995584,0,251998208,0,3,10]
07-27 10:08:58.456 1564 1692 I am_pss : [8915,10070,com.android.webview:webview_service,14976000,4161536,0,84258816,0,3,5]
07-27 10:08:58.462 1564 1692 I am_pss : [10804,99004,com.android.webview:sandboxed_process0:org.chromium.content.app.SandboxedProcessService0:0,13203456,2809856,0,76951552,0,3,4]
07-27 10:08:58.626 1564 1894 I netstats_mobile_sample: [0,0,0,0,0,0,0,0,0,0,0,0,1690423735159]
07-27 10:08:58.627 1564 1894 I netstats_wifi_sample: [525771,452,1717091,2912,525771,452,1717091,2912,5633961,4840,1360703,2559,1690423735159]
07-27 10:08:58.623 683 683 I auditd : type=1400 audit(0.0:14643): avc: denied { add_name } for comm="Binder:683_3" name="globalAlert" scontext=u:r:netd:s0 tcontext=u:object_r:proc_net:s0 tclass=dir permissive=1
07-27 10:08:59.003 1564 1853 I input_interaction: Interaction with: 689afdd NotificationShade (server), edge-swipe (server), swipe-up (server), PointerEventDispatcher0 (server),
07-27 10:08:59.103 10448 10448 I auditd : type=1400 audit(0.0:14644): avc: denied { read } for comm="qm-thread-1" name="sdcard" dev="tmpfs" ino=15588 scontext=u:r:untrusted_app:s0:c100,c256,c512,c768 tcontext=u:object_r:mnt_sdcard_file:s0 tclass=lnk_file permissive=1 app=com.tencent.qqlive
07-27 10:08:59.103 10448 10448 I auditd : type=1400 audit(0.0:14645): avc: denied { open } for comm="qm-thread-1" path="/proc/uptime" dev="proc" ino=4026532246 scontext=u:r:untrusted_app:s0:c100,c256,c512,c768 tcontext=u:object_r:proc_uptime:s0 tclass=file permissive=1 app=com.tencent.qqlive
07-27 10:08:59.107 10448 10448 I auditd : type=1400 audit(0.0:14646): avc: denied { read } for comm="qm-thread-1" name="ioports" dev="proc" ino=4026532282 scontext=u:r:untrusted_app:s0:c100,c256,c512,c768 tcontext=u:object_r:proc:s0 tclass=file permissive=1 app=com.tencent.qqlive
07-27 10:08:59.107 10448 10448 I auditd : type=1400 audit(0.0:14647): avc: denied { open } for comm="qm-thread-1" path="/proc/ioports" dev="proc" ino=4026532282 scontext=u:r:untrusted_app:s0:c100,c256,c512,c768 tcontext=u:object_r:proc:s0 tclass=file permissive=1 app=com.tencent.qqlive
07-27 10:08:59.107 10448 10448 I auditd : type=1400 audit(0.0:14648): avc: denied { open } for comm="qm-thread-1" path="/" dev="dm-5" ino=2 scontext=u:r:untrusted_app:s0:c100,c256,c512,c768 tcontext=u:object_r:rootfs:s0 tclass=dir permissive=1 app=com.tencent.qqlive
07-27 10:08:59.111 10448 10448 I auditd : type=1400 audit(0.0:14649): avc: denied { open } for comm="qm-thread-1" path="/dev" dev="tmpfs" ino=14337 scontext=u:r:untrusted_app:s0:c100,c256,c512,c768 tcontext=u:object_r:device:s0 tclass=dir permissive=1 app=com.tencent.qqlive
07-27 10:08:59.119 10448 10448 I auditd : type=1400 audit(0.0:14650): avc: denied { getattr } for comm="qm-thread-1" path="/dev/input/event0" dev="tmpfs" ino=15492 scontext=u:r:untrusted_app:s0:c100,c256,c512,c768 tcontext=u:object_r:input_device:s0 tclass=chr_file permissive=1 app=com.tencent.qqlive
07-27 10:08:59.175 1564 2785 I volume_changed: [3,19,26,39,com.android.systemui]
07-27 10:08:59.210 1564 1695 I am_proc_start: [0,13034,10096,com.tencent.ilink.ServiceProcess,service,{com.tencent.android.qqdownloader/com.tencent.luggage.services.WxaStartUpService}]
07-27 10:08:59.228 1564 3221 I am_proc_bound: [0,13034,com.tencent.ilink.ServiceProcess]
07-27 10:08:59.249 1564 1692 I am_pss : [10782,10096,com.tencent.android.qqdownloader:daemon,95671296,62058496,0,267722752,0,4,17]
07-27 10:08:59.258 1564 1692 I am_pss : [11045,10096,com.tencent.android.qqdownloader:live,29262848,21110784,0,144150528,0,5,8]
07-27 10:08:59.307 13034 13034 I auditd : type=1400 audit(0.0:14651): avc: granted { execute } for comm=".ServiceProcess" path="/data/user/0/com.tencent.android.qqdownloader/files/res_hub/yyb/online/wx_sdk_so_3_64_20/arm64-v8a/libc++_shared.so" dev="dm-10" ino=19724 scontext=u:r:untrusted_app_27:s0:c512,c768 tcontext=u:object_r:app_data_file:s0:c512,c768 tclass=file app=com.tencent.android.qqdownloader
07-27 10:08:59.896 1564 1843 I commit_sys_config_file: [settings-1-0,4]
07-27 10:08:59.942 1564 1695 I am_proc_start: [0,13153,10096,com.tencent.android.qqdownloader:wxa_container0,service,{com.tencent.android.qqdownloader/com.tencent.luggage.services.WxaProxy_WxaIPCContainerService0}]
07-27 10:08:59.959 1564 2033 I am_proc_bound: [0,13153,com.tencent.android.qqdownloader:wxa_container0]
07-27 10:09:00.191 13153 13153 I auditd : type=1400 audit(0.0:14663): avc: granted { execute } for comm=":wxa_container0" path="/data/user/0/com.tencent.android.qqdownloader/app_wxa_sdk_plugin/587202817/wxa_libs/libmmkv.so" dev="dm-10" ino=20677 scontext=u:r:untrusted_app_27:s0:c512,c768 tcontext=u:object_r:app_data_file:s0:c512,c768 tclass=file app=com.tencent.android.qqdownloader
07-27 10:09:00.195 13153 13153 I auditd : type=1400 audit(0.0:14664): avc: granted { execute } for comm=":wxa_container0" path="/data/user/0/com.tencent.android.qqdownloader/app_wxa_sdk_plugin/587202817/wxa_libs/libc++_shared.so" dev="dm-10" ino=20648 scontext=u:r:untrusted_app_27:s0:c512,c768 tcontext=u:object_r:app_data_file:s0:c512,c768 tclass=file app=com.tencent.android.qqdownloader
07-27 10:09:00.195 13153 13153 I auditd : type=1400 audit(0.0:14665): avc: granted { execute } for comm=":wxa_container0" path="/data/user/0/com.tencent.android.qqdownloader/app_wxa_sdk_plugin/587202817/wxa_libs/libwechatxlog.so" dev="dm-10" ino=20723 scontext=u:r:untrusted_app_27:s0:c512,c768 tcontext=u:object_r:app_data_file:s0:c512,c768 tclass=file app=com.tencent.android.qqdownloader
07-27 10:09:00.199 13153 13153 I auditd : type=1400 audit(0.0:14666): avc: granted { execute } for comm=":wxa_container0" path="/data/user/0/com.tencent.android.qqdownloader/app_wxa_sdk_plugin/587202817/wxa_libs/libstlport_shared.so" dev="dm-10" ino=20708 scontext=u:r:untrusted_app_27:s0:c512,c768 tcontext=u:object_r:app_data_file:s0:c512,c768 tclass=file app=com.tencent.android.qqdownloader
07-27 10:09:00.211 13153 13153 I auditd : type=1400 audit(0.0:14667): avc: granted { execute } for comm=":wxa_container0" path="/data/user/0/com.tencent.android.qqdownloader/app_wxa_sdk_plugin/587202817/wxa_libs/libwechatcrash.so" dev="dm-10" ino=20720 scontext=u:r:untrusted_app_27:s0:c512,c768 tcontext=u:object_r:app_data_file:s0:c512,c768 tclass=file app=com.tencent.android.qqdownloader
07-27 10:09:00.255 1963 1963 I sysui_multi_action: [757,111,758,2]
07-27 10:09:00.256 1963 1963 I sysui_multi_action: [757,111,758,2]
07-27 10:09:00.275 1564 2033 I am_kill : [0,10119,com.thundercomm.gamemode.provider,915,empty #2]
07-27 10:09:00.311 1564 2033 I am_proc_died: [0,10119,com.thundercomm.gamemode.provider,915,19]
07-27 10:09:00.311 1564 2033 I am_uid_stopped: 10065
07-27 10:09:00.413 1564 1680 I input_focus: [Focus request 604c4a9 com.tencent.qqlive/com.tencent.qqlive.ona.activity.VideoDetailActivity,reason=UpdateInputWindows]
07-27 10:09:00.421 1564 2785 I sysui_multi_action: [757,128,758,2,793,545967,794,2133,795,545967,796,26,798,0,806,android,857,DEVELOPER_IMPORTANT,858,4,947,0,1395,2,1500,545482,1688,1]
07-27 10:09:00.421 1564 2785 I notification_visibility: [-1|android|26|null|1000,0,545967,545967,0,0]
07-27 10:09:00.421 1564 2785 I sysui_multi_action: [757,128,758,2,793,546049,794,2132,795,546049,796,32,798,1,806,android,857,USB,858,1,947,0,1395,2,1500,545505,1688,1]
07-27 10:09:00.421 1564 2785 I notification_visibility: [-1|android|32|null|1000,0,546049,546049,0,1]
07-27 10:09:00.422 1564 2785 I sysui_multi_action: [757,127,758,2]
07-27 10:09:00.422 1564 2785 I notification_panel_hidden:
07-27 10:09:00.428 1564 1853 I input_focus: [Focus leaving 689afdd NotificationShade (server),reason=NOT_FOCUSABLE]
07-27 10:09:00.428 1564 1853 I input_focus: [Focus entering 604c4a9 com.tencent.qqlive/com.tencent.qqlive.ona.activity.VideoDetailActivity (server),reason=setFocusedWindow]
07-27 10:09:01.099 1564 1749 I commit_sys_config_file: [package-user-0,5]
07-27 10:09:01.363 13153 13153 I auditd : type=1400 audit(0.0:14679): avc: granted { execute } for comm="JSRuntimeLooper" path="/data/user/0/com.tencent.android.qqdownloader/app_wxa_sdk_plugin/587202817/wxa_libs/libmmj2v8.so" dev="dm-10" ino=20676 scontext=u:r:untrusted_app_27:s0:c512,c768 tcontext=u:object_r:app_data_file:s0:c512,c768 tclass=file app=com.tencent.android.qqdownloader
07-27 10:09:01.563 13153 13153 I auditd : type=1400 audit(0.0:14680): avc: granted { execute } for comm="[GT]ColdPool#0" path="/data/user/0/com.tencent.android.qqdownloader/app_wxa_sdk_plugin/587202817/wxa_libs/libmmudp.so" dev="dm-10" ino=20687 scontext=u:r:untrusted_app_27:s0:c512,c768 tcontext=u:object_r:app_data_file:s0:c512,c768 tclass=file app=com.tencent.android.qqdownloader
07-27 10:09:01.571 13153 13153 I auditd : type=1400 audit(0.0:14681): avc: granted { execute } for comm="[GT]ColdPool#0" path="/data/user/0/com.tencent.android.qqdownloader/app_wxa_sdk_plugin/587202817/wxa_libs/libmmtcp.so" dev="dm-10" ino=20686 scontext=u:r:untrusted_app_27:s0:c512,c768 tcontext=u:object_r:app_data_file:s0:c512,c768 tclass=file app=com.tencent.android.qqdownloader
07-27 10:09:01.579 13153 13153 I auditd : type=1400 audit(0.0:14682): avc: granted { execute } for comm="[GT]ColdPool#0" path="/data/user/0/com.tencent.android.qqdownloader/app_wxa_sdk_plugin/587202817/wxa_libs/libmmlockstep.so" dev="dm-10" ino=20678 scontext=u:r:untrusted_app_27:s0:c512,c768 tcontext=u:object_r:app_data_file:s0:c512,c768 tclass=file app=com.tencent.android.qqdownloader
07-27 10:09:01.591 13153 13153 I auditd : type=1400 audit(0.0:14683): avc: granted { execute } for comm="[GT]ColdPool#0" path="/data/user/0/com.tencent.android.qqdownloader/app_wxa_sdk_plugin/587202817/wxa_libs/libowl.so" dev="dm-10" ino=20698 scontext=u:r:untrusted_app_27:s0:c512,c768 tcontext=u:object_r:app_data_file:s0:c512,c768 tclass=file app=com.tencent.android.qqdownloader
07-27 10:09:04.498 1564 1853 I input_interaction: Interaction with: a55939e com.android.launcher3/com.android.launcher3.uioverrides.QuickstepLauncher (server), 830e89c com.android.systemui.ImageWallpaper (server), edge-swipe (server), swipe-up (server), PointerEventDispatcher0 (server),
07-27 10:09:04.531 1564 1692 I am_pss : [12156,10093,com.android.permissioncontroller,12265472,9023488,0,101953536,0,6,7]
07-27 10:09:04.539 1564 1692 I am_pss : [12830,99005,com.android.webview:sandboxed_process0:org.chromium.content.app.SandboxedProcessService0:0,49250304,37502976,0,115810304,0,4,7]
07-27 10:09:04.673 1564 2785 I wm_task_created: [22,-1]
07-27 10:09:04.683 1564 2785 I wm_task_moved: [22,1,8]
07-27 10:09:04.683 1564 2785 I wm_task_to_front: [0,22]
07-27 10:09:04.683 1564 2785 I wm_create_task: [0,22]
07-27 10:09:04.683 1564 2785 I wm_create_activity: [0,198132555,22,com.tencent.mm/.ui.LauncherUI,android.intent.action.MAIN,NULL,NULL,270532608]
07-27 10:09:04.683 1564 2785 I wm_task_moved: [22,1,8]
07-27 10:09:04.683 10448 10448 I wm_on_top_resumed_lost_called: [192034560,com.tencent.qqlive.ona.activity.VideoDetailActivity,topStateChangedWhenResumed]
07-27 10:09:04.684 1564 2785 I wm_restart_activity: [0,198132555,22,com.tencent.mm/.ui.LauncherUI]
07-27 10:09:04.690 1564 2785 I wm_set_resumed_activity: [0,com.tencent.mm/.ui.LauncherUI,minimalResumeActivityLocked]
07-27 10:09:04.691 1564 2785 I wm_pause_activity: [0,192034560,com.tencent.qqlive/.ona.activity.VideoDetailActivity,userLeaving=true,makeInvisible]
07-27 10:09:04.691 1564 2785 I wm_add_to_stopping: [0,183975342,com.tencent.qqlive/.ona.activity.SplashHomeActivity,makeInvisible]
07-27 10:09:04.703 1564 1853 I input_focus: [Focus leaving 604c4a9 com.tencent.qqlive/com.tencent.qqlive.ona.activity.VideoDetailActivity (server),reason=NO_WINDOW]
07-27 10:09:04.703 10448 10448 I wm_on_paused_called: [192034560,com.tencent.qqlive.ona.activity.VideoDetailActivity,performPause]
07-27 10:09:04.704 1564 2033 I wm_add_to_stopping: [0,192034560,com.tencent.qqlive/.ona.activity.VideoDetailActivity,completePauseLocked]
07-27 10:09:04.706 1564 1679 I sysui_multi_action: [757,803,799,window_time_2,802,9]
07-27 10:09:04.769 10685 10685 I wm_on_create_called: [198132555,com.tencent.mm.ui.LauncherUI,performCreate]
07-27 10:09:04.784 10685 10685 I wm_on_start_called: [198132555,com.tencent.mm.ui.LauncherUI,handleStartActivity]
07-27 10:09:04.807 870 870 I auditd : type=1400 audit(0.0:14691): avc: denied { add_name } for comm="perf@2.2-servic" name="clkscale_enable" scontext=u:r:vendor_hal_perf_default:s0 tcontext=u:object_r:sysfs:s0 tclass=dir permissive=1
07-27 10:09:04.814 1564 2033 I wm_task_moved: [22,1,8]
07-27 10:09:04.814 1564 2033 I wm_set_resumed_activity: [0,com.tencent.mm/.ui.LauncherUI,positionChildAt]
07-27 10:09:04.814 1564 2033 I wm_create_activity: [0,202534709,22,com.tencent.mm/.plugin.account.ui.LoginPasswordUI,NULL,NULL,NULL,536870912]
07-27 10:09:04.816 1564 2033 I wm_pause_activity: [0,198132555,com.tencent.mm/.ui.LauncherUI,userLeaving=true,resumeTopActivityInnerLocked]
07-27 10:09:04.828 10685 10685 I wm_on_resume_called: [198132555,com.tencent.mm.ui.LauncherUI,RESUME_ACTIVITY]
07-27 10:09:04.835 10685 10685 I wm_on_top_resumed_gained_called: [198132555,com.tencent.mm.ui.LauncherUI,topStateChangedWhenResumed]
07-27 10:09:04.837 10685 10685 I wm_on_top_resumed_lost_called: [198132555,com.tencent.mm.ui.LauncherUI,topStateChangedWhenResumed]
07-27 10:09:04.844 10685 10685 I wm_on_paused_called: [198132555,com.tencent.mm.ui.LauncherUI,performPause]
07-27 10:09:04.846 1564 2785 I wm_restart_activity: [0,202534709,22,com.tencent.mm/.plugin.account.ui.LoginPasswordUI]
07-27 10:09:04.846 1564 2785 I wm_set_resumed_activity: [0,com.tencent.mm/.plugin.account.ui.LoginPasswordUI,minimalResumeActivityLocked]
07-27 10:09:04.848 1564 2785 I wm_pause_activity: [0,192034560,com.tencent.qqlive/.ona.activity.VideoDetailActivity,userLeaving=false,makeInvisible]
07-27 10:09:04.851 1564 2785 I wm_resume_activity: [0,192034560,21,com.tencent.qqlive/.ona.activity.VideoDetailActivity]
07-27 10:09:04.852 1564 2785 I wm_add_to_stopping: [0,192034560,com.tencent.qqlive/.ona.activity.VideoDetailActivity,makeInvisible]
07-27 10:09:04.853 1564 1679 I sysui_multi_action: [757,803,799,window_time_2,802,0]
07-27 10:09:04.877 1564 1679 I sysui_multi_action: [757,803,799,window_time_2,802,0]
07-27 10:09:04.881 10448 10448 I wm_on_resume_called: [192034560,com.tencent.qqlive.ona.activity.VideoDetailActivity,RESUME_ACTIVITY]
07-27 10:09:04.996 10685 10685 I wm_on_create_called: [202534709,com.tencent.mm.plugin.account.ui.LoginPasswordUI,performCreate]
07-27 10:09:04.999 10685 10685 I wm_on_start_called: [202534709,com.tencent.mm.plugin.account.ui.LoginPasswordUI,handleStartActivity]
07-27 10:09:05.007 10685 10685 I wm_on_resume_called: [202534709,com.tencent.mm.plugin.account.ui.LoginPasswordUI,RESUME_ACTIVITY]
07-27 10:09:05.012 10685 10685 I wm_on_top_resumed_gained_called: [202534709,com.tencent.mm.plugin.account.ui.LoginPasswordUI,topStateChangedWhenResumed]
07-27 10:09:05.033 1564 1680 I input_focus: [Focus request 3ddb670 com.tencent.mm/com.tencent.mm.plugin.account.ui.LoginPasswordUI,reason=UpdateInputWindows]
07-27 10:09:05.078 1564 1676 I sysui_multi_action: [319,413,322,406,325,569,757,761,758,8,759,2,806,com.tencent.mm,871,com.tencent.mm.plugin.account.ui.LoginPasswordUI,904,com.tencent.mm,905,0,1320,4,1321,4]
07-27 10:09:05.078 1564 1676 I wm_activity_launch_time: [0,202534709,com.tencent.mm/.plugin.account.ui.LoginPasswordUI,406]
07-27 10:09:05.079 1564 1679 I wm_stop_activity: [0,192034560,com.tencent.qqlive/.ona.activity.VideoDetailActivity]
07-27 10:09:05.079 1564 1679 I wm_stop_activity: [0,183975342,com.tencent.qqlive/.ona.activity.SplashHomeActivity]
07-27 10:09:05.084 1564 1853 I input_focus: [Focus entering 3ddb670 com.tencent.mm/com.tencent.mm.plugin.account.ui.LoginPasswordUI (server),reason=Window became focusable. Previous reason: NOT_VISIBLE]
07-27 10:09:05.105 10448 10448 I wm_on_paused_called: [192034560,com.tencent.qqlive.ona.activity.VideoDetailActivity,performPause]
07-27 10:09:05.121 10448 10448 I wm_on_stop_called: [192034560,com.tencent.qqlive.ona.activity.VideoDetailActivity,STOP_ACTIVITY_ITEM]
07-27 10:09:05.168 1564 1894 I netstats_mobile_sample: [0,0,0,0,0,0,0,0,0,0,0,0,1690423741701]
07-27 10:09:05.168 1564 1894 I netstats_wifi_sample: [533398,459,1738710,2955,533398,459,1738710,2955,5714537,4904,1377286,2598,1690423741701]
07-27 10:09:05.163 683 683 I auditd : type=1400 audit(0.0:14692): avc: denied { add_name } for comm="Binder:683_3" name="globalAlert" scontext=u:r:netd:s0 tcontext=u:object_r:proc_net:s0 tclass=dir permissive=1
07-27 10:09:05.169 10448 10448 I wm_on_stop_called: [183975342,com.tencent.qqlive.ona.activity.SplashHomeActivity,STOP_ACTIVITY_ITEM]
07-27 10:09:05.172 1564 1895 I service_manager_stats: [100,91,32950]
07-27 10:09:06.304 1564 1853 I input_interaction: Interaction with: 3ddb670 com.tencent.mm/com.tencent.mm.plugin.account.ui.LoginPasswordUI (server), edge-swipe (server), swipe-up (server), PointerEventDispatcher0 (server),
07-27 10:09:06.679 870 870 I auditd : type=1400 audit(0.0:14693): avc: denied { add_name } for comm="perf@2.2-servic" name="force_rail_on" scontext=u:r:vendor_hal_perf_default:s0 tcontext=u:object_r:vendor_sysfs_kgsl:s0 tclass=dir permissive=1
07-27 10:09:06.679 870 870 I auditd : type=1400 audit(0.0:14694): avc: denied { add_name } for comm="perf@2.2-servic" name="min_freq" scontext=u:r:vendor_hal_perf_default:s0 tcontext=u:object_r:vendor_sysfs_devfreq:s0 tclass=dir permissive=1
07-27 10:09:06.679 870 870 I auditd : type=1400 audit(0.0:14695): avc: denied { add_name } for comm="perf@2.2-servic" name="cpu_min_freq" scontext=u:r:vendor_hal_perf_default:s0 tcontext=u:object_r:vendor_sysfs_msm_perf:s0 tclass=dir permissive=1
07-27 10:09:09.098 1564 1853 I input_interaction: Interaction with: 1abfb70 PopupWindow:138201b (server), edge-swipe (server), swipe-up (server), PointerEventDispatcher0 (server),
07-27 10:09:09.277 1564 2785 I am_kill : [0,13153,com.tencent.android.qqdownloader:wxa_container0,915,empty #2]
07-27 10:09:09.325 1564 2785 I am_proc_died: [0,13153,com.tencent.android.qqdownloader:wxa_container0,915,19]
07-27 10:09:09.326 1564 2785 I am_schedule_service_restart: [0,com.tencent.android.qqdownloader/com.tencent.luggage.services.WxaProxy_WxaIPCContainerService0,1000]
07-27 10:09:10.701 1564 11038 I netstats_mobile_sample: [0,0,0,0,0,0,0,0,0,0,0,0,1690423747234]
07-27 10:09:10.702 1564 11038 I netstats_wifi_sample: [537175,462,1755293,2994,537175,462,1755293,2994,5754825,4936,1391351,2635,1690423747234]
07-27 10:09:11.044 1564 1894 I netstats_mobile_sample: [0,0,0,0,0,0,0,0,0,0,0,0,1690423747577]
07-27 10:09:11.045 1564 1894 I netstats_wifi_sample: [540952,465,1760374,2999,540952,465,1760374,2999,5795113,4968,1393914,2638,1690423747577]
07-27 10:09:11.531 13418 13418 I auditd : type=1400 audit(0.0:14696): avc: granted { bind } for comm="ip" scontext=u:r:untrusted_app_29:s0:c98,c256,c512,c768 tcontext=u:r:untrusted_app_29:s0:c98,c256,c512,c768 tclass=netlink_route_socket app=com.tencent.mm
07-27 10:09:11.543 11720 11720 I auditd : type=1400 audit(0.0:14697): avc: granted { nlmsg_readpriv } for comm="mars::13417" scontext=u:r:untrusted_app_29:s0:c98,c256,c512,c768 tcontext=u:r:untrusted_app_29:s0:c98,c256,c512,c768 tclass=netlink_route_socket app=com.tencent.mm
07-27 10:09:11.543 11720 11720 I auditd : type=1400 audit(0.0:14698): avc: granted { nlmsg_readpriv } for comm="mars::13417" scontext=u:r:untrusted_app_29:s0:c98,c256,c512,c768 tcontext=u:r:untrusted_app_29:s0:c98,c256,c512,c768 tclass=netlink_route_socket app=com.tencent.mm
07-27 10:09:11.555 11720 11720 I auditd : type=1400 audit(0.0:14699): avc: granted { nlmsg_readpriv } for comm="mars::13423" scontext=u:r:untrusted_app_29:s0:c98,c256,c512,c768 tcontext=u:r:untrusted_app_29:s0:c98,c256,c512,c768 tclass=netlink_route_socket app=com.tencent.mm
07-27 10:09:11.555 11720 11720 I auditd : type=1400 audit(0.0:14700): avc: granted { nlmsg_readpriv } for comm="mars::13423" scontext=u:r:untrusted_app_29:s0:c98,c256,c512,c768 tcontext=u:r:untrusted_app_29:s0:c98,c256,c512,c768 tclass=netlink_route_socket app=com.tencent.mm
07-27 10:09:12.124 1564 1958 I sync : [com.tencent.android.qqdownloader.YYBLiveAccountProvider,0,3,24220937]
07-27 10:09:12.149 1564 1958 I sync : [com.tencent.android.qqdownloader.YYBLiveAccountProvider,1,3,24220937]
07-27 10:09:12.152 1564 1958 I commit_sys_config_file: [sync-status,517091]
07-27 10:09:12.161 1564 1958 I sync : [com.tencent.android.qqdownloader.YYBLiveAccountProvider,0,3,24220937]
07-27 10:09:12.179 1564 1958 I sync : [com.tencent.android.qqdownloader.YYBLiveAccountProvider,1,3,24220937]
07-27 10:09:12.182 1564 1958 I commit_sys_config_file: [sync-status,517121]
07-27 10:09:13.372 1564 1853 I input_interaction: Interaction with: 3ddb670 com.tencent.mm/com.tencent.mm.plugin.account.ui.LoginPasswordUI (server), edge-swipe (server), swipe-up (server), PointerEventDispatcher0 (server),
07-27 10:09:14.162 1564 1678 I commit_sys_config_file: [jobs,9]
07-27 10:09:16.367 1564 1692 I am_pss : [12830,99005,com.android.webview:sandboxed_process0:org.chromium.content.app.SandboxedProcessService0:0,53222400,41472000,0,119750656,0,4,10]
07-27 10:09:16.514 1564 1680 I input_focus: [Focus request f2be0a7 com.tencent.mm/com.tencent.mm.plugin.account.ui.LoginPasswordUI,reason=UpdateInputWindows]
07-27 10:09:16.547 1564 1853 I input_focus: [Focus leaving 3ddb670 com.tencent.mm/com.tencent.mm.plugin.account.ui.LoginPasswordUI (server),reason=Waiting for window because NOT_VISIBLE]
07-27 10:09:16.581 1564 1853 I input_focus: [Focus entering f2be0a7 com.tencent.mm/com.tencent.mm.plugin.account.ui.LoginPasswordUI (server),reason=Window became focusable. Previous reason: NOT_VISIBLE]
07-27 10:09:17.866 1564 1894 I netstats_mobile_sample: [0,0,0,0,0,0,0,0,0,0,0,0,1690423754399]
07-27 10:09:17.867 1564 1894 I netstats_wifi_sample: [544729,468,1777103,3041,544729,468,1777103,3041,5835401,5000,1408125,2678,1690423754399]
07-27 10:09:18.097 1564 1853 I input_interaction: Interaction with: f2be0a7 com.tencent.mm/com.tencent.mm.plugin.account.ui.LoginPasswordUI (server), edge-swipe (server), swipe-up (server), PointerEventDispatcher0 (server),
07-27 10:09:18.284 1564 2014 I wm_task_moved: [22,1,8]
07-27 10:09:18.284 1564 2014 I wm_set_resumed_activity: [0,com.tencent.mm/.plugin.account.ui.LoginPasswordUI,positionChildAt]
07-27 10:09:18.284 1564 2014 I wm_create_activity: [0,128268649,22,com.tencent.mm/.plugin.account.ui.MobileInputUI,NULL,NULL,NULL,0]
07-27 10:09:18.285 1564 2014 I wm_pause_activity: [0,202534709,com.tencent.mm/.plugin.account.ui.LoginPasswordUI,userLeaving=true,resumeTopActivityInnerLocked]
07-27 10:09:18.295 1564 1680 I input_focus: [Focus request 3ddb670 com.tencent.mm/com.tencent.mm.plugin.account.ui.LoginPasswordUI,reason=UpdateInputWindows]
07-27 10:09:18.295 10685 10685 I wm_on_top_resumed_lost_called: [202534709,com.tencent.mm.plugin.account.ui.LoginPasswordUI,topStateChangedWhenResumed]
07-27 10:09:18.299 10685 10685 I wm_on_paused_called: [202534709,com.tencent.mm.plugin.account.ui.LoginPasswordUI,performPause]
07-27 10:09:18.301 1564 2785 I wm_restart_activity: [0,128268649,22,com.tencent.mm/.plugin.account.ui.MobileInputUI]
07-27 10:09:18.302 1564 2785 I wm_set_resumed_activity: [0,com.tencent.mm/.plugin.account.ui.MobileInputUI,minimalResumeActivityLocked]
07-27 10:09:18.304 1564 2785 I wm_pause_activity: [0,192034560,com.tencent.qqlive/.ona.activity.VideoDetailActivity,userLeaving=false,makeInvisible]
07-27 10:09:18.304 1564 2785 I wm_resume_activity: [0,192034560,21,com.tencent.qqlive/.ona.activity.VideoDetailActivity]
07-27 10:09:18.305 1564 2785 I wm_add_to_stopping: [0,192034560,com.tencent.qqlive/.ona.activity.VideoDetailActivity,makeInvisible]
07-27 10:09:18.308 1564 1679 I sysui_multi_action: [757,803,799,window_time_2,802,14]
07-27 10:09:18.315 1564 1853 I input_focus: [Focus entering 3ddb670 com.tencent.mm/com.tencent.mm.plugin.account.ui.LoginPasswordUI (server),reason=setFocusedWindow]
07-27 10:09:18.316 10448 10448 I wm_on_restart_called: [192034560,com.tencent.qqlive.ona.activity.VideoDetailActivity,performRestartActivity]
07-27 10:09:18.321 10448 10448 I wm_on_start_called: [192034560,com.tencent.qqlive.ona.activity.VideoDetailActivity,handleStartActivity]
07-27 10:09:18.321 1564 1692 I am_pss : [10685,10098,com.tencent.mm,165559296,111120384,0,383705088,0,2,14]
07-27 10:09:18.339 10448 10448 I wm_on_resume_called: [192034560,com.tencent.qqlive.ona.activity.VideoDetailActivity,LIFECYCLER_RESUME_ACTIVITY]
07-27 10:09:18.345 10448 10448 I wm_on_paused_called: [192034560,com.tencent.qqlive.ona.activity.VideoDetailActivity,performPause]
07-27 10:09:18.348 1564 1679 I wm_stop_activity: [0,192034560,com.tencent.qqlive/.ona.activity.VideoDetailActivity]
07-27 10:09:18.348 1564 1679 I sysui_multi_action: [757,803,799,window_time_2,802,0]
07-27 10:09:18.354 10448 10448 I wm_on_resume_called: [192034560,com.tencent.qqlive.ona.activity.VideoDetailActivity,RESUME_ACTIVITY]
07-27 10:09:18.371 1564 1692 I am_pss : [11720,10098,com.tencent.mm:push,84302848,42233856,0,265027584,0,3,12]
07-27 10:09:18.406 10448 10448 I wm_on_paused_called: [192034560,com.tencent.qqlive.ona.activity.VideoDetailActivity,performPause]
07-27 10:09:18.413 10685 10685 I wm_on_create_called: [128268649,com.tencent.mm.plugin.account.ui.MobileInputUI,performCreate]
07-27 10:09:18.416 10685 10685 I wm_on_start_called: [128268649,com.tencent.mm.plugin.account.ui.MobileInputUI,handleStartActivity]
07-27 10:09:18.418 1564 1695 I am_proc_start: [0,13515,10098,com.tencent.mm:support,service,{com.tencent.mm/com.tencent.mm.service.ProcessService$SupportProcessService}]
07-27 10:09:18.424 10685 10685 I wm_on_resume_called: [128268649,com.tencent.mm.plugin.account.ui.MobileInputUI,RESUME_ACTIVITY]
07-27 10:09:18.429 10685 10685 I wm_on_top_resumed_gained_called: [128268649,com.tencent.mm.plugin.account.ui.MobileInputUI,topStateChangedWhenResumed]
07-27 10:09:18.436 1564 11038 I am_proc_bound: [0,13515,com.tencent.mm:support]
07-27 10:09:18.438 1564 1680 I input_focus: [Focus request dc16576 com.tencent.mm/com.tencent.mm.plugin.account.ui.MobileInputUI,reason=UpdateInputWindows]
07-27 10:09:18.458 1564 1676 I wm_activity_launch_time: [0,128268649,com.tencent.mm/.plugin.account.ui.MobileInputUI,177]
07-27 10:09:18.455 870 870 I auditd : type=1400 audit(0.0:14702): avc: denied { add_name } for comm="perf@2.2-servic" name="force_rail_on" scontext=u:r:vendor_hal_perf_default:s0 tcontext=u:object_r:vendor_sysfs_kgsl:s0 tclass=dir permissive=1
07-27 10:09:18.455 870 870 I auditd : type=1400 audit(0.0:14703): avc: denied { add_name } for comm="perf@2.2-servic" name="min_freq" scontext=u:r:vendor_hal_perf_default:s0 tcontext=u:object_r:vendor_sysfs_devfreq:s0 tclass=dir permissive=1
07-27 10:09:18.455 870 870 I auditd : type=1400 audit(0.0:14704): avc: denied { add_name } for comm="perf@2.2-servic" name="clkscale_enable" scontext=u:r:vendor_hal_perf_default:s0 tcontext=u:object_r:sysfs:s0 tclass=dir permissive=1
07-27 10:09:18.466 1564 1853 I input_focus: [Focus leaving 3ddb670 com.tencent.mm/com.tencent.mm.plugin.account.ui.LoginPasswordUI (server),reason=setFocusedWindow]
07-27 10:09:18.466 1564 1853 I input_focus: [Focus entering dc16576 com.tencent.mm/com.tencent.mm.plugin.account.ui.MobileInputUI (server),reason=setFocusedWindow]
07-27 10:09:18.479 10448 10448 I wm_on_stop_called: [192034560,com.tencent.qqlive.ona.activity.VideoDetailActivity,STOP_ACTIVITY_ITEM]
07-27 10:09:18.703 870 870 I auditd : type=1400 audit(0.0:14705): avc: denied { add_name } for comm="perf@2.2-servic" name="cpu_min_freq" scontext=u:r:vendor_hal_perf_default:s0 tcontext=u:object_r:vendor_sysfs_msm_perf:s0 tclass=dir permissive=1
07-27 10:09:19.395 1564 1853 I input_interaction: Interaction with: dc16576 com.tencent.mm/com.tencent.mm.plugin.account.ui.MobileInputUI (server), edge-swipe (server), swipe-up (server), PointerEventDispatcher0 (server),
07-27 10:09:19.587 1564 2785 I wm_task_moved: [22,1,8]
07-27 10:09:19.587 1564 2785 I wm_set_resumed_activity: [0,com.tencent.mm/.plugin.account.ui.MobileInputUI,positionChildAt]
07-27 10:09:19.587 1564 2785 I wm_create_activity: [0,227833910,22,com.tencent.mm/.ui.tools.CountryCodeUI,NULL,NULL,NULL,0]
07-27 10:09:19.588 1564 2785 I wm_pause_activity: [0,128268649,com.tencent.mm/.plugin.account.ui.MobileInputUI,userLeaving=true,resumeTopActivityInnerLocked]
07-27 10:09:19.591 10685 10685 I wm_on_top_resumed_lost_called: [128268649,com.tencent.mm.plugin.account.ui.MobileInputUI,topStateChangedWhenResumed]
07-27 10:09:19.596 10685 10685 I wm_on_paused_called: [128268649,com.tencent.mm.plugin.account.ui.MobileInputUI,performPause]
07-27 10:09:19.598 1564 2014 I wm_restart_activity: [0,227833910,22,com.tencent.mm/.ui.tools.CountryCodeUI]
07-27 10:09:19.599 1564 2014 I wm_set_resumed_activity: [0,com.tencent.mm/.ui.tools.CountryCodeUI,minimalResumeActivityLocked]
07-27 10:09:19.600 1564 2014 I wm_pause_activity: [0,192034560,com.tencent.qqlive/.ona.activity.VideoDetailActivity,userLeaving=false,makeInvisible]
07-27 10:09:19.601 1564 2014 I wm_resume_activity: [0,192034560,21,com.tencent.qqlive/.ona.activity.VideoDetailActivity]
07-27 10:09:19.602 1564 2014 I wm_add_to_stopping: [0,192034560,com.tencent.qqlive/.ona.activity.VideoDetailActivity,makeInvisible]
07-27 10:09:19.604 1564 1679 I sysui_multi_action: [757,803,799,window_time_2,802,1]
07-27 10:09:19.613 1564 1692 I am_pss : [11045,10096,com.tencent.android.qqdownloader:live,27008000,19763200,0,143077376,0,5,9]
07-27 10:09:19.620 10448 10448 I wm_on_restart_called: [192034560,com.tencent.qqlive.ona.activity.VideoDetailActivity,performRestartActivity]
07-27 10:09:19.623 10448 10448 I wm_on_start_called: [192034560,com.tencent.qqlive.ona.activity.VideoDetailActivity,handleStartActivity]
07-27 10:09:19.635 10448 10448 I wm_on_resume_called: [192034560,com.tencent.qqlive.ona.activity.VideoDetailActivity,LIFECYCLER_RESUME_ACTIVITY]
07-27 10:09:19.642 10448 10448 I wm_on_paused_called: [192034560,com.tencent.qqlive.ona.activity.VideoDetailActivity,performPause]
07-27 10:09:19.646 1564 1679 I wm_stop_activity: [0,192034560,com.tencent.qqlive/.ona.activity.VideoDetailActivity]
07-27 10:09:19.647 1564 1679 I sysui_multi_action: [757,803,799,window_time_2,802,0]
07-27 10:09:19.647 10448 10448 I wm_on_resume_called: [192034560,com.tencent.qqlive.ona.activity.VideoDetailActivity,RESUME_ACTIVITY]
07-27 10:09:19.659 10685 10685 I wm_on_create_called: [227833910,com.tencent.mm.ui.tools.CountryCodeUI,performCreate]
07-27 10:09:19.662 10685 10685 I wm_on_start_called: [227833910,com.tencent.mm.ui.tools.CountryCodeUI,handleStartActivity]
07-27 10:09:19.669 10685 10685 I wm_on_resume_called: [227833910,com.tencent.mm.ui.tools.CountryCodeUI,RESUME_ACTIVITY]
07-27 10:09:19.673 10685 10685 I wm_on_top_resumed_gained_called: [227833910,com.tencent.mm.ui.tools.CountryCodeUI,topStateChangedWhenResumed]
07-27 10:09:19.687 1564 1680 I input_focus: [Focus request cca6310 com.tencent.mm/com.tencent.mm.ui.tools.CountryCodeUI,reason=UpdateInputWindows]
07-27 10:09:19.688 10448 10448 I wm_on_paused_called: [192034560,com.tencent.qqlive.ona.activity.VideoDetailActivity,performPause]
07-27 10:09:19.718 1564 1853 I input_focus: [Focus leaving dc16576 com.tencent.mm/com.tencent.mm.plugin.account.ui.MobileInputUI (server),reason=Waiting for window because NOT_VISIBLE]
07-27 10:09:19.725 1564 1676 I wm_activity_launch_time: [0,227833910,com.tencent.mm/.ui.tools.CountryCodeUI,142]
07-27 10:09:19.725 10448 10448 I wm_on_stop_called: [192034560,com.tencent.qqlive.ona.activity.VideoDetailActivity,STOP_ACTIVITY_ITEM]
07-27 10:09:19.736 1564 1853 I input_focus: [Focus entering cca6310 com.tencent.mm/com.tencent.mm.ui.tools.CountryCodeUI (server),reason=Window became focusable. Previous reason: NOT_VISIBLE]
07-27 10:09:21.493 1564 1853 I input_interaction: Interaction with: cca6310 com.tencent.mm/com.tencent.mm.ui.tools.CountryCodeUI (server), edge-swipe (server), swipe-up (server), PointerEventDispatcher0 (server),
07-27 10:09:21.594 1564 2785 I wm_finish_activity: [0,227833910,22,com.tencent.mm/.ui.tools.CountryCodeUI,app-request]
07-27 10:09:21.600 1564 2785 I wm_pause_activity: [0,227833910,com.tencent.mm/.ui.tools.CountryCodeUI,userLeaving=false,finish]
07-27 10:09:21.607 10685 10685 I wm_on_top_resumed_lost_called: [227833910,com.tencent.mm.ui.tools.CountryCodeUI,topStateChangedWhenResumed]
07-27 10:09:21.616 10685 10685 I wm_on_paused_called: [227833910,com.tencent.mm.ui.tools.CountryCodeUI,performPause]
07-27 10:09:21.618 1564 2785 I wm_set_resumed_activity: [0,com.tencent.mm/.plugin.account.ui.MobileInputUI,resumeTopActivityInnerLocked]
07-27 10:09:21.621 1564 2785 I wm_resume_activity: [0,128268649,22,com.tencent.mm/.plugin.account.ui.MobileInputUI]
07-27 10:09:21.623 1564 1853 I input_focus: [Focus leaving cca6310 com.tencent.mm/com.tencent.mm.ui.tools.CountryCodeUI (server),reason=NO_WINDOW]
07-27 10:09:21.624 1564 2785 I wm_pause_activity: [0,192034560,com.tencent.qqlive/.ona.activity.VideoDetailActivity,userLeaving=false,makeInvisible]
07-27 10:09:21.626 1564 2785 I wm_resume_activity: [0,192034560,21,com.tencent.qqlive/.ona.activity.VideoDetailActivity]
07-27 10:09:21.626 1564 2785 I wm_add_to_stopping: [0,192034560,com.tencent.qqlive/.ona.activity.VideoDetailActivity,makeInvisible]
07-27 10:09:21.638 1564 1680 I input_focus: [Focus request dc16576 com.tencent.mm/com.tencent.mm.plugin.account.ui.MobileInputUI,reason=UpdateInputWindows]
07-27 10:09:21.640 10685 10685 I wm_on_activity_result_called: [128268649,com.tencent.mm.plugin.account.ui.MobileInputUI,ACTIVITY_RESULT]
07-27 10:09:21.641 1564 1679 I sysui_multi_action: [757,803,799,window_time_2,802,2]
07-27 10:09:21.650 10448 10448 I wm_on_restart_called: [192034560,com.tencent.qqlive.ona.activity.VideoDetailActivity,performRestartActivity]
07-27 10:09:21.656 1564 1853 I input_focus: [Focus entering dc16576 com.tencent.mm/com.tencent.mm.plugin.account.ui.MobileInputUI (server),reason=setFocusedWindow]
07-27 10:09:21.658 10448 10448 I wm_on_start_called: [192034560,com.tencent.qqlive.ona.activity.VideoDetailActivity,handleStartActivity]
07-27 10:09:21.659 10685 10685 I wm_on_resume_called: [128268649,com.tencent.mm.plugin.account.ui.MobileInputUI,RESUME_ACTIVITY]
07-27 10:09:21.660 10685 10685 I wm_on_top_resumed_gained_called: [128268649,com.tencent.mm.plugin.account.ui.MobileInputUI,topWhenResuming]
07-27 10:09:21.671 10448 10448 I wm_on_resume_called: [192034560,com.tencent.qqlive.ona.activity.VideoDetailActivity,LIFECYCLER_RESUME_ACTIVITY]
07-27 10:09:21.681 10448 10448 I wm_on_paused_called: [192034560,com.tencent.qqlive.ona.activity.VideoDetailActivity,performPause]
07-27 10:09:21.683 1564 1679 I wm_stop_activity: [0,192034560,com.tencent.qqlive/.ona.activity.VideoDetailActivity]
07-27 10:09:21.683 1564 1679 I wm_destroy_activity: [0,227833910,22,com.tencent.mm/.ui.tools.CountryCodeUI,finish-idle]
07-27 10:09:21.685 1564 1679 I sysui_multi_action: [757,803,799,window_time_2,802,0]
07-27 10:09:21.692 10448 10448 I wm_on_resume_called: [192034560,com.tencent.qqlive.ona.activity.VideoDetailActivity,RESUME_ACTIVITY]
07-27 10:09:21.694 10685 10685 I wm_on_stop_called: [227833910,com.tencent.mm.ui.tools.CountryCodeUI,LIFECYCLER_STOP_ACTIVITY]
07-27 10:09:21.702 10685 10685 I wm_on_destroy_called: [227833910,com.tencent.mm.ui.tools.CountryCodeUI,performDestroy]
07-27 10:09:21.711 1564 2757 I wm_pause_activity: [0,192034560,com.tencent.qqlive/.ona.activity.VideoDetailActivity,userLeaving=false,makeInvisible]
07-27 10:09:21.712 1564 2757 I wm_resume_activity: [0,192034560,21,com.tencent.qqlive/.ona.activity.VideoDetailActivity]
07-27 10:09:21.713 1564 2757 I wm_add_to_stopping: [0,192034560,com.tencent.qqlive/.ona.activity.VideoDetailActivity,makeInvisible]
07-27 10:09:21.753 10448 10448 I wm_on_paused_called: [192034560,com.tencent.qqlive.ona.activity.VideoDetailActivity,performPause]
07-27 10:09:21.771 10448 10448 I wm_on_stop_called: [192034560,com.tencent.qqlive.ona.activity.VideoDetailActivity,STOP_ACTIVITY_ITEM]
07-27 10:09:21.775 10448 10448 I wm_on_restart_called: [192034560,com.tencent.qqlive.ona.activity.VideoDetailActivity,performRestartActivity]
07-27 10:09:21.778 10448 10448 I wm_on_start_called: [192034560,com.tencent.qqlive.ona.activity.VideoDetailActivity,handleStartActivity]
07-27 10:09:21.785 10448 10448 I wm_on_resume_called: [192034560,com.tencent.qqlive.ona.activity.VideoDetailActivity,LIFECYCLER_RESUME_ACTIVITY]
07-27 10:09:21.792 10448 10448 I wm_on_paused_called: [192034560,com.tencent.qqlive.ona.activity.VideoDetailActivity,performPause]
07-27 10:09:21.796 1564 1679 I wm_stop_activity: [0,192034560,com.tencent.qqlive/.ona.activity.VideoDetailActivity]
07-27 10:09:21.796 1564 1679 I sysui_multi_action: [757,803,799,window_time_2,802,0]
07-27 10:09:21.803 10448 10448 I wm_on_resume_called: [192034560,com.tencent.qqlive.ona.activity.VideoDetailActivity,RESUME_ACTIVITY]
07-27 10:09:21.855 10448 10448 I wm_on_paused_called: [192034560,com.tencent.qqlive.ona.activity.VideoDetailActivity,performPause]
07-27 10:09:21.885 10448 10448 I wm_on_stop_called: [192034560,com.tencent.qqlive.ona.activity.VideoDetailActivity,STOP_ACTIVITY_ITEM]
07-27 10:09:22.161 10448 10889 I service_manager_stats: [200,85,587159]
07-27 10:09:22.227 1564 1853 I input_interaction: Interaction with: dc16576 com.tencent.mm/com.tencent.mm.plugin.account.ui.MobileInputUI (server), edge-swipe (server), swipe-up (server), PointerEventDispatcher0 (server),
07-27 10:09:23.388 1564 1853 I input_interaction: Interaction with: 755d55d PopupWindow:138201b (server), edge-swipe (server), swipe-up (server), PointerEventDispatcher0 (server),
07-27 10:09:26.830 1564 1894 I netstats_mobile_sample: [0,0,0,0,0,0,0,0,0,0,0,0,1690423763363]
07-27 10:09:26.830 1564 1894 I netstats_wifi_sample: [556060,477,1809599,3107,556060,477,1809599,3107,5956265,5096,1433067,2738,1690423763363]
07-27 10:09:26.831 683 683 I auditd : type=1400 audit(0.0:14706): avc: denied { add_name } for comm="Binder:683_3" name="globalAlert" scontext=u:r:netd:s0 tcontext=u:object_r:proc_net:s0 tclass=dir permissive=1
07-27 10:09:28.708 1564 1692 I am_pss : [10685,10098,com.tencent.mm,163385344,116482048,0,394031104,0,2,17]
07-27 10:09:29.997 1564 1853 I input_interaction: Interaction with: dc16576 com.tencent.mm/com.tencent.mm.plugin.account.ui.MobileInputUI (server), edge-swipe (server), swipe-up (server), PointerEventDispatcher0 (server),
07-27 10:09:30.153 1564 1680 I input_focus: [Focus request 95bcfcd com.tencent.mm/com.tencent.mm.plugin.account.ui.MobileInputUI,reason=UpdateInputWindows]
07-27 10:09:30.182 1564 1853 I input_focus: [Focus leaving dc16576 com.tencent.mm/com.tencent.mm.plugin.account.ui.MobileInputUI (server),reason=setFocusedWindow]
07-27 10:09:30.182 1564 1853 I input_focus: [Focus entering 95bcfcd com.tencent.mm/com.tencent.mm.plugin.account.ui.MobileInputUI (server),reason=setFocusedWindow]
07-27 10:09:31.733 1564 1692 I am_pss : [12156,10093,com.android.permissioncontroller,11941888,8712192,0,101556224,0,19,11]
07-27 10:09:34.366 1564 1680 I input_focus: [Focus request dc16576 com.tencent.mm/com.tencent.mm.plugin.account.ui.MobileInputUI,reason=UpdateInputWindows]
07-27 10:09:34.379 870 870 I auditd : type=1400 audit(0.0:14707): avc: denied { add_name } for comm="perf@2.2-servic" name="cpu_max_freq" scontext=u:r:vendor_hal_perf_default:s0 tcontext=u:object_r:vendor_sysfs_msm_perf:s0 tclass=dir permissive=1
07-27 10:09:34.386 1564 11296 I wm_task_moved: [22,1,8]
07-27 10:09:34.386 1564 11296 I wm_set_resumed_activity: [0,com.tencent.mm/.plugin.account.ui.MobileInputUI,positionChildAt]
07-27 10:09:34.386 1564 11296 I wm_create_activity: [0,59022592,22,com.tencent.mm/.plugin.account.ui.MobileInputUI,NULL,NULL,NULL,0]
07-27 10:09:34.386 1564 11296 I wm_pause_activity: [0,128268649,com.tencent.mm/.plugin.account.ui.MobileInputUI,userLeaving=true,resumeTopActivityInnerLocked]
07-27 10:09:34.390 1564 1853 I input_focus: [Focus entering dc16576 com.tencent.mm/com.tencent.mm.plugin.account.ui.MobileInputUI (server),reason=setFocusedWindow]
07-27 10:09:34.391 10685 10685 I wm_on_top_resumed_lost_called: [128268649,com.tencent.mm.plugin.account.ui.MobileInputUI,topStateChangedWhenResumed]
07-27 10:09:34.397 10685 10685 I wm_on_paused_called: [128268649,com.tencent.mm.plugin.account.ui.MobileInputUI,performPause]
07-27 10:09:34.398 1564 9990 I wm_restart_activity: [0,59022592,22,com.tencent.mm/.plugin.account.ui.MobileInputUI]
07-27 10:09:34.399 1564 9990 I wm_set_resumed_activity: [0,com.tencent.mm/.plugin.account.ui.MobileInputUI,minimalResumeActivityLocked]
07-27 10:09:34.401 1564 9990 I wm_pause_activity: [0,192034560,com.tencent.qqlive/.ona.activity.VideoDetailActivity,userLeaving=false,makeInvisible]
07-27 10:09:34.402 1564 9990 I wm_resume_activity: [0,192034560,21,com.tencent.qqlive/.ona.activity.VideoDetailActivity]
07-27 10:09:34.403 1564 9990 I wm_add_to_stopping: [0,192034560,com.tencent.qqlive/.ona.activity.VideoDetailActivity,makeInvisible]
07-27 10:09:34.405 1564 1679 I sysui_multi_action: [757,803,799,window_time_2,802,13]
07-27 10:09:34.422 10448 10448 I wm_on_restart_called: [192034560,com.tencent.qqlive.ona.activity.VideoDetailActivity,performRestartActivity]
07-27 10:09:34.424 1564 1692 I am_pss : [13034,10096,com.tencent.ilink.ServiceProcess,58414080,48521216,0,185634816,0,4,8]
07-27 10:09:34.425 10448 10448 I wm_on_start_called: [192034560,com.tencent.qqlive.ona.activity.VideoDetailActivity,handleStartActivity]
07-27 10:09:34.471 10448 10448 I wm_on_resume_called: [192034560,com.tencent.qqlive.ona.activity.VideoDetailActivity,LIFECYCLER_RESUME_ACTIVITY]
07-27 10:09:34.481 10448 10448 I wm_on_paused_called: [192034560,com.tencent.qqlive.ona.activity.VideoDetailActivity,performPause]
07-27 10:09:34.484 1564 1679 I wm_stop_activity: [0,192034560,com.tencent.qqlive/.ona.activity.VideoDetailActivity]
07-27 10:09:34.485 1564 1679 I sysui_multi_action: [757,803,799,window_time_2,802,0]
07-27 10:09:34.489 10685 10685 I wm_on_create_called: [59022592,com.tencent.mm.plugin.account.ui.MobileInputUI,performCreate]
07-27 10:09:34.491 10685 10685 I wm_on_start_called: [59022592,com.tencent.mm.plugin.account.ui.MobileInputUI,handleStartActivity]
07-27 10:09:34.493 10448 10448 I wm_on_resume_called: [192034560,com.tencent.qqlive.ona.activity.VideoDetailActivity,RESUME_ACTIVITY]
07-27 10:09:34.499 10685 10685 I wm_on_resume_called: [59022592,com.tencent.mm.plugin.account.ui.MobileInputUI,RESUME_ACTIVITY]
07-27 10:09:34.507 1564 1680 I input_focus: [Focus request 787c56 com.tencent.mm/com.tencent.mm.plugin.account.ui.MobileInputUI,reason=UpdateInputWindows]
07-27 10:09:34.516 10685 10685 I wm_on_top_resumed_gained_called: [59022592,com.tencent.mm.plugin.account.ui.MobileInputUI,topStateChangedWhenResumed]
07-27 10:09:34.519 1564 1676 I wm_activity_launch_time: [0,59022592,com.tencent.mm/.plugin.account.ui.MobileInputUI,136]
07-27 10:09:34.521 1564 1853 I input_focus: [Focus leaving dc16576 com.tencent.mm/com.tencent.mm.plugin.account.ui.MobileInputUI (server),reason=Waiting for window because NOT_VISIBLE]
07-27 10:09:34.539 1564 1853 I input_focus: [Focus entering 787c56 com.tencent.mm/com.tencent.mm.plugin.account.ui.MobileInputUI (server),reason=Window became focusable. Previous reason: NOT_VISIBLE]
07-27 10:09:34.602 10448 10448 I wm_on_paused_called: [192034560,com.tencent.qqlive.ona.activity.VideoDetailActivity,performPause]
07-27 10:09:34.646 10448 10448 I wm_on_stop_called: [192034560,com.tencent.qqlive.ona.activity.VideoDetailActivity,STOP_ACTIVITY_ITEM]
07-27 10:09:34.839 1564 2014 I netstats_mobile_sample: [0,0,0,0,0,0,0,0,0,0,0,0,1690423771372]
07-27 10:09:34.840 1564 2014 I netstats_wifi_sample: [562355,482,1836924,3166,562355,482,1836924,3166,6036841,5160,1455356,2793,1690423771372]
07-27 10:09:35.039 10549 10549 I auditd : type=1400 audit(0.0:14708): avc: denied { open } for comm="transThread" path="/proc/stat" dev="proc" ino=4026532245 scontext=u:r:untrusted_app:s0:c100,c256,c512,c768 tcontext=u:object_r:proc_stat:s0 tclass=file permissive=1 app=com.tencent.qqlive
07-27 10:09:35.039 10549 10549 I auditd : type=1400 audit(0.0:14709): avc: denied { open } for comm="transThread" path="/proc/10549/net/snmp" dev="proc" ino=4026532270 scontext=u:r:untrusted_app:s0:c100,c256,c512,c768 tcontext=u:object_r:proc_net:s0 tclass=file permissive=1 app=com.tencent.qqlive
07-27 10:09:35.104 1564 1894 I netstats_mobile_sample: [0,0,0,0,0,0,0,0,0,0,0,0,1690423771634]
07-27 10:09:35.104 1564 1894 I netstats_wifi_sample: [563614,483,1836969,3167,563614,483,1836969,3167,6036841,5160,1455401,2794,1690423771634]
07-27 10:09:35.826 1564 1853 I input_interaction: Interaction with: 787c56 com.tencent.mm/com.tencent.mm.plugin.account.ui.MobileInputUI (server), edge-swipe (server), swipe-up (server), PointerEventDispatcher0 (server),
07-27 10:09:37.021 1564 1853 I input_interaction: Interaction with: 1962d92 PopupWindow:138201b (server), edge-swipe (server), swipe-up (server), PointerEventDispatcher0 (server),
07-27 10:09:39.115 1564 1564 I service_manager_stats: [100,81,33943]
07-27 10:09:42.226 1564 1692 I am_pss : [11720,10098,com.tencent.mm:push,85516288,44998656,0,267231232,0,3,12]
07-27 10:09:42.240 1564 1692 I am_pss : [13515,10098,com.tencent.mm:support,70291456,30212096,0,255537152,0,3,11]
07-27 10:09:44.508 1564 1853 I input_interaction: Interaction with: 787c56 com.tencent.mm/com.tencent.mm.plugin.account.ui.MobileInputUI (server), edge-swipe (server), swipe-up (server), PointerEventDispatcher0 (server),
07-27 10:09:44.516 1564 1692 I am_pss : [13034,10096,com.tencent.ilink.ServiceProcess,58504192,48611328,0,185724928,0,4,13]
07-27 10:09:44.676 1564 2014 I wm_task_moved: [22,1,8]
07-27 10:09:44.676 1564 2014 I wm_set_resumed_activity: [0,com.tencent.mm/.plugin.account.ui.MobileInputUI,positionChildAt]
07-27 10:09:44.676 1564 2014 I wm_create_activity: [0,90579046,22,com.tencent.mm/.plugin.login_exdevice.ui.LoginAsExDeviceUI,NULL,NULL,NULL,0]
07-27 10:09:44.677 1564 2014 I wm_pause_activity: [0,59022592,com.tencent.mm/.plugin.account.ui.MobileInputUI,userLeaving=true,resumeTopActivityInnerLocked]
07-27 10:09:44.681 10685 10685 I wm_on_top_resumed_lost_called: [59022592,com.tencent.mm.plugin.account.ui.MobileInputUI,topStateChangedWhenResumed]
07-27 10:09:44.688 10685 10685 I wm_on_paused_called: [59022592,com.tencent.mm.plugin.account.ui.MobileInputUI,performPause]
07-27 10:09:44.690 1564 2014 I wm_restart_activity: [0,90579046,22,com.tencent.mm/.plugin.login_exdevice.ui.LoginAsExDeviceUI]
07-27 10:09:44.691 1564 2014 I wm_set_resumed_activity: [0,com.tencent.mm/.plugin.login_exdevice.ui.LoginAsExDeviceUI,minimalResumeActivityLocked]
07-27 10:09:44.692 1564 2014 I wm_pause_activity: [0,192034560,com.tencent.qqlive/.ona.activity.VideoDetailActivity,userLeaving=false,makeInvisible]
07-27 10:09:44.693 1564 2014 I wm_resume_activity: [0,192034560,21,com.tencent.qqlive/.ona.activity.VideoDetailActivity]
07-27 10:09:44.693 1564 2014 I wm_add_to_stopping: [0,192034560,com.tencent.qqlive/.ona.activity.VideoDetailActivity,makeInvisible]
07-27 10:09:44.696 1564 1679 I sysui_multi_action: [757,803,799,window_time_2,802,10]
07-27 10:09:44.714 10448 10448 I wm_on_restart_called: [192034560,com.tencent.qqlive.ona.activity.VideoDetailActivity,performRestartActivity]
07-27 10:09:44.718 10448 10448 I wm_on_start_called: [192034560,com.tencent.qqlive.ona.activity.VideoDetailActivity,handleStartActivity]
07-27 10:09:44.731 1564 1894 I netstats_mobile_sample: [0,0,0,0,0,0,0,0,0,0,0,0,1690423781264]
07-27 10:09:44.732 1564 1894 I netstats_wifi_sample: [571168,489,1864474,3230,571168,489,1864474,3230,6117417,5224,1477870,2853,1690423781264]
07-27 10:09:44.727 683 683 I auditd : type=1400 audit(0.0:14710): avc: denied { add_name } for comm="Binder:683_3" name="globalAlert" scontext=u:r:netd:s0 tcontext=u:object_r:proc_net:s0 tclass=dir permissive=1
07-27 10:09:44.735 10448 10448 I wm_on_resume_called: [192034560,com.tencent.qqlive.ona.activity.VideoDetailActivity,LIFECYCLER_RESUME_ACTIVITY]
07-27 10:09:44.745 10448 10448 I wm_on_paused_called: [192034560,com.tencent.qqlive.ona.activity.VideoDetailActivity,performPause]
07-27 10:09:44.751 1564 1679 I wm_stop_activity: [0,192034560,com.tencent.qqlive/.ona.activity.VideoDetailActivity]
07-27 10:09:44.752 1564 1679 I sysui_multi_action: [757,803,799,window_time_2,802,0]
07-27 10:09:44.755 10685 10685 I wm_on_create_called: [90579046,com.tencent.mm.plugin.login_exdevice.ui.LoginAsExDeviceUI,performCreate]
