07-27 10:12:51.916 1564 1609 E ANDR-PERF-JNI: com_qualcomm_qtiperformance_native_perf_io_prefetch_start
07-27 10:12:51.916 1564 1609 D ActivityTaskManager: TaskLaunchParamsModifier:task=Task{4b4c4ca #25 type=standard A=10100:com.tencent.qqlive U=0 visible=true mode=freeform translucent=false sz=1 visible freeform task=true rootAffinity=10100:com.tencent.qqlive isMini=false} activity=ActivityRecord{74686f9 u0 com.tencent.qqlive/.ona.activity.VideoDetailActivity taskAffinity=10100:com.tencent.qqlive t-1} display-from-task=0 display-id=0 display-windowing-mode=1 suggested-display-area=DefaultTaskDisplayArea@58840513 non-freeform-display display-area=DefaultTaskDisplayArea@58840513
07-27 10:12:51.916 1564 1609 D FreeFormWindowHelper: recentTask : null
07-27 10:12:51.918 1564 1609 I wm_task_moved: [25,1,6]
07-27 10:12:51.918 1564 1609 I wm_set_resumed_activity: [0,com.tencent.qqlive/.ona.activity.SplashHomeActivity,positionChildAt]
07-27 10:12:51.918 1564 1609 I wm_create_activity: [0,122062585,25,com.tencent.qqlive/.ona.activity.VideoDetailActivity,NULL,NULL,NULL,268435456]
07-27 10:12:51.918 1564 1609 D CompatibilityInfo: mCompatibilityFlags - 4
07-27 10:12:51.918 1564 1609 D CompatibilityInfo: applicationDensity - 240
07-27 10:12:51.918 1564 1609 D CompatibilityInfo: applicationScale - 1.0
07-27 10:12:51.918 1564 1609 I ActivityTaskManager: addStartingWindow startWindow type:0
07-27 10:12:51.918 1564 1609 D ActivityTrigger: ActivityTrigger activityPauseTrigger
07-27 10:12:51.918 1564 1609 I wm_pause_activity: [0,76060447,com.tencent.qqlive/.ona.activity.SplashHomeActivity,userLeaving=true,resumeTopActivityInnerLocked]
07-27 10:12:51.918 1564 1609 D PowerManagerService: acquireWakeLockInternal: lock=225349797, flags=0x1, tag="*launch*", ws=WorkSource{10100}, uid=1000, pid=1564
07-27 10:12:51.918 1564 1609 D PowerManagerService: updateWakeLockSummaryLocked: mWakefulness=Awake, mWakeLockSummary=0x1
07-27 10:12:51.918 1564 1609 D PowerManagerService: updateUserActivitySummaryLocked: groupId=0, mWakefulness=Awake, mUserActivitySummary=0x1, nextTimeout=856889 (in 59938 ms)
07-27 10:12:51.919 1564 1609 D PowerManagerNotifier: onScreenPolicyUpdate: newPolicy=3
07-27 10:12:51.919 1564 1609 D PowerManagerService: updateDisplayPowerStateLocked: displayReady=true, groupId=0, policy=BRIGHT, mWakefulness=Awake, mWakeLockSummary=0x1, mUserActivitySummary=0x1, mBootCompleted=true, screenBrightnessOverride=NaN, useAutoBrightness=true, mScreenBrightnessBoostInProgress=false, mIsVrModeEnabled= false, sQuiescent=false
07-27 10:12:51.919 1564 1609 D PowerManagerNotifier: onWakeLockAcquired: flags=1, tag="*launch*", packageName=android, ownerUid=1000, ownerPid=1564, workSource=WorkSource{10100}
07-27 10:12:51.921 868 3407 E ANDR-IOP: io prefetch is disabled
07-27 10:12:51.923 1564 1679 I EventSequenceValidator: dec AccIntentStartedEvents to 1
07-27 10:12:51.924 19425 19425 I wm_on_top_resumed_lost_called: [76060447,com.tencent.qqlive.ona.activity.SplashHomeActivity,topStateChangedWhenResumed]
07-27 10:12:51.928 19425 19425 I wm_on_paused_called: [76060447,com.tencent.qqlive.ona.activity.SplashHomeActivity,performPause]
07-27 10:12:51.928 1564 1609 I ActivityTaskManager: FOREGROUND_APPLICATION_CHANGED to com.tencent.qqlive.ona.activity.VideoDetailActivity
07-27 10:12:51.929 1564 1609 I ActivityTaskManager: The Process com.tencent.qqlive Already Exists in BG. So sending its PID: 19425
07-27 10:12:51.929 1564 1609 W ActivityTaskManager: Tried to set launchTime (0) < mLastActivityLaunchTime (792416)
07-27 10:12:51.930 1564 1609 I wm_restart_activity: [0,122062585,25,com.tencent.qqlive/.ona.activity.VideoDetailActivity]
07-27 10:12:51.930 1564 1609 D CompatibilityInfo: mCompatibilityFlags - 4
07-27 10:12:51.930 1564 1609 D CompatibilityInfo: applicationDensity - 240
07-27 10:12:51.930 1564 1609 D CompatibilityInfo: applicationScale - 1.0
07-27 10:12:51.931 19425 19515 E ODK : Could not get permission of android.permission.READ_PHONE_STATE
07-27 10:12:51.931 1564 1609 I wm_set_resumed_activity: [0,com.tencent.qqlive/.ona.activity.VideoDetailActivity,minimalResumeActivityLocked]
07-27 10:12:51.931 1564 1609 D FreeFormWindowHelper: handleFreeformTask : Task{4b4c4ca #25 type=standard A=10100:com.tencent.qqlive U=0 visible=true mode=freeform translucent=false sz=2 visible freeform task=true rootAffinity=10100:com.tencent.qqlive isMini=false}
07-27 10:12:51.931 1564 1609 D FreeFormWindowHelper: mFreeFormTask : Task{4b4c4ca #25 type=standard A=10100:com.tencent.qqlive U=0 visible=true mode=freeform translucent=false sz=2 visible freeform task=true rootAffinity=10100:com.tencent.qqlive isMini=false}
07-27 10:12:51.931 1564 1609 D FreeFormWindowHelper: mInRecent : false
07-27 10:12:51.931 1564 1609 D FreeFormWindowHelper: add new freeform task : Task{4b4c4ca #25 type=standard A=10100:com.tencent.qqlive U=0 visible=true mode=freeform translucent=false sz=2 visible freeform task=true rootAffinity=10100:com.tencent.qqlive isMini=false}
07-27 10:12:51.931 1564 1609 D FreeFormWindowHelper:
07-27 10:12:51.933 1564 1679 I sysui_multi_action: [757,803,799,window_time_0,802,64]
07-27 10:12:51.998 1564 1609 I MediaFocusControl: abandonAudioFocus() from uid/pid 10100/19425 clientId=android.media.AudioManager@6b43a5acom.tencent.qqlive.modules.vb.qmtpluginkit.impl.plugin.audiofocus.d@20748b
07-27 10:12:52.023 19425 20987 W Settings: Setting airplane_mode_on has moved from android.provider.Settings.System to android.provider.Settings.Global, returning read-only value.
07-27 10:12:52.026 1564 1904 D ConnectivityService: NetReassign [no changes]
07-27 10:12:52.034 1564 5594 D ActivityTaskManager: Skipping, freeform mode : Task{4b4c4ca #25 type=standard A=10100:com.tencent.qqlive U=0 visible=true mode=freeform translucent=false sz=2 visible freeform task=true rootAffinity=10100:com.tencent.qqlive isMini=false}
07-27 10:12:52.034 1564 1825 D FreeFormWindowHelper: Current Display FreeFormTask is Task{4b4c4ca #25 type=standard A=10100:com.tencent.qqlive U=0 visible=true mode=freeform translucent=false sz=2 visible freeform task=true rootAffinity=10100:com.tencent.qqlive isMini=false}
07-27 10:12:52.034 1564 1825 D FreeFormWindowHelper: Current Display FreeFormTask is Task{4b4c4ca #25 type=standard A=10100:com.tencent.qqlive U=0 visible=true mode=freeform translucent=false sz=2 visible freeform task=true rootAffinity=10100:com.tencent.qqlive isMini=false}
07-27 10:12:52.036 1564 5594 D FreeFormWindowHelper: Current Display FreeFormTask is Task{4b4c4ca #25 type=standard A=10100:com.tencent.qqlive U=0 visible=true mode=freeform translucent=false sz=2 visible freeform task=true rootAffinity=10100:com.tencent.qqlive isMini=false}
07-27 10:12:52.036 1564 5594 D FreeFormWindowHelper: Current Display FreeFormTask is Task{4b4c4ca #25 type=standard A=10100:com.tencent.qqlive U=0 visible=true mode=freeform translucent=false sz=2 visible freeform task=true rootAffinity=10100:com.tencent.qqlive isMini=false}
07-27 10:12:52.037 1564 5594 D FreeFormWindowHelper: Current Display FreeFormTask is Task{4b4c4ca #25 type=standard A=10100:com.tencent.qqlive U=0 visible=true mode=freeform translucent=false sz=2 visible freeform task=true rootAffinity=10100:com.tencent.qqlive isMini=false}
07-27 10:12:52.041 1564 1825 D FreeFormWindowHelper: Current Display FreeFormTask is Task{4b4c4ca #25 type=standard A=10100:com.tencent.qqlive U=0 visible=true mode=freeform translucent=false sz=2 visible freeform task=true rootAffinity=10100:com.tencent.qqlive isMini=false}
07-27 10:12:52.043 19425 20753 W AudioManager: Use of stream types is deprecated for operations other than volume control
07-27 10:12:52.043 19425 20753 W AudioManager: See the documentation of requestAudioFocus() for what to use instead with android.media.AudioAttributes to qualify your playback use case
07-27 10:12:52.045 1564 1825 I MediaFocusControl: requestAudioFocus() from uid/pid 10100/19425 AA=USAGE_MEDIA/CONTENT_TYPE_MUSIC clientId=android.media.AudioManager@6b43a5acom.tencent.qqlive.modules.vb.qmtpluginkit.impl.plugin.audiofocus.d@20748b callingPack=com.tencent.qqlive req=2 flags=0x0 sdk=33
07-27 10:12:52.046 1564 1825 I AudioService.FadeOutManager: unfadeOutUid() uid:10100
07-27 10:12:52.051 1564 1825 D FreeFormWindowHelper: Current Display FreeFormTask is Task{4b4c4ca #25 type=standard A=10100:com.tencent.qqlive U=0 visible=true mode=freeform translucent=false sz=2 visible freeform task=true rootAffinity=10100:com.tencent.qqlive isMini=false}
07-27 10:12:52.052 1564 1825 D FreeFormWindowHelper: Current Display FreeFormTask is Task{4b4c4ca #25 type=standard A=10100:com.tencent.qqlive U=0 visible=true mode=freeform translucent=false sz=2 visible freeform task=true rootAffinity=10100:com.tencent.qqlive isMini=false}
07-27 10:12:52.053 1564 1825 D FreeFormWindowHelper: Current Display FreeFormTask is Task{4b4c4ca #25 type=standard A=10100:com.tencent.qqlive U=0 visible=true mode=freeform translucent=false sz=2 visible freeform task=true rootAffinity=10100:com.tencent.qqlive isMini=false}
07-27 10:12:52.061 19425 19425 W Settings: Setting airplane_mode_on has moved from android.provider.Settings.System to android.provider.Settings.Global, returning read-only value.
07-27 10:12:52.072 19425 19425 I wm_on_create_called: [122062585,com.tencent.qqlive.ona.activity.VideoDetailActivity,performCreate]
07-27 10:12:52.085 19425 19425 E ThemeUtils: View class com.tencent.qqlive.modules.universal.vip.TimingLottieImageView is an AppCompat widget that can only be used with a Theme.AppCompat theme (or descendant).
07-27 10:12:52.086 1564 5594 D PowerManagerService: releaseWakeLockInternal: lock=63604611 [HttpRequestTask], flags=0x0
07-27 10:12:52.086 1564 5594 D PowerManagerNotifier: onWakeLockReleased: flags=1, tag="HttpRequestTask", packageName=com.tencent.qqlive, ownerUid=10100, ownerPid=19425, workSource=null
07-27 10:12:52.086 1564 5594 D PowerManagerService: updateWakeLockSummaryLocked: mWakefulness=Awake, mWakeLockSummary=0x1
07-27 10:12:52.086 1564 5594 D PowerManagerService: updateUserActivitySummaryLocked: groupId=0, mWakefulness=Awake, mUserActivitySummary=0x1, nextTimeout=856889 (in 59770 ms)
07-27 10:12:52.087 1564 5594 D PowerManagerNotifier: onScreenPolicyUpdate: newPolicy=3
07-27 10:12:52.087 1564 5594 D PowerManagerService: updateDisplayPowerStateLocked: displayReady=true, groupId=0, policy=BRIGHT, mWakefulness=Awake, mWakeLockSummary=0x1, mUserActivitySummary=0x1, mBootCompleted=true, screenBrightnessOverride=NaN, useAutoBrightness=true, mScreenBrightnessBoostInProgress=false, mIsVrModeEnabled= false, sQuiescent=false
07-27 10:12:52.091 19425 21001 W Settings: Setting airplane_mode_on has moved from android.provider.Settings.System to android.provider.Settings.Global, returning read-only value.
07-27 10:12:52.096 19425 19425 I wm_on_start_called: [122062585,com.tencent.qqlive.ona.activity.VideoDetailActivity,handleStartActivity]
07-27 10:12:52.099 19425 19425 I wm_on_resume_called: [122062585,com.tencent.qqlive.ona.activity.VideoDetailActivity,RESUME_ACTIVITY]
07-27 10:12:52.112 19425 19425 I wm_on_top_resumed_gained_called: [122062585,com.tencent.qqlive.ona.activity.VideoDetailActivity,topStateChangedWhenResumed]
07-27 10:12:52.112 2647 2647 D ActivityChangeReceiver: onReceive
07-27 10:12:52.112 2647 6780 D MCUUtil : saveLastActivity activityName=com.tencent.qqlive.ona.activity.VideoDetailActivity packageName=com.tencent.qqlive
07-27 10:12:52.117 1564 2479 D PowerManagerService: acquireWakeLockInternal: lock=265235996, flags=0x1, tag="HttpRequestTask", ws=null, uid=10100, pid=19639
07-27 10:12:52.117 1564 2479 D PowerManagerService: updateWakeLockSummaryLocked: mWakefulness=Awake, mWakeLockSummary=0x1
07-27 10:12:52.117 1564 2479 D PowerManagerService: updateUserActivitySummaryLocked: groupId=0, mWakefulness=Awake, mUserActivitySummary=0x1, nextTimeout=856889 (in 59739 ms)
07-27 10:12:52.117 1564 2479 D PowerManagerNotifier: onScreenPolicyUpdate: newPolicy=3
07-27 10:12:52.117 1564 2479 D PowerManagerService: updateDisplayPowerStateLocked: displayReady=true, groupId=0, policy=BRIGHT, mWakefulness=Awake, mWakeLockSummary=0x1, mUserActivitySummary=0x1, mBootCompleted=true, screenBrightnessOverride=NaN, useAutoBrightness=true, mScreenBrightnessBoostInProgress=false, mIsVrModeEnabled= false, sQuiescent=false
07-27 10:12:52.117 1564 2479 D PowerManagerNotifier: onWakeLockAcquired: flags=1, tag="HttpRequestTask", packageName=com.tencent.qqlive, ownerUid=10100, ownerPid=19639, workSource=null
07-27 10:12:52.138 1564 1680 I input_focus: [Focus request c75faee com.tencent.qqlive/com.tencent.qqlive.ona.activity.VideoDetailActivity,reason=UpdateInputWindows]
07-27 10:12:52.162 1564 1853 I input_focus: [Focus leaving efcdbbc com.tencent.qqlive/com.tencent.qqlive.ona.activity.SplashHomeActivity (server),reason=Waiting for window because NOT_VISIBLE]
07-27 10:12:52.166 1564 1676 I wm_activity_launch_time: [0,122062585,com.tencent.qqlive/.ona.activity.VideoDetailActivity,250]
07-27 10:12:52.167 1564 1676 I ActivityTaskManager: Displayed com.tencent.qqlive/.ona.activity.VideoDetailActivity: +250ms
07-27 10:12:52.167 1564 1680 D PowerManagerService: acquireWakeLockInternal: lock=92260844, flags=0x2000000a, tag="WindowManager", ws=WorkSource{10100}, uid=1000, pid=1564
07-27 10:12:52.167 1564 1680 D PowerManagerService: updateWakeLockSummaryLocked: mWakefulness=Awake, mWakeLockSummary=0x23
07-27 10:12:52.167 1564 1680 D PowerManagerService: updateUserActivitySummaryLocked: groupId=0, mWakefulness=Awake, mUserActivitySummary=0x1, nextTimeout=856889 (in 59689 ms)
07-27 10:12:52.167 1564 1680 D PowerManagerNotifier: onScreenPolicyUpdate: newPolicy=3
07-27 10:12:52.168 1564 1680 D PowerManagerService: updateDisplayPowerStateLocked: displayReady=true, groupId=0, policy=BRIGHT, mWakefulness=Awake, mWakeLockSummary=0x23, mUserActivitySummary=0x1, mBootCompleted=true, screenBrightnessOverride=NaN, useAutoBrightness=true, mScreenBrightnessBoostInProgress=false, mIsVrModeEnabled= false, sQuiescent=false
07-27 10:12:52.168 1564 1680 D PowerManagerNotifier: onWakeLockAcquired: flags=536870922, tag="WindowManager", packageName=android, ownerUid=1000, ownerPid=1564, workSource=WorkSource{10100}
07-27 10:12:52.170 18223 18464 I tencent.mm:pus: Explicit concurrent copying GC freed 6004(286KB) AllocSpace objects, 3(60KB) LOS objects, 49% free, 12MB/25MB, paused 129us,37us total 129.062ms
07-27 10:12:52.172 19425 19425 W System.err: java.lang.ClassNotFoundException: com.oplus.content.OplusFeatureConfigManager
07-27 10:12:52.172 19425 19425 W System.err: at java.lang.Class.classForName(Native Method)
07-27 10:12:52.172 19425 19425 W System.err: at java.lang.Class.forName(Class.java:454)
07-27 10:12:52.172 19425 19425 W System.err: at java.lang.Class.forName(Class.java:379)
07-27 10:12:52.172 19425 19425 W System.err: at com.tencent.qqlive.modules.vb.qmtpluginkit.impl.plugin.rotateplugin.a.c(Unknown Source:3)
07-27 10:12:52.172 19425 19425 W System.err: at com.tencent.qqlive.modules.vb.qmtpluginkit.impl.plugin.rotateplugin.a.b(Unknown Source:1)
07-27 10:12:52.172 19425 19425 W System.err: at com.tencent.qqlive.modules.vb.qmtpluginkit.impl.plugin.rotateplugin.a.a(Unknown Source:8)
07-27 10:12:52.172 19425 19425 W System.err: at com.tencent.qqlive.modules.vb.qmtpluginkit.impl.plugin.rotateplugin.f.d(Unknown Source:6)
07-27 10:12:52.172 19425 19425 W System.err: at com.tencent.qqlive.modules.vb.qmtpluginkit.impl.plugin.rotateplugin.QMTPlayerRotatePlugin.getPageOrientation(Unknown Source:1)
07-27 10:12:52.172 19425 19425 W System.err: at com.tencent.qqlive.modules.vb.qmtpluginkit.impl.plugin.rotateplugin.QMTPlayerRotatePlugin.refreshOrientation(Unknown Source:5)
07-27 10:12:52.172 19425 19425 W System.err: at com.tencent.qqlive.modules.vb.qmtpluginkit.impl.plugin.rotateplugin.h.run(Unknown Source:2)
07-27 10:12:52.172 19425 19425 W System.err: at android.os.Handler.handleCallback(Handler.java:938)
07-27 10:12:52.172 19425 19425 W System.err: at android.os.Handler.dispatchMessage(Handler.java:99)
07-27 10:12:52.172 19425 19425 W System.err: at android.os.Looper.loopOnce(Looper.java:201)
07-27 10:12:52.172 19425 19425 W System.err: at android.os.Looper.loop(Looper.java:288)
07-27 10:12:52.172 19425 19425 W System.err: at sy3.e.f(Unknown Source:1)
07-27 10:12:52.172 19425 19425 W System.err: at sy3.e.a(Unknown Source:0)
07-27 10:12:52.172 19425 19425 W System.err: at sy3.d.run(Unknown Source:0)
07-27 10:12:52.172 19425 19425 W System.err: at android.os.Handler.handleCallback(Handler.java:938)
07-27 10:12:52.172 19425 19425 W System.err: at android.os.Handler.dispatchMessage(Handler.java:99)
07-27 10:12:52.172 19425 19425 W System.err: at android.os.Looper.loopOnce(Looper.java:201)
07-27 10:12:52.172 19425 19425 W System.err: at android.os.Looper.loop(Looper.java:288)
07-27 10:12:52.172 19425 19425 W System.err: at android.app.ActivityThread.main(ActivityThread.java:7880)
07-27 10:12:52.172 19425 19425 W System.err: at java.lang.reflect.Method.invoke(Native Method)
07-27 10:12:52.172 19425 19425 W System.err: at com.android.internal.os.RuntimeInit$MethodAndArgsCaller.run(RuntimeInit.java:548)
07-27 10:12:52.172 19425 19425 W System.err: at com.android.internal.os.ZygoteInit.main(ZygoteInit.java:1009)
07-27 10:12:52.172 19425 19425 W System.err: Caused by: java.lang.ClassNotFoundException: com.oplus.content.OplusFeatureConfigManager
07-27 10:12:52.172 19425 19425 W System.err: ... 25 more
07-27 10:12:52.177 1564 1853 I input_focus: [Focus entering c75faee com.tencent.qqlive/com.tencent.qqlive.ona.activity.VideoDetailActivity (server),reason=Window became focusable. Previous reason: NOT_VISIBLE]
07-27 10:12:52.191 1564 1609 D PowerManagerService: releaseWakeLockInternal: lock=207097554 [], flags=0x0
07-27 10:12:52.191 1564 1609 D PowerManagerNotifier: onWakeLockReleased: flags=1, tag="", packageName=com.tencent.qqlive, ownerUid=10100, ownerPid=19425, workSource=null
07-27 10:12:52.191 1564 1609 D PowerManagerService: updateWakeLockSummaryLocked: mWakefulness=Awake, mWakeLockSummary=0x23
07-27 10:12:52.191 1564 1609 D PowerManagerService: updateUserActivitySummaryLocked: groupId=0, mWakefulness=Awake, mUserActivitySummary=0x1, nextTimeout=856889 (in 59665 ms)
07-27 10:12:52.191 1564 1609 D PowerManagerNotifier: onScreenPolicyUpdate: newPolicy=3
07-27 10:12:52.191 1564 1609 D PowerManagerService: updateDisplayPowerStateLocked: displayReady=true, groupId=0, policy=BRIGHT, mWakefulness=Awake, mWakeLockSummary=0x23, mUserActivitySummary=0x1, mBootCompleted=true, screenBrightnessOverride=NaN, useAutoBrightness=true, mScreenBrightnessBoostInProgress=false, mIsVrModeEnabled= false, sQuiescent=false
07-27 10:12:52.194 19425 20598 E error : CommonModel onProtocolRequestFinish
07-27 10:12:52.194 19425 20598 E error : CommonModel onGetJceStruct
07-27 10:12:52.198 1564 1825 D PowerManagerService: releaseWakeLockInternal: lock=25312280 [], flags=0x0
07-27 10:12:52.198 1564 1825 D PowerManagerNotifier: onWakeLockReleased: flags=1, tag="", packageName=com.tencent.qqlive, ownerUid=10100, ownerPid=19425, workSource=null
07-27 10:12:52.198 1564 1825 D PowerManagerService: updateWakeLockSummaryLocked: mWakefulness=Awake, mWakeLockSummary=0x23
07-27 10:12:52.198 1564 1825 D PowerManagerService: updateUserActivitySummaryLocked: groupId=0, mWakefulness=Awake, mUserActivitySummary=0x1, nextTimeout=856889 (in 59659 ms)
07-27 10:12:52.198 1564 1825 D PowerManagerNotifier: onScreenPolicyUpdate: newPolicy=3
07-27 10:12:52.198 1564 1825 D PowerManagerService: updateDisplayPowerStateLocked: displayReady=true, groupId=0, policy=BRIGHT, mWakefulness=Awake, mWakeLockSummary=0x23, mUserActivitySummary=0x1, mBootCompleted=true, screenBrightnessOverride=NaN, useAutoBrightness=true, mScreenBrightnessBoostInProgress=false, mIsVrModeEnabled= false, sQuiescent=false
07-27 10:12:52.206 3646 3646 I ImeService: ImeService(com.baidu.input_hryt.ImeService@837a4d6) life called >>> onFinishInput
07-27 10:12:52.206 3646 3646 D ImeService: onFinishInput
07-27 10:12:52.207 3646 3646 I ImeService: ImeService(com.baidu.input_hryt.ImeService@837a4d6) life called >>> onStartInput false 10.6.1003.20
07-27 10:12:52.207 3646 3646 D ImeService: current version:10.6.1003.20
07-27 10:12:52.207 3646 3646 D ImeService: onStartInput:packageName:com.tencent.qqlive inputType:0 restarting:false,fieldId:-1,imeOptions:0
07-27 10:12:52.209 3646 3968 E CarAuth : check ok
07-27 10:12:52.215 3646 3646 I ColorPicker: invalidatePickedColors: oldFloatColor=fff5f7fa
07-27 10:12:52.219 19425 20588 W System.err: java.io.FileNotFoundException: /storage/emulated/0/com.tencent.qqlive/files/qad/ConfigCheck: open failed: ENOENT (No such file or directory)
07-27 10:12:52.219 19425 20588 W System.err: at libcore.io.IoBridge.open(IoBridge.java:575)
07-27 10:12:52.219 19425 20588 W System.err: at java.io.FileInputStream.(FileInputStream.java:160)
07-27 10:12:52.219 19425 20588 W System.err: at java.io.FileInputStream.(FileInputStream.java:115)
07-27 10:12:52.219 19425 20588 W System.err: at com.tencent.qqlive.qadcore.utility.AdCoreUtils.readFile(Unknown Source:2)
07-27 10:12:52.219 19425 20588 W System.err: at com.tencent.qqlive.qadconfig.common.QAdConfigParser.needMonitorConfig(Unknown Source:7)
07-27 10:12:52.219 19425 20588 W System.err: at com.tencent.qqlive.qadconfig.common.QAdConfigParser.lambda$parseToConfigCacheAsync$0(Unknown Source:2)
07-27 10:12:52.219 19425 20588 W System.err: at com.tencent.qqlive.qadconfig.common.QAdConfigParser.a(Unknown Source:0)
07-27 10:12:52.219 19425 20588 W System.err: at com.tencent.qqlive.qadconfig.common.c.run(Unknown Source:6)
07-27 10:12:52.219 19425 20588 W System.err: at el1.l.run(Unknown Source:2)
07-27 10:12:52.219 19425 20588 W System.err: at el1.z$b.run(Unknown Source:3)
07-27 10:12:52.219 19425 20588 W System.err: at java.util.concurrent.ThreadPoolExecutor.runWorker(ThreadPoolExecutor.java:1167)
07-27 10:12:52.219 19425 20588 W System.err: at java.util.concurrent.ThreadPoolExecutor$Worker.run(ThreadPoolExecutor.java:641)
07-27 10:12:52.219 19425 20588 W System.err: at gl1.g$a.run(Unknown Source:11)
07-27 10:12:52.219 19425 20588 W System.err: Caused by: android.system.ErrnoException: open failed: ENOENT (No such file or directory)
07-27 10:12:52.219 19425 20588 W System.err: at libcore.io.Linux.open(Native Method)
07-27 10:12:52.219 19425 20588 W System.err: at libcore.io.ForwardingOs.open(ForwardingOs.java:567)
07-27 10:12:52.219 19425 20588 W System.err: at libcore.io.BlockGuardOs.open(BlockGuardOs.java:273)
07-27 10:12:52.219 19425 20588 W System.err: at libcore.io.ForwardingOs.open(ForwardingOs.java:567)
07-27 10:12:52.219 19425 20588 W System.err: at android.app.ActivityThread$AndroidOs.open(ActivityThread.java:7766)
07-27 10:12:52.219 19425 20588 W System.err: at libcore.io.IoBridge.open(IoBridge.java:561)
07-27 10:12:52.219 19425 20588 W System.err: ... 12 more
07-27 10:12:52.223 1564 1825 D PowerManagerService: releaseWakeLockInternal: lock=225349797 [*launch*], flags=0x0
07-27 10:12:52.223 1564 1825 D PowerManagerNotifier: onWakeLockReleased: flags=1, tag="*launch*", packageName=android, ownerUid=1000, ownerPid=1564, workSource=WorkSource{10100}
07-27 10:12:52.223 1564 1825 D PowerManagerService: updateWakeLockSummaryLocked: mWakefulness=Awake, mWakeLockSummary=0x23
07-27 10:12:52.223 1564 1825 D PowerManagerService: updateUserActivitySummaryLocked: groupId=0, mWakefulness=Awake, mUserActivitySummary=0x1, nextTimeout=856889 (in 59634 ms)
07-27 10:12:52.223 1564 1825 D PowerManagerNotifier: onScreenPolicyUpdate: newPolicy=3
07-27 10:12:52.223 1564 1825 D PowerManagerService: updateDisplayPowerStateLocked: displayReady=true, groupId=0, policy=BRIGHT, mWakefulness=Awake, mWakeLockSummary=0x23, mUserActivitySummary=0x1, mBootCompleted=true, screenBrightnessOverride=NaN, useAutoBrightness=true, mScreenBrightnessBoostInProgress=false, mIsVrModeEnabled= false, sQuiescent=false
07-27 10:12:52.223 19425 19425 I auditd : type=1400 audit(0.0:19379): avc: granted { execute } for comm=".tencent.qqlive" path="/data/data/com.tencent.qqlive/files/res_hub/34671a8bec/app/online/abi_64/res/RoosterNN/1/libRoosterNN.so" dev="dm-10" ino=27435 scontext=u:r:untrusted_app:s0:c100,c256,c512,c768 tcontext=u:object_r:app_data_file:s0:c100,c256,c512,c768 tclass=file app=com.tencent.qqlive
07-27 10:12:52.223 19425 19425 W .tencent.qqlive: type=1400 audit(0.0:19379): avc: granted { execute } for path="/data/data/com.tencent.qqlive/files/res_hub/34671a8bec/app/online/abi_64/res/RoosterNN/1/libRoosterNN.so" dev="dm-10" ino=27435 scontext=u:r:untrusted_app:s0:c100,c256,c512,c768 tcontext=u:object_r:app_data_file:s0:c100,c256,c512,c768 tclass=file app=com.tencent.qqlive
07-27 10:12:52.223 19425 19425 I auditd : type=1400 audit(0.0:19380): avc: granted { execute } for comm=".tencent.qqlive" path="/data/data/com.tencent.qqlive/files/res_hub/34671a8bec/app/online/abi_64/res/GCloudVoice/1/libGCloudVoice.so" dev="dm-10" ino=27480 scontext=u:r:untrusted_app:s0:c100,c256,c512,c768 tcontext=u:object_r:app_data_file:s0:c100,c256,c512,c768 tclass=file app=com.tencent.qqlive
07-27 10:12:52.223 19425 19425 W .tencent.qqlive: type=1400 audit(0.0:19380): avc: granted { execute } for path="/data/data/com.tencent.qqlive/files/res_hub/34671a8bec/app/online/abi_64/res/GCloudVoice/1/libGCloudVoice.so" dev="dm-10" ino=27480 scontext=u:r:untrusted_app:s0:c100,c256,c512,c768 tcontext=u:object_r:app_data_file:s0:c100,c256,c512,c768 tclass=file app=com.tencent.qqlive
07-27 10:12:52.234 19425 20957 I GCloudVoice: [2023-07-27 10:12:52 234] | Info | [GCloudVoice] |20957| GCloudVoiceEngine.cpp:603 |PrintMacroDef| Macro define:Speex_NB Speex_WB MP3
07-27 10:12:52.235 19425 20957 I GCloudVoice: [2023-07-27 10:12:52 235] | Info | [GCloudVoice] |20957| GCloudVoiceEngine.cpp:3458 |EnableLogOnAndroid| EnableLogOnAndroid enable: 1
07-27 10:12:52.235 19425 20957 I GCloudVoice: [2023-07-27 10:12:52 235] | Info | [GCloudVoice] |20957| GCloudVoiceEngine.cpp:3450 |EnableLogOnCS| EnableLogOnCS enable: 1
07-27 10:12:52.236 19425 20957 I GCloudVoice: [2023-07-27 10:12:52 236] | Info | [GCloudVoice] |20957| GCloudVoiceEngine.cpp:3446 |EnableLog| GCloudVoiceEngine::EnableLog true printLogLevelRemote: 0
07-27 10:12:52.238 19425 20957 E GVoiceAndroidLog: android.permission.INTERNET
07-27 10:12:52.238 19425 20957 E GVoiceAndroidLog: android.permission.ACCESS_NETWORK_STATE
07-27 10:12:52.238 19425 20957 E GVoiceAndroidLog: android.permission.ACCESS_WIFI_STATE
07-27 10:12:52.238 19425 20957 E GVoiceAndroidLog: android.permission.WRITE_EXTERNAL_STORAGE
07-27 10:12:52.238 19425 20957 E GVoiceAndroidLog: android.permission.READ_MEDIA_IMAGES
07-27 10:12:52.238 19425 20957 E GVoiceAndroidLog: android.permission.READ_MEDIA_AUDIO
07-27 10:12:52.238 19425 20957 E GVoiceAndroidLog: android.permission.READ_MEDIA_VIDEO
07-27 10:12:52.238 19425 20957 E GVoiceAndroidLog: android.permission.READ_EXTERNAL_STORAGE
07-27 10:12:52.238 19425 20957 E GVoiceAndroidLog: android.permission.CHANGE_WIFI_STATE
07-27 10:12:52.238 19425 20957 E GVoiceAndroidLog: android.permission.RESTART_PACKAGES
07-27 10:12:52.238 19425 20957 E GVoiceAndroidLog: android.permission.WAKE_LOCK
07-27 10:12:52.238 19425 20957 E GVoiceAndroidLog: android.permission.DISABLE_KEYGUARD
07-27 10:12:52.238 19425 20957 E GVoiceAndroidLog: android.permission.GET_TASKS
07-27 10:12:52.238 19425 20957 E GVoiceAndroidLog: android.permission.BROADCAST_STICKY
07-27 10:12:52.238 19425 20957 E GVoiceAndroidLog: android.permission.WRITE_SETTINGS
07-27 10:12:52.238 19425 20957 E GVoiceAndroidLog: android.permission.REORDER_TASKS
07-27 10:12:52.238 19425 20957 E GVoiceAndroidLog: android.permission.INTERNET
07-27 10:12:52.238 19425 20957 E GVoiceAndroidLog: android.permission.ACCESS_NETWORK_STATE
07-27 10:12:52.238 19425 20957 E GVoiceAndroidLog: android.permission.ACCESS_WIFI_STATE
07-27 10:12:52.238 19425 20957 E GVoiceAndroidLog: android.permission.WRITE_EXTERNAL_STORAGE
07-27 10:12:52.238 19425 20957 E GVoiceAndroidLog: android.permission.READ_MEDIA_IMAGES
07-27 10:12:52.238 19425 20957 E GVoiceAndroidLog: android.permission.READ_MEDIA_AUDIO
07-27 10:12:52.238 19425 20957 E GVoiceAndroidLog: android.permission.READ_MEDIA_VIDEO
07-27 10:12:52.238 19425 20957 E GVoiceAndroidLog: android.permission.READ_EXTERNAL_STORAGE
07-27 10:12:52.238 19425 20957 E GVoiceAndroidLog: android.permission.CHANGE_WIFI_STATE
07-27 10:12:52.238 19425 20957 E GVoiceAndroidLog: android.permission.RESTART_PACKAGES
07-27 10:12:52.238 19425 20957 E GVoiceAndroidLog: android.permission.WAKE_LOCK
07-27 10:12:52.238 19425 20957 E GVoiceAndroidLog: android.permission.DISABLE_KEYGUARD
07-27 10:12:52.238 19425 20957 E GVoiceAndroidLog: android.permission.GET_TASKS
07-27 10:12:52.238 19425 20957 E GVoiceAndroidLog: android.permission.BROADCAST_STICKY
07-27 10:12:52.238 19425 20957 E GVoiceAndroidLog: android.permission.WRITE_SETTINGS
07-27 10:12:52.238 19425 20957 E GVoiceAndroidLog: android.permission.REORDER_TASKS
07-27 10:12:52.238 19425 20957 E GVoiceAndroidLog: android.permission.MODIFY_AUDIO_SETTINGS
07-27 10:12:52.238 19425 20957 E GVoiceAndroidLog: android.permission.SYSTEM_ALERT_WINDOW
07-27 10:12:52.238 19425 20957 E GVoiceAndroidLog: android.permission.READ_LOGS
07-27 10:12:52.238 19425 20957 E GVoiceAndroidLog: android.permission.RECORD_AUDIO
07-27 10:12:52.238 19425 20957 E GVoiceAndroidLog: android.permission.RECEIVE_BOOT_COMPLETED
07-27 10:12:52.238 19425 20957 E GVoiceAndroidLog: com.android.launcher.permission.INSTALL_SHORTCUT
07-27 10:12:52.238 19425 20957 E GVoiceAndroidLog: com.android.launcher.permission.UNINSTALL_SHORTCUT
07-27 10:12:52.238 19425 20957 E GVoiceAndroidLog: com.android.launcher.permission.READ_SETTINGS
07-27 10:12:52.238 19425 20957 E GVoiceAndroidLog: com.android.launcher2.permission.READ_SETTINGS
07-27 10:12:52.238 19425 20957 E GVoiceAndroidLog: com.tencent.qqlive.permisson.SEND_ACTION
07-27 10:12:52.238 19425 20957 E GVoiceAndroidLog: android.permission.VIBRATE
07-27 10:12:52.238 19425 20957 E GVoiceAndroidLog: android.permission.FLASHLIGHT
07-27 10:12:52.238 19425 20957 E GVoiceAndroidLog: android.permission.BATTERY_STATS
07-27 10:12:52.238 19425 20957 E GVoiceAndroidLog: android.permission.ACCESS_COARSE_LOCATION
07-27 10:12:52.238 19425 20957 E GVoiceAndroidLog: android.permission.CHANGE_WIFI_MULTICAST_STATE
07-27 10:12:52.238 19425 20957 E GVoiceAndroidLog: android.permission.MOUNT_UNMOUNT_FILESYSTEMS
07-27 10:12:52.238 19425 20957 E GVoiceAndroidLog: android.permission.CAMERA
07-27 10:12:52.238 19425 20957 E GVoiceAndroidLog: android.permission.FORCE_STOP_PACKAGES
07-27 10:12:52.238 19425 20957 E GVoiceAndroidLog: android.permission.EXPAND_STATUS_BAR
07-27 10:12:52.238 19425 20957 E GVoiceAndroidLog: android.permission.WRITE_APN_SETTINGS
07-27 10:12:52.240 2297 2661 D MicroService: handleHeartBeat:420
07-27 10:12:52.242 808 1788 D audio_hw_primary: adev_get_parameters:vivo_adsp_support_gvoice
07-27 10:12:52.242 808 1788 D audio_hw_spkr_prot: fbsp_get_parameters: Speaker protection disabled
07-27 10:12:52.242 808 1788 D soundtrigger: audio_extn_sound_trigger_get_parameters input string
07-27 10:12:52.242 808 1788 D soundtrigger: extract_sm_handle input string param string
07-27 10:12:52.242 808 1788 D audio_hw_extn: audio_extn_fm_get_parameters: Enter
07-27 10:12:52.242 808 1788 D audio_hw_extn: audio_extn_get_parameters: returns
07-27 10:12:52.242 808 1788 D audio_hw_primary: adev_get_parameters: exit: returns -
07-27 10:12:52.242 966 1446 I hash_map_utils: system/bt/osi/src/hash_map_utils.cc:81 hash_map_utils_dump_string_keys_string_values: key: 'vivo_adsp_support_gvoice' value: ''
07-27 10:12:52.243 808 1788 D audio_hw_primary: adev_get_parameters:adsp_support_gvoice
07-27 10:12:52.243 808 1788 D audio_hw_spkr_prot: fbsp_get_parameters: Speaker protection disabled
07-27 10:12:52.243 808 1788 D soundtrigger: audio_extn_sound_trigger_get_parameters input string
07-27 10:12:52.243 808 1788 D soundtrigger: extract_sm_handle input string param string
07-27 10:12:52.243 808 1788 D audio_hw_extn: audio_extn_fm_get_parameters: Enter
07-27 10:12:52.243 808 1788 D audio_hw_extn: audio_extn_get_parameters: returns
07-27 10:12:52.243 808 1788 D audio_hw_primary: adev_get_parameters: exit: returns -
07-27 10:12:52.243 966 1446 I hash_map_utils: system/bt/osi/src/hash_map_utils.cc:81 hash_map_utils_dump_string_keys_string_values: key: 'adsp_support_gvoice' value: ''
07-27 10:12:52.243 1564 1609 V AS.AudioService: setMode(mode=0, pid=19425, uid=10100, caller=com.tencent.qqlive)
07-27 10:12:52.243 1564 1609 D AS.AudioService: TencentVideo setMode() return
07-27 10:12:52.248 19425 20957 I GCloudVoice: [2023-07-27 10:12:52 248] | Info | [GCloudVoice] |20957| GCloudVoiceEngine.cpp:5352 |SetBluetoothState| GCloudVoiceEngine::SetBluetoothState!!
07-27 10:12:52.249 19425 20957 W AudioManager: Use of stream types is deprecated for operations other than volume control
07-27 10:12:52.249 19425 20957 W AudioManager: See the documentation of requestAudioFocus() for what to use instead with android.media.AudioAttributes to qualify your playback use case
07-27 10:12:52.249 1564 1825 I MediaFocusControl: requestAudioFocus() from uid/pid 10100/19425 AA=USAGE_MEDIA/CONTENT_TYPE_MUSIC clientId=android.media.AudioManager@6b43a5acom.gcloudsdk.apollo.ApolloVoiceDeviceMgr$AudioFocusChangeListener@4435344 callingPack=com.tencent.qqlive req=1 flags=0x0 sdk=33
07-27 10:12:52.249 1564 1825 I AudioService.FadeOutManager: unfadeOutUid() uid:10100
07-27 10:12:52.250 19425 19425 I AudioManager: In setBluetoothScoOn(), on: false, calling application: com.tencent.qqlive
07-27 10:12:52.250 1564 1825 I AS.AudioService: In setBluetoothScoOn(), on: false. The calling application Uid: 10100, is greater than FIRST_APPLICATION_UID exiting from setBluetoothScoOn()
07-27 10:12:52.250 1564 5594 V AS.AudioService: setMode(mode=0, pid=19425, uid=10100, caller=com.tencent.qqlive)
07-27 10:12:52.250 1564 5594 D AS.AudioService: TencentVideo setMode() return
07-27 10:12:52.250 19425 20957 E GVoiceAndroidLog: android.permission.INTERNET
07-27 10:12:52.250 19425 19425 I AudioManager: In setSpeakerphoneOn(), on: false, calling application: com.tencent.qqlive
07-27 10:12:52.250 19425 20957 E GVoiceAndroidLog: android.permission.ACCESS_NETWORK_STATE
07-27 10:12:52.250 19425 20957 E GVoiceAndroidLog: android.permission.ACCESS_WIFI_STATE
07-27 10:12:52.250 19425 20957 E GVoiceAndroidLog: android.permission.WRITE_EXTERNAL_STORAGE
07-27 10:12:52.250 19425 20957 E GVoiceAndroidLog: android.permission.READ_MEDIA_IMAGES
07-27 10:12:52.250 19425 20957 E GVoiceAndroidLog: android.permission.READ_MEDIA_AUDIO
07-27 10:12:52.250 19425 20957 E GVoiceAndroidLog: android.permission.READ_MEDIA_VIDEO
07-27 10:12:52.250 19425 20957 E GVoiceAndroidLog: android.permission.READ_EXTERNAL_STORAGE
07-27 10:12:52.250 19425 20957 E GVoiceAndroidLog: android.permission.CHANGE_WIFI_STATE
07-27 10:12:52.250 1564 1609 I AS.AudioService: In setSpeakerphoneOn(), on: false, eventSource: setSpeakerphoneOn(false) from u/pid:10100/19425
07-27 10:12:52.250 19425 20957 E GVoiceAndroidLog: android.permission.RESTART_PACKAGES
07-27 10:12:52.250 19425 20957 E GVoiceAndroidLog: android.permission.WAKE_LOCK
07-27 10:12:52.250 19425 20957 E GVoiceAndroidLog: android.permission.DISABLE_KEYGUARD
07-27 10:12:52.250 19425 20957 E GVoiceAndroidLog: android.permission.GET_TASKS
07-27 10:12:52.250 19425 20957 E GVoiceAndroidLog: android.permission.BROADCAST_STICKY
07-27 10:12:52.250 19425 20957 E GVoiceAndroidLog: android.permission.WRITE_SETTINGS
07-27 10:12:52.250 19425 20957 E GVoiceAndroidLog: android.permission.REORDER_TASKS
07-27 10:12:52.250 19425 20957 E GVoiceAndroidLog: android.permission.MODIFY_AUDIO_SETTINGS
07-27 10:12:52.250 19425 20957 E GVoiceAndroidLog: android.permission.SYSTEM_ALERT_WINDOW
07-27 10:12:52.250 19425 20957 E GVoiceAndroidLog: android.permission.READ_LOGS
07-27 10:12:52.250 19425 20957 E GVoiceAndroidLog: android.permission.RECORD_AUDIO
07-27 10:12:52.250 19425 20957 E GVoiceAndroidLog: android.permission.RECEIVE_BOOT_COMPLETED
07-27 10:12:52.250 19425 20957 E GVoiceAndroidLog: com.android.launcher.permission.INSTALL_SHORTCUT
07-27 10:12:52.250 19425 20957 E GVoiceAndroidLog: com.android.launcher.permission.UNINSTALL_SHORTCUT
07-27 10:12:52.250 19425 20957 E GVoiceAndroidLog: com.android.launcher.permission.READ_SETTINGS
07-27 10:12:52.250 19425 20957 E GVoiceAndroidLog: com.android.launcher2.permission.READ_SETTINGS
07-27 10:12:52.250 19425 20957 E GVoiceAndroidLog: com.tencent.qqlive.permisson.SEND_ACTION
07-27 10:12:52.250 19425 20957 E GVoiceAndroidLog: android.permission.VIBRATE
07-27 10:12:52.250 19425 20957 E GVoiceAndroidLog: android.permission.FLASHLIGHT
07-27 10:12:52.250 19425 20957 E GVoiceAndroidLog: android.permission.BATTERY_STATS
07-27 10:12:52.250 19425 20957 E GVoiceAndroidLog: android.permission.ACCESS_COARSE_LOCATION
07-27 10:12:52.250 19425 19425 D AudioManager: dispatching onAudioFocusChange(-1) to android.media.AudioManager@6b43a5acom.tencent.qqlive.modules.vb.qmtpluginkit.impl.plugin.audiofocus.d@20748b
07-27 10:12:52.250 19425 20957 E GVoiceAndroidLog: android.permission.CHANGE_WIFI_MULTICAST_STATE
07-27 10:12:52.250 19425 20957 E GVoiceAndroidLog: android.permission.MOUNT_UNMOUNT_FILESYSTEMS
07-27 10:12:52.250 19425 20957 E GVoiceAndroidLog: android.permission.CAMERA
07-27 10:12:52.250 19425 20957 E GVoiceAndroidLog: android.permission.FORCE_STOP_PACKAGES
07-27 10:12:52.250 19425 20957 E GVoiceAndroidLog: android.permission.EXPAND_STATUS_BAR
07-27 10:12:52.250 19425 20957 E GVoiceAndroidLog: android.permission.WRITE_APN_SETTINGS
07-27 10:12:52.250 19425 20957 E GVoiceAndroidLog: android.permission.BLUETOOTH
07-27 10:12:52.250 19425 20957 E GVoiceAndroidLog: android.permission.BLUETOOTH_ADMIN
07-27 10:12:52.251 19425 20957 E GVoiceAndroidLog: Don't have blue permission
07-27 10:12:52.251 1564 1609 I MediaFocusControl: abandonAudioFocus() from uid/pid 10100/19425 clientId=android.media.AudioManager@6b43a5acom.tencent.qqlive.modules.vb.qmtpluginkit.impl.plugin.audiofocus.d@20748b
07-27 10:12:52.252 19425 20957 I GCloudVoice: [2023-07-27 10:12:52 252] | Info | [GCloudVoice] |20957| GcloudVoiceEngineHelper.cpp:1543 |Java_com_gcloudsdk_gcloud_voice_GCloudVoiceEngineHelper_AndroidInit| Java_com_gcloudsdk_gcloud_voice_GCloudVoiceEngineHelper_AndroidInit
07-27 10:12:52.253 19425 20957 E GCloudVoice: [2023-07-27 10:12:52 253] | Error | [GCloudVoice] |20957| av_config.cpp:130 |GetAndroidVoiceBinPath| path_str jstring get Null
07-27 10:12:52.253 19425 20957 E GCloudVoice: [2023-07-27 10:12:52 253] | Error | [GCloudVoice] |20957| av_config.cpp:245 |GetAndroidNSBinPath| path_str jstring get Null
07-27 10:12:52.253 19425 20957 E GCloudVoice: [2023-07-27 10:12:52 253] | Error | [GCloudVoice] |20957| av_config.cpp:168 |GetAndroid3DBinPath| path_str jstring get Null
07-27 10:12:52.253 19425 20957 E GCloudVoice: [2023-07-27 10:12:52 253] | Error | [GCloudVoice] |20957| av_config.cpp:206 |GetAndroidDAFXBinPath| path_str jstring get Null
07-27 10:12:52.253 19425 20957 E GCloudVoice: [2023-07-27 10:12:52 253] | Error | [GCloudVoice] |20957| av_config.cpp:283 |GetAndroidVPBinPath| path_str jstring get Null
07-27 10:12:52.253 19425 20957 E GCloudVoice: [2023-07-27 10:12:52 253] | Error | [GCloudVoice] |20957| av_config.cpp:321 |GetAndroidAiEncBinPath| path_str jstring get Null
07-27 10:12:52.253 19425 20957 E GCloudVoice: [2023-07-27 10:12:52 253] | Error | [GCloudVoice] |20957| av_config.cpp:359 |GetAndroidAiDecBinPath| path_str jstring get Null
07-27 10:12:52.253 19425 20957 I GCloudVoice: [2023-07-27 10:12:52 253] | Info | [GCloudVoice] |20957| av_server_addr.cpp:76 |SetServerAddr| Insert the addr 6, configType 2, addrValue success
07-27 10:12:52.253 19425 20957 I GCloudVoice: [2023-07-27 10:12:52 253] | Info | [GCloudVoice] |20957| av_remote_config.cpp:431 |SetUrl| SetUrl url is https://idcconfig.gcloudsdk.com:443
07-27 10:12:52.253 19425 20957 I GCloudVoice: [2023-07-27 10:12:52 253] | Info | [GCloudVoice] |20957| av_server_addr.cpp:76 |SetServerAddr| Insert the addr 4, configType 2, addrValue success
07-27 10:12:52.253 19425 20957 I GCloudVoice: [2023-07-27 10:12:52 253] | Info | [GCloudVoice] |20957| ThreadLogFile.cpp:1531 |SetLogReportUrl| SetLogReportUrl https://tglog.gcloudsdk.com:443
07-27 10:12:52.253 19425 20957 I GCloudVoice: [2023-07-27 10:12:52 253] | Info | [GCloudVoice] |20957| av_server_addr.cpp:76 |SetServerAddr| Insert the addr 3, configType 2, addrValue success
07-27 10:12:52.253 19425 20957 I GCloudVoice: [2023-07-27 10:12:52 253] | Info | [GCloudVoice] |20957| GCloudVoiceEngine.cpp:7538 |SetVoiceReportUrl| SetReportUrl url: https://harmony.voice.gcloudsdk.com:443
07-27 10:12:52.253 19425 20957 I GCloudVoice: [2023-07-27 10:12:52 253] | Info | [GCloudVoice] |20957| GCloudVoiceReportPlayer.cpp:191 |SetRptUrl| strRPTURL https://harmony.voice.gcloudsdk.com:443/report_record
07-27 10:12:52.253 19425 20957 I GCloudVoice: [2023-07-27 10:12:52 253] | Info | [GCloudVoice] |20957| GCloudVoiceReportPlayer.cpp:200 |SetRptQueryUrl| strRPTQueryURL https://harmony.voice.gcloudsdk.com:443/report_query
07-27 10:12:52.253 19425 20957 I GCloudVoice: [2023-07-27 10:12:52 253] | Info | [GCloudVoice] |20957| GCloudVoiceReportPlayer.cpp:191 |SetRptUrl| strRPTURL https://harmony.voice.gcloudsdk.com:443/report_record
07-27 10:12:52.253 19425 20957 I GCloudVoice: [2023-07-27 10:12:52 253] | Info | [GCloudVoice] |20957| GCloudVoiceReportPlayer.cpp:200 |SetRptQueryUrl| strRPTQueryURL https://harmony.voice.gcloudsdk.com:443/report_query
07-27 10:12:52.253 19425 20957 I GCloudVoice: [2023-07-27 10:12:52 253] | Info | [GCloudVoice] |20957| GCloudVoiceReportPlayer.cpp:191 |SetRptUrl| strRPTURL https://harmony.voice.gcloudsdk.com:443/report_record
07-27 10:12:52.253 19425 20957 I GCloudVoice: [2023-07-27 10:12:52 253] | Info | [GCloudVoice] |20957| GCloudVoiceReportPlayer.cpp:200 |SetRptQueryUrl| strRPTQueryURL https://harmony.voice.gcloudsdk.com:443/report_query
07-27 10:12:52.253 19425 20957 I GCloudVoice: [2023-07-27 10:12:52 253] | Info | [GCloudVoice] |20957| av_server_addr.cpp:76 |SetServerAddr| Insert the addr 5, configType 2, addrValue success
07-27 10:12:52.253 19425 20957 I GCloudVoice: [2023-07-27 10:12:52 253] | Info | [GCloudVoice] |20957| GCloudVoiceEngine.cpp:7526 |SetTranslateUrl| SetTranslateUrl url:https://api.translator.voice.gcloudsdk.com:443
07-27 10:12:52.253 19425 20957 I GCloudVoice: [2023-07-27 10:12:52 253] | Info | [GCloudVoice] |20957| av_server_addr.cpp:76 |SetServerAddr| Insert the addr 1, configType 2, addrValue success
07-27 10:12:52.253 19425 20957 I GCloudVoice: [2023-07-27 10:12:52 253] | Info | [GCloudVoice] |20957| GCloudVoiceEngine.cpp:4466 |SetRegion| GCloudVoiceEngine::SetRegion(Region 156)
07-27 10:12:52.253 19425 20957 I GCloudVoice: [2023-07-27 10:12:52 253] | Info | [GCloudVoice] |20957| av_server_addr.cpp:76 |SetServerAddr| Insert the addr 7, configType 2, addrValue success
07-27 10:12:52.253 19425 20957 I GCloudVoice: [2023-07-27 10:12:52 253] | Info | [GCloudVoice] |20957| FullLinkQoS.cpp:2019 |Q_SetUrl| Q_SetUrl udp://cdn.cn.gcloudcs.com:18301
07-27 10:12:52.253 19425 20957 I GCloudVoice: [2023-07-27 10:12:52 253] | Info | [GCloudVoice] |20957| av_server_addr.cpp:76 |SetServerAddr| Insert the addr 2, configType 2, addrValue success
07-27 10:12:52.253 19425 20957 I GCloudVoice: [2023-07-27 10:12:52 253] | Info | [GCloudVoice] |20957| av_reporter.cpp:50 |SetGQosURL| SetGQosURL url: udp://qosidc.gcloudsdk.com:8011
07-27 10:12:52.253 19425 20957 E GCloudVoice: [2023-07-27 10:12:52 253] | Error | [GCloudVoice] |20957| cdnv_event_sem.cpp:54 |Post| event 17 too large[24], current free 0
07-27 10:12:52.253 19425 20957 I GCloudVoice: [2023-07-27 10:12:52 253] | Info | [GCloudVoice] |20957| GCloudVoiceEngine.cpp:3458 |EnableLogOnAndroid| EnableLogOnAndroid enable: 1
07-27 10:12:52.253 19425 20957 I GCloudVoice: [2023-07-27 10:12:52 253] | Info | [GCloudVoice] |20957| GCloudVoiceEngine.cpp:3450 |EnableLogOnCS| EnableLogOnCS enable: 1
07-27 10:12:52.253 19425 20957 I GCloudVoice: [2023-07-27 10:12:52 253] | Info | [GCloudVoice] |20957| GCloudVoiceEngine.cpp:3446 |EnableLog| GCloudVoiceEngine::EnableLog true printLogLevelRemote: 0
07-27 10:12:52.254 19425 20957 I GCloudVoice: [2023-07-27 10:12:52 254] | Info | [GCloudVoice] |20957| RSTTAPISessionMgr.cpp:98 |JavaHTTPInit| call com.gcloudsdk.apollo.apollovoice.httpclient.SRTTAPIHTTPTaskQueue.init()
07-27 10:12:52.254 19425 20957 E GCloudVoice: [2023-07-27 10:12:52 254] | Error | [GCloudVoice] |20957| av_config.cpp:1586 |GetConfigFromManifest| configValue_jstr is null
07-27 10:12:52.254 19425 20957 I GCloudVoice: [2023-07-27 10:12:52 254] | Info | [GCloudVoice] |20957| GcloudVoiceEngineHelper.cpp:72 |Java_com_gcloudsdk_gcloud_voice_GCloudVoiceEngineHelper_SetAppInfo| Java_com_gcloudsdk_gcloud_voice_GCloudVoiceEngineHelper_SetAppInfo
07-27 10:12:52.254 19425 20957 I GCloudVoice: [2023-07-27 10:12:52 254] | Info | [GCloudVoice] |20957| GCloudVoiceEngine.cpp:631 |SetAppInfo| GCloudVoiceEngine::SetAppInfo
07-27 10:12:52.254 19425 20957 I GCloudVoice: [2023-07-27 10:12:52 254] | Info | [GCloudVoice] |20957| GCloudVoiceEngine.cpp:654 |SetAppInfo| appinfo: appid=590431402, openid=10162
07-27 10:12:52.255 19425 20957 I GCloudVoice: [2023-07-27 10:12:52 255] | Info | [GCloudVoice] |20957| GcloudVoiceEngineHelper.cpp:92 |Java_com_gcloudsdk_gcloud_voice_GCloudVoiceEngineHelper_Init| Java_com_gcloudsdk_gcloud_voice_GCloudVoiceEngineHelper_Init
07-27 10:12:52.255 19425 20957 I GCloudVoice: [2023-07-27 10:12:52 255] | Info | [GCloudVoice] |20957| GCloudVoiceEngine.cpp:671 |Init| GCloudVoiceEngine::Init
07-27 10:12:52.255 19425 20957 I GCloudVoice: [2023-07-27 10:12:52 255] | Info | [GCloudVoice] |20957| GCloudVoiceEngine.cpp:672 |Init| GCloudVoice Version:3.7.1.27804631
07-27 10:12:52.255 19425 20957 I GCloudVoice: [2023-07-27 10:12:52 255] | Info | [GCloudVoice] |20957| fecimp.cpp:30 |SetFecAlgo| setfecalgo (3,1)
07-27 10:12:52.258 3074 10505 E MediaProvider: insertFileIfNecessary failed
07-27 10:12:52.258 3074 10505 E MediaProvider: java.lang.IllegalArgumentException: Primary directory null not allowed for content://media/external_primary/file; allowed directories are [Download, Documents]
07-27 10:12:52.258 3074 10505 E MediaProvider: at com.android.providers.media.MediaProvider.ensureFileColumns(MediaProvider.java:3345)
07-27 10:12:52.258 3074 10505 E MediaProvider: at com.android.providers.media.MediaProvider.ensureUniqueFileColumns(MediaProvider.java:2997)
07-27 10:12:52.258 3074 10505 E MediaProvider: at com.android.providers.media.MediaProvider.insertFile(MediaProvider.java:3751)
07-27 10:12:52.258 3074 10505 E MediaProvider: at com.android.providers.media.MediaProvider.insertInternal(MediaProvider.java:4335)
07-27 10:12:52.258 3074 10505 E MediaProvider: at com.android.providers.media.MediaProvider.insert(MediaProvider.java:4035)
07-27 10:12:52.258 3074 10505 E MediaProvider: at com.android.providers.media.MediaProvider.insertFileForFuse(MediaProvider.java:8336)
07-27 10:12:52.258 3074 10505 E MediaProvider: at com.android.providers.media.MediaProvider.insertFileIfNecessaryForFuse(MediaProvider.java:8431)
07-27 10:12:52.258 19425 20957 I GCloudVoice: [2023-07-27 10:12:52 258] | Info | [GCloudVoice] |20957| jitterEx.cpp:1048 |Reset| CJitterEx::Reset jbResetReason=0,packetCount=0]
07-27 10:12:52.258 19425 20957 I GCloudVoice: [2023-07-27 10:12:52 258] | Info | [GCloudVoice] |20957| jitterEx.cpp:1048 |Reset| CJitterEx::Reset jbResetReason=0,packetCount=0]
07-27 10:12:52.258 19425 20957 I GCloudVoice: [2023-07-27 10:12:52 258] | Info | [GCloudVoice] |20957| jitterEx.cpp:1048 |Reset| CJitterEx::Reset jbResetReason=0,packetCount=0]
07-27 10:12:52.258 19425 20957 I GCloudVoice: [2023-07-27 10:12:52 258] | Info | [GCloudVoice] |20957| jitterEx.cpp:1048 |Reset| CJitterEx::Reset jbResetReason=0,packetCount=0]
07-27 10:12:52.258 19425 20957 I GCloudVoice: [2023-07-27 10:12:52 258] | Info | [GCloudVoice] |20957| jitterEx.cpp:1048 |Reset| CJitterEx::Reset jbResetReason=0,packetCount=0]
07-27 10:12:52.258 19425 20957 I GCloudVoice: [2023-07-27 10:12:52 258] | Info | [GCloudVoice] |20957| jitterEx.cpp:1048 |Reset| CJitterEx::Reset jbResetReason=0,packetCount=0]
07-27 10:12:52.258 19425 20957 I GCloudVoice: [2023-07-27 10:12:52 258] | Info | [GCloudVoice] |20957| jitterEx.cpp:1048 |Reset| CJitterEx::Reset jbResetReason=0,packetCount=0]
07-27 10:12:52.258 19425 20957 I GCloudVoice: [2023-07-27 10:12:52 258] | Info | [GCloudVoice] |20957| jitterEx.cpp:1048 |Reset| CJitterEx::Reset jbResetReason=0,packetCount=0]
07-27 10:12:52.258 19425 20957 I GCloudVoice: [2023-07-27 10:12:52 258] | Info | [GCloudVoice] |20957| engine.cpp:7464 |SetConfigData| Wwise : -1
07-27 10:12:52.258 19425 20957 I GCloudVoice: [2023-07-27 10:12:52 258] | Info | [GCloudVoice] |20957| engine.cpp:7330 |SetNsLevel| framework| CEngine(0xb400007767a02020).SetNsLevel. Set to 4
07-27 10:12:52.258 19425 20957 I GCloudVoice: [2023-07-27 10:12:52 258] | Info | [GCloudVoice] |20957| engine.cpp:8523 |EnableCivilVoice| CEngine::EnableCivilVoice .. 0.
07-27 10:12:52.258 19425 20957 I GCloudVoice: [2023-07-27 10:12:52 258] | Info | [GCloudVoice] |20957| engine.cpp:8706 |EnableWwiseAgc| CEngine::EnableWwiseAgc 0 .. .
07-27 10:12:52.258 19425 20957 I GCloudVoice: [2023-07-27 10:12:52 258] | Info | [GCloudVoice] |20957| engine.cpp:8736 |EnableWwiseMicLevel| CEngine::EnableWwiseMicLevel 0
07-27 10:12:52.258 19425 20957 I GCloudVoice: [2023-07-27 10:12:52 258] | Info | [GCloudVoice] |20957| engine.cpp:8750 |EnableWwiseMicPeak| CEngine::EnableWwiseMicPeak 0
07-27 10:12:52.258 19425 20957 I GCloudVoice: [2023-07-27 10:12:52 258] | Info | [GCloudVoice] |20957| engine.cpp:8796 |EnableIosDeviceRestart| CEngine::EnableIosDeviceRestart 1
