07-27 10:05:08.440 8557 8557 I wm_on_create_called: [34989811,com.tencent.pangu.link.SplashActivity,performCreate]
07-27 10:05:08.460 8557 8557 I wm_on_start_called: [34989811,com.tencent.pangu.link.SplashActivity,handleStartActivity]
07-27 10:05:08.463 8557 8557 I wm_on_resume_called: [34989811,com.tencent.pangu.link.SplashActivity,RESUME_ACTIVITY]
07-27 10:05:08.468 8557 8557 I wm_on_top_resumed_gained_called: [34989811,com.tencent.pangu.link.SplashActivity,topStateChangedWhenResumed]
07-27 10:05:08.468 8557 8557 I wm_on_top_resumed_lost_called: [34989811,com.tencent.pangu.link.SplashActivity,topStateChangedWhenResumed]
07-27 10:05:08.469 8557 8557 I wm_on_paused_called: [34989811,com.tencent.pangu.link.SplashActivity,performPause]
07-27 10:05:08.470 1564 7819 I wm_restart_activity: [0,156083400,16,com.tencent.android.qqdownloader/com.tencent.assistant.activity.SplashImplActivity]
07-27 10:05:08.471 1564 7819 I wm_set_resumed_activity: [0,com.tencent.android.qqdownloader/com.tencent.assistant.activity.SplashImplActivity,minimalResumeActivityLocked]
07-27 10:05:08.474 1564 1679 I sysui_multi_action: [757,803,799,window_time_0,802,7]
07-27 10:05:08.490 1564 2479 I wm_task_moved: [16,1,7]
07-27 10:05:08.490 1564 2479 I wm_set_resumed_activity: [0,com.tencent.android.qqdownloader/com.tencent.assistant.activity.SplashImplActivity,positionChildAt]
07-27 10:05:08.490 1564 2479 I wm_create_activity: [0,185350762,16,com.tencent.android.qqdownloader/com.tencent.assistantv2.activity.MainActivity,NULL,NULL,NULL,335544320]
07-27 10:05:08.491 1564 2479 I wm_pause_activity: [0,156083400,com.tencent.android.qqdownloader/com.tencent.assistant.activity.SplashImplActivity,userLeaving=true,resumeTopActivityInnerLocked]
07-27 10:05:08.495 8597 8597 I wm_on_create_called: [156083400,com.tencent.assistant.activity.SplashImplActivity,performCreate]
07-27 10:05:08.520 8597 8597 I wm_on_start_called: [156083400,com.tencent.assistant.activity.SplashImplActivity,handleStartActivity]
07-27 10:05:08.524 8597 8597 I wm_on_resume_called: [156083400,com.tencent.assistant.activity.SplashImplActivity,RESUME_ACTIVITY]
07-27 10:05:08.535 8597 8597 I wm_on_top_resumed_gained_called: [156083400,com.tencent.assistant.activity.SplashImplActivity,topStateChangedWhenResumed]
07-27 10:05:08.535 8597 8597 I wm_on_top_resumed_lost_called: [156083400,com.tencent.assistant.activity.SplashImplActivity,topStateChangedWhenResumed]
07-27 10:05:08.536 8597 8597 I wm_on_paused_called: [156083400,com.tencent.assistant.activity.SplashImplActivity,performPause]
07-27 10:05:08.539 1564 2479 I wm_restart_activity: [0,185350762,16,com.tencent.android.qqdownloader/com.tencent.assistantv2.activity.MainActivity]
07-27 10:05:08.540 1564 2479 I wm_set_resumed_activity: [0,com.tencent.android.qqdownloader/com.tencent.assistantv2.activity.MainActivity,minimalResumeActivityLocked]
07-27 10:05:08.545 1564 1679 I sysui_multi_action: [757,803,799,window_time_2,802,0]
07-27 10:05:08.629 8597 8597 I wm_on_create_called: [185350762,com.tencent.assistantv2.activity.MainActivity,performCreate]
07-27 10:05:08.630 8597 8597 I wm_on_start_called: [185350762,com.tencent.assistantv2.activity.MainActivity,handleStartActivity]
07-27 10:05:08.636 8597 8597 I wm_on_resume_called: [185350762,com.tencent.assistantv2.activity.MainActivity,RESUME_ACTIVITY]
07-27 10:05:08.640 8597 8597 I wm_on_top_resumed_gained_called: [185350762,com.tencent.assistantv2.activity.MainActivity,topStateChangedWhenResumed]
07-27 10:05:08.683 1564 1680 I input_focus: [Focus request d2f1ec3 com.tencent.android.qqdownloader/com.tencent.assistantv2.activity.MainActivity,reason=UpdateInputWindows]
07-27 10:05:08.711 1564 1853 I input_focus: [Focus leaving a55939e com.android.launcher3/com.android.launcher3.uioverrides.QuickstepLauncher (server),reason=setFocusedWindow]
07-27 10:05:08.711 1564 1853 I input_focus: [Focus entering d2f1ec3 com.tencent.android.qqdownloader/com.tencent.assistantv2.activity.MainActivity (server),reason=setFocusedWindow]
07-27 10:05:08.718 1564 1676 I sysui_multi_action: [319,308,322,307,325,333,757,761,758,8,759,2,806,com.tencent.android.qqdownloader,871,com.tencent.assistantv2.activity.MainActivity,904,com.tencent.android.qqdownloader,905,0,1320,4,1321,4]
07-27 10:05:08.718 1564 1676 I wm_activity_launch_time: [0,185350762,com.tencent.android.qqdownloader/com.tencent.assistantv2.activity.MainActivity,307]
07-27 10:05:08.801 1564 2479 I wm_finish_activity: [0,156083400,16,com.tencent.android.qqdownloader/com.tencent.assistant.activity.SplashImplActivity,app-request]
07-27 10:05:08.801 1564 2479 I wm_add_to_stopping: [0,156083400,com.tencent.android.qqdownloader/com.tencent.assistant.activity.SplashImplActivity,completeFinishing]
07-27 10:05:08.828 1564 1692 I am_pss : [8557,10096,com.tencent.android.qqdownloader:daemon,126376960,103755776,0,296742912,0,2,17]
07-27 10:05:09.209 1564 1679 I wm_destroy_activity: [0,156083400,16,com.tencent.android.qqdownloader/com.tencent.assistant.activity.SplashImplActivity,finish-imm:idle]
07-27 10:05:09.211 8597 8597 I wm_on_stop_called: [156083400,com.tencent.assistant.activity.SplashImplActivity,LIFECYCLER_STOP_ACTIVITY]
07-27 10:05:09.211 8597 8597 I wm_on_destroy_called: [156083400,com.tencent.assistant.activity.SplashImplActivity,performDestroy]
07-27 10:05:09.440 1564 2785 I wm_finish_activity: [0,34989811,16,com.tencent.android.qqdownloader/com.tencent.pangu.link.SplashActivity,app-request]
07-27 10:05:09.441 1564 2785 I wm_destroy_activity: [0,34989811,16,com.tencent.android.qqdownloader/com.tencent.pangu.link.SplashActivity,finish-imm:finishIfPossible]
07-27 10:05:09.446 8557 8557 I wm_on_stop_called: [34989811,com.tencent.pangu.link.SplashActivity,LIFECYCLER_STOP_ACTIVITY]
07-27 10:05:09.447 8557 8557 I wm_on_destroy_called: [34989811,com.tencent.pangu.link.SplashActivity,performDestroy]
07-27 10:05:09.701 1564 1695 I am_proc_start: [0,9331,10096,com.tencent.ilink.ServiceProcess,service,{com.tencent.android.qqdownloader/com.tencent.luggage.services.WxaStartUpService}]
07-27 10:05:09.720 1564 2785 I am_proc_bound: [0,9331,com.tencent.ilink.ServiceProcess]
07-27 10:05:09.799 9331 9331 I auditd : type=1400 audit(0.0:10504): avc: granted { execute } for comm=".ServiceProcess" path="/data/user/0/com.tencent.android.qqdownloader/files/res_hub/yyb/online/wx_sdk_so_3_64_20/arm64-v8a/libc++_shared.so" dev="dm-10" ino=19724 scontext=u:r:untrusted_app_27:s0:c512,c768 tcontext=u:object_r:app_data_file:s0:c512,c768 tclass=file app=com.tencent.android.qqdownloader
07-27 10:05:09.803 9331 9331 I auditd : type=1400 audit(0.0:10505): avc: granted { execute } for comm=".ServiceProcess" path="/data/user/0/com.tencent.android.qqdownloader/files/res_hub/yyb/online/wx_sdk_so_3_64_20/arm64-v8a/libwechatxlog.so" dev="dm-10" ino=19727 scontext=u:r:untrusted_app_27:s0:c512,c768 tcontext=u:object_r:app_data_file:s0:c512,c768 tclass=file app=com.tencent.android.qqdownloader
07-27 10:05:10.291 9331 9331 I auditd : type=1400 audit(0.0:10506): avc: granted { execute } for comm=4173796E635461736B202331 path="/data/user/0/com.tencent.android.qqdownloader/files/res_hub/yyb/online/wx_sdk_so_3_64_20/arm64-v8a/libwxaopenruntimejni.so" dev="dm-10" ino=19729 scontext=u:r:untrusted_app_27:s0:c512,c768 tcontext=u:object_r:app_data_file:s0:c512,c768 tclass=file app=com.tencent.android.qqdownloader
07-27 10:05:10.308 1564 1853 I input_interaction: Interaction with: d2f1ec3 com.tencent.android.qqdownloader/com.tencent.assistantv2.activity.MainActivity (server), edge-swipe (server), swipe-up (server), PointerEventDispatcher0 (server),
07-27 10:05:10.431 9331 9331 I auditd : type=1400 audit(0.0:10507): avc: granted { execute } for comm="Binder:9331_2" path="/data/user/0/com.tencent.android.qqdownloader/app_wxa_sdk_plugin/587202817/wxa_libs/libmmkv.so" dev="dm-10" ino=20677 scontext=u:r:untrusted_app_27:s0:c512,c768 tcontext=u:object_r:app_data_file:s0:c512,c768 tclass=file app=com.tencent.android.qqdownloader
07-27 10:05:10.435 9331 9331 I auditd : type=1400 audit(0.0:10508): avc: granted { execute } for comm="Binder:9331_2" path="/data/user/0/com.tencent.android.qqdownloader/app_wxa_sdk_plugin/587202817/wxa_libs/libwechatxlog.so" dev="dm-10" ino=20723 scontext=u:r:untrusted_app_27:s0:c512,c768 tcontext=u:object_r:app_data_file:s0:c512,c768 tclass=file app=com.tencent.android.qqdownloader
07-27 10:05:10.435 9331 9331 I auditd : type=1400 audit(0.0:10509): avc: granted { execute } for comm="Binder:9331_2" path="/data/user/0/com.tencent.android.qqdownloader/app_wxa_sdk_plugin/587202817/wxa_libs/libc++_shared.so" dev="dm-10" ino=20648 scontext=u:r:untrusted_app_27:s0:c512,c768 tcontext=u:object_r:app_data_file:s0:c512,c768 tclass=file app=com.tencent.android.qqdownloader
07-27 10:05:10.439 9331 9331 I auditd : type=1400 audit(0.0:10510): avc: granted { execute } for comm="Binder:9331_2" path="/data/user/0/com.tencent.android.qqdownloader/app_wxa_sdk_plugin/587202817/wxa_libs/libstlport_shared.so" dev="dm-10" ino=20708 scontext=u:r:untrusted_app_27:s0:c512,c768 tcontext=u:object_r:app_data_file:s0:c512,c768 tclass=file app=com.tencent.android.qqdownloader
07-27 10:05:10.455 9331 9331 I auditd : type=1400 audit(0.0:10511): avc: granted { execute } for comm="Binder:9331_2" path="/data/user/0/com.tencent.android.qqdownloader/app_wxa_sdk_plugin/587202817/wxa_libs/libwechatcrash.so" dev="dm-10" ino=20720 scontext=u:r:untrusted_app_27:s0:c512,c768 tcontext=u:object_r:app_data_file:s0:c512,c768 tclass=file app=com.tencent.android.qqdownloader
07-27 10:05:10.459 9331 9331 I auditd : type=1400 audit(0.0:10512): avc: granted { execute } for comm="Binder:9331_2" path="/data/user/0/com.tencent.android.qqdownloader/app_wxa_sdk_plugin/587202817/wxa_libs/libwxaopenruntimejni.so" dev="dm-10" ino=20732 scontext=u:r:untrusted_app_27:s0:c512,c768 tcontext=u:object_r:app_data_file:s0:c512,c768 tclass=file app=com.tencent.android.qqdownloader
07-27 10:05:10.608 1564 1695 I am_proc_start: [0,9454,10096,com.tencent.android.qqdownloader:wxa_container0,service,{com.tencent.android.qqdownloader/com.tencent.luggage.services.WxaProxy_WxaIPCContainerService0}]
07-27 10:05:10.631 1564 2479 I am_proc_bound: [0,9454,com.tencent.android.qqdownloader:wxa_container0]
07-27 10:05:11.089 1564 2479 I am_kill : [0,7854,com.android.permissioncontroller,905,empty #2]
07-27 10:05:11.133 1564 2479 I am_proc_died: [0,7854,com.android.permissioncontroller,905,19]
07-27 10:05:11.134 1564 2479 I am_uid_stopped: 10093
07-27 10:05:11.483 9454 9454 I auditd : type=1400 audit(0.0:10529): avc: granted { execute } for comm="[GT]ColdPool#0" path="/data/user/0/com.tencent.android.qqdownloader/app_wxa_sdk_plugin/587202817/wxa_libs/libmmnode.so" dev="dm-10" ino=20679 scontext=u:r:untrusted_app_27:s0:c512,c768 tcontext=u:object_r:app_data_file:s0:c512,c768 tclass=file app=com.tencent.android.qqdownloader
07-27 10:05:11.495 9454 9454 I auditd : type=1400 audit(0.0:10530): avc: granted { execute } for comm="[GT]ColdPool#0" path="/data/user/0/com.tencent.android.qqdownloader/app_wxa_sdk_plugin/587202817/wxa_libs/libwxa-runtime-binding.so" dev="dm-10" ino=20731 scontext=u:r:untrusted_app_27:s0:c512,c768 tcontext=u:object_r:app_data_file:s0:c512,c768 tclass=file app=com.tencent.android.qqdownloader
07-27 10:05:11.515 1564 1894 I netstats_mobile_sample: [0,0,0,0,0,0,0,0,0,0,0,0,1690423508023]
07-27 10:05:11.515 1564 1894 I netstats_wifi_sample: [314259,284,1015099,1776,314259,284,1015099,1776,3377833,3048,799719,1535,1690423508023]
07-27 10:05:11.511 683 683 I auditd : type=1400 audit(0.0:10531): avc: denied { add_name } for comm="Binder:683_3" name="globalAlert" scontext=u:r:netd:s0 tcontext=u:object_r:proc_net:s0 tclass=dir permissive=1
07-27 10:05:11.639 8597 8597 I auditd : type=1400 audit(0.0:10532): avc: granted { execute } for comm="temporary-4" path="/data/user/0/com.tencent.android.qqdownloader/files/plugin/com.tencent.assistant.paganimation/arm64-v8a/libpag.so" dev="dm-10" ino=22443 scontext=u:r:untrusted_app_27:s0:c512,c768 tcontext=u:object_r:app_data_file:s0:c512,c768 tclass=file app=com.tencent.android.qqdownloader
07-27 10:05:11.803 8597 8597 I auditd : type=1400 audit(0.0:10533): avc: granted { execute } for comm="gatherer-1-thre" path="/data/user/0/com.tencent.android.qqdownloader/app_e_qq_com_plugin_new_84e5596443427f53efca4e1d48972f33/libturingga.so" dev="dm-10" ino=10582 scontext=u:r:untrusted_app_27:s0:c512,c768 tcontext=u:object_r:app_data_file:s0:c512,c768 tclass=file app=com.tencent.android.qqdownloader
07-27 10:05:12.523 9454 9454 I auditd : type=1400 audit(0.0:10547): avc: granted { execute } for comm="[GT]ColdPool#0" path="/data/user/0/com.tencent.android.qqdownloader/app_wxa_sdk_plugin/587202817/wxa_libs/libwxWtf.so" dev="dm-10" ino=20725 scontext=u:r:untrusted_app_27:s0:c512,c768 tcontext=u:object_r:app_data_file:s0:c512,c768 tclass=file app=com.tencent.android.qqdownloader
07-27 10:05:12.695 9454 9454 I auditd : type=1400 audit(0.0:10548): avc: granted { execute } for comm="[GT]ColdPool#0" path="/data/user/0/com.tencent.android.qqdownloader/app_wxa_sdk_plugin/587202817/wxa_libs/libwxaudio.so" dev="dm-10" ino=20733 scontext=u:r:untrusted_app_27:s0:c512,c768 tcontext=u:object_r:app_data_file:s0:c512,c768 tclass=file app=com.tencent.android.qqdownloader
07-27 10:05:12.823 9454 9454 I auditd : type=1400 audit(0.0:10549): avc: granted { execute } for comm="[GT]ColdPool#1" path="/data/user/0/com.tencent.android.qqdownloader/app_wxa_sdk_plugin/587202817/wxa_libs/libNLog.so" dev="dm-10" ino=20633 scontext=u:r:untrusted_app_27:s0:c512,c768 tcontext=u:object_r:app_data_file:s0:c512,c768 tclass=file app=com.tencent.android.qqdownloader
07-27 10:05:12.827 9454 9454 I auditd : type=1400 audit(0.0:10550): avc: granted { execute } for comm="[GT]ColdPool#1" path="/data/user/0/com.tencent.android.qqdownloader/app_wxa_sdk_plugin/587202817/wxa_libs/libaudio_common.so" dev="dm-10" ino=20646 scontext=u:r:untrusted_app_27:s0:c512,c768 tcontext=u:object_r:app_data_file:s0:c512,c768 tclass=file app=com.tencent.android.qqdownloader
07-27 10:05:13.470 1564 1695 I am_proc_start: [0,9633,10098,com.tencent.mm:push,service,{com.tencent.mm/com.tencent.mm.booter.CoreService}]
07-27 10:05:13.483 1564 2785 I am_proc_bound: [0,9633,com.tencent.mm:push]
07-27 10:05:13.531 9633 9633 I auditd : type=1400 audit(0.0:10551): avc: denied { read } for comm="tencent.mm:push" name="anr" dev="dm-10" ino=34 scontext=u:r:untrusted_app_29:s0:c98,c256,c512,c768 tcontext=u:object_r:anr_data_file:s0 tclass=dir permissive=1 app=com.tencent.mm
07-27 10:05:13.675 9695 9695 I auditd : type=1400 audit(0.0:10552): avc: granted { bind } for comm="ip" scontext=u:r:untrusted_app_29:s0:c98,c256,c512,c768 tcontext=u:r:untrusted_app_29:s0:c98,c256,c512,c768 tclass=netlink_route_socket app=com.tencent.mm
07-27 10:05:13.683 9633 9633 I auditd : type=1400 audit(0.0:10553): avc: granted { nlmsg_readpriv } for comm="mars::9693" scontext=u:r:untrusted_app_29:s0:c98,c256,c512,c768 tcontext=u:r:untrusted_app_29:s0:c98,c256,c512,c768 tclass=netlink_route_socket app=com.tencent.mm
07-27 10:05:13.683 9633 9633 I auditd : type=1400 audit(0.0:10554): avc: granted { nlmsg_readpriv } for comm="mars::9693" scontext=u:r:untrusted_app_29:s0:c98,c256,c512,c768 tcontext=u:r:untrusted_app_29:s0:c98,c256,c512,c768 tclass=netlink_route_socket app=com.tencent.mm
07-27 10:05:13.695 9633 9633 I auditd : type=1400 audit(0.0:10555): avc: granted { nlmsg_readpriv } for comm="mars::9709" scontext=u:r:untrusted_app_29:s0:c98,c256,c512,c768 tcontext=u:r:untrusted_app_29:s0:c98,c256,c512,c768 tclass=netlink_route_socket app=com.tencent.mm
07-27 10:05:13.695 9633 9633 I auditd : type=1400 audit(0.0:10556): avc: granted { nlmsg_readpriv } for comm="mars::9709" scontext=u:r:untrusted_app_29:s0:c98,c256,c512,c768 tcontext=u:r:untrusted_app_29:s0:c98,c256,c512,c768 tclass=netlink_route_socket app=com.tencent.mm
07-27 10:05:13.763 1564 2479 I netstats_mobile_sample: [0,0,0,0,0,0,0,0,0,0,0,0,1690423510272]
07-27 10:05:13.763 1564 2479 I netstats_wifi_sample: [314259,284,1020625,1788,314259,284,1020625,1788,3377833,3048,805245,1547,1690423510272]
07-27 10:05:20.908 1564 1692 I am_pss : [8597,10096,com.tencent.android.qqdownloader,264273920,249335808,0,428748800,0,2,24]
07-27 10:05:20.918 1564 1692 I am_pss : [8506,10096,com.tencent.android.qqdownloader:live,30959616,25227264,0,148320256,0,5,10]
07-27 10:05:28.421 1564 1835 I am_kill : [0,7602,com.thundercomm.gamemode.provider,925,empty #2]
07-27 10:05:28.452 1564 7811 I am_proc_died: [0,7602,com.thundercomm.gamemode.provider,925,19]
07-27 10:05:28.453 1564 7811 I am_uid_stopped: 10065
07-27 10:05:28.462 1564 1692 I am_pss : [8915,10070,com.android.webview:webview_service,17001472,3813376,0,83869696,0,3,6]
07-27 10:05:28.469 1564 1692 I am_pss : [8895,99003,com.android.webview:sandboxed_process0:org.chromium.content.app.SandboxedProcessService0:0,60725248,46628864,0,124735488,0,3,7]
07-27 10:05:28.478 1564 1692 I am_pss : [8642,10096,com.tencent.android.qqdownloader:cloud,28972032,23781376,0,141774848,0,3,8]
07-27 10:05:40.177 1564 1564 I service_manager_stats: [100,87,46559]
07-27 10:05:41.480 1564 1894 I netstats_mobile_sample: [0,0,0,0,0,0,0,0,0,0,0,0,1690423537988]
07-27 10:05:41.480 1564 1894 I netstats_wifi_sample: [340698,305,1105611,1924,340698,305,1105611,1924,3659849,3272,872605,1669,1690423537988]
07-27 10:05:41.475 683 683 I auditd : type=1400 audit(0.0:10571): avc: denied { add_name } for comm="Binder:683_3" name="globalAlert" scontext=u:r:netd:s0 tcontext=u:object_r:proc_net:s0 tclass=dir permissive=1
07-27 10:05:42.047 870 870 I auditd : type=1400 audit(0.0:10572): avc: denied { add_name } for comm="perf@2.2-servic" name="cpu_max_freq" scontext=u:r:vendor_hal_perf_default:s0 tcontext=u:object_r:vendor_sysfs_msm_perf:s0 tclass=dir permissive=1
07-27 10:05:42.058 1564 2033 I wm_task_moved: [16,1,7]
07-27 10:05:42.059 1564 2033 I wm_set_resumed_activity: [0,com.tencent.android.qqdownloader/com.tencent.assistantv2.activity.MainActivity,positionChildAt]
07-27 10:05:42.059 1564 2033 I wm_create_activity: [0,124266436,16,com.tencent.android.qqdownloader/com.tencent.pangu.activity.DownloadActivity,NULL,NULL,NULL,268435456]
07-27 10:05:42.061 1564 2033 I wm_pause_activity: [0,185350762,com.tencent.android.qqdownloader/com.tencent.assistantv2.activity.MainActivity,userLeaving=true,resumeTopActivityInnerLocked]
07-27 10:05:42.064 8597 8597 I wm_on_top_resumed_lost_called: [185350762,com.tencent.assistantv2.activity.MainActivity,topStateChangedWhenResumed]
07-27 10:05:42.069 8597 8597 I wm_on_paused_called: [185350762,com.tencent.assistantv2.activity.MainActivity,performPause]
07-27 10:05:42.071 1564 7811 I wm_restart_activity: [0,124266436,16,com.tencent.android.qqdownloader/com.tencent.pangu.activity.DownloadActivity]
07-27 10:05:42.072 1564 7811 I wm_set_resumed_activity: [0,com.tencent.android.qqdownloader/com.tencent.pangu.activity.DownloadActivity,minimalResumeActivityLocked]
07-27 10:05:42.075 1564 1679 I sysui_multi_action: [757,803,799,window_time_2,802,34]
07-27 10:05:42.092 1564 1692 I am_pss : [8597,10096,com.tencent.android.qqdownloader,258516992,243875840,0,423493632,0,2,18]
07-27 10:05:42.145 8597 8597 I wm_on_create_called: [124266436,com.tencent.pangu.activity.DownloadActivity,performCreate]
07-27 10:05:42.147 8597 8597 I wm_on_start_called: [124266436,com.tencent.pangu.activity.DownloadActivity,handleStartActivity]
07-27 10:05:42.149 8597 8597 I wm_on_resume_called: [124266436,com.tencent.pangu.activity.DownloadActivity,RESUME_ACTIVITY]
07-27 10:05:42.152 8597 8597 I wm_on_top_resumed_gained_called: [124266436,com.tencent.pangu.activity.DownloadActivity,topStateChangedWhenResumed]
07-27 10:05:42.159 1564 1680 I input_focus: [Focus request d640d06 com.tencent.android.qqdownloader/com.tencent.pangu.activity.DownloadActivity,reason=UpdateInputWindows]
07-27 10:05:42.187 1564 1853 I input_focus: [Focus leaving d2f1ec3 com.tencent.android.qqdownloader/com.tencent.assistantv2.activity.MainActivity (server),reason=NOT_FOCUSABLE]
07-27 10:05:42.194 1564 1676 I wm_activity_launch_time: [0,124266436,com.tencent.android.qqdownloader/com.tencent.pangu.activity.DownloadActivity,144]
07-27 10:05:42.204 1564 1853 I input_focus: [Focus entering d640d06 com.tencent.android.qqdownloader/com.tencent.pangu.activity.DownloadActivity (server),reason=Window became focusable. Previous reason: NOT_VISIBLE]
07-27 10:05:42.218 1564 1692 I am_pss : [9331,10096,com.tencent.ilink.ServiceProcess,56497152,47448064,0,188735488,0,3,8]
07-27 10:05:42.231 1564 1692 I am_pss : [8557,10096,com.tencent.android.qqdownloader:daemon,116119552,94883840,0,289132544,0,3,12]
07-27 10:05:42.243 1564 1692 I am_pss : [7988,10098,com.tencent.mm,140979200,83546112,0,310136832,0,10,11]
07-27 10:05:42.253 1564 1692 I am_pss : [9633,10098,com.tencent.mm:push,94343168,37806080,0,255143936,0,10,9]
07-27 10:05:42.265 1564 1692 I am_pss : [9454,10096,com.tencent.android.qqdownloader:wxa_container0,120073216,110534656,0,257507328,0,19,11]
07-27 10:05:42.273 1564 1692 I am_pss : [8506,10096,com.tencent.android.qqdownloader:live,31405056,25845760,0,148934656,0,5,7]
07-27 10:05:43.511 1564 1853 I input_interaction: Interaction with: d640d06 com.tencent.android.qqdownloader/com.tencent.pangu.activity.DownloadActivity (server), edge-swipe (server), swipe-up (server), PointerEventDispatcher0 (server),
07-27 10:05:43.675 1564 1680 I input_focus: [Focus request f812f8d com.tencent.android.qqdownloader/com.tencent.pangu.activity.DownloadActivity,reason=UpdateInputWindows]
07-27 10:05:43.693 1564 1853 I input_focus: [Focus leaving d640d06 com.tencent.android.qqdownloader/com.tencent.pangu.activity.DownloadActivity (server),reason=setFocusedWindow]
07-27 10:05:43.693 1564 1853 I input_focus: [Focus entering f812f8d com.tencent.android.qqdownloader/com.tencent.pangu.activity.DownloadActivity (server),reason=setFocusedWindow]
07-27 10:05:44.054 1564 2090 I netstats_mobile_sample: [0,0,0,0,0,0,0,0,0,0,0,0,1690423540562]
07-27 10:05:44.054 1564 2090 I netstats_wifi_sample: [344475,308,1116173,1940,344475,308,1116173,1940,3700137,3304,880649,1683,1690423540562]
07-27 10:05:44.785 1564 1853 I input_interaction: Interaction with: f812f8d com.tencent.android.qqdownloader/com.tencent.pangu.activity.DownloadActivity (server), edge-swipe (server), swipe-up (server), PointerEventDispatcher0 (server),
07-27 10:05:44.948 1564 1680 I input_focus: [Focus request d640d06 com.tencent.android.qqdownloader/com.tencent.pangu.activity.DownloadActivity,reason=UpdateInputWindows]
07-27 10:05:44.963 1564 1853 I input_focus: [Focus entering d640d06 com.tencent.android.qqdownloader/com.tencent.pangu.activity.DownloadActivity (server),reason=setFocusedWindow]
07-27 10:05:45.388 1564 1853 I input_interaction: Interaction with: d640d06 com.tencent.android.qqdownloader/com.tencent.pangu.activity.DownloadActivity (server), edge-swipe (server), swipe-up (server), PointerEventDispatcher0 (server),
07-27 10:05:45.702 1564 1680 I input_focus: [Focus request 9ea86d8 com.tencent.android.qqdownloader/com.tencent.pangu.activity.DownloadActivity,reason=UpdateInputWindows]
07-27 10:05:45.716 1564 1853 I input_focus: [Focus leaving d640d06 com.tencent.android.qqdownloader/com.tencent.pangu.activity.DownloadActivity (server),reason=Waiting for window because NOT_VISIBLE]
07-27 10:05:45.733 1564 1853 I input_focus: [Focus entering 9ea86d8 com.tencent.android.qqdownloader/com.tencent.pangu.activity.DownloadActivity (server),reason=Window became focusable. Previous reason: NOT_VISIBLE]
07-27 10:05:46.646 1564 1958 I sync : [com.tencent.android.qqdownloader.YYBLiveAccountProvider,0,3,24220937]
07-27 10:05:46.672 1564 1958 I sync : [com.tencent.android.qqdownloader.YYBLiveAccountProvider,1,3,24220937]
07-27 10:05:46.676 1564 1958 I commit_sys_config_file: [sync-status,311591]
07-27 10:05:46.691 1564 1958 I sync : [com.tencent.android.qqdownloader.YYBLiveAccountProvider,0,3,24220937]
07-27 10:05:46.717 1564 1958 I sync : [com.tencent.android.qqdownloader.YYBLiveAccountProvider,1,3,24220937]
07-27 10:05:46.723 1564 1958 I commit_sys_config_file: [sync-status,311638]
07-27 10:05:46.953 1564 1853 I input_interaction: Interaction with: 9ea86d8 com.tencent.android.qqdownloader/com.tencent.pangu.activity.DownloadActivity (server), edge-swipe (server), swipe-up (server), PointerEventDispatcher0 (server),
07-27 10:05:47.135 1564 1680 I input_focus: [Focus request d640d06 com.tencent.android.qqdownloader/com.tencent.pangu.activity.DownloadActivity,reason=UpdateInputWindows]
07-27 10:05:47.152 1564 1853 I input_focus: [Focus entering d640d06 com.tencent.android.qqdownloader/com.tencent.pangu.activity.DownloadActivity (server),reason=setFocusedWindow]
07-27 10:05:48.680 1564 1678 I commit_sys_config_file: [jobs,7]
07-27 10:05:50.731 1564 1894 I netstats_mobile_sample: [0,0,0,0,0,0,0,0,0,0,0,0,1690423547239]
07-27 10:05:50.731 1564 1894 I netstats_wifi_sample: [348252,311,1132261,1968,348252,311,1132261,1968,3740425,3336,894219,1709,1690423547239]
07-27 10:05:56.053 1564 1894 I netstats_mobile_sample: [0,0,0,0,0,0,0,0,0,0,0,0,1690423552561]
07-27 10:05:56.053 1564 1894 I netstats_wifi_sample: [355806,317,1153385,2000,355806,317,1153385,2000,3821001,3400,910307,1737,1690423552561]
07-27 10:05:57.191 1564 1564 I notification_enqueue: [10096,8597,com.tencent.android.qqdownloader,101,NULL,0,Notification(channel=channel_id_default_silent shortcut=null contentView=null vibrate=null sound=null tick defaults=0x0 flags=0x240 color=0x00000000 groupKey=com.tencent.android.qqdownloader vis=PRIVATE),0]
07-27 10:05:59.010 1564 1694 I am_uid_running: 10058
07-27 10:05:59.019 1564 1910 I am_uid_running: 10027
07-27 10:05:59.021 1564 1695 I am_proc_start: [0,9928,10058,com.qualcomm.timeservice,broadcast,{com.qualcomm.timeservice/com.qualcomm.timeservice.TimeServiceBroadcastReceiver}]
07-27 10:05:59.030 1564 1695 I am_proc_start: [0,9929,10027,com.android.providers.calendar,content provider,{com.android.providers.calendar/com.android.providers.calendar.CalendarProvider2}]
07-27 10:05:59.050 1564 7811 I am_proc_bound: [0,9929,com.android.providers.calendar]
07-27 10:05:59.054 1564 7811 I am_uid_active: 10027
07-27 10:05:59.057 1564 7811 I am_proc_bound: [0,9928,com.qualcomm.timeservice]
07-27 10:05:59.100 1564 2033 I am_kill : [0,9454,com.tencent.android.qqdownloader:wxa_container0,905,empty #2]
07-27 10:05:59.163 1564 2033 I am_proc_died: [0,9454,com.tencent.android.qqdownloader:wxa_container0,905,19]
07-27 10:05:59.166 1564 2033 I am_schedule_service_restart: [0,com.tencent.android.qqdownloader/com.tencent.luggage.services.WxaProxy_WxaIPCContainerService0,1000]
07-27 10:05:59.175 1564 1692 I am_pss : [8915,10070,com.android.webview:webview_service,16931840,3747840,0,83865600,0,3,5]
07-27 10:05:59.181 1564 1692 I am_pss : [8895,99003,com.android.webview:sandboxed_process0:org.chromium.content.app.SandboxedProcessService0:0,55169024,41074688,0,119308288,0,3,5]
07-27 10:05:59.191 1564 1692 I am_pss : [8642,10096,com.tencent.android.qqdownloader:cloud,30997504,25739264,0,143863808,0,3,8]
07-27 10:06:00.086 1564 1894 I netstats_mobile_sample: [0,0,0,0,0,0,0,0,0,0,0,0,1690423556605]
07-27 10:06:00.083 683 683 I auditd : type=1400 audit(0.0:10573): avc: denied { add_name } for comm="Binder:683_3" name="globalAlert" scontext=u:r:netd:s0 tcontext=u:object_r:proc_net:s0 tclass=dir permissive=1
07-27 10:06:00.086 1564 1894 I netstats_wifi_sample: [359583,320,1169473,2028,359583,320,1169473,2028,3861289,3432,923877,1763,1690423556605]
07-27 10:06:05.118 1564 1692 I am_pss : [9331,10096,com.tencent.ilink.ServiceProcess,59082752,50798592,0,188583936,0,3,13]
07-27 10:06:05.135 1564 1692 I am_pss : [8557,10096,com.tencent.android.qqdownloader:daemon,112685056,90980352,0,285380608,0,3,15]
07-27 10:06:05.172 1564 1894 I netstats_mobile_sample: [0,0,0,0,0,0,0,0,0,0,0,0,1690423561691]
07-27 10:06:05.172 1564 1894 I netstats_wifi_sample: [363360,323,1180035,2044,363360,323,1180035,2044,3901577,3464,931921,1777,1690423561691]
07-27 10:06:09.711 1564 1894 I netstats_mobile_sample: [0,0,0,0,0,0,0,0,0,0,0,0,1690423566230]
07-27 10:06:09.711 1564 1894 I netstats_wifi_sample: [367137,326,1196123,2072,367137,326,1196123,2072,3941865,3496,945491,1803,1690423566230]
07-27 10:06:13.784 1564 2033 I netstats_mobile_sample: [0,0,0,0,0,0,0,0,0,0,0,0,1690423570304]
07-27 10:06:13.785 1564 2033 I netstats_wifi_sample: [370914,329,1206685,2088,370914,329,1206685,2088,3982153,3528,953535,1817,1690423570304]
07-27 10:06:13.797 1564 2033 I service_manager_slow: [10,phone]
07-27 10:06:14.170 1564 1894 I netstats_mobile_sample: [0,0,0,0,0,0,0,0,0,0,0,0,1690423570689]
07-27 10:06:14.171 1564 1894 I netstats_wifi_sample: [370914,329,1206685,2088,370914,329,1206685,2088,3982153,3528,953535,1817,1690423570689]
07-27 10:06:15.912 1564 1694 I am_uid_idle: 10098
07-27 10:06:15.912 1564 1694 I am_stop_idle_service: [10098,com.tencent.mm/com.tencent.matrix.lifecycle.supervisor.SupervisorService]
07-27 10:06:15.912 1564 1694 I am_stop_idle_service: [10098,com.tencent.mm/.service.ProcessService$MMProcessService]
07-27 10:06:15.914 1564 1694 I am_kill : [0,7988,com.tencent.mm,905,empty #2]
07-27 10:06:15.991 1564 2033 I am_proc_died: [0,7988,com.tencent.mm,905,19]
07-27 10:06:15.996 1564 2033 I am_schedule_service_restart: [0,com.tencent.mm/.ipcinvoker.wx_extension.service.MainProcessIPCService,1000]
07-27 10:06:16.008 1564 1692 I am_pss : [3814,1000,com.qti.diagservices,32988160,3301376,28002304,65093632,0,10,6]
07-27 10:06:16.059 9982 9982 I auditd : type=1400 audit(0.0:10574): avc: granted { bind } for comm="ip" scontext=u:r:untrusted_app_29:s0:c98,c256,c512,c768 tcontext=u:r:untrusted_app_29:s0:c98,c256,c512,c768 tclass=netlink_route_socket app=com.tencent.mm
07-27 10:06:16.071 9633 9633 I auditd : type=1400 audit(0.0:10575): avc: granted { nlmsg_readpriv } for comm="mars::stn" scontext=u:r:untrusted_app_29:s0:c98,c256,c512,c768 tcontext=u:r:untrusted_app_29:s0:c98,c256,c512,c768 tclass=netlink_route_socket app=com.tencent.mm
07-27 10:06:16.075 9633 9633 I auditd : type=1400 audit(0.0:10576): avc: granted { nlmsg_readpriv } for comm="mars::stn" scontext=u:r:untrusted_app_29:s0:c98,c256,c512,c768 tcontext=u:r:untrusted_app_29:s0:c98,c256,c512,c768 tclass=netlink_route_socket app=com.tencent.mm
07-27 10:06:16.087 9633 9633 I auditd : type=1400 audit(0.0:10577): avc: granted { nlmsg_readpriv } for comm="mars::9987" scontext=u:r:untrusted_app_29:s0:c98,c256,c512,c768 tcontext=u:r:untrusted_app_29:s0:c98,c256,c512,c768 tclass=netlink_route_socket app=com.tencent.mm
07-27 10:06:16.087 9633 9633 I auditd : type=1400 audit(0.0:10578): avc: granted { nlmsg_readpriv } for comm="mars::9987" scontext=u:r:untrusted_app_29:s0:c98,c256,c512,c768 tcontext=u:r:untrusted_app_29:s0:c98,c256,c512,c768 tclass=netlink_route_socket app=com.tencent.mm
07-27 10:06:16.111 9989 9989 I auditd : type=1400 audit(0.0:10579): avc: granted { bind } for comm="ip" scontext=u:r:untrusted_app_29:s0:c98,c256,c512,c768 tcontext=u:r:untrusted_app_29:s0:c98,c256,c512,c768 tclass=netlink_route_socket app=com.tencent.mm
07-27 10:06:16.219 1564 6960 I am_proc_died: [0,9633,com.tencent.mm:push,0,10]
07-27 10:06:16.220 1564 6960 I am_uid_stopped: 10098
07-27 10:06:18.022 1564 1894 I netstats_mobile_sample: [0,0,0,0,0,0,0,0,0,0,0,0,1690423574541]
07-27 10:06:18.022 1564 1894 I netstats_wifi_sample: [374691,332,1217247,2104,374691,332,1217247,2104,4022441,3560,961579,1831,1690423574541]
07-27 10:06:25.097 1564 1894 I netstats_mobile_sample: [0,0,0,0,0,0,0,0,0,0,0,0,1690423581616]
07-27 10:06:25.097 1564 1894 I netstats_wifi_sample: [382245,338,1243897,2148,382245,338,1243897,2148,4103017,3624,983193,1871,1690423581616]
07-27 10:06:41.819 1564 1958 I sync : [com.tencent.android.qqdownloader.YYBLiveAccountProvider,0,3,24220937]
07-27 10:06:41.840 1564 1958 I sync : [com.tencent.android.qqdownloader.YYBLiveAccountProvider,1,3,24220937]
07-27 10:06:41.908 1564 1958 I commit_sys_config_file: [sync-status,366833]
07-27 10:06:41.918 1564 1958 I sync : [com.tencent.android.qqdownloader.YYBLiveAccountProvider,0,3,24220937]
07-27 10:06:41.939 1564 1958 I sync : [com.tencent.android.qqdownloader.YYBLiveAccountProvider,1,3,24220937]
07-27 10:06:41.942 1564 1958 I commit_sys_config_file: [sync-status,366867]
07-27 10:06:43.498 1564 1894 I netstats_mobile_sample: [0,0,0,0,0,0,0,0,0,0,0,0,1690423600017]
07-27 10:06:43.498 1564 1894 I netstats_wifi_sample: [401130,353,1302233,2240,401130,353,1302233,2240,4304457,3784,1028939,1953,1690423600017]
07-27 10:06:43.845 1564 1678 I commit_sys_config_file: [jobs,4]
07-27 10:06:47.085 1564 1564 I am_kill : [0,9929,com.android.providers.calendar,915,empty #2]
07-27 10:06:47.087 1564 1676 I sysui_multi_action: [757,222,758,1]
07-27 10:06:47.100 1564 1695 I am_proc_start: [0,10010,1000,com.thundercomm.screensaver,service,{com.thundercomm.screensaver/com.thundercomm.screensaver.service.SystemDream}]
07-27 10:06:47.109 1564 1692 I am_pss : [8597,10096,com.tencent.android.qqdownloader,212139008,195899392,0,376807424,0,2,21]
07-27 10:06:47.115 1564 1692 I am_pss : [9928,10058,com.qualcomm.timeservice,5634048,3518464,0,88612864,0,19,5]
07-27 10:06:47.119 1564 3234 I am_proc_died: [0,9929,com.android.providers.calendar,915,19]
07-27 10:06:47.119 1564 3234 I am_uid_stopped: 10027
07-27 10:06:47.129 1564 3234 I am_proc_bound: [0,10010,com.thundercomm.screensaver]
07-27 10:06:47.206 1564 9990 I wm_task_created: [17,-1]
07-27 10:06:47.203 870 870 I auditd : type=1400 audit(0.0:10580): avc: denied { add_name } for comm="perf@2.2-servic" name="cpu_max_freq" scontext=u:r:vendor_hal_perf_default:s0 tcontext=u:object_r:vendor_sysfs_msm_perf:s0 tclass=dir permissive=1
07-27 10:06:47.212 1564 9990 I wm_task_moved: [17,1,8]
07-27 10:06:47.212 1564 9990 I wm_task_to_front: [0,17]
07-27 10:06:47.212 1564 9990 I wm_create_task: [0,17]
07-27 10:06:47.212 1564 9990 I wm_create_activity: [0,238249439,17,com.thundercomm.screensaver/android.service.dreams.DreamActivity,NULL,NULL,NULL,276824064]
07-27 10:06:47.212 1564 9990 I wm_task_moved: [17,1,8]
07-27 10:06:47.213 1564 9990 I wm_pause_activity: [0,54944540,com.android.launcher3/.uioverrides.QuickstepLauncher,userLeaving=true,pauseBackTasks]
07-27 10:06:47.214 2647 2647 I wm_on_paused_called: [54944540,com.android.launcher3.uioverrides.QuickstepLauncher,performPause]
07-27 10:06:47.218 1564 3234 I wm_add_to_stopping: [0,54944540,com.android.launcher3/.uioverrides.QuickstepLauncher,makeInvisible]
07-27 10:06:47.219 1564 3234 I wm_restart_activity: [0,238249439,17,com.thundercomm.screensaver/android.service.dreams.DreamActivity]
07-27 10:06:47.220 8597 8597 I wm_on_top_resumed_lost_called: [124266436,com.tencent.pangu.activity.DownloadActivity,topStateChangedWhenResumed]
07-27 10:06:47.220 1564 3234 I wm_set_resumed_activity: [0,com.thundercomm.screensaver/android.service.dreams.DreamActivity,minimalResumeActivityLocked]
07-27 10:06:47.226 1564 1679 I sysui_multi_action: [757,803,799,window_time_2,802,65]
07-27 10:06:47.228 1564 9990 I am_uid_running: 10065
07-27 10:06:47.230 10010 10010 I wm_on_create_called: [238249439,android.service.dreams.DreamActivity,performCreate]
07-27 10:06:47.230 10010 10010 I wm_on_start_called: [238249439,android.service.dreams.DreamActivity,handleStartActivity]
07-27 10:06:47.231 10010 10010 I wm_on_resume_called: [238249439,android.service.dreams.DreamActivity,RESUME_ACTIVITY]
07-27 10:06:47.234 1564 1695 I am_proc_start: [0,10033,10065,com.thundercomm.gamemode.provider,content provider,{com.thundercomm.gamemode.provider/com.thundercomm.gamemode.provider.SettingsProvider}]
07-27 10:06:47.247 10010 10010 I wm_on_top_resumed_gained_called: [238249439,android.service.dreams.DreamActivity,topStateChangedWhenResumed]
07-27 10:06:47.254 1564 3234 I am_proc_bound: [0,10033,com.thundercomm.gamemode.provider]
07-27 10:06:47.258 1564 3234 I am_uid_active: 10065
07-27 10:06:47.276 1564 1680 I input_focus: [Focus request f210063 com.thundercomm.screensaver/android.service.dreams.DreamActivity,reason=UpdateInputWindows]
07-27 10:06:47.300 1564 1676 I sysui_multi_action: [319,36,321,34,322,94,325,432,757,761,758,8,759,1,806,com.thundercomm.screensaver,871,android.service.dreams.DreamActivity,904,com.thundercomm.screensaver,905,0,1320,4,1321,2]
07-27 10:06:47.300 1564 1853 I input_focus: [Focus leaving d640d06 com.tencent.android.qqdownloader/com.tencent.pangu.activity.DownloadActivity (server),reason=Waiting for window because NOT_VISIBLE]
07-27 10:06:47.300 1564 1676 I wm_activity_launch_time: [0,238249439,com.thundercomm.screensaver/android.service.dreams.DreamActivity,94]
07-27 10:06:47.316 1564 1853 I input_focus: [Focus entering f210063 com.thundercomm.screensaver/android.service.dreams.DreamActivity (server),reason=Window became focusable. Previous reason: NOT_VISIBLE]
07-27 10:06:47.534 1564 1679 I wm_stop_activity: [0,54944540,com.android.launcher3/.uioverrides.QuickstepLauncher]
07-27 10:06:47.552 2647 2647 I wm_on_stop_called: [54944540,com.android.launcher3.uioverrides.QuickstepLauncher,STOP_ACTIVITY_ITEM]
07-27 10:06:48.525 1564 1894 I netstats_mobile_sample: [0,0,0,0,0,0,0,0,0,0,0,0,1690423605044]
07-27 10:06:48.525 1564 1894 I netstats_wifi_sample: [404907,356,1318321,2268,404907,356,1318321,2268,4344745,3816,1042509,1979,1690423605044]
07-27 10:06:51.325 1564 1853 I input_interaction: Interaction with: f210063 com.thundercomm.screensaver/android.service.dreams.DreamActivity (server), edge-swipe (server), swipe-up (server), PointerEventDispatcher0 (server),
07-27 10:06:51.329 1564 3222 I wm_finish_activity: [0,238249439,17,com.thundercomm.screensaver/android.service.dreams.DreamActivity,finish-activity]
07-27 10:06:51.329 1564 3222 I wm_task_moved: [16,1,7]
07-27 10:06:51.329 1564 3222 I wm_task_to_front: [0,16]
07-27 10:06:51.330 1564 3222 I wm_set_resumed_activity: [0,com.tencent.android.qqdownloader/com.tencent.pangu.activity.DownloadActivity,positionChildAt]
07-27 10:06:51.330 1564 3222 I wm_focused_root_task: [0,0,16,17,finish-top adjustFocusToNextFocusableTask]
07-27 10:06:51.330 1564 3222 I wm_set_resumed_activity: [0,com.tencent.android.qqdownloader/com.tencent.pangu.activity.DownloadActivity,finish-top]
07-27 10:06:51.331 1564 3222 I wm_pause_activity: [0,238249439,com.thundercomm.screensaver/android.service.dreams.DreamActivity,userLeaving=false,finish]
07-27 10:06:51.337 1564 1679 I sysui_multi_action: [757,803,799,window_time_0,802,4]
07-27 10:06:51.338 10010 10010 I wm_on_top_resumed_lost_called: [238249439,android.service.dreams.DreamActivity,topStateChangedWhenResumed]
07-27 10:06:51.339 10010 10010 I wm_on_paused_called: [238249439,android.service.dreams.DreamActivity,performPause]
07-27 10:06:51.339 8597 8597 I wm_on_top_resumed_gained_called: [124266436,com.tencent.pangu.activity.DownloadActivity,topStateChangedWhenResumed]
07-27 10:06:51.343 1564 6960 I wm_resume_activity: [0,54944540,9,com.android.launcher3/.uioverrides.QuickstepLauncher]
07-27 10:06:51.351 1564 1679 I sysui_multi_action: [757,803,799,window_time_2,802,0]
07-27 10:06:51.360 1564 1853 I input_focus: [Focus leaving f210063 com.thundercomm.screensaver/android.service.dreams.DreamActivity (server),reason=NO_WINDOW]
07-27 10:06:51.360 10010 10010 I view_enqueue_input_event: [Motion - Cancel,com.thundercomm.screensaver/android.service.dreams.DreamActivity]
07-27 10:06:51.366 1564 1680 I input_focus: [Focus request d640d06 com.tencent.android.qqdownloader/com.tencent.pangu.activity.DownloadActivity,reason=UpdateInputWindows]
07-27 10:06:51.370 2647 2647 I wm_on_restart_called: [54944540,com.android.launcher3.uioverrides.QuickstepLauncher,performRestartActivity]
07-27 10:06:51.371 2647 2647 I wm_on_start_called: [54944540,com.android.launcher3.uioverrides.QuickstepLauncher,handleStartActivity]
07-27 10:06:51.372 2647 2647 I wm_on_resume_called: [54944540,com.android.launcher3.uioverrides.QuickstepLauncher,RESUME_ACTIVITY]
07-27 10:06:51.373 1564 1853 I input_interaction: Interaction with: edge-swipe (server), swipe-up (server), PointerEventDispatcher0 (server),
07-27 10:06:51.381 1564 1853 I input_focus: [Focus entering d640d06 com.tencent.android.qqdownloader/com.tencent.pangu.activity.DownloadActivity (server),reason=setFocusedWindow]
07-27 10:06:51.411 1564 3222 I wm_destroy_activity: [0,238249439,17,com.thundercomm.screensaver/android.service.dreams.DreamActivity,finish-idle]
07-27 10:06:51.413 10010 10010 I wm_on_stop_called: [238249439,android.service.dreams.DreamActivity,LIFECYCLER_STOP_ACTIVITY]
07-27 10:06:51.415 10010 10010 I wm_on_destroy_called: [238249439,android.service.dreams.DreamActivity,performDestroy]
07-27 10:06:51.417 1564 1676 I sysui_multi_action: [757,222,758,2]
07-27 10:06:51.417 1564 1676 I sysui_multi_action: [757,804,799,dreaming_minutes,801,0,802,1]
07-27 10:06:51.428 1564 3222 I am_kill : [0,9928,com.qualcomm.timeservice,905,empty #2]
07-27 10:06:51.448 1564 3234 I am_proc_died: [0,9928,com.qualcomm.timeservice,905,19]
07-27 10:06:51.449 1564 3234 I am_uid_stopped: 10058
07-27 10:06:51.659 1564 1680 I wm_task_removed: [17,removeChild:removeChild last r=ActivityRecord{e3365df u0 com.thundercomm.screensaver/android.service.dreams.DreamActivity taskAffinity=1000:android:com.thundercomm.screensaver/dream t-1 f}} in t=Task{e66822c #17 type=dream A=1000:android:com.thundercomm.screensaver/dream U=0 visible=false mode=fullscreen translucent=true sz=0 visible freeform task=true rootAffinity=1000:android:com.thundercomm.screensaver/dream isMini=false}]
07-27 10:06:51.659 1564 1680 I wm_task_removed: [17,removeChild]
07-27 10:06:52.580 1564 1853 I input_interaction: Interaction with: a55939e com.android.launcher3/com.android.launcher3.uioverrides.QuickstepLauncher (server), 830e89c com.android.systemui.ImageWallpaper (server), edge-swipe (server), swipe-up (server), PointerEventDispatcher0 (server),
07-27 10:06:52.620 1564 1894 I netstats_mobile_sample: [0,0,0,0,0,0,0,0,0,0,0,0,1690423609139]
07-27 10:06:52.620 1564 1894 I netstats_wifi_sample: [408684,359,1328883,2284,408684,359,1328883,2284,4385033,3848,1050553,1993,1690423609139]
07-27 10:06:52.788 1564 3234 I wm_task_moved: [12,1,7]
07-27 10:06:52.788 1564 3234 I wm_task_to_front: [0,12]
07-27 10:06:52.789 1564 3234 I wm_focused_root_task: [0,0,12,16,bringingFoundTaskToFront]
07-27 10:06:52.790 8597 8597 I wm_on_top_resumed_lost_called: [124266436,com.tencent.pangu.activity.DownloadActivity,topStateChangedWhenResumed]
07-27 10:06:52.791 1564 3234 I wm_set_resumed_activity: [0,com.android.settings/.homepage.SettingsHomepageActivity,bringingFoundTaskToFront]
07-27 10:06:52.792 1564 3234 I wm_new_intent: [0,24950209,12,com.android.settings/.homepage.SettingsHomepageActivity,android.settings.BLUETOOTH_SETTINGS,NULL,NULL,335544320]
07-27 10:06:52.795 1564 3234 I wm_pause_activity: [0,54944540,com.android.launcher3/.uioverrides.QuickstepLauncher,userLeaving=true,pauseBackTasks]
07-27 10:06:52.803 2647 2647 I wm_on_paused_called: [54944540,com.android.launcher3.uioverrides.QuickstepLauncher,performPause]
07-27 10:06:52.809 1564 3234 I wm_set_resumed_activity: [0,com.android.settings/.homepage.SettingsHomepageActivity,resumeTopActivityInnerLocked]
07-27 10:06:52.809 1564 3234 I wm_add_to_stopping: [0,54944540,com.android.launcher3/.uioverrides.QuickstepLauncher,makeInvisible]
07-27 10:06:52.820 1564 3234 I service_manager_stats: [100,71,72654]
07-27 10:06:52.822 1564 3234 I wm_resume_activity: [0,24950209,12,com.android.settings/.homepage.SettingsHomepageActivity]
07-27 10:06:52.829 1564 1679 I sysui_multi_action: [757,803,799,window_time_2,802,1]
07-27 10:06:52.834 6985 6985 I wm_on_restart_called: [24950209,com.android.settings.homepage.SettingsHomepageActivity,performRestartActivity]
07-27 10:06:52.862 6985 6985 I wm_on_start_called: [24950209,com.android.settings.homepage.SettingsHomepageActivity,handleStartActivity]
07-27 10:06:52.863 6985 6985 I snet_event_log: [120484087,-1,]
07-27 10:06:52.863 6985 6985 I wm_on_resume_called: [24950209,com.android.settings.homepage.SettingsHomepageActivity,RESUME_ACTIVITY]
07-27 10:06:52.864 6985 6985 I sysui_multi_action: [757,35,758,1,833,0,1089,0]
07-27 10:06:52.865 6985 6985 I sysui_multi_action: [757,747,758,1,833,0,1089,0]
07-27 10:06:52.867 6985 6985 I wm_on_top_resumed_gained_called: [24950209,com.android.settings.homepage.SettingsHomepageActivity,topWhenResuming]
07-27 10:06:52.881 1564 1680 I input_focus: [Focus request dd3ee8b com.android.settings/com.android.settings.homepage.SettingsHomepageActivity,reason=UpdateInputWindows]
07-27 10:06:52.883 579 579 I auditd : type=1400 audit(0.0:10581): avc: denied { read } for comm="Binder:579_2" name="wakeup58" dev="sysfs" ino=71954 scontext=u:r:system_suspend:s0 tcontext=u:object_r:sysfs:s0 tclass=dir permissive=1
07-27 10:06:52.883 579 579 I auditd : type=1400 audit(0.0:10582): avc: denied { open } for comm="Binder:579_2" path="/sys/devices/virtual/misc/msm_g711mlaw/wakeup58" dev="sysfs" ino=71954 scontext=u:r:system_suspend:s0 tcontext=u:object_r:sysfs:s0 tclass=dir permissive=1
07-27 10:06:52.883 579 579 I auditd : type=1400 audit(0.0:10583): avc: denied { read } for comm="Binder:579_2" name="event_count" dev="sysfs" ino=71961 scontext=u:r:system_suspend:s0 tcontext=u:object_r:sysfs:s0 tclass=file permissive=1
07-27 10:06:52.883 579 579 I auditd : type=1400 audit(0.0:10584): avc: denied { open } for comm="Binder:579_2" path="/sys/devices/virtual/misc/msm_g711mlaw/wakeup58/event_count" dev="sysfs" ino=71961 scontext=u:r:system_suspend:s0 tcontext=u:object_r:sysfs:s0 tclass=file permissive=1
07-27 10:06:52.883 579 579 I auditd : type=1400 audit(0.0:10585): avc: denied { getattr } for comm="Binder:579_2" path="/sys/devices/virtual/misc/msm_g711mlaw/wakeup58/event_count" dev="sysfs" ino=71961 scontext=u:r:system_suspend:s0 tcontext=u:object_r:sysfs:s0 tclass=file permissive=1
07-27 10:06:52.909 1564 1676 I sysui_multi_action: [319,56,321,54,322,116,325,437,757,761,758,9,759,4,806,com.android.settings,871,com.android.settings.homepage.SettingsHomepageActivity,904,com.android.systemui,905,0,1320,4,1321,1]
07-27 10:06:52.914 1564 1853 I input_focus: [Focus leaving d640d06 com.tencent.android.qqdownloader/com.tencent.pangu.activity.DownloadActivity (server),reason=setFocusedWindow]
07-27 10:06:52.914 1564 1853 I input_focus: [Focus entering dd3ee8b com.android.settings/com.android.settings.homepage.SettingsHomepageActivity (server),reason=setFocusedWindow]
07-27 10:06:53.391 1564 1679 I wm_stop_activity: [0,54944540,com.android.launcher3/.uioverrides.QuickstepLauncher]
07-27 10:06:53.408 2647 2647 I wm_on_stop_called: [54944540,com.android.launcher3.uioverrides.QuickstepLauncher,STOP_ACTIVITY_ITEM]
07-27 10:06:53.978 1564 1853 I input_interaction: Interaction with: dd3ee8b com.android.settings/com.android.settings.homepage.SettingsHomepageActivity (server), edge-swipe (server), swipe-up (server), PointerEventDispatcher0 (server),
07-27 10:06:58.890 1564 1894 I netstats_mobile_sample: [0,0,0,0,0,0,0,0,0,0,0,0,1690423615409]
07-27 10:06:58.891 1564 1894 I netstats_wifi_sample: [416238,365,1350007,2316,416238,365,1350007,2316,4465609,3912,1066641,2021,1690423615409]
07-27 10:07:00.802 1564 1564 I notification_enqueue: [10096,8557,com.tencent.android.qqdownloader,127,NULL,0,Notification(channel=channel_id_default_silent shortcut=null contentView=com.tencent.android.qqdownloader/0x7f0a01c2 vibrate=null sound=null defaults=0x0 flags=0x2a2 color=0x00000000 groupKey=com.tencent.android.qqdownloader vis=PRIVATE),0]
07-27 10:07:06.850 1564 1894 I netstats_mobile_sample: [0,0,0,0,0,0,0,0,0,0,0,0,1690423623369]
07-27 10:07:06.850 1564 1894 I netstats_wifi_sample: [423792,371,1376657,2360,423792,371,1376657,2360,4546185,3976,1088255,2061,1690423623369]
07-27 10:07:10.968 1564 1894 I netstats_mobile_sample: [0,0,0,0,0,0,0,0,0,0,0,0,1690423627487]
07-27 10:07:10.969 1564 1894 I netstats_wifi_sample: [427569,374,1387219,2376,427569,374,1387219,2376,4586473,4008,1096299,2075,1690423627487]
07-27 10:07:12.976 1564 1692 I am_pss : [10010,1000,com.thundercomm.screensaver,39272448,34246656,0,151601152,0,19,8]
07-27 10:07:14.693 1564 1894 I netstats_mobile_sample: [0,0,0,0,0,0,0,0,0,0,0,0,1690423631212]
07-27 10:07:14.693 1564 1894 I netstats_wifi_sample: [427569,374,1392745,2388,427569,374,1392745,2388,4586473,4008,1101825,2087,1690423631212]
07-27 10:07:17.267 1564 1564 I notification_enqueue: [10096,8557,com.tencent.android.qqdownloader,127,NULL,0,Notification(channel=channel_id_default_silent shortcut=null contentView=com.tencent.android.qqdownloader/0x7f0a01c2 vibrate=null sound=null defaults=0x0 flags=0x2a2 color=0x00000000 groupKey=com.tencent.android.qqdownloader vis=PRIVATE),1]
07-27 10:07:19.433 1564 1894 I netstats_mobile_sample: [0,0,0,0,0,0,0,0,0,0,0,0,1690423635952]
07-27 10:07:19.433 1564 1894 I netstats_wifi_sample: [435123,380,1413869,2420,435123,380,1413869,2420,4667049,4072,1117913,2115,1690423635952]
07-27 10:07:23.273 1564 1894 I netstats_mobile_sample: [0,0,0,0,0,0,0,0,0,0,0,0,1690423639792]
07-27 10:07:23.273 1564 1894 I netstats_wifi_sample: [438900,383,1424431,2436,438900,383,1424431,2436,4707337,4104,1125957,2129,1690423639792]
07-27 10:07:27.131 1564 1958 I sync : [com.tencent.android.qqdownloader.YYBLiveAccountProvider,0,3,24220937]
07-27 10:07:27.131 1564 1692 I am_pss : [2647,10078,com.android.launcher3,61023232,50171904,0,195002368,0,5,12]
07-27 10:07:27.172 1564 1958 I sync : [com.tencent.android.qqdownloader.YYBLiveAccountProvider,1,3,24220937]
07-27 10:07:27.177 1564 1958 I commit_sys_config_file: [sync-status,412102]
07-27 10:07:27.190 1564 1958 I sync : [com.tencent.android.qqdownloader.YYBLiveAccountProvider,0,3,24220937]
07-27 10:07:27.218 1564 1958 I sync : [com.tencent.android.qqdownloader.YYBLiveAccountProvider,1,3,24220937]
07-27 10:07:27.220 1564 1958 I commit_sys_config_file: [sync-status,412146]
07-27 10:07:29.181 1564 1678 I commit_sys_config_file: [jobs,5]
