07-27 10:12:45.883 1564 1695 I am_proc_start: [0,19224,10100,com.tencent.qqlive:xg_vip_service,service,{com.tencent.qqlive/com.tencent.android.tpush.service.XGVipPushService}]
07-27 10:12:45.883 1564 1695 I ActivityManager: Start proc 19224:com.tencent.qqlive:xg_vip_service/u0a100 for service {com.tencent.qqlive/com.tencent.android.tpush.service.XGVipPushService}
07-27 10:12:45.886 1564 2757 D CompatibilityInfo: mCompatibilityFlags - 4
07-27 10:12:45.886 1564 2757 D CompatibilityInfo: applicationDensity - 240
07-27 10:12:45.886 1564 2757 D CompatibilityInfo: applicationScale - 1.0
07-27 10:12:45.893 19224 19224 I Zygote : seccomp disabled by setenforce 0
07-27 10:12:45.896 19203 19225 I nt.qqlive:cach: Waiting for a blocking GC ClassLinker
07-27 10:12:45.901 2967 2994 I adbd : jdwp connection from 19224
07-27 10:12:45.911 0 0 I [ 790.942482] binder: 19224:19224 ioctl 40046210 7ffe7e33d4 returned -22
07-27 10:12:45.910 19224 19224 D ProcessState: Binder ioctl to enable oneway spam detection failed: Invalid argument
07-27 10:12:45.917 1564 2757 I am_proc_bound: [0,19224,com.tencent.qqlive:xg_vip_service]
07-27 10:12:45.918 1564 2757 D CompatibilityInfo: mCompatibilityFlags - 4
07-27 10:12:45.918 1564 2757 D CompatibilityInfo: applicationDensity - 240
07-27 10:12:45.918 1564 2757 D CompatibilityInfo: applicationScale - 1.0
07-27 10:12:45.920 1564 2757 D CompatibilityInfo: mCompatibilityFlags - 4
07-27 10:12:45.920 1564 2757 D CompatibilityInfo: applicationDensity - 240
07-27 10:12:45.920 1564 2757 D CompatibilityInfo: applicationScale - 1.0
07-27 10:12:45.925 19224 19224 D CompatibilityChangeReporter: Compat change id reported: 171979766; UID 10100; state: ENABLED
07-27 10:12:45.940 1564 2757 E ContentProviderHelper: ProcessRecord{b5a5391 10448:com.tencent.qqlive/u0a100} was killed by AM but isn't really dead
07-27 10:12:45.940 1564 1694 I am_wtf : [0,19026,system_server,-1,ContentProviderHelper,ProcessRecord{b5a5391 10448:com.tencent.qqlive/u0a100} was killed by AM but isn't really dead]
07-27 10:12:45.941 1564 2757 W ActivityManager: ProcessRecord{b5a5391 10448:com.tencent.qqlive/u0a100} is attached to a previous process
07-27 10:12:45.941 1564 2757 W ActivityManager: Existing proc ProcessRecord{b5a5391 10448:com.tencent.qqlive/u0a100} was killed 311ms ago when adding ProcessRecord{7084321 0:com.tencent.qqlive/u0a100}
07-27 10:12:45.941 1564 1700 I libprocessgroup: Successfully killed process cgroup uid 10100 pid 10448 in 0ms
07-27 10:12:45.942 1564 1694 I DropBoxManagerService: add tag=system_server_wtf isTagEnabled=true flags=0x2
07-27 10:12:45.942 1564 2757 D CompatibilityChangeReporter: Compat change id reported: 135634846; UID 10100; state: DISABLED
07-27 10:12:45.942 1564 2757 D CompatibilityChangeReporter: Compat change id reported: 177438394; UID 10100; state: DISABLED
07-27 10:12:45.942 1564 2757 D CompatibilityChangeReporter: Compat change id reported: 135772972; UID 10100; state: DISABLED
07-27 10:12:45.942 1564 2757 D CompatibilityChangeReporter: Compat change id reported: 135754954; UID 10100; state: ENABLED
07-27 10:12:45.942 19203 19225 W shadowhook_tag: !!!!! init time micros:914
07-27 10:12:45.942 19203 19225 W shadowhook_tag: shadowhook: shadowhook init(mode: SHARED, debuggable: false), return: 0, real-init: yes
07-27 10:12:45.958 19203 19225 I rdefense: hook log cost: 34 ms, 2, 0
07-27 10:12:45.969 19224 19224 I Perf : Connecting to perf service.
07-27 10:12:45.973 19224 19224 V GraphicsEnvironment: ANGLE Developer option for 'com.tencent.qqlive' set to: 'default'
07-27 10:12:45.974 19224 19224 V GraphicsEnvironment: ANGLE GameManagerService for com.tencent.qqlive: false
07-27 10:12:45.977 1564 1904 D ConnectivityService: NetReassign [no changes]
07-27 10:12:45.977 19224 19224 V GraphicsEnvironment: Updatable production driver is not supported on the device.
07-27 10:12:45.979 19224 19224 D NetworkSecurityConfig: Using Network Security Config from resource arg debugBuild: false
07-27 10:12:45.980 19224 19224 D NetworkSecurityConfig: Using Network Security Config from resource arg debugBuild: false
07-27 10:12:46.024 1564 6960 I ActivityManager: Killing 19044:com.android.settings/1000 (adj 905): empty #2
07-27 10:12:46.024 2647 3521 E FrameEvents: updateAcquireFence: Did not find frame.
07-27 10:12:46.024 1564 6960 I am_kill : [0,19044,com.android.settings,905,empty #2]
07-27 10:12:46.027 19203 19226 I eup : Backup Java Class And Method Success
07-27 10:12:46.027 19203 19226 I eup : Bugly Register JNI Methods Successfully ~
07-27 10:12:46.027 19203 19226 I eup : regist start
07-27 10:12:46.027 19203 19226 I eup : run in arm64
07-27 10:12:46.046 684 684 I Zygote : Process 19044 exited due to signal 9 (Killed)
07-27 10:12:46.047 2647 2647 D BaseModelUpdateTask: BaseModelUpdateTask constructor
07-27 10:12:46.047 2647 2647 D BaseModelUpdateTask: java.lang.Exception
07-27 10:12:46.047 2647 2647 D BaseModelUpdateTask: at com.android.launcher3.model.BaseModelUpdateTask.(BaseModelUpdateTask.java:57)
07-27 10:12:46.047 2647 2647 D BaseModelUpdateTask: at com.android.launcher3.LauncherModel$6.(LauncherModel.java:606)
07-27 10:12:46.047 2647 2647 D BaseModelUpdateTask: at com.android.launcher3.LauncherModel.refreshAndBindWidgetsAndShortcuts(LauncherModel.java:606)
07-27 10:12:46.047 2647 2647 D BaseModelUpdateTask: at com.android.launcher3.Launcher.refreshAndBindWidgetsForPackageUser(Launcher.java:2895)
07-27 10:12:46.047 2647 2647 D BaseModelUpdateTask: at com.android.launcher3.popup.PopupContainerWithArrow.showForIcon(PopupContainerWithArrow.java:227)
07-27 10:12:46.047 2647 2647 D BaseModelUpdateTask: at com.android.launcher3.Workspace.beginDragShared(Workspace.java:1571)
07-27 10:12:46.047 2647 2647 D BaseModelUpdateTask: at com.android.launcher3.Workspace.beginDragShared(Workspace.java:1506)
07-27 10:12:46.047 2647 2647 D BaseModelUpdateTask: at com.android.launcher3.Workspace.startDrag(Workspace.java:1495)
07-27 10:12:46.047 2647 2647 D BaseModelUpdateTask: at com.android.launcher3.touch.ItemLongClickListener.beginDrag(ItemLongClickListener.java:90)
07-27 10:12:46.047 2647 2647 D BaseModelUpdateTask: at com.android.launcher3.touch.ItemLongClickListener.onWorkspaceItemLongClick(ItemLongClickListener.java:71)
07-27 10:12:46.047 2647 2647 D BaseModelUpdateTask: at com.android.launcher3.touch.ItemLongClickListener.$r8$lambda$nz9MSaglTImbNX-jBQmvpOY7s8M(Unknown Source:0)
07-27 10:12:46.047 2647 2647 D BaseModelUpdateTask: at com.android.launcher3.touch.ItemLongClickListener$$ExternalSyntheticLambda0.onLongClick(Unknown Source:0)
07-27 10:12:46.047 2647 2647 D BaseModelUpdateTask: at android.view.View.performLongClickInternal(View.java:7521)
07-27 10:12:46.047 2647 2647 D BaseModelUpdateTask: at android.view.View.performLongClick(View.java:7479)
07-27 10:12:46.047 2647 2647 D BaseModelUpdateTask: at android.widget.TextView.performLongClick(TextView.java:12636)
07-27 10:12:46.047 2647 2647 D BaseModelUpdateTask: at android.view.View.performLongClick(View.java:7497)
07-27 10:12:46.047 2647 2647 D BaseModelUpdateTask: at android.view.View$CheckForLongPress.run(View.java:28639)
07-27 10:12:46.047 2647 2647 D BaseModelUpdateTask: at android.os.Handler.handleCallback(Handler.java:938)
07-27 10:12:46.047 2647 2647 D BaseModelUpdateTask: at android.os.Handler.dispatchMessage(Handler.java:99)
07-27 10:12:46.047 2647 2647 D BaseModelUpdateTask: at android.os.Looper.loopOnce(Looper.java:201)
07-27 10:12:46.047 2647 2647 D BaseModelUpdateTask: at android.os.Looper.loop(Looper.java:288)
07-27 10:12:46.047 2647 2647 D BaseModelUpdateTask: at android.app.ActivityThread.main(ActivityThread.java:7880)
07-27 10:12:46.047 2647 2647 D BaseModelUpdateTask: at java.lang.reflect.Method.invoke(Native Method)
07-27 10:12:46.047 2647 2647 D BaseModelUpdateTask: at com.android.internal.os.RuntimeInit$MethodAndArgsCaller.run(RuntimeInit.java:548)
07-27 10:12:46.047 2647 2647 D BaseModelUpdateTask: at com.android.internal.os.ZygoteInit.main(ZygoteInit.java:1009)
07-27 10:12:46.049 1564 19307 D PowerManagerService: acquireWakeLockInternal: lock=236781259, flags=0x1, tag="*vibrator*", ws=WorkSource{10078}, uid=1000, pid=1564
07-27 10:12:46.049 1564 2757 I am_proc_died: [0,19044,com.android.settings,905,19]
07-27 10:12:46.049 1564 19307 D PowerManagerService: updateWakeLockSummaryLocked: mWakefulness=Awake, mWakeLockSummary=0x1
07-27 10:12:46.049 1564 19307 D PowerManagerService: updateUserActivitySummaryLocked: groupId=0, mWakefulness=Awake, mUserActivitySummary=0x1, nextTimeout=850645 (in 59563 ms)
07-27 10:12:46.049 1564 19307 D PowerManagerNotifier: onScreenPolicyUpdate: newPolicy=3
07-27 10:12:46.050 1564 19307 D PowerManagerService: updateDisplayPowerStateLocked: displayReady=true, groupId=0, policy=BRIGHT, mWakefulness=Awake, mWakeLockSummary=0x1, mUserActivitySummary=0x1, mBootCompleted=true, screenBrightnessOverride=NaN, useAutoBrightness=true, mScreenBrightnessBoostInProgress=false, mIsVrModeEnabled= false, sQuiescent=false
07-27 10:12:46.050 1564 19307 D PowerManagerService: Acquiring suspend blocker "PowerManagerService.WakeLocks".
07-27 10:12:46.050 1564 19307 E power : power acquire_wake_lock enter!
07-27 10:12:46.050 1564 19307 E power : power acquire_wake_lock exit!
07-27 10:12:46.050 579 579 E android.system.suspend@1.0-service: SystemSuspend::acquireWakeLock enter!pid = 1564: Success
07-27 10:12:46.050 579 579 E android.system.suspend@1.0-service: SystemSuspend::acquireWakeLock exit!: Success
07-27 10:12:46.051 1564 19307 D PowerManagerNotifier: onWakeLockAcquired: flags=1, tag="*vibrator*", packageName=android, ownerUid=1000, ownerPid=1564, workSource=WorkSource{10078}
07-27 10:12:46.051 879 879 D vendor.qti.vibrator: Vibrator perform effect 5
07-27 10:12:46.051 879 879 D vendor.qti.vibrator: Vibrator on for timeoutMs: 1
07-27 10:12:46.051 2647 2647 D CellLayout: CellLayout.onDraw:
07-27 10:12:46.051 879 879 D vendor.qti.vibrator: QTI Vibrator off
07-27 10:12:46.051 879 19309 D vendor.qti.vibrator: Starting on on another thread
07-27 10:12:46.054 1564 1679 W ActivityManager: ProcessRecord{b5a5391 10448:com.tencent.qqlive/u0a100} is attached to a previous process 10448
07-27 10:12:46.055 879 19309 D vendor.qti.vibrator: Notifying on complete
07-27 10:12:46.055 1564 1679 D CompatibilityChangeReporter: Compat change id reported: 135634846; UID 1000; state: DISABLED
07-27 10:12:46.055 1564 1679 D CompatibilityChangeReporter: Compat change id reported: 177438394; UID 1000; state: DISABLED
07-27 10:12:46.055 1564 1679 D CompatibilityChangeReporter: Compat change id reported: 135772972; UID 1000; state: DISABLED
07-27 10:12:46.055 1564 1679 D CompatibilityChangeReporter: Compat change id reported: 135754954; UID 1000; state: ENABLED
07-27 10:12:46.058 2647 2768 D BaseIconFactory: normalizeAndWrapToAdaptiveIcon: scale=0.98892325
07-27 10:12:46.059 2647 2768 D BaseIconFactory: normalizeAndWrapToAdaptiveIcon: scale=0.98892325
07-27 10:12:46.060 19224 19269 W shadowhook_tag: !!!!! init time micros:574
07-27 10:12:46.060 19224 19269 W shadowhook_tag: shadowhook: shadowhook init(mode: SHARED, debuggable: false), return: 0, real-init: yes
07-27 10:12:46.061 2647 2768 D BaseIconFactory: normalizeAndWrapToAdaptiveIcon: scale=0.98892325
07-27 10:12:46.063 2647 2647 D CellLayout: CellLayout.onDraw:
07-27 10:12:46.069 2647 2768 I WidgetsModel: found whitelist widget: com.android.settings, label: 设置快捷方式, sectionName:S
07-27 10:12:46.069 2647 2768 I WidgetsModel: found whitelist widget: com.android.gallery3d, label: 照片, sectionName:T
07-27 10:12:46.069 2647 2768 I WidgetsModel: found whitelist widget: com.android.systemui, label: 对话, sectionName:D
07-27 10:12:46.069 2647 2768 I WidgetsModel: found whitelist widget: com.android.music, label: 音乐, sectionName:Y
07-27 10:12:46.072 879 879 D vendor.qti.vibrator: Vibrator on for timeoutMs: 21
07-27 10:12:46.072 879 19314 D vendor.qti.vibrator: Starting on on another thread
07-27 10:12:46.080 2647 2647 D CellLayout: CellLayout.onDraw:
07-27 10:12:46.080 19224 19269 I rdefense: hook log cost: 20 ms, 2, 0
07-27 10:12:46.093 879 19314 D vendor.qti.vibrator: Notifying on complete
07-27 10:12:46.094 879 879 D vendor.qti.vibrator: QTI Vibrator off
07-27 10:12:46.094 1564 19307 D PowerManagerService: releaseWakeLockInternal: lock=236781259 [*vibrator*], flags=0x0
07-27 10:12:46.094 1564 19307 D PowerManagerNotifier: onWakeLockReleased: flags=1, tag="*vibrator*", packageName=android, ownerUid=1000, ownerPid=1564, workSource=WorkSource{10078}
07-27 10:12:46.094 1564 19307 D PowerManagerService: updateWakeLockSummaryLocked: mWakefulness=Awake, mWakeLockSummary=0x0
07-27 10:12:46.094 1564 19307 D PowerManagerService: updateUserActivitySummaryLocked: groupId=0, mWakefulness=Awake, mUserActivitySummary=0x1, nextTimeout=850645 (in 59519 ms)
07-27 10:12:46.094 1564 19307 D PowerManagerNotifier: onScreenPolicyUpdate: newPolicy=3
07-27 10:12:46.094 1564 19307 D PowerManagerService: updateDisplayPowerStateLocked: displayReady=true, groupId=0, policy=BRIGHT, mWakefulness=Awake, mWakeLockSummary=0x0, mUserActivitySummary=0x1, mBootCompleted=true, screenBrightnessOverride=NaN, useAutoBrightness=true, mScreenBrightnessBoostInProgress=false, mIsVrModeEnabled= false, sQuiescent=false
07-27 10:12:46.094 1564 19307 D PowerManagerService: Releasing suspend blocker "PowerManagerService.WakeLocks".
07-27 10:12:46.096 2647 2647 D CellLayout: CellLayout.onDraw:
07-27 10:12:46.110 1564 1904 D ConnectivityService: NetReassign [no changes]
07-27 10:12:46.113 2647 2647 D CellLayout: CellLayout.onDraw:
07-27 10:12:46.130 2647 2647 D CellLayout: CellLayout.onDraw:
07-27 10:12:46.146 2647 2647 D CellLayout: CellLayout.onDraw:
07-27 10:12:46.154 19224 19266 I eup : Backup Java Class And Method Success
07-27 10:12:46.154 1564 1700 I libprocessgroup: Successfully killed process cgroup uid 1000 pid 19044 in 0ms
07-27 10:12:46.154 19224 19266 I eup : Bugly Register JNI Methods Successfully ~
07-27 10:12:46.154 19224 19266 I eup : regist start
07-27 10:12:46.155 19224 19266 I eup : run in arm64
07-27 10:12:46.163 2647 2647 D CellLayout: CellLayout.onDraw:
07-27 10:12:46.172 1564 1904 D ConnectivityService: NetReassign [no changes]
07-27 10:12:46.180 2647 2647 D CellLayout: CellLayout.onDraw:
07-27 10:12:46.196 2647 2647 D CellLayout: CellLayout.onDraw:
07-27 10:12:46.213 2647 2647 D CellLayout: CellLayout.onDraw:
07-27 10:12:46.220 2297 2636 D MicroService: handleHeartBeat:417
07-27 10:12:46.223 19203 19368 W nt.qqlive:cach: Accessing hidden method Landroid/net/wifi/WifiSsid;->()V (max-target-o, reflection, denied)
07-27 10:12:46.230 2647 2647 D CellLayout: CellLayout.onDraw:
07-27 10:12:46.246 2647 2647 D CellLayout: CellLayout.onDraw:
07-27 10:12:46.263 2647 2647 D CellLayout: CellLayout.onDraw:
07-27 10:12:46.265 1564 1904 D ConnectivityService: NetReassign [no changes]
07-27 10:12:46.272 19203 19337 W nt.qqlive:cach: Accessing hidden method Landroid/telephony/TelephonyManager;->getServiceStateForSubscriber(I)Landroid/telephony/ServiceState; (max-target-p, reflection, denied)
07-27 10:12:46.280 2647 2647 D CellLayout: CellLayout.onDraw:
07-27 10:12:46.282 19203 19337 W nt.qqlive:cach: Accessing hidden method Landroid/telephony/SubscriptionManager;->getPhoneId(I)I (max-target-p, reflection, denied)
07-27 10:12:46.286 1564 6960 D ConnectivityService: requestNetwork for uid/pid:10100/19203 activeRequest: null callbackRequest: 152 [NetworkRequest [ REQUEST id=153, [ Capabilities: INTERNET&NOT_RESTRICTED&TRUSTED&NOT_VCN_MANAGED Uid: 10100 RequestorUid: 10100 RequestorPkg: com.tencent.qqlive] ]] callback flags: 0 priority: 2147483647
07-27 10:12:46.288 1564 1904 D ConnectivityService: NetReassign [153 : null → 113]
07-27 10:12:46.290 1564 1942 D Ethernet: got request NetworkRequest [ REQUEST id=153, [ Capabilities: INTERNET&NOT_RESTRICTED&TRUSTED&NOT_VCN_MANAGED Uid: 10100 RequestorUid: 10100 RequestorPkg: com.tencent.qqlive] ]
07-27 10:12:46.290 1564 1942 D EthernetNetworkFactory: acceptRequest, request: NetworkRequest [ REQUEST id=153, [ Capabilities: INTERNET&NOT_RESTRICTED&TRUSTED&NOT_VCN_MANAGED Uid: 10100 RequestorUid: 10100 RequestorPkg: com.tencent.qqlive] ]
07-27 10:12:46.290 1564 1942 I EthernetNetworkFactory: networkForRequest, request: NetworkRequest [ REQUEST id=153, [ Capabilities: INTERNET&NOT_RESTRICTED&TRUSTED&NOT_VCN_MANAGED Uid: 10100 RequestorUid: 10100 RequestorPkg: com.tencent.qqlive] ], network: NetworkInterfaceState{ refCount: 16, iface: eth0, up: true, hwAddress: 36:7c:7c:00:00:0f, networkCapabilities: [ Transports: ETHERNET Capabilities: INTERNET&NOT_RESTRICTED&TRUSTED&NOT_VPN&NOT_ROAMING&NOT_CONGESTED&NOT_SUSPENDED&NOT_VCN_MANAGED LinkUpBandwidth>=100000Kbps LinkDnBandwidth>=100000Kbps], networkAgent: com.android.server.ethernet.EthernetNetworkFactory$NetworkInterfaceState$1@15a0a52, score: 70, ipClient: android.net.ip.IIpClient$Stub$Proxy@fe79123,linkProperties: {InterfaceName: eth0 LinkAddresses: [ fe80::7315:61d:4b5:5cfa/64,192.168.50.16/24 ] DnsAddresses: [ /101.226.4.6 ] Domains: null MTU: 0 TcpBufferSizes: 524288,1048576,3145728,524288,1048576,2097152 Routes: [ 192.168.50.0/24 -> 0.0.0.0 eth0 mtu 0,0.0.0.0/0 -> 192.168.50.4 eth0 mtu 0 ]}}
07-27 10:12:46.290 1564 1942 I EthernetNetworkFactory: networkForRequest, request: NetworkRequest [ REQUEST id=153, [ Capabilities: INTERNET&NOT_RESTRICTED&TRUSTED&NOT_VCN_MANAGED Uid: 10100 RequestorUid: 10100 RequestorPkg: com.tencent.qqlive] ], network: NetworkInterfaceState{ refCount: 16, iface: eth0, up: true, hwAddress: 36:7c:7c:00:00:0f, networkCapabilities: [ Transports: ETHERNET Capabilities: INTERNET&NOT_RESTRICTED&TRUSTED&NOT_VPN&NOT_ROAMING&NOT_CONGESTED&NOT_SUSPENDED&NOT_VCN_MANAGED LinkUpBandwidth>=100000Kbps LinkDnBandwidth>=100000Kbps], networkAgent: com.android.server.ethernet.EthernetNetworkFactory$NetworkInterfaceState$1@15a0a52, score: 70, ipClient: android.net.ip.IIpClient$Stub$Proxy@fe79123,linkProperties: {InterfaceName: eth0 LinkAddresses: [ fe80::7315:61d:4b5:5cfa/64,192.168.50.16/24 ] DnsAddresses: [ /101.226.4.6 ] Domains: null MTU: 0 TcpBufferSizes: 524288,1048576,3145728,524288,1048576,2097152 Routes: [ 192.168.50.0/24 -> 0.0.0.0 eth0 mtu 0,0.0.0.0/0 -> 192.168.50.4 eth0 mtu 0 ]}}
07-27 10:12:46.291 1564 1897 D UntrustedWifiNetworkFactory: got request NetworkRequest [ REQUEST id=153, [ Capabilities: INTERNET&NOT_RESTRICTED&TRUSTED&NOT_VCN_MANAGED Uid: 10100 RequestorUid: 10100 RequestorPkg: com.tencent.qqlive] ]
07-27 10:12:46.291 1564 1897 D OemPaidWifiNetworkFactory: got request NetworkRequest [ REQUEST id=153, [ Capabilities: INTERNET&NOT_RESTRICTED&TRUSTED&NOT_VCN_MANAGED Uid: 10100 RequestorUid: 10100 RequestorPkg: com.tencent.qqlive] ]
07-27 10:12:46.297 2647 2647 D CellLayout: CellLayout.onDraw:
07-27 10:12:46.304 1564 9990 E ContentProviderHelper: ProcessRecord{b5a5391 10448:com.tencent.qqlive/u0a100} was killed by AM but isn't really dead
07-27 10:12:46.305 1564 1694 I am_wtf : [0,19224,system_server,-1,ContentProviderHelper,ProcessRecord{b5a5391 10448:com.tencent.qqlive/u0a100} was killed by AM but isn't really dead]
07-27 10:12:46.305 1564 9990 W ActivityManager: ProcessRecord{b5a5391 10448:com.tencent.qqlive/u0a100} is attached to a previous process 10448
07-27 10:12:46.306 1564 1694 I DropBoxManagerService: add tag=system_server_wtf isTagEnabled=true flags=0x2
07-27 10:12:46.314 2647 2647 D CellLayout: CellLayout.onDraw:
07-27 10:12:46.326 2297 2297 D MicroService: onHeartBeatDetected
07-27 10:12:46.326 2297 2297 D MicroService: sendHeartbeatMessage
07-27 10:12:46.330 2647 2647 D CellLayout: CellLayout.onDraw:
07-27 10:12:46.347 2647 2647 D CellLayout: CellLayout.onDraw:
07-27 10:12:46.363 2647 2647 D CellLayout: CellLayout.onDraw:
07-27 10:12:46.380 2647 2647 D CellLayout: CellLayout.onDraw:
07-27 10:12:46.380 660 673 I mpu_uart: [MSG-P:RECV]:No message received in 1000 ms
07-27 10:12:46.397 2647 2647 D CellLayout: CellLayout.onDraw:
07-27 10:12:46.413 2647 2647 D CellLayout: CellLayout.onDraw:
07-27 10:12:46.415 1564 1904 D ConnectivityService: NetReassign [no changes]
07-27 10:12:46.428 1564 1853 D PowerManagerService: userActivityNoUpdateLocked: groupId=0, eventTime=791460, event=2, flags=0x0, uid=1000
07-27 10:12:46.428 1564 1853 D PowerManagerNotifier: onUserActivity: event=2, uid=1000
07-27 10:12:46.429 1564 1853 D PowerManagerService: updateUserActivitySummaryLocked: groupId=0, mWakefulness=Awake, mUserActivitySummary=0x1, nextTimeout=851460 (in 59999 ms)
07-27 10:12:46.429 1564 1853 D PowerManagerNotifier: onScreenPolicyUpdate: newPolicy=3
07-27 10:12:46.429 1564 1853 D PowerManagerService: updateDisplayPowerStateLocked: displayReady=true, groupId=0, policy=BRIGHT, mWakefulness=Awake, mWakeLockSummary=0x0, mUserActivitySummary=0x1, mBootCompleted=true, screenBrightnessOverride=NaN, useAutoBrightness=true, mScreenBrightnessBoostInProgress=false, mIsVrModeEnabled= false, sQuiescent=false
07-27 10:12:46.430 2647 2647 D CellLayout: CellLayout.onDraw:
07-27 10:12:46.448 2647 2647 D CellLayout: CellLayout.onDraw:
07-27 10:12:46.463 0 0 I [ 791.495454] binder_alloc: 10448: binder_alloc_buf, no vma
07-27 10:12:46.463 0 0 I [ 791.495463] binder: 1564:6960 transaction failed 29189/-3, size 244-8 line 3240
07-27 10:12:46.463 1564 6960 W ActivityManager: Failure sending service com.tencent.qqlive/.ipc.BroadcastService to connection android.os.BinderProxy@187f587 (in com.tencent.qqlive)
07-27 10:12:46.463 1564 6960 W ActivityManager: android.os.DeadObjectException
07-27 10:12:46.463 1564 6960 W ActivityManager: at android.os.BinderProxy.transactNative(Native Method)
07-27 10:12:46.463 1564 6960 W ActivityManager: at android.os.BinderProxy.transact(BinderProxy.java:571)
07-27 10:12:46.463 1564 6960 W ActivityManager: at android.app.IServiceConnection$Stub$Proxy.connected(IServiceConnection.java:131)
07-27 10:12:46.463 1564 6960 W ActivityManager: at com.android.server.am.ActiveServices.publishServiceLocked(ActiveServices.java:2989)
07-27 10:12:46.463 1564 6960 W ActivityManager: at com.android.server.am.ActivityManagerService.publishService(ActivityManagerService.java:12161)
07-27 10:12:46.463 1564 6960 W ActivityManager: at android.app.IActivityManager$Stub.onTransact(IActivityManager.java:2648)
07-27 10:12:46.463 1564 6960 W ActivityManager: at com.android.server.am.ActivityManagerService.onTransact(ActivityManagerService.java:2528)
07-27 10:12:46.463 1564 6960 W ActivityManager: at android.os.Binder.execTransactInternal(Binder.java:1179)
07-27 10:12:46.463 1564 6960 W ActivityManager: at android.os.Binder.execTransact(Binder.java:1143)
07-27 10:12:46.467 0 0 I [ 791.499543] binder_alloc: 10448: binder_alloc_buf, no vma
07-27 10:12:46.468 0 0 I [ 791.499553] binder: 1564:6960 transaction failed 29189/-3, size 324-8 line 3240
07-27 10:12:46.465 2647 2647 D CellLayout: CellLayout.onDraw:
07-27 10:12:46.467 1564 6960 W ActivityManager: Failure sending service com.tencent.qqlive/com.tencent.thumbplayer.core.datatransport.service.TPDataTransportRemoteService to connection android.os.BinderProxy@20632d1 (in com.tencent.qqlive)
07-27 10:12:46.467 1564 6960 W ActivityManager: android.os.DeadObjectException
07-27 10:12:46.467 1564 6960 W ActivityManager: at android.os.BinderProxy.transactNative(Native Method)
07-27 10:12:46.467 1564 6960 W ActivityManager: at android.os.BinderProxy.transact(BinderProxy.java:571)
07-27 10:12:46.467 1564 6960 W ActivityManager: at android.app.IServiceConnection$Stub$Proxy.connected(IServiceConnection.java:131)
07-27 10:12:46.467 1564 6960 W ActivityManager: at com.android.server.am.ActiveServices.publishServiceLocked(ActiveServices.java:2989)
07-27 10:12:46.467 1564 6960 W ActivityManager: at com.android.server.am.ActivityManagerService.publishService(ActivityManagerService.java:12161)
07-27 10:12:46.467 1564 6960 W ActivityManager: at android.app.IActivityManager$Stub.onTransact(IActivityManager.java:2648)
07-27 10:12:46.467 1564 6960 W ActivityManager: at com.android.server.am.ActivityManagerService.onTransact(ActivityManagerService.java:2528)
07-27 10:12:46.467 1564 6960 W ActivityManager: at android.os.Binder.execTransactInternal(Binder.java:1179)
07-27 10:12:46.467 1564 6960 W ActivityManager: at android.os.Binder.execTransact(Binder.java:1143)
07-27 10:12:46.468 1564 6960 W ActivityManager: Failure sending service com.tencent.qqlive/com.tencent.thumbplayer.core.datatransport.service.TPDataTransportRemoteService to connection android.os.BinderProxy@20632d1 (in com.tencent.qqlive)
07-27 10:12:46.468 1564 6960 W ActivityManager: android.os.DeadObjectException
07-27 10:12:46.468 1564 6960 W ActivityManager: at android.os.BinderProxy.transactNative(Native Method)
07-27 10:12:46.468 1564 6960 W ActivityManager: at android.os.BinderProxy.transact(BinderProxy.java:571)
07-27 10:12:46.468 1564 6960 W ActivityManager: at android.app.IServiceConnection$Stub$Proxy.connected(IServiceConnection.java:131)
07-27 10:12:46.468 1564 6960 W ActivityManager: at com.android.server.am.ActiveServices.publishServiceLocked(ActiveServices.java:2989)
07-27 10:12:46.468 1564 6960 W ActivityManager: at com.android.server.am.ActivityManagerService.publishService(ActivityManagerService.java:12161)
07-27 10:12:46.468 1564 6960 W ActivityManager: at android.app.IActivityManager$Stub.onTransact(IActivityManager.java:2648)
07-27 10:12:46.468 1564 6960 W ActivityManager: at com.android.server.am.ActivityManagerService.onTransact(ActivityManagerService.java:2528)
07-27 10:12:46.468 1564 6960 W ActivityManager: at android.os.Binder.execTransactInternal(Binder.java:1179)
07-27 10:12:46.468 1564 6960 W ActivityManager: at android.os.Binder.execTransact(Binder.java:1143)
07-27 10:12:46.468 1564 6960 W ActivityManager: Failure sending service com.tencent.qqlive/com.tencent.thumbplayer.core.datatransport.service.TPDataTransportRemoteService to connection android.os.BinderProxy@20632d1 (in com.tencent.qqlive)
07-27 10:12:46.468 1564 6960 W ActivityManager: android.os.DeadObjectException
07-27 10:12:46.468 1564 6960 W ActivityManager: at android.os.BinderProxy.transactNative(Native Method)
07-27 10:12:46.468 1564 6960 W ActivityManager: at android.os.BinderProxy.transact(BinderProxy.java:571)
07-27 10:12:46.468 1564 6960 W ActivityManager: at android.app.IServiceConnection$Stub$Proxy.connected(IServiceConnection.java:131)
07-27 10:12:46.468 1564 6960 W ActivityManager: at com.android.server.am.ActiveServices.publishServiceLocked(ActiveServices.java:2989)
07-27 10:12:46.468 1564 6960 W ActivityManager: at com.android.server.am.ActivityManagerService.publishService(ActivityManagerService.java:12161)
07-27 10:12:46.468 1564 6960 W ActivityManager: at android.app.IActivityManager$Stub.onTransact(IActivityManager.java:2648)
07-27 10:12:46.468 1564 6960 W ActivityManager: at com.android.server.am.ActivityManagerService.onTransact(ActivityManagerService.java:2528)
07-27 10:12:46.468 1564 6960 W ActivityManager: at android.os.Binder.execTransactInternal(Binder.java:1179)
07-27 10:12:46.468 1564 6960 W ActivityManager: at android.os.Binder.execTransact(Binder.java:1143)
07-27 10:12:46.468 1564 6960 W ActivityManager: Failure sending service com.tencent.qqlive/com.tencent.thumbplayer.core.datatransport.service.TPDataTransportRemoteService to connection android.os.BinderProxy@20632d1 (in com.tencent.qqlive)
07-27 10:12:46.468 1564 6960 W ActivityManager: android.os.DeadObjectException
07-27 10:12:46.468 1564 6960 W ActivityManager: at android.os.BinderProxy.transactNative(Native Method)
07-27 10:12:46.468 1564 6960 W ActivityManager: at android.os.BinderProxy.transact(BinderProxy.java:571)
07-27 10:12:46.468 1564 6960 W ActivityManager: at android.app.IServiceConnection$Stub$Proxy.connected(IServiceConnection.java:131)
07-27 10:12:46.468 1564 6960 W ActivityManager: at com.android.server.am.ActiveServices.publishServiceLocked(ActiveServices.java:2989)
07-27 10:12:46.468 1564 6960 W ActivityManager: at com.android.server.am.ActivityManagerService.publishService(ActivityManagerService.java:12161)
07-27 10:12:46.468 1564 6960 W ActivityManager: at android.app.IActivityManager$Stub.onTransact(IActivityManager.java:2648)
07-27 10:12:46.468 1564 6960 W ActivityManager: at com.android.server.am.ActivityManagerService.onTransact(ActivityManagerService.java:2528)
07-27 10:12:46.468 1564 6960 W ActivityManager: at android.os.Binder.execTransactInternal(Binder.java:1179)
07-27 10:12:46.468 1564 6960 W ActivityManager: at android.os.Binder.execTransact(Binder.java:1143)
07-27 10:12:46.480 2647 2647 D CellLayout: CellLayout.onDraw:
07-27 10:12:46.486 1564 5594 D ConnectivityService: ConnectivityService NetworkRequestInfo binderDied(uid/pid:10100/10448, android.os.BinderProxy@7d561f9)
07-27 10:12:46.486 1564 1904 D ConnectivityService: releasing NetworkRequest [ REQUEST id=101, [ Transports: CELLULAR Capabilities: INTERNET&NOT_RESTRICTED&TRUSTED&NOT_VPN&NOT_VCN_MANAGED Uid: 10100 RequestorUid: 10100 RequestorPkg: com.tencent.qqlive] ] (release request)
07-27 10:12:46.486 1564 11154 D ConnectivityService: ConnectivityService NetworkRequestInfo binderDied(uid/pid:10100/10448, android.os.BinderProxy@8e30f9f)
07-27 10:12:46.486 1564 8495 D ConnectivityService: ConnectivityService NetworkRequestInfo binderDied(uid/pid:10100/10448, android.os.BinderProxy@b6a48ec)
07-27 10:12:46.486 1564 14848 D ConnectivityService: ConnectivityService NetworkRequestInfo binderDied(uid/pid:10100/10448, android.os.BinderProxy@10124b5)
07-27 10:12:46.487 1564 1611 D ConnectivityService: ConnectivityService NetworkRequestInfo binderDied(uid/pid:10100/10448, android.os.BinderProxy@fa9f74a)
07-27 10:12:46.487 1564 3221 D ConnectivityService: ConnectivityService NetworkRequestInfo binderDied(uid/pid:10100/10448, android.os.BinderProxy@1f306bb)
07-27 10:12:46.487 1564 3221 D ConnectivityService: ConnectivityService NetworkRequestInfo binderDied(uid/pid:10100/10448, android.os.BinderProxy@2907d8)
07-27 10:12:46.487 1564 2084 I MediaFocusControl: AudioFocus removeFocusStackEntryOnDeath(): removing entry for android.os.BinderProxy@aec5731
07-27 10:12:46.487 1564 1825 D ConnectivityService: ConnectivityService NetworkRequestInfo binderDied(uid/pid:10100/10448, android.os.BinderProxy@a183e16)
07-27 10:12:46.487 1564 1904 D ConnectivityService: releasing NetworkRequest [ REQUEST id=80, [ Transports: CELLULAR Capabilities: INTERNET&NOT_RESTRICTED&TRUSTED&NOT_VPN&NOT_VCN_MANAGED Uid: 10100 RequestorUid: 10100 RequestorPkg: com.tencent.qqlive] ] (release request)
07-27 10:12:46.487 1564 5594 D ConnectivityService: ConnectivityService NetworkRequestInfo binderDied(uid/pid:10100/10448, android.os.BinderProxy@94ac53e)
07-27 10:12:46.487 966 1465 E power : power acquire_wake_lock enter!
07-27 10:12:46.487 966 1465 E power : power acquire_wake_lock exit!
07-27 10:12:46.487 579 579 E android.system.suspend@1.0-service: SystemSuspend::acquireWakeLock enter!pid = 966: Success
07-27 10:12:46.487 579 579 E android.system.suspend@1.0-service: SystemSuspend::acquireWakeLock exit!: Success
07-27 10:12:46.488 1961 3519 D Avrcp_ext: AudioManager Player: AudioPlaybackConfiguration piid:71 deviceId:0 type:android.media.SoundPool u/pid:10081/1963 state:idle attr:AudioAttributes: usage=USAGE_ASSISTANCE_SONIFICATION content=CONTENT_TYPE_SONIFICATION flags=0x800 tags= bundle=null sessionId:0
07-27 10:12:46.488 1961 3519 D Avrcp_ext: AudioManager Player: AudioPlaybackConfiguration piid:87 deviceId:0 type:unknown player type 0 - FIXME u/pid:10096/4816 state:idle attr:AudioAttributes: usage=USAGE_UNKNOWN content=CONTENT_TYPE_UNKNOWN flags=0x0 tags= bundle=null sessionId:0
07-27 10:12:46.488 1961 3519 D Avrcp_ext: AudioManager Player: AudioPlaybackConfiguration piid:103 deviceId:0 type:unknown player type 0 - FIXME u/pid:10096/8557 state:idle attr:AudioAttributes: usage=USAGE_UNKNOWN content=CONTENT_TYPE_UNKNOWN flags=0x0 tags= bundle=null sessionId:0
07-27 10:12:46.488 1961 3519 D Avrcp_ext: AudioManager Player: AudioPlaybackConfiguration piid:135 deviceId:0 type:unknown player type 0 - FIXME u/pid:10096/14713 state:idle attr:AudioAttributes: usage=USAGE_UNKNOWN content=CONTENT_TYPE_UNKNOWN flags=0x0 tags= bundle=null sessionId:0
07-27 10:12:46.488 1961 3519 D Avrcp_ext: AudioManager Player: AudioPlaybackConfiguration piid:63 deviceId:0 type:android.media.SoundPool u/pid:1000/1564 state:idle attr:AudioAttributes: usage=USAGE_ASSISTANCE_SONIFICATION content=CONTENT_TYPE_SONIFICATION flags=0x800 tags= bundle=null sessionId:0
07-27 10:12:46.488 1961 3519 D Avrcp_ext: AudioManager Player: AudioPlaybackConfiguration piid:79 deviceId:0 type:android.media.SoundPool u/pid:1000/2257 state:idle attr:AudioAttributes: usage=USAGE_ASSISTANCE_SONIFICATION content=CONTENT_TYPE_SONIFICATION flags=0x801 tags= bundle=null sessionId:0
07-27 10:12:46.488 1961 3519 D Avrcp_ext: AudioManager Player: AudioPlaybackConfiguration piid:95 deviceId:0 type:unknown player type 0 - FIXME u/pid:10096/5577 state:idle attr:AudioAttributes: usage=USAGE_UNKNOWN content=CONTENT_TYPE_UNKNOWN flags=0x0 tags= bundle=null sessionId:0
07-27 10:12:46.488 1961 3519 D Avrcp_ext: AudioManager Player: AudioPlaybackConfiguration piid:111 deviceId:0 type:unknown player type 0 - FIXME u/pid:10096/10782 state:idle attr:AudioAttributes: usage=USAGE_UNKNOWN content=CONTENT_TYPE_UNKNOWN flags=0x0 tags= bundle=null sessionId:0
07-27 10:12:46.488 1961 3519 D Avrcp_ext: AudioManager isPlaying: false, mAudioPlaybackIsActive = false
07-27 10:12:46.488 1961 3519 D Avrcp_ext: AudioManager Reset Active Player
07-27 10:12:46.489 1564 1904 D ConnectivityService: releasing NetworkRequest [ REQUEST id=114, [ Capabilities: INTERNET&NOT_RESTRICTED&TRUSTED&NOT_VCN_MANAGED Uid: 10100 RequestorUid: 10100 RequestorPkg: com.tencent.qqlive] ] (release request)
07-27 10:12:46.489 1564 6960 I am_proc_died: [0,10448,com.tencent.qqlive,200,19]
07-27 10:12:46.490 1564 1942 I EthernetNetworkFactory: networkForRequest, request: NetworkRequest [ REQUEST id=114, [ Capabilities: INTERNET&NOT_RESTRICTED&TRUSTED&NOT_VCN_MANAGED Uid: 10100 RequestorUid: 10100 RequestorPkg: com.tencent.qqlive] ], network: NetworkInterfaceState{ refCount: 17, iface: eth0, up: true, hwAddress: 36:7c:7c:00:00:0f, networkCapabilities: [ Transports: ETHERNET Capabilities: INTERNET&NOT_RESTRICTED&TRUSTED&NOT_VPN&NOT_ROAMING&NOT_CONGESTED&NOT_SUSPENDED&NOT_VCN_MANAGED LinkUpBandwidth>=100000Kbps LinkDnBandwidth>=100000Kbps], networkAgent: com.android.server.ethernet.EthernetNetworkFactory$NetworkInterfaceState$1@15a0a52, score: 70, ipClient: android.net.ip.IIpClient$Stub$Proxy@fe79123,linkProperties: {InterfaceName: eth0 LinkAddresses: [ fe80::7315:61d:4b5:5cfa/64,192.168.50.16/24 ] DnsAddresses: [ /101.226.4.6 ] Domains: null MTU: 0 TcpBufferSizes: 524288,1048576,3145728,524288,1048576,2097152 Routes: [ 192.168.50.0/24 -> 0.0.0.0 eth0 mtu 0,0.0.0.0/0 -> 192.168.50.4 eth0 mtu 0 ]}}
07-27 10:12:46.490 1564 1904 D ConnectivityService: releasing NetworkRequest [ REQUEST id=79, [ Capabilities: INTERNET&NOT_RESTRICTED&TRUSTED&NOT_VCN_MANAGED Uid: 10100 RequestorUid: 10100 RequestorPkg: com.tencent.qqlive] ] (release request)
07-27 10:12:46.490 2647 2647 D ViewTouchDebug: mView : DecorView@27c08e7[QuickstepLauncher]Receive event : MotionEvent { action=ACTION_UP, actionButton=0, id[0]=0, x[0]=1772.0, y[0]=538.0, toolType[0]=TOOL_TYPE_FINGER, buttonState=0, classification=NONE, metaState=0, flags=0x0, edgeFlags=0x0, pointerCount=1, historySize=0, eventTime=791522, downTime=790645, deviceId=2, source=0x5002, displayId=0, eventId=1014420897 }
07-27 10:12:46.491 1564 1942 I EthernetNetworkFactory: networkForRequest, request: NetworkRequest [ REQUEST id=79, [ Capabilities: INTERNET&NOT_RESTRICTED&TRUSTED&NOT_VCN_MANAGED Uid: 10100 RequestorUid: 10100 RequestorPkg: com.tencent.qqlive] ], network: NetworkInterfaceState{ refCount: 16, iface: eth0, up: true, hwAddress: 36:7c:7c:00:00:0f, networkCapabilities: [ Transports: ETHERNET Capabilities: INTERNET&NOT_RESTRICTED&TRUSTED&NOT_VPN&NOT_ROAMING&NOT_CONGESTED&NOT_SUSPENDED&NOT_VCN_MANAGED LinkUpBandwidth>=100000Kbps LinkDnBandwidth>=100000Kbps], networkAgent: com.android.server.ethernet.EthernetNetworkFactory$NetworkInterfaceState$1@15a0a52, score: 70, ipClient: android.net.ip.IIpClient$Stub$Proxy@fe79123,linkProperties: {InterfaceName: eth0 LinkAddresses: [ fe80::7315:61d:4b5:5cfa/64,192.168.50.16/24 ] DnsAddresses: [ /101.226.4.6 ] Domains: null MTU: 0 TcpBufferSizes: 524288,1048576,3145728,524288,1048576,2097152 Routes: [ 192.168.50.0/24 -> 0.0.0.0 eth0 mtu 0,0.0.0.0/0 -> 192.168.50.4 eth0 mtu 0 ]}}
07-27 10:12:46.491 2647 2647 D FlingToDeleteHelper: isFlingToDelete = false
07-27 10:12:46.493 1564 6960 W ActivityManager: Scheduling restart of crashed service com.tencent.qqlive/.modules.vb.loginservice.LoginDaemon in 1000ms for connection
07-27 10:12:46.493 1564 6960 I am_schedule_service_restart: [0,com.tencent.qqlive/.modules.vb.loginservice.LoginDaemon,1000]
07-27 10:12:46.496 684 684 I Zygote : Process 10448 exited due to signal 9 (Killed)
07-27 10:12:46.496 1564 1695 W ActivityManager: Slow operation: 556ms so far, now at startProcess: asking zygote to start proc
07-27 10:12:46.497 1564 1695 D CompatibilityChangeReporter: Compat change id reported: 143937733; UID 10100; state: ENABLED
07-27 10:12:46.497 2647 2647 D CellLayout: CellLayout.onDraw:
07-27 10:12:46.500 1564 1679 W ActivityManager: setHasOverlayUi called on unknown pid: 10448
07-27 10:12:46.504 684 684 D Zygote : Forked child process 19425
07-27 10:12:46.504 1564 1695 W ActivityManager: Slow operation: 564ms so far, now at startProcess: returned from zygote!
07-27 10:12:46.504 1564 1695 W ActivityManager: Slow operation: 564ms so far, now at startProcess: done updating battery stats
07-27 10:12:46.504 1564 1695 I am_proc_start: [0,19425,10100,com.tencent.qqlive,content provider,{com.tencent.qqlive/com.tencent.qqlive.services.time.TimeProvider}]
07-27 10:12:46.504 1564 1695 W ActivityManager: Slow operation: 564ms so far, now at startProcess: building log message
07-27 10:12:46.504 1564 1695 I ActivityManager: Start proc 19425:com.tencent.qqlive/u0a100 for content provider {com.tencent.qqlive/com.tencent.qqlive.services.time.TimeProvider}
07-27 10:12:46.505 1564 1695 W ActivityManager: Slow operation: 564ms so far, now at startProcess: starting to update pids map
07-27 10:12:46.505 1564 1695 W ActivityManager: Slow operation: 564ms so far, now at startProcess: done updating pids map
07-27 10:12:46.505 1564 1695 W ActivityManager: Slow operation: 450ms so far, now at startProcess: asking zygote to start proc
07-27 10:12:46.511 19425 19425 I Zygote : seccomp disabled by setenforce 0
07-27 10:12:46.514 2647 2647 D CellLayout: CellLayout.onDraw:
07-27 10:12:46.517 684 684 D Zygote : Forked child process 19431
07-27 10:12:46.517 1564 1695 W ActivityManager: Slow operation: 462ms so far, now at startProcess: returned from zygote!
07-27 10:12:46.517 1564 1695 W ActivityManager: Slow operation: 463ms so far, now at startProcess: done updating battery stats
07-27 10:12:46.517 1564 1695 I am_proc_start: [0,19431,1000,com.android.settings,NULL,]
07-27 10:12:46.517 1564 1695 W ActivityManager: Slow operation: 463ms so far, now at startProcess: building log message
07-27 10:12:46.517 1564 1695 I ActivityManager: Start proc 19431:com.android.settings/1000 for null
07-27 10:12:46.517 1564 1695 W ActivityManager: Slow operation: 463ms so far, now at startProcess: starting to update pids map
07-27 10:12:46.517 1564 1695 W ActivityManager: Slow operation: 463ms so far, now at startProcess: done updating pids map
07-27 10:12:46.521 19431 19431 I Zygote : seccomp disabled by setenforce 0
07-27 10:12:46.522 2967 2994 I adbd : jdwp connection from 19425
07-27 10:12:46.524 0 0 I [ 791.555461] binder: 19425:19425 ioctl 40046210 7ffe7e33d4 returned -22
07-27 10:12:46.523 19425 19425 D ProcessState: Binder ioctl to enable oneway spam detection failed: Invalid argument
07-27 10:12:46.526 1564 6960 I am_proc_bound: [0,19425,com.tencent.qqlive]
07-27 10:12:46.528 1564 6960 D CompatibilityInfo: mCompatibilityFlags - 4
07-27 10:12:46.528 1564 6960 D CompatibilityInfo: applicationDensity - 240
07-27 10:12:46.528 1564 6960 D CompatibilityInfo: applicationScale - 1.0
07-27 10:12:46.538 0 0 I [ 791.568222] binder: 19431:19431 ioctl 40046210 7ffe7e33d4 returned -22
07-27 10:12:46.530 1564 1904 D ConnectivityService: NetReassign [no changes]
07-27 10:12:46.530 1564 6960 D CompatibilityInfo: mCompatibilityFlags - 4
07-27 10:12:46.530 1564 6960 D CompatibilityInfo: applicationDensity - 240
07-27 10:12:46.531 1564 6960 D CompatibilityInfo: applicationScale - 1.0
07-27 10:12:46.531 2647 2647 D CellLayout: CellLayout.onDraw:
07-27 10:12:46.533 19425 19425 D CompatibilityChangeReporter: Compat change id reported: 171979766; UID 10100; state: ENABLED
07-27 10:12:46.534 2967 2994 I adbd : jdwp connection from 19431
07-27 10:12:46.535 19431 19431 D ProcessState: Binder ioctl to enable oneway spam detection failed: Invalid argument
07-27 10:12:46.538 1564 6960 I am_proc_bound: [0,19431,com.android.settings]
07-27 10:12:46.538 1564 6960 D CompatibilityInfo: mCompatibilityFlags - 4
07-27 10:12:46.538 1564 6960 D CompatibilityInfo: applicationDensity - 240
07-27 10:12:46.538 1564 6960 D CompatibilityInfo: applicationScale - 1.0
07-27 10:12:46.541 19431 19431 D CompatibilityChangeReporter: Compat change id reported: 171979766; UID 1000; state: ENABLED
07-27 10:12:46.547 2647 2647 D CellLayout: CellLayout.onDraw:
07-27 10:12:46.553 19431 19431 W ndroid.setting: ClassLoaderContext shared library size mismatch. Expected=2, found=0 (PCL[]{PCL[/system/framework/org.apache.http.legacy.jar*2058259660]#PCL[/system_ext/framework/extphonelib.jar*2894378777]} | PCL[])
07-27 10:12:46.564 2647 2647 D CellLayout: CellLayout.onDraw:
07-27 10:12:46.569 19425 19425 I Perf : Connecting to perf service.
07-27 10:12:46.573 19425 19425 V GraphicsEnvironment: ANGLE Developer option for 'com.tencent.qqlive' set to: 'default'
07-27 10:12:46.575 19425 19425 V GraphicsEnvironment: ANGLE GameManagerService for com.tencent.qqlive: false
07-27 10:12:46.575 19425 19425 V GraphicsEnvironment: Updatable production driver is not supported on the device.
07-27 10:12:46.576 19425 19425 D NetworkSecurityConfig: Using Network Security Config from resource arg debugBuild: false
07-27 10:12:46.577 19425 19425 D NetworkSecurityConfig: Using Network Security Config from resource arg debugBuild: false
07-27 10:12:46.589 19431 19431 I Perf : Connecting to perf service.
07-27 10:12:46.593 19431 19431 V GraphicsEnvironment: ANGLE Developer option for 'com.android.settings' set to: 'default'
07-27 10:12:46.594 19431 19431 V GraphicsEnvironment: ANGLE GameManagerService for com.android.settings: false
07-27 10:12:46.595 1564 1564 I notification_cancel_all: [10100,19203,com.tencent.qqlive,0,0,64,9,NULL]
07-27 10:12:46.595 19431 19431 D NetworkSecurityConfig: No Network Security Config specified, using platform default
07-27 10:12:46.595 19431 19431 D NetworkSecurityConfig: No Network Security Config specified, using platform default
07-27 10:12:46.598 2647 2647 D HotseatController: clearEmptyGrid: size=1
07-27 10:12:46.598 2647 2647 D HotseatController: adjustPadding: height=800,size=1
07-27 10:12:46.599 2647 2647 D CellLayout: Adding view to ShortcutsAndWidgetsContainer: com.android.launcher3.views.DoubleShadowBubbleTextView{33f4d68 VFED..CL. ......ID 0,0-202,200 #1}
07-27 10:12:46.601 2647 2647 D ModelWriter: updateItemInDatabase: WorkspaceItemInfo(id=1 type=APP container=# com.android.launcher3.logger.LauncherAtom$ContainerInfo@1a1bf6a
07-27 10:12:46.601 2647 2647 D ModelWriter: hotseat {
07-27 10:12:46.601 2647 2647 D ModelWriter: index: 0
07-27 10:12:46.601 2647 2647 D ModelWriter: }(-101) targetComponent=ComponentInfo{com.android.settings/com.android.settings.Settings} screen=0 cell(0,0) span(1,1) minSpan(1,1) rank=0 user=UserHandle{0} title=设置)
07-27 10:12:46.602 2647 2647 D CellLayout: CellLayout.onMeasure:
07-27 10:12:46.602 2647 2647 D CellLayout: CellLayout.onLayout:
07-27 10:12:46.602 2647 2647 W View : requestLayout() improperly called by com.android.launcher3.views.NoInsetView{2ecb6e8 V.ED..... ......I. 2218,0-2560,1080 #7f09007c app:id/bg_hotseat} during layout: running second layout pass
07-27 10:12:46.604 2647 2647 D CellLayout: CellLayout.onDraw:
07-27 10:12:46.613 19431 19431 I CarUiInstaller: CarUiInstaller started for com.android.settings
07-27 10:12:46.620 19431 19431 D SettingsSliceProvider: init
07-27 10:12:46.620 19431 19431 D SettingsSliceProvider: onCreateSliceProvider
07-27 10:12:46.634 19425 19490 E ThreadOptHelper: pooled thread config: rawThreadPoolEnable=true, handlerThreadPoolEnabled=true, preStartHandlerThreadCount=10, minHandlerThreadCount=5, preStartRawThradCount=10, minRawThreadCount=5
07-27 10:12:46.639 19425 19490 I MMKV : version v1.2.15, page size 4096, arch arm64-v8a
07-27 10:12:46.640 19425 19490 I MMKV : armv8 AES instructions is supported
07-27 10:12:46.640 19425 19490 I MMKV : armv8 CRC32 instructions is supported
07-27 10:12:46.640 19425 19490 I MMKV : root dir: /data/user/0/com.tencent.qqlive/files/mmkv
07-27 10:12:46.656 19425 19489 W shadowhook_tag: !!!!! init time micros:910
07-27 10:12:46.656 19425 19489 W shadowhook_tag: shadowhook: shadowhook init(mode: SHARED, debuggable: false), return: 0, real-init: yes
07-27 10:12:46.662 19425 19489 I rdefense: hook log cost: 9 ms, 2, 0
07-27 10:12:46.683 19203 19203 I auditd : type=1400 audit(0.0:17971): avc: denied { read } for comm="public_io_pool-" name="u:object_r:serialno_prop:s0" dev="tmpfs" ino=11590 scontext=u:r:untrusted_app:s0:c100,c256,c512,c768 tcontext=u:object_r:serialno_prop:s0 tclass=file permissive=1 app=com.tencent.qqlive
07-27 10:12:46.683 19203 19203 I public_io_pool-: type=1400 audit(0.0:17971): avc: denied { read } for name="u:object_r:serialno_prop:s0" dev="tmpfs" ino=11590 scontext=u:r:untrusted_app:s0:c100,c256,c512,c768 tcontext=u:object_r:serialno_prop:s0 tclass=file permissive=1 app=com.tencent.qqlive
07-27 10:12:46.683 19203 19203 I auditd : type=1400 audit(0.0:17972): avc: denied { open } for comm="public_io_pool-" path="/dev/__properties__/u:object_r:serialno_prop:s0" dev="tmpfs" ino=11590 scontext=u:r:untrusted_app:s0:c100,c256,c512,c768 tcontext=u:object_r:serialno_prop:s0 tclass=file permissive=1 app=com.tencent.qqlive
07-27 10:12:46.683 19203 19203 I public_io_pool-: type=1400 audit(0.0:17972): avc: denied { open } for path="/dev/__properties__/u:object_r:serialno_prop:s0" dev="tmpfs" ino=11590 scontext=u:r:untrusted_app:s0:c100,c256,c512,c768 tcontext=u:object_r:serialno_prop:s0 tclass=file permissive=1 app=com.tencent.qqlive
07-27 10:12:46.683 19203 19203 I auditd : type=1400 audit(0.0:17973): avc: denied { getattr } for comm="public_io_pool-" path="/dev/__properties__/u:object_r:serialno_prop:s0" dev="tmpfs" ino=11590 scontext=u:r:untrusted_app:s0:c100,c256,c512,c768 tcontext=u:object_r:serialno_prop:s0 tclass=file permissive=1 app=com.tencent.qqlive
07-27 10:12:46.683 19203 19203 I public_io_pool-: type=1400 audit(0.0:17973): avc: denied { getattr } for path="/dev/__properties__/u:object_r:serialno_prop:s0" dev="tmpfs" ino=11590 scontext=u:r:untrusted_app:s0:c100,c256,c512,c768 tcontext=u:object_r:serialno_prop:s0 tclass=file permissive=1 app=com.tencent.qqlive
07-27 10:12:46.683 19203 19203 I auditd : type=1400 audit(0.0:17974): avc: denied { map } for comm="public_io_pool-" path="/dev/__properties__/u:object_r:serialno_prop:s0" dev="tmpfs" ino=11590 scontext=u:r:untrusted_app:s0:c100,c256,c512,c768 tcontext=u:object_r:serialno_prop:s0 tclass=file permissive=1 app=com.tencent.qqlive
07-27 10:12:46.683 19203 19203 I public_io_pool-: type=1400 audit(0.0:17974): avc: denied { map } for path="/dev/__properties__/u:object_r:serialno_prop:s0" dev="tmpfs" ino=11590 scontext=u:r:untrusted_app:s0:c100,c256,c512,c768 tcontext=u:object_r:serialno_prop:s0 tclass=file permissive=1 app=com.tencent.qqlive
07-27 10:12:46.692 3074 3397 E MediaProvider: Creating a non-default top level directory or deleting an existing one is not allowed!
07-27 10:12:46.696 1564 6960 D ConnectivityService: requestNetwork for uid/pid:10100/19203 activeRequest: null callbackRequest: 156 [NetworkRequest [ REQUEST id=156, [ Transports: CELLULAR Capabilities: INTERNET&NOT_RESTRICTED&TRUSTED&NOT_VPN&NOT_VCN_MANAGED Uid: 10100 RequestorUid: 10100 RequestorPkg: com.tencent.qqlive] ]] callback flags: 0 priority: 2147483647
07-27 10:12:46.698 1564 1904 D ConnectivityService: NetReassign [no changes]
07-27 10:12:46.720 19425 19490 I eup : Backup Java Class And Method Success
07-27 10:12:46.721 19425 19490 I eup : Bugly Register JNI Methods Successfully ~
07-27 10:12:46.721 19425 19490 I eup : regist start
07-27 10:12:46.721 19425 19490 I eup : run in arm64
07-27 10:12:46.751 19203 19361 W nt.qqlive:cach: Accessing hidden method Landroid/os/storage/StorageVolume;->getPath()Ljava/lang/String; (max-target-q,test-api, reflection, denied)
07-27 10:12:46.751 19203 19361 W nt.qqlive:cach: If this is a platform test consider enabling VMRuntime.ALLOW_TEST_API_ACCESS change id for this package.
07-27 10:12:46.787 0 0 I [ 791.816537] binder: 19203:19582 ioctl 40046210 73e7c33db4 returned -22
07-27 10:12:46.786 1564 3222 I ActivityManager: Killing 19203:com.tencent.qqlive:cache/u0a100 (adj 0): empty #2
07-27 10:12:46.786 1564 3222 I am_kill : [0,19203,com.tencent.qqlive:cache,0,empty #2]
07-27 10:12:46.788 1564 3222 I ActivityManager: Killing 19026:com.tencent.qqlive:services/u0a100 (adj 0): empty #3
07-27 10:12:46.788 1564 3222 I am_kill : [0,19026,com.tencent.qqlive:services,0,empty #3]
07-27 10:12:46.808 1564 1700 I libprocessgroup: Successfully killed process cgroup uid 10100 pid 19203 in 20ms
07-27 10:12:46.850 1564 1904 D ConnectivityService: NetReassign [no changes]
07-27 10:12:46.855 19425 19587 W .tencent.qqliv: Accessing hidden method Landroid/net/wifi/WifiSsid;->()V (max-target-o, reflection, denied)
