01-01 08:14:31.279 577 577 I auditd : type=1400 audit(0.0:1031): avc: denied { open } for comm="spdaemon" path="/dev/__properties__/u:object_r:heapprofd_enabled_prop:s0" dev="tmpfs" ino=11523 scontext=u:r:vendor_spdaemon:s0 tcontext=u:object_r:heapprofd_enabled_prop:s0 tclass=file permissive=1
01-01 08:14:31.279 577 577 I auditd : type=1400 audit(0.0:1032): avc: denied { getattr } for comm="spdaemon" path="/dev/__properties__/u:object_r:heapprofd_enabled_prop:s0" dev="tmpfs" ino=11523 scontext=u:r:vendor_spdaemon:s0 tcontext=u:object_r:heapprofd_enabled_prop:s0 tclass=file permissive=1
01-01 08:14:31.279 577 577 I auditd : type=1400 audit(0.0:1033): avc: denied { map } for comm="spdaemon" path="/dev/__properties__/u:object_r:heapprofd_enabled_prop:s0" dev="tmpfs" ino=11523 scontext=u:r:vendor_spdaemon:s0 tcontext=u:object_r:heapprofd_enabled_prop:s0 tclass=file permissive=1
01-01 08:14:31.279 577 577 I auditd : type=1400 audit(0.0:1034): avc: denied { open } for comm="spdaemon" path="/dev/__properties__/u:object_r:incremental_prop:s0" dev="tmpfs" ino=11527 scontext=u:r:vendor_spdaemon:s0 tcontext=u:object_r:incremental_prop:s0 tclass=file permissive=1
01-01 08:14:31.279 577 577 I auditd : type=1400 audit(0.0:1035): avc: denied { getattr } for comm="spdaemon" path="/dev/__properties__/u:object_r:incremental_prop:s0" dev="tmpfs" ino=11527 scontext=u:r:vendor_spdaemon:s0 tcontext=u:object_r:incremental_prop:s0 tclass=file permissive=1
01-01 08:14:31.279 577 577 I auditd : type=1400 audit(0.0:1036): avc: denied { map } for comm="spdaemon" path="/dev/__properties__/u:object_r:incremental_prop:s0" dev="tmpfs" ino=11527 scontext=u:r:vendor_spdaemon:s0 tcontext=u:object_r:incremental_prop:s0 tclass=file permissive=1
01-01 08:14:31.279 577 577 I auditd : type=1400 audit(0.0:1037): avc: denied { open } for comm="spdaemon" path="/dev/__properties__/u:object_r:init_perf_lsm_hooks_prop:s0" dev="tmpfs" ino=11528 scontext=u:r:vendor_spdaemon:s0 tcontext=u:object_r:init_perf_lsm_hooks_prop:s0 tclass=file permissive=1
01-01 08:14:31.279 577 577 I auditd : type=1400 audit(0.0:1038): avc: denied { getattr } for comm="spdaemon" path="/dev/__properties__/u:object_r:init_perf_lsm_hooks_prop:s0" dev="tmpfs" ino=11528 scontext=u:r:vendor_spdaemon:s0 tcontext=u:object_r:init_perf_lsm_hooks_prop:s0 tclass=file permissive=1
01-01 08:14:31.279 577 577 I auditd : type=1400 audit(0.0:1039): avc: denied { map } for comm="spdaemon" path="/dev/__properties__/u:object_r:init_perf_lsm_hooks_prop:s0" dev="tmpfs" ino=11528 scontext=u:r:vendor_spdaemon:s0 tcontext=u:object_r:init_perf_lsm_hooks_prop:s0 tclass=file permissive=1
01-01 08:14:31.279 577 577 I auditd : type=1400 audit(0.0:1040): avc: denied { open } for comm="spdaemon" path="/dev/__properties__/u:object_r:init_service_status_private_prop:s0" dev="tmpfs" ino=11529 scontext=u:r:vendor_spdaemon:s0 tcontext=u:object_r:init_service_status_private_prop:s0 tclass=file permissive=1
01-01 08:14:31.279 577 577 I auditd : type=1400 audit(0.0:1041): avc: denied { getattr } for comm="spdaemon" path="/dev/__properties__/u:object_r:init_service_status_private_prop:s0" dev="tmpfs" ino=11529 scontext=u:r:vendor_spdaemon:s0 tcontext=u:object_r:init_service_status_private_prop:s0 tclass=file permissive=1
01-01 08:14:31.279 577 577 I auditd : type=1400 audit(0.0:1042): avc: denied { map } for comm="spdaemon" path="/dev/__properties__/u:object_r:init_service_status_private_prop:s0" dev="tmpfs" ino=11529 scontext=u:r:vendor_spdaemon:s0 tcontext=u:object_r:init_service_status_private_prop:s0 tclass=file permissive=1
01-01 08:14:31.279 577 577 I auditd : type=1400 audit(0.0:1043): avc: denied { open } for comm="spdaemon" path="/dev/__properties__/u:object_r:init_svc_debug_prop:s0" dev="tmpfs" ino=11531 scontext=u:r:vendor_spdaemon:s0 tcontext=u:object_r:init_svc_debug_prop:s0 tclass=file permissive=1
01-01 08:14:31.279 577 577 I auditd : type=1400 audit(0.0:1044): avc: denied { getattr } for comm="spdaemon" path="/dev/__properties__/u:object_r:init_svc_debug_prop:s0" dev="tmpfs" ino=11531 scontext=u:r:vendor_spdaemon:s0 tcontext=u:object_r:init_svc_debug_prop:s0 tclass=file permissive=1
01-01 08:14:31.279 577 577 I auditd : type=1400 audit(0.0:1045): avc: denied { map } for comm="spdaemon" path="/dev/__properties__/u:object_r:init_svc_debug_prop:s0" dev="tmpfs" ino=11531 scontext=u:r:vendor_spdaemon:s0 tcontext=u:object_r:init_svc_debug_prop:s0 tclass=file permissive=1
01-01 08:14:31.279 577 577 I auditd : type=1400 audit(0.0:1046): avc: denied { open } for comm="spdaemon" path="/dev/__properties__/u:object_r:keyguard_config_prop:s0" dev="tmpfs" ino=11532 scontext=u:r:vendor_spdaemon:s0 tcontext=u:object_r:keyguard_config_prop:s0 tclass=file permissive=1
01-01 08:14:31.279 577 577 I auditd : type=1400 audit(0.0:1047): avc: denied { getattr } for comm="spdaemon" path="/dev/__properties__/u:object_r:keyguard_config_prop:s0" dev="tmpfs" ino=11532 scontext=u:r:vendor_spdaemon:s0 tcontext=u:object_r:keyguard_config_prop:s0 tclass=file permissive=1
01-01 08:14:31.279 577 577 I auditd : type=1400 audit(0.0:1048): avc: denied { map } for comm="spdaemon" path="/dev/__properties__/u:object_r:keyguard_config_prop:s0" dev="tmpfs" ino=11532 scontext=u:r:vendor_spdaemon:s0 tcontext=u:object_r:keyguard_config_prop:s0 tclass=file permissive=1
01-01 08:14:31.279 577 577 I auditd : type=1400 audit(0.0:1049): avc: denied { open } for comm="spdaemon" path="/dev/__properties__/u:object_r:keystore_crash_prop:s0" dev="tmpfs" ino=11533 scontext=u:r:vendor_spdaemon:s0 tcontext=u:object_r:keystore_crash_prop:s0 tclass=file permissive=1
01-01 08:14:31.279 577 577 I auditd : type=1400 audit(0.0:1050): avc: denied { getattr } for comm="spdaemon" path="/dev/__properties__/u:object_r:keystore_crash_prop:s0" dev="tmpfs" ino=11533 scontext=u:r:vendor_spdaemon:s0 tcontext=u:object_r:keystore_crash_prop:s0 tclass=file permissive=1
01-01 08:14:31.279 577 577 I auditd : type=1400 audit(0.0:1051): avc: denied { map } for comm="spdaemon" path="/dev/__properties__/u:object_r:keystore_crash_prop:s0" dev="tmpfs" ino=11533 scontext=u:r:vendor_spdaemon:s0 tcontext=u:object_r:keystore_crash_prop:s0 tclass=file permissive=1
01-01 08:14:31.279 577 577 I auditd : type=1400 audit(0.0:1052): avc: denied { open } for comm="spdaemon" path="/dev/__properties__/u:object_r:keystore_listen_prop:s0" dev="tmpfs" ino=11534 scontext=u:r:vendor_spdaemon:s0 tcontext=u:object_r:keystore_listen_prop:s0 tclass=file permissive=1
01-01 08:14:31.279 577 577 I auditd : type=1400 audit(0.0:1053): avc: denied { getattr } for comm="spdaemon" path="/dev/__properties__/u:object_r:keystore_listen_prop:s0" dev="tmpfs" ino=11534 scontext=u:r:vendor_spdaemon:s0 tcontext=u:object_r:keystore_listen_prop:s0 tclass=file permissive=1
01-01 08:14:31.279 577 577 I auditd : type=1400 audit(0.0:1054): avc: denied { map } for comm="spdaemon" path="/dev/__properties__/u:object_r:keystore_listen_prop:s0" dev="tmpfs" ino=11534 scontext=u:r:vendor_spdaemon:s0 tcontext=u:object_r:keystore_listen_prop:s0 tclass=file permissive=1
01-01 08:14:31.279 577 577 I auditd : type=1400 audit(0.0:1055): avc: denied { open } for comm="spdaemon" path="/dev/__properties__/u:object_r:last_boot_reason_prop:s0" dev="tmpfs" ino=11535 scontext=u:r:vendor_spdaemon:s0 tcontext=u:object_r:last_boot_reason_prop:s0 tclass=file permissive=1
01-01 08:14:31.279 577 577 I auditd : type=1400 audit(0.0:1056): avc: denied { getattr } for comm="spdaemon" path="/dev/__properties__/u:object_r:last_boot_reason_prop:s0" dev="tmpfs" ino=11535 scontext=u:r:vendor_spdaemon:s0 tcontext=u:object_r:last_boot_reason_prop:s0 tclass=file permissive=1
01-01 08:14:31.279 577 577 I auditd : type=1400 audit(0.0:1057): avc: denied { getattr } for comm="spdaemon" path="/dev/__properties__/u:object_r:llkd_prop:s0" dev="tmpfs" ino=11537 scontext=u:r:vendor_spdaemon:s0 tcontext=u:object_r:llkd_prop:s0 tclass=file permissive=1
01-01 08:14:31.279 577 577 I auditd : type=1400 audit(0.0:1058): avc: denied { open } for comm="spdaemon" path="/dev/__properties__/u:object_r:localization_prop:s0" dev="tmpfs" ino=11540 scontext=u:r:vendor_spdaemon:s0 tcontext=u:object_r:localization_prop:s0 tclass=file permissive=1
01-01 08:14:31.279 577 577 I auditd : type=1400 audit(0.0:1059): avc: denied { open } for comm="spdaemon" path="/dev/__properties__/u:object_r:logpersistd_logging_prop:s0" dev="tmpfs" ino=11544 scontext=u:r:vendor_spdaemon:s0 tcontext=u:object_r:logpersistd_logging_prop:s0 tclass=file permissive=1
01-01 08:14:31.279 577 577 I auditd : type=1400 audit(0.0:1060): avc: denied { open } for comm="spdaemon" path="/dev/__properties__/u:object_r:lower_kptr_restrict_prop:s0" dev="tmpfs" ino=11545 scontext=u:r:vendor_spdaemon:s0 tcontext=u:object_r:lower_kptr_restrict_prop:s0 tclass=file permissive=1
01-01 08:14:31.279 577 577 I auditd : type=1400 audit(0.0:1061): avc: denied { open } for comm="spdaemon" path="/dev/__properties__/u:object_r:lpdumpd_prop:s0" dev="tmpfs" ino=11547 scontext=u:r:vendor_spdaemon:s0 tcontext=u:object_r:lpdumpd_prop:s0 tclass=file permissive=1
01-01 08:14:31.283 577 577 I auditd : type=1400 audit(0.0:1062): avc: denied { open } for comm="spdaemon" path="/dev/__properties__/u:object_r:provisioned_prop:s0" dev="tmpfs" ino=11577 scontext=u:r:vendor_spdaemon:s0 tcontext=u:object_r:provisioned_prop:s0 tclass=file permissive=1
01-01 08:14:31.283 577 577 I auditd : type=1400 audit(0.0:1063): avc: denied { open } for comm="spdaemon" path="/dev/__properties__/u:object_r:radio_cdma_ecm_prop:s0" dev="tmpfs" ino=11580 scontext=u:r:vendor_spdaemon:s0 tcontext=u:object_r:radio_cdma_ecm_prop:s0 tclass=file permissive=1
01-01 08:14:31.283 577 577 I auditd : type=1400 audit(0.0:1064): avc: denied { open } for comm="spdaemon" path="/dev/__properties__/u:object_r:restorecon_prop:s0" dev="tmpfs" ino=11585 scontext=u:r:vendor_spdaemon:s0 tcontext=u:object_r:restorecon_prop:s0 tclass=file permissive=1
01-01 08:14:31.283 577 577 I auditd : type=1400 audit(0.0:1065): avc: denied { open } for comm="spdaemon" path="/dev/__properties__/u:object_r:suspend_prop:s0" dev="tmpfs" ino=11601 scontext=u:r:vendor_spdaemon:s0 tcontext=u:object_r:suspend_prop:s0 tclass=file permissive=1
01-01 08:14:31.283 577 577 I auditd : type=1400 audit(0.0:1066): avc: denied { open } for comm="spdaemon" path="/dev/__properties__/u:object_r:system_boot_reason_prop:s0" dev="tmpfs" ino=11603 scontext=u:r:vendor_spdaemon:s0 tcontext=u:object_r:system_boot_reason_prop:s0 tclass=file permissive=1
01-01 08:14:31.283 577 577 I auditd : type=1400 audit(0.0:1067): avc: denied { open } for comm="spdaemon" path="/dev/__properties__/u:object_r:system_lmk_prop:s0" dev="tmpfs" ino=11605 scontext=u:r:vendor_spdaemon:s0 tcontext=u:object_r:system_lmk_prop:s0 tclass=file permissive=1
01-01 08:14:31.283 577 577 I auditd : type=1400 audit(0.0:1068): avc: denied { open } for comm="spdaemon" path="/dev/__properties__/u:object_r:system_trace_prop:s0" dev="tmpfs" ino=11607 scontext=u:r:vendor_spdaemon:s0 tcontext=u:object_r:system_trace_prop:s0 tclass=file permissive=1
01-01 08:14:31.283 577 577 I auditd : type=1400 audit(0.0:1069): avc: denied { open } for comm="spdaemon" path="/dev/__properties__/u:object_r:systemsound_config_prop:s0" dev="tmpfs" ino=11608 scontext=u:r:vendor_spdaemon:s0 tcontext=u:object_r:systemsound_config_prop:s0 tclass=file permissive=1
01-01 08:14:31.283 577 577 I auditd : type=1400 audit(0.0:1070): avc: denied { open } for comm="spdaemon" path="/dev/__properties__/u:object_r:telephony_config_prop:s0" dev="tmpfs" ino=11609 scontext=u:r:vendor_spdaemon:s0 tcontext=u:object_r:telephony_config_prop:s0 tclass=file permissive=1
01-01 08:14:31.283 577 577 I auditd : type=1400 audit(0.0:1071): avc: denied { open } for comm="spdaemon" path="/dev/__properties__/u:object_r:test_boot_reason_prop:s0" dev="tmpfs" ino=11611 scontext=u:r:vendor_spdaemon:s0 tcontext=u:object_r:test_boot_reason_prop:s0 tclass=file permissive=1
01-01 08:14:31.283 577 577 I auditd : type=1400 audit(0.0:1072): avc: denied { open } for comm="spdaemon" path="/dev/__properties__/u:object_r:theme_prop:s0" dev="tmpfs" ino=11613 scontext=u:r:vendor_spdaemon:s0 tcontext=u:object_r:theme_prop:s0 tclass=file permissive=1
01-01 08:14:31.283 577 577 I auditd : type=1400 audit(0.0:1073): avc: denied { open } for comm="spdaemon" path="/dev/__properties__/u:object_r:tombstone_config_prop:s0" dev="tmpfs" ino=11615 scontext=u:r:vendor_spdaemon:s0 tcontext=u:object_r:tombstone_config_prop:s0 tclass=file permissive=1
01-01 08:14:31.283 577 577 I auditd : type=1400 audit(0.0:1074): avc: denied { open } for comm="spdaemon" path="/dev/__properties__/u:object_r:traced_lazy_prop:s0" dev="tmpfs" ino=11617 scontext=u:r:vendor_spdaemon:s0 tcontext=u:object_r:traced_lazy_prop:s0 tclass=file permissive=1
01-01 08:14:31.283 577 577 I auditd : type=1400 audit(0.0:1075): avc: denied { open } for comm="spdaemon" path="/dev/__properties__/u:object_r:vendor_mdm_helper_prop:s0" dev="tmpfs" ino=11678 scontext=u:r:vendor_spdaemon:s0 tcontext=u:object_r:vendor_mdm_helper_prop:s0 tclass=file permissive=1
01-01 08:14:31.283 577 577 I auditd : type=1400 audit(0.0:1076): avc: denied { open } for comm="spdaemon" path="/dev/__properties__/u:object_r:vendor_mm_parser_prop:s0" dev="tmpfs" ino=11681 scontext=u:r:vendor_spdaemon:s0 tcontext=u:object_r:vendor_mm_parser_prop:s0 tclass=file permissive=1
01-01 08:14:31.283 577 577 I auditd : type=1400 audit(0.0:1077): avc: denied { open } for comm="spdaemon" path="/dev/__properties__/u:object_r:vendor_modem_diag_prop:s0" dev="tmpfs" ino=11684 scontext=u:r:vendor_spdaemon:s0 tcontext=u:object_r:vendor_modem_diag_prop:s0 tclass=file permissive=1
01-01 08:14:31.283 577 577 I auditd : type=1400 audit(0.0:1078): avc: denied { open } for comm="spdaemon" path="/dev/__properties__/u:object_r:vendor_msm_irqbalance_prop:s0" dev="tmpfs" ino=11686 scontext=u:r:vendor_spdaemon:s0 tcontext=u:object_r:vendor_msm_irqbalance_prop:s0 tclass=file permissive=1
01-01 08:14:31.283 577 577 I auditd : type=1400 audit(0.0:1079): avc: denied { open } for comm="spdaemon" path="/dev/__properties__/u:object_r:vendor_mwqem_prop:s0" dev="tmpfs" ino=11688 scontext=u:r:vendor_spdaemon:s0 tcontext=u:object_r:vendor_mwqem_prop:s0 tclass=file permissive=1
01-01 08:14:31.283 577 577 I auditd : type=1400 audit(0.0:1080): avc: denied { open } for comm="spdaemon" path="/dev/__properties__/u:object_r:vendor_opengles_prop:s0" dev="tmpfs" ino=11690 scontext=u:r:vendor_spdaemon:s0 tcontext=u:object_r:vendor_opengles_prop:s0 tclass=file permissive=1
01-01 08:14:31.283 577 577 I auditd : type=1400 audit(0.0:1081): avc: denied { open } for comm="spdaemon" path="/dev/__properties__/u:object_r:vendor_pd_locater_dbg_prop:s0" dev="tmpfs" ino=11692 scontext=u:r:vendor_spdaemon:s0 tcontext=u:object_r:vendor_pd_locater_dbg_prop:s0 tclass=file permissive=1
01-01 08:14:31.283 577 577 I auditd : type=1400 audit(0.0:1082): avc: denied { open } for comm="spdaemon" path="/dev/__properties__/u:object_r:vendor_persist_camera_prop:s0" dev="tmpfs" ino=11694 scontext=u:r:vendor_spdaemon:s0 tcontext=u:object_r:vendor_persist_camera_prop:s0 tclass=file permissive=1
01-01 08:14:31.283 577 577 I auditd : type=1400 audit(0.0:1083): avc: denied { open } for comm="spdaemon" path="/dev/__properties__/u:object_r:vendor_persist_rcs_prop:s0" dev="tmpfs" ino=11696 scontext=u:r:vendor_spdaemon:s0 tcontext=u:object_r:vendor_persist_rcs_prop:s0 tclass=file permissive=1
01-01 08:14:31.283 577 577 I auditd : type=1400 audit(0.0:1084): avc: denied { open } for comm="spdaemon" path="/dev/__properties__/u:object_r:vendor_radio_prop:s0" dev="tmpfs" ino=11707 scontext=u:r:vendor_spdaemon:s0 tcontext=u:object_r:vendor_radio_prop:s0 tclass=file permissive=1
01-01 08:14:31.283 577 577 I auditd : type=1400 audit(0.0:1085): avc: denied { open } for comm="spdaemon" path="/dev/__properties__/u:object_r:vendor_spunvm_prop:s0" dev="tmpfs" ino=11719 scontext=u:r:vendor_spdaemon:s0 tcontext=u:object_r:vendor_spunvm_prop:s0 tclass=file permissive=1
01-01 08:14:31.283 577 577 I auditd : type=1400 audit(0.0:1086): avc: denied { open } for comm="spdaemon" path="/dev/__properties__/u:object_r:vendor_sxr_prop:s0" dev="tmpfs" ino=11721 scontext=u:r:vendor_spdaemon:s0 tcontext=u:object_r:vendor_sxr_prop:s0 tclass=file permissive=1
01-01 08:14:31.283 577 577 I auditd : type=1400 audit(0.0:1087): avc: denied { open } for comm="spdaemon" path="/dev/__properties__/u:object_r:vendor_system_prop:s0" dev="tmpfs" ino=11723 scontext=u:r:vendor_spdaemon:s0 tcontext=u:object_r:vendor_system_prop:s0 tclass=file permissive=1
01-01 08:14:31.283 577 577 I auditd : type=1400 audit(0.0:1088): avc: denied { open } for comm="spdaemon" path="/dev/__properties__/u:object_r:vendor_time_service_prop:s0" dev="tmpfs" ino=11725 scontext=u:r:vendor_spdaemon:s0 tcontext=u:object_r:vendor_time_service_prop:s0 tclass=file permissive=1
01-01 08:14:32.299 621 621 I auditd : type=1400 audit(0.0:1089): avc: denied { kill } for comm="vdc" capability=5 scontext=u:r:vdc:s0 tcontext=u:r:vdc:s0 tclass=capability permissive=1
01-01 08:14:32.321 580 580 I auditd : SELinux: Loaded keystore2_key_contexts from:
01-01 08:14:32.321 580 580 I auditd : /system/etc/selinux/plat_keystore2_key_contexts
01-01 08:14:32.387 625 625 I auditd : type=1400 audit(0.0:1090): avc: denied { kill } for comm="fsck.f2fs" capability=5 scontext=u:r:fsck:s0 tcontext=u:r:fsck:s0 tclass=capability permissive=1
01-01 08:14:34.383 482 482 I auditd : type=1400 audit(0.0:1091): avc: denied { add_name } for comm="init" name="read_ahead_kb" scontext=u:r:vendor_init:s0 tcontext=u:object_r:sysfs_dm:s0 tclass=dir permissive=1
01-01 08:14:34.387 482 482 I auditd : type=1400 audit(0.0:1092): avc: denied { getattr } for comm="init" path="/persist/qti_fp" dev="sda2" ino=21 scontext=u:r:vendor_init:s0 tcontext=u:object_r:mnt_product_file:s0 tclass=dir permissive=1
01-01 08:14:34.391 1 1 I auditd : type=1400 audit(0.0:1093): avc: denied { getattr } for comm="init" path="/product/bin/init.qti.display.sh" dev="dm-7" ino=56 scontext=u:r:init:s0 tcontext=u:object_r:vendor_sys_qti_display_exec:s0 tclass=file permissive=1
01-01 08:14:34.391 661 661 I auditd : type=1400 audit(0.0:1094): avc: denied { execute } for comm="init" name="init.qti.display.sh" dev="dm-7" ino=56 scontext=u:r:init:s0 tcontext=u:object_r:vendor_sys_qti_display_exec:s0 tclass=file permissive=1
01-01 08:14:34.391 661 661 I auditd : type=1400 audit(0.0:1095): avc: denied { read open } for comm="init" path="/product/bin/init.qti.display.sh" dev="dm-7" ino=56 scontext=u:r:init:s0 tcontext=u:object_r:vendor_sys_qti_display_exec:s0 tclass=file permissive=1
01-01 08:14:34.391 661 661 I auditd : type=1400 audit(0.0:1096): avc: denied { transition } for comm="init" path="/product/bin/init.qti.display.sh" dev="dm-7" ino=56 scontext=u:r:init:s0 tcontext=u:r:vendor_sys_qti_display:s0 tclass=process permissive=1
01-01 08:14:34.391 661 661 I auditd : type=1400 audit(0.0:1097): avc: denied { entrypoint } for comm="init" path="/product/bin/init.qti.display.sh" dev="dm-7" ino=56 scontext=u:r:vendor_sys_qti_display:s0 tcontext=u:object_r:vendor_sys_qti_display_exec:s0 tclass=file permissive=1
01-01 08:14:34.391 661 661 I auditd : type=1400 audit(0.0:1098): avc: denied { noatsecure } for comm="init" scontext=u:r:init:s0 tcontext=u:r:vendor_sys_qti_display:s0 tclass=process permissive=1
01-01 08:14:34.395 661 661 I auditd : type=1400 audit(0.0:1099): avc: denied { rlimitinh } for comm="init.qti.displa" scontext=u:r:init:s0 tcontext=u:r:vendor_sys_qti_display:s0 tclass=process permissive=1
01-01 08:14:34.395 661 661 I auditd : type=1400 audit(0.0:1100): avc: denied { siginh } for comm="init.qti.displa" scontext=u:r:init:s0 tcontext=u:r:vendor_sys_qti_display:s0 tclass=process permissive=1
01-01 08:14:34.395 661 661 I auditd : type=1400 audit(0.0:1101): avc: denied { map } for comm="init.qti.displa" path="/system/bin/sh" dev="dm-5" ino=1337 scontext=u:r:vendor_sys_qti_display:s0 tcontext=u:object_r:shell_exec:s0 tclass=file permissive=1
01-01 08:14:34.395 661 661 I auditd : type=1400 audit(0.0:1102): avc: denied { read } for comm="init.qti.displa" path="/system/bin/sh" dev="dm-5" ino=1337 scontext=u:r:vendor_sys_qti_display:s0 tcontext=u:object_r:shell_exec:s0 tclass=file permissive=1
01-01 08:14:34.395 661 661 I auditd : type=1400 audit(0.0:1103): avc: denied { execute } for comm="init.qti.displa" path="/system/bin/sh" dev="dm-5" ino=1337 scontext=u:r:vendor_sys_qti_display:s0 tcontext=u:object_r:shell_exec:s0 tclass=file permissive=1
01-01 08:14:34.399 661 661 I auditd : type=1400 audit(0.0:1104): avc: denied { getattr } for comm="init.qti.displa" path="/system/bin/sh" dev="dm-5" ino=1337 scontext=u:r:vendor_sys_qti_display:s0 tcontext=u:object_r:shell_exec:s0 tclass=file permissive=1
01-01 08:14:34.403 661 661 I auditd : type=1400 audit(0.0:1105): avc: denied { read } for comm="init.qti.displa" path="/system/bin/sh" dev="dm-5" ino=1337 scontext=u:r:vendor_sys_qti_display:s0 tcontext=u:object_r:shell_exec:s0 tclass=file permissive=1
07-27 09:59:40.956 661 661 I auditd : type=1400 audit(0.0:1106): avc: denied { read } for comm="init.qti.displa" name="init.qti.display.sh" dev="dm-7" ino=56 scontext=u:r:vendor_sys_qti_display:s0 tcontext=u:object_r:vendor_sys_qti_display_exec:s0 tclass=file permissive=1
07-27 09:59:40.956 661 661 I auditd : type=1400 audit(0.0:1107): avc: denied { open } for comm="init.qti.displa" path="/product/bin/init.qti.display.sh" dev="dm-7" ino=56 scontext=u:r:vendor_sys_qti_display:s0 tcontext=u:object_r:vendor_sys_qti_display_exec:s0 tclass=file permissive=1
07-27 09:59:40.956 669 669 I auditd : type=1400 audit(0.0:1108): avc: denied { getattr } for comm="init.qti.displa" path="/system/bin/toybox" dev="dm-5" ino=1390 scontext=u:r:vendor_sys_qti_display:s0 tcontext=u:object_r:toolbox_exec:s0 tclass=file permissive=1
07-27 09:59:40.956 669 669 I auditd : type=1400 audit(0.0:1109): avc: denied { execute } for comm="init.qti.displa" name="toybox" dev="dm-5" ino=1390 scontext=u:r:vendor_sys_qti_display:s0 tcontext=u:object_r:toolbox_exec:s0 tclass=file permissive=1
07-27 09:59:40.956 669 669 I auditd : type=1400 audit(0.0:1110): avc: denied { read open } for comm="init.qti.displa" path="/system/bin/toybox" dev="dm-5" ino=1390 scontext=u:r:vendor_sys_qti_display:s0 tcontext=u:object_r:toolbox_exec:s0 tclass=file permissive=1
07-27 09:59:40.956 669 669 I auditd : type=1400 audit(0.0:1111): avc: denied { execute_no_trans } for comm="init.qti.displa" path="/system/bin/toybox" dev="dm-5" ino=1390 scontext=u:r:vendor_sys_qti_display:s0 tcontext=u:object_r:toolbox_exec:s0 tclass=file permissive=1
07-27 09:59:40.956 669 669 I auditd : type=1400 audit(0.0:1112): avc: denied { map } for comm="cat" path="/system/bin/toybox" dev="dm-5" ino=1390 scontext=u:r:vendor_sys_qti_display:s0 tcontext=u:object_r:toolbox_exec:s0 tclass=file permissive=1
07-27 09:59:40.996 670 670 I liblog : 98
07-27 09:59:40.997 670 670 I liblog : 208
07-27 09:59:40.997 670 670 I liblog : 8
07-27 09:59:40.997 670 670 I liblog : 2
07-27 09:59:40.997 670 670 I liblog : 1
07-27 09:59:41.001 670 670 I liblog : 305
07-27 09:59:41.006 670 670 I liblog : 330
07-27 09:59:41.035 482 482 I auditd : type=1400 audit(0.0:1113): avc: denied { add_name } for comm="init" name="boot" scontext=u:r:vendor_init:s0 tcontext=u:object_r:sysfs:s0 tclass=dir permissive=1
07-27 09:59:41.233 684 684 I boot_progress_start: 7047
07-27 09:59:41.335 482 482 I auditd : type=1400 audit(0.0:1114): avc: denied { add_name } for comm="init" name="boot" scontext=u:r:vendor_init:s0 tcontext=u:object_r:vendor_sysfs_slpi:s0 tclass=dir permissive=1
07-27 09:59:41.339 1 1 I auditd : type=1400 audit(0.0:1115): avc: denied { add_name } for comm="init" name="cp_interval" scontext=u:r:init:s0 tcontext=u:object_r:sysfs_fs_f2fs:s0 tclass=dir permissive=1
07-27 09:59:41.339 1 1 I auditd : type=1400 audit(0.0:1116): avc: denied { add_name } for comm="init" name="discard_max_bytes" scontext=u:r:init:s0 tcontext=u:object_r:sysfs_dm:s0 tclass=dir permissive=1
07-27 09:59:41.591 865 865 I auditd : type=1400 audit(0.0:1117): avc: denied { getattr } for comm="vendor.qti.hard" path="/mnt/vendor/persist/display" dev="sda2" ino=49 scontext=u:r:hal_graphics_composer_default:s0 tcontext=u:object_r:mnt_product_file:s0 tclass=dir permissive=1
07-27 09:59:41.595 865 865 I auditd : type=1400 audit(0.0:1118): avc: denied { search } for comm="vendor.qti.hard" name="display" dev="sda2" ino=49 scontext=u:r:hal_graphics_composer_default:s0 tcontext=u:object_r:mnt_product_file:s0 tclass=dir permissive=1
07-27 09:59:41.610 685 685 I snet_event_log: [200284993,-1,]
07-27 09:59:41.614 684 684 I snet_event_log: [200284993,-1,]
07-27 09:59:41.615 482 482 I auditd : type=1400 audit(0.0:1119): avc: denied { getattr } for comm="init" path="/persist/drm" dev="sda2" ino=22 scontext=u:r:vendor_init:s0 tcontext=u:object_r:mnt_product_file:s0 tclass=dir permissive=1
07-27 09:59:41.619 482 482 I auditd : type=1400 audit(0.0:1120): avc: denied { getattr } for comm="init" path="/persist/display" dev="sda2" ino=49 scontext=u:r:vendor_init:s0 tcontext=u:object_r:mnt_product_file:s0 tclass=dir permissive=1
07-27 09:59:41.619 482 482 I auditd : type=1400 audit(0.0:1121): avc: denied { add_name } for comm="init" name="discard_max_bytes" scontext=u:r:vendor_init:s0 tcontext=u:object_r:sysfs:s0 tclass=dir permissive=1
07-27 09:59:41.627 1025 1025 I auditd : type=1400 audit(0.0:1122): avc: denied { open } for comm="getprop" path="/dev/__properties__/u:object_r:default_prop:s0" dev="tmpfs" ino=11479 scontext=u:r:vendor_qti_init_shell:s0 tcontext=u:object_r:default_prop:s0 tclass=file permissive=1
07-27 09:59:41.627 1025 1025 I auditd : type=1400 audit(0.0:1123): avc: denied { getattr } for comm="getprop" path="/dev/__properties__/u:object_r:default_prop:s0" dev="tmpfs" ino=11479 scontext=u:r:vendor_qti_init_shell:s0 tcontext=u:object_r:default_prop:s0 tclass=file permissive=1
07-27 09:59:41.627 1025 1025 I auditd : type=1400 audit(0.0:1124): avc: denied { map } for comm="getprop" path="/dev/__properties__/u:object_r:default_prop:s0" dev="tmpfs" ino=11479 scontext=u:r:vendor_qti_init_shell:s0 tcontext=u:object_r:default_prop:s0 tclass=file permissive=1
07-27 09:59:41.693 684 684 I boot_progress_preload_start: 7508
07-27 09:59:41.707 514 514 I auditd : avc: denied { find } for pid=992 uid=1000 name=vendor.qti.hardware.display.config.IDisplayConfig/default scontext=u:r:surfaceflinger:s0 tcontext=u:object_r:default_android_service:s0 tclass=service_manager permissive=1
07-27 09:59:41.915 1053 1053 I auditd : type=1400 audit(0.0:1125): avc: denied { add_name } for comm="init.qcom.usb.s" name="streaming_maxpacket" scontext=u:r:vendor_qti_init_shell:s0 tcontext=u:object_r:configfs:s0 tclass=dir permissive=1
07-27 09:59:41.923 1135 1135 I auditd : type=1400 audit(0.0:1126): avc: denied { create } for comm="mkdir" name="h" scontext=u:r:vendor_qti_init_shell:s0 tcontext=u:object_r:configfs:s0 tclass=dir permissive=1
07-27 09:59:42.119 1 1 I auditd : type=1400 audit(0.0:1127): avc: denied { add_name } for comm="init" name="enable" scontext=u:r:init:s0 tcontext=u:object_r:sysfs_android_usb:s0 tclass=dir permissive=1
07-27 09:59:42.659 684 684 I boot_progress_preload_end: 8473
07-27 09:59:42.917 1564 1564 I system_server_start: [1,8730,8730]
07-27 09:59:42.917 1564 1564 I boot_progress_system_run: 8731
07-27 09:59:43.363 579 579 I auditd : type=1400 audit(0.0:1128): avc: denied { read } for comm="Binder:579_2" name="wakeup58" dev="sysfs" ino=71954 scontext=u:r:system_suspend:s0 tcontext=u:object_r:sysfs:s0 tclass=dir permissive=1
07-27 09:59:43.363 579 579 I auditd : type=1400 audit(0.0:1129): avc: denied { open } for comm="Binder:579_2" path="/sys/devices/virtual/misc/msm_g711mlaw/wakeup58" dev="sysfs" ino=71954 scontext=u:r:system_suspend:s0 tcontext=u:object_r:sysfs:s0 tclass=dir permissive=1
07-27 09:59:43.363 579 579 I auditd : type=1400 audit(0.0:1130): avc: denied { read } for comm="Binder:579_2" name="event_count" dev="sysfs" ino=71961 scontext=u:r:system_suspend:s0 tcontext=u:object_r:sysfs:s0 tclass=file permissive=1
07-27 09:59:43.363 579 579 I auditd : type=1400 audit(0.0:1131): avc: denied { open } for comm="Binder:579_2" path="/sys/devices/virtual/misc/msm_g711mlaw/wakeup58/event_count" dev="sysfs" ino=71961 scontext=u:r:system_suspend:s0 tcontext=u:object_r:sysfs:s0 tclass=file permissive=1
07-27 09:59:43.363 579 579 I auditd : type=1400 audit(0.0:1132): avc: denied { getattr } for comm="Binder:579_2" path="/sys/devices/virtual/misc/msm_g711mlaw/wakeup58/event_count" dev="sysfs" ino=71961 scontext=u:r:system_suspend:s0 tcontext=u:object_r:sysfs:s0 tclass=file permissive=1
07-27 09:59:43.386 1564 1692 I commit_sys_config_file: [batterystats,1]
07-27 09:59:43.386 1564 1692 I commit_sys_config_file: [batterystats,0]
07-27 09:59:43.399 1229 1229 I auditd : type=1400 audit(0.0:1133): avc: denied { add_name } for comm="sh" name="rps_cpus" scontext=u:r:ethernet:s0 tcontext=u:object_r:sysfs:s0 tclass=dir permissive=1
07-27 09:59:43.406 1564 1564 I service_manager_stats: [100,10,9220]
07-27 09:59:43.447 1564 1564 I rescue_note: [0,1,9261]
07-27 09:59:43.856 1564 1679 I am_wtf : [0,1564,system_server,-1,DisplayDeviceConfig,requesting nits when no mapping exists.]
07-27 09:59:43.857 1564 1679 I am_wtf : [0,1564,system_server,-1,DisplayDeviceConfig,requesting nits when no mapping exists.]
07-27 09:59:43.863 1564 1564 I boot_progress_pms_start: 9677
07-27 09:59:43.974 1564 1564 I boot_progress_pms_system_scan_start: 9788
07-27 09:59:43.974 1564 1564 I pm_critical_info: Upgrading from HiPhi/PassengerDisplay_CN/PassengerDisplay:12/SKQ1.220201.001/1375:user/release-keys to HiPhi/PassengerDisplay_CN/PassengerDisplay:12/SKQ1.220201.001/5019:user/release-keys
07-27 09:59:45.876 1564 1564 I boot_progress_pms_data_scan_start: 11691
07-27 09:59:47.780 1564 1564 I boot_progress_pms_scan_end: 13594
07-27 09:59:47.867 1564 1564 I commit_sys_config_file: [package-user-0,0]
07-27 09:59:47.867 1564 1564 I commit_sys_config_file: [package,16]
07-27 09:59:47.867 1564 1564 I boot_progress_pms_ready: 13682
07-27 09:59:47.930 1564 1564 I am_uid_running: 1000
07-27 09:59:47.930 1564 1564 I am_uid_active: 1000
07-27 09:59:47.948 1564 1564 I commit_sys_config_file: [overlays,0]
07-27 09:59:47.953 1564 1691 I battery_status: [1,1,0,0,]
07-27 09:59:48.035 1564 1564 I wm_task_created: [1,-1]
07-27 09:59:48.040 1564 1679 I sysui_multi_action: [757,1594,758,4,759,0,806,NULL]
07-27 09:59:48.060 1564 1564 I configuration_changed: 536894968
07-27 09:59:48.061 1564 1564 I sysui_multi_action: [757,1659,758,4,759,2,1660,0]
07-27 09:59:48.078 1564 1564 I configuration_changed: 8
07-27 09:59:48.249 1564 1843 I commit_sys_config_file: [settings-0-0,1]
07-27 09:59:49.050 1564 1678 I service_manager_stats: [508,91,5644]
07-27 09:59:51.042 1564 1564 I sysui_multi_action: [757,804,799,opt_dialog_num_dexopted,801,0,802,1]
07-27 09:59:51.042 1564 1564 I sysui_multi_action: [757,804,799,opt_dialog_num_skipped,801,143,802,1]
07-27 09:59:51.043 1564 1564 I sysui_multi_action: [757,804,799,opt_dialog_num_failed,801,0,802,1]
07-27 09:59:51.043 1564 1564 I sysui_multi_action: [757,804,799,opt_dialog_num_total,801,130,802,1]
07-27 09:59:51.043 1564 1564 I sysui_multi_action: [757,804,799,opt_dialog_time_s,801,2,802,1] --------- beginning of radio
07-27 09:59:51.165 1564 1564 D TelephonyRegistry: listen oscl: mHasNotifySubscriptionInfoChangedOccurred==false no callback
07-27 09:59:51.217 1564 1911 I storage_state: [41217664-9172-527a-b3d5-edabb50a7d69,0,0,111361441792,118610538496]
07-27 09:59:51.320 1564 1564 I configuration_changed: 512
07-27 09:59:51.330 1564 1914 I stream_devices_changed: [3,0,2]
07-27 09:59:51.352 1564 1914 I stream_devices_changed: [6,0,1]
07-27 09:59:51.399 1564 1564 I auditd : type=1400 audit(0.0:1134): avc: denied { getattr } for comm=4572726F722064756D703A20737973 path="/data/tlog/fatal/dropbox" dev="dm-10" ino=301 scontext=u:r:system_server:s0 tcontext=u:object_r:tlog_data_file:s0 tclass=dir permissive=1
07-27 09:59:51.399 1564 1564 I auditd : type=1400 audit(0.0:1135): avc: denied { read } for comm=4572726F722064756D703A20737973 name="dropbox" dev="dm-10" ino=301 scontext=u:r:system_server:s0 tcontext=u:object_r:tlog_data_file:s0 tclass=dir permissive=1
07-27 09:59:51.399 1564 1564 I auditd : type=1400 audit(0.0:1136): avc: denied { open } for comm=4572726F722064756D703A20737973 path="/data/tlog/fatal/dropbox" dev="dm-10" ino=301 scontext=u:r:system_server:s0 tcontext=u:object_r:tlog_data_file:s0 tclass=dir permissive=1
07-27 09:59:51.422 1564 1564 I commit_sys_config_file: [package-session,0]
07-27 09:59:51.460 1564 1678 I commit_sys_config_file: [notification-policy,3]
07-27 09:59:51.524 1564 1564 I snet_event_log: [35028827,-1,account:Account {name=应用宝, type=com.tencent.android.qqdownloader.YYBLiveAccountProvider.account} provider:com.tencent.android.qqdownloader.YYBLiveAccountProvider1 user:0]
07-27 09:59:51.524 1564 1564 I snet_event_log: [26513719,-1,Malformed authority]
07-27 09:59:51.551 1564 1564 I auditd : type=1400 audit(0.0:1137): avc: denied { read } for comm="android.display" name="u:object_r:vendor_wfd_sys_debug_prop:s0" dev="tmpfs" ino=11729 scontext=u:r:system_server:s0 tcontext=u:object_r:vendor_wfd_sys_debug_prop:s0 tclass=file permissive=1
07-27 09:59:51.551 1564 1564 I auditd : type=1400 audit(0.0:1138): avc: denied { open } for comm="android.display" path="/dev/__properties__/u:object_r:vendor_wfd_sys_debug_prop:s0" dev="tmpfs" ino=11729 scontext=u:r:system_server:s0 tcontext=u:object_r:vendor_wfd_sys_debug_prop:s0 tclass=file permissive=1
07-27 09:59:51.551 1564 1564 I auditd : type=1400 audit(0.0:1139): avc: denied { getattr } for comm="android.display" path="/dev/__properties__/u:object_r:vendor_wfd_sys_debug_prop:s0" dev="tmpfs" ino=11729 scontext=u:r:system_server:s0 tcontext=u:object_r:vendor_wfd_sys_debug_prop:s0 tclass=file permissive=1
07-27 09:59:51.551 1564 1564 I auditd : type=1400 audit(0.0:1140): avc: denied { map } for comm="android.display" path="/dev/__properties__/u:object_r:vendor_wfd_sys_debug_prop:s0" dev="tmpfs" ino=11729 scontext=u:r:system_server:s0 tcontext=u:object_r:vendor_wfd_sys_debug_prop:s0 tclass=file permissive=1
07-27 09:59:51.565 1564 1564 I boot_progress_ams_ready: 17379
07-27 09:59:51.567 1564 1564 I configuration_changed: 268435456
07-27 09:59:51.582 1564 1678 I am_uid_running: 1002
07-27 09:59:51.589 1564 1695 I am_proc_start: [0,1961,1002,com.android.bluetooth,service,{com.android.bluetooth/com.android.bluetooth.btservice.AdapterService}]
07-27 09:59:51.592 1564 1564 I am_uid_running: 10081
07-27 09:59:51.597 1564 1695 I am_proc_start: [0,1963,10081,com.android.systemui,service,{com.android.systemui/com.android.systemui.ImageWallpaper}]
07-27 09:59:51.600 1564 1676 I am_uid_running: 10093
07-27 09:59:51.608 1564 1695 I am_proc_start: [0,1977,10093,com.android.permissioncontroller,service,{com.android.permissioncontroller/com.android.permissioncontroller.permission.service.PermissionControllerServiceImpl}]
07-27 09:59:51.611 1564 1611 I am_proc_bound: [0,1961,com.android.bluetooth]
07-27 09:59:51.617 1564 1611 I am_uid_active: 1002
07-27 09:59:51.620 1564 1611 I am_proc_bound: [0,1963,com.android.systemui]
07-27 09:59:51.623 1564 1611 I am_uid_active: 10081
07-27 09:59:51.635 1564 1611 I am_proc_bound: [0,1977,com.android.permissioncontroller]
07-27 09:59:51.636 1564 1611 I am_uid_active: 10093
07-27 09:59:51.735 1564 2033 I wm_task_created: [2,-1]
07-27 09:59:51.736 1564 2033 I wm_task_created: [3,-1]
07-27 09:59:51.756 1564 2033 I wm_task_created: [4,-1]
07-27 09:59:51.757 1564 2033 I wm_task_created: [5,-1]
07-27 09:59:51.759 1961 2068 I bt_config_source: 1
07-27 09:59:51.760 1961 2068 I bt_config_source: 1
07-27 09:59:51.762 1564 2033 I wm_task_created: [6,-1]
07-27 09:59:51.770 1961 2068 I liblog : 30
07-27 09:59:51.805 1564 1892 I am_uid_running: 1037
07-27 09:59:51.810 1564 1895 I commit_sys_config_file: [net-policy,2]
07-27 09:59:51.822 1564 1894 D TelephonyRegistry: listen oscl: mHasNotifySubscriptionInfoChangedOccurred==false no callback
07-27 09:59:51.850 1564 1895 D TelephonyRegistry: listen oscl: mHasNotifySubscriptionInfoChangedOccurred==false no callback
07-27 09:59:51.864 1564 1564 D TelephonyRegistry: listen oscl: mHasNotifySubscriptionInfoChangedOccurred==false no callback
07-27 09:59:51.877 1564 1695 I am_proc_start: [0,2110,1037,WebViewLoader-armeabi-v7a,NULL,]
07-27 09:59:51.882 1564 1695 I am_proc_start: [0,2114,1037,WebViewLoader-arm64-v8a,NULL,]
07-27 09:59:51.893 1564 1564 D TelephonyRegistry: listen oscl: mHasNotifySubscriptionInfoChangedOccurred==false no callback
07-27 09:59:51.907 1564 1825 I am_proc_bound: [0,2114,WebViewLoader-arm64-v8a]
07-27 09:59:51.909 1564 1825 I am_uid_active: 1037
07-27 09:59:51.920 1564 2090 I am_proc_bound: [0,2110,WebViewLoader-armeabi-v7a]
07-27 09:59:51.933 1564 1676 W CarrierConfigManager: Error getting config for subId -1 ICarrierConfigLoader is null
07-27 09:59:51.935 1564 2090 D TelephonyRegistry: listen oscl: mHasNotifySubscriptionInfoChangedOccurred==false no callback
07-27 09:59:51.968 1564 1564 I am_uid_running: 1073
07-27 09:59:51.973 1564 1564 I configuration_changed: 16384
07-27 09:59:51.981 1564 1609 I am_proc_died: [0,2114,WebViewLoader-arm64-v8a,-700,0]
07-27 09:59:51.981 1564 1692 I netstats_mobile_sample: [0,0,0,0,0,0,0,0,0,0,0,0,1690423191981]
07-27 09:59:51.981 1564 1692 I netstats_wifi_sample: [0,0,0,0,0,0,0,0,0,0,0,0,1690423191981]
07-27 09:59:51.982 1564 1609 I am_mem_factor: [1,0]
07-27 09:59:51.983 1564 1609 I am_low_memory: 5
07-27 09:59:51.986 1564 1825 I am_proc_died: [0,2110,WebViewLoader-armeabi-v7a,-700,0]
07-27 09:59:51.986 1564 1825 I am_uid_stopped: 1037
07-27 09:59:51.988 1564 1825 I am_low_memory: 4
07-27 09:59:51.990 1564 1695 I am_proc_start: [0,2193,1073,com.android.networkstack.process,service,{com.android.networkstack/com.android.server.NetworkStackService}]
07-27 09:59:51.991 1564 1564 D TelephonyRegistry: systemRunning register for intents
07-27 09:59:51.994 1564 1564 I ssm_user_starting: 0
07-27 09:59:52.008 1564 1692 I netstats_mobile_sample: [0,0,0,0,0,0,0,0,0,0,0,0,1690423192008]
07-27 09:59:52.008 1564 1692 I netstats_wifi_sample: [0,0,0,0,0,0,0,0,0,0,0,0,1690423192008]
07-27 09:59:52.012 1564 2014 I am_proc_bound: [0,2193,com.android.networkstack.process]
07-27 09:59:52.015 1564 2014 I am_uid_active: 1073
07-27 09:59:52.021 1564 1692 I netstats_mobile_sample: [0,0,0,0,0,0,0,0,0,0,0,0,1690423192021]
07-27 09:59:52.021 1564 1692 I netstats_wifi_sample: [0,0,0,0,0,0,0,0,0,0,0,0,1690423192021]
07-27 09:59:52.038 1564 1692 I netstats_mobile_sample: [0,0,0,0,0,0,0,0,0,0,0,0,1690423192038]
07-27 09:59:52.038 1564 1692 I netstats_wifi_sample: [0,0,0,0,0,0,0,0,0,0,0,0,1690423192038]
07-27 09:59:52.051 1564 1692 I netstats_mobile_sample: [0,0,0,0,0,0,0,0,0,0,0,0,1690423192051]
07-27 09:59:52.051 1564 1692 I netstats_wifi_sample: [0,0,0,0,0,0,0,0,0,0,0,0,1690423192051]
07-27 09:59:52.059 1564 1692 I netstats_mobile_sample: [0,0,0,0,0,0,0,0,0,0,0,0,1690423192059]
07-27 09:59:52.059 1564 1692 I netstats_wifi_sample: [0,0,0,0,0,0,0,0,0,0,0,0,1690423192059]
07-27 09:59:52.065 1564 1692 I netstats_mobile_sample: [0,0,0,0,0,0,0,0,0,0,0,0,1690423192065]
07-27 09:59:52.065 1564 1692 I netstats_wifi_sample: [0,0,0,0,0,0,0,0,0,0,0,0,1690423192065]
07-27 09:59:52.072 1564 1692 I netstats_mobile_sample: [0,0,0,0,0,0,0,0,0,0,0,0,1690423192072]
07-27 09:59:52.073 1564 1692 I netstats_wifi_sample: [0,0,0,0,0,0,0,0,0,0,0,0,1690423192072]
07-27 09:59:52.074 1564 1843 I commit_sys_config_file: [settings-0-0,6]
07-27 09:59:52.092 1564 1692 I netstats_mobile_sample: [0,0,0,0,0,0,0,0,0,0,0,0,1690423192092]
07-27 09:59:52.092 1564 1692 I netstats_wifi_sample: [0,0,0,0,0,0,0,0,0,0,0,0,1690423192092]
07-27 09:59:52.127 1564 1692 I netstats_mobile_sample: [0,0,0,0,0,0,0,0,0,0,0,0,1690423192127]
07-27 09:59:52.127 1564 1692 I netstats_wifi_sample: [0,0,0,0,0,0,0,0,0,0,0,0,1690423192127]
07-27 09:59:52.145 1564 1692 I netstats_mobile_sample: [0,0,0,0,0,0,0,0,0,0,0,0,1690423192145]
07-27 09:59:52.145 1564 1692 I netstats_wifi_sample: [0,0,0,0,0,0,0,0,0,0,0,0,1690423192145]
07-27 09:59:52.163 1564 1692 I netstats_mobile_sample: [0,0,0,0,0,0,0,0,0,0,0,0,1690423192163]
07-27 09:59:52.163 1564 1692 I netstats_wifi_sample: [0,0,0,0,0,0,0,0,0,0,0,0,1690423192163]
07-27 09:59:52.165 1564 1564 I am_uid_running: 1001
07-27 09:59:52.168 1564 1564 I am_uid_running: 10056
07-27 09:59:52.177 1564 1692 I netstats_mobile_sample: [0,0,0,0,0,0,0,0,0,0,0,0,1690423192177]
07-27 09:59:52.178 1564 1692 I netstats_wifi_sample: [0,0,0,0,0,0,0,0,0,0,0,0,1690423192177]
07-27 09:59:52.178 1564 1564 I am_uid_running: 10084
07-27 09:59:52.180 1564 1564 I am_uid_running: 1068
07-27 09:59:52.185 1564 1692 I netstats_mobile_sample: [0,0,0,0,0,0,0,0,0,0,0,0,1690423192185]
07-27 09:59:52.185 1564 1692 I netstats_wifi_sample: [0,0,0,0,0,0,0,0,0,0,0,0,1690423192185]
07-27 09:59:52.186 1564 1564 I am_uid_running: 10064
07-27 09:59:52.197 1564 1692 I netstats_mobile_sample: [0,0,0,0,0,0,0,0,0,0,0,0,1690423192197]
07-27 09:59:52.197 1564 1692 I netstats_wifi_sample: [0,0,0,0,0,0,0,0,0,0,0,0,1690423192197]
07-27 09:59:52.200 1564 1692 D TelephonyRegistry: listen oscl: mHasNotifySubscriptionInfoChangedOccurred==false no callback
07-27 09:59:52.208 1564 1564 I wm_task_created: [7,-1]
07-27 09:59:52.209 1564 1564 I wm_task_moved: [7,1,2147483647]
07-27 09:59:52.211 1564 1564 I wm_task_moved: [1,1,5]
07-27 09:59:52.211 1564 1564 I wm_create_task: [0,7]
07-27 09:59:52.211 1564 1564 I wm_create_activity: [0,218353822,7,com.android.settings/.FallbackHome,android.intent.action.MAIN,NULL,NULL,276824320]
07-27 09:59:52.211 1564 1564 I wm_task_moved: [1,1,5]
07-27 09:59:52.211 1564 1564 I wm_task_moved: [7,1,2147483647]
07-27 09:59:52.211 1564 1564 I wm_task_to_front: [0,7]
07-27 09:59:52.296 1564 1564 I uc_send_user_broadcast: [0,android.intent.action.USER_FOREGROUND]
07-27 09:59:52.296 1564 1564 I uc_send_user_broadcast: [0,android.intent.action.USER_SWITCHED]
07-27 09:59:52.298 1564 1695 I am_proc_start: [0,2257,1000,com.thundercomm.gamemode,added application,com.thundercomm.gamemode]
07-27 09:59:52.305 1564 1695 I am_proc_start: [0,2297,1000,com.thundercomm.microservice,added application,com.thundercomm.microservice]
07-27 09:59:52.311 1564 2033 I am_proc_bound: [0,2257,com.thundercomm.gamemode]
07-27 09:59:52.320 1564 1695 I am_proc_start: [0,2300,1000,com.thundercomm.microsettings,added application,com.thundercomm.microsettings]
07-27 09:59:52.336 1564 1695 I am_proc_start: [0,2319,1001,.dataservices,added application,.dataservices]
07-27 09:59:52.338 1564 1564 I notification_cancel_all: [1000,1564,android,0,0,0,20,NULL]
07-27 09:59:52.340 1564 1564 I am_uid_running: 10095
07-27 09:59:52.344 1564 2033 I am_proc_bound: [0,2297,com.thundercomm.microservice]
07-27 09:59:52.357 1564 1695 I am_proc_start: [0,2331,10056,.qtidataservices,added application,.qtidataservices]
07-27 09:59:52.355 1172 1172 I auditd : type=1400 audit(0.0:1141): avc: denied { read } for comm="traced_probes" name="format" dev="tracefs" ino=6416 scontext=u:r:traced_probes:s0 tcontext=u:object_r:debugfs_tracing_debug:s0 tclass=file permissive=1
07-27 09:59:52.355 1172 1172 I auditd : type=1400 audit(0.0:1142): avc: denied { open } for comm="traced_probes" path="/sys/kernel/tracing/events/block/block_bio_backmerge/format" dev="tracefs" ino=6416 scontext=u:r:traced_probes:s0 tcontext=u:object_r:debugfs_tracing_debug:s0 tclass=file permissive=1
07-27 09:59:52.355 1172 1172 I auditd : type=1400 audit(0.0:1143): avc: denied { getattr } for comm="traced_probes" path="/sys/kernel/tracing/events/block/block_bio_backmerge/format" dev="tracefs" ino=6416 scontext=u:r:traced_probes:s0 tcontext=u:object_r:debugfs_tracing_debug:s0 tclass=file permissive=1
07-27 09:59:52.373 1564 1695 I am_proc_start: [0,2356,1000,com.thundercomm.tchttpserver,added application,com.thundercomm.tchttpserver]
07-27 09:59:52.378 1564 2090 I am_proc_bound: [0,2300,com.thundercomm.microsettings]
07-27 09:59:52.371 1172 1172 I auditd : type=1400 audit(0.0:1144): avc: denied { read } for comm="traced_probes" name="format" dev="tracefs" ino=4616 scontext=u:r:traced_probes:s0 tcontext=u:object_r:debugfs_tracing_debug:s0 tclass=file permissive=1
07-27 09:59:52.371 1172 1172 I auditd : type=1400 audit(0.0:1145): avc: denied { open } for comm="traced_probes" path="/sys/kernel/tracing/events/kmem/alloc_pages_iommu_end/format" dev="tracefs" ino=4616 scontext=u:r:traced_probes:s0 tcontext=u:object_r:debugfs_tracing_debug:s0 tclass=file permissive=1
07-27 09:59:52.371 1172 1172 I auditd : type=1400 audit(0.0:1146): avc: denied { getattr } for comm="traced_probes" path="/sys/kernel/tracing/events/kmem/alloc_pages_iommu_end/format" dev="tracefs" ino=4616 scontext=u:r:traced_probes:s0 tcontext=u:object_r:debugfs_tracing_debug:s0 tclass=file permissive=1
07-27 09:59:52.384 1564 2033 I am_proc_bound: [0,2319,.dataservices]
07-27 09:59:52.389 1564 2033 I am_uid_active: 1001
07-27 09:59:52.396 1564 1695 I am_proc_start: [0,2363,1000,com.tc.logclient,added application,com.tc.logclient]
07-27 09:59:52.403 1564 2014 I am_proc_bound: [0,2331,.qtidataservices]
07-27 09:59:52.410 1564 2014 I am_uid_active: 10056
07-27 09:59:52.415 1172 1172 I auditd : type=1400 audit(0.0:1147): avc: denied { read } for comm="traced_probes" name="set_event" dev="tracefs" ino=3074 scontext=u:r:traced_probes:s0 tcontext=u:object_r:debugfs_tracing_debug:s0 tclass=file permissive=1
07-27 09:59:52.415 1172 1172 I auditd : type=1400 audit(0.0:1148): avc: denied { open } for comm="traced_probes" path="/sys/kernel/tracing/set_event" dev="tracefs" ino=3074 scontext=u:r:traced_probes:s0 tcontext=u:object_r:debugfs_tracing_debug:s0 tclass=file permissive=1
07-27 09:59:52.415 1172 1172 I auditd : type=1400 audit(0.0:1149): avc: denied { getattr } for comm="traced_probes" path="/sys/kernel/tracing/set_event" dev="tracefs" ino=3074 scontext=u:r:traced_probes:s0 tcontext=u:object_r:debugfs_tracing_debug:s0 tclass=file permissive=1
07-27 09:59:52.411 1564 1695 I am_proc_start: [0,2404,1000,com.thundercomm.tcsetupwizard,added application,com.thundercomm.tcsetupwizard]
07-27 09:59:52.413 1564 2090 I am_uid_running: 10065
07-27 09:59:52.422 1564 2014 I am_proc_bound: [0,2356,com.thundercomm.tchttpserver]
07-27 09:59:52.423 2319 2319 I service_manager_slow: [14,vendor.perfservice]
07-27 09:59:52.436 1564 1695 I am_proc_start: [0,2434,1000,vendor.qti.qesdk.sysservice,added application,vendor.qti.qesdk.sysservice]
07-27 09:59:52.441 1564 2033 I am_proc_bound: [0,2404,com.thundercomm.tcsetupwizard]
07-27 09:59:52.449 2363 2363 I service_manager_slow: [10,activity]
07-27 09:59:52.449 1564 2033 I am_proc_bound: [0,2363,com.tc.logclient]
07-27 09:59:52.469 1564 1695 I am_proc_start: [0,2442,10084,com.qti.qualcomm.mstatssystemservice,added application,com.qti.qualcomm.mstatssystemservice]
07-27 09:59:52.478 1564 2084 I am_uid_running: 10078
07-27 09:59:52.479 1564 2033 I am_proc_bound: [0,2434,vendor.qti.qesdk.sysservice]
07-27 09:59:52.487 1564 2084 I am_proc_bound: [0,2442,com.qti.qualcomm.mstatssystemservice]
07-27 09:59:52.491 1564 2084 I am_uid_active: 10084
07-27 09:59:52.493 1564 1695 I am_proc_start: [0,2480,1068,com.android.se,added application,com.android.se]
07-27 09:59:52.501 1564 1695 I am_proc_start: [0,2493,1000,com.thundercomm.remotecontrolservice,added application,com.thundercomm.remotecontrolservice]
07-27 09:59:52.517 1564 1695 I am_proc_start: [0,2498,1000,com.thundercomm.tcservice,added application,com.thundercomm.tcservice]
07-27 09:59:52.538 1564 1609 I am_proc_bound: [0,2480,com.android.se]
07-27 09:59:52.541 1564 1609 I am_uid_active: 1068
07-27 09:59:52.544 1564 1695 I am_proc_start: [0,2532,10064,com.qualcomm.qti.devicestatisticsservice,added application,com.qualcomm.qti.devicestatisticsservice]
07-27 09:59:52.561 1564 1695 I am_proc_start: [0,2551,1000,com.qualcomm.qti.qdma,added application,com.qualcomm.qti.qdma]
07-27 09:59:52.568 1564 1825 I am_proc_bound: [0,2493,com.thundercomm.remotecontrolservice]
07-27 09:59:52.568 2498 2498 I service_manager_slow: [19,activity]
07-27 09:59:52.573 1564 1609 I am_proc_bound: [0,2498,com.thundercomm.tcservice]
07-27 09:59:52.580 1564 1695 I am_proc_start: [0,2556,1000,com.android.settings,top-activity,{com.android.settings/com.android.settings.FallbackHome}]
07-27 09:59:52.601 1564 1695 I am_proc_start: [0,2597,10095,android.ext.services,service,{android.ext.services/android.ext.services.autofill.InlineSuggestionRenderServiceImpl}]
07-27 09:59:52.607 1564 2084 I am_proc_bound: [0,2556,com.android.settings]
07-27 09:59:52.611 1564 2084 I wm_restart_activity: [0,218353822,7,com.android.settings/.FallbackHome]
07-27 09:59:52.620 1564 2084 I wm_set_resumed_activity: [0,com.android.settings/.FallbackHome,minimalResumeActivityLocked]
07-27 09:59:52.623 1564 1695 I am_proc_start: [0,2613,10065,com.thundercomm.gamemode.provider,content provider,{com.thundercomm.gamemode.provider/com.thundercomm.gamemode.provider.SettingsProvider}]
07-27 09:59:52.630 1564 1611 I am_proc_bound: [0,2551,com.qualcomm.qti.qdma]
07-27 09:59:52.638 1564 1825 I am_proc_bound: [0,2532,com.qualcomm.qti.devicestatisticsservice]
07-27 09:59:53.001 1564 1694 I am_wtf : [0,1564,system_server,-1,LazyAlarmStore,Removed TIME_TICK alarm]
07-27 09:59:53.010 1564 1825 I am_uid_active: 10064
07-27 09:59:53.013 1564 1609 I am_proc_bound: [0,2597,android.ext.services]
07-27 09:59:53.018 1564 1609 I am_uid_active: 10095
07-27 09:59:53.029 1564 1695 I am_proc_start: [0,2647,10078,com.android.launcher3,service,{com.android.launcher3/com.android.quickstep.TouchInteractionService}]
07-27 09:59:53.032 1564 1694 I am_mem_factor: [0,1]
07-27 09:59:53.042 1564 1611 I am_proc_bound: [0,2613,com.thundercomm.gamemode.provider]
