07-27 10:12:50.064 1564 2033 D PowerManagerNotifier: onWakeLockReleased: flags=1, tag="PlatformComm", packageName=com.tencent.mm, ownerUid=10098, ownerPid=18223, workSource=null
07-27 10:12:50.064 1564 2033 D PowerManagerService: updateWakeLockSummaryLocked: mWakefulness=Awake, mWakeLockSummary=0x1
07-27 10:12:50.064 1564 2033 D PowerManagerService: updateUserActivitySummaryLocked: groupId=0, mWakefulness=Awake, mUserActivitySummary=0x1, nextTimeout=854617 (in 59520 ms)
07-27 10:12:50.064 1564 2033 D PowerManagerNotifier: onScreenPolicyUpdate: newPolicy=3
07-27 10:12:50.065 1564 2033 D PowerManagerService: updateDisplayPowerStateLocked: displayReady=true, groupId=0, policy=BRIGHT, mWakefulness=Awake, mWakeLockSummary=0x1, mUserActivitySummary=0x1, mBootCompleted=true, screenBrightnessOverride=NaN, useAutoBrightness=true, mScreenBrightnessBoostInProgress=false, mIsVrModeEnabled= false, sQuiescent=false
07-27 10:12:50.066 1564 2033 D PowerManagerService: acquireWakeLockInternal: lock=200503883, flags=0x1, tag="PlatformComm", ws=null, uid=10098, pid=18223
07-27 10:12:50.066 1564 2033 D PowerManagerService: updateWakeLockSummaryLocked: mWakefulness=Awake, mWakeLockSummary=0x1
07-27 10:12:50.066 1564 2033 D PowerManagerService: updateUserActivitySummaryLocked: groupId=0, mWakefulness=Awake, mUserActivitySummary=0x1, nextTimeout=854617 (in 59518 ms)
07-27 10:12:50.066 1564 2033 D PowerManagerNotifier: onScreenPolicyUpdate: newPolicy=3
07-27 10:12:50.067 1564 2033 D PowerManagerService: updateDisplayPowerStateLocked: displayReady=true, groupId=0, policy=BRIGHT, mWakefulness=Awake, mWakeLockSummary=0x1, mUserActivitySummary=0x1, mBootCompleted=true, screenBrightnessOverride=NaN, useAutoBrightness=true, mScreenBrightnessBoostInProgress=false, mIsVrModeEnabled= false, sQuiescent=false
07-27 10:12:50.067 1564 2033 D PowerManagerNotifier: onWakeLockAcquired: flags=1, tag="PlatformComm", packageName=com.tencent.mm, ownerUid=10098, ownerPid=18223, workSource=null
07-27 10:12:50.106 1564 1609 D PowerManagerService: acquireWakeLockInternal: lock=13137269, flags=0x1, tag="NetworkStats", ws=null, uid=1000, pid=1564
07-27 10:12:50.106 1564 1609 D PowerManagerService: updateWakeLockSummaryLocked: mWakefulness=Awake, mWakeLockSummary=0x1
07-27 10:12:50.106 1564 1609 D PowerManagerService: updateUserActivitySummaryLocked: groupId=0, mWakefulness=Awake, mUserActivitySummary=0x1, nextTimeout=854617 (in 59479 ms)
07-27 10:12:50.106 1564 1609 D PowerManagerNotifier: onScreenPolicyUpdate: newPolicy=3
07-27 10:12:50.106 1564 1609 D PowerManagerService: updateDisplayPowerStateLocked: displayReady=true, groupId=0, policy=BRIGHT, mWakefulness=Awake, mWakeLockSummary=0x1, mUserActivitySummary=0x1, mBootCompleted=true, screenBrightnessOverride=NaN, useAutoBrightness=true, mScreenBrightnessBoostInProgress=false, mIsVrModeEnabled= false, sQuiescent=false
07-27 10:12:50.106 1564 1609 D PowerManagerNotifier: onWakeLockAcquired: flags=1, tag="NetworkStats", packageName=android, ownerUid=1000, ownerPid=1564, workSource=null
07-27 10:12:50.117 1564 1609 I netstats_mobile_sample: [0,0,0,0,0,0,0,0,0,0,0,0,1690423966684]
07-27 10:12:50.117 1564 1609 I netstats_wifi_sample: [771462,779,2523101,4610,771462,779,2523101,4610,8429054,8210,1984093,4023,1690423966684]
07-27 10:12:50.117 1564 1609 D PowerManagerService: releaseWakeLockInternal: lock=13137269 [NetworkStats], flags=0x0
07-27 10:12:50.117 1564 1609 D PowerManagerNotifier: onWakeLockReleased: flags=1, tag="NetworkStats", packageName=android, ownerUid=1000, ownerPid=1564, workSource=null
07-27 10:12:50.118 1564 1609 D PowerManagerService: updateWakeLockSummaryLocked: mWakefulness=Awake, mWakeLockSummary=0x1
07-27 10:12:50.118 1564 1609 D PowerManagerService: updateUserActivitySummaryLocked: groupId=0, mWakefulness=Awake, mUserActivitySummary=0x1, nextTimeout=854617 (in 59466 ms)
07-27 10:12:50.121 1564 1609 D PowerManagerNotifier: onScreenPolicyUpdate: newPolicy=3
07-27 10:12:50.121 1564 1609 D PowerManagerService: updateDisplayPowerStateLocked: displayReady=true, groupId=0, policy=BRIGHT, mWakefulness=Awake, mWakeLockSummary=0x1, mUserActivitySummary=0x1, mBootCompleted=true, screenBrightnessOverride=NaN, useAutoBrightness=true, mScreenBrightnessBoostInProgress=false, mIsVrModeEnabled= false, sQuiescent=false
07-27 10:12:50.184 1564 1609 D CompatibilityInfo: mCompatibilityFlags - 4
07-27 10:12:50.184 1564 1609 D CompatibilityInfo: applicationDensity - 240
07-27 10:12:50.184 1564 1609 D CompatibilityInfo: applicationScale - 1.0
07-27 10:12:50.234 2297 2596 D MicroService: handleHeartBeat:419
07-27 10:12:50.260 18078 18118 I DpmTcmClient: RegisterTcmMonitor from: $Proxy2
07-27 10:12:50.303 1564 2033 D PowerManagerService: releaseWakeLockInternal: lock=262248218 [MicroMsg.MMAutoAuth], flags=0x0
07-27 10:12:50.303 1564 2033 D PowerManagerNotifier: onWakeLockReleased: flags=1, tag="MicroMsg.MMAutoAuth", packageName=com.tencent.mm, ownerUid=10098, ownerPid=18223, workSource=null
07-27 10:12:50.304 1564 2033 D PowerManagerService: updateWakeLockSummaryLocked: mWakefulness=Awake, mWakeLockSummary=0x1
07-27 10:12:50.304 1564 2033 D PowerManagerService: updateUserActivitySummaryLocked: groupId=0, mWakefulness=Awake, mUserActivitySummary=0x1, nextTimeout=854617 (in 59281 ms)
07-27 10:12:50.304 1564 2033 D PowerManagerNotifier: onScreenPolicyUpdate: newPolicy=3
07-27 10:12:50.304 1564 2033 D PowerManagerService: updateDisplayPowerStateLocked: displayReady=true, groupId=0, policy=BRIGHT, mWakefulness=Awake, mWakeLockSummary=0x1, mUserActivitySummary=0x1, mBootCompleted=true, screenBrightnessOverride=NaN, useAutoBrightness=true, mScreenBrightnessBoostInProgress=false, mIsVrModeEnabled= false, sQuiescent=false
07-27 10:12:50.307 1564 2033 D PowerManagerService: acquireWakeLockInternal: lock=262248218, flags=0x1, tag="MicroMsg.MMAutoAuth", ws=null, uid=10098, pid=18223
07-27 10:12:50.308 1564 2033 D PowerManagerService: updateWakeLockSummaryLocked: mWakefulness=Awake, mWakeLockSummary=0x1
07-27 10:12:50.308 1564 2033 D PowerManagerService: updateUserActivitySummaryLocked: groupId=0, mWakefulness=Awake, mUserActivitySummary=0x1, nextTimeout=854617 (in 59277 ms)
07-27 10:12:50.308 1564 2033 D PowerManagerNotifier: onScreenPolicyUpdate: newPolicy=3
07-27 10:12:50.308 1564 2033 D PowerManagerService: updateDisplayPowerStateLocked: displayReady=true, groupId=0, policy=BRIGHT, mWakefulness=Awake, mWakeLockSummary=0x1, mUserActivitySummary=0x1, mBootCompleted=true, screenBrightnessOverride=NaN, useAutoBrightness=true, mScreenBrightnessBoostInProgress=false, mIsVrModeEnabled= false, sQuiescent=false
07-27 10:12:50.308 1564 2033 D PowerManagerNotifier: onWakeLockAcquired: flags=1, tag="MicroMsg.MMAutoAuth", packageName=com.tencent.mm, ownerUid=10098, ownerPid=18223, workSource=null
07-27 10:12:50.330 1564 2033 D CompatibilityInfo: mCompatibilityFlags - 4
07-27 10:12:50.330 1564 2033 D CompatibilityInfo: applicationDensity - 240
07-27 10:12:50.330 1564 2033 D CompatibilityInfo: applicationScale - 1.0
07-27 10:12:50.332 1564 1609 D PowerManagerService: releaseWakeLockInternal: lock=250586413 [], flags=0x0
07-27 10:12:50.332 1564 1609 D PowerManagerNotifier: onWakeLockReleased: flags=1, tag="", packageName=com.tencent.qqlive, ownerUid=10100, ownerPid=19425, workSource=null
07-27 10:12:50.332 2297 2297 D MicroService: onHeartBeatDetected
07-27 10:12:50.332 1564 1609 D PowerManagerService: updateWakeLockSummaryLocked: mWakefulness=Awake, mWakeLockSummary=0x1
07-27 10:12:50.332 2297 2297 D MicroService: sendHeartbeatMessage
07-27 10:12:50.332 1564 1609 D PowerManagerService: updateUserActivitySummaryLocked: groupId=0, mWakefulness=Awake, mUserActivitySummary=0x1, nextTimeout=854617 (in 59253 ms)
07-27 10:12:50.332 1564 1609 D PowerManagerNotifier: onScreenPolicyUpdate: newPolicy=3
07-27 10:12:50.332 1564 1609 D PowerManagerService: updateDisplayPowerStateLocked: displayReady=true, groupId=0, policy=BRIGHT, mWakefulness=Awake, mWakeLockSummary=0x1, mUserActivitySummary=0x1, mBootCompleted=true, screenBrightnessOverride=NaN, useAutoBrightness=true, mScreenBrightnessBoostInProgress=false, mIsVrModeEnabled= false, sQuiescent=false
07-27 10:12:50.343 1564 5594 D PowerManagerService: acquireWakeLockInternal: lock=11001920, flags=0x1, tag="", ws=null, uid=10100, pid=19425
07-27 10:12:50.343 1564 5594 D PowerManagerService: updateWakeLockSummaryLocked: mWakefulness=Awake, mWakeLockSummary=0x1
07-27 10:12:50.343 1564 5594 D PowerManagerService: updateUserActivitySummaryLocked: groupId=0, mWakefulness=Awake, mUserActivitySummary=0x1, nextTimeout=854617 (in 59242 ms)
07-27 10:12:50.343 1564 5594 D PowerManagerNotifier: onScreenPolicyUpdate: newPolicy=3
07-27 10:12:50.343 1564 5594 D PowerManagerService: updateDisplayPowerStateLocked: displayReady=true, groupId=0, policy=BRIGHT, mWakefulness=Awake, mWakeLockSummary=0x1, mUserActivitySummary=0x1, mBootCompleted=true, screenBrightnessOverride=NaN, useAutoBrightness=true, mScreenBrightnessBoostInProgress=false, mIsVrModeEnabled= false, sQuiescent=false
07-27 10:12:50.343 1564 5594 D PowerManagerNotifier: onWakeLockAcquired: flags=1, tag="", packageName=com.tencent.qqlive, ownerUid=10100, ownerPid=19425, workSource=null
07-27 10:12:50.358 1564 1609 D PowerManagerService: releaseWakeLockInternal: lock=200503883 [PlatformComm], flags=0x0
07-27 10:12:50.358 1564 1609 D PowerManagerNotifier: onWakeLockReleased: flags=1, tag="PlatformComm", packageName=com.tencent.mm, ownerUid=10098, ownerPid=18223, workSource=null
07-27 10:12:50.358 1564 1609 D PowerManagerService: updateWakeLockSummaryLocked: mWakefulness=Awake, mWakeLockSummary=0x1
07-27 10:12:50.358 1564 1609 D PowerManagerService: updateUserActivitySummaryLocked: groupId=0, mWakefulness=Awake, mUserActivitySummary=0x1, nextTimeout=854617 (in 59226 ms)
07-27 10:12:50.358 1564 1609 D PowerManagerNotifier: onScreenPolicyUpdate: newPolicy=3
07-27 10:12:50.359 1564 1609 D PowerManagerService: updateDisplayPowerStateLocked: displayReady=true, groupId=0, policy=BRIGHT, mWakefulness=Awake, mWakeLockSummary=0x1, mUserActivitySummary=0x1, mBootCompleted=true, screenBrightnessOverride=NaN, useAutoBrightness=true, mScreenBrightnessBoostInProgress=false, mIsVrModeEnabled= false, sQuiescent=false
07-27 10:12:50.359 1564 5594 D PowerManagerService: acquireWakeLockInternal: lock=200503883, flags=0x1, tag="PlatformComm", ws=null, uid=10098, pid=18223
07-27 10:12:50.359 1564 5594 D PowerManagerService: updateWakeLockSummaryLocked: mWakefulness=Awake, mWakeLockSummary=0x1
07-27 10:12:50.359 1564 5594 D PowerManagerService: updateUserActivitySummaryLocked: groupId=0, mWakefulness=Awake, mUserActivitySummary=0x1, nextTimeout=854617 (in 59225 ms)
07-27 10:12:50.359 1564 5594 D PowerManagerNotifier: onScreenPolicyUpdate: newPolicy=3
07-27 10:12:50.359 1564 5594 D PowerManagerService: updateDisplayPowerStateLocked: displayReady=true, groupId=0, policy=BRIGHT, mWakefulness=Awake, mWakeLockSummary=0x1, mUserActivitySummary=0x1, mBootCompleted=true, screenBrightnessOverride=NaN, useAutoBrightness=true, mScreenBrightnessBoostInProgress=false, mIsVrModeEnabled= false, sQuiescent=false
07-27 10:12:50.359 1564 5594 D PowerManagerNotifier: onWakeLockAcquired: flags=1, tag="PlatformComm", packageName=com.tencent.mm, ownerUid=10098, ownerPid=18223, workSource=null
07-27 10:12:50.385 660 673 I mpu_uart: [MSG-P:RECV]:No message received in 1000 ms
07-27 10:12:50.492 1564 1609 D CompatibilityInfo: mCompatibilityFlags - 4
07-27 10:12:50.492 1564 1609 D CompatibilityInfo: applicationDensity - 240
07-27 10:12:50.492 1564 1609 D CompatibilityInfo: applicationScale - 1.0
07-27 10:12:50.502 1564 1609 D PowerManagerService: releaseWakeLockInternal: lock=216952874 [AudioMix], flags=0x0
07-27 10:12:50.503 1564 1609 D PowerManagerNotifier: onWakeLockReleased: flags=1, tag="AudioMix", packageName=audioserver, ownerUid=1041, ownerPid=0, workSource=null
07-27 10:12:50.503 1564 1609 D PowerManagerService: updateWakeLockSummaryLocked: mWakefulness=Awake, mWakeLockSummary=0x1
07-27 10:12:50.503 1564 1609 D PowerManagerService: updateUserActivitySummaryLocked: groupId=0, mWakefulness=Awake, mUserActivitySummary=0x1, nextTimeout=854617 (in 59081 ms)
07-27 10:12:50.503 1564 1609 D PowerManagerNotifier: onScreenPolicyUpdate: newPolicy=3
07-27 10:12:50.504 1564 1609 D PowerManagerService: updateDisplayPowerStateLocked: displayReady=true, groupId=0, policy=BRIGHT, mWakefulness=Awake, mWakeLockSummary=0x1, mUserActivitySummary=0x1, mBootCompleted=true, screenBrightnessOverride=NaN, useAutoBrightness=true, mScreenBrightnessBoostInProgress=false, mIsVrModeEnabled= false, sQuiescent=false
07-27 10:12:50.507 1564 1609 D PowerManagerService: releaseWakeLockInternal: lock=36617755 [AudioMix], flags=0x0
07-27 10:12:50.507 1564 1609 D PowerManagerNotifier: onWakeLockReleased: flags=1, tag="AudioMix", packageName=audioserver, ownerUid=1041, ownerPid=0, workSource=null
07-27 10:12:50.507 1564 1609 D PowerManagerService: updateWakeLockSummaryLocked: mWakefulness=Awake, mWakeLockSummary=0x1
07-27 10:12:50.507 1564 1609 D PowerManagerService: updateUserActivitySummaryLocked: groupId=0, mWakefulness=Awake, mUserActivitySummary=0x1, nextTimeout=854617 (in 59078 ms)
07-27 10:12:50.507 1564 1609 D PowerManagerNotifier: onScreenPolicyUpdate: newPolicy=3
07-27 10:12:50.507 1564 1609 D PowerManagerService: updateDisplayPowerStateLocked: displayReady=true, groupId=0, policy=BRIGHT, mWakefulness=Awake, mWakeLockSummary=0x1, mUserActivitySummary=0x1, mBootCompleted=true, screenBrightnessOverride=NaN, useAutoBrightness=true, mScreenBrightnessBoostInProgress=false, mIsVrModeEnabled= false, sQuiescent=false
07-27 10:12:50.509 1564 1609 D PowerManagerService: releaseWakeLockInternal: lock=263543736 [AudioMix], flags=0x0
07-27 10:12:50.509 1564 1609 D PowerManagerNotifier: onWakeLockReleased: flags=1, tag="AudioMix", packageName=audioserver, ownerUid=1041, ownerPid=0, workSource=null
07-27 10:12:50.509 1564 1609 D PowerManagerService: updateWakeLockSummaryLocked: mWakefulness=Awake, mWakeLockSummary=0x1
07-27 10:12:50.509 1564 1609 D PowerManagerService: updateUserActivitySummaryLocked: groupId=0, mWakefulness=Awake, mUserActivitySummary=0x1, nextTimeout=854617 (in 59076 ms)
07-27 10:12:50.509 1564 1609 D PowerManagerNotifier: onScreenPolicyUpdate: newPolicy=3
07-27 10:12:50.509 1564 1609 D PowerManagerService: updateDisplayPowerStateLocked: displayReady=true, groupId=0, policy=BRIGHT, mWakefulness=Awake, mWakeLockSummary=0x1, mUserActivitySummary=0x1, mBootCompleted=true, screenBrightnessOverride=NaN, useAutoBrightness=true, mScreenBrightnessBoostInProgress=false, mIsVrModeEnabled= false, sQuiescent=false
07-27 10:12:50.511 1564 1609 D PowerManagerService: releaseWakeLockInternal: lock=175787409 [AudioMix], flags=0x0
07-27 10:12:50.511 1564 1609 D PowerManagerNotifier: onWakeLockReleased: flags=1, tag="AudioMix", packageName=audioserver, ownerUid=1041, ownerPid=0, workSource=null
07-27 10:12:50.512 1564 1609 D PowerManagerService: updateWakeLockSummaryLocked: mWakefulness=Awake, mWakeLockSummary=0x1
07-27 10:12:50.512 1564 1609 D PowerManagerService: updateUserActivitySummaryLocked: groupId=0, mWakefulness=Awake, mUserActivitySummary=0x1, nextTimeout=854617 (in 59073 ms)
07-27 10:12:50.512 1564 1609 D PowerManagerNotifier: onScreenPolicyUpdate: newPolicy=3
07-27 10:12:50.512 1564 1609 D PowerManagerService: updateDisplayPowerStateLocked: displayReady=true, groupId=0, policy=BRIGHT, mWakefulness=Awake, mWakeLockSummary=0x1, mUserActivitySummary=0x1, mBootCompleted=true, screenBrightnessOverride=NaN, useAutoBrightness=true, mScreenBrightnessBoostInProgress=false, mIsVrModeEnabled= false, sQuiescent=false
07-27 10:12:50.519 1564 2479 D PowerManagerService: releaseWakeLockInternal: lock=148595958 [AudioMix], flags=0x0
07-27 10:12:50.519 1564 2479 D PowerManagerNotifier: onWakeLockReleased: flags=1, tag="AudioMix", packageName=audioserver, ownerUid=1041, ownerPid=0, workSource=null
07-27 10:12:50.519 1564 2479 D PowerManagerService: updateWakeLockSummaryLocked: mWakefulness=Awake, mWakeLockSummary=0x1
07-27 10:12:50.519 1564 2479 D PowerManagerService: updateUserActivitySummaryLocked: groupId=0, mWakefulness=Awake, mUserActivitySummary=0x1, nextTimeout=854617 (in 59065 ms)
07-27 10:12:50.520 1564 2479 D PowerManagerNotifier: onScreenPolicyUpdate: newPolicy=3
07-27 10:12:50.520 1564 2479 D PowerManagerService: updateDisplayPowerStateLocked: displayReady=true, groupId=0, policy=BRIGHT, mWakefulness=Awake, mWakeLockSummary=0x1, mUserActivitySummary=0x1, mBootCompleted=true, screenBrightnessOverride=NaN, useAutoBrightness=true, mScreenBrightnessBoostInProgress=false, mIsVrModeEnabled= false, sQuiescent=false
07-27 10:12:50.569 1564 2479 D PowerManagerService: releaseWakeLockInternal: lock=11001920 [], flags=0x0
07-27 10:12:50.570 1564 2479 D PowerManagerNotifier: onWakeLockReleased: flags=1, tag="", packageName=com.tencent.qqlive, ownerUid=10100, ownerPid=19425, workSource=null
07-27 10:12:50.570 1564 2479 D PowerManagerService: updateWakeLockSummaryLocked: mWakefulness=Awake, mWakeLockSummary=0x1
07-27 10:12:50.570 1564 2479 D PowerManagerService: updateUserActivitySummaryLocked: groupId=0, mWakefulness=Awake, mUserActivitySummary=0x1, nextTimeout=854617 (in 59015 ms)
07-27 10:12:50.570 1564 2479 D PowerManagerNotifier: onScreenPolicyUpdate: newPolicy=3
07-27 10:12:50.570 1564 2479 D PowerManagerService: updateDisplayPowerStateLocked: displayReady=true, groupId=0, policy=BRIGHT, mWakefulness=Awake, mWakeLockSummary=0x1, mUserActivitySummary=0x1, mBootCompleted=true, screenBrightnessOverride=NaN, useAutoBrightness=true, mScreenBrightnessBoostInProgress=false, mIsVrModeEnabled= false, sQuiescent=false
07-27 10:12:50.581 1564 1609 D PowerManagerService: releaseWakeLockInternal: lock=1364028 [j], flags=0x0
07-27 10:12:50.582 1564 1609 D PowerManagerNotifier: onWakeLockReleased: flags=1, tag="j", packageName=com.tencent.android.qqdownloader, ownerUid=10096, ownerPid=19990, workSource=null
07-27 10:12:50.582 1564 1609 D PowerManagerService: updateWakeLockSummaryLocked: mWakefulness=Awake, mWakeLockSummary=0x1
07-27 10:12:50.582 1564 1609 D PowerManagerService: updateUserActivitySummaryLocked: groupId=0, mWakefulness=Awake, mUserActivitySummary=0x1, nextTimeout=854617 (in 59002 ms)
07-27 10:12:50.582 1564 1609 D PowerManagerNotifier: onScreenPolicyUpdate: newPolicy=3
07-27 10:12:50.582 1564 1609 D PowerManagerService: updateDisplayPowerStateLocked: displayReady=true, groupId=0, policy=BRIGHT, mWakefulness=Awake, mWakeLockSummary=0x1, mUserActivitySummary=0x1, mBootCompleted=true, screenBrightnessOverride=NaN, useAutoBrightness=true, mScreenBrightnessBoostInProgress=false, mIsVrModeEnabled= false, sQuiescent=false
07-27 10:12:50.675 20165 20165 I auditd : type=1400 audit(0.0:18705): avc: granted { nlmsg_readpriv } for comm="halley_2800_Tem" scontext=u:r:untrusted_app_27:s0:c512,c768 tcontext=u:r:untrusted_app_27:s0:c512,c768 tclass=netlink_route_socket app=com.tencent.android.qqdownloader
07-27 10:12:50.675 20165 20165 W halley_2800_Tem: type=1400 audit(0.0:18705): avc: granted { nlmsg_readpriv } for scontext=u:r:untrusted_app_27:s0:c512,c768 tcontext=u:r:untrusted_app_27:s0:c512,c768 tclass=netlink_route_socket app=com.tencent.android.qqdownloader
07-27 10:12:50.802 1564 1609 D PowerManagerService: acquireWakeLockInternal: lock=66734113, flags=0x1, tag="HttpRequestTask", ws=null, uid=10100, pid=19639
07-27 10:12:50.803 1564 1609 D PowerManagerService: updateWakeLockSummaryLocked: mWakefulness=Awake, mWakeLockSummary=0x1
07-27 10:12:50.803 1564 1609 D PowerManagerService: updateUserActivitySummaryLocked: groupId=0, mWakefulness=Awake, mUserActivitySummary=0x1, nextTimeout=854617 (in 58782 ms)
07-27 10:12:50.803 1564 1609 D PowerManagerNotifier: onScreenPolicyUpdate: newPolicy=3
07-27 10:12:50.803 1564 1609 D PowerManagerService: updateDisplayPowerStateLocked: displayReady=true, groupId=0, policy=BRIGHT, mWakefulness=Awake, mWakeLockSummary=0x1, mUserActivitySummary=0x1, mBootCompleted=true, screenBrightnessOverride=NaN, useAutoBrightness=true, mScreenBrightnessBoostInProgress=false, mIsVrModeEnabled= false, sQuiescent=false
07-27 10:12:50.803 1564 1609 D PowerManagerNotifier: onWakeLockAcquired: flags=1, tag="HttpRequestTask", packageName=com.tencent.qqlive, ownerUid=10100, ownerPid=19639, workSource=null
07-27 10:12:50.939 19639 19639 I auditd : type=1400 audit(0.0:18706): avc: granted { execute } for comm="com/getkeepsafe" path="/data/data/com.tencent.qqlive/files/res_hub/34671a8bec/app/online/abi_64/res/tquic/2/libtquic.so" dev="dm-10" ino=25797 scontext=u:r:untrusted_app:s0:c100,c256,c512,c768 tcontext=u:object_r:app_data_file:s0:c100,c256,c512,c768 tclass=file app=com.tencent.qqlive
07-27 10:12:50.939 19639 19639 W com/getkeepsafe: type=1400 audit(0.0:18706): avc: granted { execute } for path="/data/data/com.tencent.qqlive/files/res_hub/34671a8bec/app/online/abi_64/res/tquic/2/libtquic.so" dev="dm-10" ino=25797 scontext=u:r:untrusted_app:s0:c100,c256,c512,c768 tcontext=u:object_r:app_data_file:s0:c100,c256,c512,c768 tclass=file app=com.tencent.qqlive
07-27 10:12:50.989 1564 1609 D PowerManagerService: acquireWakeLockInternal: lock=43140445, flags=0x1, tag="", ws=null, uid=10100, pid=19425
07-27 10:12:50.989 1564 1609 D PowerManagerService: updateWakeLockSummaryLocked: mWakefulness=Awake, mWakeLockSummary=0x1
07-27 10:12:50.989 1564 1609 D PowerManagerService: updateUserActivitySummaryLocked: groupId=0, mWakefulness=Awake, mUserActivitySummary=0x1, nextTimeout=854617 (in 58596 ms)
07-27 10:12:50.989 1564 1609 D PowerManagerNotifier: onScreenPolicyUpdate: newPolicy=3
07-27 10:12:50.989 1564 1609 D PowerManagerService: updateDisplayPowerStateLocked: displayReady=true, groupId=0, policy=BRIGHT, mWakefulness=Awake, mWakeLockSummary=0x1, mUserActivitySummary=0x1, mBootCompleted=true, screenBrightnessOverride=NaN, useAutoBrightness=true, mScreenBrightnessBoostInProgress=false, mIsVrModeEnabled= false, sQuiescent=false
07-27 10:12:50.989 1564 1609 D PowerManagerNotifier: onWakeLockAcquired: flags=1, tag="", packageName=com.tencent.qqlive, ownerUid=10100, ownerPid=19425, workSource=null
07-27 10:12:50.989 1564 2479 D PowerManagerService: acquireWakeLockInternal: lock=207097554, flags=0x1, tag="", ws=null, uid=10100, pid=19425
07-27 10:12:50.989 1564 2479 D PowerManagerService: updateWakeLockSummaryLocked: mWakefulness=Awake, mWakeLockSummary=0x1
07-27 10:12:50.989 1564 2479 D PowerManagerService: updateUserActivitySummaryLocked: groupId=0, mWakefulness=Awake, mUserActivitySummary=0x1, nextTimeout=854617 (in 58595 ms)
07-27 10:12:50.989 1564 2479 D PowerManagerNotifier: onScreenPolicyUpdate: newPolicy=3
07-27 10:12:50.989 1564 2479 D PowerManagerService: updateDisplayPowerStateLocked: displayReady=true, groupId=0, policy=BRIGHT, mWakefulness=Awake, mWakeLockSummary=0x1, mUserActivitySummary=0x1, mBootCompleted=true, screenBrightnessOverride=NaN, useAutoBrightness=true, mScreenBrightnessBoostInProgress=false, mIsVrModeEnabled= false, sQuiescent=false
07-27 10:12:50.989 1564 2479 D PowerManagerNotifier: onWakeLockAcquired: flags=1, tag="", packageName=com.tencent.qqlive, ownerUid=10100, ownerPid=19425, workSource=null
07-27 10:12:51.011 1564 2479 E DatabaseUtils: Writing exception to parcel
07-27 10:12:51.011 1564 2479 E DatabaseUtils: java.lang.SecurityException: com.tencent.qqlive was not granted this permission: android.permission.WRITE_SETTINGS.
07-27 10:12:51.011 1564 2479 E DatabaseUtils: at android.provider.Settings.isCallingPackageAllowedToPerformAppOpsProtectedOperation(Settings.java:17116)
07-27 10:12:51.011 1564 2479 E DatabaseUtils: at android.provider.Settings.checkAndNoteWriteSettingsOperation(Settings.java:17004)
07-27 10:12:51.011 1564 2479 E DatabaseUtils: at com.android.providers.settings.SettingsProvider.mutateSystemSetting(SettingsProvider.java:1854)
07-27 10:12:51.011 1564 2479 E DatabaseUtils: at com.android.providers.settings.SettingsProvider.insertSystemSetting(SettingsProvider.java:1820)
07-27 10:12:51.011 1564 2479 E DatabaseUtils: at com.android.providers.settings.SettingsProvider.call(SettingsProvider.java:461)
07-27 10:12:51.011 1564 2479 E DatabaseUtils: at android.content.ContentProvider.call(ContentProvider.java:2464)
07-27 10:12:51.011 1564 2479 E DatabaseUtils: at android.content.ContentProvider$Transport.call(ContentProvider.java:512)
07-27 10:12:51.011 1564 2479 E DatabaseUtils: at android.content.ContentProviderNative.onTransact(ContentProviderNative.java:295)
07-27 10:12:51.011 1564 2479 E DatabaseUtils: at android.os.Binder.execTransactInternal(Binder.java:1179)
07-27 10:12:51.011 1564 2479 E DatabaseUtils: at android.os.Binder.execTransact(Binder.java:1143)
07-27 10:12:51.017 19425 19792 W .tencent.qqliv: Unsupported class loader
07-27 10:12:51.030 19425 19792 W .tencent.qqliv: Unsupported class loader
07-27 10:12:51.030 1564 2479 E system_server: Invalid class loader spec: =UnsupportedClassLoaderContext=
07-27 10:12:51.030 1564 2479 E PackageDexUsage: Unsupported context?
07-27 10:12:51.031 1564 2479 D PowerManagerService: releaseWakeLockInternal: lock=200503883 [PlatformComm], flags=0x0
07-27 10:12:51.031 1564 2479 D PowerManagerNotifier: onWakeLockReleased: flags=1, tag="PlatformComm", packageName=com.tencent.mm, ownerUid=10098, ownerPid=18223, workSource=null
07-27 10:12:51.032 1564 2479 D PowerManagerService: updateWakeLockSummaryLocked: mWakefulness=Awake, mWakeLockSummary=0x1
07-27 10:12:51.032 1564 2479 D PowerManagerService: updateUserActivitySummaryLocked: groupId=0, mWakefulness=Awake, mUserActivitySummary=0x1, nextTimeout=854617 (in 58553 ms)
07-27 10:12:51.032 1564 2479 D PowerManagerNotifier: onScreenPolicyUpdate: newPolicy=3
07-27 10:12:51.032 1564 2479 D PowerManagerService: updateDisplayPowerStateLocked: displayReady=true, groupId=0, policy=BRIGHT, mWakefulness=Awake, mWakeLockSummary=0x1, mUserActivitySummary=0x1, mBootCompleted=true, screenBrightnessOverride=NaN, useAutoBrightness=true, mScreenBrightnessBoostInProgress=false, mIsVrModeEnabled= false, sQuiescent=false
07-27 10:12:51.033 1564 1609 D PowerManagerService: acquireWakeLockInternal: lock=200503883, flags=0x1, tag="PlatformComm", ws=null, uid=10098, pid=18223
07-27 10:12:51.033 1564 1609 D PowerManagerService: updateWakeLockSummaryLocked: mWakefulness=Awake, mWakeLockSummary=0x1
07-27 10:12:51.033 1564 1609 D PowerManagerService: updateUserActivitySummaryLocked: groupId=0, mWakefulness=Awake, mUserActivitySummary=0x1, nextTimeout=854617 (in 58551 ms)
07-27 10:12:51.033 1564 1609 D PowerManagerNotifier: onScreenPolicyUpdate: newPolicy=3
07-27 10:12:51.033 1564 1609 D PowerManagerService: updateDisplayPowerStateLocked: displayReady=true, groupId=0, policy=BRIGHT, mWakefulness=Awake, mWakeLockSummary=0x1, mUserActivitySummary=0x1, mBootCompleted=true, screenBrightnessOverride=NaN, useAutoBrightness=true, mScreenBrightnessBoostInProgress=false, mIsVrModeEnabled= false, sQuiescent=false
07-27 10:12:51.033 1564 1609 D PowerManagerNotifier: onWakeLockAcquired: flags=1, tag="PlatformComm", packageName=com.tencent.mm, ownerUid=10098, ownerPid=18223, workSource=null
07-27 10:12:51.035 19639 19639 I auditd : type=1400 audit(0.0:18707): avc: denied { read } for comm="Shark-Looper-Ma" name="version" dev="proc" ino=4026532247 scontext=u:r:untrusted_app:s0:c100,c256,c512,c768 tcontext=u:object_r:proc_version:s0 tclass=file permissive=1 app=com.tencent.qqlive
07-27 10:12:51.035 19639 19639 I Shark-Looper-Ma: type=1400 audit(0.0:18707): avc: denied { read } for name="version" dev="proc" ino=4026532247 scontext=u:r:untrusted_app:s0:c100,c256,c512,c768 tcontext=u:object_r:proc_version:s0 tclass=file permissive=1 app=com.tencent.qqlive
07-27 10:12:51.035 19639 19639 I auditd : type=1400 audit(0.0:18708): avc: denied { open } for comm="Shark-Looper-Ma" path="/proc/version" dev="proc" ino=4026532247 scontext=u:r:untrusted_app:s0:c100,c256,c512,c768 tcontext=u:object_r:proc_version:s0 tclass=file permissive=1 app=com.tencent.qqlive
07-27 10:12:51.035 19639 19639 I Shark-Looper-Ma: type=1400 audit(0.0:18708): avc: denied { open } for path="/proc/version" dev="proc" ino=4026532247 scontext=u:r:untrusted_app:s0:c100,c256,c512,c768 tcontext=u:object_r:proc_version:s0 tclass=file permissive=1 app=com.tencent.qqlive
07-27 10:12:51.035 19639 19639 I auditd : type=1400 audit(0.0:18709): avc: denied { getattr } for comm="Shark-Looper-Ma" path="/proc/version" dev="proc" ino=4026532247 scontext=u:r:untrusted_app:s0:c100,c256,c512,c768 tcontext=u:object_r:proc_version:s0 tclass=file permissive=1 app=com.tencent.qqlive
07-27 10:12:51.035 19639 19639 I Shark-Looper-Ma: type=1400 audit(0.0:18709): avc: denied { getattr } for path="/proc/version" dev="proc" ino=4026532247 scontext=u:r:untrusted_app:s0:c100,c256,c512,c768 tcontext=u:object_r:proc_version:s0 tclass=file permissive=1 app=com.tencent.qqlive
07-27 10:12:51.056 0 0 W [ 796.088325] audit: audit_lost=17338 audit_rate_limit=5 audit_backlog_limit=64
07-27 10:12:51.056 0 0 E [ 796.088327] audit: rate limit exceeded
07-27 10:12:51.063 3074 3397 E MediaProvider: Writing to a non-default top level directory is not allowed!
07-27 10:12:51.076 1564 5594 D CompatibilityChangeReporter: Compat change id reported: 135634846; UID 10100; state: DISABLED
07-27 10:12:51.076 1564 5594 D CompatibilityChangeReporter: Compat change id reported: 177438394; UID 10100; state: DISABLED
07-27 10:12:51.076 1564 5594 D CompatibilityChangeReporter: Compat change id reported: 135772972; UID 10100; state: DISABLED
07-27 10:12:51.076 1564 5594 D CompatibilityChangeReporter: Compat change id reported: 135754954; UID 10100; state: ENABLED
07-27 10:12:51.076 1564 1695 D CompatibilityChangeReporter: Compat change id reported: 143937733; UID 10100; state: ENABLED
07-27 10:12:51.082 1564 2479 D PowerManagerService: acquireWakeLockInternal: lock=63604611, flags=0x1, tag="HttpRequestTask", ws=null, uid=10100, pid=19425
07-27 10:12:51.082 1564 2479 D PowerManagerService: updateWakeLockSummaryLocked: mWakefulness=Awake, mWakeLockSummary=0x1
07-27 10:12:51.082 1564 2479 D PowerManagerService: updateUserActivitySummaryLocked: groupId=0, mWakefulness=Awake, mUserActivitySummary=0x1, nextTimeout=854617 (in 58503 ms)
07-27 10:12:51.082 1564 2479 D PowerManagerNotifier: onScreenPolicyUpdate: newPolicy=3
07-27 10:12:51.082 1564 2479 D PowerManagerService: updateDisplayPowerStateLocked: displayReady=true, groupId=0, policy=BRIGHT, mWakefulness=Awake, mWakeLockSummary=0x1, mUserActivitySummary=0x1, mBootCompleted=true, screenBrightnessOverride=NaN, useAutoBrightness=true, mScreenBrightnessBoostInProgress=false, mIsVrModeEnabled= false, sQuiescent=false
07-27 10:12:51.082 1564 2479 D PowerManagerNotifier: onWakeLockAcquired: flags=1, tag="HttpRequestTask", packageName=com.tencent.qqlive, ownerUid=10100, ownerPid=19425, workSource=null
07-27 10:12:51.082 684 684 D Zygote : Forked child process 20760
07-27 10:12:51.083 1564 1695 I am_proc_start: [0,20760,10100,com.tencent.qqlive:xg_vip_service,service,{com.tencent.qqlive/com.tencent.android.tpush.service.XGVipPushService}]
07-27 10:12:51.083 1564 1695 I ActivityManager: Start proc 20760:com.tencent.qqlive:xg_vip_service/u0a100 for service {com.tencent.qqlive/com.tencent.android.tpush.service.XGVipPushService}
07-27 10:12:51.092 20760 20760 I Zygote : seccomp disabled by setenforce 0
07-27 10:12:51.099 2967 2994 I adbd : jdwp connection from 20760
07-27 10:12:51.099 20760 20760 D ProcessState: Binder ioctl to enable oneway spam detection failed: Invalid argument
07-27 10:12:51.102 1564 2479 I am_proc_bound: [0,20760,com.tencent.qqlive:xg_vip_service]
07-27 10:12:51.103 1564 2479 D CompatibilityInfo: mCompatibilityFlags - 4
07-27 10:12:51.103 1564 2479 D CompatibilityInfo: applicationDensity - 240
07-27 10:12:51.103 1564 2479 D CompatibilityInfo: applicationScale - 1.0
07-27 10:12:51.103 0 0 I [ 796.132290] binder: 20760:20760 ioctl 40046210 7ffe7e33d4 returned -22
07-27 10:12:51.105 1564 2479 D CompatibilityInfo: mCompatibilityFlags - 4
07-27 10:12:51.105 1564 2479 D CompatibilityInfo: applicationDensity - 240
07-27 10:12:51.105 1564 2479 D CompatibilityInfo: applicationScale - 1.0
07-27 10:12:51.107 20760 20760 D CompatibilityChangeReporter: Compat change id reported: 171979766; UID 10100; state: ENABLED
07-27 10:12:51.117 1564 2479 D PowerManagerService: acquireWakeLockInternal: lock=25312280, flags=0x1, tag="", ws=null, uid=10100, pid=19425
07-27 10:12:51.117 1564 2479 D PowerManagerService: updateWakeLockSummaryLocked: mWakefulness=Awake, mWakeLockSummary=0x1
07-27 10:12:51.117 1564 2479 D PowerManagerService: updateUserActivitySummaryLocked: groupId=0, mWakefulness=Awake, mUserActivitySummary=0x1, nextTimeout=854617 (in 58467 ms)
07-27 10:12:51.117 1564 2479 D PowerManagerNotifier: onScreenPolicyUpdate: newPolicy=3
07-27 10:12:51.118 1564 2479 D PowerManagerService: updateDisplayPowerStateLocked: displayReady=true, groupId=0, policy=BRIGHT, mWakefulness=Awake, mWakeLockSummary=0x1, mUserActivitySummary=0x1, mBootCompleted=true, screenBrightnessOverride=NaN, useAutoBrightness=true, mScreenBrightnessBoostInProgress=false, mIsVrModeEnabled= false, sQuiescent=false
07-27 10:12:51.118 1564 2479 D PowerManagerNotifier: onWakeLockAcquired: flags=1, tag="", packageName=com.tencent.qqlive, ownerUid=10100, ownerPid=19425, workSource=null
07-27 10:12:51.123 20760 20760 I Perf : Connecting to perf service.
07-27 10:12:51.128 20760 20760 V GraphicsEnvironment: ANGLE Developer option for 'com.tencent.qqlive' set to: 'default'
07-27 10:12:51.128 20760 20760 V GraphicsEnvironment: ANGLE GameManagerService for com.tencent.qqlive: false
07-27 10:12:51.128 20760 20760 V GraphicsEnvironment: Updatable production driver is not supported on the device.
07-27 10:12:51.129 20760 20760 D NetworkSecurityConfig: Using Network Security Config from resource arg debugBuild: false
07-27 10:12:51.129 20760 20760 D NetworkSecurityConfig: Using Network Security Config from resource arg debugBuild: false
07-27 10:12:51.172 20760 20796 W shadowhook_tag: !!!!! init time micros:7418
07-27 10:12:51.172 20760 20796 W shadowhook_tag: shadowhook: shadowhook init(mode: SHARED, debuggable: false), return: 0, real-init: yes
07-27 10:12:51.178 20760 20796 I rdefense: hook log cost: 14 ms, 2, 0
07-27 10:12:51.237 20760 20799 I eup : Backup Java Class And Method Success
07-27 10:12:51.237 20760 20799 I eup : Bugly Register JNI Methods Successfully ~
07-27 10:12:51.237 20760 20799 I eup : regist start
07-27 10:12:51.237 20760 20799 I eup : run in arm64
07-27 10:12:51.294 1564 1904 D ConnectivityService: NetReassign [no changes]
07-27 10:12:51.311 1564 1609 D PowerManagerService: releaseWakeLockInternal: lock=262248218 [MicroMsg.MMAutoAuth], flags=0x0
07-27 10:12:51.311 1564 1609 D PowerManagerNotifier: onWakeLockReleased: flags=1, tag="MicroMsg.MMAutoAuth", packageName=com.tencent.mm, ownerUid=10098, ownerPid=18223, workSource=null
07-27 10:12:51.311 1564 1609 D PowerManagerService: updateWakeLockSummaryLocked: mWakefulness=Awake, mWakeLockSummary=0x1
07-27 10:12:51.311 1564 1609 D PowerManagerService: updateUserActivitySummaryLocked: groupId=0, mWakefulness=Awake, mUserActivitySummary=0x1, nextTimeout=854617 (in 58273 ms)
07-27 10:12:51.311 1564 1609 D PowerManagerNotifier: onScreenPolicyUpdate: newPolicy=3
07-27 10:12:51.311 1564 1609 D PowerManagerService: updateDisplayPowerStateLocked: displayReady=true, groupId=0, policy=BRIGHT, mWakefulness=Awake, mWakeLockSummary=0x1, mUserActivitySummary=0x1, mBootCompleted=true, screenBrightnessOverride=NaN, useAutoBrightness=true, mScreenBrightnessBoostInProgress=false, mIsVrModeEnabled= false, sQuiescent=false
07-27 10:12:51.385 660 673 I mpu_uart: [MSG-P:RECV]:No message received in 1000 ms
07-27 10:12:51.386 660 672 I mpu_uart: [MSG-P:R]:recv sync frame timeout
07-27 10:12:51.399 20165 20879 I DpmTcmClient: RegisterTcmMonitor from: $Proxy2
07-27 10:12:51.460 1564 1609 D TelephonyRegistry: listen oscl: mHasNotifySubscriptionInfoChangedOccurred==false no callback
07-27 10:12:51.460 1564 2479 D ConnectivityService: requestNetwork for uid/pid:10100/19425 activeRequest: null callbackRequest: 179 [NetworkRequest [ REQUEST id=179, [ Transports: CELLULAR Capabilities: INTERNET&NOT_RESTRICTED&TRUSTED&NOT_VPN&NOT_VCN_MANAGED Uid: 10100 RequestorUid: 10100 RequestorPkg: com.tencent.qqlive] ]] callback flags: 0 priority: 2147483647
07-27 10:12:51.462 1564 1904 D ConnectivityService: NetReassign [no changes]
07-27 10:12:51.511 1564 2479 D PowerManagerService: releaseWakeLockInternal: lock=43140445 [], flags=0x0
07-27 10:12:51.511 1564 2479 D PowerManagerNotifier: onWakeLockReleased: flags=1, tag="", packageName=com.tencent.qqlive, ownerUid=10100, ownerPid=19425, workSource=null
07-27 10:12:51.511 1564 2479 D PowerManagerService: updateWakeLockSummaryLocked: mWakefulness=Awake, mWakeLockSummary=0x1
07-27 10:12:51.511 1564 2479 D PowerManagerService: updateUserActivitySummaryLocked: groupId=0, mWakefulness=Awake, mUserActivitySummary=0x1, nextTimeout=854617 (in 58073 ms)
07-27 10:12:51.511 1564 2479 D PowerManagerNotifier: onScreenPolicyUpdate: newPolicy=3
07-27 10:12:51.512 1564 2479 D PowerManagerService: updateDisplayPowerStateLocked: displayReady=true, groupId=0, policy=BRIGHT, mWakefulness=Awake, mWakeLockSummary=0x1, mUserActivitySummary=0x1, mBootCompleted=true, screenBrightnessOverride=NaN, useAutoBrightness=true, mScreenBrightnessBoostInProgress=false, mIsVrModeEnabled= false, sQuiescent=false
07-27 10:12:51.537 1564 2479 D PowerManagerService: releaseWakeLockInternal: lock=200503883 [PlatformComm], flags=0x0
07-27 10:12:51.537 1564 2479 D PowerManagerNotifier: onWakeLockReleased: flags=1, tag="PlatformComm", packageName=com.tencent.mm, ownerUid=10098, ownerPid=18223, workSource=null
07-27 10:12:51.538 1564 2479 D PowerManagerService: updateWakeLockSummaryLocked: mWakefulness=Awake, mWakeLockSummary=0x1
07-27 10:12:51.538 1564 2479 D PowerManagerService: updateUserActivitySummaryLocked: groupId=0, mWakefulness=Awake, mUserActivitySummary=0x1, nextTimeout=854617 (in 58047 ms)
07-27 10:12:51.538 1564 2479 D PowerManagerNotifier: onScreenPolicyUpdate: newPolicy=3
07-27 10:12:51.538 1564 2479 D PowerManagerService: updateDisplayPowerStateLocked: displayReady=true, groupId=0, policy=BRIGHT, mWakefulness=Awake, mWakeLockSummary=0x1, mUserActivitySummary=0x1, mBootCompleted=true, screenBrightnessOverride=NaN, useAutoBrightness=true, mScreenBrightnessBoostInProgress=false, mIsVrModeEnabled= false, sQuiescent=false
07-27 10:12:51.626 18223 18464 I tencent.mm:pus: Explicit concurrent copying GC freed 32547(1647KB) AllocSpace objects, 14(280KB) LOS objects, 49% free, 12MB/24MB, paused 92us,24us total 61.985ms
07-27 10:12:51.630 18223 18236 W System : A resource failed to call close.
07-27 10:12:51.638 1564 1694 D CompatibilityInfo: mCompatibilityFlags - 4
07-27 10:12:51.638 1564 1694 D CompatibilityInfo: applicationDensity - 240
07-27 10:12:51.638 1564 1694 D CompatibilityInfo: applicationScale - 1.0
07-27 10:12:51.645 1564 5594 D CompatibilityInfo: mCompatibilityFlags - 4
07-27 10:12:51.645 1564 5594 D CompatibilityInfo: applicationDensity - 240
07-27 10:12:51.645 1564 5594 D CompatibilityInfo: applicationScale - 1.0
07-27 10:12:51.647 1564 1694 D CompatibilityInfo: mCompatibilityFlags - 4
07-27 10:12:51.647 1564 1694 D CompatibilityInfo: applicationDensity - 240
07-27 10:12:51.647 1564 1694 D CompatibilityInfo: applicationScale - 1.0
07-27 10:12:51.648 1564 1609 D CompatibilityInfo: mCompatibilityFlags - 4
07-27 10:12:51.648 1564 1609 D CompatibilityInfo: applicationDensity - 240
07-27 10:12:51.648 1564 1609 D CompatibilityInfo: applicationScale - 1.0
07-27 10:12:51.674 1564 1894 D PowerManagerService: acquireWakeLockInternal: lock=13137269, flags=0x1, tag="NetworkStats", ws=null, uid=1000, pid=1564
07-27 10:12:51.674 1564 1894 D PowerManagerService: updateWakeLockSummaryLocked: mWakefulness=Awake, mWakeLockSummary=0x1
07-27 10:12:51.674 1564 1894 D PowerManagerService: updateUserActivitySummaryLocked: groupId=0, mWakefulness=Awake, mUserActivitySummary=0x1, nextTimeout=854617 (in 57910 ms)
07-27 10:12:51.674 1564 1894 D PowerManagerNotifier: onScreenPolicyUpdate: newPolicy=3
07-27 10:12:51.675 1564 1894 D PowerManagerService: updateDisplayPowerStateLocked: displayReady=true, groupId=0, policy=BRIGHT, mWakefulness=Awake, mWakeLockSummary=0x1, mUserActivitySummary=0x1, mBootCompleted=true, screenBrightnessOverride=NaN, useAutoBrightness=true, mScreenBrightnessBoostInProgress=false, mIsVrModeEnabled= false, sQuiescent=false
07-27 10:12:51.675 1564 1894 D PowerManagerNotifier: onWakeLockAcquired: flags=1, tag="NetworkStats", packageName=android, ownerUid=1000, ownerPid=1564, workSource=null
07-27 10:12:51.683 1564 1894 I netstats_mobile_sample: [0,0,0,0,0,0,0,0,0,0,0,0,1690423968250]
07-27 10:12:51.683 1564 1894 I netstats_wifi_sample: [776133,784,2535451,4630,776133,784,2535451,4630,8480447,8267,1993031,4039,1690423968250]
07-27 10:12:51.683 1564 1894 D PowerManagerService: releaseWakeLockInternal: lock=13137269 [NetworkStats], flags=0x0
07-27 10:12:51.683 1564 1894 D PowerManagerNotifier: onWakeLockReleased: flags=1, tag="NetworkStats", packageName=android, ownerUid=1000, ownerPid=1564, workSource=null
07-27 10:12:51.684 1564 1894 D PowerManagerService: updateWakeLockSummaryLocked: mWakefulness=Awake, mWakeLockSummary=0x1
07-27 10:12:51.684 1564 1894 D PowerManagerService: updateUserActivitySummaryLocked: groupId=0, mWakefulness=Awake, mUserActivitySummary=0x1, nextTimeout=854617 (in 57901 ms)
07-27 10:12:51.684 1564 1894 D PowerManagerNotifier: onScreenPolicyUpdate: newPolicy=3
07-27 10:12:51.684 1564 1894 D PowerManagerService: updateDisplayPowerStateLocked: displayReady=true, groupId=0, policy=BRIGHT, mWakefulness=Awake, mWakeLockSummary=0x1, mUserActivitySummary=0x1, mBootCompleted=true, screenBrightnessOverride=NaN, useAutoBrightness=true, mScreenBrightnessBoostInProgress=false, mIsVrModeEnabled= false, sQuiescent=false
07-27 10:12:51.757 1564 1853 D PowerManagerService: userActivityNoUpdateLocked: groupId=0, eventTime=796788, event=2, flags=0x0, uid=1000
07-27 10:12:51.758 1564 1853 D PowerManagerNotifier: onUserActivity: event=2, uid=1000
07-27 10:12:51.758 1963 1963 D ViewTouchDebug: mView : com.android.systemui.navigationbar.NavigationBarFrame{b1baa31 V.E...... ........ 0,0-2560,46 #7f0b03f3 app:id/navigation_bar_frame}Receive event : MotionEvent { action=ACTION_OUTSIDE, actionButton=0, id[0]=0, x[0]=0.0, y[0]=-1034.0, toolType[0]=TOOL_TYPE_FINGER, buttonState=0, classification=NONE, metaState=0, flags=0x0, edgeFlags=0x0, pointerCount=1, historySize=0, eventTime=796788, downTime=796788, deviceId=2, source=0x5002, displayId=0, eventId=1803439233 }
07-27 10:12:51.758 1564 1853 D PowerManagerService: updateUserActivitySummaryLocked: groupId=0, mWakefulness=Awake, mUserActivitySummary=0x1, nextTimeout=856788 (in 59998 ms)
07-27 10:12:51.758 1564 1853 D PowerManagerNotifier: onScreenPolicyUpdate: newPolicy=3
07-27 10:12:51.758 1564 1853 D PowerManagerService: updateDisplayPowerStateLocked: displayReady=true, groupId=0, policy=BRIGHT, mWakefulness=Awake, mWakeLockSummary=0x1, mUserActivitySummary=0x1, mBootCompleted=true, screenBrightnessOverride=NaN, useAutoBrightness=true, mScreenBrightnessBoostInProgress=false, mIsVrModeEnabled= false, sQuiescent=false
07-27 10:12:51.758 1963 1963 D NoBackGesture: Start gesture: MotionEvent { action=ACTION_DOWN, actionButton=0, id[0]=0, x[0]=144.0, y[0]=851.0, toolType[0]=TOOL_TYPE_FINGER, buttonState=0, classification=NONE, metaState=0, flags=0x0, edgeFlags=0x0, pointerCount=1, historySize=0, eventTime=796788, downTime=796788, deviceId=2, source=0x5002, displayId=0, eventId=107600449 } mSysUiFlags=131072 region=Rect(0, 0 - 0, 0)
07-27 10:12:51.758 19425 19425 D ViewTouchDebug: mView : DecorView@2b61e5b[SplashHomeActivity]Receive event : MotionEvent { action=ACTION_DOWN, actionButton=0, id[0]=0, x[0]=154.99998, y[0]=973.7499, toolType[0]=TOOL_TYPE_FINGER, buttonState=0, classification=NONE, metaState=0, flags=0x0, edgeFlags=0x0, pointerCount=1, historySize=0, eventTime=796788, downTime=796788, deviceId=2, source=0x5002, displayId=0, eventId=107600449 }
07-27 10:12:51.758 1963 1963 D NoBackGesture: Gesture [1690423971758,alw=FALSE,FALSE,TRUE,FALSE,disp=Point(2560, 1080),wl=45,il=0,wr=45,ir=0,excl=SkRegion()]
07-27 10:12:51.759 2647 2647 D TouchInteractionService: onInputEvent mUncheckedConsumer = com.android.quickstep.InputConsumer$$ExternalSyntheticLambda0@58c18f6
07-27 10:12:51.759 19425 19425 I DecorCaptionView: Check caption touch event:[E]=MotionEvent { action=ACTION_DOWN, actionButton=0, id[0]=0, x[0]=154.99998, y[0]=973.7499, toolType[0]=TOOL_TYPE_FINGER, buttonState=0, classification=NONE, metaState=0, flags=0x0, edgeFlags=0x0, pointerCount=1, historySize=0, eventTime=796788, downTime=796788, deviceId=2, source=0x5002, displayId=0, eventId=107600449 }
07-27 10:12:51.808 19425 19425 I DecorCaptionView: Check caption touch event:[E]=MotionEvent { action=ACTION_MOVE, actionButton=0, id[0]=0, x[0]=154.99998, y[0]=973.7499, toolType[0]=TOOL_TYPE_FINGER, buttonState=0, classification=NONE, metaState=0, flags=0x0, edgeFlags=0x0, pointerCount=1, historySize=1, eventTime=796834, downTime=796788, deviceId=2, source=0x5002, displayId=0, eventId=703989596 }
07-27 10:12:51.825 19425 19425 I DecorCaptionView: Check caption touch event:[E]=MotionEvent { action=ACTION_MOVE, actionButton=0, id[0]=0, x[0]=154.99998, y[0]=973.7499, toolType[0]=TOOL_TYPE_FINGER, buttonState=0, classification=NONE, metaState=0, flags=0x0, edgeFlags=0x0, pointerCount=1, historySize=2, eventTime=796850, downTime=796788, deviceId=2, source=0x5002, displayId=0, eventId=778273194 }
07-27 10:12:51.858 1564 1853 D PowerManagerService: userActivityNoUpdateLocked: groupId=0, eventTime=796889, event=2, flags=0x0, uid=1000
07-27 10:12:51.858 1564 1853 D PowerManagerNotifier: onUserActivity: event=2, uid=1000
07-27 10:12:51.858 1564 1853 D PowerManagerService: updateUserActivitySummaryLocked: groupId=0, mWakefulness=Awake, mUserActivitySummary=0x1, nextTimeout=856889 (in 59999 ms)
07-27 10:12:51.858 1564 1853 D PowerManagerNotifier: onScreenPolicyUpdate: newPolicy=3
07-27 10:12:51.858 1564 1853 D PowerManagerService: updateDisplayPowerStateLocked: displayReady=true, groupId=0, policy=BRIGHT, mWakefulness=Awake, mWakeLockSummary=0x1, mUserActivitySummary=0x1, mBootCompleted=true, screenBrightnessOverride=NaN, useAutoBrightness=true, mScreenBrightnessBoostInProgress=false, mIsVrModeEnabled= false, sQuiescent=false
07-27 10:12:51.859 19425 19425 D ViewTouchDebug: mView : DecorView@2b61e5b[SplashHomeActivity]Receive event : MotionEvent { action=ACTION_UP, actionButton=0, id[0]=0, x[0]=154.99998, y[0]=973.7499, toolType[0]=TOOL_TYPE_FINGER, buttonState=0, classification=NONE, metaState=0, flags=0x0, edgeFlags=0x0, pointerCount=1, historySize=0, eventTime=796889, downTime=796788, deviceId=2, source=0x5002, displayId=0, eventId=702193019 }
07-27 10:12:51.859 19425 19425 I DecorCaptionView: Check caption touch event:[E]=MotionEvent { action=ACTION_UP, actionButton=0, id[0]=0, x[0]=154.99998, y[0]=973.7499, toolType[0]=TOOL_TYPE_FINGER, buttonState=0, classification=NONE, metaState=0, flags=0x0, edgeFlags=0x0, pointerCount=1, historySize=0, eventTime=796889, downTime=796788, deviceId=2, source=0x5002, displayId=0, eventId=702193019 }
07-27 10:12:51.910 1564 1609 I thunderperf: Maybe need boostperf for current app!
07-27 10:12:51.910 2257 18054 D FgBoostPerfService: [FgBoostPerfService.perfBoostAcq]start: stat=true pkgName=com.tencent.qqlive
07-27 10:12:51.910 2257 18054 I FgBoostPerfService: [FgBoostPerfService.perfBoostAcq] not game-mode or game app!
07-27 10:12:51.911 1564 1609 I ThunderPerfManager: PerfAcq error : state=true pkgName=com.tencent.qqlive
07-27 10:12:51.911 2257 2281 I FgBoostPerfService: [GetGpuMode] isMode=0 isGame=false mGpuMode=0
07-27 10:12:51.911 2257 2281 I FgBoostPerfService: [GetGpuDpiType] isMode=0 isGame=false mGpuDpiType=0
07-27 10:12:51.911 2257 2281 I FgBoostPerfService: [GetGpuDpiType] isMode=0 isGame=false mGpuStandardValue=0
07-27 10:12:51.911 1564 1609 I thunderperf: Current app pkgName=com.tencent.qqlive bm:com.thundercomm.perf.BoostPerfManager@9c334d0 gpuMode=-1 gpuType=-1 gpuStandardVal=-1
07-27 10:12:51.912 1564 1609 I ThunderBoostPerfService: Resolution: Uid=10100 Pid=19425 gMode=-1 dType=-1 gpuStandardVal=-1
07-27 10:12:51.912 1564 1609 I thunderperf: PlatormCompat.setOverrides: Uid1=10100 Pid1=19425 Uid2=10100 Pid2=19425
07-27 10:12:51.912 1564 1609 I thunderperf: PlatormCompat.setOverrides: needCheck:false
07-27 10:12:51.912 1564 1609 I thunderperf: CompatConfig.addOverrideUnsafe: bef-state=0
07-27 10:12:51.912 1564 1609 I thunderperf: CompatConfig.addOverrideUnsafe: aft-state=0
07-27 10:12:51.912 1564 1609 W PackageManager: MATCH_ANY_USER flag requires INTERACT_ACROSS_USERS permission: UID 10100 requires android.permission.INTERACT_ACROSS_USERS_FULL or android.permission.INTERACT_ACROSS_USERS to access user 0.
07-27 10:12:51.912 1564 1609 E BoostPerfManager: UpdateResolution SecurityException : e=java.lang.SecurityException: MATCH_ANY_USER flag requires INTERACT_ACROSS_USERS permission: UID 10100 requires android.permission.INTERACT_ACROSS_USERS_FULL or android.permission.INTERACT_ACROSS_USERS to access user 0.
07-27 10:12:51.913 1564 1609 I ActivityTaskManager: START u0 {flg=0x10000000 cmp=com.tencent.qqlive/.ona.activity.VideoDetailActivity (has extras)} from uid 10100
07-27 10:12:51.913 1564 1679 I EventSequenceValidator: inc AccIntentStartedEvents to 2
07-27 10:12:51.913 1564 1609 D ActivityTaskManager: TaskLaunchParamsModifier:task=null activity=ActivityRecord{74686f9 u0 com.tencent.qqlive/.ona.activity.VideoDetailActivity taskAffinity=10100:com.tencent.qqlive display-id=0 display-windowing-mode=1 suggested-display-area=DefaultTaskDisplayArea@58840513
