07-27 10:11:36.391 14786 14786 I auditd : type=1400 audit(0.0:17843): avc: granted { nlmsg_readpriv } for comm="halley_2800_Tem" scontext=u:r:untrusted_app_27:s0:c512,c768 tcontext=u:r:untrusted_app_27:s0:c512,c768 tclass=netlink_route_socket app=com.tencent.android.qqdownloader
07-27 10:11:38.194 1564 1904 I netstats_mobile_sample: [0,0,0,0,0,0,0,0,0,0,0,0,1690423894749]
07-27 10:11:38.194 1564 1904 I netstats_wifi_sample: [695123,687,2273573,4159,695123,687,2273573,4159,7547187,7155,1792465,3646,1690423894749]
07-27 10:11:38.239 14786 14786 I auditd : type=1400 audit(0.0:17844): avc: granted { nlmsg_readpriv } for comm="halley_2800_Tem" scontext=u:r:untrusted_app_27:s0:c512,c768 tcontext=u:r:untrusted_app_27:s0:c512,c768 tclass=netlink_route_socket app=com.tencent.android.qqdownloader
07-27 10:11:38.243 11720 11720 I auditd : type=1400 audit(0.0:17845): avc: granted { nlmsg_readpriv } for comm="mars::13417" scontext=u:r:untrusted_app_29:s0:c98,c256,c512,c768 tcontext=u:r:untrusted_app_29:s0:c98,c256,c512,c768 tclass=netlink_route_socket app=com.tencent.mm
07-27 10:11:38.243 11720 11720 I auditd : type=1400 audit(0.0:17846): avc: granted { nlmsg_readpriv } for comm="mars::13417" scontext=u:r:untrusted_app_29:s0:c98,c256,c512,c768 tcontext=u:r:untrusted_app_29:s0:c98,c256,c512,c768 tclass=netlink_route_socket app=com.tencent.mm
07-27 10:11:38.248 1564 1904 I netstats_mobile_sample: [0,0,0,0,0,0,0,0,0,0,0,0,1690423894803]
07-27 10:11:38.249 1564 1904 I netstats_wifi_sample: [695123,687,2273801,4162,695123,687,2273801,4162,7547187,7155,1792693,3649,1690423894803]
07-27 10:11:38.267 17627 17627 I auditd : type=1400 audit(0.0:17847): avc: granted { bind } for comm="ip" scontext=u:r:untrusted_app_29:s0:c98,c256,c512,c768 tcontext=u:r:untrusted_app_29:s0:c98,c256,c512,c768 tclass=netlink_route_socket app=com.tencent.mm
07-27 10:11:38.283 14786 14786 I auditd : type=1400 audit(0.0:17848): avc: granted { nlmsg_readpriv } for comm="halley_2800_Tem" scontext=u:r:untrusted_app_27:s0:c512,c768 tcontext=u:r:untrusted_app_27:s0:c512,c768 tclass=netlink_route_socket app=com.tencent.android.qqdownloader
07-27 10:11:38.301 1564 1692 I am_pss : [15906,10098,com.tencent.mm:xweb_privileged_process_0,38017024,11857920,6144,181657600,0,4,9]
07-27 10:11:38.327 1564 1692 I am_pss : [15903,99009,com.tencent.mm:xweb_sandboxed_process_0:com.tencent.xweb.pinus.sdk.process.SandboxedProcessService0,189125632,173920256,11264,327434240,0,4,10]
07-27 10:11:38.332 1564 1692 I am_pss : [14782,99007,com.android.webview:sandboxed_process0:org.chromium.content.app.SandboxedProcessService0:0,11528192,2842624,0,76111872,0,4,5]
07-27 10:11:38.332 1564 1904 I netstats_mobile_sample: [0,0,0,0,0,0,0,0,0,0,0,0,1690423894887]
07-27 10:11:38.332 1564 1904 I netstats_wifi_sample: [695123,687,2273877,4163,695123,687,2273877,4163,7547187,7155,1792769,3650,1690423894887]
07-27 10:11:38.347 11720 11720 I auditd : type=1400 audit(0.0:17849): avc: granted { nlmsg_readpriv } for comm="mars::17630" scontext=u:r:untrusted_app_29:s0:c98,c256,c512,c768 tcontext=u:r:untrusted_app_29:s0:c98,c256,c512,c768 tclass=netlink_route_socket app=com.tencent.mm
07-27 10:11:38.372 1564 1904 I netstats_mobile_sample: [0,0,0,0,0,0,0,0,0,0,0,0,1690423894927]
07-27 10:11:38.373 1564 1904 I netstats_wifi_sample: [695123,687,2273877,4163,695123,687,2273877,4163,7547187,7155,1792769,3650,1690423894927]
07-27 10:11:38.467 14786 14929 I service_manager_slow: [72,isub]
07-27 10:11:38.656 1564 1564 I notification_enqueue: [10096,14713,com.tencent.android.qqdownloader,127,NULL,0,Notification(channel=channel_id_default_silent shortcut=null contentView=com.tencent.android.qqdownloader/0x7f0a01c2 vibrate=null sound=null defaults=0x0 flags=0x2a2 color=0x00000000 groupKey=com.tencent.android.qqdownloader vis=PRIVATE),1]
07-27 10:11:39.416 1564 1894 I netstats_mobile_sample: [0,0,0,0,0,0,0,0,0,0,0,0,1690423895971]
07-27 10:11:39.416 1564 1894 I netstats_wifi_sample: [698853,695,2286863,4191,698853,695,2286863,4191,7602415,7262,1802025,3670,1690423895971]
07-27 10:11:39.415 683 683 I auditd : type=1400 audit(0.0:17860): avc: denied { add_name } for comm="Binder:683_3" name="globalAlert" scontext=u:r:netd:s0 tcontext=u:object_r:proc_net:s0 tclass=dir permissive=1
07-27 10:11:39.663 1564 1564 I notification_enqueue: [10096,14713,com.tencent.android.qqdownloader,127,NULL,0,Notification(channel=channel_id_default_silent shortcut=null contentView=com.tencent.android.qqdownloader/0x7f0a01c2 vibrate=null sound=null defaults=0x0 flags=0x2a2 color=0x00000000 groupKey=com.tencent.android.qqdownloader vis=PRIVATE),1]
07-27 10:11:39.663 10549 10549 I auditd : type=1400 audit(0.0:17861): avc: denied { open } for comm="cableThread" path="/proc/10549/net/snmp" dev="proc" ino=4026532270 scontext=u:r:untrusted_app:s0:c100,c256,c512,c768 tcontext=u:object_r:proc_net:s0 tclass=file permissive=1 app=com.tencent.qqlive
07-27 10:11:39.663 10549 10549 I auditd : type=1400 audit(0.0:17862): avc: denied { open } for comm="cableThread" path="/proc/stat" dev="proc" ino=4026532245 scontext=u:r:untrusted_app:s0:c100,c256,c512,c768 tcontext=u:object_r:proc_stat:s0 tclass=file permissive=1 app=com.tencent.qqlive
07-27 10:11:40.283 14786 14786 I auditd : type=1400 audit(0.0:17863): avc: granted { nlmsg_readpriv } for comm="halley_2800_Tem" scontext=u:r:untrusted_app_27:s0:c512,c768 tcontext=u:r:untrusted_app_27:s0:c512,c768 tclass=netlink_route_socket app=com.tencent.android.qqdownloader
07-27 10:11:40.287 14786 14786 I auditd : type=1400 audit(0.0:17864): avc: granted { nlmsg_readpriv } for comm="halley_2800_Tem" scontext=u:r:untrusted_app_27:s0:c512,c768 tcontext=u:r:untrusted_app_27:s0:c512,c768 tclass=netlink_route_socket app=com.tencent.android.qqdownloader
07-27 10:11:40.471 14786 14786 I auditd : type=1400 audit(0.0:17865): avc: granted { nlmsg_readpriv } for comm="halley_2800_Tem" scontext=u:r:untrusted_app_27:s0:c512,c768 tcontext=u:r:untrusted_app_27:s0:c512,c768 tclass=netlink_route_socket app=com.tencent.android.qqdownloader
07-27 10:11:40.475 14786 14786 I auditd : type=1400 audit(0.0:17866): avc: granted { nlmsg_readpriv } for comm="halley_2800_Tem" scontext=u:r:untrusted_app_27:s0:c512,c768 tcontext=u:r:untrusted_app_27:s0:c512,c768 tclass=netlink_route_socket app=com.tencent.android.qqdownloader
07-27 10:11:40.670 1564 1564 I notification_enqueue: [10096,14713,com.tencent.android.qqdownloader,127,NULL,0,Notification(channel=channel_id_default_silent shortcut=null contentView=com.tencent.android.qqdownloader/0x7f0a01c2 vibrate=null sound=null defaults=0x0 flags=0x2a2 color=0x00000000 groupKey=com.tencent.android.qqdownloader vis=PRIVATE),1]
07-27 10:11:41.059 1564 1692 I am_pss : [12581,10100,com.tencent.qqlive:xg_vip_service,41753600,17842176,7168,209633280,0,3,14]
07-27 10:11:41.071 1564 1692 I am_pss : [3302,10086,com.hryt.lebotp,33846272,23699456,0,106299392,0,0,7]
07-27 10:11:41.081 1564 1692 I am_pss : [3276,10087,com.qualcomm.qti.workloadclassifier,15747072,13651968,7168,105656320,0,0,6]
07-27 10:11:41.087 1564 1692 I am_pss : [3251,10082,com.qualcomm.qti.qccnetstat,5948416,4141056,7168,90546176,0,0,5]
07-27 10:11:41.094 1564 1692 I am_pss : [3235,10074,com.qualcomm.qti.services.systemhelper:systemhelper_service,6342656,4481024,7168,92622848,0,0,6]
07-27 10:11:41.101 1564 1692 I am_pss : [3179,10059,.pasr,5386240,3657728,7168,88190976,0,0,6]
07-27 10:11:41.108 1564 1692 I am_pss : [3177,1000,com.hryt.hiphishowfsecontrol,13965312,11878400,7168,104632320,0,0,7]
07-27 10:11:41.114 1564 1692 I am_pss : [3115,10060,ts.car.uart,5949440,4222976,7168,88928256,0,0,5]
07-27 10:11:41.125 1564 1692 I am_pss : [2404,1000,com.thundercomm.tcsetupwizard,113891328,108445696,6144,235552768,0,0,10]
07-27 10:11:42.208 1564 1904 I netstats_mobile_sample: [0,0,0,0,0,0,0,0,0,0,0,0,1690423898763]
07-27 10:11:42.208 1564 1904 I netstats_wifi_sample: [700641,699,2296041,4212,700641,699,2296041,4212,7624625,7312,1809339,3686,1690423898763]
07-27 10:11:42.247 14786 14786 I auditd : type=1400 audit(0.0:17867): avc: granted { nlmsg_readpriv } for comm="halley_2800_Tem" scontext=u:r:untrusted_app_27:s0:c512,c768 tcontext=u:r:untrusted_app_27:s0:c512,c768 tclass=netlink_route_socket app=com.tencent.android.qqdownloader
07-27 10:11:42.259 11720 11720 I auditd : type=1400 audit(0.0:17868): avc: granted { nlmsg_readpriv } for comm="mars::13417" scontext=u:r:untrusted_app_29:s0:c98,c256,c512,c768 tcontext=u:r:untrusted_app_29:s0:c98,c256,c512,c768 tclass=netlink_route_socket app=com.tencent.mm
07-27 10:11:42.262 1564 1904 I netstats_mobile_sample: [0,0,0,0,0,0,0,0,0,0,0,0,1690423898817]
07-27 10:11:42.262 1564 1904 I netstats_wifi_sample: [700641,699,2296117,4213,700641,699,2296117,4213,7624625,7312,1809491,3688,1690423898817]
07-27 10:11:42.259 11720 11720 I auditd : type=1400 audit(0.0:17869): avc: granted { nlmsg_readpriv } for comm="mars::13417" scontext=u:r:untrusted_app_29:s0:c98,c256,c512,c768 tcontext=u:r:untrusted_app_29:s0:c98,c256,c512,c768 tclass=netlink_route_socket app=com.tencent.mm
07-27 10:11:42.287 17756 17756 I auditd : type=1400 audit(0.0:17870): avc: granted { bind } for comm="ip" scontext=u:r:untrusted_app_29:s0:c98,c256,c512,c768 tcontext=u:r:untrusted_app_29:s0:c98,c256,c512,c768 tclass=netlink_route_socket
07-27 10:11:42.299 14786 14786 I auditd : type=1400 audit(0.0:17871): avc: granted { nlmsg_readpriv } for comm="halley_2800_Tem" scontext=u:r:untrusted_app_27:s0:c512,c768 tcontext=u:r:untrusted_app_27:s0:c512,c768 tclass=netlink_route_socket app=com.tencent.android.qqdownloader
07-27 10:11:42.286 2193 2211 I service_manager_slow: [15,phone]
07-27 10:11:42.340 1564 1904 I netstats_mobile_sample: [0,0,0,0,0,0,0,0,0,0,0,0,1690423898895]
07-27 10:11:42.340 1564 1904 I netstats_wifi_sample: [700641,699,2296257,4215,700641,699,2296257,4215,7624625,7312,1809631,3690,1690423898895]
07-27 10:11:42.351 11720 11720 I auditd : type=1400 audit(0.0:17872): avc: granted { nlmsg_readpriv } for comm="mars::17770" scontext=u:r:untrusted_app_29:s0:c98,c256,c512,c768 tcontext=u:r:untrusted_app_29:s0:c98,c256,c512,c768 tclass=netlink_route_socket app=com.tencent.mm
07-27 10:11:42.351 11720 11720 I auditd : type=1400 audit(0.0:17873): avc: granted { nlmsg_readpriv } for comm="mars::17770" scontext=u:r:untrusted_app_29:s0:c98,c256,c512,c768 tcontext=u:r:untrusted_app_29:s0:c98,c256,c512,c768 tclass=netlink_route_socket app=com.tencent.mm
07-27 10:11:42.362 1564 1904 I netstats_mobile_sample: [0,0,0,0,0,0,0,0,0,0,0,0,1690423898917]
07-27 10:11:42.362 1564 1904 I netstats_wifi_sample: [700641,699,2296327,4216,700641,699,2296327,4216,7624625,7312,1809701,3691,1690423898917]
07-27 10:11:42.383 14786 14786 I auditd : type=1400 audit(0.0:17874): avc: granted { nlmsg_readpriv } for comm="halley_2800_Tem" scontext=u:r:untrusted_app_27:s0:c512,c768 tcontext=u:r:untrusted_app_27:s0:c512,c768 tclass=netlink_route_socket app=com.tencent.android.qqdownloader
07-27 10:11:42.638 1564 1564 I notification_enqueue: [10096,14713,com.tencent.android.qqdownloader,127,NULL,0,Notification(channel=channel_id_default_silent shortcut=null contentView=com.tencent.android.qqdownloader/0x7f0a01c2 vibrate=null sound=null defaults=0x0 flags=0x2a2 color=0x00000000 groupKey=com.tencent.android.qqdownloader vis=PRIVATE),1]
07-27 10:11:44.001 1564 1564 I sysui_multi_action: [757,128,758,5,759,8,793,35833,794,0,795,35833,796,40,806,com.tencent.mm,857,reminder_channel_id,858,2,947,0,1500,35631,1688,1]
07-27 10:11:44.001 1564 1564 I notification_canceled: [0|com.tencent.mm|40|null|10098,8,35833,35833,0,-1,-1,NULL]
07-27 10:11:44.051 10685 10685 I auditd : type=1400 audit(0.0:17883): avc: denied { open } for comm="com.tencent.mm" path="/proc/stat" dev="proc" ino=4026532245 scontext=u:r:untrusted_app_29:s0:c98,c256,c512,c768 tcontext=u:object_r:proc_stat:s0 tclass=file permissive=1 app=com.tencent.mm
07-27 10:11:44.291 14786 14786 I auditd : type=1400 audit(0.0:17884): avc: granted { nlmsg_readpriv } for comm="halley_2800_Tem" scontext=u:r:untrusted_app_27:s0:c512,c768 tcontext=u:r:untrusted_app_27:s0:c512,c768 tclass=netlink_route_socket app=com.tencent.android.qqdownloader
07-27 10:11:44.335 1564 11296 I am_kill : [0,15903,com.tencent.mm:xweb_sandboxed_process_0:com.tencent.xweb.pinus.sdk.process.SandboxedProcessService0,0,isolated not needed]
07-27 10:11:44.347 14786 14786 I auditd : type=1400 audit(0.0:17885): avc: granted { nlmsg_readpriv } for comm="halley_2800_Tem" scontext=u:r:untrusted_app_27:s0:c512,c768 tcontext=u:r:untrusted_app_27:s0:c512,c768 tclass=netlink_route_socket app=com.tencent.android.qqdownloader
07-27 10:11:44.404 1564 2479 I am_proc_died: [0,15906,com.tencent.mm:xweb_privileged_process_0,0,10]
07-27 10:11:44.407 14786 14786 I auditd : type=1400 audit(0.0:17886): avc: granted { nlmsg_readpriv } for comm="halley_2800_Tem" scontext=u:r:untrusted_app_27:s0:c512,c768 tcontext=u:r:untrusted_app_27:s0:c512,c768 tclass=netlink_route_socket app=com.tencent.android.qqdownloader
07-27 10:11:44.451 14786 14786 I auditd : type=1400 audit(0.0:17887): avc: granted { nlmsg_readpriv } for comm="halley_2800_Tem" scontext=u:r:untrusted_app_27:s0:c512,c768 tcontext=u:r:untrusted_app_27:s0:c512,c768 tclass=netlink_route_socket app=com.tencent.android.qqdownloader
07-27 10:11:44.478 1564 7811 I am_proc_died: [0,15903,com.tencent.mm:xweb_sandboxed_process_0:com.tencent.xweb.pinus.sdk.process.SandboxedProcessService0,0,10]
07-27 10:11:44.478 1564 7811 I am_uid_stopped: 99009
07-27 10:11:44.713 1564 10185 I wm_finish_activity: [0,183975342,21,com.tencent.qqlive/.ona.activity.SplashHomeActivity,finish-activity]
07-27 10:11:44.715 1564 1914 I stream_devices_changed: [3,16,128]
07-27 10:11:44.716 1564 10185 I wm_add_to_stopping: [0,231566347,com.tencent.mm/.plugin.voip.ui.VideoActivity,makeInvisible]
07-27 10:11:44.720 1564 10185 I wm_resume_activity: [0,231566347,22,com.tencent.mm/.plugin.voip.ui.VideoActivity]
07-27 10:11:44.725 1564 10185 I wm_add_to_stopping: [0,231566347,com.tencent.mm/.plugin.voip.ui.VideoActivity,makeInvisible]
07-27 10:11:44.736 1564 10185 I wm_finish_activity: [0,192034560,21,com.tencent.qqlive/.ona.activity.VideoDetailActivity,finish-activity]
07-27 10:11:44.736 1564 10185 I wm_task_moved: [22,1,8]
07-27 10:11:44.736 1564 10185 I wm_task_to_front: [0,22]
07-27 10:11:44.739 1564 10185 I wm_set_resumed_activity: [0,com.tencent.mm/.plugin.voip.ui.VideoActivity,positionChildAt]
07-27 10:11:44.739 1564 10185 I wm_focused_root_task: [0,0,22,21,finish-top adjustFocusToNextFocusableTask]
07-27 10:11:44.739 1564 10185 I wm_set_resumed_activity: [0,com.tencent.mm/.plugin.voip.ui.VideoActivity,finish-top]
07-27 10:11:44.744 1564 10185 I wm_pause_activity: [0,192034560,com.tencent.qqlive/.ona.activity.VideoDetailActivity,userLeaving=false,finish]
07-27 10:11:44.748 10448 10448 I wm_on_top_resumed_lost_called: [192034560,com.tencent.qqlive.ona.activity.VideoDetailActivity,topStateChangedWhenResumed]
07-27 10:11:44.748 1564 1679 I wm_stop_activity: [0,231566347,com.tencent.mm/.plugin.voip.ui.VideoActivity]
07-27 10:11:44.748 1564 1679 I wm_destroy_activity: [0,183975342,21,com.tencent.qqlive/.ona.activity.SplashHomeActivity,finish-idle]
07-27 10:11:44.759 1564 1679 I sysui_multi_action: [757,803,799,window_time_2,802,32]
07-27 10:11:44.761 10685 10685 I wm_on_restart_called: [231566347,com.tencent.mm.plugin.voip.ui.VideoActivity,performRestartActivity]
07-27 10:11:44.765 1564 1853 I input_focus: [Focus leaving 604c4a9 com.tencent.qqlive/com.tencent.qqlive.ona.activity.VideoDetailActivity (server),reason=NO_WINDOW]
07-27 10:11:44.765 10685 10685 I wm_on_start_called: [231566347,com.tencent.mm.plugin.voip.ui.VideoActivity,handleStartActivity]
07-27 10:11:44.775 1564 2479 I am_uid_running: 99010
07-27 10:11:44.783 10685 10685 I wm_on_resume_called: [231566347,com.tencent.mm.plugin.voip.ui.VideoActivity,RESUME_ACTIVITY]
07-27 10:11:44.789 1564 1695 I am_proc_start: [0,17880,99010,com.tencent.mm:xweb_sandboxed_process_0:com.tencent.xweb.pinus.sdk.process.SandboxedProcessService0,service,{com.tencent.mm/com.tencent.xweb.pinus.sdk.process.SandboxedProcessService0}]
07-27 10:11:44.798 10685 10685 I wm_on_paused_called: [231566347,com.tencent.mm.plugin.voip.ui.VideoActivity,performPause]
07-27 10:11:44.803 10685 10685 I wm_on_stop_called: [231566347,com.tencent.mm.plugin.voip.ui.VideoActivity,STOP_ACTIVITY_ITEM]
07-27 10:11:44.809 10448 10448 I wm_on_paused_called: [192034560,com.tencent.qqlive.ona.activity.VideoDetailActivity,performPause]
07-27 10:11:44.809 1564 10185 I wm_add_to_stopping: [0,192034560,com.tencent.qqlive/.ona.activity.VideoDetailActivity,completeFinishing]
07-27 10:11:44.809 1564 1695 I am_proc_start: [0,17883,10098,com.tencent.mm:xweb_privileged_process_0,service,{com.tencent.mm/com.tencent.xweb.pinus.sdk.process.PrivilegedProcessService0}]
07-27 10:11:44.810 1564 10185 I wm_set_resumed_activity: [0,com.tencent.mm/.plugin.voip.ui.VideoActivity,resumeTopActivityInnerLocked]
07-27 10:11:44.810 1564 10185 I wm_add_to_stopping: [0,231566347,com.tencent.mm/.plugin.voip.ui.VideoActivity,makeInvisible]
07-27 10:11:44.811 1564 10185 I wm_resume_activity: [0,231566347,22,com.tencent.mm/.plugin.voip.ui.VideoActivity]
07-27 10:11:44.815 1564 1679 I sysui_multi_action: [757,803,799,window_time_2,802,0]
07-27 10:11:44.829 10685 10685 I wm_on_restart_called: [231566347,com.tencent.mm.plugin.voip.ui.VideoActivity,performRestartActivity]
07-27 10:11:44.832 10685 10685 I wm_on_start_called: [231566347,com.tencent.mm.plugin.voip.ui.VideoActivity,handleStartActivity]
07-27 10:11:44.835 1564 1914 I stream_devices_changed: [6,16,128]
07-27 10:11:44.842 10685 10685 I wm_on_resume_called: [231566347,com.tencent.mm.plugin.voip.ui.VideoActivity,RESUME_ACTIVITY]
07-27 10:11:44.850 10685 10685 I wm_on_top_resumed_gained_called: [231566347,com.tencent.mm.plugin.voip.ui.VideoActivity,topWhenResuming]
07-27 10:11:44.851 1564 7811 I am_proc_bound: [0,17880,com.tencent.mm:xweb_sandboxed_process_0:com.tencent.xweb.pinus.sdk.process.SandboxedProcessService0]
07-27 10:11:44.853 1564 7811 I am_uid_active: 99010
07-27 10:11:44.856 10448 10448 I wm_on_resume_called: [183975342,com.tencent.qqlive.ona.activity.SplashHomeActivity,LIFECYCLER_RESUME_ACTIVITY]
07-27 10:11:44.858 10685 10685 I wm_on_restart_called: [198132555,com.tencent.mm.ui.LauncherUI,performRestartActivity]
07-27 10:11:44.869 1564 11038 I am_proc_bound: [0,17883,com.tencent.mm:xweb_privileged_process_0]
07-27 10:11:44.881 10685 10685 I wm_on_start_called: [198132555,com.tencent.mm.ui.LauncherUI,handleStartActivity]
07-27 10:11:44.907 1564 1680 I input_focus: [Focus request 1156dfb com.tencent.mm/com.tencent.mm.plugin.voip.ui.VideoActivity,reason=UpdateInputWindows]
07-27 10:11:44.962 10448 10448 I wm_on_paused_called: [183975342,com.tencent.qqlive.ona.activity.SplashHomeActivity,performPause]
07-27 10:11:44.987 1564 1679 I wm_destroy_activity: [0,192034560,21,com.tencent.qqlive/.ona.activity.VideoDetailActivity,finish-imm:transit]
07-27 10:11:44.997 1564 1853 I input_focus: [Focus entering 1156dfb com.tencent.mm/com.tencent.mm.plugin.voip.ui.VideoActivity (server),reason=Window became focusable. Previous reason: NOT_VISIBLE]
07-27 10:11:45.010 10448 10448 I wm_on_stop_called: [183975342,com.tencent.qqlive.ona.activity.SplashHomeActivity,LIFECYCLER_STOP_ACTIVITY]
07-27 10:11:45.142 10448 10448 I wm_on_destroy_called: [183975342,com.tencent.qqlive.ona.activity.SplashHomeActivity,performDestroy]
07-27 10:11:45.276 10448 10448 I wm_on_stop_called: [192034560,com.tencent.qqlive.ona.activity.VideoDetailActivity,LIFECYCLER_STOP_ACTIVITY]
07-27 10:11:45.423 10448 10448 I wm_on_destroy_called: [192034560,com.tencent.qqlive.ona.activity.VideoDetailActivity,performDestroy]
07-27 10:11:45.433 1564 10539 I wm_task_removed: [21,removeChild:removeChild last r=ActivityRecord{b723700 u0 com.tencent.qqlive/.ona.activity.VideoDetailActivity taskAffinity=10100:com.tencent.qqlive t-1 f}} in t=Task{7148be5 #21 type=standard A=10100:com.tencent.qqlive U=0 visible=false mode=freeform translucent=true sz=0 visible freeform task=false rootAffinity=10100:com.tencent.qqlive isMini=false}]
07-27 10:11:45.433 1564 10539 I wm_task_removed: [21,removeChild]
07-27 10:11:45.447 1564 10539 I am_kill : [0,16129,com.tencent.android.qqdownloader:wxa_container0,925,empty #2]
07-27 10:11:45.452 1564 10539 I am_kill : [0,10804,com.android.webview:sandboxed_process0:org.chromium.content.app.SandboxedProcessService0:0,0,isolated not needed]
07-27 10:11:45.474 1564 1853 I input_interaction: Interaction with: a55939e com.android.launcher3/com.android.launcher3.uioverrides.QuickstepLauncher (server), 830e89c com.android.systemui.ImageWallpaper (server), edge-swipe (server), swipe-up (server), PointerEventDispatcher0 (server),
07-27 10:11:45.535 1564 5594 I am_proc_died: [0,10804,com.android.webview:sandboxed_process0:org.chromium.content.app.SandboxedProcessService0:0,0,10]
07-27 10:11:45.535 1564 5594 I am_uid_stopped: 99004
07-27 10:11:45.575 1564 5594 I am_proc_died: [0,16129,com.tencent.android.qqdownloader:wxa_container0,925,19]
07-27 10:11:45.577 1564 5594 I am_schedule_service_restart: [0,com.tencent.android.qqdownloader/com.tencent.luggage.services.WxaProxy_WxaIPCContainerService0,1000]
07-27 10:11:45.619 1564 1843 I commit_sys_config_file: [settings-1-0,3]
07-27 10:11:45.856 1564 10185 I wm_finish_activity: [0,231566347,22,com.tencent.mm/.plugin.voip.ui.VideoActivity,app-request]
07-27 10:11:45.866 1564 10185 I wm_pause_activity: [0,231566347,com.tencent.mm/.plugin.voip.ui.VideoActivity,userLeaving=false,finish]
07-27 10:11:45.870 10685 10685 I wm_on_top_resumed_lost_called: [231566347,com.tencent.mm.plugin.voip.ui.VideoActivity,topStateChangedWhenResumed]
07-27 10:11:45.874 10685 10685 I wm_on_paused_called: [231566347,com.tencent.mm.plugin.voip.ui.VideoActivity,performPause]
07-27 10:11:45.876 1564 2785 I wm_set_resumed_activity: [0,com.tencent.mm/.ui.LauncherUI,resumeTopActivityInnerLocked]
07-27 10:11:45.877 1564 2785 I wm_resume_activity: [0,198132555,22,com.tencent.mm/.ui.LauncherUI]
07-27 10:11:45.883 1564 1680 I input_focus: [Focus request 4aafe96 com.tencent.mm/com.tencent.mm.ui.LauncherUI,reason=UpdateInputWindows]
07-27 10:11:45.883 1564 1679 I sysui_multi_action: [757,803,799,window_time_2,802,1]
07-27 10:11:45.884 1564 1853 I input_focus: [Focus leaving 1156dfb com.tencent.mm/com.tencent.mm.plugin.voip.ui.VideoActivity (server),reason=NO_WINDOW]
07-27 10:11:45.897 1564 1853 I input_focus: [Focus entering 4aafe96 com.tencent.mm/com.tencent.mm.ui.LauncherUI (server),reason=setFocusedWindow]
07-27 10:11:45.901 10685 10685 I wm_on_resume_called: [198132555,com.tencent.mm.ui.LauncherUI,RESUME_ACTIVITY]
07-27 10:11:45.921 10685 10685 I wm_on_top_resumed_gained_called: [198132555,com.tencent.mm.ui.LauncherUI,topWhenResuming]
07-27 10:11:45.957 1564 2785 I wm_destroy_activity: [0,231566347,22,com.tencent.mm/.plugin.voip.ui.VideoActivity,finish-idle]
07-27 10:11:45.964 10685 10685 I wm_on_stop_called: [231566347,com.tencent.mm.plugin.voip.ui.VideoActivity,LIFECYCLER_STOP_ACTIVITY]
07-27 10:11:45.991 10685 10685 I wm_on_destroy_called: [231566347,com.tencent.mm.plugin.voip.ui.VideoActivity,performDestroy]
07-27 10:11:46.184 1564 1904 I service_manager_stats: [100,150,11875]
07-27 10:11:46.189 1564 1904 I netstats_mobile_sample: [0,0,0,0,0,0,0,0,0,0,0,0,1690423902744]
07-27 10:11:46.189 1564 1904 I netstats_wifi_sample: [706610,713,2313041,4254,706610,713,2313041,4254,7702514,7471,1820821,3716,1690423902744]
07-27 10:11:46.235 11720 11720 I auditd : type=1400 audit(0.0:17891): avc: granted { nlmsg_readpriv } for comm="mars::13417" scontext=u:r:untrusted_app_29:s0:c98,c256,c512,c768 tcontext=u:r:untrusted_app_29:s0:c98,c256,c512,c768 tclass=netlink_route_socket app=com.tencent.mm
07-27 10:11:46.235 11720 11720 I auditd : type=1400 audit(0.0:17892): avc: granted { nlmsg_readpriv } for comm="mars::13417" scontext=u:r:untrusted_app_29:s0:c98,c256,c512,c768 tcontext=u:r:untrusted_app_29:s0:c98,c256,c512,c768 tclass=netlink_route_socket app=com.tencent.mm
07-27 10:11:46.239 14786 14786 I auditd : type=1400 audit(0.0:17893): avc: granted { nlmsg_readpriv } for comm="halley_2800_Tem" scontext=u:r:untrusted_app_27:s0:c512,c768 tcontext=u:r:untrusted_app_27:s0:c512,c768 tclass=netlink_route_socket app=com.tencent.android.qqdownloader
07-27 10:11:46.251 17971 17971 I auditd : type=1400 audit(0.0:17894): avc: granted { bind } for comm="ip" scontext=u:r:untrusted_app_29:s0:c98,c256,c512,c768 tcontext=u:r:untrusted_app_29:s0:c98,c256,c512,c768 tclass=netlink_route_socket app=com.tencent.mm
07-27 10:11:46.253 1564 1904 I service_manager_slow: [10,alarm]
07-27 10:11:46.253 1564 1904 I netstats_mobile_sample: [0,0,0,0,0,0,0,0,0,0,0,0,1690423902808]
07-27 10:11:46.254 1564 1904 I netstats_wifi_sample: [706610,713,2313117,4255,706610,713,2313117,4255,7702514,7471,1820973,3718,1690423902808]
07-27 10:11:46.352 1564 1904 I service_manager_slow: [22,alarm]
07-27 10:11:46.359 1564 1904 I netstats_mobile_sample: [0,0,0,0,0,0,0,0,0,0,0,0,1690423902914]
07-27 10:11:46.359 1564 1904 I netstats_wifi_sample: [706610,713,2313251,4257,706610,713,2313251,4257,7702514,7471,1821107,3720,1690423902914]
07-27 10:11:46.432 2647 2647 I view_enqueue_input_event: [Motion - Cancel,com.android.launcher3/com.android.launcher3.uioverrides.QuickstepLauncher]
07-27 10:11:46.434 1564 1853 I input_interaction: Interaction with: edge-swipe (server), swipe-up (server), PointerEventDispatcher0 (server),
07-27 10:11:46.438 1564 1904 I netstats_mobile_sample: [0,0,0,0,0,0,0,0,0,0,0,0,1690423902992]
07-27 10:11:46.438 1564 1904 I netstats_wifi_sample: [706610,713,2313251,4257,706610,713,2313251,4257,7702514,7471,1821107,3720,1690423902992]
07-27 10:11:46.509 1564 1843 I commit_sys_config_file: [settings-1-0,26]
07-27 10:11:46.641 1564 1564 I notification_enqueue: [10096,14713,com.tencent.android.qqdownloader,127,NULL,0,Notification(channel=channel_id_default_silent shortcut=null contentView=com.tencent.android.qqdownloader/0x7f0a01c2 vibrate=null sound=null defaults=0x0 flags=0x2a2 color=0x00000000 groupKey=com.tencent.android.qqdownloader vis=PRIVATE),1]
07-27 10:11:46.735 1564 1894 I netstats_mobile_sample: [0,0,0,0,0,0,0,0,0,0,0,0,1690423903290]
07-27 10:11:46.735 1564 1894 I netstats_wifi_sample: [706610,713,2313251,4257,706610,713,2313251,4257,7702514,7471,1821107,3720,1690423903290]
07-27 10:11:46.921 1564 1843 I commit_sys_config_file: [settings-1-0,5]
07-27 10:11:47.049 1564 2033 I wm_task_created: [23,-1]
07-27 10:11:47.050 1564 2033 I wm_task_created: [24,-1]
07-27 10:11:47.050 1564 2033 I wm_task_moved: [24,0,-2147483648]
07-27 10:11:47.051 1564 2033 I wm_create_task: [0,24]
07-27 10:11:47.051 1564 2033 I wm_create_activity: [0,166783722,24,com.android.launcher3/com.android.quickstep.RecentsActivity,NULL,NULL,NULL,276889600]
07-27 10:11:47.051 1564 2033 I wm_task_moved: [23,0,0]
07-27 10:11:47.051 1564 2033 I wm_task_moved: [23,0,6]
07-27 10:11:47.052 1564 2033 I wm_restart_activity: [0,166783722,24,com.android.launcher3/com.android.quickstep.RecentsActivity]
07-27 10:11:47.068 1564 2033 I wm_task_moved: [23,1,8]
07-27 10:11:47.068 1564 2033 I wm_focused_root_task: [0,0,23,22,RecentsAnimation.onAnimationFinished()]
07-27 10:11:47.069 1564 2033 I wm_pause_activity: [0,54944540,com.android.launcher3/.uioverrides.QuickstepLauncher,userLeaving=false,pauseBackTasks]
07-27 10:11:47.069 10685 10685 I wm_on_top_resumed_lost_called: [198132555,com.tencent.mm.ui.LauncherUI,topStateChangedWhenResumed]
07-27 10:11:47.070 1564 2033 I wm_set_resumed_activity: [0,com.android.launcher3/com.android.quickstep.RecentsActivity,resumeTopActivityInnerLocked]
07-27 10:11:47.070 1564 2033 I wm_resume_activity: [0,166783722,24,com.android.launcher3/com.android.quickstep.RecentsActivity]
07-27 10:11:47.071 1564 2033 I wm_add_to_stopping: [0,198132555,com.tencent.mm/.ui.LauncherUI,makeInvisible]
07-27 10:11:47.074 1564 3234 I wm_finish_activity: [0,166783722,24,com.android.launcher3/com.android.quickstep.RecentsActivity,app-request]
07-27 10:11:47.074 1564 3234 I wm_task_moved: [22,1,8]
07-27 10:11:47.074 1564 3234 I wm_set_resumed_activity: [0,com.tencent.mm/.ui.LauncherUI,positionChildAt]
07-27 10:11:47.074 1564 3234 I wm_focused_root_task: [0,0,22,23,finish-top adjustFocusToNextFocusableTask]
07-27 10:11:47.074 1564 3234 I wm_set_resumed_activity: [0,com.tencent.mm/.ui.LauncherUI,finish-top]
07-27 10:11:47.074 1564 3234 I wm_pause_activity: [0,166783722,com.android.launcher3/com.android.quickstep.RecentsActivity,userLeaving=false,finish]
07-27 10:11:47.075 1564 1679 I sysui_multi_action: [757,803,799,window_time_2,802,2]
07-27 10:11:47.075 2647 2647 I wm_on_create_called: [166783722,com.android.quickstep.RecentsActivity,performCreate]
07-27 10:11:47.077 1564 1679 I sysui_multi_action: [757,803,799,window_time_2,802,0]
07-27 10:11:47.077 1564 1679 I sysui_multi_action: [757,1144,758,8,806,com.android.launcher3,871,com.android.quickstep.RecentsActivity]
07-27 10:11:47.081 2647 2647 I wm_on_paused_called: [54944540,com.android.launcher3.uioverrides.QuickstepLauncher,performPause]
07-27 10:11:47.084 1564 3234 I wm_add_to_stopping: [0,166783722,com.android.launcher3/com.android.quickstep.RecentsActivity,completeFinishing]
07-27 10:11:47.085 1564 3234 I wm_resume_activity: [0,54944540,9,com.android.launcher3/.uioverrides.QuickstepLauncher]
07-27 10:11:47.086 1564 1853 I input_focus: [Focus leaving 4aafe96 com.tencent.mm/com.tencent.mm.ui.LauncherUI (server),reason=NO_WINDOW]
07-27 10:11:47.089 2647 2647 I wm_on_resume_called: [54944540,com.android.launcher3.uioverrides.QuickstepLauncher,RESUME_ACTIVITY]
07-27 10:11:47.089 1564 1679 I wm_destroy_activity: [0,166783722,24,com.android.launcher3/com.android.quickstep.RecentsActivity,finish-imm:idle]
07-27 10:11:47.090 1564 1679 I sysui_multi_action: [757,1144,758,8,806,com.android.launcher3,871,com.android.quickstep.RecentsActivity]
07-27 10:11:47.090 2647 2647 I wm_on_destroy_called: [166783722,com.android.quickstep.RecentsActivity,performDestroy]
07-27 10:11:47.091 1564 1679 I sysui_multi_action: [757,803,799,window_time_2,802,0]
07-27 10:11:47.093 1564 3234 I wm_task_removed: [24,cleanUpResourcesForDestroy]
07-27 10:11:47.093 10685 10685 I wm_on_top_resumed_gained_called: [198132555,com.tencent.mm.ui.LauncherUI,topStateChangedWhenResumed]
07-27 10:11:47.093 1564 3234 I wm_task_removed: [23,removeChild:removeChild last r=Task{e2381db #24 type=recents I=com.android.launcher3/com.android.quickstep.RecentsActivity U=0 visible=false mode=fullscreen translucent=true sz=0 visible freeform task=true rootAffinity=null isMini=false} in t=Task{9739b8e #23 type=recents ?? U=0 visible=false mode=fullscreen translucent=true sz=0 visible freeform task=true rootAffinity=null isMini=false}]
07-27 10:11:47.093 1564 3234 I wm_task_removed: [23,removeChild]
07-27 10:11:47.093 1564 3234 I wm_task_removed: [24,removeChild:removeChild last r=ActivityRecord{9f0eaea u0 com.android.launcher3/com.android.quickstep.RecentsActivity taskAffinity=null t-1 f}} in t=Task{e2381db #24 type=recents I=com.android.launcher3/com.android.quickstep.RecentsActivity U=0 visible=false mode=fullscreen translucent=true sz=0 visible freeform task=true rootAffinity=null isMini=false}]
07-27 10:11:47.093 1564 3234 I wm_task_removed: [24,removeChild]
07-27 10:11:47.335 1564 1679 I wm_stop_activity: [0,198132555,com.tencent.mm/.ui.LauncherUI]
07-27 10:11:47.354 10685 10685 I wm_on_top_resumed_lost_called: [198132555,com.tencent.mm.ui.LauncherUI,topStateChangedWhenResumed]
07-27 10:11:47.369 10685 10685 I wm_on_paused_called: [198132555,com.tencent.mm.ui.LauncherUI,performPause]
07-27 10:11:47.372 10685 10685 I wm_on_stop_called: [198132555,com.tencent.mm.ui.LauncherUI,STOP_ACTIVITY_ITEM]
07-27 10:11:47.433 1564 1853 I input_interaction: Interaction with: a55939e com.android.launcher3/com.android.launcher3.uioverrides.QuickstepLauncher (server), 830e89c com.android.systemui.ImageWallpaper (server), edge-swipe (server), swipe-up (server), PointerEventDispatcher0 (server),
07-27 10:11:47.436 1564 1679 I wm_task_moved: [1,1,7]
07-27 10:11:47.437 1564 1679 I wm_set_resumed_activity: [0,com.android.launcher3/.uioverrides.QuickstepLauncher,positionChildAt]
07-27 10:11:47.437 1564 1679 I wm_task_moved: [9,1,2147483647]
07-27 10:11:47.437 1564 1679 I wm_task_to_front: [0,9]
07-27 10:11:47.437 1564 1679 I wm_focused_root_task: [0,0,1,22,setFocusedTask]
07-27 10:11:47.437 1564 1679 I wm_set_resumed_activity: [0,com.android.launcher3/.uioverrides.QuickstepLauncher,setFocusedTask]
07-27 10:11:47.437 1564 1680 I input_focus: [Focus request a55939e com.android.launcher3/com.android.launcher3.uioverrides.QuickstepLauncher,reason=UpdateInputWindows]
07-27 10:11:47.437 2647 2647 I wm_on_top_resumed_gained_called: [54944540,com.android.launcher3.uioverrides.QuickstepLauncher,topStateChangedWhenResumed]
07-27 10:11:47.467 1564 1853 I input_focus: [Focus entering a55939e com.android.launcher3/com.android.launcher3.uioverrides.QuickstepLauncher (server),reason=setFocusedWindow]
07-27 10:11:47.642 1564 1564 I notification_enqueue: [10096,14713,com.tencent.android.qqdownloader,127,NULL,0,Notification(channel=channel_id_default_silent shortcut=null contentView=com.tencent.android.qqdownloader/0x7f0a01c2 vibrate=null sound=null defaults=0x0 flags=0x2a2 color=0x00000000 groupKey=com.tencent.android.qqdownloader vis=PRIVATE),1]
07-27 10:11:47.969 1564 1825 I wm_finish_activity: [0,24950209,12,com.android.settings/.homepage.SettingsHomepageActivity,recent-task-trimmed]
07-27 10:11:47.969 1564 1825 I wm_destroy_activity: [0,24950209,12,com.android.settings/.homepage.SettingsHomepageActivity,finish-imm:finishIfPossible]
07-27 10:11:47.970 1564 1825 I wm_finish_activity: [0,198132555,22,com.tencent.mm/.ui.LauncherUI,recent-task-trimmed]
07-27 10:11:47.971 1564 1825 I wm_destroy_activity: [0,198132555,22,com.tencent.mm/.ui.LauncherUI,finish-imm:finishIfPossible]
07-27 10:11:47.971 1564 1679 I am_kill : [0,6985,com.android.settings,900,remove task]
07-27 10:11:47.973 1564 1679 I sysui_multi_action: [757,803,799,window_time_2,802,0]
07-27 10:11:47.976 1564 1679 I sysui_multi_action: [757,803,799,window_time_0,802,0]
07-27 10:11:47.978 1564 1679 I sysui_multi_action: [757,803,799,window_time_0,802,0]
07-27 10:11:48.036 1564 2033 I am_proc_died: [0,6985,com.android.settings,900,19]
07-27 10:11:48.039 1564 2033 I wm_task_removed: [12,removeChild:removeChild last r=ActivityRecord{17cb5c1 u0 com.android.settings/.homepage.SettingsHomepageActivity taskAffinity=1000:com.android.settings.root t-1 f}} in t=Task{5c06166 #12 type=standard A=1000:com.android.settings.root U=0 visible=false mode=fullscreen translucent=true sz=0 visible freeform task=true rootAffinity=1000:com.android.settings.root isMini=false}]
07-27 10:11:48.039 1564 2033 I wm_task_removed: [12,removeChild]
07-27 10:11:48.041 1564 2033 I am_kill : [0,11720,com.tencent.mm:push,0,remove task]
07-27 10:11:48.048 10685 10685 I wm_on_destroy_called: [198132555,com.tencent.mm.ui.LauncherUI,performDestroy]
07-27 10:11:48.052 1564 1695 I am_proc_start: [0,18061,1000,com.android.settings,NULL,]
07-27 10:11:48.065 1564 2033 I wm_task_removed: [22,removeChild:removeChild last r=ActivityRecord{bcf434b u0 com.tencent.mm/.ui.LauncherUI taskAffinity=10098:com.tencent.mm t-1 f}} in t=Task{198cfe6 #22 type=standard A=10098:com.tencent.mm U=0 visible=false mode=freeform translucent=true sz=0 visible freeform task=false rootAffinity=10098:com.tencent.mm isMini=false}]
07-27 10:11:48.065 1564 2033 I wm_task_removed: [22,removeChild]
07-27 10:11:48.069 1564 2033 I am_kill : [0,17883,com.tencent.mm:xweb_privileged_process_0,905,remove task]
07-27 10:11:48.070 1564 2033 I am_kill : [0,17880,com.tencent.mm:xweb_sandboxed_process_0:com.tencent.xweb.pinus.sdk.process.SandboxedProcessService0,915,remove task]
07-27 10:11:48.071 1564 2033 I am_kill : [0,14782,com.android.webview:sandboxed_process0:org.chromium.content.app.SandboxedProcessService0:0,915,remove task]
07-27 10:11:48.071 1564 2033 I am_kill : [0,10685,com.tencent.mm,915,remove task]
07-27 10:11:48.074 1564 14848 I am_proc_bound: [0,18061,com.android.settings]
07-27 10:11:48.082 1564 14848 I am_proc_died: [0,11720,com.tencent.mm:push,0,10]
07-27 10:11:48.084 1564 14848 I am_schedule_service_restart: [0,com.tencent.mm/.booter.CoreService,1000]
07-27 10:11:48.084 1564 14848 I am_schedule_service_restart: [0,com.tencent.mm/.ipcinvoker.wx_extension.service.PushProcessIPCService,11000]
07-27 10:11:48.084 1564 14848 I am_schedule_service_restart: [0,com.tencent.mm/com.tencent.matrix.lifecycle.supervisor.SupervisorService,21000]
07-27 10:11:48.086 1564 2465 I am_proc_died: [0,14782,com.android.webview:sandboxed_process0:org.chromium.content.app.SandboxedProcessService0:0,915,10]
07-27 10:11:48.086 1564 2465 I am_schedule_service_restart: [0,com.tencent.mm/org.chromium.content.app.SandboxedProcessService0:0,30998]
07-27 10:11:48.086 1564 2465 I am_uid_stopped: 99007
07-27 10:11:48.091 1564 14848 I am_proc_died: [0,17883,com.tencent.mm:xweb_privileged_process_0,905,10]
07-27 10:11:48.091 1564 14848 I am_schedule_service_restart: [0,com.tencent.mm/com.tencent.xweb.pinus.sdk.process.PrivilegedProcessService0,40993]
07-27 10:11:48.103 1564 2465 I am_proc_died: [0,17880,com.tencent.mm:xweb_sandboxed_process_0:com.tencent.xweb.pinus.sdk.process.SandboxedProcessService0,915,10]
07-27 10:11:48.103 1564 2465 I am_schedule_service_restart: [0,com.tencent.mm/com.tencent.xweb.pinus.sdk.process.SandboxedProcessService0,50981]
07-27 10:11:48.103 1564 2465 I am_uid_stopped: 99010
07-27 10:11:48.137 1564 2465 I am_proc_died: [0,10685,com.tencent.mm,915,10]
07-27 10:11:48.138 1564 2465 I am_uid_stopped: 10098
07-27 10:11:48.140 1564 1679 I am_uid_running: 10098
07-27 10:11:48.144 1564 1695 I am_proc_start: [0,18078,10098,com.tencent.mm,NULL,]
07-27 10:11:48.153 1564 2465 I am_proc_bound: [0,18078,com.tencent.mm]
07-27 10:11:48.154 1564 2465 I am_uid_active: 10098
07-27 10:11:48.267 14786 14786 I auditd : type=1400 audit(0.0:17909): avc: granted { nlmsg_readpriv } for comm="halley_2800_Tem" scontext=u:r:untrusted_app_27:s0:c512,c768 tcontext=u:r:untrusted_app_27:s0:c512,c768 tclass=netlink_route_socket app=com.tencent.android.qqdownloader
07-27 10:11:48.375 14786 14786 I auditd : type=1400 audit(0.0:17910): avc: granted { nlmsg_readpriv } for comm="halley_2800_Tem" scontext=u:r:untrusted_app_27:s0:c512,c768 tcontext=u:r:untrusted_app_27:s0:c512,c768 tclass=netlink_route_socket app=com.tencent.android.qqdownloader
07-27 10:11:48.422 1564 2465 I am_wtf : [0,18078,com.tencent.mm,949501508,FirebaseApp,Remote stack trace:
07-27 10:11:48.422 1564 2465 I am_wtf : at com.android.server.content.ContentService.registerContentObserver(ContentService.java:357)
07-27 10:11:48.422 1564 2465 I am_wtf : at android.content.IContentService$Stub.onTransact(IContentService.java:484)
07-27 10:11:48.422 1564 2465 I am_wtf : at android.os.Binder.execTransactInternal(Binder.java:1179)
07-27 10:11:48.422 1564 2465 I am_wtf : at android.os.Binder.execTransact(Binder.java:1143)
07-27 10:11:48.422 1564 2465 I am_wtf : ]
07-27 10:11:48.479 14786 14786 I auditd : type=1400 audit(0.0:17911): avc: granted { nlmsg_readpriv } for comm="halley_2800_Tem" scontext=u:r:untrusted_app_27:s0:c512,c768 tcontext=u:r:untrusted_app_27:s0:c512,c768 tclass=netlink_route_socket app=com.tencent.android.qqdownloader
07-27 10:11:48.479 14786 14786 I auditd : type=1400 audit(0.0:17912): avc: granted { nlmsg_readpriv } for comm="halley_2800_Tem" scontext=u:r:untrusted_app_27:s0:c512,c768 tcontext=u:r:untrusted_app_27:s0:c512,c768 tclass=netlink_route_socket app=com.tencent.android.qqdownloader
07-27 10:11:48.645 1564 1564 I notification_enqueue: [10096,14713,com.tencent.android.qqdownloader,127,NULL,0,Notification(channel=channel_id_default_silent shortcut=null contentView=com.tencent.android.qqdownloader/0x7f0a01c2 vibrate=null sound=null defaults=0x0 flags=0x2a2 color=0x00000000 groupKey=com.tencent.android.qqdownloader vis=PRIVATE),1]
07-27 10:11:49.068 1564 1695 I am_proc_start: [0,18202,10098,com.tencent.mm:support,service,{com.tencent.mm/com.tencent.mm.service.ProcessService$SupportProcessService}]
07-27 10:11:49.085 1564 9979 I am_proc_bound: [0,18202,com.tencent.mm:support]
07-27 10:11:49.091 1564 1695 I am_proc_start: [0,18223,10098,com.tencent.mm:push,service,{com.tencent.mm/com.tencent.mm.booter.CoreService}]
07-27 10:11:49.120 1564 1609 I am_proc_bound: [0,18223,com.tencent.mm:push]
07-27 10:11:49.319 18223 18223 I auditd : type=1400 audit(0.0:17913): avc: denied { read } for comm="tencent.mm:push" name="anr" dev="dm-10" ino=34 scontext=u:r:untrusted_app_29:s0:c98,c256,c512,c768 tcontext=u:object_r:anr_data_file:s0 tclass=dir permissive=1 app=com.tencent.mm
07-27 10:11:49.585 1564 1678 I commit_sys_config_file: [notification-policy,717333]
07-27 10:11:50.479 18397 18397 I auditd : type=1400 audit(0.0:17914): avc: granted { bind } for comm="ip" scontext=u:r:untrusted_app_29:s0:c98,c256,c512,c768 tcontext=u:r:untrusted_app_29:s0:c98,c256,c512,c768 tclass=netlink_route_socket app=com.tencent.mm
07-27 10:11:50.491 18223 18223 I auditd : type=1400 audit(0.0:17915): avc: granted { nlmsg_readpriv } for comm="mars::18390" scontext=u:r:untrusted_app_29:s0:c98,c256,c512,c768 tcontext=u:r:untrusted_app_29:s0:c98,c256,c512,c768 tclass=netlink_route_socket app=com.tencent.mm
07-27 10:11:50.491 18223 18223 I auditd : type=1400 audit(0.0:17916): avc: granted { nlmsg_readpriv } for comm="mars::18390" scontext=u:r:untrusted_app_29:s0:c98,c256,c512,c768 tcontext=u:r:untrusted_app_29:s0:c98,c256,c512,c768 tclass=netlink_route_socket app=com.tencent.mm
07-27 10:11:50.539 18223 18223 I auditd : type=1400 audit(0.0:17917): avc: granted { nlmsg_readpriv } for comm="mars::18403" scontext=u:r:untrusted_app_29:s0:c98,c256,c512,c768 tcontext=u:r:untrusted_app_29:s0:c98,c256,c512,c768 tclass=netlink_route_socket app=com.tencent.mm
07-27 10:11:50.539 18223 18223 I auditd : type=1400 audit(0.0:17918): avc: granted { nlmsg_readpriv } for comm="mars::18403" scontext=u:r:untrusted_app_29:s0:c98,c256,c512,c768 tcontext=u:r:untrusted_app_29:s0:c98,c256,c512,c768 tclass=netlink_route_socket app=com.tencent.mm
07-27 10:11:51.783 18223 18223 I auditd : type=1400 audit(0.0:17926): avc: granted { nlmsg_readpriv } for comm="mars::18390" scontext=u:r:untrusted_app_29:s0:c98,c256,c512,c768 tcontext=u:r:untrusted_app_29:s0:c98,c256,c512,c768 tclass=netlink_route_socket app=com.tencent.mm
07-27 10:11:51.783 18223 18223 I auditd : type=1400 audit(0.0:17927): avc: granted { nlmsg_readpriv } for comm="mars::18390" scontext=u:r:untrusted_app_29:s0:c98,c256,c512,c768 tcontext=u:r:untrusted_app_29:s0:c98,c256,c512,c768 tclass=netlink_route_socket app=com.tencent.mm
07-27 10:11:51.863 18518 18518 I auditd : type=1400 audit(0.0:17928): avc: granted { bind } for comm="ip" scontext=u:r:untrusted_app_29:s0:c98,c256,c512,c768 tcontext=u:r:untrusted_app_29:s0:c98,c256,c512,c768 tclass=netlink_route_socket app=com.tencent.mm
07-27 10:11:51.951 18223 18223 I auditd : type=1400 audit(0.0:17929): avc: granted { nlmsg_readpriv } for comm="mars::18522" scontext=u:r:untrusted_app_29:s0:c98,c256,c512,c768 tcontext=u:r:untrusted_app_29:s0:c98,c256,c512,c768 tclass=netlink_route_socket app=com.tencent.mm
07-27 10:11:51.955 18223 18223 I auditd : type=1400 audit(0.0:17930): avc: granted { nlmsg_readpriv } for comm="mars::18522" scontext=u:r:untrusted_app_29:s0:c98,c256,c512,c768 tcontext=u:r:untrusted_app_29:s0:c98,c256,c512,c768 tclass=netlink_route_socket app=com.tencent.mm
07-27 10:11:52.659 1564 1692 I sysui_multi_action: [757,1717,758,1,759,0]
07-27 10:11:52.659 1564 1692 I sysui_multi_action: [757,1717,758,2,759,0]
07-27 10:11:52.659 1564 1692 I sysui_multi_action: [757,1717,758,3,759,0]
07-27 10:11:52.979 18078 18078 I auditd : type=1400 audit(0.0:17935): avc: denied { read } for comm="Binder:18078_5" name="drivers" dev="proc" ino=4026531852 scontext=u:r:untrusted_app_29:s0:c98,c256,c512,c768 tcontext=u:object_r:proc_tty_drivers:s0 tclass=file permissive=1 app=com.tencent.mm
07-27 10:11:52.979 18078 18078 I auditd : type=1400 audit(0.0:17936): avc: denied { getattr } for comm="Binder:18078_5" path="/proc/tty/drivers" dev="proc" ino=4026531852 scontext=u:r:untrusted_app_29:s0:c98,c256,c512,c768 tcontext=u:object_r:proc_tty_drivers:s0 tclass=file permissive=1 app=com.tencent.mm
07-27 10:11:53.163 18078 18078 I auditd : type=1400 audit(0.0:17937): avc: denied { read } for comm="Binder:18078_5" name="devices" dev="proc" ino=4026532305 scontext=u:r:untrusted_app_29:s0:c98,c256,c512,c768 tcontext=u:object_r:proc:s0 tclass=file permissive=1 app=com.tencent.mm
07-27 10:11:53.163 18078 18078 I auditd : type=1400 audit(0.0:17938): avc: denied { open } for comm="Binder:18078_5" path="/proc/bus/pci/devices" dev="proc" ino=4026532305 scontext=u:r:untrusted_app_29:s0:c98,c256,c512,c768 tcontext=u:object_r:proc:s0 tclass=file permissive=1 app=com.tencent.mm
07-27 10:11:53.163 18078 18078 I auditd : type=1400 audit(0.0:17939): avc: denied { read } for comm="Binder:18078_5" name="interrupts" dev="proc" ino=4026532242 scontext=u:r:untrusted_app_29:s0:c98,c256,c512,c768 tcontext=u:object_r:proc_interrupts:s0 tclass=file permissive=1 app=com.tencent.mm
07-27 10:11:55.311 18223 18223 I auditd : type=1400 audit(0.0:17955): avc: granted { nlmsg_readpriv } for comm="mars::18390" scontext=u:r:untrusted_app_29:s0:c98,c256,c512,c768 tcontext=u:r:untrusted_app_29:s0:c98,c256,c512,c768 tclass=netlink_route_socket app=com.tencent.mm
07-27 10:11:55.311 18223 18223 I auditd : type=1400 audit(0.0:17956): avc: granted { nlmsg_readpriv } for comm="mars::18390" scontext=u:r:untrusted_app_29:s0:c98,c256,c512,c768 tcontext=u:r:untrusted_app_29:s0:c98,c256,c512,c768 tclass=netlink_route_socket app=com.tencent.mm
07-27 10:11:55.335 18633 18633 I auditd : type=1400 audit(0.0:17957): avc: granted { bind } for comm="ip" scontext=u:r:untrusted_app_29:s0:c98,c256,c512,c768 tcontext=u:r:untrusted_app_29:s0:c98,c256,c512,c768 tclass=netlink_route_socket app=com.tencent.mm
07-27 10:11:55.371 18223 18223 I auditd : type=1400 audit(0.0:17958): avc: granted { nlmsg_readpriv } for comm="mars::18634" scontext=u:r:untrusted_app_29:s0:c98,c256,c512,c768 tcontext=u:r:untrusted_app_29:s0:c98,c256,c512,c768 tclass=netlink_route_socket app=com.tencent.mm
07-27 10:11:55.371 18223 18223 I auditd : type=1400 audit(0.0:17959): avc: granted { nlmsg_readpriv } for comm="mars::18634" scontext=u:r:untrusted_app_29:s0:c98,c256,c512,c768 tcontext=u:r:untrusted_app_29:s0:c98,c256,c512,c768 tclass=netlink_route_socket app=com.tencent.mm
07-27 10:11:56.667 1564 1894 I netstats_mobile_sample: [0,0,0,0,0,0,0,0,0,0,0,0,1690423913222]
07-27 10:11:56.668 1564 1894 I netstats_wifi_sample: [723091,738,2354589,4334,723091,738,2354589,4334,7883100,7744,1850103,3777,1690423913222]
07-27 10:11:57.207 18078 18078 I auditd : type=1400 audit(0.0:17961): avc: denied { read } for comm="mars::18183" name="u:object_r:serialno_prop:s0" dev="tmpfs" ino=11590 scontext=u:r:untrusted_app_29:s0:c98,c256,c512,c768 tcontext=u:object_r:serialno_prop:s0 tclass=file permissive=1 app=com.tencent.mm
07-27 10:11:57.207 18078 18078 I auditd : type=1400 audit(0.0:17962): avc: denied { open } for comm="mars::18183" path="/dev/__properties__/u:object_r:serialno_prop:s0" dev="tmpfs" ino=11590 scontext=u:r:untrusted_app_29:s0:c98,c256,c512,c768 tcontext=u:object_r:serialno_prop:s0 tclass=file permissive=1 app=com.tencent.mm
07-27 10:11:57.207 18078 18078 I auditd : type=1400 audit(0.0:17963): avc: denied { getattr } for comm="mars::18183" path="/dev/__properties__/u:object_r:serialno_prop:s0" dev="tmpfs" ino=11590 scontext=u:r:untrusted_app_29:s0:c98,c256,c512,c768 tcontext=u:object_r:serialno_prop:s0 tclass=file permissive=1 app=com.tencent.mm
07-27 10:11:57.207 18078 18078 I auditd : type=1400 audit(0.0:17964): avc: denied { map } for comm="mars::18183" path="/dev/__properties__/u:object_r:serialno_prop:s0" dev="tmpfs" ino=11590 scontext=u:r:untrusted_app_29:s0:c98,c256,c512,c768 tcontext=u:object_r:serialno_prop:s0 tclass=file permissive=1 app=com.tencent.mm
07-27 10:11:59.012 1564 1694 I am_uid_running: 10058
07-27 10:11:59.016 1564 1910 I am_uid_running: 10027
07-27 10:11:59.031 1564 1695 I am_proc_start: [0,18764,10058,com.qualcomm.timeservice,broadcast,{com.qualcomm.timeservice/com.qualcomm.timeservice.TimeServiceBroadcastReceiver}]
07-27 10:11:59.042 1564 1695 I am_proc_start: [0,18771,10027,com.android.providers.calendar,content provider,{com.android.providers.calendar/com.android.providers.calendar.CalendarProvider2}]
07-27 10:11:59.053 1564 10539 I am_proc_bound: [0,18764,com.qualcomm.timeservice]
07-27 10:11:59.065 1564 10539 I am_proc_bound: [0,18771,com.android.providers.calendar]
07-27 10:11:59.067 1564 10539 I am_uid_active: 10027
07-27 10:11:59.099 1564 10539 I am_kill : [0,18061,com.android.settings,905,empty #2]
07-27 10:11:59.123 1564 6960 I am_proc_died: [0,18061,com.android.settings,905,19]
07-27 10:11:59.125 1564 6960 I am_kill : [0,16323,com.qualcomm.qti.qccauthmgr,935,empty #2]
07-27 10:11:59.140 1564 1695 I am_proc_start: [0,18801,1000,com.android.settings,NULL,]
07-27 10:11:59.146 1564 9979 I am_proc_died: [0,16323,com.qualcomm.qti.qccauthmgr,935,19]
07-27 10:11:59.147 1564 9979 I am_uid_stopped: 10088
07-27 10:11:59.178 1564 9979 I am_proc_bound: [0,18801,com.android.settings]
07-27 10:12:00.427 1564 1904 I netstats_mobile_sample: [0,0,0,0,0,0,0,0,0,0,0,0,1690423916994]
07-27 10:12:00.427 1564 1904 I netstats_wifi_sample: [726868,741,2370677,4362,726868,741,2370677,4362,7923388,7776,1863673,3803,1690423916994]
07-27 10:12:00.536 1564 1694 I am_kill : [0,18764,com.qualcomm.timeservice,905,empty #2]
07-27 10:12:00.572 1564 1825 I am_proc_died: [0,18764,com.qualcomm.timeservice,905,19]
07-27 10:12:00.573 1564 1825 I am_uid_stopped: 10058
