07-27 09:59:54.507 2934 2934 I auditd : type=1400 audit(0.0:1477): avc: denied { open } for comm="crash_dump64" path="/dev/__properties__/u:object_r:vendor_alarm_boot_prop:s0" dev="tmpfs" ino=11629 scontext=u:r:crash_dump:s0 tcontext=u:object_r:vendor_alarm_boot_prop:s0 tclass=file permissive=1
07-27 09:59:54.507 2934 2934 I auditd : type=1400 audit(0.0:1478): avc: denied { getattr } for comm="crash_dump64" path="/dev/__properties__/u:object_r:vendor_alarm_boot_prop:s0" dev="tmpfs" ino=11629 scontext=u:r:crash_dump:s0 tcontext=u:object_r:vendor_alarm_boot_prop:s0 tclass=file permissive=1
07-27 09:59:54.507 2934 2934 I auditd : type=1400 audit(0.0:1479): avc: denied { map } for comm="crash_dump64" path="/dev/__properties__/u:object_r:vendor_alarm_boot_prop:s0" dev="tmpfs" ino=11629 scontext=u:r:crash_dump:s0 tcontext=u:object_r:vendor_alarm_boot_prop:s0 tclass=file permissive=1
07-27 09:59:54.507 2934 2934 I auditd : type=1400 audit(0.0:1480): avc: denied { open } for comm="crash_dump64" path="/dev/__properties__/u:object_r:vendor_adsprpc_prop:s0" dev="tmpfs" ino=11628 scontext=u:r:crash_dump:s0 tcontext=u:object_r:vendor_adsprpc_prop:s0 tclass=file permissive=1
07-27 09:59:54.507 2934 2934 I auditd : type=1400 audit(0.0:1481): avc: denied { getattr } for comm="crash_dump64" path="/dev/__properties__/u:object_r:vendor_adsprpc_prop:s0" dev="tmpfs" ino=11628 scontext=u:r:crash_dump:s0 tcontext=u:object_r:vendor_adsprpc_prop:s0 tclass=file permissive=1
07-27 09:59:54.507 2934 2934 I auditd : type=1400 audit(0.0:1482): avc: denied { map } for comm="crash_dump64" path="/dev/__properties__/u:object_r:vendor_adsprpc_prop:s0" dev="tmpfs" ino=11628 scontext=u:r:crash_dump:s0 tcontext=u:object_r:vendor_adsprpc_prop:s0 tclass=file permissive=1
07-27 09:59:54.507 2934 2934 I auditd : type=1400 audit(0.0:1483): avc: denied { open } for comm="crash_dump64" path="/dev/__properties__/u:object_r:vehicle_hal_prop:s0" dev="tmpfs" ino=11627 scontext=u:r:crash_dump:s0 tcontext=u:object_r:vehicle_hal_prop:s0 tclass=file permissive=1
07-27 09:59:54.507 2934 2934 I auditd : type=1400 audit(0.0:1484): avc: denied { getattr } for comm="crash_dump64" path="/dev/__properties__/u:object_r:vehicle_hal_prop:s0" dev="tmpfs" ino=11627 scontext=u:r:crash_dump:s0 tcontext=u:object_r:vehicle_hal_prop:s0 tclass=file permissive=1
07-27 09:59:54.507 2934 2934 I auditd : type=1400 audit(0.0:1485): avc: denied { map } for comm="crash_dump64" path="/dev/__properties__/u:object_r:vehicle_hal_prop:s0" dev="tmpfs" ino=11627 scontext=u:r:crash_dump:s0 tcontext=u:object_r:vehicle_hal_prop:s0 tclass=file permissive=1
07-27 09:59:54.507 2934 2934 I auditd : type=1400 audit(0.0:1486): avc: denied { open } for comm="crash_dump64" path="/dev/__properties__/u:object_r:traced_perf_enabled_prop:s0" dev="tmpfs" ino=11618 scontext=u:r:crash_dump:s0 tcontext=u:object_r:traced_perf_enabled_prop:s0 tclass=file permissive=1
07-27 09:59:54.507 2934 2934 I auditd : type=1400 audit(0.0:1487): avc: denied { getattr } for comm="crash_dump64" path="/dev/__properties__/u:object_r:traced_perf_enabled_prop:s0" dev="tmpfs" ino=11618 scontext=u:r:crash_dump:s0 tcontext=u:object_r:traced_perf_enabled_prop:s0 tclass=file permissive=1
07-27 09:59:54.507 2934 2934 I auditd : type=1400 audit(0.0:1488): avc: denied { map } for comm="crash_dump64" path="/dev/__properties__/u:object_r:traced_perf_enabled_prop:s0" dev="tmpfs" ino=11618 scontext=u:r:crash_dump:s0 tcontext=u:object_r:traced_perf_enabled_prop:s0 tclass=file permissive=1
07-27 09:59:54.507 2934 2934 I auditd : type=1400 audit(0.0:1489): avc: denied { open } for comm="crash_dump64" path="/dev/__properties__/u:object_r:traced_lazy_prop:s0" dev="tmpfs" ino=11617 scontext=u:r:crash_dump:s0 tcontext=u:object_r:traced_lazy_prop:s0 tclass=file permissive=1
07-27 09:59:54.507 2934 2934 I auditd : type=1400 audit(0.0:1490): avc: denied { getattr } for comm="crash_dump64" path="/dev/__properties__/u:object_r:traced_lazy_prop:s0" dev="tmpfs" ino=11617 scontext=u:r:crash_dump:s0 tcontext=u:object_r:traced_lazy_prop:s0 tclass=file permissive=1
07-27 09:59:54.507 2934 2934 I auditd : type=1400 audit(0.0:1491): avc: denied { map } for comm="crash_dump64" path="/dev/__properties__/u:object_r:traced_lazy_prop:s0" dev="tmpfs" ino=11617 scontext=u:r:crash_dump:s0 tcontext=u:object_r:traced_lazy_prop:s0 tclass=file permissive=1
07-27 09:59:54.507 2934 2934 I auditd : type=1400 audit(0.0:1492): avc: denied { open } for comm="crash_dump64" path="/dev/__properties__/u:object_r:traced_enabled_prop:s0" dev="tmpfs" ino=11616 scontext=u:r:crash_dump:s0 tcontext=u:object_r:traced_enabled_prop:s0 tclass=file permissive=1
07-27 09:59:54.507 2934 2934 I auditd : type=1400 audit(0.0:1493): avc: denied { getattr } for comm="crash_dump64" path="/dev/__properties__/u:object_r:traced_enabled_prop:s0" dev="tmpfs" ino=11616 scontext=u:r:crash_dump:s0 tcontext=u:object_r:traced_enabled_prop:s0 tclass=file permissive=1
07-27 09:59:54.507 2934 2934 I auditd : type=1400 audit(0.0:1494): avc: denied { map } for comm="crash_dump64" path="/dev/__properties__/u:object_r:traced_enabled_prop:s0" dev="tmpfs" ino=11616 scontext=u:r:crash_dump:s0 tcontext=u:object_r:traced_enabled_prop:s0 tclass=file permissive=1
07-27 09:59:54.507 2934 2934 I auditd : type=1400 audit(0.0:1495): avc: denied { open } for comm="crash_dump64" path="/dev/__properties__/u:object_r:tombstone_config_prop:s0" dev="tmpfs" ino=11615 scontext=u:r:crash_dump:s0 tcontext=u:object_r:tombstone_config_prop:s0 tclass=file permissive=1
07-27 09:59:54.507 2934 2934 I auditd : type=1400 audit(0.0:1496): avc: denied { getattr } for comm="crash_dump64" path="/dev/__properties__/u:object_r:tombstone_config_prop:s0" dev="tmpfs" ino=11615 scontext=u:r:crash_dump:s0 tcontext=u:object_r:tombstone_config_prop:s0 tclass=file permissive=1
07-27 09:59:54.507 2934 2934 I auditd : type=1400 audit(0.0:1497): avc: denied { map } for comm="crash_dump64" path="/dev/__properties__/u:object_r:tombstone_config_prop:s0" dev="tmpfs" ino=11615 scontext=u:r:crash_dump:s0 tcontext=u:object_r:tombstone_config_prop:s0 tclass=file permissive=1
07-27 09:59:54.507 2934 2934 I auditd : type=1400 audit(0.0:1498): avc: denied { open } for comm="crash_dump64" path="/dev/__properties__/u:object_r:time_prop:s0" dev="tmpfs" ino=11614 scontext=u:r:crash_dump:s0 tcontext=u:object_r:time_prop:s0 tclass=file permissive=1
07-27 09:59:54.507 2934 2934 I auditd : type=1400 audit(0.0:1499): avc: denied { getattr } for comm="crash_dump64" path="/dev/__properties__/u:object_r:time_prop:s0" dev="tmpfs" ino=11614 scontext=u:r:crash_dump:s0 tcontext=u:object_r:time_prop:s0 tclass=file permissive=1
07-27 09:59:54.507 2934 2934 I auditd : type=1400 audit(0.0:1500): avc: denied { map } for comm="crash_dump64" path="/dev/__properties__/u:object_r:time_prop:s0" dev="tmpfs" ino=11614 scontext=u:r:crash_dump:s0 tcontext=u:object_r:time_prop:s0 tclass=file permissive=1
07-27 09:59:54.507 2934 2934 I auditd : type=1400 audit(0.0:1501): avc: denied { open } for comm="crash_dump64" path="/dev/__properties__/u:object_r:theme_prop:s0" dev="tmpfs" ino=11613 scontext=u:r:crash_dump:s0 tcontext=u:object_r:theme_prop:s0 tclass=file permissive=1
07-27 09:59:54.507 2934 2934 I auditd : type=1400 audit(0.0:1502): avc: denied { getattr } for comm="crash_dump64" path="/dev/__properties__/u:object_r:theme_prop:s0" dev="tmpfs" ino=11613 scontext=u:r:crash_dump:s0 tcontext=u:object_r:theme_prop:s0 tclass=file permissive=1
07-27 09:59:54.507 2934 2934 I auditd : type=1400 audit(0.0:1503): avc: denied { map } for comm="crash_dump64" path="/dev/__properties__/u:object_r:theme_prop:s0" dev="tmpfs" ino=11613 scontext=u:r:crash_dump:s0 tcontext=u:object_r:theme_prop:s0 tclass=file permissive=1
07-27 09:59:54.507 2934 2934 I auditd : type=1400 audit(0.0:1504): avc: denied { open } for comm="crash_dump64" path="/dev/__properties__/u:object_r:test_harness_prop:s0" dev="tmpfs" ino=11612 scontext=u:r:crash_dump:s0 tcontext=u:object_r:test_harness_prop:s0 tclass=file permissive=1
07-27 09:59:54.507 2934 2934 I auditd : type=1400 audit(0.0:1505): avc: denied { getattr } for comm="crash_dump64" path="/dev/__properties__/u:object_r:test_harness_prop:s0" dev="tmpfs" ino=11612 scontext=u:r:crash_dump:s0 tcontext=u:object_r:test_harness_prop:s0 tclass=file permissive=1
07-27 09:59:54.507 2934 2934 I auditd : type=1400 audit(0.0:1506): avc: denied { map } for comm="crash_dump64" path="/dev/__properties__/u:object_r:test_harness_prop:s0" dev="tmpfs" ino=11612 scontext=u:r:crash_dump:s0 tcontext=u:object_r:test_harness_prop:s0 tclass=file permissive=1
07-27 09:59:54.507 2934 2934 I auditd : type=1400 audit(0.0:1507): avc: denied { open } for comm="crash_dump64" path="/dev/__properties__/u:object_r:test_boot_reason_prop:s0" dev="tmpfs" ino=11611 scontext=u:r:crash_dump:s0 tcontext=u:object_r:test_boot_reason_prop:s0 tclass=file permissive=1
07-27 09:59:54.507 2934 2934 I auditd : type=1400 audit(0.0:1508): avc: denied { getattr } for comm="crash_dump64" path="/dev/__properties__/u:object_r:test_boot_reason_prop:s0" dev="tmpfs" ino=11611 scontext=u:r:crash_dump:s0 tcontext=u:object_r:test_boot_reason_prop:s0 tclass=file permissive=1
07-27 09:59:54.507 2934 2934 I auditd : type=1400 audit(0.0:1509): avc: denied { map } for comm="crash_dump64" path="/dev/__properties__/u:object_r:test_boot_reason_prop:s0" dev="tmpfs" ino=11611 scontext=u:r:crash_dump:s0 tcontext=u:object_r:test_boot_reason_prop:s0 tclass=file permissive=1
07-27 09:59:54.507 2934 2934 I auditd : type=1400 audit(0.0:1510): avc: denied { open } for comm="crash_dump64" path="/dev/__properties__/u:object_r:system_trace_prop:s0" dev="tmpfs" ino=11607 scontext=u:r:crash_dump:s0 tcontext=u:object_r:system_trace_prop:s0 tclass=file permissive=1
07-27 09:59:54.507 2934 2934 I auditd : type=1400 audit(0.0:1511): avc: denied { getattr } for comm="crash_dump64" path="/dev/__properties__/u:object_r:system_trace_prop:s0" dev="tmpfs" ino=11607 scontext=u:r:crash_dump:s0 tcontext=u:object_r:system_trace_prop:s0 tclass=file permissive=1
07-27 09:59:54.507 2934 2934 I auditd : type=1400 audit(0.0:1512): avc: denied { map } for comm="crash_dump64" path="/dev/__properties__/u:object_r:system_trace_prop:s0" dev="tmpfs" ino=11607 scontext=u:r:crash_dump:s0 tcontext=u:object_r:system_trace_prop:s0 tclass=file permissive=1
07-27 09:59:54.507 2934 2934 I auditd : type=1400 audit(0.0:1513): avc: denied { open } for comm="crash_dump64" path="/dev/__properties__/u:object_r:system_lmk_prop:s0" dev="tmpfs" ino=11605 scontext=u:r:crash_dump:s0 tcontext=u:object_r:system_lmk_prop:s0 tclass=file permissive=1
07-27 09:59:54.507 2934 2934 I auditd : type=1400 audit(0.0:1514): avc: denied { getattr } for comm="crash_dump64" path="/dev/__properties__/u:object_r:system_lmk_prop:s0" dev="tmpfs" ino=11605 scontext=u:r:crash_dump:s0 tcontext=u:object_r:system_lmk_prop:s0 tclass=file permissive=1
07-27 09:59:54.507 2934 2934 I auditd : type=1400 audit(0.0:1515): avc: denied { map } for comm="crash_dump64" path="/dev/__properties__/u:object_r:system_lmk_prop:s0" dev="tmpfs" ino=11605 scontext=u:r:crash_dump:s0 tcontext=u:object_r:system_lmk_prop:s0 tclass=file permissive=1
07-27 09:59:54.507 2934 2934 I auditd : type=1400 audit(0.0:1516): avc: denied { open } for comm="crash_dump64" path="/dev/__properties__/u:object_r:system_jvmti_agent_prop:s0" dev="tmpfs" ino=11604 scontext=u:r:crash_dump:s0 tcontext=u:object_r:system_jvmti_agent_prop:s0 tclass=file permissive=1
07-27 09:59:54.507 2934 2934 I auditd : type=1400 audit(0.0:1517): avc: denied { getattr } for comm="crash_dump64" path="/dev/__properties__/u:object_r:system_jvmti_agent_prop:s0" dev="tmpfs" ino=11604 scontext=u:r:crash_dump:s0 tcontext=u:object_r:system_jvmti_agent_prop:s0 tclass=file permissive=1
07-27 09:59:54.507 2934 2934 I auditd : type=1400 audit(0.0:1518): avc: denied { map } for comm="crash_dump64" path="/dev/__properties__/u:object_r:system_jvmti_agent_prop:s0" dev="tmpfs" ino=11604 scontext=u:r:crash_dump:s0 tcontext=u:object_r:system_jvmti_agent_prop:s0 tclass=file permissive=1
07-27 09:59:54.507 2934 2934 I auditd : type=1400 audit(0.0:1519): avc: denied { open } for comm="crash_dump64" path="/dev/__properties__/u:object_r:storage_config_prop:s0" dev="tmpfs" ino=11596 scontext=u:r:crash_dump:s0 tcontext=u:object_r:storage_config_prop:s0 tclass=file permissive=1
07-27 09:59:54.507 2934 2934 I auditd : type=1400 audit(0.0:1520): avc: denied { open } for comm="crash_dump64" path="/dev/__properties__/u:object_r:serialno_prop:s0" dev="tmpfs" ino=11590 scontext=u:r:crash_dump:s0 tcontext=u:object_r:serialno_prop:s0 tclass=file permissive=1
07-27 09:59:54.507 2934 2934 I auditd : type=1400 audit(0.0:1521): avc: denied { getattr } for comm="crash_dump64" path="/dev/__properties__/u:object_r:serialno_prop:s0" dev="tmpfs" ino=11590 scontext=u:r:crash_dump:s0 tcontext=u:object_r:serialno_prop:s0 tclass=file permissive=1
07-27 09:59:54.507 2934 2934 I auditd : type=1400 audit(0.0:1522): avc: denied { map } for comm="crash_dump64" path="/dev/__properties__/u:object_r:serialno_prop:s0" dev="tmpfs" ino=11590 scontext=u:r:crash_dump:s0 tcontext=u:object_r:serialno_prop:s0 tclass=file permissive=1
07-27 09:59:54.507 2934 2934 I auditd : type=1400 audit(0.0:1523): avc: denied { open } for comm="crash_dump64" path="/dev/__properties__/u:object_r:sendbug_config_prop:s0" dev="tmpfs" ino=11589 scontext=u:r:crash_dump:s0 tcontext=u:object_r:sendbug_config_prop:s0 tclass=file permissive=1
07-27 09:59:54.507 2934 2934 I auditd : type=1400 audit(0.0:1524): avc: denied { map } for comm="crash_dump64" path="/dev/__properties__/u:object_r:sendbug_config_prop:s0" dev="tmpfs" ino=11589 scontext=u:r:crash_dump:s0 tcontext=u:object_r:sendbug_config_prop:s0 tclass=file permissive=1
07-27 09:59:54.507 2934 2934 I auditd : type=1400 audit(0.0:1525): avc: denied { open } for comm="crash_dump64" path="/dev/__properties__/u:object_r:retaildemo_prop:s0" dev="tmpfs" ino=11586 scontext=u:r:crash_dump:s0 tcontext=u:object_r:retaildemo_prop:s0 tclass=file permissive=1
07-27 09:59:54.511 2934 2934 I auditd : type=1400 audit(0.0:1526): avc: denied { open } for comm="crash_dump64" path="/dev/__properties__/u:object_r:overlay_prop:s0" dev="tmpfs" ino=11565 scontext=u:r:crash_dump:s0 tcontext=u:object_r:overlay_prop:s0 tclass=file permissive=1
07-27 09:59:54.511 2934 2934 I auditd : type=1400 audit(0.0:1527): avc: denied { getattr } for comm="crash_dump64" path="/dev/__properties__/u:object_r:overlay_prop:s0" dev="tmpfs" ino=11565 scontext=u:r:crash_dump:s0 tcontext=u:object_r:overlay_prop:s0 tclass=file permissive=1
07-27 09:59:54.511 2934 2934 I auditd : type=1400 audit(0.0:1528): avc: denied { map } for comm="crash_dump64" path="/dev/__properties__/u:object_r:overlay_prop:s0" dev="tmpfs" ino=11565 scontext=u:r:crash_dump:s0 tcontext=u:object_r:overlay_prop:s0 tclass=file permissive=1
07-27 09:59:54.511 2934 2934 I auditd : type=1400 audit(0.0:1529): avc: denied { open } for comm="crash_dump64" path="/dev/__properties__/u:object_r:oem_unlock_prop:s0" dev="tmpfs" ino=11563 scontext=u:r:crash_dump:s0 tcontext=u:object_r:oem_unlock_prop:s0 tclass=file permissive=1
07-27 09:59:54.511 2934 2934 I auditd : type=1400 audit(0.0:1530): avc: denied { getattr } for comm="crash_dump64" path="/dev/__properties__/u:object_r:oem_unlock_prop:s0" dev="tmpfs" ino=11563 scontext=u:r:crash_dump:s0 tcontext=u:object_r:oem_unlock_prop:s0 tclass=file permissive=1
07-27 09:59:54.511 2934 2934 I auditd : type=1400 audit(0.0:1531): avc: denied { map } for comm="crash_dump64" path="/dev/__properties__/u:object_r:oem_unlock_prop:s0" dev="tmpfs" ino=11563 scontext=u:r:crash_dump:s0 tcontext=u:object_r:oem_unlock_prop:s0 tclass=file permissive=1
07-27 09:59:54.511 2934 2934 I auditd : type=1400 audit(0.0:1532): avc: denied { open } for comm="crash_dump64" path="/dev/__properties__/u:object_r:odsign_prop:s0" dev="tmpfs" ino=11562 scontext=u:r:crash_dump:s0 tcontext=u:object_r:odsign_prop:s0 tclass=file permissive=1
07-27 09:59:54.511 2934 2934 I auditd : type=1400 audit(0.0:1533): avc: denied { getattr } for comm="crash_dump64" path="/dev/__properties__/u:object_r:odsign_prop:s0" dev="tmpfs" ino=11562 scontext=u:r:crash_dump:s0 tcontext=u:object_r:odsign_prop:s0 tclass=file permissive=1
07-27 09:59:54.511 2934 2934 I auditd : type=1400 audit(0.0:1534): avc: denied { map } for comm="crash_dump64" path="/dev/__properties__/u:object_r:odsign_prop:s0" dev="tmpfs" ino=11562 scontext=u:r:crash_dump:s0 tcontext=u:object_r:odsign_prop:s0 tclass=file permissive=1
07-27 09:59:54.511 2934 2934 I auditd : type=1400 audit(0.0:1535): avc: denied { open } for comm="crash_dump64" path="/dev/__properties__/u:object_r:nnapi_ext_deny_product_prop:s0" dev="tmpfs" ino=11561 scontext=u:r:crash_dump:s0 tcontext=u:object_r:nnapi_ext_deny_product_prop:s0 tclass=file permissive=1
07-27 09:59:54.511 2934 2934 I auditd : type=1400 audit(0.0:1536): avc: denied { getattr } for comm="crash_dump64" path="/dev/__properties__/u:object_r:nnapi_ext_deny_product_prop:s0" dev="tmpfs" ino=11561 scontext=u:r:crash_dump:s0 tcontext=u:object_r:nnapi_ext_deny_product_prop:s0 tclass=file permissive=1
07-27 09:59:54.511 2934 2934 I auditd : type=1400 audit(0.0:1537): avc: denied { open } for comm="crash_dump64" path="/dev/__properties__/u:object_r:netd_stable_secret_prop:s0" dev="tmpfs" ino=11559 scontext=u:r:crash_dump:s0 tcontext=u:object_r:netd_stable_secret_prop:s0 tclass=file permissive=1
07-27 09:59:54.511 2934 2934 I auditd : type=1400 audit(0.0:1538): avc: denied { open } for comm="crash_dump64" path="/dev/__properties__/u:object_r:net_dns_prop:s0" dev="tmpfs" ino=11557 scontext=u:r:crash_dump:s0 tcontext=u:object_r:net_dns_prop:s0 tclass=file permissive=1
07-27 09:59:54.511 2934 2934 I auditd : type=1400 audit(0.0:1539): avc: denied { open } for comm="crash_dump64" path="/dev/__properties__/u:object_r:net_connectivity_prop:s0" dev="tmpfs" ino=11556 scontext=u:r:crash_dump:s0 tcontext=u:object_r:net_connectivity_prop:s0 tclass=file permissive=1
07-27 09:59:54.511 2934 2934 I auditd : type=1400 audit(0.0:1540): avc: denied { open } for comm="crash_dump64" path="/dev/__properties__/u:object_r:net_464xlat_fromvendor_prop:s0" dev="tmpfs" ino=11555 scontext=u:r:crash_dump:s0 tcontext=u:object_r:net_464xlat_fromvendor_prop:s0 tclass=file permissive=1
07-27 09:59:54.511 2934 2934 I auditd : type=1400 audit(0.0:1541): avc: denied { open } for comm="crash_dump64" path="/dev/__properties__/u:object_r:mock_ota_prop:s0" dev="tmpfs" ino=11553 scontext=u:r:crash_dump:s0 tcontext=u:object_r:mock_ota_prop:s0 tclass=file permissive=1
07-27 09:59:54.511 2934 2934 I auditd : type=1400 audit(0.0:1542): avc: denied { open } for comm="crash_dump64" path="/dev/__properties__/u:object_r:mmc_prop:s0" dev="tmpfs" ino=11552 scontext=u:r:crash_dump:s0 tcontext=u:object_r:mmc_prop:s0 tclass=file permissive=1
07-27 09:59:54.511 2934 2934 I auditd : type=1400 audit(0.0:1543): avc: denied { open } for comm="crash_dump64" path="/dev/__properties__/u:object_r:mm_events_config_prop:s0" dev="tmpfs" ino=11551 scontext=u:r:crash_dump:s0 tcontext=u:object_r:mm_events_config_prop:s0 tclass=file permissive=1
07-27 09:59:54.511 2934 2934 I auditd : type=1400 audit(0.0:1544): avc: denied { open } for comm="crash_dump64" path="/dev/__properties__/u:object_r:media_variant_prop:s0" dev="tmpfs" ino=11549 scontext=u:r:crash_dump:s0 tcontext=u:object_r:media_variant_prop:s0 tclass=file permissive=1
07-27 09:59:54.511 2934 2934 I auditd : type=1400 audit(0.0:1545): avc: denied { open } for comm="crash_dump64" path="/dev/__properties__/u:object_r:media_config_prop:s0" dev="tmpfs" ino=11548 scontext=u:r:crash_dump:s0 tcontext=u:object_r:media_config_prop:s0 tclass=file permissive=1
07-27 09:59:54.511 2934 2934 I auditd : type=1400 audit(0.0:1546): avc: denied { open } for comm="crash_dump64" path="/dev/__properties__/u:object_r:lpdumpd_prop:s0" dev="tmpfs" ino=11547 scontext=u:r:crash_dump:s0 tcontext=u:object_r:lpdumpd_prop:s0 tclass=file permissive=1
07-27 09:59:54.511 2934 2934 I auditd : type=1400 audit(0.0:1547): avc: denied { open } for comm="crash_dump64" path="/dev/__properties__/u:object_r:lowpan_prop:s0" dev="tmpfs" ino=11546 scontext=u:r:crash_dump:s0 tcontext=u:object_r:lowpan_prop:s0 tclass=file permissive=1
07-27 09:59:54.511 2934 2934 I auditd : type=1400 audit(0.0:1548): avc: denied { open } for comm="crash_dump64" path="/dev/__properties__/u:object_r:logpersistd_logging_prop:s0" dev="tmpfs" ino=11544 scontext=u:r:crash_dump:s0 tcontext=u:object_r:logpersistd_logging_prop:s0 tclass=file permissive=1
07-27 09:59:54.511 2934 2934 I auditd : type=1400 audit(0.0:1549): avc: denied { open } for comm="crash_dump64" path="/dev/__properties__/u:object_r:lmkd_prop:s0" dev="tmpfs" ino=11539 scontext=u:r:crash_dump:s0 tcontext=u:object_r:lmkd_prop:s0 tclass=file permissive=1
07-27 09:59:54.511 2934 2934 I auditd : type=1400 audit(0.0:1550): avc: denied { getattr } for comm="crash_dump64" path="/dev/__properties__/u:object_r:lmkd_prop:s0" dev="tmpfs" ino=11539 scontext=u:r:crash_dump:s0 tcontext=u:object_r:lmkd_prop:s0 tclass=file permissive=1
07-27 09:59:54.511 2934 2934 I auditd : type=1400 audit(0.0:1551): avc: denied { open } for comm="crash_dump64" path="/dev/__properties__/u:object_r:llkd_prop:s0" dev="tmpfs" ino=11537 scontext=u:r:crash_dump:s0 tcontext=u:object_r:llkd_prop:s0 tclass=file permissive=1
07-27 09:59:54.511 2934 2934 I auditd : type=1400 audit(0.0:1552): avc: denied { getattr } for comm="crash_dump64" path="/dev/__properties__/u:object_r:llkd_prop:s0" dev="tmpfs" ino=11537 scontext=u:r:crash_dump:s0 tcontext=u:object_r:llkd_prop:s0 tclass=file permissive=1
07-27 09:59:54.511 2934 2934 I auditd : type=1400 audit(0.0:1553): avc: denied { open } for comm="crash_dump64" path="/dev/__properties__/u:object_r:last_boot_reason_prop:s0" dev="tmpfs" ino=11535 scontext=u:r:crash_dump:s0 tcontext=u:object_r:last_boot_reason_prop:s0 tclass=file permissive=1
07-27 09:59:54.511 2934 2934 I auditd : type=1400 audit(0.0:1554): avc: denied { open } for comm="crash_dump64" path="/dev/__properties__/u:object_r:keystore_listen_prop:s0" dev="tmpfs" ino=11534 scontext=u:r:crash_dump:s0 tcontext=u:object_r:keystore_listen_prop:s0 tclass=file permissive=1
07-27 09:59:54.511 2934 2934 I auditd : type=1400 audit(0.0:1555): avc: denied { open } for comm="crash_dump64" path="/dev/__properties__/u:object_r:keystore_crash_prop:s0" dev="tmpfs" ino=11533 scontext=u:r:crash_dump:s0 tcontext=u:object_r:keystore_crash_prop:s0 tclass=file permissive=1
07-27 09:59:54.511 2934 2934 I auditd : type=1400 audit(0.0:1556): avc: denied { open } for comm="crash_dump64" path="/dev/__properties__/u:object_r:init_svc_debug_prop:s0" dev="tmpfs" ino=11531 scontext=u:r:crash_dump:s0 tcontext=u:object_r:init_svc_debug_prop:s0 tclass=file permissive=1
07-27 09:59:54.511 2934 2934 I auditd : type=1400 audit(0.0:1557): avc: denied { open } for comm="crash_dump64" path="/dev/__properties__/u:object_r:init_perf_lsm_hooks_prop:s0" dev="tmpfs" ino=11528 scontext=u:r:crash_dump:s0 tcontext=u:object_r:init_perf_lsm_hooks_prop:s0 tclass=file permissive=1
07-27 09:59:54.511 2934 2934 I auditd : type=1400 audit(0.0:1558): avc: denied { getattr } for comm="crash_dump64" path="/dev/__properties__/u:object_r:init_perf_lsm_hooks_prop:s0" dev="tmpfs" ino=11528 scontext=u:r:crash_dump:s0 tcontext=u:object_r:init_perf_lsm_hooks_prop:s0 tclass=file permissive=1
07-27 09:59:54.511 2934 2934 I auditd : type=1400 audit(0.0:1559): avc: denied { open } for comm="crash_dump64" path="/dev/__properties__/u:object_r:incremental_prop:s0" dev="tmpfs" ino=11527 scontext=u:r:crash_dump:s0 tcontext=u:object_r:incremental_prop:s0 tclass=file permissive=1
07-27 09:59:54.511 2934 2934 I auditd : type=1400 audit(0.0:1560): avc: denied { open } for comm="crash_dump64" path="/dev/__properties__/u:object_r:heapprofd_enabled_prop:s0" dev="tmpfs" ino=11523 scontext=u:r:crash_dump:s0 tcontext=u:object_r:heapprofd_enabled_prop:s0 tclass=file permissive=1
07-27 09:59:54.511 2934 2934 I auditd : type=1400 audit(0.0:1561): avc: denied { getattr } for comm="crash_dump64" path="/dev/__properties__/u:object_r:heapprofd_enabled_prop:s0" dev="tmpfs" ino=11523 scontext=u:r:crash_dump:s0 tcontext=u:object_r:heapprofd_enabled_prop:s0 tclass=file permissive=1
07-27 09:59:54.511 2934 2934 I auditd : type=1400 audit(0.0:1562): avc: denied { open } for comm="crash_dump64" path="/dev/__properties__/u:object_r:framework_watchdog_config_prop:s0" dev="tmpfs" ino=11517 scontext=u:r:crash_dump:s0 tcontext=u:object_r:framework_watchdog_config_prop:s0 tclass=file permissive=1
07-27 09:59:54.511 2934 2934 I auditd : type=1400 audit(0.0:1563): avc: denied { getattr } for comm="crash_dump64" path="/dev/__properties__/u:object_r:framework_watchdog_config_prop:s0" dev="tmpfs" ino=11517 scontext=u:r:crash_dump:s0 tcontext=u:object_r:framework_watchdog_config_prop:s0 tclass=file permissive=1
07-27 09:59:54.511 2934 2934 I auditd : type=1400 audit(0.0:1564): avc: denied { open } for comm="crash_dump64" path="/dev/__properties__/u:object_r:ffs_control_prop:s0" dev="tmpfs" ino=11514 scontext=u:r:crash_dump:s0 tcontext=u:object_r:ffs_control_prop:s0 tclass=file permissive=1
07-27 09:59:54.511 2934 2934 I auditd : type=1400 audit(0.0:1565): avc: denied { open } for comm="crash_dump64" path="/dev/__properties__/u:object_r:fastbootd_protocol_prop:s0" dev="tmpfs" ino=11512 scontext=u:r:crash_dump:s0 tcontext=u:object_r:fastbootd_protocol_prop:s0 tclass=file permissive=1
07-27 09:59:54.511 2934 2934 I auditd : type=1400 audit(0.0:1566): avc: denied { getattr } for comm="crash_dump64" path="/dev/__properties__/u:object_r:fastbootd_protocol_prop:s0" dev="tmpfs" ino=11512 scontext=u:r:crash_dump:s0 tcontext=u:object_r:fastbootd_protocol_prop:s0 tclass=file permissive=1
07-27 09:59:54.511 2934 2934 I auditd : type=1400 audit(0.0:1567): avc: denied { open } for comm="crash_dump64" path="/dev/__properties__/u:object_r:exported_overlay_prop:s0" dev="tmpfs" ino=11509 scontext=u:r:crash_dump:s0 tcontext=u:object_r:exported_overlay_prop:s0 tclass=file permissive=1
07-27 09:59:54.511 2934 2934 I auditd : type=1400 audit(0.0:1568): avc: denied { getattr } for comm="crash_dump64" path="/dev/__properties__/u:object_r:exported_overlay_prop:s0" dev="tmpfs" ino=11509 scontext=u:r:crash_dump:s0 tcontext=u:object_r:exported_overlay_prop:s0 tclass=file permissive=1
07-27 09:59:54.511 2934 2934 I auditd : type=1400 audit(0.0:1569): avc: denied { open } for comm="crash_dump64" path="/dev/__properties__/u:object_r:exported_bluetooth_prop:s0" dev="tmpfs" ino=11505 scontext=u:r:crash_dump:s0 tcontext=u:object_r:exported_bluetooth_prop:s0 tclass=file permissive=1
07-27 09:59:54.511 2934 2934 I auditd : type=1400 audit(0.0:1570): avc: denied { getattr } for comm="crash_dump64" path="/dev/__properties__/u:object_r:exported_bluetooth_prop:s0" dev="tmpfs" ino=11505 scontext=u:r:crash_dump:s0 tcontext=u:object_r:exported_bluetooth_prop:s0 tclass=file permissive=1
07-27 09:59:54.511 2934 2934 I auditd : type=1400 audit(0.0:1571): avc: denied { open } for comm="crash_dump64" path="/dev/__properties__/u:object_r:dynamic_system_prop:s0" dev="tmpfs" ino=11503 scontext=u:r:crash_dump:s0 tcontext=u:object_r:dynamic_system_prop:s0 tclass=file permissive=1
07-27 09:59:54.511 2934 2934 I auditd : type=1400 audit(0.0:1572): avc: denied { getattr } for comm="crash_dump64" path="/dev/__properties__/u:object_r:dynamic_system_prop:s0" dev="tmpfs" ino=11503 scontext=u:r:crash_dump:s0 tcontext=u:object_r:dynamic_system_prop:s0 tclass=file permissive=1
07-27 09:59:54.511 2934 2934 I auditd : type=1400 audit(0.0:1573): avc: denied { open } for comm="crash_dump64" path="/dev/__properties__/u:object_r:dumpstate_options_prop:s0" dev="tmpfs" ino=11501 scontext=u:r:crash_dump:s0 tcontext=u:object_r:dumpstate_options_prop:s0 tclass=file permissive=1
07-27 09:59:54.511 2934 2934 I auditd : type=1400 audit(0.0:1574): avc: denied { open } for comm="crash_dump64" path="/dev/__properties__/u:object_r:drm_service_config_prop:s0" dev="tmpfs" ino=11500 scontext=u:r:crash_dump:s0 tcontext=u:object_r:drm_service_config_prop:s0 tclass=file permissive=1
07-27 09:59:54.511 2934 2934 I auditd : type=1400 audit(0.0:1575): avc: denied { open } for comm="crash_dump64" path="/dev/__properties__/u:object_r:device_logging_prop:s0" dev="tmpfs" ino=11498 scontext=u:r:crash_dump:s0 tcontext=u:object_r:device_logging_prop:s0 tclass=file permissive=1
07-27 09:59:54.511 2934 2934 I auditd : type=1400 audit(0.0:1576): avc: denied { open } for comm="crash_dump64" path="/dev/__properties__/u:object_r:device_config_window_manager_native_boot_prop:s0" dev="tmpfs" ino=11497 scontext=u:r:crash_dump:s0 tcontext=u:object_r:device_config_window_manager_native_boot_prop:s0 tclass=file permissive=1
07-27 09:59:54.511 2934 2934 I auditd : type=1400 audit(0.0:1577): avc: denied { getattr } for comm="crash_dump64" path="/dev/__properties__/u:object_r:device_config_sys_traced_prop:s0" dev="tmpfs" ino=11496 scontext=u:r:crash_dump:s0 tcontext=u:object_r:device_config_sys_traced_prop:s0 tclass=file permissive=1
07-27 09:59:54.511 2934 2934 I auditd : type=1400 audit(0.0:1578): avc: denied { open } for comm="crash_dump64" path="/dev/__properties__/u:object_r:device_config_storage_native_boot_prop:s0" dev="tmpfs" ino=11494 scontext=u:r:crash_dump:s0 tcontext=u:object_r:device_config_storage_native_boot_prop:s0 tclass=file permissive=1
07-27 09:59:54.511 2934 2934 I auditd : type=1400 audit(0.0:1579): avc: denied { open } for comm="crash_dump64" path="/dev/__properties__/u:object_r:device_config_statsd_native_prop:s0" dev="tmpfs" ino=11493 scontext=u:r:crash_dump:s0 tcontext=u:object_r:device_config_statsd_native_prop:s0 tclass=file permissive=1
07-27 09:59:54.511 2934 2934 I auditd : type=1400 audit(0.0:1580): avc: denied { open } for comm="crash_dump64" path="/dev/__properties__/u:object_r:device_config_runtime_native_prop:s0" dev="tmpfs" ino=11491 scontext=u:r:crash_dump:s0 tcontext=u:object_r:device_config_runtime_native_prop:s0 tclass=file permissive=1
07-27 09:59:54.511 2934 2934 I auditd : type=1400 audit(0.0:1581): avc: denied { open } for comm="crash_dump64" path="/dev/__properties__/u:object_r:device_config_runtime_native_boot_prop:s0" dev="tmpfs" ino=11490 scontext=u:r:crash_dump:s0 tcontext=u:object_r:device_config_runtime_native_boot_prop:s0 tclass=file permissive=1
07-27 09:59:54.511 2934 2934 I auditd : type=1400 audit(0.0:1582): avc: denied { open } for comm="crash_dump64" path="/dev/__properties__/u:object_r:device_config_reset_performed_prop:s0" dev="tmpfs" ino=11489 scontext=u:r:crash_dump:s0 tcontext=u:object_r:device_config_reset_performed_prop:s0 tclass=file permissive=1
07-27 09:59:54.511 2934 2934 I auditd : type=1400 audit(0.0:1583): avc: denied { open } for comm="crash_dump64" path="/dev/__properties__/u:object_r:device_config_netd_native_prop:s0" dev="tmpfs" ino=11487 scontext=u:r:crash_dump:s0 tcontext=u:object_r:device_config_netd_native_prop:s0 tclass=file permissive=1
07-27 09:59:54.511 2934 2934 I auditd : type=1400 audit(0.0:1584): avc: denied { open } for comm="crash_dump64" path="/dev/__properties__/u:object_r:device_config_media_native_prop:s0" dev="tmpfs" ino=11486 scontext=u:r:crash_dump:s0 tcontext=u:object_r:device_config_media_native_prop:s0 tclass=file permissive=1
07-27 09:59:54.511 2934 2934 I auditd : type=1400 audit(0.0:1585): avc: denied { open } for comm="crash_dump64" path="/dev/__properties__/u:object_r:device_config_lmkd_native_prop:s0" dev="tmpfs" ino=11485 scontext=u:r:crash_dump:s0 tcontext=u:object_r:device_config_lmkd_native_prop:s0 tclass=file permissive=1
07-27 09:59:54.511 2934 2934 I auditd : type=1400 audit(0.0:1586): avc: denied { getattr } for comm="crash_dump64" path="/dev/__properties__/u:object_r:device_config_input_native_boot_prop:s0" dev="tmpfs" ino=11484 scontext=u:r:crash_dump:s0 tcontext=u:object_r:device_config_input_native_boot_prop:s0 tclass=file permissive=1
07-27 09:59:54.511 2934 2934 I auditd : type=1400 audit(0.0:1587): avc: denied { open } for comm="crash_dump64" path="/dev/__properties__/u:object_r:device_config_configuration_prop:s0" dev="tmpfs" ino=11482 scontext=u:r:crash_dump:s0 tcontext=u:object_r:device_config_configuration_prop:s0 tclass=file permissive=1
07-27 09:59:54.511 2934 2934 I auditd : type=1400 audit(0.0:1588): avc: denied { open } for comm="crash_dump64" path="/dev/__properties__/u:object_r:device_config_boot_count_prop:s0" dev="tmpfs" ino=11481 scontext=u:r:crash_dump:s0 tcontext=u:object_r:device_config_boot_count_prop:s0 tclass=file permissive=1
07-27 09:59:54.511 2934 2934 I auditd : type=1400 audit(0.0:1589): avc: denied { open } for comm="crash_dump64" path="/dev/__properties__/u:object_r:debugfs_restriction_prop:s0" dev="tmpfs" ino=11477 scontext=u:r:crash_dump:s0 tcontext=u:object_r:debugfs_restriction_prop:s0 tclass=file permissive=1
07-27 09:59:54.511 2934 2934 I auditd : type=1400 audit(0.0:1590): avc: denied { getattr } for comm="crash_dump64" path="/dev/__properties__/u:object_r:debugfs_restriction_prop:s0" dev="tmpfs" ino=11477 scontext=u:r:crash_dump:s0 tcontext=u:object_r:debugfs_restriction_prop:s0 tclass=file permissive=1
07-27 09:59:54.511 2934 2934 I auditd : type=1400 audit(0.0:1591): avc: denied { open } for comm="crash_dump64" path="/dev/__properties__/u:object_r:dck_prop:s0" dev="tmpfs" ino=11475 scontext=u:r:crash_dump:s0 tcontext=u:object_r:dck_prop:s0 tclass=file permissive=1
07-27 09:59:54.511 2934 2934 I auditd : type=1400 audit(0.0:1592): avc: denied { open } for comm="crash_dump64" path="/dev/__properties__/u:object_r:ctl_tcmd_prop:s0" dev="tmpfs" ino=11471 scontext=u:r:crash_dump:s0 tcontext=u:object_r:ctl_tcmd_prop:s0 tclass=file permissive=1
07-27 09:59:54.519 2934 2934 I auditd : type=1400 audit(0.0:1593): avc: denied { open } for comm="crash_dump64" path="/dev/__properties__/u:object_r:bootloader_boot_reason_prop:s0" dev="tmpfs" ino=11426 scontext=u:r:crash_dump:s0 tcontext=u:object_r:bootloader_boot_reason_prop:s0 tclass=file permissive=1
07-27 09:59:54.519 2934 2934 I auditd : type=1400 audit(0.0:1594): avc: denied { open } for comm="crash_dump64" path="/dev/__properties__/u:object_r:apk_verity_prop:s0" dev="tmpfs" ino=11413 scontext=u:r:crash_dump:s0 tcontext=u:object_r:apk_verity_prop:s0 tclass=file permissive=1
07-27 09:59:54.519 2934 2934 I auditd : type=1400 audit(0.0:1595): avc: denied { getattr } for comm="crash_dump64" path="/dev/__properties__/u:object_r:apk_verity_prop:s0" dev="tmpfs" ino=11413 scontext=u:r:crash_dump:s0 tcontext=u:object_r:apk_verity_prop:s0 tclass=file permissive=1
07-27 09:59:54.519 2934 2934 I auditd : type=1400 audit(0.0:1596): avc: denied { map } for comm="crash_dump64" path="/dev/__properties__/u:object_r:apk_verity_prop:s0" dev="tmpfs" ino=11413 scontext=u:r:crash_dump:s0 tcontext=u:object_r:apk_verity_prop:s0 tclass=file permissive=1
07-27 09:59:54.551 1564 1839 I dropbox_file_copy: [/data/tombstones/tombstone_00,98304,SYSTEM_TOMBSTONE]
07-27 09:59:54.552 1564 1839 I commit_sys_config_file: [log-files,1]
07-27 09:59:54.557 1564 1839 I commit_sys_config_file: [log-files,7]
07-27 09:59:54.563 2929 2929 I auditd : type=1400 audit(0.0:1597): avc: denied { add_name } for comm="init.qcom.post_" name="min_cpus" scontext=u:r:vendor_qti_init_shell:s0 tcontext=u:object_r:sysfs_devices_system_cpu:s0 tclass=dir permissive=1
07-27 09:59:54.563 2929 2929 I auditd : type=1400 audit(0.0:1598): avc: denied { create } for comm="init.qcom.post_" name="min_cpus" scontext=u:r:vendor_qti_init_shell:s0 tcontext=u:object_r:sysfs_devices_system_cpu:s0 tclass=file permissive=1
07-27 09:59:54.563 2929 2929 I auditd : type=1400 audit(0.0:1599): avc: denied { add_name } for comm="init.qcom.post_" name="governor" scontext=u:r:vendor_qti_init_shell:s0 tcontext=u:object_r:vendor_sysfs_devfreq:s0 tclass=dir permissive=1
07-27 09:59:54.563 2929 2929 I auditd : type=1400 audit(0.0:1600): avc: denied { create } for comm="init.qcom.post_" name="governor" scontext=u:r:vendor_qti_init_shell:s0 tcontext=u:object_r:vendor_sysfs_devfreq:s0 tclass=file permissive=1
07-27 09:59:54.571 2929 2929 I auditd : type=1400 audit(0.0:1601): avc: denied { add_name } for comm="init.qcom.post_" name="pwr" scontext=u:r:vendor_qti_init_shell:s0 tcontext=u:object_r:sysfs:s0 tclass=dir permissive=1
07-27 09:59:54.571 2929 2929 I auditd : type=1400 audit(0.0:1602): avc: denied { create } for comm="init.qcom.post_" name="pwr" scontext=u:r:vendor_qti_init_shell:s0 tcontext=u:object_r:sysfs:s0 tclass=file permissive=1
07-27 09:59:54.578 1564 1679 I uc_finish_user_unlocking: 0
07-27 09:59:54.581 1564 2465 I am_uid_active: 10058
07-27 09:59:54.611 2929 2929 I auditd : type=1400 audit(0.0:1603): avc: denied { add_name } for comm="init.qcom.post_" name="sleep_disabled" scontext=u:r:vendor_qti_init_shell:s0 tcontext=u:object_r:vendor_sysfs_msm_power:s0 tclass=dir permissive=1
07-27 09:59:54.611 2929 2929 I auditd : type=1400 audit(0.0:1604): avc: denied { create } for comm="init.qcom.post_" name="sleep_disabled" scontext=u:r:vendor_qti_init_shell:s0 tcontext=u:object_r:vendor_sysfs_msm_power:s0 tclass=file permissive=1
07-27 09:59:54.613 1564 1894 I netstats_mobile_sample: [0,0,0,0,0,0,0,0,0,0,0,0,1690423194613]
07-27 09:59:54.614 1564 1894 I netstats_wifi_sample: [0,0,0,0,0,0,0,0,0,0,0,0,1690423194613]
07-27 09:59:54.619 683 683 I auditd : type=1400 audit(0.0:1605): avc: denied { add_name } for comm="Binder:683_3" name="globalAlert" scontext=u:r:netd:s0 tcontext=u:object_r:proc_net:s0 tclass=dir permissive=1
07-27 09:59:54.651 1564 2757 I am_uid_running: 10072
07-27 09:59:54.659 1564 1695 I am_proc_start: [0,2971,10072,com.qualcomm.location,broadcast,{com.qualcomm.location/com.qualcomm.location.LocationServiceReceiver}]
07-27 09:59:54.675 1564 2757 I am_proc_bound: [0,2971,com.qualcomm.location]
07-27 09:59:54.680 1564 2757 I am_uid_active: 10072
07-27 09:59:54.716 1564 1564 D TelephonyRegistry: notifyCellLocationForSubscriber: subId=2147483647 cellIdentity=null
07-27 09:59:54.716 1564 1564 I notification_enqueue: [1000,1564,android,32,NULL,-1,Notification(channel=USB shortcut=null contentView=null vibrate=null sound=null tick defaults=0x0 flags=0x2 color=0x00000000 vis=PUBLIC),0]
07-27 09:59:54.715 2929 2929 I auditd : type=1400 audit(0.0:1606): avc: denied { add_name } for comm="init.qcom.post_" name="min_score_adj" scontext=u:r:vendor_qti_init_shell:s0 tcontext=u:object_r:vendor_sysfs_process_reclaim:s0 tclass=dir permissive=1
07-27 09:59:54.715 2929 2929 I auditd : type=1400 audit(0.0:1607): avc: denied { create } for comm="init.qcom.post_" name="min_score_adj" scontext=u:r:vendor_qti_init_shell:s0 tcontext=u:object_r:vendor_sysfs_process_reclaim:s0 tclass=file permissive=1
07-27 09:59:54.715 2929 2929 I auditd : type=1400 audit(0.0:1608): avc: denied { create } for comm="init.qcom.post_" name="enable_process_reclaim" scontext=u:r:vendor_qti_init_shell:s0 tcontext=u:object_r:vendor_sysfs_process_reclaim:s0 tclass=file permissive=1
07-27 09:59:54.734 1564 1564 I notification_enqueue: [1000,1564,android,26,NULL,-1,Notification(channel=DEVELOPER_IMPORTANT shortcut=null contentView=null vibrate=null sound=null tick defaults=0x0 flags=0x2 color=0x00000000 vis=PUBLIC),0]
07-27 09:59:54.753 1564 1676 I am_user_state_changed: [0,2]
07-27 09:59:54.762 1564 1694 I ssm_user_unlocking: 0
07-27 09:59:54.767 2929 2929 I auditd : type=1400 audit(0.0:1609): avc: denied { add_name } for comm="init.qcom.post_" name="store_user" scontext=u:r:vendor_qti_init_shell:s0 tcontext=u:object_r:sysfs:s0 tclass=dir permissive=1
07-27 09:59:54.767 2929 2929 I auditd : type=1400 audit(0.0:1610): avc: denied { create } for comm="init.qcom.post_" name="store_user" scontext=u:r:vendor_qti_init_shell:s0 tcontext=u:object_r:sysfs:s0 tclass=file permissive=1
07-27 09:59:54.835 3034 3034 I auditd : type=1400 audit(0.0:1611): avc: denied { add_name } for comm="init.qti.dcvs.s" name="governor" scontext=u:r:vendor_init-qti-dcvs-sh:s0 tcontext=u:object_r:vendor_sysfs_devfreq:s0 tclass=dir permissive=1
07-27 09:59:54.835 3034 3034 I auditd : type=1400 audit(0.0:1612): avc: denied { create } for comm="init.qti.dcvs.s" name="governor" scontext=u:r:vendor_init-qti-dcvs-sh:s0 tcontext=u:object_r:vendor_sysfs_devfreq:s0 tclass=file permissive=1
07-27 09:59:54.863 1564 2771 I am_uid_running: 10089
07-27 09:59:54.866 1564 2479 D TelephonyRegistry: listen oscl: mHasNotifySubscriptionInfoChangedOccurred==false no callback
07-27 09:59:54.875 1564 1695 I am_proc_start: [0,3049,10089,com.qualcomm.qtil.aptxui,broadcast,{com.qualcomm.qtil.aptxui/com.qualcomm.qtil.aptxui.aptxuiBootReceiver}]
07-27 09:59:54.891 1564 1866 I am_uid_running: 10094
07-27 09:59:54.905 1564 2084 I am_proc_bound: [0,3049,com.qualcomm.qtil.aptxui]
07-27 09:59:54.909 1564 2084 I am_uid_active: 10089
07-27 09:59:54.910 1564 1695 I am_proc_start: [0,3074,10094,com.android.providers.media.module,service,{com.android.providers.media.module/com.android.providers.media.fuse.ExternalStorageServiceImpl}]
07-27 09:59:54.916 1564 1564 I sysui_multi_action: [757,1501,758,1,793,544,794,0,795,544,796,32,806,android,857,USB,858,1,947,0,1500,0]
07-27 09:59:54.917 1564 1564 I sysui_multi_action: [757,804,799,note_interruptive,801,0,802,1]
07-27 09:59:54.938 1564 1564 I sysui_multi_action: [757,1501,758,1,793,485,794,0,795,485,796,26,806,android,857,DEVELOPER_IMPORTANT,858,4,947,0,1500,0]
07-27 09:59:54.939 1564 1564 I sysui_multi_action: [757,804,799,note_interruptive,801,0,802,1]
07-27 09:59:54.949 1564 1694 I uc_finish_user_unlocked: 0
07-27 09:59:54.949 1564 1694 I am_user_state_changed: [0,3]
07-27 09:59:54.952 1564 1694 I am_uid_running: 10060
07-27 09:59:54.961 1564 1694 I am_uid_running: 10059
07-27 09:59:54.962 1564 1694 I am_uid_running: 10074
07-27 09:59:54.964 1564 1694 I am_uid_running: 10082
07-27 09:59:54.978 1564 1694 I am_uid_running: 10087
07-27 09:59:54.978 1564 1694 I am_uid_running: 10086
07-27 09:59:54.980 1564 1694 I uc_send_user_broadcast: [0,android.intent.action.USER_UNLOCKED]
07-27 09:59:54.981 1564 2479 I am_proc_bound: [0,3074,com.android.providers.media.module]
07-27 09:59:54.993 1564 2479 I am_uid_active: 10094
07-27 09:59:54.996 1564 1695 I am_proc_start: [0,3115,10060,ts.car.uart,added application,ts.car.uart]
07-27 09:59:54.997 1564 2776 I am_proc_bound: [0,3115,ts.car.uart]
07-27 09:59:55.005 1564 2776 I am_uid_active: 10060
07-27 09:59:55.007 1564 1694 I uc_send_user_broadcast: [0,android.intent.action.PRE_BOOT_COMPLETED]
07-27 09:59:55.007 1564 1694 I am_pre_boot: [0,com.android.documentsui]
07-27 09:59:55.008 1564 1695 I am_proc_start: [0,3177,1000,com.hryt.hiphishowfsecontrol,added application,com.hryt.hiphishowfsecontrol]
07-27 09:59:55.013 1564 2771 I wm_finish_activity: [0,218353822,7,com.android.settings/.FallbackHome,app-request]
07-27 09:59:55.014 1564 2771 I wm_pause_activity: [0,218353822,com.android.settings/.FallbackHome,userLeaving=false,finish]
07-27 09:59:55.018 2556 2556 I wm_on_top_resumed_lost_called: [218353822,com.android.settings.FallbackHome,topStateChangedWhenResumed]
07-27 09:59:55.020 2556 2556 I wm_on_paused_called: [218353822,com.android.settings.FallbackHome,performPause]
07-27 09:59:55.022 1564 1679 I sysui_multi_action: [757,1144,758,7,806,com.android.settings,871,com.android.settings.FallbackHome]
07-27 09:59:55.042 1564 2776 I wm_task_created: [8,-1]
07-27 09:59:55.043 1564 2776 I wm_task_moved: [8,1,2147483647]
07-27 09:59:55.045 1564 2776 I wm_task_moved: [1,1,5]
07-27 09:59:55.045 1564 2776 I wm_create_task: [0,8]
07-27 09:59:55.045 1564 2776 I wm_create_activity: [0,119068919,8,com.android.provision/.DefaultActivity,android.intent.action.MAIN,NULL,NULL,276824320]
07-27 09:59:55.045 1564 2776 I wm_task_moved: [1,1,5]
07-27 09:59:55.045 1564 2776 I wm_task_moved: [8,1,2147483647]
07-27 09:59:55.045 1564 2776 I wm_task_to_front: [0,8]
07-27 09:59:55.078 1564 1695 I am_proc_start: [0,3179,10059,.pasr,added application,.pasr]
07-27 09:59:55.081 1564 2033 I am_uid_running: 10073
07-27 09:59:55.086 1564 1695 I am_proc_start: [0,3235,10074,com.qualcomm.qti.services.systemhelper:systemhelper_service,added application,com.qualcomm.qti.services.systemhelper:systemhelper_service]
07-27 09:59:55.103 1564 1825 I am_proc_bound: [0,3177,com.hryt.hiphishowfsecontrol]
07-27 09:59:55.116 1564 1679 I sysui_multi_action: [757,803,799,window_time_0,802,11]
07-27 09:59:55.120 1564 2664 I am_proc_bound: [0,3179,.pasr]
07-27 09:59:55.128 1564 2664 I am_uid_active: 10059
07-27 09:59:55.142 1564 1695 I am_proc_start: [0,3251,10082,com.qualcomm.qti.qccnetstat,added application,com.qualcomm.qti.qccnetstat]
07-27 09:59:55.144 1564 3222 I am_proc_bound: [0,3235,com.qualcomm.qti.services.systemhelper:systemhelper_service]
07-27 09:59:55.152 1564 3222 I am_uid_active: 10074
07-27 09:59:55.167 1564 1695 I am_proc_start: [0,3276,10087,com.qualcomm.qti.workloadclassifier,added application,com.qualcomm.qti.workloadclassifier]
07-27 09:59:55.168 1564 2033 I am_proc_bound: [0,3251,com.qualcomm.qti.qccnetstat]
07-27 09:59:55.171 2929 2929 I auditd : type=1400 audit(0.0:1613): avc: denied { add_name } for comm="init.qcom.post_" name="image_version" scontext=u:r:vendor_qti_init_shell:s0 tcontext=u:object_r:vendor_sysfs_soc:s0 tclass=dir permissive=1
07-27 09:59:55.171 2929 2929 I auditd : type=1400 audit(0.0:1614): avc: denied { create } for comm="init.qcom.post_" name="image_version" scontext=u:r:vendor_qti_init_shell:s0 tcontext=u:object_r:vendor_sysfs_soc:s0 tclass=file permissive=1
07-27 09:59:55.174 1564 2033 I am_uid_active: 10082
07-27 09:59:55.179 1564 1695 I am_proc_start: [0,3302,10086,com.hryt.lebotp,added application,com.hryt.lebotp]
07-27 09:59:55.180 1564 1825 I am_proc_bound: [0,3276,com.qualcomm.qti.workloadclassifier]
07-27 09:59:55.196 1564 1825 I am_uid_active: 10087
07-27 09:59:55.203 1564 1694 I am_wtf : [0,1564,system_server,-1,ActivityManager,Sending non-protected broadcast android.location.HIGH_POWER_REQUEST_CHANGE from system 2971:com.qualcomm.location/u0a72 pkg com.qualcomm.location]
07-27 09:59:55.204 1564 1695 I am_proc_start: [0,3309,1000,com.android.keychain,service,{com.android.keychain/com.android.keychain.KeyChainService}]
07-27 09:59:55.207 1564 1694 I am_uid_running: 10019
07-27 09:59:55.215 1564 2465 I am_kill : [0,2889,com.qualcomm.timeservice,905,empty #2]
07-27 09:59:55.240 1564 1695 I am_proc_start: [0,3350,10073,com.qualcomm.location.XT,service,{com.qualcomm.location.XT/com.qualcomm.location.XT.XTSrv}]
07-27 09:59:55.241 1564 2014 I am_proc_bound: [0,3309,com.android.keychain]
07-27 09:59:55.245 1564 1564 I am_uid_running: 10096
07-27 09:59:55.247 1564 1609 I am_proc_bound: [0,3302,com.hryt.lebotp]
07-27 09:59:55.250 1564 1609 I am_uid_active: 10086
07-27 09:59:55.255 1564 2465 I am_proc_bound: [0,3350,com.qualcomm.location.XT]
07-27 09:59:55.260 1564 2465 I am_uid_active: 10073
07-27 09:59:55.263 1564 1695 I am_proc_start: [0,3375,1000,com.android.provision,top-activity,{com.android.provision/com.android.provision.DefaultActivity}]
07-27 09:59:55.264 1564 1611 I am_proc_bound: [0,3375,com.android.provision]
07-27 09:59:55.273 1564 1611 I wm_restart_activity: [0,119068919,8,com.android.provision/.DefaultActivity]
07-27 09:59:55.276 1564 1611 I wm_set_resumed_activity: [0,com.android.provision/.DefaultActivity,minimalResumeActivityLocked]
07-27 09:59:55.278 1564 1564 I notification_enqueue: [1000,1564,android,13,PreBootBroadcaster,0,Notification(channel=UPDATES shortcut=null contentView=null vibrate=null sound=null tick defaults=0x0 flags=0x2 color=0x00000000 vis=PUBLIC),0]
07-27 09:59:55.278 1564 1694 I am_uid_running: 10021
07-27 09:59:55.280 1564 1564 I sysui_multi_action: [757,1501,758,1,793,270,794,0,795,270,796,13,797,PreBootBroadcaster,806,android,857,UPDATES,858,2,947,0,1500,0]
07-27 09:59:55.280 1564 1564 I sysui_multi_action: [757,804,799,note_interruptive,801,0,802,1]
07-27 09:59:55.281 1564 1695 I am_proc_start: [0,3398,10019,android.process.media,broadcast,{com.android.mtp/com.android.mtp.MtpReceiver}]
07-27 09:59:55.289 1564 1695 I am_proc_start: [0,3404,10096,com.tencent.android.qqdownloader:live,service,{com.tencent.android.qqdownloader/com.live.sync.YYBLiveSyncService1}]
07-27 09:59:55.298 1564 2465 I am_proc_died: [0,2889,com.qualcomm.timeservice,905,19]
07-27 09:59:55.299 1564 2465 I am_uid_stopped: 10058
07-27 09:59:55.300 1564 2465 I am_uid_active: 10021
07-27 09:59:55.303 1564 1695 I am_proc_start: [0,3430,10021,com.android.documentsui,broadcast,{com.android.documentsui/com.android.documentsui.PreBootReceiver}]
07-27 09:59:55.311 1564 2084 I am_proc_bound: [0,3398,android.process.media]
07-27 09:59:55.322 1564 1825 I am_proc_bound: [0,3404,com.tencent.android.qqdownloader:live]
07-27 09:59:55.345 1564 3222 I am_proc_bound: [0,3430,com.android.documentsui]
07-27 09:59:55.358 1564 1609 I wm_task_moved: [1,1,5]
07-27 09:59:55.359 1564 1609 I wm_set_resumed_activity: [0,com.android.provision/.DefaultActivity,positionChildAt]
07-27 09:59:55.359 1564 1609 I wm_task_moved: [8,1,2147483647]
07-27 09:59:55.359 1564 1609 I wm_create_activity: [0,196321411,8,com.thundercomm.tcsetupwizard/.TcSetupStartActivity,NULL,NULL,NULL,0]
07-27 09:59:55.360 1564 1609 I wm_pause_activity: [0,119068919,com.android.provision/.DefaultActivity,userLeaving=true,resumeTopActivityInnerLocked]
07-27 09:59:55.361 3375 3375 I wm_on_create_called: [119068919,com.android.provision.DefaultActivity,performCreate]
07-27 09:59:55.355 870 870 I auditd : type=1400 audit(0.0:1615): avc: denied { add_name } for comm="perf@2.2-servic" name="cpu_max_freq" scontext=u:r:vendor_hal_perf_default:s0 tcontext=u:object_r:vendor_sysfs_msm_perf:s0 tclass=dir permissive=1
07-27 09:59:55.363 1564 3222 I wm_add_to_stopping: [0,119068919,com.android.provision/.DefaultActivity,makeInvisible]
