07-27 10:00:07.615 4854 4854 I auditd : type=1400 audit(0.0:5084): avc: denied { getattr } for comm="pool-12-thread-" path="/proc/version" dev="proc" ino=4026532247 scontext=u:r:untrusted_app_27:s0:c512,c768 tcontext=u:object_r:proc_version:s0 tclass=file permissive=1 app=com.tencent.android.qqdownloader
07-27 10:00:08.448 1564 1564 I notification_enqueue: [10096,4816,com.tencent.android.qqdownloader,127,NULL,0,Notification(channel=channel_id_default_silent shortcut=null contentView=com.tencent.android.qqdownloader/0x7f0a01c2 vibrate=null sound=null defaults=0x0 flags=0x2a2 color=0x00000000 groupKey=com.tencent.android.qqdownloader vis=PRIVATE),1]
07-27 10:00:09.458 1564 1564 I notification_enqueue: [10096,4816,com.tencent.android.qqdownloader,127,NULL,0,Notification(channel=channel_id_default_silent shortcut=null contentView=com.tencent.android.qqdownloader/0x7f0a01c2 vibrate=null sound=null defaults=0x0 flags=0x2a2 color=0x00000000 groupKey=com.tencent.android.qqdownloader vis=PRIVATE),1]
07-27 10:00:09.591 4854 4854 I auditd : type=1400 audit(0.0:5085): avc: denied { read } for comm="Shark-Looper-Ma" name="version" dev="proc" ino=4026532247 scontext=u:r:untrusted_app_27:s0:c512,c768 tcontext=u:object_r:proc_version:s0 tclass=file permissive=1 app=com.tencent.android.qqdownloader
07-27 10:00:09.591 4854 4854 I auditd : type=1400 audit(0.0:5086): avc: denied { open } for comm="Shark-Looper-Ma" path="/proc/version" dev="proc" ino=4026532247 scontext=u:r:untrusted_app_27:s0:c512,c768 tcontext=u:object_r:proc_version:s0 tclass=file permissive=1 app=com.tencent.android.qqdownloader
07-27 10:00:09.591 4854 4854 I auditd : type=1400 audit(0.0:5087): avc: denied { getattr } for comm="Shark-Looper-Ma" path="/proc/version" dev="proc" ino=4026532247 scontext=u:r:untrusted_app_27:s0:c512,c768 tcontext=u:object_r:proc_version:s0 tclass=file permissive=1 app=com.tencent.android.qqdownloader
07-27 10:00:11.008 1564 1692 I am_pss : [4816,10096,com.tencent.android.qqdownloader:daemon,88596480,81223680,0,199012352,0,4,18]
07-27 10:00:11.460 1564 1692 I am_pss : [4854,10096,com.tencent.android.qqdownloader,88914944,81125376,0,199467008,0,4,11]
07-27 10:00:11.469 1564 1692 I am_pss : [4894,10096,com.tencent.android.qqdownloader:cloud,51727360,46788608,0,151310336,0,4,8]
07-27 10:00:14.787 4854 4854 I auditd : type=1400 audit(0.0:5088): avc: granted { execute } for comm="gatherer-1-thre" path="/data/user/0/com.tencent.android.qqdownloader/app_e_qq_com_plugin_new_84e5596443427f53efca4e1d48972f33/libturingga.so" dev="dm-10" ino=10582 scontext=u:r:untrusted_app_27:s0:c512,c768 tcontext=u:object_r:app_data_file:s0:c512,c768 tclass=file app=com.tencent.android.qqdownloader
07-27 10:00:14.904 1564 2176 I ntp_failure: [time.android.com,java.net.UnknownHostException: Unable to resolve host "time.android.com": No address associated with hostname]
07-27 10:00:14.910 1564 2176 I ntp_failure: [time.android.com,java.net.UnknownHostException: Unable to resolve host "time.android.com": No address associated with hostname]
07-27 10:00:16.217 1564 1692 I am_pss : [2647,10078,com.android.launcher3,60258304,48664576,0,188358656,0,5,16]
07-27 10:00:16.225 1564 1692 I am_pss : [3350,10073,com.qualcomm.location.XT,6593536,4460544,0,92934144,0,6,6]
07-27 10:00:16.231 1564 1692 I am_pss : [2597,10095,android.ext.services,12085248,7651328,0,111480832,0,5,6]
07-27 10:00:16.411 1564 1692 I am_pss : [3375,1000,com.android.provision,13508608,7917568,0,120012800,0,16,7]
07-27 10:00:16.481 1564 2033 I am_uid_running: 99000
07-27 10:00:16.492 1564 1695 I am_proc_start: [0,5500,99000,com.android.webview:sandboxed_process0:org.chromium.content.app.SandboxedProcessService0:0,,{com.tencent.android.qqdownloader/org.chromium.content.app.SandboxedProcessService0:0}]
07-27 10:00:16.522 1564 2771 I am_proc_bound: [0,5500,com.android.webview:sandboxed_process0:org.chromium.content.app.SandboxedProcessService0:0]
07-27 10:00:16.528 1564 2771 I am_uid_active: 99000
07-27 10:00:16.534 1564 2771 I am_uid_running: 10070
07-27 10:00:16.538 1564 1695 I am_proc_start: [0,5542,10070,com.android.webview:webview_service,service,{com.android.webview/org.chromium.android_webview.services.ComponentsProviderService}]
07-27 10:00:16.565 514 514 I auditd : avc: denied { find } for pid=5500 uid=99000 name=content_capture scontext=u:r:isolated_app:s0:c512,c768 tcontext=u:object_r:content_capture_service:s0 tclass=service_manager permissive=1
07-27 10:00:16.565 1564 2771 I am_proc_bound: [0,5542,com.android.webview:webview_service]
07-27 10:00:16.569 1564 2771 I am_uid_active: 10070
07-27 10:00:16.592 1564 2771 I am_kill : [0,4894,com.tencent.android.qqdownloader:cloud,905,empty #2]
07-27 10:00:16.620 1564 2033 I am_kill : [0,5154,com.tencent.android.qqdownloader:live,500,stop com.tencent.android.qqdownloader due to start instr]
07-27 10:00:16.626 1564 2033 I am_kill : [0,4854,com.tencent.android.qqdownloader,0,stop com.tencent.android.qqdownloader due to start instr]
07-27 10:00:16.628 1564 2033 I am_uid_stopped: 10096
07-27 10:00:16.628 1564 2033 I am_kill : [0,4816,com.tencent.android.qqdownloader:daemon,0,stop com.tencent.android.qqdownloader due to start instr]
07-27 10:00:16.629 1564 2033 I am_kill : [0,5500,com.android.webview:sandboxed_process0:org.chromium.content.app.SandboxedProcessService0:0,0,isolated not needed]
07-27 10:00:16.631 1564 2033 I am_uid_running: 10096
07-27 10:00:16.638 1564 1695 I am_proc_start: [0,5577,10096,com.tencent.android.qqdownloader:daemon,added application,com.tencent.android.qqdownloader:daemon]
07-27 10:00:16.661 1564 1825 I am_proc_died: [0,5500,com.android.webview:sandboxed_process0:org.chromium.content.app.SandboxedProcessService0:0,0,10]
07-27 10:00:16.662 1564 1825 I am_uid_stopped: 99000
07-27 10:00:16.664 1564 1825 I am_kill : [0,1977,com.android.permissioncontroller,915,empty #2]
07-27 10:00:16.668 1564 1825 I am_proc_bound: [0,5577,com.tencent.android.qqdownloader:daemon]
07-27 10:00:16.668 1564 1692 I am_pss : [3646,10039,com.baidu.input_hryt,84870144,66322432,0,214106112,0,7,9]
07-27 10:00:16.671 1564 1825 I am_uid_active: 10096
07-27 10:00:16.706 1564 2785 I am_proc_died: [0,1977,com.android.permissioncontroller,915,19]
07-27 10:00:16.706 1564 2785 I am_uid_stopped: 10093
07-27 10:00:16.951 5577 5577 I auditd : type=1400 audit(0.0:5089): avc: granted { execute } for comm="wnloader:daemon" path="/data/user/0/com.tencent.android.qqdownloader/files/shell/8_8464130_4408/lib/arm64-v8a/libmmkv.so" dev="dm-10" ino=12036 scontext=u:r:untrusted_app_27:s0:c512,c768 tcontext=u:object_r:app_data_file:s0:c512,c768 tclass=file app=com.tencent.android.qqdownloader
07-27 10:00:16.975 5577 5577 I auditd : type=1400 audit(0.0:5090): avc: granted { execute } for comm="temporary-1" path="/data/user/0/com.tencent.android.qqdownloader/files/shell/8_8464130_4408/lib/arm64-v8a/libmarsxlog.so" dev="dm-10" ino=12035 scontext=u:r:untrusted_app_27:s0:c512,c768 tcontext=u:object_r:app_data_file:s0:c512,c768 tclass=file app=com.tencent.android.qqdownloader
07-27 10:00:17.001 1564 1695 I am_proc_start: [0,5613,10096,com.tencent.android.qqdownloader,content provider,{com.tencent.android.qqdownloader/com.tencent.assistant.db.contentprovider.WallpaperProvider}]
07-27 10:00:17.003 5577 5577 I auditd : type=1400 audit(0.0:5091): avc: granted { execute } for comm="temporary-1" path="/data/user/0/com.tencent.android.qqdownloader/files/shell/8_8464130_4408/lib/arm64-v8a/librdefense.so" dev="dm-10" ino=12039 scontext=u:r:untrusted_app_27:s0:c512,c768 tcontext=u:object_r:app_data_file:s0:c512,c768 tclass=file app=com.tencent.android.qqdownloader
07-27 10:00:17.003 5577 5577 I auditd : type=1400 audit(0.0:5092): avc: granted { execute } for comm="temporary-1" path="/data/user/0/com.tencent.android.qqdownloader/files/shell/8_8464130_4408/lib/arm64-v8a/libvbhook.so" dev="dm-10" ino=12047 scontext=u:r:untrusted_app_27:s0:c512,c768 tcontext=u:object_r:app_data_file:s0:c512,c768 tclass=file app=com.tencent.android.qqdownloader
07-27 10:00:17.019 1564 2785 I am_proc_bound: [0,5613,com.tencent.android.qqdownloader]
07-27 10:00:17.027 5577 5577 I auditd : type=1400 audit(0.0:5093): avc: granted { execute } for comm="temporary-5" path="/data/user/0/com.tencent.android.qqdownloader/files/shell/8_8464130_4408/lib/arm64-v8a/libyyb_csech.so" dev="dm-10" ino=12048 scontext=u:r:untrusted_app_27:s0:c512,c768 tcontext=u:object_r:app_data_file:s0:c512,c768 tclass=file app=com.tencent.android.qqdownloader
07-27 10:00:17.047 5577 5577 I auditd : type=1400 audit(0.0:5094): avc: granted { execute } for comm="Thread-3" path="/data/user/0/com.tencent.android.qqdownloader/files/shell/8_8464130_4408/lib/arm64-v8a/libdaemon_acc_v2.2.2.so" dev="dm-10" ino=12031 scontext=u:r:untrusted_app_27:s0:c512,c768 tcontext=u:object_r:app_data_file:s0:c512,c768 tclass=file app=com.tencent.android.qqdownloader
07-27 10:00:17.062 1564 1695 I am_proc_start: [0,5652,10096,com.tencent.android.qqdownloader:cloud,service,{com.tencent.android.qqdownloader/com.live.watermelon.service.SentryAlphaService}]
07-27 10:00:17.063 5658 5658 I auditd : type=1400 audit(0.0:5095): avc: granted { execute } for comm="Thread-5" name="daemon2_64_v2.2.2" dev="dm-10" ino=8815 scontext=u:r:untrusted_app_27:s0:c512,c768 tcontext=u:object_r:app_data_file:s0:c512,c768 tclass=file app=com.tencent.android.qqdownloader
07-27 10:00:17.063 5658 5658 I auditd : type=1400 audit(0.0:5096): avc: granted { execute_no_trans } for comm="Thread-5" path="/data/user/0/com.tencent.android.qqdownloader/app_bin/daemon2_64_v2.2.2" dev="dm-10" ino=8815 scontext=u:r:untrusted_app_27:s0:c512,c768 tcontext=u:object_r:app_data_file:s0:c512,c768 tclass=file app=com.tencent.android.qqdownloader
07-27 10:00:17.075 1564 3222 I am_proc_bound: [0,5652,com.tencent.android.qqdownloader:cloud]
07-27 10:00:17.270 1564 1692 I am_pss : [3814,1000,com.qti.diagservices,6716416,4296704,0,94687232,0,10,9]
07-27 10:00:19.503 5613 5613 I auditd : type=1400 audit(0.0:5805): avc: granted { nlmsg_readpriv } for comm="halley_2800_Tem" scontext=u:r:untrusted_app_27:s0:c512,c768 tcontext=u:r:untrusted_app_27:s0:c512,c768 tclass=netlink_route_socket app=com.tencent.android.qqdownloader
07-27 10:00:20.458 1564 1695 I am_proc_start: [0,5844,10096,com.tencent.android.qqdownloader:live,service,{com.tencent.android.qqdownloader/com.live.sync.YYBLiveAuthService}]
07-27 10:00:20.496 1564 3222 I am_proc_bound: [0,5844,com.tencent.android.qqdownloader:live]
07-27 10:00:20.803 5844 5844 I auditd : type=1400 audit(0.0:5806): avc: granted { execute } for comm="temporary-1" path="/data/user/0/com.tencent.android.qqdownloader/files/shell/8_8464130_4408/lib/arm64-v8a/libmmkv.so" dev="dm-10" ino=12036 scontext=u:r:untrusted_app_27:s0:c512,c768 tcontext=u:object_r:app_data_file:s0:c512,c768 tclass=file app=com.tencent.android.qqdownloader
07-27 10:00:20.823 5844 5844 I auditd : type=1400 audit(0.0:5807): avc: granted { execute } for comm="temporary-1" path="/data/user/0/com.tencent.android.qqdownloader/files/shell/8_8464130_4408/lib/arm64-v8a/libmarsxlog.so" dev="dm-10" ino=12035 scontext=u:r:untrusted_app_27:s0:c512,c768 tcontext=u:object_r:app_data_file:s0:c512,c768 tclass=file app=com.tencent.android.qqdownloader
07-27 10:00:20.871 5844 5844 I auditd : type=1400 audit(0.0:5808): avc: granted { execute } for comm="temporary-1" path="/data/user/0/com.tencent.android.qqdownloader/files/shell/8_8464130_4408/lib/arm64-v8a/libvbhook.so" dev="dm-10" ino=12047 scontext=u:r:untrusted_app_27:s0:c512,c768 tcontext=u:object_r:app_data_file:s0:c512,c768 tclass=file app=com.tencent.android.qqdownloader
07-27 10:00:20.871 5844 5844 I auditd : type=1400 audit(0.0:5809): avc: granted { execute } for comm="temporary-1" path="/data/user/0/com.tencent.android.qqdownloader/files/shell/8_8464130_4408/lib/arm64-v8a/librdefense.so" dev="dm-10" ino=12039 scontext=u:r:untrusted_app_27:s0:c512,c768 tcontext=u:object_r:app_data_file:s0:c512,c768 tclass=file app=com.tencent.android.qqdownloader
07-27 10:00:22.039 5577 5577 I auditd : type=1400 audit(0.0:5810): avc: granted { nlmsg_readpriv } for comm="temporary-8" scontext=u:r:untrusted_app_27:s0:c512,c768 tcontext=u:r:untrusted_app_27:s0:c512,c768 tclass=netlink_route_socket app=com.tencent.android.qqdownloader
07-27 10:00:22.051 5577 5577 I auditd : type=1400 audit(0.0:5811): avc: granted { execute } for comm="temporary-8" path="/data/user/0/com.tencent.android.qqdownloader/files/shell/8_8464130_4408/lib/arm64-v8a/libqmp.so" dev="dm-10" ino=12038 scontext=u:r:untrusted_app_27:s0:c512,c768 tcontext=u:object_r:app_data_file:s0:c512,c768 tclass=file app=com.tencent.android.qqdownloader
07-27 10:00:22.059 5577 5577 I auditd : type=1400 audit(0.0:5812): avc: granted { execute } for comm="FloatingWindow-" path="/data/user/0/com.tencent.android.qqdownloader/files/shell/8_8464130_4408/lib/arm64-v8a/libps.so" dev="dm-10" ino=12037 scontext=u:r:untrusted_app_27:s0:c512,c768 tcontext=u:object_r:app_data_file:s0:c512,c768 tclass=file app=com.tencent.android.qqdownloader
07-27 10:00:22.063 5577 5577 I auditd : type=1400 audit(0.0:5813): avc: granted { execute } for comm="temporary-8" path="/data/user/0/com.tencent.android.qqdownloader/files/shell/8_8464130_4408/lib/arm64-v8a/libbeaconid.so" dev="dm-10" ino=12027 scontext=u:r:untrusted_app_27:s0:c512,c768 tcontext=u:object_r:app_data_file:s0:c512,c768 tclass=file app=com.tencent.android.qqdownloader
07-27 10:00:22.095 5577 5577 I auditd : type=1400 audit(0.0:5814): avc: denied { read } for comm="StartThread-55" name="drivers" dev="proc" ino=4026531852 scontext=u:r:untrusted_app_27:s0:c512,c768 tcontext=u:object_r:proc_tty_drivers:s0 tclass=file permissive=1 app=com.tencent.android.qqdownloader
07-27 10:00:22.111 1564 1564 I sysui_multi_action: [757,128,758,5,759,8,793,14672,794,0,795,12655,796,127,806,com.tencent.android.qqdownloader,857,channel_id_default_silent,858,3,946,com.tencent.android.qqdownloader,947,1,1500,12655,1688,1]
07-27 10:00:22.111 1564 1564 I notification_canceled: [0|com.tencent.android.qqdownloader|127|null|10096,8,14672,12655,0,-1,-1,NULL]
07-27 10:00:22.176 1564 1564 I notification_enqueue: [10096,5577,com.tencent.android.qqdownloader,127,NULL,0,Notification(channel=channel_id_default_silent shortcut=null contentView=com.tencent.android.qqdownloader/0x7f0a01c2 vibrate=null sound=null defaults=0x0 flags=0x2a2 color=0x00000000 groupKey=com.tencent.android.qqdownloader vis=PRIVATE),0]
07-27 10:00:22.177 1564 1564 I sysui_multi_action: [757,128,758,5,759,8,793,4,794,0,795,4,796,127,806,com.tencent.android.qqdownloader,857,channel_id_default_silent,858,3,946,com.tencent.android.qqdownloader,947,1,1500,4]
07-27 10:00:22.178 1564 1564 I notification_canceled: [0|com.tencent.android.qqdownloader|127|null|10096,8,4,4,0,-1,-1,NULL]
07-27 10:00:23.185 1564 1564 I notification_enqueue: [10096,5577,com.tencent.android.qqdownloader,127,NULL,0,Notification(channel=channel_id_default_silent shortcut=null contentView=com.tencent.android.qqdownloader/0x7f0a01c2 vibrate=null sound=null defaults=0x0 flags=0x2a2 color=0x00000000 groupKey=com.tencent.android.qqdownloader vis=PRIVATE),0]
07-27 10:00:23.375 5613 5613 I auditd : type=1400 audit(0.0:6468): avc: denied { read } for comm="pool-12-thread-" name="version" dev="proc" ino=4026532247 scontext=u:r:untrusted_app_27:s0:c512,c768 tcontext=u:object_r:proc_version:s0 tclass=file permissive=1 app=com.tencent.android.qqdownloader
07-27 10:00:23.375 5613 5613 I auditd : type=1400 audit(0.0:6469): avc: denied { open } for comm="pool-12-thread-" path="/proc/version" dev="proc" ino=4026532247 scontext=u:r:untrusted_app_27:s0:c512,c768 tcontext=u:object_r:proc_version:s0 tclass=file permissive=1 app=com.tencent.android.qqdownloader
07-27 10:00:23.375 5613 5613 I auditd : type=1400 audit(0.0:6470): avc: denied { getattr } for comm="pool-12-thread-" path="/proc/version" dev="proc" ino=4026532247 scontext=u:r:untrusted_app_27:s0:c512,c768 tcontext=u:object_r:proc_version:s0 tclass=file permissive=1 app=com.tencent.android.qqdownloader
07-27 10:00:24.192 1564 1564 I notification_enqueue: [10096,5577,com.tencent.android.qqdownloader,127,NULL,0,Notification(channel=channel_id_default_silent shortcut=null contentView=com.tencent.android.qqdownloader/0x7f0a01c2 vibrate=null sound=null defaults=0x0 flags=0x2a2 color=0x00000000 groupKey=com.tencent.android.qqdownloader vis=PRIVATE),1]
07-27 10:00:25.200 1564 1564 I notification_enqueue: [10096,5577,com.tencent.android.qqdownloader,127,NULL,0,Notification(channel=channel_id_default_silent shortcut=null contentView=com.tencent.android.qqdownloader/0x7f0a01c2 vibrate=null sound=null defaults=0x0 flags=0x2a2 color=0x00000000 groupKey=com.tencent.android.qqdownloader vis=PRIVATE),1]
07-27 10:00:25.359 5613 5613 I auditd : type=1400 audit(0.0:6471): avc: denied { read } for comm="Shark-Looper-Ma" name="version" dev="proc" ino=4026532247 scontext=u:r:untrusted_app_27:s0:c512,c768 tcontext=u:object_r:proc_version:s0 tclass=file permissive=1 app=com.tencent.android.qqdownloader
07-27 10:00:25.359 5613 5613 I auditd : type=1400 audit(0.0:6472): avc: denied { open } for comm="Shark-Looper-Ma" path="/proc/version" dev="proc" ino=4026532247 scontext=u:r:untrusted_app_27:s0:c512,c768 tcontext=u:object_r:proc_version:s0 tclass=file permissive=1 app=com.tencent.android.qqdownloader
07-27 10:00:25.359 5613 5613 I auditd : type=1400 audit(0.0:6473): avc: denied { getattr } for comm="Shark-Looper-Ma" path="/proc/version" dev="proc" ino=4026532247 scontext=u:r:untrusted_app_27:s0:c512,c768 tcontext=u:object_r:proc_version:s0 tclass=file permissive=1 app=com.tencent.android.qqdownloader
07-27 10:00:26.855 1564 1692 I am_pss : [5577,10096,com.tencent.android.qqdownloader:daemon,88708096,81367040,0,199131136,0,4,21]
07-27 10:00:26.865 1564 1692 I am_pss : [3074,10094,com.android.providers.media.module,17665024,13541376,0,120541184,0,0,8]
07-27 10:00:26.875 1564 1692 I am_pss : [1961,1002,com.android.bluetooth,32794624,26673152,0,139862016,0,0,8]
07-27 10:00:26.881 1564 1692 I am_pss : [2971,10072,com.qualcomm.location,10675200,7839744,0,103354368,0,0,5]
07-27 10:00:26.887 1564 1692 I am_pss : [2319,1001,.dataservices,8355840,6262784,0,94068736,0,0,5]
07-27 10:00:26.893 1564 1692 I am_pss : [2193,1073,com.android.networkstack.process,18235392,15503360,0,111484928,0,0,5]
07-27 10:00:26.907 1564 1692 I am_pss : [1963,10081,com.android.systemui,178657280,162197504,0,325292032,0,0,13]
07-27 10:00:26.926 1564 1692 I am_pss : [1564,1000,system,187429888,106078208,0,476352512,0,0,18]
07-27 10:00:27.221 1564 1692 I am_pss : [5613,10096,com.tencent.android.qqdownloader,118805504,110821376,0,229269504,0,4,13]
07-27 10:00:27.230 1564 1692 I am_pss : [5652,10096,com.tencent.android.qqdownloader:cloud,51935232,46915584,0,151441408,0,4,8]
07-27 10:00:30.555 5613 5613 I auditd : type=1400 audit(0.0:6474): avc: granted { execute } for comm="gatherer-1-thre" path="/data/user/0/com.tencent.android.qqdownloader/app_e_qq_com_plugin_new_84e5596443427f53efca4e1d48972f33/libturingga.so" dev="dm-10" ino=10582 scontext=u:r:untrusted_app_27:s0:c512,c768 tcontext=u:object_r:app_data_file:s0:c512,c768 tclass=file app=com.tencent.android.qqdownloader
07-27 10:00:32.213 1564 2090 I am_uid_running: 99001
07-27 10:00:32.220 1564 1695 I am_proc_start: [0,6139,99001,com.android.webview:sandboxed_process0:org.chromium.content.app.SandboxedProcessService0:0,,{com.tencent.android.qqdownloader/org.chromium.content.app.SandboxedProcessService0:0}]
07-27 10:00:32.252 1564 2090 I am_proc_bound: [0,6139,com.android.webview:sandboxed_process0:org.chromium.content.app.SandboxedProcessService0:0]
07-27 10:00:32.256 1564 2090 I am_uid_active: 99001
07-27 10:00:32.343 5577 5577 I auditd : type=1400 audit(0.0:6475): avc: granted { execute } for comm="gatherer-1-thre" path="/data/user/0/com.tencent.android.qqdownloader/app_e_qq_com_plugin_new_b11baa871a179485a20599a8c8554089/libturingga.so" dev="dm-10" ino=10549 scontext=u:r:untrusted_app_27:s0:c512,c768 tcontext=u:object_r:app_data_file:s0:c512,c768 tclass=file app=com.tencent.android.qqdownloader
07-27 10:00:35.089 1564 1958 I sync : [com.tencent.android.qqdownloader.YYBLiveAccountProvider,0,3,24220937]
07-27 10:00:35.119 5844 5844 I auditd : type=1400 audit(0.0:6476): avc: granted { execute } for comm="temporary-5" path="/data/user/0/com.tencent.android.qqdownloader/files/shell/8_8464130_4408/lib/arm64-v8a/libqmp.so" dev="dm-10" ino=12038 scontext=u:r:untrusted_app_27:s0:c512,c768 tcontext=u:object_r:app_data_file:s0:c512,c768 tclass=file app=com.tencent.android.qqdownloader
07-27 10:00:35.125 1564 1958 I sync : [com.tencent.android.qqdownloader.YYBLiveAccountProvider,1,3,24220937]
07-27 10:00:35.129 1564 1958 I commit_sys_config_file: [sync-status,3]
07-27 10:00:35.138 1564 1958 I sync : [com.tencent.android.qqdownloader.YYBLiveAccountProvider,0,3,24220937]
07-27 10:00:35.155 5844 5844 I auditd : type=1400 audit(0.0:6477): avc: granted { execute } for comm="temporary-5" path="/data/user/0/com.tencent.android.qqdownloader/files/shell/8_8464130_4408/lib/arm64-v8a/libbeaconid.so" dev="dm-10" ino=12027 scontext=u:r:untrusted_app_27:s0:c512,c768 tcontext=u:object_r:app_data_file:s0:c512,c768 tclass=file app=com.tencent.android.qqdownloader
07-27 10:00:35.160 1564 1958 I sync : [com.tencent.android.qqdownloader.YYBLiveAccountProvider,1,3,24220937]
07-27 10:00:35.162 1564 1958 I commit_sys_config_file: [sync-status,37]
07-27 10:00:35.251 5844 5844 I auditd : type=1400 audit(0.0:6478): avc: denied { open } for comm="qimei-thread-1" path="/" dev="dm-5" ino=2 scontext=u:r:untrusted_app_27:s0:c512,c768 tcontext=u:object_r:rootfs:s0 tclass=dir permissive=1 app=com.tencent.android.qqdownloader
07-27 10:00:35.259 5844 5844 I auditd : type=1400 audit(0.0:6479): avc: granted { nlmsg_readpriv } for comm="qimei-thread-3" scontext=u:r:untrusted_app_27:s0:c512,c768 tcontext=u:r:untrusted_app_27:s0:c512,c768 tclass=netlink_route_socket app=com.tencent.android.qqdownloader
07-27 10:00:36.531 5613 5613 I auditd : type=1400 audit(0.0:6480): avc: denied { open } for comm="qimei-s-thread-" path="/proc/uptime" dev="proc" ino=4026532246 scontext=u:r:untrusted_app_27:s0:c512,c768 tcontext=u:object_r:proc_uptime:s0 tclass=file permissive=1 app=com.tencent.android.qqdownloader
07-27 10:00:36.543 5613 5613 I auditd : type=1400 audit(0.0:6481): avc: denied { read } for comm="qimei-s-thread-" name="ioports" dev="proc" ino=4026532282 scontext=u:r:untrusted_app_27:s0:c512,c768 tcontext=u:object_r:proc:s0 tclass=file permissive=1 app=com.tencent.android.qqdownloader
07-27 10:00:36.543 5613 5613 I auditd : type=1400 audit(0.0:6482): avc: denied { open } for comm="qimei-s-thread-" path="/proc/ioports" dev="proc" ino=4026532282 scontext=u:r:untrusted_app_27:s0:c512,c768 tcontext=u:object_r:proc:s0 tclass=file permissive=1 app=com.tencent.android.qqdownloader
07-27 10:00:36.587 5613 5613 I auditd : type=1400 audit(0.0:6483): avc: granted { nlmsg_readpriv } for comm="qimei-s-thread-" scontext=u:r:untrusted_app_27:s0:c512,c768 tcontext=u:r:untrusted_app_27:s0:c512,c768 tclass=netlink_route_socket app=com.tencent.android.qqdownloader
07-27 10:00:37.133 1564 1678 I commit_sys_config_file: [jobs,6]
07-27 10:00:37.513 1564 1695 I am_proc_start: [0,6288,10096,com.tencent.ilink.ServiceProcess,service,{com.tencent.android.qqdownloader/com.tencent.luggage.services.WxaStartUpService}]
07-27 10:00:37.556 1564 2757 I am_proc_bound: [0,6288,com.tencent.ilink.ServiceProcess]
07-27 10:00:37.583 1564 1692 I am_pss : [2647,10078,com.android.launcher3,60000256,48660480,0,188358656,0,5,10]
07-27 10:00:37.599 1564 1692 I am_pss : [5577,10096,com.tencent.android.qqdownloader:daemon,160441344,137707520,0,305143808,0,4,15]
07-27 10:00:37.606 1564 1692 I am_pss : [3350,10073,com.qualcomm.location.XT,6575104,4460544,0,92934144,0,6,6]
07-27 10:00:37.616 1564 1692 I am_pss : [3646,10039,com.baidu.input_hryt,84702208,66301952,0,214188032,0,7,9]
07-27 10:00:37.859 6288 6288 I auditd : type=1400 audit(0.0:6484): avc: granted { execute } for comm="temporary-1" path="/data/user/0/com.tencent.android.qqdownloader/files/shell/8_8464130_4408/lib/arm64-v8a/libmmkv.so" dev="dm-10" ino=12036 scontext=u:r:untrusted_app_27:s0:c512,c768 tcontext=u:object_r:app_data_file:s0:c512,c768 tclass=file app=com.tencent.android.qqdownloader
07-27 10:00:37.883 6288 6288 I auditd : type=1400 audit(0.0:6485): avc: granted { execute } for comm="temporary-1" path="/data/user/0/com.tencent.android.qqdownloader/files/shell/8_8464130_4408/lib/arm64-v8a/libmarsxlog.so" dev="dm-10" ino=12035 scontext=u:r:untrusted_app_27:s0:c512,c768 tcontext=u:object_r:app_data_file:s0:c512,c768 tclass=file app=com.tencent.android.qqdownloader
07-27 10:00:37.915 6288 6288 I auditd : type=1400 audit(0.0:6486): avc: granted { execute } for comm="temporary-1" path="/data/user/0/com.tencent.android.qqdownloader/files/shell/8_8464130_4408/lib/arm64-v8a/librdefense.so" dev="dm-10" ino=12039 scontext=u:r:untrusted_app_27:s0:c512,c768 tcontext=u:object_r:app_data_file:s0:c512,c768 tclass=file app=com.tencent.android.qqdownloader
07-27 10:00:37.915 6288 6288 I auditd : type=1400 audit(0.0:6487): avc: granted { execute } for comm="temporary-1" path="/data/user/0/com.tencent.android.qqdownloader/files/shell/8_8464130_4408/lib/arm64-v8a/libvbhook.so" dev="dm-10" ino=12047 scontext=u:r:untrusted_app_27:s0:c512,c768 tcontext=u:object_r:app_data_file:s0:c512,c768 tclass=file app=com.tencent.android.qqdownloader
07-27 10:00:37.923 6288 6288 I auditd : type=1400 audit(0.0:6488): avc: granted { execute } for comm=".ServiceProcess" path="/data/user/0/com.tencent.android.qqdownloader/files/res_hub/yyb/online/wx_sdk_so_3_64_20/arm64-v8a/libc++_shared.so" dev="dm-10" ino=19724 scontext=u:r:untrusted_app_27:s0:c512,c768 tcontext=u:object_r:app_data_file:s0:c512,c768 tclass=file app=com.tencent.android.qqdownloader
07-27 10:00:37.947 6288 6288 I auditd : type=1400 audit(0.0:6489): avc: granted { execute } for comm=".ServiceProcess" path="/data/user/0/com.tencent.android.qqdownloader/files/res_hub/yyb/online/wx_sdk_so_3_64_20/arm64-v8a/libwechatxlog.so" dev="dm-10" ino=19727 scontext=u:r:untrusted_app_27:s0:c512,c768 tcontext=u:object_r:app_data_file:s0:c512,c768 tclass=file app=com.tencent.android.qqdownloader
07-27 10:00:38.427 6288 6288 I auditd : type=1400 audit(0.0:6490): avc: granted { execute } for comm=4173796E635461736B202331 path="/data/user/0/com.tencent.android.qqdownloader/files/res_hub/yyb/online/wx_sdk_so_3_64_20/arm64-v8a/libwxaopenruntimejni.so" dev="dm-10" ino=19729 scontext=u:r:untrusted_app_27:s0:c512,c768 tcontext=u:object_r:app_data_file:s0:c512,c768 tclass=file app=com.tencent.android.qqdownloader
07-27 10:00:38.535 6288 6288 I auditd : type=1400 audit(0.0:6491): avc: granted { execute } for comm="Binder:6288_2" path="/data/user/0/com.tencent.android.qqdownloader/app_wxa_sdk_plugin/587202817/wxa_libs/libmmkv.so" dev="dm-10" ino=20677 scontext=u:r:untrusted_app_27:s0:c512,c768 tcontext=u:object_r:app_data_file:s0:c512,c768 tclass=file app=com.tencent.android.qqdownloader
07-27 10:00:38.543 6288 6288 I auditd : type=1400 audit(0.0:6492): avc: granted { execute } for comm="Binder:6288_2" path="/data/user/0/com.tencent.android.qqdownloader/app_wxa_sdk_plugin/587202817/wxa_libs/libwechatxlog.so" dev="dm-10" ino=20723 scontext=u:r:untrusted_app_27:s0:c512,c768 tcontext=u:object_r:app_data_file:s0:c512,c768 tclass=file app=com.tencent.android.qqdownloader
07-27 10:00:38.734 1564 1695 I am_proc_start: [0,6399,10096,com.tencent.android.qqdownloader:wxa_container0,service,{com.tencent.android.qqdownloader/com.tencent.luggage.services.WxaProxy_WxaIPCContainerService0}]
07-27 10:00:38.762 1564 2757 I am_proc_bound: [0,6399,com.tencent.android.qqdownloader:wxa_container0]
07-27 10:00:39.087 6399 6399 I auditd : type=1400 audit(0.0:6497): avc: granted { execute } for comm="temporary-1" path="/data/user/0/com.tencent.android.qqdownloader/files/shell/8_8464130_4408/lib/arm64-v8a/libmmkv.so" dev="dm-10" ino=12036 scontext=u:r:untrusted_app_27:s0:c512,c768 tcontext=u:object_r:app_data_file:s0:c512,c768 tclass=file app=com.tencent.android.qqdownloader
07-27 10:00:39.111 6399 6399 I auditd : type=1400 audit(0.0:6498): avc: granted { execute } for comm="temporary-1" path="/data/user/0/com.tencent.android.qqdownloader/files/shell/8_8464130_4408/lib/arm64-v8a/libmarsxlog.so" dev="dm-10" ino=12035 scontext=u:r:untrusted_app_27:s0:c512,c768 tcontext=u:object_r:app_data_file:s0:c512,c768 tclass=file app=com.tencent.android.qqdownloader
07-27 10:00:39.135 6399 6399 I auditd : type=1400 audit(0.0:6499): avc: granted { execute } for comm="temporary-3" path="/data/user/0/com.tencent.android.qqdownloader/files/shell/8_8464130_4408/lib/arm64-v8a/libvbhook.so" dev="dm-10" ino=12047 scontext=u:r:untrusted_app_27:s0:c512,c768 tcontext=u:object_r:app_data_file:s0:c512,c768 tclass=file app=com.tencent.android.qqdownloader
07-27 10:00:39.135 6399 6399 I auditd : type=1400 audit(0.0:6500): avc: granted { execute } for comm="temporary-3" path="/data/user/0/com.tencent.android.qqdownloader/files/shell/8_8464130_4408/lib/arm64-v8a/librdefense.so" dev="dm-10" ino=12039 scontext=u:r:untrusted_app_27:s0:c512,c768 tcontext=u:object_r:app_data_file:s0:c512,c768 tclass=file app=com.tencent.android.qqdownloader
07-27 10:00:39.147 6399 6399 I auditd : type=1400 audit(0.0:6501): avc: granted { execute } for comm=":wxa_container0" path="/data/user/0/com.tencent.android.qqdownloader/files/res_hub/yyb/online/wx_sdk_so_3_64_20/arm64-v8a/libc++_shared.so" dev="dm-10" ino=19724 scontext=u:r:untrusted_app_27:s0:c512,c768 tcontext=u:object_r:app_data_file:s0:c512,c768 tclass=file app=com.tencent.android.qqdownloader
07-27 10:00:40.247 6399 6399 I auditd : type=1400 audit(0.0:6515): avc: granted { execute } for comm="[GT]ColdPool#0" path="/data/user/0/com.tencent.android.qqdownloader/app_wxa_sdk_plugin/587202817/wxa_libs/libmmskia.so" dev="dm-10" ino=20683 scontext=u:r:untrusted_app_27:s0:c512,c768 tcontext=u:object_r:app_data_file:s0:c512,c768 tclass=file app=com.tencent.android.qqdownloader
07-27 10:00:40.259 6399 6399 I auditd : type=1400 audit(0.0:6516): avc: granted { execute } for comm="[GT]ColdPool#0" path="/data/user/0/com.tencent.android.qqdownloader/app_wxa_sdk_plugin/587202817/wxa_libs/libcommonimgdec.so" dev="dm-10" ino=20651 scontext=u:r:untrusted_app_27:s0:c512,c768 tcontext=u:object_r:app_data_file:s0:c512,c768 tclass=file app=com.tencent.android.qqdownloader
07-27 10:00:40.263 6399 6399 I auditd : type=1400 audit(0.0:6517): avc: granted { execute } for comm="[GT]ColdPool#0" path="/data/user/0/com.tencent.android.qqdownloader/app_wxa_sdk_plugin/587202817/wxa_libs/libnative-iv.so" dev="dm-10" ino=20697 scontext=u:r:untrusted_app_27:s0:c512,c768 tcontext=u:object_r:app_data_file:s0:c512,c768 tclass=file app=com.tencent.android.qqdownloader
07-27 10:00:40.323 6399 6399 I auditd : type=1400 audit(0.0:6518): avc: granted { execute } for comm="[GT]ColdPool#0" path="/data/user/0/com.tencent.android.qqdownloader/app_wxa_sdk_plugin/587202817/wxa_libs/libmagicbrush.so" dev="dm-10" ino=20668 scontext=u:r:untrusted_app_27:s0:c512,c768 tcontext=u:object_r:app_data_file:s0:c512,c768 tclass=file app=com.tencent.android.qqdownloader
07-27 10:00:40.339 6399 6399 I auditd : type=1400 audit(0.0:6519): avc: granted { execute } for comm="[GT]ColdPool#0" path="/data/user/0/com.tencent.android.qqdownloader/app_wxa_sdk_plugin/587202817/wxa_libs/libgamelog_delegate.so" dev="dm-10" ino=20652 scontext=u:r:untrusted_app_27:s0:c512,c768 tcontext=u:object_r:app_data_file:s0:c512,c768 tclass=file app=com.tencent.android.qqdownloader
07-27 10:00:41.307 6399 6399 I auditd : type=1400 audit(0.0:6530): avc: granted { execute } for comm="[GT]ColdPool#1" path="/data/user/0/com.tencent.android.qqdownloader/app_wxa_sdk_plugin/587202817/wxa_libs/libNLog.so" dev="dm-10" ino=20633 scontext=u:r:untrusted_app_27:s0:c512,c768 tcontext=u:object_r:app_data_file:s0:c512,c768 tclass=file app=com.tencent.android.qqdownloader
07-27 10:00:41.315 6399 6399 I auditd : type=1400 audit(0.0:6531): avc: granted { execute } for comm="[GT]ColdPool#1" path="/data/user/0/com.tencent.android.qqdownloader/app_wxa_sdk_plugin/587202817/wxa_libs/libaudio_common.so" dev="dm-10" ino=20646 scontext=u:r:untrusted_app_27:s0:c512,c768 tcontext=u:object_r:app_data_file:s0:c512,c768 tclass=file app=com.tencent.android.qqdownloader
07-27 10:00:43.928 1564 1692 I am_pss : [6139,99001,com.android.webview:sandboxed_process0:org.chromium.content.app.SandboxedProcessService0:0,68228096,53915648,0,132722688,0,4,11]
07-27 10:00:43.936 1564 1692 I am_pss : [5542,10070,com.android.webview:webview_service,16980992,3735552,0,84189184,0,4,6]
07-27 10:00:52.305 1564 1676 I am_uid_running: 10093
07-27 10:00:52.335 1564 1695 I am_proc_start: [0,6574,10093,com.android.permissioncontroller,service,{com.android.permissioncontroller/com.android.permissioncontroller.permission.service.PermissionControllerServiceImpl}]
07-27 10:00:52.363 1564 2090 I am_proc_bound: [0,6574,com.android.permissioncontroller]
07-27 10:00:52.367 1564 2090 I am_uid_active: 10093
07-27 10:00:59.722 1564 1894 I netstats_mobile_sample: [0,0,0,0,0,0,0,0,0,0,0,0,1690423259722]
07-27 10:00:59.723 1564 1894 I netstats_wifi_sample: [75779,92,229903,505,75779,92,229903,505,817479,982,174945,394,1690423259722]
07-27 10:00:59.719 683 683 I auditd : type=1400 audit(0.0:6532): avc: denied { add_name } for comm="Binder:683_3" name="globalAlert" scontext=u:r:netd:s0 tcontext=u:object_r:proc_net:s0 tclass=dir permissive=1
07-27 10:01:02.584 1564 2757 I am_kill : [0,6399,com.tencent.android.qqdownloader:wxa_container0,925,empty #2]
07-27 10:01:02.605 1564 1692 I am_pss : [6139,99001,com.android.webview:sandboxed_process0:org.chromium.content.app.SandboxedProcessService0:0,67554304,53223424,0,132026368,0,4,12]
07-27 10:01:02.612 1564 1692 I am_pss : [5542,10070,com.android.webview:webview_service,16941056,3682304,0,84123648,0,4,6]
07-27 10:01:02.614 1564 1692 I am_pss : [6399,10096,com.tencent.android.qqdownloader:wxa_container0,393216,393216,0,393216,0,19,0]
07-27 10:01:02.624 1564 1692 I am_pss : [5844,10096,com.tencent.android.qqdownloader:live,49071104,44494848,0,153505792,0,10,9]
07-27 10:01:02.631 1564 1692 I am_pss : [3074,10094,com.android.providers.media.module,17354752,13553664,0,120565760,0,0,7]
07-27 10:01:02.637 1564 1692 I am_pss : [2971,10072,com.qualcomm.location,10554368,7843840,0,103358464,0,0,5]
07-27 10:01:02.652 1564 1692 I am_pss : [1963,10081,com.android.systemui,177000448,160915456,0,324014080,0,0,14]
07-27 10:01:02.654 1564 3222 I am_proc_died: [0,6399,com.tencent.android.qqdownloader:wxa_container0,925,19]
07-27 10:01:02.656 1564 3222 I am_schedule_service_restart: [0,com.tencent.android.qqdownloader/com.tencent.luggage.services.WxaProxy_WxaIPCContainerService0,1000]
07-27 10:01:02.660 1564 3222 I am_kill : [0,4594,com.android.providers.calendar,925,empty #2]
07-27 10:01:02.663 1564 3222 I am_kill : [0,2800,com.qualcomm.qti.qccauthmgr,935,empty #3]
07-27 10:01:02.665 1564 3222 I am_kill : [0,3827,android.process.media,945,empty #4]
07-27 10:01:02.666 1564 3222 I am_kill : [0,3583,android.process.acore,955,empty #5]
07-27 10:01:02.667 1564 3222 I am_kill : [0,2613,com.thundercomm.gamemode.provider,965,empty #6]
07-27 10:01:02.668 1564 1692 I am_pss : [3375,1000,com.android.provision,13249536,7917568,0,120012800,0,16,7]
07-27 10:01:02.676 1564 1692 I am_pss : [3814,1000,com.qti.diagservices,6644736,4296704,0,94687232,0,10,5]
07-27 10:01:02.685 1564 1692 I am_pss : [3302,10086,com.hryt.lebotp,71186432,44277760,0,171507712,0,0,8]
07-27 10:01:02.689 1564 3222 I am_proc_died: [0,2800,com.qualcomm.qti.qccauthmgr,935,19]
07-27 10:01:02.690 1564 3222 I am_uid_stopped: 10088
07-27 10:01:02.692 1564 1692 I am_pss : [3276,10087,com.qualcomm.qti.workloadclassifier,18891776,16195584,0,108691456,0,0,5]
07-27 10:01:02.694 1564 3222 I am_proc_died: [0,4594,com.android.providers.calendar,925,19]
07-27 10:01:02.695 1564 3222 I am_uid_stopped: 10027
07-27 10:01:02.697 1564 1692 I am_pss : [3251,10082,com.qualcomm.qti.qccnetstat,6551552,4354048,0,91303936,0,0,4]
07-27 10:01:02.703 1564 1692 I am_pss : [3235,10074,com.qualcomm.qti.services.systemhelper:systemhelper_service,6727680,4464640,0,93040640,0,0,5]
07-27 10:01:02.711 1564 2757 I am_proc_died: [0,3583,android.process.acore,955,19]
07-27 10:01:02.711 1564 1692 I am_pss : [3179,10059,.pasr,5729280,3645440,0,88662016,0,0,5]
07-27 10:01:02.712 1564 2757 I am_uid_stopped: 10030
07-27 10:01:02.714 1564 5594 I am_proc_died: [0,3827,android.process.media,945,19]
07-27 10:01:02.715 1564 5594 I am_uid_stopped: 10019
07-27 10:01:02.717 1564 2479 I am_proc_died: [0,2613,com.thundercomm.gamemode.provider,965,19]
07-27 10:01:02.717 1564 2479 I am_uid_stopped: 10065
07-27 10:01:02.718 1564 1692 I am_pss : [3177,1000,com.hryt.hiphishowfsecontrol,14176256,11235328,0,105349120,0,0,5]
07-27 10:01:02.724 1564 1692 I am_pss : [3115,10060,ts.car.uart,6505472,4423680,0,89665536,0,0,4]
07-27 10:01:02.729 1564 1692 I am_pss : [2551,1000,com.qualcomm.qti.qdma,10604544,7524352,0,104898560,0,0,5]
07-27 10:01:02.735 1564 1692 I am_pss : [2498,1000,com.thundercomm.tcservice,9445376,6647808,0,96858112,0,0,5]
07-27 10:01:02.741 1564 1692 I am_pss : [2493,1000,com.thundercomm.remotecontrolservice,9507840,6623232,0,99901440,0,0,5]
07-27 10:01:02.746 1564 1692 I am_pss : [2480,1068,com.android.se,6169600,4042752,0,90423296,0,0,5]
07-27 10:01:02.751 1564 1692 I am_pss : [2442,10084,com.qti.qualcomm.mstatssystemservice,5847040,3784704,0,88760320,0,0,5]
07-27 10:01:02.756 1564 1692 I am_pss : [2434,1000,vendor.qti.qesdk.sysservice,5908480,3792896,0,90095616,0,0,4]
07-27 10:01:02.761 1564 1692 I am_pss : [2363,1000,com.tc.logclient,7334912,4775936,0,96710656,0,0,5]
07-27 10:01:02.771 1564 1692 I am_pss : [2404,1000,com.thundercomm.tcsetupwizard,141158400,134971392,0,251531264,0,1,9]
07-27 10:01:02.776 1564 1692 I am_pss : [2356,1000,com.thundercomm.tchttpserver,7128064,4784128,0,91910144,0,0,4]
07-27 10:01:02.781 1564 1692 I am_pss : [2331,10056,.qtidataservices,6261760,4169728,0,90120192,0,0,5]
07-27 10:01:02.787 1564 1692 I am_pss : [2300,1000,com.thundercomm.microsettings,14620672,7204864,0,116211712,0,0,6]
07-27 10:01:02.792 1564 1692 I am_pss : [2297,1000,com.thundercomm.microservice,9743360,7397376,0,95174656,0,0,4]
07-27 10:01:02.800 1564 1692 I am_pss : [2257,1000,com.thundercomm.gamemode,45503488,37711872,0,152801280,0,0,6]
07-27 10:01:10.086 1564 1958 I sync : [com.tencent.android.qqdownloader.YYBLiveAccountProvider,0,3,24220937]
07-27 10:01:10.125 1564 1958 I sync : [com.tencent.android.qqdownloader.YYBLiveAccountProvider,1,3,24220937]
07-27 10:01:10.128 1564 1958 I commit_sys_config_file: [sync-status,35002]
07-27 10:01:10.134 1564 1958 I sync : [com.tencent.android.qqdownloader.YYBLiveAccountProvider,0,3,24220937]
07-27 10:01:10.153 1564 1958 I sync : [com.tencent.android.qqdownloader.YYBLiveAccountProvider,1,3,24220937]
07-27 10:01:10.156 1564 1958 I commit_sys_config_file: [sync-status,35031]
07-27 10:01:12.133 1564 1678 I commit_sys_config_file: [jobs,6]
07-27 10:01:13.075 1564 1564 I notification_enqueue: [10096,5577,com.tencent.android.qqdownloader,127,NULL,0,Notification(channel=channel_id_default_silent shortcut=null contentView=com.tencent.android.qqdownloader/0x7f0a01c2 vibrate=null sound=null defaults=0x0 flags=0x2a2 color=0x00000000 groupKey=com.tencent.android.qqdownloader vis=PRIVATE),1]
07-27 10:01:22.299 5613 5613 I auditd : type=1400 audit(0.0:6533): avc: granted { nlmsg_readpriv } for comm="pool-10-thread-" scontext=u:r:untrusted_app_27:s0:c512,c768 tcontext=u:r:untrusted_app_27:s0:c512,c768 tclass=netlink_route_socket app=com.tencent.android.qqdownloader
07-27 10:01:31.127 1564 1853 I input_interaction: Interaction with: c33bf83 com.thundercomm.tcsetupwizard/com.thundercomm.tcsetupwizard.TcSetupStartActivity (server), edge-swipe (server), swipe-up (server), PointerEventDispatcher0 (server),
07-27 10:01:31.271 870 870 I auditd : type=1400 audit(0.0:6534): avc: denied { add_name } for comm="perf@2.2-servic" name="cpu_max_freq" scontext=u:r:vendor_hal_perf_default:s0 tcontext=u:object_r:vendor_sysfs_msm_perf:s0 tclass=dir permissive=1
07-27 10:01:31.277 1564 1825 I wm_task_moved: [1,1,5]
07-27 10:01:31.277 1564 1825 I wm_set_resumed_activity: [0,com.thundercomm.tcsetupwizard/.TcSetupStartActivity,positionChildAt]
07-27 10:01:31.277 1564 1825 I wm_task_moved: [8,1,2147483647]
07-27 10:01:31.277 1564 1825 I wm_create_activity: [0,171275624,8,com.thundercomm.tcsetupwizard/.TcFactoryModeActivity,NULL,NULL,NULL,0]
07-27 10:01:31.279 1564 1825 I wm_pause_activity: [0,196321411,com.thundercomm.tcsetupwizard/.TcSetupStartActivity,userLeaving=true,resumeTopActivityInnerLocked]
07-27 10:01:31.281 2404 2404 I wm_on_top_resumed_lost_called: [196321411,com.thundercomm.tcsetupwizard.TcSetupStartActivity,topStateChangedWhenResumed]
07-27 10:01:31.282 2404 2404 I wm_on_paused_called: [196321411,com.thundercomm.tcsetupwizard.TcSetupStartActivity,performPause]
07-27 10:01:31.283 1564 2479 I wm_add_to_stopping: [0,196321411,com.thundercomm.tcsetupwizard/.TcSetupStartActivity,makeInvisible]
07-27 10:01:31.284 1564 2479 I wm_restart_activity: [0,171275624,8,com.thundercomm.tcsetupwizard/.TcFactoryModeActivity]
07-27 10:01:31.285 1564 2479 I wm_set_resumed_activity: [0,com.thundercomm.tcsetupwizard/.TcFactoryModeActivity,minimalResumeActivityLocked]
07-27 10:01:31.287 1564 1679 I sysui_multi_action: [757,803,799,window_time_0,802,96]
07-27 10:01:31.295 1564 1692 I am_pss : [6574,10093,com.android.permissioncontroller,12324864,8900608,0,100098048,0,19,5]
07-27 10:01:31.308 1564 1853 I input_focus: [Focus leaving c33bf83 com.thundercomm.tcsetupwizard/com.thundercomm.tcsetupwizard.TcSetupStartActivity (server),reason=NO_WINDOW]
07-27 10:01:31.326 1564 1853 I input_interaction: Interaction with: edge-swipe (server), swipe-up (server), PointerEventDispatcher0 (server),
07-27 10:01:31.333 2404 2404 I wm_on_create_called: [171275624,com.thundercomm.tcsetupwizard.TcFactoryModeActivity,performCreate]
07-27 10:01:31.333 2404 2404 I wm_on_start_called: [171275624,com.thundercomm.tcsetupwizard.TcFactoryModeActivity,handleStartActivity]
07-27 10:01:31.333 2404 2404 I wm_on_resume_called: [171275624,com.thundercomm.tcsetupwizard.TcFactoryModeActivity,RESUME_ACTIVITY]
07-27 10:01:31.336 2404 2404 I view_enqueue_input_event: [Motion - Cancel,com.thundercomm.tcsetupwizard/com.thundercomm.tcsetupwizard.TcSetupStartActivity]
07-27 10:01:31.336 2404 2404 I wm_on_top_resumed_gained_called: [171275624,com.thundercomm.tcsetupwizard.TcFactoryModeActivity,topStateChangedWhenResumed]
07-27 10:01:31.351 1564 1680 I input_focus: [Focus request 4d08a67 com.thundercomm.tcsetupwizard/com.thundercomm.tcsetupwizard.TcFactoryModeActivity,reason=UpdateInputWindows]
07-27 10:01:31.389 1564 1676 I wm_activity_launch_time: [0,171275624,com.thundercomm.tcsetupwizard/.TcFactoryModeActivity,116]
07-27 10:01:31.393 1564 1853 I input_focus: [Focus entering 4d08a67 com.thundercomm.tcsetupwizard/com.thundercomm.tcsetupwizard.TcFactoryModeActivity (server),reason=Window became focusable. Previous reason: NOT_VISIBLE]
07-27 10:01:31.799 1564 1679 I wm_stop_activity: [0,196321411,com.thundercomm.tcsetupwizard/.TcSetupStartActivity]
07-27 10:01:31.803 2404 2404 I wm_on_stop_called: [196321411,com.thundercomm.tcsetupwizard.TcSetupStartActivity,STOP_ACTIVITY_ITEM]
07-27 10:01:32.327 1564 1853 I input_interaction: Interaction with: 4d08a67 com.thundercomm.tcsetupwizard/com.thundercomm.tcsetupwizard.TcFactoryModeActivity (server), edge-swipe (server), swipe-up (server), PointerEventDispatcher0 (server),
07-27 10:01:32.486 1564 1825 I commit_sys_config_file: [settings-0-0,4]
07-27 10:01:32.497 1564 1825 I commit_sys_config_file: [settings-2-0,3]
07-27 10:01:32.502 1564 3537 I wm_finish_activity: [0,171275624,8,com.thundercomm.tcsetupwizard/.TcFactoryModeActivity,app-request]
07-27 10:01:32.503 1564 3537 I wm_pause_activity: [0,171275624,com.thundercomm.tcsetupwizard/.TcFactoryModeActivity,userLeaving=false,finish]
07-27 10:01:32.506 2404 2404 I wm_on_top_resumed_lost_called: [171275624,com.thundercomm.tcsetupwizard.TcFactoryModeActivity,topStateChangedWhenResumed]
07-27 10:01:32.507 2404 2404 I wm_on_paused_called: [171275624,com.thundercomm.tcsetupwizard.TcFactoryModeActivity,performPause]
07-27 10:01:32.508 1564 3537 I wm_add_to_stopping: [0,171275624,com.thundercomm.tcsetupwizard/.TcFactoryModeActivity,completeFinishing]
07-27 10:01:32.511 1564 3537 I wm_set_resumed_activity: [0,com.thundercomm.tcsetupwizard/.TcSetupStartActivity,resumeTopActivityInnerLocked]
07-27 10:01:32.512 1564 3537 I wm_resume_activity: [0,196321411,8,com.thundercomm.tcsetupwizard/.TcSetupStartActivity]
07-27 10:01:32.517 1564 1679 I sysui_multi_action: [757,803,799,window_time_0,802,1]
07-27 10:01:32.518 1564 3537 I wm_finish_activity: [0,196321411,8,com.thundercomm.tcsetupwizard/.TcSetupStartActivity,app-request]
07-27 10:01:32.519 1564 3537 I wm_pause_activity: [0,196321411,com.thundercomm.tcsetupwizard/.TcSetupStartActivity,userLeaving=false,finish]
07-27 10:01:32.521 2404 2404 I wm_on_activity_result_called: [196321411,com.thundercomm.tcsetupwizard.TcSetupStartActivity,ACTIVITY_RESULT]
07-27 10:01:32.521 2404 2404 I wm_on_restart_called: [196321411,com.thundercomm.tcsetupwizard.TcSetupStartActivity,performRestartActivity]
07-27 10:01:32.525 1564 1853 I input_focus: [Focus leaving 4d08a67 com.thundercomm.tcsetupwizard/com.thundercomm.tcsetupwizard.TcFactoryModeActivity (server),reason=NO_WINDOW]
07-27 10:01:32.529 1564 3537 I wm_add_to_stopping: [0,196321411,com.thundercomm.tcsetupwizard/.TcSetupStartActivity,completeFinishing]
07-27 10:01:32.530 1564 3537 I wm_set_resumed_activity: [0,com.android.provision/.DefaultActivity,resumeTopActivityInnerLocked]
07-27 10:01:32.534 1564 3537 I wm_resume_activity: [0,119068919,8,com.android.provision/.DefaultActivity]
07-27 10:01:32.537 1564 1679 I sysui_multi_action: [757,803,799,window_time_0,802,0]
07-27 10:01:32.540 1564 3537 I am_uid_running: 10065
07-27 10:01:32.546 1564 1825 I commit_sys_config_file: [settings-0-0,2]
07-27 10:01:32.548 1564 1695 I am_proc_start: [0,6782,10065,com.thundercomm.gamemode.provider,content provider,{com.thundercomm.gamemode.provider/com.thundercomm.gamemode.provider.SettingsProvider}]
07-27 10:01:32.554 1564 1825 I commit_sys_config_file: [settings-2-0,2]
07-27 10:01:32.554 2647 2647 I wm_on_restart_called: [54944540,com.android.launcher3.uioverrides.QuickstepLauncher,performRestartActivity]
07-27 10:01:32.555 2647 2647 I wm_on_start_called: [54944540,com.android.launcher3.uioverrides.QuickstepLauncher,handleStartActivity]
07-27 10:01:32.559 1564 1825 I am_proc_bound: [0,6782,com.thundercomm.gamemode.provider]
07-27 10:01:32.560 1564 2776 I wm_finish_activity: [0,119068919,8,com.android.provision/.DefaultActivity,app-request]
07-27 10:01:32.560 1564 2776 I wm_task_moved: [1,1,5]
07-27 10:01:32.560 1564 2776 I wm_set_resumed_activity: [0,com.android.provision/.DefaultActivity,positionChildAt]
07-27 10:01:32.560 1564 2776 I wm_task_moved: [9,1,2147483647]
07-27 10:01:32.560 1564 2776 I wm_task_to_front: [0,9]
07-27 10:01:32.560 1564 2776 I wm_focused_root_task: [0,0,1,-1,finish-top adjustFocusToNextFocusableTask]
07-27 10:01:32.560 1564 2776 I wm_set_resumed_activity: [0,com.android.provision/.DefaultActivity,finish-top]
07-27 10:01:32.560 1564 2776 I wm_pause_activity: [0,119068919,com.android.provision/.DefaultActivity,userLeaving=false,finish]
07-27 10:01:32.562 3375 3375 I wm_on_activity_result_called: [119068919,com.android.provision.DefaultActivity,ACTIVITY_RESULT]
07-27 10:01:32.562 3375 3375 I wm_on_restart_called: [119068919,com.android.provision.DefaultActivity,performRestartActivity]
07-27 10:01:32.567 1564 2664 I wm_add_to_stopping: [0,119068919,com.android.provision/.DefaultActivity,completeFinishing]
07-27 10:01:32.568 1564 2664 I wm_set_resumed_activity: [0,com.android.launcher3/.uioverrides.QuickstepLauncher,resumeTopActivityInnerLocked]
07-27 10:01:32.569 1564 2664 I wm_resume_activity: [0,54944540,9,com.android.launcher3/.uioverrides.QuickstepLauncher]
07-27 10:01:32.577 1564 1680 I input_focus: [Focus request a55939e com.android.launcher3/com.android.launcher3.uioverrides.QuickstepLauncher,reason=UpdateInputWindows]
07-27 10:01:32.582 1564 1825 I am_uid_active: 10065
07-27 10:01:32.585 1564 1679 I sysui_multi_action: [757,803,799,window_time_0,802,0]
07-27 10:01:32.626 2647 2647 I wm_on_resume_called: [54944540,com.android.launcher3.uioverrides.QuickstepLauncher,RESUME_ACTIVITY]
07-27 10:01:32.626 2647 2647 I wm_on_top_resumed_gained_called: [54944540,com.android.launcher3.uioverrides.QuickstepLauncher,topWhenResuming]
07-27 10:01:32.642 1564 1853 I input_focus: [Focus entering a55939e com.android.launcher3/com.android.launcher3.uioverrides.QuickstepLauncher (server),reason=Window became focusable. Previous reason: NOT_VISIBLE]
07-27 10:01:32.652 1564 1679 I am_kill : [0,6574,com.android.permissioncontroller,925,empty #2]
07-27 10:01:32.687 1564 2771 I am_proc_died: [0,6574,com.android.permissioncontroller,925,19]
07-27 10:01:32.688 1564 2771 I am_uid_stopped: 10093
07-27 10:01:32.701 1564 1692 I am_pss : [3302,10086,com.hryt.lebotp,84092928,58200064,0,183734272,0,0,10]
07-27 10:01:32.709 1564 1692 I am_pss : [3276,10087,com.qualcomm.qti.workloadclassifier,18876416,16195584,0,108691456,0,0,7]
07-27 10:01:32.715 1564 1692 I am_pss : [3251,10082,com.qualcomm.qti.qccnetstat,6552576,4354048,0,91303936,0,0,5]
07-27 10:01:32.721 1564 1692 I am_pss : [3235,10074,com.qualcomm.qti.services.systemhelper:systemhelper_service,6727680,4464640,0,93040640,0,0,5]
07-27 10:01:32.727 1564 1692 I am_pss : [3179,10059,.pasr,5729280,3645440,0,88662016,0,0,5]
