07-27 10:10:43.160 514 514 I auditd : avc: denied { find } for pid=10685 uid=10098 name=looper_stats scontext=u:r:untrusted_app_29:s0:c98,c256,c512,c768 tcontext=u:object_r:looper_stats_service:s0 tclass=service_manager permissive=1
07-27 10:10:43.187 514 514 I auditd : avc: denied { find } for pid=10685 uid=10098 name=netd scontext=u:r:untrusted_app_29:s0:c98,c256,c512,c768 tcontext=u:object_r:netd_service:s0 tclass=service_manager permissive=1
07-27 10:10:43.237 10448 10448 I wm_on_stop_called: [192034560,com.tencent.qqlive.ona.activity.VideoDetailActivity,STOP_ACTIVITY_ITEM]
07-27 10:10:43.287 10685 10685 I auditd : type=1400 audit(0.0:14815): avc: denied { call } for comm="[GT]ColdPool#7" scontext=u:r:untrusted_app_29:s0:c98,c256,c512,c768 tcontext=u:r:statsd:s0 tclass=binder permissive=1 app=com.tencent.mm
07-27 10:10:43.295 10685 10685 I auditd : type=1400 audit(0.0:14816): avc: denied { call } for comm="[GT]ColdPool#7" scontext=u:r:untrusted_app_29:s0:c98,c256,c512,c768 tcontext=u:r:storaged:s0 tclass=binder permissive=1 app=com.tencent.mm
07-27 10:10:43.291 514 514 I auditd : avc: denied { find } for pid=10685 uid=10098 name=stats scontext=u:r:untrusted_app_29:s0:c98,c256,c512,c768 tcontext=u:object_r:stats_service:s0 tclass=service_manager permissive=1
07-27 10:10:43.292 514 514 I auditd : avc: denied { find } for pid=10685 uid=10098 name=statscompanion scontext=u:r:untrusted_app_29:s0:c98,c256,c512,c768 tcontext=u:object_r:statscompanion_service:s0 tclass=service_manager permissive=1
07-27 10:10:43.293 514 514 I auditd : avc: denied { find } for pid=10685 uid=10098 name=statsmanager scontext=u:r:untrusted_app_29:s0:c98,c256,c512,c768 tcontext=u:object_r:statsmanager_service:s0 tclass=service_manager permissive=1
07-27 10:10:43.303 514 514 I auditd : avc: denied { find } for pid=10685 uid=10098 name=suspend_control scontext=u:r:untrusted_app_29:s0:c98,c256,c512,c768 tcontext=u:object_r:system_suspend_control_service:s0 tclass=service_manager permissive=1
07-27 10:10:43.299 10685 10685 I auditd : type=1400 audit(0.0:14817): avc: denied { call } for comm="[GT]ColdPool#7" scontext=u:r:untrusted_app_29:s0:c98,c256,c512,c768 tcontext=u:r:system_suspend:s0 tclass=binder permissive=1 app=com.tencent.mm
07-27 10:10:43.305 514 514 I auditd : avc: denied { find } for pid=10685 uid=10098 name=suspend_control_internal scontext=u:r:untrusted_app_29:s0:c98,c256,c512,c768 tcontext=u:object_r:system_suspend_control_internal_service:s0 tclass=service_manager permissive=1
07-27 10:10:43.314 514 514 I auditd : avc: denied { find } for pid=10685 uid=10098 name=system_server_dumper scontext=u:r:untrusted_app_29:s0:c98,c256,c512,c768 tcontext=u:object_r:system_server_dumper_service:s0 tclass=service_manager permissive=1
07-27 10:10:43.327 514 514 I auditd : avc: denied { find } for pid=10685 uid=10098 name=thunderperf scontext=u:r:untrusted_app_29:s0:c98,c256,c512,c768 tcontext=u:object_r:thunderperf_service:s0 tclass=service_manager permissive=1
07-27 10:10:43.333 514 514 I auditd : avc: denied { find } for pid=10685 uid=10098 name=tracing.proxy scontext=u:r:untrusted_app_29:s0:c98,c256,c512,c768 tcontext=u:object_r:tracingproxy_service:s0 tclass=service_manager permissive=1
07-27 10:10:43.334 514 514 I auditd : avc: denied { find } for pid=10685 uid=10098 name=uce scontext=u:r:untrusted_app_29:s0:c98,c256,c512,c768 tcontext=u:object_r:uce_service:s0 tclass=service_manager permissive=1
07-27 10:10:43.347 514 514 I auditd : avc: denied { find } for pid=10685 uid=10098 name=vendor.qti.qesdsys.IQesdSys/default scontext=u:r:untrusted_app_29:s0:c98,c256,c512,c768 tcontext=u:object_r:vendor_qesdk_service:s0 tclass=service_manager permissive=1
07-27 10:10:43.349 514 514 I auditd : avc: denied { find } for pid=10685 uid=10098 name=vold scontext=u:r:untrusted_app_29:s0:c98,c256,c512,c768 tcontext=u:object_r:vold_service:s0 tclass=service_manager permissive=1
07-27 10:10:43.347 10685 10685 I auditd : type=1400 audit(0.0:14818): avc: denied { call } for comm="[GT]ColdPool#7" scontext=u:r:untrusted_app_29:s0:c98,c256,c512,c768 tcontext=u:r:vold:s0 tclass=binder permissive=1 app=com.tencent.mm
07-27 10:10:43.358 1564 1680 I input_focus: [Focus request 9a83c7e com.tencent.mm/com.tencent.mm.ui.LauncherUI,reason=UpdateInputWindows]
07-27 10:10:43.359 10685 10685 I auditd : type=1400 audit(0.0:14819): avc: denied { call } for comm="[GT]ColdPool#7" scontext=u:r:untrusted_app_29:s0:c98,c256,c512,c768 tcontext=u:r:wificond:s0 tclass=binder permissive=1 app=com.tencent.mm
07-27 10:10:43.367 1564 1853 I input_focus: [Focus leaving 4aafe96 com.tencent.mm/com.tencent.mm.ui.LauncherUI (server),reason=Waiting for window because NOT_VISIBLE]
07-27 10:10:43.384 1564 1853 I input_focus: [Focus entering 9a83c7e com.tencent.mm/com.tencent.mm.ui.LauncherUI (server),reason=Window became focusable. Previous reason: NOT_VISIBLE]
07-27 10:10:43.544 1564 9979 I am_kill : [0,11170,com.tencent.android.qqdownloader:cloud,905,empty #2]
07-27 10:10:43.546 1564 9979 I am_kill : [0,13034,com.tencent.ilink.ServiceProcess,915,empty #3]
07-27 10:10:43.563 1564 11154 I am_kill : [0,11045,com.tencent.android.qqdownloader:live,100,stop com.tencent.android.qqdownloader due to start instr]
07-27 10:10:43.569 1564 11154 I am_kill : [0,11163,com.tencent.android.qqdownloader,0,stop com.tencent.android.qqdownloader due to start instr]
07-27 10:10:43.579 1564 11154 I am_uid_stopped: 10096
07-27 10:10:43.579 1564 11154 I am_kill : [0,10782,com.tencent.android.qqdownloader:daemon,0,stop com.tencent.android.qqdownloader due to start instr]
07-27 10:10:43.585 1564 11154 I am_kill : [0,12830,com.android.webview:sandboxed_process0:org.chromium.content.app.SandboxedProcessService0:0,0,isolated not needed]
07-27 10:10:43.596 1564 11154 I wm_pause_activity: [0,192034560,com.tencent.qqlive/.ona.activity.VideoDetailActivity,userLeaving=false,makeInvisible]
07-27 10:10:43.598 1564 11154 I wm_resume_activity: [0,192034560,21,com.tencent.qqlive/.ona.activity.VideoDetailActivity]
07-27 10:10:43.598 1564 11154 I wm_add_to_stopping: [0,192034560,com.tencent.qqlive/.ona.activity.VideoDetailActivity,makeInvisible]
07-27 10:10:43.613 1564 11154 I am_uid_running: 10096
07-27 10:10:43.620 10448 10448 I wm_on_restart_called: [192034560,com.tencent.qqlive.ona.activity.VideoDetailActivity,performRestartActivity]
07-27 10:10:43.621 1564 1679 I am_uid_active: 10096
07-27 10:10:43.627 10448 10448 I wm_on_start_called: [192034560,com.tencent.qqlive.ona.activity.VideoDetailActivity,handleStartActivity]
07-27 10:10:43.628 1564 1695 I am_proc_start: [0,14713,10096,com.tencent.android.qqdownloader:daemon,added application,com.tencent.android.qqdownloader:daemon]
07-27 10:10:43.652 10448 10448 I wm_on_resume_called: [192034560,com.tencent.qqlive.ona.activity.VideoDetailActivity,LIFECYCLER_RESUME_ACTIVITY]
07-27 10:10:43.662 10448 10448 I wm_on_paused_called: [192034560,com.tencent.qqlive.ona.activity.VideoDetailActivity,performPause]
07-27 10:10:43.664 1564 9990 I am_proc_bound: [0,14713,com.tencent.android.qqdownloader:daemon]
07-27 10:10:43.666 1564 1679 I wm_stop_activity: [0,192034560,com.tencent.qqlive/.ona.activity.VideoDetailActivity]
07-27 10:10:43.666 1564 1679 I sysui_multi_action: [757,803,799,window_time_2,802,0]
07-27 10:10:43.670 1564 2014 I am_uid_running: 99007
07-27 10:10:43.673 10448 10448 I wm_on_resume_called: [192034560,com.tencent.qqlive.ona.activity.VideoDetailActivity,RESUME_ACTIVITY]
07-27 10:10:43.735 10448 10448 I wm_on_paused_called: [192034560,com.tencent.qqlive.ona.activity.VideoDetailActivity,performPause]
07-27 10:10:43.783 1564 1695 I am_proc_start: [0,14762,10096,com.tencent.android.qqdownloader:live,service,{com.tencent.android.qqdownloader/com.tencent.assistant.syscomponent.MediaRouteProviderService2}]
07-27 10:10:43.804 10448 10448 I wm_on_stop_called: [192034560,com.tencent.qqlive.ona.activity.VideoDetailActivity,STOP_ACTIVITY_ITEM]
07-27 10:10:43.815 1564 2664 I am_proc_bound: [0,14762,com.tencent.android.qqdownloader:live]
07-27 10:10:43.823 1564 1695 I am_proc_start: [0,14782,99007,com.android.webview:sandboxed_process0:org.chromium.content.app.SandboxedProcessService0:0,,{com.tencent.mm/org.chromium.content.app.SandboxedProcessService0:0}]
07-27 10:10:43.834 1564 1695 I am_proc_start: [0,14786,10096,com.tencent.android.qqdownloader,content provider,{com.tencent.android.qqdownloader/com.tencent.assistant.db.contentprovider.WallpaperProvider}]
07-27 10:10:43.846 1564 7811 I am_proc_bound: [0,14782,com.android.webview:sandboxed_process0:org.chromium.content.app.SandboxedProcessService0:0]
07-27 10:10:43.847 1564 7811 I am_uid_active: 99007
07-27 10:10:43.875 1564 2664 I am_proc_bound: [0,14786,com.tencent.android.qqdownloader]
07-27 10:10:43.886 1564 7811 I am_proc_died: [0,12830,com.android.webview:sandboxed_process0:org.chromium.content.app.SandboxedProcessService0:0,0,10]
07-27 10:10:43.886 1564 7811 I am_uid_stopped: 99005
07-27 10:10:44.205 1564 1695 I am_proc_start: [0,15004,10096,com.tencent.android.qqdownloader:cloud,service,{com.tencent.android.qqdownloader/com.live.watermelon.service.SentryAlphaService}]
07-27 10:10:44.224 1564 1825 I am_proc_bound: [0,15004,com.tencent.android.qqdownloader:cloud]
07-27 10:10:44.389 1564 1692 I sysui_multi_action: [757,1717,758,1,759,0]
07-27 10:10:44.389 1564 1692 I sysui_multi_action: [757,1717,758,2,759,0]
07-27 10:10:44.389 1564 1692 I sysui_multi_action: [757,1717,758,3,759,0]
07-27 10:10:44.395 15090 15090 I auditd : type=1400 audit(0.0:15519): avc: granted { execute } for comm="Thread-4" name="daemon2_64_v2.2.2" dev="dm-10" ino=8815 scontext=u:r:untrusted_app_27:s0:c512,c768 tcontext=u:object_r:app_data_file:s0:c512,c768 tclass=file app=com.tencent.android.qqdownloader
07-27 10:10:44.395 15090 15090 I auditd : type=1400 audit(0.0:15520): avc: granted { execute_no_trans } for comm="Thread-4" path="/data/user/0/com.tencent.android.qqdownloader/app_bin/daemon2_64_v2.2.2" dev="dm-10" ino=8815 scontext=u:r:untrusted_app_27:s0:c512,c768 tcontext=u:object_r:app_data_file:s0:c512,c768 tclass=file app=com.tencent.android.qqdownloader
07-27 10:10:44.403 15090 15090 I auditd : type=1400 audit(0.0:15521): avc: granted { execute } for comm="daemon2_64_v2.2" path="/data/user/0/com.tencent.android.qqdownloader/app_bin/daemon2_64_v2.2.2" dev="dm-10" ino=8815 scontext=u:r:untrusted_app_27:s0:c512,c768 tcontext=u:object_r:app_data_file:s0:c512,c768 tclass=file app=com.tencent.android.qqdownloader
07-27 10:10:44.407 15090 15090 I auditd : type=1400 audit(0.0:15522): avc: denied { getattr } for comm="daemon2_64_v2.2" path="/postinstall" dev="dm-5" ino=44 scontext=u:r:untrusted_app_27:s0:c512,c768 tcontext=u:object_r:postinstall_mnt_dir:s0 tclass=dir permissive=1 app=com.tencent.android.qqdownloader
07-27 10:10:45.213 1564 1678 I commit_sys_config_file: [notification-policy,652961]
07-27 10:10:45.488 1564 1853 I input_interaction: Interaction with: 9a83c7e com.tencent.mm/com.tencent.mm.ui.LauncherUI (server), edge-swipe (server), swipe-up (server), PointerEventDispatcher0 (server),
07-27 10:10:45.659 870 870 I auditd : type=1400 audit(0.0:15523): avc: denied { add_name } for comm="perf@2.2-servic" name="cpu_min_freq" scontext=u:r:vendor_hal_perf_default:s0 tcontext=u:object_r:vendor_sysfs_msm_perf:s0 tclass=dir permissive=1
07-27 10:10:45.969 514 514 I auditd : avc: denied { find } for pid=10685 uid=10098 name=authentication_service scontext=u:r:untrusted_app_29:s0:c98,c256,c512,c768 tcontext=u:object_r:default_android_service:s0 tclass=service_manager permissive=1
07-27 10:10:46.075 15130 15130 I auditd : type=1400 audit(0.0:15524): avc: denied { open } for comm="getprop" path="/dev/__properties__/u:object_r:ab_update_gki_prop:s0" dev="tmpfs" ino=11408 scontext=u:r:untrusted_app_27:s0:c512,c768 tcontext=u:object_r:ab_update_gki_prop:s0 tclass=file permissive=1 app=com.tencent.android.qqdownloader
07-27 10:10:46.075 15130 15130 I auditd : type=1400 audit(0.0:15525): avc: denied { getattr } for comm="getprop" path="/dev/__properties__/u:object_r:ab_update_gki_prop:s0" dev="tmpfs" ino=11408 scontext=u:r:untrusted_app_27:s0:c512,c768 tcontext=u:object_r:ab_update_gki_prop:s0 tclass=file permissive=1 app=com.tencent.android.qqdownloader
07-27 10:10:46.075 15130 15130 I auditd : type=1400 audit(0.0:15526): avc: denied { map } for comm="getprop" path="/dev/__properties__/u:object_r:ab_update_gki_prop:s0" dev="tmpfs" ino=11408 scontext=u:r:untrusted_app_27:s0:c512,c768 tcontext=u:object_r:ab_update_gki_prop:s0 tclass=file permissive=1 app=com.tencent.android.qqdownloader
07-27 10:10:46.075 15130 15130 I auditd : type=1400 audit(0.0:15527): avc: denied { open } for comm="getprop" path="/dev/__properties__/u:object_r:adbd_prop:s0" dev="tmpfs" ino=11410 scontext=u:r:untrusted_app_27:s0:c512,c768 tcontext=u:object_r:adbd_prop:s0 tclass=file permissive=1 app=com.tencent.android.qqdownloader
07-27 10:10:46.075 15130 15130 I auditd : type=1400 audit(0.0:15528): avc: denied { getattr } for comm="getprop" path="/dev/__properties__/u:object_r:adbd_prop:s0" dev="tmpfs" ino=11410 scontext=u:r:untrusted_app_27:s0:c512,c768 tcontext=u:object_r:adbd_prop:s0 tclass=file permissive=1 app=com.tencent.android.qqdownloader
07-27 10:10:46.285 1564 1680 I input_focus: [Focus request e7f8e24 com.tencent.mm/com.tencent.mm.ui.LauncherUI,reason=UpdateInputWindows]
07-27 10:10:46.309 1564 1853 I input_focus: [Focus leaving 9a83c7e com.tencent.mm/com.tencent.mm.ui.LauncherUI (server),reason=setFocusedWindow]
07-27 10:10:46.309 1564 1853 I input_focus: [Focus entering e7f8e24 com.tencent.mm/com.tencent.mm.ui.LauncherUI (server),reason=setFocusedWindow]
07-27 10:10:46.389 1564 1678 I commit_sys_config_file: [notification-policy,654137]
07-27 10:10:46.806 514 514 I auditd : avc: denied { find } for pid=10685 uid=10098 name=android.hardware.light.ILights/default scontext=u:r:untrusted_app_29:s0:c98,c256,c512,c768 tcontext=u:object_r:hal_light_service:s0 tclass=service_manager permissive=1
07-27 10:10:46.807 514 514 I auditd : avc: denied { find } for pid=10685 uid=10098 name=android.hardware.vibrator.IVibrator/default scontext=u:r:untrusted_app_29:s0:c98,c256,c512,c768 tcontext=u:object_r:hal_vibrator_service:s0 tclass=service_manager permissive=1
07-27 10:10:46.817 514 514 I auditd : avc: denied { find } for pid=10685 uid=10098 name=app_hibernation scontext=u:r:untrusted_app_29:s0:c98,c256,c512,c768 tcontext=u:object_r:app_hibernation_service:s0 tclass=service_manager permissive=1
07-27 10:10:46.824 514 514 I auditd : avc: denied { find } for pid=10685 uid=10098 name=com.thundercomm.microservice scontext=u:r:untrusted_app_29:s0:c98,c256,c512,c768 tcontext=u:object_r:micro_service:s0 tclass=service_manager permissive=1
07-27 10:10:46.829 514 514 I auditd : avc: denied { find } for pid=10685 uid=10098 name=dpmservice scontext=u:r:untrusted_app_29:s0:c98,c256,c512,c768 tcontext=u:object_r:vendor_dpmservice:s0 tclass=service_manager permissive=1
07-27 10:10:46.848 514 514 I auditd : avc: denied { find } for pid=10685 uid=10098 name=location_time_zone_manager scontext=u:r:untrusted_app_29:s0:c98,c256,c512,c768 tcontext=u:object_r:location_time_zone_manager_service:s0 tclass=service_manager permissive=1
07-27 10:10:47.107 15252 15252 I auditd : type=1400 audit(0.0:16225): avc: granted { bind } for comm="ip" scontext=u:r:untrusted_app_29:s0:c98,c256,c512,c768 tcontext=u:r:untrusted_app_29:s0:c98,c256,c512,c768 tclass=netlink_route_socket
07-27 10:10:47.131 10685 10685 I auditd : type=1400 audit(0.0:16226): avc: denied { call } for comm="[GT]ColdPool#12" scontext=u:r:untrusted_app_29:s0:c98,c256,c512,c768 tcontext=u:r:update_engine:s0 tclass=binder permissive=1 app=com.tencent.mm
07-27 10:10:47.723 10685 10685 I auditd : type=1400 audit(0.0:16227): avc: granted { nlmsg_readpriv } for comm="[GT]HotPool#1" scontext=u:r:untrusted_app_29:s0:c98,c256,c512,c768 tcontext=u:r:untrusted_app_29:s0:c98,c256,c512,c768 tclass=netlink_route_socket app=com.tencent.mm
07-27 10:10:47.727 10685 10685 I auditd : type=1400 audit(0.0:16228): avc: granted { nlmsg_readpriv } for comm="[GT]HotPool#1" scontext=u:r:untrusted_app_29:s0:c98,c256,c512,c768 tcontext=u:r:untrusted_app_29:s0:c98,c256,c512,c768 tclass=netlink_route_socket app=com.tencent.mm
07-27 10:10:47.753 1564 1853 I input_interaction: Interaction with: e7f8e24 com.tencent.mm/com.tencent.mm.ui.LauncherUI (server), edge-swipe (server), swipe-up (server), PointerEventDispatcher0 (server),
07-27 10:10:47.755 15312 15312 I auditd : type=1400 audit(0.0:16229): avc: granted { bind } for comm="ip" scontext=u:r:untrusted_app_29:s0:c98,c256,c512,c768 tcontext=u:r:untrusted_app_29:s0:c98,c256,c512,c768 tclass=netlink_route_socket app=com.tencent.mm
07-27 10:10:47.883 1564 1680 I input_focus: [Focus request 4aafe96 com.tencent.mm/com.tencent.mm.ui.LauncherUI,reason=UpdateInputWindows]
07-27 10:10:47.912 1564 1853 I input_focus: [Focus entering 4aafe96 com.tencent.mm/com.tencent.mm.ui.LauncherUI (server),reason=setFocusedWindow]
07-27 10:10:47.958 1564 1678 I commit_sys_config_file: [notification-policy,655705]
07-27 10:10:48.443 683 683 I auditd : type=1400 audit(0.0:16232): avc: denied { add_name } for comm="Binder:683_3" name="globalAlert" scontext=u:r:netd:s0 tcontext=u:object_r:proc_net:s0 tclass=dir permissive=1
07-27 10:10:48.445 1564 1894 I netstats_mobile_sample: [0,0,0,0,0,0,0,0,0,0,0,0,1690423845000]
07-27 10:10:48.445 1564 1894 I netstats_wifi_sample: [631600,537,2072202,3682,631600,537,2072202,3682,6762025,5736,1645310,3273,1690423845000]
07-27 10:10:48.475 10685 10685 I auditd : type=1400 audit(0.0:16233): avc: denied { read } for comm="Thread-21" name="u:object_r:serialno_prop:s0" dev="tmpfs" ino=11590 scontext=u:r:untrusted_app_29:s0:c98,c256,c512,c768 tcontext=u:object_r:serialno_prop:s0 tclass=file permissive=1 app=com.tencent.mm
07-27 10:10:48.475 10685 10685 I auditd : type=1400 audit(0.0:16234): avc: denied { open } for comm="Thread-21" path="/dev/__properties__/u:object_r:serialno_prop:s0" dev="tmpfs" ino=11590 scontext=u:r:untrusted_app_29:s0:c98,c256,c512,c768 tcontext=u:object_r:serialno_prop:s0 tclass=file permissive=1 app=com.tencent.mm
07-27 10:10:48.475 10685 10685 I auditd : type=1400 audit(0.0:16235): avc: denied { getattr } for comm="Thread-21" path="/dev/__properties__/u:object_r:serialno_prop:s0" dev="tmpfs" ino=11590 scontext=u:r:untrusted_app_29:s0:c98,c256,c512,c768 tcontext=u:object_r:serialno_prop:s0 tclass=file permissive=1 app=com.tencent.mm
07-27 10:10:48.475 10685 10685 I auditd : type=1400 audit(0.0:16236): avc: denied { map } for comm="Thread-21" path="/dev/__properties__/u:object_r:serialno_prop:s0" dev="tmpfs" ino=11590 scontext=u:r:untrusted_app_29:s0:c98,c256,c512,c768 tcontext=u:object_r:serialno_prop:s0 tclass=file permissive=1 app=com.tencent.mm
07-27 10:10:48.821 1564 1853 I input_interaction: Interaction with: a55939e com.android.launcher3/com.android.launcher3.uioverrides.QuickstepLauncher (server), 830e89c com.android.systemui.ImageWallpaper (server), edge-swipe (server), swipe-up (server), PointerEventDispatcher0 (server),
07-27 10:10:49.010 1564 1825 I wm_task_moved: [21,1,8]
07-27 10:10:49.010 1564 1825 I wm_task_to_front: [0,21]
07-27 10:10:49.011 1564 1825 I wm_focused_root_task: [0,0,21,22,bringingFoundTaskToFront]
07-27 10:10:49.012 1564 1825 I wm_set_resumed_activity: [0,com.tencent.qqlive/.ona.activity.VideoDetailActivity,bringingFoundTaskToFront]
07-27 10:10:49.013 10685 10685 I wm_on_top_resumed_lost_called: [198132555,com.tencent.mm.ui.LauncherUI,topStateChangedWhenResumed]
07-27 10:10:49.017 1564 1825 I wm_set_resumed_activity: [0,com.tencent.qqlive/.ona.activity.VideoDetailActivity,resumeTopActivityInnerLocked]
07-27 10:10:49.018 1564 1825 I wm_pause_activity: [0,192034560,com.tencent.qqlive/.ona.activity.VideoDetailActivity,userLeaving=true,makeInvisible]
07-27 10:10:49.019 10448 10448 I wm_on_restart_called: [192034560,com.tencent.qqlive.ona.activity.VideoDetailActivity,performRestartActivity]
07-27 10:10:49.029 10448 10448 I wm_on_start_called: [192034560,com.tencent.qqlive.ona.activity.VideoDetailActivity,handleStartActivity]
07-27 10:10:49.032 1564 1825 I wm_resume_activity: [0,192034560,21,com.tencent.qqlive/.ona.activity.VideoDetailActivity]
07-27 10:10:49.033 1564 1825 I wm_add_to_stopping: [0,198132555,com.tencent.mm/.ui.LauncherUI,makeInvisible]
07-27 10:10:49.047 1564 1853 I input_focus: [Focus leaving 4aafe96 com.tencent.mm/com.tencent.mm.ui.LauncherUI (server),reason=NO_WINDOW]
07-27 10:10:49.062 10448 10448 I wm_on_resume_called: [192034560,com.tencent.qqlive.ona.activity.VideoDetailActivity,LIFECYCLER_RESUME_ACTIVITY]
07-27 10:10:49.077 10448 10448 I wm_on_paused_called: [192034560,com.tencent.qqlive.ona.activity.VideoDetailActivity,performPause]
07-27 10:10:49.078 1564 9979 I wm_set_resumed_activity: [0,com.tencent.qqlive/.ona.activity.VideoDetailActivity,resumeTopActivityInnerLocked]
07-27 10:10:49.079 1564 9979 I wm_resume_activity: [0,192034560,21,com.tencent.qqlive/.ona.activity.VideoDetailActivity]
07-27 10:10:49.081 1564 1679 I sysui_multi_action: [757,803,799,window_time_2,802,6]
07-27 10:10:49.098 10448 10448 I wm_on_resume_called: [192034560,com.tencent.qqlive.ona.activity.VideoDetailActivity,RESUME_ACTIVITY]
07-27 10:10:49.103 10448 10448 I wm_on_restart_called: [183975342,com.tencent.qqlive.ona.activity.SplashHomeActivity,performRestartActivity]
07-27 10:10:49.110 1564 1564 I sysui_multi_action: [757,128,758,5,759,8,793,124320,794,0,795,60913,796,127,806,com.tencent.android.qqdownloader,857,channel_id_default_silent,858,3,946,com.tencent.android.qqdownloader,947,1,1500,60913,1688,1]
07-27 10:10:49.110 1564 1564 I notification_canceled: [0|com.tencent.android.qqdownloader|127|null|10096,8,124320,60913,0,-1,-1,NULL]
07-27 10:10:49.111 10448 10448 I wm_on_start_called: [183975342,com.tencent.qqlive.ona.activity.SplashHomeActivity,handleStartActivity]
07-27 10:10:49.117 10448 10448 I wm_on_top_resumed_gained_called: [192034560,com.tencent.qqlive.ona.activity.VideoDetailActivity,topStateChangedWhenResumed]
07-27 10:10:49.136 1564 1680 I input_focus: [Focus request 604c4a9 com.tencent.qqlive/com.tencent.qqlive.ona.activity.VideoDetailActivity,reason=UpdateInputWindows]
07-27 10:10:49.214 1564 1564 I notification_enqueue: [10096,14713,com.tencent.android.qqdownloader,127,NULL,0,Notification(channel=channel_id_default_silent shortcut=null contentView=com.tencent.android.qqdownloader/0x7f0a01c2 vibrate=null sound=null defaults=0x0 flags=0x2a2 color=0x00000000 groupKey=com.tencent.android.qqdownloader vis=PRIVATE),0]
07-27 10:10:49.216 1564 1564 I sysui_multi_action: [757,128,758,5,759,8,793,4,794,0,795,4,796,127,806,com.tencent.android.qqdownloader,857,channel_id_default_silent,858,3,946,com.tencent.android.qqdownloader,947,1,1500,4]
07-27 10:10:49.216 1564 1564 I notification_canceled: [0|com.tencent.android.qqdownloader|127|null|10096,8,4,4,0,-1,-1,NULL]
07-27 10:10:49.262 1564 1853 I input_focus: [Focus entering 604c4a9 com.tencent.qqlive/com.tencent.qqlive.ona.activity.VideoDetailActivity (server),reason=Window became focusable. Previous reason: NOT_VISIBLE]
07-27 10:10:49.274 1564 1676 I sysui_multi_action: [319,237,322,152,325,674,757,761,758,9,759,2,806,com.tencent.qqlive,871,com.tencent.qqlive.ona.activity.VideoDetailActivity,904,com.tencent.qqlive,905,0,1320,4,1321,4]
07-27 10:10:49.425 1564 2771 I sysui_multi_action: [757,1513,758,4,805,1690423849425,1514,10096,1515,com.tencent.android.qqdownloader,1516,1003,1517,0,1518,10096,1519,1003,1520,0,1526,com.tencent.android.qqdownloader/com.tencent.qqdownloader.backgroundstart.BackgroundSupportActivity,1527,0,1529,com.tencent.android.qqdownloader:daemon,1530,1003,1531,0,1532,0,1533,0,1534,0,1535,0,1536,0,1538,5757]
07-27 10:10:49.459 14786 14786 I auditd : type=1400 audit(0.0:16246): avc: denied { read } for comm="beacon-thread-1" name="u:object_r:wifi_hal_prop:s0" dev="tmpfs" ino=11747 scontext=u:r:untrusted_app_27:s0:c512,c768 tcontext=u:object_r:wifi_hal_prop:s0 tclass=file permissive=1 app=com.tencent.android.qqdownloader
07-27 10:10:49.459 14786 14786 I auditd : type=1400 audit(0.0:16247): avc: denied { open } for comm="beacon-thread-1" path="/dev/__properties__/u:object_r:wifi_hal_prop:s0" dev="tmpfs" ino=11747 scontext=u:r:untrusted_app_27:s0:c512,c768 tcontext=u:object_r:wifi_hal_prop:s0 tclass=file permissive=1 app=com.tencent.android.qqdownloader
07-27 10:10:49.459 14786 14786 I auditd : type=1400 audit(0.0:16248): avc: denied { getattr } for comm="beacon-thread-1" path="/dev/__properties__/u:object_r:wifi_hal_prop:s0" dev="tmpfs" ino=11747 scontext=u:r:untrusted_app_27:s0:c512,c768 tcontext=u:object_r:wifi_hal_prop:s0 tclass=file permissive=1 app=com.tencent.android.qqdownloader
07-27 10:10:49.459 14786 14786 I auditd : type=1400 audit(0.0:16249): avc: denied { map } for comm="beacon-thread-1" path="/dev/__properties__/u:object_r:wifi_hal_prop:s0" dev="tmpfs" ino=11747 scontext=u:r:untrusted_app_27:s0:c512,c768 tcontext=u:object_r:wifi_hal_prop:s0 tclass=file permissive=1 app=com.tencent.android.qqdownloader
07-27 10:10:49.459 14786 14786 I auditd : type=1400 audit(0.0:16250): avc: denied { open } for comm="beacon-thread-1" path="/proc/uptime" dev="proc" ino=4026532246 scontext=u:r:untrusted_app_27:s0:c512,c768 tcontext=u:object_r:proc_uptime:s0 tclass=file permissive=1 app=com.tencent.android.qqdownloader
07-27 10:10:49.662 1564 2771 I am_proc_died: [0,14064,com.tencent.mm:xweb_privileged_process_0,0,10]
07-27 10:10:49.805 1564 1679 I wm_stop_activity: [0,198132555,com.tencent.mm/.ui.LauncherUI]
07-27 10:10:49.855 10685 10685 I wm_on_paused_called: [198132555,com.tencent.mm.ui.LauncherUI,performPause]
07-27 10:10:49.858 10685 10685 I wm_on_stop_called: [198132555,com.tencent.mm.ui.LauncherUI,STOP_ACTIVITY_ITEM]
07-27 10:10:50.050 1961 3519 I liblog : 2
07-27 10:10:50.220 1564 1564 I notification_enqueue: [10096,14713,com.tencent.android.qqdownloader,127,NULL,0,Notification(channel=channel_id_default_silent shortcut=null contentView=com.tencent.android.qqdownloader/0x7f0a01c2 vibrate=null sound=null defaults=0x0 flags=0x2a2 color=0x00000000 groupKey=com.tencent.android.qqdownloader vis=PRIVATE),0]
07-27 10:10:50.463 14786 14786 I auditd : type=1400 audit(0.0:16932): avc: granted { nlmsg_readpriv } for comm="pool-11-thread-" scontext=u:r:untrusted_app_27:s0:c512,c768 tcontext=u:r:untrusted_app_27:s0:c512,c768 tclass=netlink_route_socket app=com.tencent.android.qqdownloader
07-27 10:10:50.643 14786 14786 I auditd : type=1400 audit(0.0:16933): avc: denied { read } for comm="pool-13-thread-" name="version" dev="proc" ino=4026532247 scontext=u:r:untrusted_app_27:s0:c512,c768 tcontext=u:object_r:proc_version:s0 tclass=file permissive=1 app=com.tencent.android.qqdownloader
07-27 10:10:50.643 14786 14786 I auditd : type=1400 audit(0.0:16934): avc: denied { open } for comm="pool-13-thread-" path="/proc/version" dev="proc" ino=4026532247 scontext=u:r:untrusted_app_27:s0:c512,c768 tcontext=u:object_r:proc_version:s0 tclass=file permissive=1 app=com.tencent.android.qqdownloader
07-27 10:10:50.643 14786 14786 I auditd : type=1400 audit(0.0:16935): avc: denied { getattr } for comm="pool-13-thread-" path="/proc/version" dev="proc" ino=4026532247 scontext=u:r:untrusted_app_27:s0:c512,c768 tcontext=u:object_r:proc_version:s0 tclass=file permissive=1 app=com.tencent.android.qqdownloader
07-27 10:10:50.721 1564 1692 I sysui_multi_action: [757,1717,758,1,759,0]
07-27 10:10:50.721 1564 1692 I sysui_multi_action: [757,1717,758,2,759,0]
07-27 10:10:50.721 1564 1692 I sysui_multi_action: [757,1717,758,3,759,0]
07-27 10:10:51.226 1564 1564 I notification_enqueue: [10096,14713,com.tencent.android.qqdownloader,127,NULL,0,Notification(channel=channel_id_default_silent shortcut=null contentView=com.tencent.android.qqdownloader/0x7f0a01c2 vibrate=null sound=null defaults=0x0 flags=0x2a2 color=0x00000000 groupKey=com.tencent.android.qqdownloader vis=PRIVATE),1]
07-27 10:10:51.599 683 683 I auditd : type=1400 audit(0.0:16936): avc: denied { add_name } for comm="Binder:683_3" name="globalAlert" scontext=u:r:netd:s0 tcontext=u:object_r:proc_net:s0 tclass=dir permissive=1
07-27 10:10:51.599 1564 1894 I netstats_mobile_sample: [0,0,0,0,0,0,0,0,0,0,0,0,1690423848153]
07-27 10:10:51.599 1564 1894 I netstats_wifi_sample: [635377,540,2083034,3704,635377,540,2083034,3704,6802313,5768,1653624,3293,1690423848153]
07-27 10:10:52.187 14786 14786 I auditd : type=1400 audit(0.0:16937): avc: granted { execute } for comm="temporary-5" path="/data/user/0/com.tencent.android.qqdownloader/files/plugin/com.tencent.assistant.paganimation/arm64-v8a/libpag.so" dev="dm-10" ino=22443 scontext=u:r:untrusted_app_27:s0:c512,c768 tcontext=u:object_r:app_data_file:s0:c512,c768 tclass=file app=com.tencent.android.qqdownloader
07-27 10:10:52.239 1564 1564 I notification_enqueue: [10096,14713,com.tencent.android.qqdownloader,127,NULL,0,Notification(channel=channel_id_default_silent shortcut=null contentView=com.tencent.android.qqdownloader/0x7f0a01c2 vibrate=null sound=null defaults=0x0 flags=0x2a2 color=0x00000000 groupKey=com.tencent.android.qqdownloader vis=PRIVATE),1]
07-27 10:10:53.223 14786 14786 I auditd : type=1400 audit(0.0:16938): avc: denied { open } for comm="qimei-s-thread-" path="/proc/uptime" dev="proc" ino=4026532246 scontext=u:r:untrusted_app_27:s0:c512,c768 tcontext=u:object_r:proc_uptime:s0 tclass=file permissive=1 app=com.tencent.android.qqdownloader
07-27 10:10:53.235 14786 14786 I auditd : type=1400 audit(0.0:16939): avc: denied { read } for comm="qimei-s-thread-" name="ioports" dev="proc" ino=4026532282 scontext=u:r:untrusted_app_27:s0:c512,c768 tcontext=u:object_r:proc:s0 tclass=file permissive=1 app=com.tencent.android.qqdownloader
07-27 10:10:53.235 14786 14786 I auditd : type=1400 audit(0.0:16940): avc: denied { open } for comm="qimei-s-thread-" path="/proc/ioports" dev="proc" ino=4026532282 scontext=u:r:untrusted_app_27:s0:c512,c768 tcontext=u:object_r:proc:s0 tclass=file permissive=1 app=com.tencent.android.qqdownloader
07-27 10:10:53.246 1564 1564 I notification_enqueue: [10096,14713,com.tencent.android.qqdownloader,127,NULL,0,Notification(channel=channel_id_default_silent shortcut=null contentView=com.tencent.android.qqdownloader/0x7f0a01c2 vibrate=null sound=null defaults=0x0 flags=0x2a2 color=0x00000000 groupKey=com.tencent.android.qqdownloader vis=PRIVATE),1]
07-27 10:10:53.279 14786 14786 I auditd : type=1400 audit(0.0:16941): avc: granted { nlmsg_readpriv } for comm="qimei-s-thread-" scontext=u:r:untrusted_app_27:s0:c512,c768 tcontext=u:r:untrusted_app_27:s0:c512,c768 tclass=netlink_route_socket app=com.tencent.android.qqdownloader
07-27 10:10:54.124 1564 1692 I am_pss : [14713,10096,com.tencent.android.qqdownloader:daemon,52060160,40415232,1024,176025600,0,4,11]
07-27 10:10:54.138 1564 1692 I am_pss : [14786,10096,com.tencent.android.qqdownloader,91383808,79687680,1024,214794240,0,4,12]
07-27 10:10:54.253 1564 1564 I notification_enqueue: [10096,14713,com.tencent.android.qqdownloader,127,NULL,0,Notification(channel=channel_id_default_silent shortcut=null contentView=com.tencent.android.qqdownloader/0x7f0a01c2 vibrate=null sound=null defaults=0x0 flags=0x2a2 color=0x00000000 groupKey=com.tencent.android.qqdownloader vis=PRIVATE),1]
07-27 10:10:55.071 1564 1692 I am_pss : [15004,10096,com.tencent.android.qqdownloader:cloud,26690560,18804736,1024,137199616,0,4,11]
07-27 10:10:55.259 1564 1564 I notification_enqueue: [10096,14713,com.tencent.android.qqdownloader,127,NULL,0,Notification(channel=channel_id_default_silent shortcut=null contentView=com.tencent.android.qqdownloader/0x7f0a01c2 vibrate=null sound=null defaults=0x0 flags=0x2a2 color=0x00000000 groupKey=com.tencent.android.qqdownloader vis=PRIVATE),1]
07-27 10:10:56.129 1564 1894 I netstats_mobile_sample: [0,0,0,0,0,0,0,0,0,0,0,0,1690423852684]
07-27 10:10:56.130 1564 1894 I netstats_wifi_sample: [639154,543,2094001,3729,639154,543,2094001,3729,6842601,5800,1662073,3316,1690423852684]
07-27 10:10:57.109 1564 1958 I sync : [com.tencent.android.qqdownloader.YYBLiveAccountProvider,0,3,24220937]
07-27 10:10:57.136 1564 1958 I sync : [com.tencent.android.qqdownloader.YYBLiveAccountProvider,1,3,24220937]
07-27 10:10:57.138 1564 1958 I commit_sys_config_file: [sync-status,622099]
07-27 10:10:57.143 1564 1958 I sync : [com.tencent.android.qqdownloader.YYBLiveAccountProvider,0,3,24220937]
07-27 10:10:57.157 1564 1958 I sync : [com.tencent.android.qqdownloader.YYBLiveAccountProvider,1,3,24220937]
07-27 10:10:57.158 1564 1958 I commit_sys_config_file: [sync-status,622118]
07-27 10:10:57.171 14786 14786 I auditd : type=1400 audit(0.0:16942): avc: granted { execute } for comm="gatherer-1-thre" path="/data/user/0/com.tencent.android.qqdownloader/app_e_qq_com_plugin_new_84e5596443427f53efca4e1d48972f33/libturingga.so" dev="dm-10" ino=10582 scontext=u:r:untrusted_app_27:s0:c512,c768 tcontext=u:object_r:app_data_file:s0:c512,c768 tclass=file app=com.tencent.android.qqdownloader
07-27 10:10:57.967 10685 10685 I auditd : type=1400 audit(0.0:16943): avc: denied { read } for comm="com.tencent.mm" name="max_map_count" dev="proc" ino=326471 scontext=u:r:untrusted_app_29:s0:c98,c256,c512,c768 tcontext=u:object_r:proc_max_map_count:s0 tclass=file permissive=1 app=com.tencent.mm
07-27 10:10:57.967 10685 10685 I auditd : type=1400 audit(0.0:16944): avc: denied { open } for comm="com.tencent.mm" path="/proc/sys/vm/max_map_count" dev="proc" ino=326471 scontext=u:r:untrusted_app_29:s0:c98,c256,c512,c768 tcontext=u:object_r:proc_max_map_count:s0 tclass=file permissive=1 app=com.tencent.mm
07-27 10:10:57.967 10685 10685 I auditd : type=1400 audit(0.0:16945): avc: denied { getattr } for comm="com.tencent.mm" path="/proc/sys/vm/max_map_count" dev="proc" ino=326471 scontext=u:r:untrusted_app_29:s0:c98,c256,c512,c768 tcontext=u:object_r:proc_max_map_count:s0 tclass=file permissive=1 app=com.tencent.mm
07-27 10:10:58.163 1564 1694 I am_wtf : [0,1564,system_server,-1,ActivityManager,Background started FGS: Disallowed [callingPackage: com.tencent.mm; callingUid: 10098; uidState: SVC ; intent: Intent { cmp=com.tencent.mm/.plugin.voip.widget.VoipForegroundService (has extras) }; code:DENIED; tempAllowListReason:; targetSdkVersion:29; callerTargetSdkVersion:29; startForegroundCount:0; bindFromPackage:null]]
07-27 10:10:58.174 1564 1564 I notification_enqueue: [10098,10685,com.tencent.mm,41,NULL,0,Notification(channel=voip_norify_channel_silent1690359465398 shortcut=null contentView=com.tencent.mm/0x7f0c1642 vibrate=null sound=null defaults=0x0 flags=0x96 color=0x00000000 category=call vis=PRIVATE),0]
07-27 10:10:58.375 1564 1564 I sysui_multi_action: [757,1501,758,1,793,202,794,0,795,202,796,41,806,com.tencent.mm,857,voip_norify_channel_silent1-10aac7f4,858,4,947,0,1500,0,1641,call,1688,1]
07-27 10:10:58.375 1564 1564 I sysui_multi_action: [757,804,799,note_interruptive,801,0,802,1]
07-27 10:10:58.377 1564 1564 I sysui_multi_action: [757,1501,758,1,793,203,794,0,795,203,796,41,806,com.tencent.mm,857,voip_norify_channel_silent1-10aac7f4,858,4,947,0,1500,0,1641,call,1688,1]
07-27 10:10:58.377 1564 1564 I sysui_multi_action: [757,804,799,note_interruptive,801,0,802,1]
07-27 10:10:58.377 1564 1564 I sysui_multi_action: [757,199,758,1,759,1,793,204,794,0,795,204,796,41,806,com.tencent.mm,857,voip_norify_channel_silent1-10aac7f4,858,4,947,0,1500,1,1641,call,1688,1]
07-27 10:10:58.377 1564 1564 I notification_alert: [0|com.tencent.mm|41|null|10098,1,0,0]
07-27 10:10:58.422 1963 1963 I sysui_multi_action: [757,803,799,note_peek,802,1]
07-27 10:10:58.428 1564 2465 I sysui_multi_action: [757,127,758,1]
07-27 10:10:58.428 1564 2465 I sysui_multi_action: [757,804,799,note_load,801,1,802,1]
07-27 10:10:58.428 1564 2465 I notification_panel_revealed: 1
07-27 10:10:58.435 1963 1963 I sysui_heads_up_status: [0|com.tencent.mm|41|null|10098,1]
07-27 10:10:58.619 10685 10685 I auditd : type=1400 audit(0.0:16946): avc: denied { open } for comm="com.tencent.mm" path="/proc/stat" dev="proc" ino=4026532245 scontext=u:r:untrusted_app_29:s0:c98,c256,c512,c768 tcontext=u:object_r:proc_stat:s0 tclass=file permissive=1 app=com.tencent.mm
07-27 10:10:58.957 1564 2465 I sysui_multi_action: [757,128,758,1,793,783,794,0,795,783,796,41,798,2,806,com.tencent.mm,857,voip_norify_channel_silent1-10aac7f4,858,4,947,0,1395,3,1500,580,1641,call,1688,1]
07-27 10:10:58.957 1564 2465 I sysui_multi_action: [757,804,799,note_freshness,801,783,802,1]
07-27 10:10:58.957 1564 2465 I notification_visibility: [0|com.tencent.mm|41|null|10098,1,783,783,0,2]
07-27 10:10:59.113 1564 2465 I am_uid_running: 99008
07-27 10:10:59.131 1564 1695 I am_proc_start: [0,15778,99008,com.android.webview:sandboxed_process0:org.chromium.content.app.SandboxedProcessService0:0,,{com.tencent.android.qqdownloader/org.chromium.content.app.SandboxedProcessService0:0}]
07-27 10:10:59.133 1564 1678 I commit_sys_config_file: [jobs,7]
07-27 10:10:59.157 1564 2465 I am_proc_bound: [0,15778,com.android.webview:sandboxed_process0:org.chromium.content.app.SandboxedProcessService0:0]
07-27 10:10:59.159 1564 2465 I am_uid_active: 99008
07-27 10:10:59.169 1564 2465 I am_kill : [0,14587,com.tencent.mm:hotpot..,915,empty #2]
07-27 10:10:59.222 1564 9979 I am_proc_died: [0,14587,com.tencent.mm:hotpot..,915,19]
07-27 10:10:59.635 14713 14713 I auditd : type=1400 audit(0.0:16947): avc: granted { execute } for comm="gatherer-1-thre" path="/data/user/0/com.tencent.android.qqdownloader/app_e_qq_com_plugin_new_b11baa871a179485a20599a8c8554089/libturingga.so" dev="dm-10" ino=10549 scontext=u:r:untrusted_app_27:s0:c512,c768 tcontext=u:object_r:app_data_file:s0:c512,c768 tclass=file app=com.tencent.android.qqdownloader
07-27 10:11:00.085 1564 1853 I input_interaction: Interaction with: 689afdd NotificationShade (server), edge-swipe (server), swipe-up (server), PointerEventDispatcher0 (server),
07-27 10:11:00.203 870 870 I auditd : type=1400 audit(0.0:16948): avc: denied { add_name } for comm="perf@2.2-servic" name="cpu_max_freq" scontext=u:r:vendor_hal_perf_default:s0 tcontext=u:object_r:vendor_sysfs_msm_perf:s0 tclass=dir permissive=1
07-27 10:11:00.208 1564 2465 I wm_task_moved: [22,1,8]
07-27 10:11:00.208 1564 2465 I wm_task_to_front: [0,22]
07-27 10:11:00.208 1564 2465 I wm_focused_root_task: [0,0,22,21,bringingFoundTaskToFront]
07-27 10:11:00.209 10448 10448 I wm_on_top_resumed_lost_called: [192034560,com.tencent.qqlive.ona.activity.VideoDetailActivity,topStateChangedWhenResumed]
07-27 10:11:00.210 1564 2465 I wm_set_resumed_activity: [0,com.tencent.mm/.ui.LauncherUI,bringingFoundTaskToFront]
07-27 10:11:00.213 1564 2465 I wm_task_moved: [22,1,8]
07-27 10:11:00.213 1564 2465 I wm_create_activity: [0,231566347,22,com.tencent.mm/.plugin.voip.ui.VideoActivity,NULL,NULL,NULL,272629760]
07-27 10:11:00.214 1564 2465 I wm_restart_activity: [0,231566347,22,com.tencent.mm/.plugin.voip.ui.VideoActivity]
07-27 10:11:00.215 1564 2465 I wm_set_resumed_activity: [0,com.tencent.mm/.plugin.voip.ui.VideoActivity,minimalResumeActivityLocked]
07-27 10:11:00.216 1564 2465 I wm_pause_activity: [0,192034560,com.tencent.qqlive/.ona.activity.VideoDetailActivity,userLeaving=true,makeInvisible]
07-27 10:11:00.216 1564 2465 I wm_add_to_stopping: [0,183975342,com.tencent.qqlive/.ona.activity.SplashHomeActivity,makeInvisible]
07-27 10:11:00.219 1963 1963 I sysui_heads_up_status: [0|com.tencent.mm|41|null|10098,0]
07-27 10:11:00.222 10448 10448 I wm_on_paused_called: [192034560,com.tencent.qqlive.ona.activity.VideoDetailActivity,performPause]
07-27 10:11:00.223 1564 14848 I sysui_multi_action: [757,128,758,4,793,2050,794,1267,795,2050,796,41,798,0,806,com.tencent.mm,857,voip_norify_channel_silent1-10aac7f4,858,4,947,0,1395,3,1500,1847,1641,call,1688,1]
07-27 10:11:00.223 1564 14848 I notification_clicked: [0|com.tencent.mm|41|null|10098,2050,2050,1267,0,3]
07-27 10:11:00.223 1564 2465 I wm_add_to_stopping: [0,192034560,com.tencent.qqlive/.ona.activity.VideoDetailActivity,completePauseLocked]
07-27 10:11:00.224 1564 1564 I sysui_multi_action: [757,804,799,note_click_longevity,801,0,802,1]
07-27 10:11:00.224 1564 1564 I sysui_multi_action: [757,128,758,5,759,1,793,2051,794,1268,795,2051,796,41,798,0,806,com.tencent.mm,857,voip_norify_channel_silent1-10aac7f4,858,4,947,0,1395,3,1500,1848,1641,call,1688,1]
07-27 10:11:00.224 1564 1564 I notification_canceled: [0|com.tencent.mm|41|null|10098,1,2051,2051,1268,0,3,NULL]
07-27 10:11:00.234 1564 1679 I sysui_multi_action: [757,803,799,window_time_2,802,11]
07-27 10:11:00.240 1564 1853 I input_focus: [Focus leaving 604c4a9 com.tencent.qqlive/com.tencent.qqlive.ona.activity.VideoDetailActivity (server),reason=NO_WINDOW]
07-27 10:11:00.320 10685 10685 I wm_on_create_called: [231566347,com.tencent.mm.plugin.voip.ui.VideoActivity,performCreate]
07-27 10:11:00.326 10685 10685 I wm_on_start_called: [231566347,com.tencent.mm.plugin.voip.ui.VideoActivity,handleStartActivity]
07-27 10:11:00.334 10685 10685 I wm_on_resume_called: [231566347,com.tencent.mm.plugin.voip.ui.VideoActivity,RESUME_ACTIVITY]
07-27 10:11:00.343 10685 10685 I wm_on_restart_called: [198132555,com.tencent.mm.ui.LauncherUI,performRestartActivity]
07-27 10:11:00.348 10685 10685 I wm_on_start_called: [198132555,com.tencent.mm.ui.LauncherUI,handleStartActivity]
07-27 10:11:00.348 10685 10685 I wm_on_top_resumed_gained_called: [231566347,com.tencent.mm.plugin.voip.ui.VideoActivity,topStateChangedWhenResumed]
07-27 10:11:00.364 1564 1680 I input_focus: [Focus request 1156dfb com.tencent.mm/com.tencent.mm.plugin.voip.ui.VideoActivity,reason=UpdateInputWindows]
07-27 10:11:00.437 1564 1680 I sysui_multi_action: [324,1,757,1090,758,12,806,com.tencent.mm,871,com.tencent.mm.plugin.voip.ui.VideoActivity,1091,227]
07-27 10:11:00.439 1564 1676 I sysui_multi_action: [319,231,322,227,325,685,757,761,758,8,759,2,806,com.tencent.mm,871,com.tencent.mm.plugin.voip.ui.VideoActivity,904,com.tencent.mm,905,0,1320,4,1321,4]
07-27 10:11:00.445 1564 1676 I wm_activity_launch_time: [0,231566347,com.tencent.mm/.plugin.voip.ui.VideoActivity,227]
07-27 10:11:00.455 1564 1825 I am_uid_running: 99009
07-27 10:11:00.456 1564 1853 I input_focus: [Focus entering 1156dfb com.tencent.mm/com.tencent.mm.plugin.voip.ui.VideoActivity (server),reason=Window became focusable. Previous reason: NOT_VISIBLE]
07-27 10:11:00.461 1564 1679 I wm_stop_activity: [0,192034560,com.tencent.qqlive/.ona.activity.VideoDetailActivity]
07-27 10:11:00.462 1564 1679 I wm_stop_activity: [0,183975342,com.tencent.qqlive/.ona.activity.SplashHomeActivity]
07-27 10:11:00.483 1564 1695 I am_proc_start: [0,15903,99009,com.tencent.mm:xweb_sandboxed_process_0:com.tencent.xweb.pinus.sdk.process.SandboxedProcessService0,service,{com.tencent.mm/com.tencent.xweb.pinus.sdk.process.SandboxedProcessService0}]
07-27 10:11:00.503 1564 1695 I am_proc_start: [0,15906,10098,com.tencent.mm:xweb_privileged_process_0,service,{com.tencent.mm/com.tencent.xweb.pinus.sdk.process.PrivilegedProcessService0}]
07-27 10:11:00.517 10448 10448 I wm_on_stop_called: [192034560,com.tencent.qqlive.ona.activity.VideoDetailActivity,STOP_ACTIVITY_ITEM]
07-27 10:11:00.534 1564 2771 I am_proc_bound: [0,15903,com.tencent.mm:xweb_sandboxed_process_0:com.tencent.xweb.pinus.sdk.process.SandboxedProcessService0]
07-27 10:11:00.536 1564 2771 I am_uid_active: 99009
07-27 10:11:00.546 1564 9979 I am_proc_bound: [0,15906,com.tencent.mm:xweb_privileged_process_0]
07-27 10:11:00.559 15903 15903 I auditd : type=1400 audit(0.0:16949): avc: denied { getattr } for comm="ProcessService0" path="/data/user/0/com.tencent.mm" dev="dm-10" ino=4473 scontext=u:r:isolated_app:s0:c512,c768 tcontext=u:object_r:app_data_file:s0:c98,c256,c512,c768 tclass=dir permissive=1 bug=b/120394782
07-27 10:11:00.571 10448 10448 I wm_on_stop_called: [183975342,com.tencent.qqlive.ona.activity.SplashHomeActivity,STOP_ACTIVITY_ITEM]
07-27 10:11:00.623 15906 15906 I auditd : type=1400 audit(0.0:16950): avc: granted { execute } for comm="leged_process_0" path="/data/user/0/com.tencent.mm/app_xwalk_5193/extracted_xwalkcore/libxwebcore.so" dev="dm-10" ino=9494 scontext=u:r:untrusted_app_29:s0:c98,c256,c512,c768 tcontext=u:object_r:app_data_file:s0:c98,c256,c512,c768 tclass=file app=com.tencent.mm
07-27 10:11:00.670 1564 2771 I sysui_multi_action: [757,127,758,2]
07-27 10:11:00.670 1564 2771 I notification_panel_hidden:
07-27 10:11:01.293 1564 1853 I input_interaction: Interaction with: 1156dfb com.tencent.mm/com.tencent.mm.plugin.voip.ui.VideoActivity (server), edge-swipe (server), swipe-up (server), PointerEventDispatcher0 (server),
07-27 10:11:01.578 1564 1914 I stream_devices_changed: [3,128,2]
07-27 10:11:02.163 15903 15903 I auditd : type=1400 audit(0.0:16951): avc: denied { getattr } for comm=566572696669636174696F6E207468 path="/data/user/0/com.tencent.mm" dev="dm-10" ino=4473 scontext=u:r:isolated_app:s0:c512,c768 tcontext=u:object_r:app_data_file:s0:c98,c256,c512,c768 tclass=dir permissive=1 bug=b/120394782
07-27 10:11:02.189 1564 1914 I stream_devices_changed: [6,128,16]
07-27 10:11:02.211 870 870 I auditd : type=1400 audit(0.0:16952): avc: denied { add_name } for comm="perf@2.2-servic" name="force_rail_on" scontext=u:r:vendor_hal_perf_default:s0 tcontext=u:object_r:vendor_sysfs_kgsl:s0 tclass=dir permissive=1
07-27 10:11:02.211 870 870 I auditd : type=1400 audit(0.0:16953): avc: denied { add_name } for comm="perf@2.2-servic" name="min_freq" scontext=u:r:vendor_hal_perf_default:s0 tcontext=u:object_r:vendor_sysfs_devfreq:s0 tclass=dir permissive=1
07-27 10:11:02.211 870 870 I auditd : type=1400 audit(0.0:16954): avc: denied { add_name } for comm="perf@2.2-servic" name="clkscale_enable" scontext=u:r:vendor_hal_perf_default:s0 tcontext=u:object_r:sysfs:s0 tclass=dir permissive=1
07-27 10:11:02.215 870 870 I auditd : type=1400 audit(0.0:16955): avc: denied { add_name } for comm="perf@2.2-servic" name="cpu_min_freq" scontext=u:r:vendor_hal_perf_default:s0 tcontext=u:object_r:vendor_sysfs_msm_perf:s0 tclass=dir permissive=1
07-27 10:11:02.219 1564 2664 I stream_devices_changed: [3,2,16]
07-27 10:11:02.601 1564 1894 I netstats_mobile_sample: [0,0,0,0,0,0,0,0,0,0,0,0,1690423859155]
07-27 10:11:02.601 1564 1894 I netstats_wifi_sample: [642931,546,2110674,3770,642931,546,2110674,3770,6882889,5832,1676228,3355,1690423859155]
07-27 10:11:02.599 683 683 I auditd : type=1400 audit(0.0:16956): avc: denied { add_name } for comm="Binder:683_3" name="globalAlert" scontext=u:r:netd:s0 tcontext=u:object_r:proc_net:s0 tclass=dir permissive=1
07-27 10:11:02.931 1564 1692 I am_pss : [3074,10094,com.android.providers.media.module,17849344,14442496,4096,120958976,0,0,9]
07-27 10:11:02.940 1564 1692 I am_pss : [2971,10072,com.qualcomm.location,10528768,7979008,4096,103108608,0,0,8]
07-27 10:11:02.959 1564 1692 I am_pss : [1963,10081,com.android.systemui,187066368,171638784,4096,345022464,0,0,17]
07-27 10:11:03.351 10685 10685 I auditd : type=1400 audit(0.0:16957): avc: denied { open } for comm="com.tencent.mm" path="/proc/stat" dev="proc" ino=4026532245 scontext=u:r:untrusted_app_29:s0:c98,c256,c512,c768 tcontext=u:object_r:proc_stat:s0 tclass=file permissive=1 app=com.tencent.mm
07-27 10:11:04.023 1564 1692 I am_pss : [14762,10096,com.tencent.android.qqdownloader:live,27833344,19451904,4096,142753792,0,5,9]
07-27 10:11:04.196 1564 1695 I am_proc_start: [0,16020,10096,com.tencent.ilink.ServiceProcess,service,{com.tencent.android.qqdownloader/com.tencent.luggage.services.WxaStartUpService}]
07-27 10:11:04.231 1564 1825 I am_proc_bound: [0,16020,com.tencent.ilink.ServiceProcess]
07-27 10:11:04.266 1564 1692 I am_pss : [14713,10096,com.tencent.android.qqdownloader:daemon,96849920,65552384,4096,277839872,0,4,15]
07-27 10:11:04.335 16020 16020 I auditd : type=1400 audit(0.0:16958): avc: granted { execute } for comm=".ServiceProcess" path="/data/user/0/com.tencent.android.qqdownloader/files/res_hub/yyb/online/wx_sdk_so_3_64_20/arm64-v8a/libc++_shared.so" dev="dm-10" ino=19724 scontext=u:r:untrusted_app_27:s0:c512,c768 tcontext=u:object_r:app_data_file:s0:c512,c768 tclass=file app=com.tencent.android.qqdownloader
07-27 10:11:04.339 16020 16020 I auditd : type=1400 audit(0.0:16959): avc: granted { execute } for comm=".ServiceProcess" path="/data/user/0/com.tencent.android.qqdownloader/files/res_hub/yyb/online/wx_sdk_so_3_64_20/arm64-v8a/libwechatxlog.so" dev="dm-10" ino=19727 scontext=u:r:untrusted_app_27:s0:c512,c768 tcontext=u:object_r:app_data_file:s0:c512,c768 tclass=file app=com.tencent.android.qqdownloader
07-27 10:11:04.715 16020 16020 I auditd : type=1400 audit(0.0:16960): avc: granted { execute } for comm=4173796E635461736B202331 path="/data/user/0/com.tencent.android.qqdownloader/files/res_hub/yyb/online/wx_sdk_so_3_64_20/arm64-v8a/libwxaopenruntimejni.so" dev="dm-10" ino=19729 scontext=u:r:untrusted_app_27:s0:c512,c768 tcontext=u:object_r:app_data_file:s0:c512,c768 tclass=file app=com.tencent.android.qqdownloader
07-27 10:11:04.823 16020 16020 I auditd : type=1400 audit(0.0:16961): avc: granted { execute } for comm="Binder:16020_2" path="/data/user/0/com.tencent.android.qqdownloader/app_wxa_sdk_plugin/587202817/wxa_libs/libmmkv.so" dev="dm-10" ino=20677 scontext=u:r:untrusted_app_27:s0:c512,c768 tcontext=u:object_r:app_data_file:s0:c512,c768 tclass=file app=com.tencent.android.qqdownloader
07-27 10:11:04.827 16020 16020 I auditd : type=1400 audit(0.0:16962): avc: granted { execute } for comm="Binder:16020_2" path="/data/user/0/com.tencent.android.qqdownloader/app_wxa_sdk_plugin/587202817/wxa_libs/libc++_shared.so" dev="dm-10" ino=20648 scontext=u:r:untrusted_app_27:s0:c512,c768 tcontext=u:object_r:app_data_file:s0:c512,c768 tclass=file app=com.tencent.android.qqdownloader
