07-27 10:12:46.918 19425 19511 W .tencent.qqliv: Accessing hidden method Landroid/telephony/TelephonyManager;->getServiceStateForSubscriber(I)Landroid/telephony/ServiceState; (max-target-p, reflection, denied)
07-27 10:12:46.928 19425 19511 W .tencent.qqliv: Accessing hidden method Landroid/telephony/SubscriptionManager;->getPhoneId(I)I (max-target-p, reflection, denied)
07-27 10:12:46.937 1564 6960 D ConnectivityService: requestNetwork for uid/pid:10100/19425 activeRequest: null callbackRequest: 158 [NetworkRequest [ REQUEST id=159, [ Capabilities: INTERNET&NOT_RESTRICTED&TRUSTED&NOT_VCN_MANAGED Uid: 10100 RequestorUid: 10100 RequestorPkg: com.tencent.qqlive] ]] callback flags: 0 priority: 2147483647
07-27 10:12:46.938 1564 1904 D ConnectivityService: NetReassign [159 : null → 113]
07-27 10:12:46.940 1564 1942 D Ethernet: got request NetworkRequest [ REQUEST id=159, [ Capabilities: INTERNET&NOT_RESTRICTED&TRUSTED&NOT_VCN_MANAGED Uid: 10100 RequestorUid: 10100 RequestorPkg: com.tencent.qqlive] ]
07-27 10:12:46.940 1564 1942 D EthernetNetworkFactory: acceptRequest, request: NetworkRequest [ REQUEST id=159, [ Capabilities: INTERNET&NOT_RESTRICTED&TRUSTED&NOT_VCN_MANAGED Uid: 10100 RequestorUid: 10100 RequestorPkg: com.tencent.qqlive] ]
07-27 10:12:46.940 1564 1942 I EthernetNetworkFactory: networkForRequest, request: NetworkRequest [ REQUEST id=159, [ Capabilities: INTERNET&NOT_RESTRICTED&TRUSTED&NOT_VCN_MANAGED Uid: 10100 RequestorUid: 10100 RequestorPkg: com.tencent.qqlive] ], network: NetworkInterfaceState{ refCount: 15, iface: eth0, up: true, hwAddress: 36:7c:7c:00:00:0f, networkCapabilities: [ Transports: ETHERNET Capabilities: INTERNET&NOT_RESTRICTED&TRUSTED&NOT_VPN&NOT_ROAMING&NOT_CONGESTED&NOT_SUSPENDED&NOT_VCN_MANAGED LinkUpBandwidth>=100000Kbps LinkDnBandwidth>=100000Kbps], networkAgent: com.android.server.ethernet.EthernetNetworkFactory$NetworkInterfaceState$1@15a0a52, score: 70, ipClient: android.net.ip.IIpClient$Stub$Proxy@fe79123,linkProperties: {InterfaceName: eth0 LinkAddresses: [ fe80::7315:61d:4b5:5cfa/64,192.168.50.16/24 ] DnsAddresses: [ /101.226.4.6 ] Domains: null MTU: 0 TcpBufferSizes: 524288,1048576,3145728,524288,1048576,2097152 Routes: [ 192.168.50.0/24 -> 0.0.0.0 eth0 mtu 0,0.0.0.0/0 -> 192.168.50.4 eth0 mtu 0 ]}}
07-27 10:12:46.940 1564 1942 I EthernetNetworkFactory: networkForRequest, request: NetworkRequest [ REQUEST id=159, [ Capabilities: INTERNET&NOT_RESTRICTED&TRUSTED&NOT_VCN_MANAGED Uid: 10100 RequestorUid: 10100 RequestorPkg: com.tencent.qqlive] ], network: NetworkInterfaceState{ refCount: 15, iface: eth0, up: true, hwAddress: 36:7c:7c:00:00:0f, networkCapabilities: [ Transports: ETHERNET Capabilities: INTERNET&NOT_RESTRICTED&TRUSTED&NOT_VPN&NOT_ROAMING&NOT_CONGESTED&NOT_SUSPENDED&NOT_VCN_MANAGED LinkUpBandwidth>=100000Kbps LinkDnBandwidth>=100000Kbps], networkAgent: com.android.server.ethernet.EthernetNetworkFactory$NetworkInterfaceState$1@15a0a52, score: 70, ipClient: android.net.ip.IIpClient$Stub$Proxy@fe79123,linkProperties: {InterfaceName: eth0 LinkAddresses: [ fe80::7315:61d:4b5:5cfa/64,192.168.50.16/24 ] DnsAddresses: [ /101.226.4.6 ] Domains: null MTU: 0 TcpBufferSizes: 524288,1048576,3145728,524288,1048576,2097152 Routes: [ 192.168.50.0/24 -> 0.0.0.0 eth0 mtu 0,0.0.0.0/0 -> 192.168.50.4 eth0 mtu 0 ]}}
07-27 10:12:46.941 1564 1897 D UntrustedWifiNetworkFactory: got request NetworkRequest [ REQUEST id=159, [ Capabilities: INTERNET&NOT_RESTRICTED&TRUSTED&NOT_VCN_MANAGED Uid: 10100 RequestorUid: 10100 RequestorPkg: com.tencent.qqlive] ]
07-27 10:12:46.941 1564 1897 D OemPaidWifiNetworkFactory: got request NetworkRequest [ REQUEST id=159, [ Capabilities: INTERNET&NOT_RESTRICTED&TRUSTED&NOT_VCN_MANAGED Uid: 10100 RequestorUid: 10100 RequestorPkg: com.tencent.qqlive] ]
07-27 10:12:46.975 0 0 I [ 792.006153] binder: undelivered TRANSACTION_COMPLETE
07-27 10:12:46.980 0 0 I [ 792.010995] binder: undelivered TRANSACTION_COMPLETE
07-27 10:12:46.980 0 0 I [ 792.011117] binder: undelivered TRANSACTION_COMPLETE
07-27 10:12:46.979 1564 8495 D ConnectivityService: ConnectivityService NetworkRequestInfo binderDied(uid/pid:10100/19203, android.os.BinderProxy@f0944ae)
07-27 10:12:46.979 1564 2033 D ConnectivityService: ConnectivityService NetworkRequestInfo binderDied(uid/pid:10100/19203, android.os.BinderProxy@673724f)
07-27 10:12:46.979 1564 2479 D ConnectivityService: ConnectivityService NetworkRequestInfo binderDied(uid/pid:10100/19203, android.os.BinderProxy@415eddc)
07-27 10:12:46.979 1564 8495 D ConnectivityService: ConnectivityService NetworkRequestInfo binderDied(uid/pid:10100/19203, android.os.BinderProxy@ff77ee5)
07-27 10:12:46.979 1564 6960 D ConnectivityService: ConnectivityService NetworkRequestInfo binderDied(uid/pid:10100/19203, android.os.BinderProxy@f28fdba)
07-27 10:12:46.980 1564 9990 I am_proc_died: [0,19203,com.tencent.qqlive:cache,0,19]
07-27 10:12:46.980 684 684 I Zygote : Process 19203 exited due to signal 9 (Killed)
07-27 10:12:46.980 1564 1904 D ConnectivityService: releasing NetworkRequest [ REQUEST id=153, [ Capabilities: INTERNET&NOT_RESTRICTED&TRUSTED&NOT_VCN_MANAGED Uid: 10100 RequestorUid: 10100 RequestorPkg: com.tencent.qqlive] ] (release request)
07-27 10:12:46.980 1564 9990 W ActivityManager: Scheduling restart of crashed service com.tencent.qqlive/.ipc.BroadcastService in 1000ms for connection
07-27 10:12:46.981 1564 9990 I am_schedule_service_restart: [0,com.tencent.qqlive/.ipc.BroadcastService,1000]
07-27 10:12:46.981 1564 9990 W ActivityManager: Scheduling restart of crashed service com.tencent.qqlive/.download.service.TkdDownloadService in 1294688ms for connection
07-27 10:12:46.981 1564 9990 I am_schedule_service_restart: [0,com.tencent.qqlive/.download.service.TkdDownloadService,1294688]
07-27 10:12:46.981 1564 1942 I EthernetNetworkFactory: networkForRequest, request: NetworkRequest [ REQUEST id=153, [ Capabilities: INTERNET&NOT_RESTRICTED&TRUSTED&NOT_VCN_MANAGED Uid: 10100 RequestorUid: 10100 RequestorPkg: com.tencent.qqlive] ], network: NetworkInterfaceState{ refCount: 16, iface: eth0, up: true, hwAddress: 36:7c:7c:00:00:0f, networkCapabilities: [ Transports: ETHERNET Capabilities: INTERNET&NOT_RESTRICTED&TRUSTED&NOT_VPN&NOT_ROAMING&NOT_CONGESTED&NOT_SUSPENDED&NOT_VCN_MANAGED LinkUpBandwidth>=100000Kbps LinkDnBandwidth>=100000Kbps], networkAgent: com.android.server.ethernet.EthernetNetworkFactory$NetworkInterfaceState$1@15a0a52, score: 70, ipClient: android.net.ip.IIpClient$Stub$Proxy@fe79123,linkProperties: {InterfaceName: eth0 LinkAddresses: [ fe80::7315:61d:4b5:5cfa/64,192.168.50.16/24 ] DnsAddresses: [ /101.226.4.6 ] Domains: null MTU: 0 TcpBufferSizes: 524288,1048576,3145728,524288,1048576,2097152 Routes: [ 192.168.50.0/24 -> 0.0.0.0 eth0 mtu 0,0.0.0.0/0 -> 192.168.50.4 eth0 mtu 0 ]}}
07-27 10:12:46.981 1564 1904 D ConnectivityService: releasing NetworkRequest [ REQUEST id=156, [ Transports: CELLULAR Capabilities: INTERNET&NOT_RESTRICTED&TRUSTED&NOT_VPN&NOT_VCN_MANAGED Uid: 10100 RequestorUid: 10100 RequestorPkg: com.tencent.qqlive] ] (release request)
07-27 10:12:46.982 1564 1700 I libprocessgroup: Successfully killed process cgroup uid 10100 pid 19026 in 0ms
07-27 10:12:47.015 19425 19425 I auditd : type=1400 audit(0.0:17975): avc: denied { read } for comm="public_io_pool-" name="version" dev="proc" ino=4026532247 scontext=u:r:untrusted_app:s0:c100,c256,c512,c768 tcontext=u:object_r:proc_version:s0 tclass=file permissive=1 app=com.tencent.qqlive
07-27 10:12:47.015 19425 19425 I public_io_pool-: type=1400 audit(0.0:17975): avc: denied { read } for name="version" dev="proc" ino=4026532247 scontext=u:r:untrusted_app:s0:c100,c256,c512,c768 tcontext=u:object_r:proc_version:s0 tclass=file permissive=1 app=com.tencent.qqlive
07-27 10:12:47.023 0 0 W [ 792.055364] audit: audit_lost=16614 audit_rate_limit=5 audit_backlog_limit=64
07-27 10:12:47.023 0 0 E [ 792.055369] audit: rate limit exceeded
07-27 10:12:47.126 1564 2664 D ConnectivityService: ConnectivityService NetworkRequestInfo binderDied(uid/pid:10100/19026, android.os.BinderProxy@1c55c47)
07-27 10:12:47.126 1564 2785 D ConnectivityService: ConnectivityService NetworkRequestInfo binderDied(uid/pid:10100/19026, android.os.BinderProxy@9101c74)
07-27 10:12:47.126 1564 2664 D ConnectivityService: ConnectivityService NetworkRequestInfo binderDied(uid/pid:10100/19026, android.os.BinderProxy@a3fa59d)
07-27 10:12:47.126 1564 2785 D ConnectivityService: ConnectivityService NetworkRequestInfo binderDied(uid/pid:10100/19026, android.os.BinderProxy@5fd8a12)
07-27 10:12:47.127 1564 9990 I am_proc_died: [0,19026,com.tencent.qqlive:services,0,19]
07-27 10:12:47.127 1564 1904 D ConnectivityService: releasing NetworkRequest [ REQUEST id=147, [ Capabilities: INTERNET&NOT_RESTRICTED&TRUSTED&NOT_VCN_MANAGED Uid: 10100 RequestorUid: 10100 RequestorPkg: com.tencent.qqlive] ] (release request)
07-27 10:12:47.128 1564 1942 I EthernetNetworkFactory: networkForRequest, request: NetworkRequest [ REQUEST id=147, [ Capabilities: INTERNET&NOT_RESTRICTED&TRUSTED&NOT_VCN_MANAGED Uid: 10100 RequestorUid: 10100 RequestorPkg: com.tencent.qqlive] ], network: NetworkInterfaceState{ refCount: 15, iface: eth0, up: true, hwAddress: 36:7c:7c:00:00:0f, networkCapabilities: [ Transports: ETHERNET Capabilities: INTERNET&NOT_RESTRICTED&TRUSTED&NOT_VPN&NOT_ROAMING&NOT_CONGESTED&NOT_SUSPENDED&NOT_VCN_MANAGED LinkUpBandwidth>=100000Kbps LinkDnBandwidth>=100000Kbps], networkAgent: com.android.server.ethernet.EthernetNetworkFactory$NetworkInterfaceState$1@15a0a52, score: 70, ipClient: android.net.ip.IIpClient$Stub$Proxy@fe79123,linkProperties: {InterfaceName: eth0 LinkAddresses: [ fe80::7315:61d:4b5:5cfa/64,192.168.50.16/24 ] DnsAddresses: [ /101.226.4.6 ] Domains: null MTU: 0 TcpBufferSizes: 524288,1048576,3145728,524288,1048576,2097152 Routes: [ 192.168.50.0/24 -> 0.0.0.0 eth0 mtu 0,0.0.0.0/0 -> 192.168.50.4 eth0 mtu 0 ]}}
07-27 10:12:47.129 1564 9990 W ActivityManager: Scheduling restart of crashed service com.tencent.qqlive/.pay.service.PayService in 10852ms for connection
07-27 10:12:47.129 1564 9990 I am_schedule_service_restart: [0,com.tencent.qqlive/.pay.service.PayService,10852]
07-27 10:12:47.129 684 684 I Zygote : Process 19026 exited due to signal 9 (Killed)
07-27 10:12:47.135 19425 19425 W .tencent.qqliv: Unsupported class loader
07-27 10:12:47.147 1564 2033 D PowerManagerService: acquireWakeLockInternal: lock=150042083, flags=0x1, tag="HttpRequestTask", ws=null, uid=10100, pid=19425
07-27 10:12:47.148 1564 2033 D PowerManagerService: updateWakeLockSummaryLocked: mWakefulness=Awake, mWakeLockSummary=0x1
07-27 10:12:47.148 1564 2033 D PowerManagerService: updateUserActivitySummaryLocked: groupId=0, mWakefulness=Awake, mUserActivitySummary=0x1, nextTimeout=851460 (in 59280 ms)
07-27 10:12:47.148 1564 2033 D PowerManagerNotifier: onScreenPolicyUpdate: newPolicy=3
07-27 10:12:47.148 1564 2033 D PowerManagerService: updateDisplayPowerStateLocked: displayReady=true, groupId=0, policy=BRIGHT, mWakefulness=Awake, mWakeLockSummary=0x1, mUserActivitySummary=0x1, mBootCompleted=true, screenBrightnessOverride=NaN, useAutoBrightness=true, mScreenBrightnessBoostInProgress=false, mIsVrModeEnabled= false, sQuiescent=false
07-27 10:12:47.148 1564 2033 D PowerManagerService: Acquiring suspend blocker "PowerManagerService.WakeLocks".
07-27 10:12:47.148 1564 2033 E power : power acquire_wake_lock enter!
07-27 10:12:47.148 1564 2033 E power : power acquire_wake_lock exit!
07-27 10:12:47.148 579 579 E android.system.suspend@1.0-service: SystemSuspend::acquireWakeLock enter!pid = 1564: Success
07-27 10:12:47.148 579 579 E android.system.suspend@1.0-service: SystemSuspend::acquireWakeLock exit!: Success
07-27 10:12:47.149 1564 2033 D PowerManagerNotifier: onWakeLockAcquired: flags=1, tag="HttpRequestTask", packageName=com.tencent.qqlive, ownerUid=10100, ownerPid=19425, workSource=null
07-27 10:12:47.149 3074 10505 E MediaProvider: insertFileIfNecessary failed
07-27 10:12:47.149 3074 10505 E MediaProvider: java.lang.IllegalArgumentException: MIME type application/octet-stream cannot be inserted into content://media/external_primary/video/media; expected MIME type under video/*
07-27 10:12:47.149 3074 10505 E MediaProvider: at com.android.providers.media.MediaProvider.ensureFileColumns(MediaProvider.java:3226)
07-27 10:12:47.149 3074 10505 E MediaProvider: at com.android.providers.media.MediaProvider.ensureUniqueFileColumns(MediaProvider.java:2997)
07-27 10:12:47.149 3074 10505 E MediaProvider: at com.android.providers.media.MediaProvider.insertFile(MediaProvider.java:3751)
07-27 10:12:47.149 3074 10505 E MediaProvider: at com.android.providers.media.MediaProvider.insertInternal(MediaProvider.java:4311)
07-27 10:12:47.149 3074 10505 E MediaProvider: at com.android.providers.media.MediaProvider.insert(MediaProvider.java:4035)
07-27 10:12:47.149 3074 10505 E MediaProvider: at com.android.providers.media.MediaProvider.insertFileForFuse(MediaProvider.java:8336)
07-27 10:12:47.149 3074 10505 E MediaProvider: at com.android.providers.media.MediaProvider.insertFileIfNecessaryForFuse(MediaProvider.java:8431)
07-27 10:12:47.180 1564 9990 D CompatibilityChangeReporter: Compat change id reported: 135634846; UID 10100; state: DISABLED
07-27 10:12:47.180 1564 9990 D CompatibilityChangeReporter: Compat change id reported: 177438394; UID 10100; state: DISABLED
07-27 10:12:47.180 1564 9990 D CompatibilityChangeReporter: Compat change id reported: 135772972; UID 10100; state: DISABLED
07-27 10:12:47.180 1564 9990 D CompatibilityChangeReporter: Compat change id reported: 135754954; UID 10100; state: ENABLED
07-27 10:12:47.180 1564 1695 D CompatibilityChangeReporter: Compat change id reported: 143937733; UID 10100; state: ENABLED
07-27 10:12:47.188 684 684 D Zygote : Forked child process 19639
07-27 10:12:47.189 1564 1695 I am_proc_start: [0,19639,10100,com.tencent.qqlive:services,content provider,{com.tencent.qqlive/com.tencent.qqlive.services.carrier.internal.CarrierProviderExt}]
07-27 10:12:47.189 1564 1695 I ActivityManager: Start proc 19639:com.tencent.qqlive:services/u0a100 for content provider {com.tencent.qqlive/com.tencent.qqlive.services.carrier.internal.CarrierProviderExt}
07-27 10:12:47.195 19639 19639 I Zygote : seccomp disabled by setenforce 0
07-27 10:12:47.207 2647 2647 D ViewTouchDebug: mView : DecorView@27c08e7[QuickstepLauncher]Receive event : MotionEvent { action=ACTION_DOWN, actionButton=0, id[0]=0, x[0]=2051.0, y[0]=735.0, toolType[0]=TOOL_TYPE_FINGER, buttonState=0, classification=NONE, metaState=0, flags=0x0, edgeFlags=0x0, pointerCount=1, historySize=0, eventTime=792238, downTime=792238, deviceId=2, source=0x5002, displayId=0, eventId=187107216 }
07-27 10:12:47.207 1564 1853 D PowerManagerService: userActivityNoUpdateLocked: groupId=0, eventTime=792238, event=2, flags=0x0, uid=1000
07-27 10:12:47.207 1564 1853 D PowerManagerNotifier: onUserActivity: event=2, uid=1000
07-27 10:12:47.207 1963 1963 D ViewTouchDebug: mView : com.android.systemui.navigationbar.NavigationBarFrame{b1baa31 V.E...... ........ 0,0-2560,46 #7f0b03f3 app:id/navigation_bar_frame}Receive event : MotionEvent { action=ACTION_OUTSIDE, actionButton=0, id[0]=0, x[0]=0.0, y[0]=-1034.0, toolType[0]=TOOL_TYPE_FINGER, buttonState=0, classification=NONE, metaState=0, flags=0x0, edgeFlags=0x0, pointerCount=1, historySize=0, eventTime=792238, downTime=792238, deviceId=2, source=0x5002, displayId=0, eventId=1189767668 }
07-27 10:12:47.207 1564 1853 D PowerManagerService: updateUserActivitySummaryLocked: groupId=0, mWakefulness=Awake, mUserActivitySummary=0x1, nextTimeout=852238 (in 59998 ms)
07-27 10:12:47.207 1564 1853 D PowerManagerNotifier: onScreenPolicyUpdate: newPolicy=3
07-27 10:12:47.207 1564 1853 D PowerManagerService: updateDisplayPowerStateLocked: displayReady=true, groupId=0, policy=BRIGHT, mWakefulness=Awake, mWakeLockSummary=0x1, mUserActivitySummary=0x1, mBootCompleted=true, screenBrightnessOverride=NaN, useAutoBrightness=true, mScreenBrightnessBoostInProgress=false, mIsVrModeEnabled= false, sQuiescent=false
07-27 10:12:47.208 1963 1963 D NoBackGesture: Start gesture: MotionEvent { action=ACTION_DOWN, actionButton=0, id[0]=0, x[0]=2051.0, y[0]=735.0, toolType[0]=TOOL_TYPE_FINGER, buttonState=0, classification=NONE, metaState=0, flags=0x0, edgeFlags=0x0, pointerCount=1, historySize=0, eventTime=792238, downTime=792238, deviceId=2, source=0x5002, displayId=0, eventId=187107216 } mSysUiFlags=131072 region=Rect(0, 0 - 0, 0)
07-27 10:12:47.208 1963 1963 D NoBackGesture: Gesture [1690423967208,alw=FALSE,FALSE,TRUE,FALSE,disp=Point(2560, 1080),wl=45,il=0,wr=45,ir=0,excl=SkRegion()]
07-27 10:12:47.210 2647 2647 D TouchInteractionService: onInputEvent mUncheckedConsumer = com.android.quickstep.InputConsumer$$ExternalSyntheticLambda0@58c18f6
07-27 10:12:47.211 2967 2994 I adbd : jdwp connection from 19639
07-27 10:12:47.213 19639 19639 D ProcessState: Binder ioctl to enable oneway spam detection failed: Invalid argument
07-27 10:12:47.218 0 0 I [ 792.245677] binder: 19639:19639 ioctl 40046210 7ffe7e33d4 returned -22
07-27 10:12:47.221 1564 9990 I am_proc_bound: [0,19639,com.tencent.qqlive:services]
07-27 10:12:47.223 1564 9990 D CompatibilityInfo: mCompatibilityFlags - 4
07-27 10:12:47.223 1564 9990 D CompatibilityInfo: applicationDensity - 240
07-27 10:12:47.223 1564 9990 D CompatibilityInfo: applicationScale - 1.0
07-27 10:12:47.225 1564 1694 D CompatibilityInfo: mCompatibilityFlags - 4
07-27 10:12:47.225 1564 1694 D CompatibilityInfo: applicationDensity - 240
07-27 10:12:47.226 1564 1694 D CompatibilityInfo: applicationScale - 1.0
07-27 10:12:47.229 19639 19639 D CompatibilityChangeReporter: Compat change id reported: 171979766; UID 10100; state: ENABLED
07-27 10:12:47.292 19639 19639 I Perf : Connecting to perf service.
07-27 10:12:47.298 1564 9990 I ActivityManager: Killing 19224:com.tencent.qqlive:xg_vip_service/u0a100 (adj 905): empty #2
07-27 10:12:47.298 1564 9990 I am_kill : [0,19224,com.tencent.qqlive:xg_vip_service,905,empty #2]
07-27 10:12:47.300 19639 19639 V GraphicsEnvironment: ANGLE Developer option for 'com.tencent.qqlive' set to: 'default'
07-27 10:12:47.301 19639 19639 V GraphicsEnvironment: ANGLE GameManagerService for com.tencent.qqlive: false
07-27 10:12:47.308 19639 19639 V GraphicsEnvironment: Updatable production driver is not supported on the device.
07-27 10:12:47.313 19639 19639 D NetworkSecurityConfig: Using Network Security Config from resource arg debugBuild: false
07-27 10:12:47.314 1564 1853 D PowerManagerService: userActivityNoUpdateLocked: groupId=0, eventTime=792346, event=2, flags=0x0, uid=1000
07-27 10:12:47.314 1564 1853 D PowerManagerNotifier: onUserActivity: event=2, uid=1000
07-27 10:12:47.314 1564 1853 D PowerManagerService: updateUserActivitySummaryLocked: groupId=0, mWakefulness=Awake, mUserActivitySummary=0x1, nextTimeout=852346 (in 60000 ms)
07-27 10:12:47.314 1564 1853 D PowerManagerNotifier: onScreenPolicyUpdate: newPolicy=3
07-27 10:12:47.314 1564 1853 D PowerManagerService: updateDisplayPowerStateLocked: displayReady=true, groupId=0, policy=BRIGHT, mWakefulness=Awake, mWakeLockSummary=0x1, mUserActivitySummary=0x1, mBootCompleted=true, screenBrightnessOverride=NaN, useAutoBrightness=true, mScreenBrightnessBoostInProgress=false, mIsVrModeEnabled= false, sQuiescent=false
07-27 10:12:47.314 19639 19639 D NetworkSecurityConfig: Using Network Security Config from resource arg debugBuild: false
07-27 10:12:47.314 1564 1700 I libprocessgroup: Successfully killed process cgroup uid 10100 pid 19224 in 15ms
07-27 10:12:47.355 2647 2647 D ViewTouchDebug: mView : DecorView@27c08e7[QuickstepLauncher]Receive event : MotionEvent { action=ACTION_UP, actionButton=0, id[0]=0, x[0]=2051.0, y[0]=735.0, toolType[0]=TOOL_TYPE_FINGER, buttonState=0, classification=NONE, metaState=0, flags=0x0, edgeFlags=0x0, pointerCount=1, historySize=0, eventTime=792387, downTime=792238, deviceId=2, source=0x5002, displayId=0, eventId=746933291 }
07-27 10:12:47.357 1564 2465 I thunderperf: Maybe need boostperf for current app!
07-27 10:12:47.358 2257 2281 D FgBoostPerfService: [FgBoostPerfService.perfBoostAcq]start: stat=true pkgName=com.tencent.qqlive
07-27 10:12:47.358 2257 2281 I FgBoostPerfService: [FgBoostPerfService.perfBoostAcq] not game-mode or game app!
07-27 10:12:47.359 1564 2465 I ThunderPerfManager: PerfAcq error : state=true pkgName=com.tencent.qqlive
07-27 10:12:47.359 2257 2281 I FgBoostPerfService: [GetGpuMode] isMode=0 isGame=false mGpuMode=0
07-27 10:12:47.360 2257 7202 I FgBoostPerfService: [GetGpuDpiType] isMode=0 isGame=false mGpuDpiType=0
07-27 10:12:47.360 2257 2281 I FgBoostPerfService: [GetGpuDpiType] isMode=0 isGame=false mGpuStandardValue=0
07-27 10:12:47.361 1564 2465 I thunderperf: Current app pkgName=com.tencent.qqlive bm:com.thundercomm.perf.BoostPerfManager@9c334d0 gpuMode=-1 gpuType=-1 gpuStandardVal=-1
07-27 10:12:47.361 1564 2465 I ThunderBoostPerfService: Resolution: Uid=10078 Pid=2647 gMode=-1 dType=-1 gpuStandardVal=-1
07-27 10:12:47.361 1564 2465 I thunderperf: PlatormCompat.setOverrides: Uid1=10078 Pid1=2647 Uid2=10078 Pid2=2647
07-27 10:12:47.361 1564 2465 I thunderperf: PlatormCompat.setOverrides: needCheck:false
07-27 10:12:47.361 1564 2465 I thunderperf: CompatConfig.addOverrideUnsafe: bef-state=0
07-27 10:12:47.361 1564 2465 I thunderperf: CompatConfig.addOverrideUnsafe: aft-state=0
07-27 10:12:47.362 1564 2465 I thunderperf: CompatConfig.addOverrideUnsafe: bef-state=0
07-27 10:12:47.362 1564 2465 I thunderperf: CompatConfig.addOverrideUnsafe: aft-state=0
07-27 10:12:47.363 1564 2465 I thunderperf: CompatConfig.addOverrideUnsafe: bef-state=0
07-27 10:12:47.363 1564 2465 I thunderperf: CompatConfig.addOverrideUnsafe: aft-state=0
07-27 10:12:47.363 1564 2465 I thunderperf: CompatConfig.addOverrideUnsafe: bef-state=0
07-27 10:12:47.363 1564 2465 I thunderperf: CompatConfig.addOverrideUnsafe: aft-state=0
07-27 10:12:47.363 1564 2465 I thunderperf: CompatConfig.addOverrideUnsafe: bef-state=0
07-27 10:12:47.363 1564 2465 I thunderperf: CompatConfig.addOverrideUnsafe: aft-state=0
07-27 10:12:47.364 1564 2465 I thunderperf: CompatConfig.addOverrideUnsafe: bef-state=0
07-27 10:12:47.364 1564 2465 I thunderperf: CompatConfig.addOverrideUnsafe: aft-state=0
07-27 10:12:47.364 1564 2465 I thunderperf: CompatConfig.addOverrideUnsafe: bef-state=0
07-27 10:12:47.364 1564 2465 I thunderperf: CompatConfig.addOverrideUnsafe: aft-state=0
07-27 10:12:47.365 1564 2465 I thunderperf: CompatConfig.addOverrideUnsafe: bef-state=0
07-27 10:12:47.365 1564 2465 I thunderperf: CompatConfig.addOverrideUnsafe: aft-state=0
07-27 10:12:47.365 1564 2465 I thunderperf: CompatConfig.addOverrideUnsafe: bef-state=0
07-27 10:12:47.365 1564 2465 I thunderperf: CompatConfig.addOverrideUnsafe: aft-state=0
07-27 10:12:47.366 1564 2465 I thunderperf: CompatConfig.addOverrideUnsafe: bef-state=0
07-27 10:12:47.366 1564 2465 I thunderperf: CompatConfig.addOverrideUnsafe: aft-state=0
07-27 10:12:47.366 1564 2465 I thunderperf: CompatConfig.addOverrideUnsafe: bef-state=0
07-27 10:12:47.366 1564 2465 I thunderperf: CompatConfig.addOverrideUnsafe: aft-state=0
07-27 10:12:47.367 1564 2465 I thunderperf: CompatConfig.addOverrideUnsafe: bef-state=0
07-27 10:12:47.367 1564 2465 I thunderperf: CompatConfig.addOverrideUnsafe: aft-state=0
07-27 10:12:47.367 1564 2465 I thunderperf: CompatConfig.addOverrideUnsafe: bef-state=0
07-27 10:12:47.367 1564 2465 I thunderperf: CompatConfig.addOverrideUnsafe: aft-state=0
07-27 10:12:47.368 1564 2465 I thunderperf: CompatConfig.addOverrideUnsafe: bef-state=0
07-27 10:12:47.368 1564 2465 I thunderperf: CompatConfig.addOverrideUnsafe: aft-state=0
07-27 10:12:47.371 1564 2465 I ThunderBoostPerfService: Disable downscaling com.tencent.qqlive to 2380x1020
07-27 10:12:47.372 1564 2465 I ActivityTaskManager: START u0 {act=android.intent.action.MAIN cat=[android.intent.category.LAUNCHER] flg=0x10200000 cmp=com.tencent.qqlive/.ona.activity.SplashHomeActivity} from uid 10078
07-27 10:12:47.372 1564 1679 I EventSequenceValidator: inc AccIntentStartedEvents to 2
07-27 10:12:47.373 1564 2465 D ActivityTaskManager: TaskLaunchParamsModifier:task=null activity=ActivityRecord{488971f u0 com.tencent.qqlive/.ona.activity.SplashHomeActivity taskAffinity=10100:com.tencent.qqlive display-area-from-source=DefaultTaskDisplayArea@58840513 display-id=0 display-windowing-mode=1 suggested-display-area=DefaultTaskDisplayArea@58840513
07-27 10:12:47.375 1564 2465 E ANDR-PERF-JNI: com_qualcomm_qtiperformance_native_perf_io_prefetch_start
07-27 10:12:47.375 1564 2465 D ActivityTaskManager: TaskLaunchParamsModifier:task=null activity=ActivityRecord{488971f u0 com.tencent.qqlive/.ona.activity.SplashHomeActivity taskAffinity=10100:com.tencent.qqlive t-1} display-area-from-source=DefaultTaskDisplayArea@58840513 display-id=0 display-windowing-mode=1 suggested-display-area=DefaultTaskDisplayArea@58840513 activity-options-bounds=Rect(12, 12 - 652, 986) non-freeform-display display-area=DefaultTaskDisplayArea@58840513
07-27 10:12:47.375 1564 2465 D FreeFormWindowHelper: recentTask : null
07-27 10:12:47.375 1564 2465 I wm_task_created: [25,-1]
07-27 10:12:47.375 1564 2465 W ActivityTaskManager: Can't find TaskDisplayArea to determine support for multi window. Task id=25 attached=false
07-27 10:12:47.377 868 3407 E ANDR-IOP: io prefetch is disabled
07-27 10:12:47.377 1564 2465 D ActivityTaskManager: TaskLaunchParamsModifier:task=Task{4b4c4ca #25 type=standard A=10100:com.tencent.qqlive U=0 visible=false mode=freeform translucent=true sz=0 visible freeform task=true rootAffinity=10100:com.tencent.qqlive isMini=false} activity=ActivityRecord{488971f u0 com.tencent.qqlive/.ona.activity.SplashHomeActivity taskAffinity=10100:com.tencent.qqlive t-1} display-area-from-source=DefaultTaskDisplayArea@58840513 display-id=0 display-windowing-mode=1 suggested-display-area=DefaultTaskDisplayArea@58840513 activity-options-bounds=Rect(12, 12 - 652, 986) non-freeform-display display-area=DefaultTaskDisplayArea@58840513
07-27 10:12:47.378 1564 2465 D CompatibilityChangeReporter: Compat change id reported: 174042980; UID 10100; state: DISABLED
07-27 10:12:47.378 1564 2465 D CompatibilityChangeReporter: Compat change id reported: 184838306; UID 10100; state: DISABLED
07-27 10:12:47.378 1564 2465 D CompatibilityChangeReporter: Compat change id reported: 185004937; UID 10100; state: DISABLED
07-27 10:12:47.378 1564 2465 D CompatibilityChangeReporter: Compat change id reported: 181136395; UID 10100; state: DISABLED
07-27 10:12:47.378 1564 2465 D CompatibilityChangeReporter: Compat change id reported: 174042936; UID 10100; state: DISABLED
07-27 10:12:47.379 1564 2465 I wm_task_moved: [25,1,6]
07-27 10:12:47.380 1564 2465 I wm_task_to_front: [0,25]
07-27 10:12:47.380 1564 2465 I wm_create_task: [0,25]
07-27 10:12:47.380 1564 2465 I wm_create_activity: [0,76060447,25,com.tencent.qqlive/.ona.activity.SplashHomeActivity,android.intent.action.MAIN,NULL,NULL,270532608]
07-27 10:12:47.380 1564 2465 I wm_task_moved: [25,1,6]
07-27 10:12:47.383 1564 2465 D CompatibilityChangeReporter: Compat change id reported: 168419799; UID 10100; state: DISABLED
07-27 10:12:47.383 1564 2465 D CompatibilityInfo: mCompatibilityFlags - 4
07-27 10:12:47.383 1564 2465 D CompatibilityInfo: applicationDensity - 240
07-27 10:12:47.383 1564 2465 D CompatibilityInfo: applicationScale - 1.0
07-27 10:12:47.383 1564 2465 I ActivityTaskManager: addStartingWindow startWindow type:2
07-27 10:12:47.383 1564 2465 I ActivityTaskManager: Schedule add splash screen timeout, the mStartingData:com.android.server.wm.SplashScreenStartingData@329863b
07-27 10:12:47.383 1564 2465 I ActivityTaskManager: Schedule add splash screen timeout
07-27 10:12:47.383 1564 2465 I ActivityTaskManager: FOREGROUND_APPLICATION_CHANGED to com.tencent.qqlive.ona.activity.SplashHomeActivity
07-27 10:12:47.383 1564 2465 I ActivityTaskManager: The Process com.tencent.qqlive Already Exists in BG. So sending its PID: 19425
07-27 10:12:47.384 1564 2465 I wm_restart_activity: [0,76060447,25,com.tencent.qqlive/.ona.activity.SplashHomeActivity]
07-27 10:12:47.384 1564 2465 D CompatibilityInfo: mCompatibilityFlags - 4
07-27 10:12:47.384 1564 2465 D CompatibilityInfo: applicationDensity - 240
07-27 10:12:47.384 1564 2465 D CompatibilityInfo: applicationScale - 1.0
07-27 10:12:47.384 1564 2465 I wm_set_resumed_activity: [0,com.tencent.qqlive/.ona.activity.SplashHomeActivity,minimalResumeActivityLocked]
07-27 10:12:47.384 1564 2465 D RecentTaskTest: checkUnusedTasks : 3
07-27 10:12:47.384 1564 2465 D RecentTaskTest: skip to check because task is less : 3
07-27 10:12:47.384 1564 2465 D RecentTaskTest:
07-27 10:12:47.384 1564 2465 D FreeFormWindowHelper: handleFreeformTask : Task{4b4c4ca #25 type=standard A=10100:com.tencent.qqlive U=0 visible=true mode=freeform translucent=false sz=1 visible freeform task=true rootAffinity=10100:com.tencent.qqlive isMini=false}
07-27 10:12:47.384 1564 2465 D FreeFormWindowHelper: mFreeFormTask : null
07-27 10:12:47.384 1564 2465 D FreeFormWindowHelper: mInRecent : false
07-27 10:12:47.384 1564 2465 D FreeFormWindowHelper: add new freeform task : Task{4b4c4ca #25 type=standard A=10100:com.tencent.qqlive U=0 visible=true mode=freeform translucent=false sz=1 visible freeform task=true rootAffinity=10100:com.tencent.qqlive isMini=false}
07-27 10:12:47.384 1564 2465 D FreeFormWindowHelper:
07-27 10:12:47.385 660 673 I mpu_uart: [MSG-P:RECV]:No message received in 1000 ms
07-27 10:12:47.392 1564 1679 I am_uid_active: 10100
07-27 10:12:47.392 2647 2647 D StateManager: goToState: Normal animated: true
07-27 10:12:47.394 19639 19698 W shadowhook_tag: !!!!! init time micros:638
07-27 10:12:47.394 19639 19698 W shadowhook_tag: shadowhook: shadowhook init(mode: SHARED, debuggable: false), return: 0, real-init: yes
07-27 10:12:47.395 2647 2647 I wm_on_top_resumed_lost_called: [54944540,com.android.launcher3.uioverrides.QuickstepLauncher,topStateChangedWhenResumed]
07-27 10:12:47.399 19639 19698 I rdefense: hook log cost: 6 ms, 2, 0
07-27 10:12:47.411 1564 1904 D ConnectivityService: NetReassign [no changes]
07-27 10:12:47.414 1564 2465 D ConnectivityService: requestNetwork for uid/pid:10100/19425 activeRequest: null callbackRequest: 161 [NetworkRequest [ REQUEST id=161, [ Transports: CELLULAR Capabilities: INTERNET&NOT_RESTRICTED&TRUSTED&NOT_VPN&NOT_VCN_MANAGED Uid: 10100 RequestorUid: 10100 RequestorPkg: com.tencent.qqlive] ]] callback flags: 0 priority: 2147483647
07-27 10:12:47.414 1564 1904 D ConnectivityService: NetReassign [no changes]
07-27 10:12:47.447 1564 1904 D ConnectivityService: NetReassign [no changes]
07-27 10:12:47.457 1564 2465 D ConnectivityService: ConnectivityService NetworkRequestInfo binderDied(uid/pid:10100/19224, android.os.BinderProxy@8d498d2)
07-27 10:12:47.460 1564 2033 I am_proc_died: [0,19224,com.tencent.qqlive:xg_vip_service,905,19]
07-27 10:12:47.462 684 684 I Zygote : Process 19224 exited due to signal 9 (Killed)
07-27 10:12:47.467 0 0 I [ 792.498715] binder: 19425:19766 ioctl 40046210 73eb0f2db4 returned -22
07-27 10:12:47.479 19425 19425 I wm_on_create_called: [76060447,com.tencent.qqlive.ona.activity.SplashHomeActivity,performCreate]
07-27 10:12:47.495 966 1763 D AudioFlinger: ThreadBase::updateWakeLockUids_l() st
07-27 10:12:47.495 966 1763 D AudioFlinger: updateWakeLockUids_l() AudioOut_D status 0
07-27 10:12:47.495 966 1763 D AudioFlinger: ThreadBase::updateWakeLockUids_l() ed
07-27 10:12:47.496 1564 2033 D PowerManagerService: acquireWakeLockInternal: lock=216952874, flags=0x1, tag="AudioMix", ws=null, uid=1041, pid=0
07-27 10:12:47.496 1564 2033 D PowerManagerService: updateWakeLockSummaryLocked: mWakefulness=Awake, mWakeLockSummary=0x1
07-27 10:12:47.496 1564 2033 D PowerManagerService: updateUserActivitySummaryLocked: groupId=0, mWakefulness=Awake, mUserActivitySummary=0x1, nextTimeout=852346 (in 59817 ms)
07-27 10:12:47.496 1564 2033 D PowerManagerNotifier: onScreenPolicyUpdate: newPolicy=3
07-27 10:12:47.496 1564 2033 D PowerManagerService: updateDisplayPowerStateLocked: displayReady=true, groupId=0, policy=BRIGHT, mWakefulness=Awake, mWakeLockSummary=0x1, mUserActivitySummary=0x1, mBootCompleted=true, screenBrightnessOverride=NaN, useAutoBrightness=true, mScreenBrightnessBoostInProgress=false, mIsVrModeEnabled= false, sQuiescent=false
07-27 10:12:47.496 1564 2033 D PowerManagerNotifier: onWakeLockAcquired: flags=1, tag="AudioMix", packageName=audioserver, ownerUid=1041, ownerPid=0, workSource=null
07-27 10:12:47.497 1564 2033 D PowerManagerService: updateWakeLockWorkSourceInternal: lock=216952874 [AudioMix], ws=null
07-27 10:12:47.500 966 1765 D AudioFlinger: ThreadBase::updateWakeLockUids_l() st
07-27 10:12:47.500 966 1779 D AudioFlinger: ThreadBase::updateWakeLockUids_l() st
07-27 10:12:47.500 966 1765 D AudioFlinger: updateWakeLockUids_l() AudioOut_15 status 0
07-27 10:12:47.500 966 1765 D AudioFlinger: ThreadBase::updateWakeLockUids_l() ed
07-27 10:12:47.500 966 1779 D AudioFlinger: updateWakeLockUids_l() AudioOut_45 status 0
07-27 10:12:47.500 966 1779 D AudioFlinger: ThreadBase::updateWakeLockUids_l() ed
07-27 10:12:47.500 966 1777 D AudioFlinger: ThreadBase::updateWakeLockUids_l() st
07-27 10:12:47.500 966 1777 D AudioFlinger: updateWakeLockUids_l() AudioOut_3D status 0
07-27 10:12:47.500 966 1777 D AudioFlinger: ThreadBase::updateWakeLockUids_l() ed
07-27 10:12:47.501 1564 9979 D PowerManagerService: acquireWakeLockInternal: lock=36617755, flags=0x1, tag="AudioMix", ws=null, uid=1041, pid=0
07-27 10:12:47.501 1564 9979 D PowerManagerService: updateWakeLockSummaryLocked: mWakefulness=Awake, mWakeLockSummary=0x1
07-27 10:12:47.501 1564 9979 D PowerManagerService: updateUserActivitySummaryLocked: groupId=0, mWakefulness=Awake, mUserActivitySummary=0x1, nextTimeout=852346 (in 59813 ms)
07-27 10:12:47.501 1564 9979 D PowerManagerNotifier: onScreenPolicyUpdate: newPolicy=3
07-27 10:12:47.501 1564 9979 D PowerManagerService: updateDisplayPowerStateLocked: displayReady=true, groupId=0, policy=BRIGHT, mWakefulness=Awake, mWakeLockSummary=0x1, mUserActivitySummary=0x1, mBootCompleted=true, screenBrightnessOverride=NaN, useAutoBrightness=true, mScreenBrightnessBoostInProgress=false, mIsVrModeEnabled= false, sQuiescent=false
07-27 10:12:47.501 1564 9979 D PowerManagerNotifier: onWakeLockAcquired: flags=1, tag="AudioMix", packageName=audioserver, ownerUid=1041, ownerPid=0, workSource=null
07-27 10:12:47.501 1564 9979 D PowerManagerService: acquireWakeLockInternal: lock=263543736, flags=0x1, tag="AudioMix", ws=null, uid=1041, pid=0
07-27 10:12:47.501 1564 9979 D PowerManagerService: updateWakeLockSummaryLocked: mWakefulness=Awake, mWakeLockSummary=0x1
07-27 10:12:47.501 1564 9979 D PowerManagerService: updateUserActivitySummaryLocked: groupId=0, mWakefulness=Awake, mUserActivitySummary=0x1, nextTimeout=852346 (in 59812 ms)
07-27 10:12:47.501 1564 9979 D PowerManagerNotifier: onScreenPolicyUpdate: newPolicy=3
07-27 10:12:47.501 1564 9979 D PowerManagerService: updateDisplayPowerStateLocked: displayReady=true, groupId=0, policy=BRIGHT, mWakefulness=Awake, mWakeLockSummary=0x1, mUserActivitySummary=0x1, mBootCompleted=true, screenBrightnessOverride=NaN, useAutoBrightness=true, mScreenBrightnessBoostInProgress=false, mIsVrModeEnabled= false, sQuiescent=false
07-27 10:12:47.501 1564 9979 D PowerManagerNotifier: onWakeLockAcquired: flags=1, tag="AudioMix", packageName=audioserver, ownerUid=1041, ownerPid=0, workSource=null
07-27 10:12:47.501 1564 9979 D PowerManagerService: updateWakeLockWorkSourceInternal: lock=36617755 [AudioMix], ws=null
07-27 10:12:47.502 1564 9979 D PowerManagerService: updateWakeLockWorkSourceInternal: lock=263543736 [AudioMix], ws=null
07-27 10:12:47.502 1564 9979 D PowerManagerService: acquireWakeLockInternal: lock=175787409, flags=0x1, tag="AudioMix", ws=null, uid=1041, pid=0
07-27 10:12:47.502 1564 9979 D PowerManagerService: updateWakeLockSummaryLocked: mWakefulness=Awake, mWakeLockSummary=0x1
07-27 10:12:47.502 1564 9979 D PowerManagerService: updateUserActivitySummaryLocked: groupId=0, mWakefulness=Awake, mUserActivitySummary=0x1, nextTimeout=852346 (in 59812 ms)
07-27 10:12:47.502 1564 9979 D PowerManagerNotifier: onScreenPolicyUpdate: newPolicy=3
07-27 10:12:47.502 1564 9979 D PowerManagerService: updateDisplayPowerStateLocked: displayReady=true, groupId=0, policy=BRIGHT, mWakefulness=Awake, mWakeLockSummary=0x1, mUserActivitySummary=0x1, mBootCompleted=true, screenBrightnessOverride=NaN, useAutoBrightness=true, mScreenBrightnessBoostInProgress=false, mIsVrModeEnabled= false, sQuiescent=false
07-27 10:12:47.502 1564 9979 D PowerManagerNotifier: onWakeLockAcquired: flags=1, tag="AudioMix", packageName=audioserver, ownerUid=1041, ownerPid=0, workSource=null
07-27 10:12:47.502 1564 7819 D PowerManagerService: updateWakeLockWorkSourceInternal: lock=175787409 [AudioMix], ws=null
07-27 10:12:47.506 966 1766 D AudioFlinger: ThreadBase::updateWakeLockUids_l() st
07-27 10:12:47.506 1564 9990 D PowerManagerService: acquireWakeLockInternal: lock=148595958, flags=0x1, tag="AudioMix", ws=null, uid=1041, pid=0
07-27 10:12:47.506 966 1766 D AudioFlinger: updateWakeLockUids_l() AudioOut_1D status 0
07-27 10:12:47.506 966 1766 D AudioFlinger: ThreadBase::updateWakeLockUids_l() ed
07-27 10:12:47.507 1564 9990 D PowerManagerService: updateWakeLockSummaryLocked: mWakefulness=Awake, mWakeLockSummary=0x1
07-27 10:12:47.507 1564 9990 D PowerManagerService: updateUserActivitySummaryLocked: groupId=0, mWakefulness=Awake, mUserActivitySummary=0x1, nextTimeout=852346 (in 59807 ms)
07-27 10:12:47.507 1564 9990 D PowerManagerNotifier: onScreenPolicyUpdate: newPolicy=3
07-27 10:12:47.507 1564 9990 D PowerManagerService: updateDisplayPowerStateLocked: displayReady=true, groupId=0, policy=BRIGHT, mWakefulness=Awake, mWakeLockSummary=0x1, mUserActivitySummary=0x1, mBootCompleted=true, screenBrightnessOverride=NaN, useAutoBrightness=true, mScreenBrightnessBoostInProgress=false, mIsVrModeEnabled= false, sQuiescent=false
07-27 10:12:47.507 1564 9990 D PowerManagerNotifier: onWakeLockAcquired: flags=1, tag="AudioMix", packageName=audioserver, ownerUid=1041, ownerPid=0, workSource=null
07-27 10:12:47.507 1564 9990 D PowerManagerService: updateWakeLockWorkSourceInternal: lock=148595958 [AudioMix], ws=null
07-27 10:12:47.532 19639 19698 I eup : Backup Java Class And Method Success
07-27 10:12:47.532 19639 19698 I eup : Bugly Register JNI Methods Successfully ~
07-27 10:12:47.532 19639 19698 I eup : regist start
07-27 10:12:47.532 19639 19698 I eup : run in arm64
07-27 10:12:47.545 1218 1469 W HDCPManagerAdapter: HDCPManagerAdapter::isHDCPAvailable 0
07-27 10:12:47.545 1218 1469 W HDCPManagerAdapter: HDCPManagerAdapter::isHDCPAvailable 0
07-27 10:12:47.545 1218 1469 W HDCPManagerAdapter: HDCPManagerAdapter::isHDCPAvailable 0
07-27 10:12:47.547 1218 1469 W HDCPManagerAdapter: HDCPManagerAdapter::isHDCPAvailable 0
07-27 10:12:47.598 1564 1564 I notification_enqueue: [10096,14713,com.tencent.android.qqdownloader,127,NULL,0,Notification(channel=channel_id_default_silent shortcut=null contentView=com.tencent.android.qqdownloader/0x7f0a01c2 vibrate=null sound=null defaults=0x0 flags=0x2a2 color=0x00000000 groupKey=com.tencent.android.qqdownloader vis=PRIVATE),1]
07-27 10:12:47.612 1564 6960 D CompatibilityInfo: mCompatibilityFlags - 4
07-27 10:12:47.612 1564 6960 D CompatibilityInfo: applicationDensity - 240
07-27 10:12:47.612 1564 6960 D CompatibilityInfo: applicationScale - 1.0
07-27 10:12:47.625 1564 6960 I ActivityManager: Killing 16020:com.tencent.ilink.ServiceProcess/u0a96 (adj 905): empty #2
07-27 10:12:47.625 1564 6960 I am_kill : [0,16020,com.tencent.ilink.ServiceProcess,905,empty #2]
07-27 10:12:47.626 1564 6960 I ActivityManager: Killing 15004:com.tencent.android.qqdownloader:cloud/u0a96 (adj 915): empty #3
07-27 10:12:47.626 1564 6960 I am_kill : [0,15004,com.tencent.android.qqdownloader:cloud,915,empty #3]
07-27 10:12:47.630 1564 1611 I am_uid_running: 99011
07-27 10:12:47.630 1564 1611 D CompatibilityChangeReporter: Compat change id reported: 135634846; UID 10100; state: DISABLED
07-27 10:12:47.630 1564 1695 D CompatibilityChangeReporter: Compat change id reported: 143937733; UID 10100; state: ENABLED
07-27 10:12:47.635 2180 2180 D Zygote : Forked child process 19863
07-27 10:12:47.640 1564 1695 I am_proc_start: [0,19863,99011,com.android.webview:sandboxed_process0:org.chromium.content.app.SandboxedProcessService0:0,,{com.tencent.qqlive/org.chromium.content.app.SandboxedProcessService0:0}]
07-27 10:12:47.640 1564 1695 I ActivityManager: Start proc 19863:com.android.webview:sandboxed_process0:org.chromium.content.app.SandboxedProcessService0:0/u0i11 for {com.tencent.qqlive/org.chromium.content.app.SandboxedProcessService0:0}
07-27 10:12:47.643 19863 19863 I Zygote : seccomp disabled by setenforce 0
07-27 10:12:47.647 19863 19863 W ocessService0:: Using default instruction set features for ARM CPU variant (cortex-a9) using conservative defaults
07-27 10:12:47.651 2967 2994 I adbd : jdwp connection from 19863
07-27 10:12:47.655 1564 1904 D ConnectivityService: NetReassign [no changes]
07-27 10:12:47.659 1564 6960 D CompatibilityInfo: mCompatibilityFlags - 4
07-27 10:12:47.659 1564 6960 D CompatibilityInfo: applicationDensity - 240
07-27 10:12:47.659 1564 6960 D CompatibilityInfo: applicationScale - 1.0
07-27 10:12:47.661 1564 1700 I libprocessgroup: Successfully killed process cgroup uid 10096 pid 16020 in 34ms
07-27 10:12:47.667 0 0 I [ 792.699923] binder: 19863:19863 ioctl 40046210 ffc5e118 returned -22
07-27 10:12:47.667 19863 19863 D ProcessState: Binder ioctl to enable oneway spam detection failed: Invalid argument
07-27 10:12:47.670 19639 19842 W qqlive:service: Accessing hidden method Landroid/net/wifi/WifiSsid;->()V (max-target-o, reflection, denied)
07-27 10:12:47.679 1564 1611 I am_proc_bound: [0,19863,com.android.webview:sandboxed_process0:org.chromium.content.app.SandboxedProcessService0:0]
07-27 10:12:47.680 1564 1611 D CompatibilityInfo: mCompatibilityFlags - 4
07-27 10:12:47.680 1564 1611 D CompatibilityInfo: applicationDensity - 240
07-27 10:12:47.680 1564 1611 D CompatibilityInfo: applicationScale - 1.0
07-27 10:12:47.681 1564 1611 I am_uid_active: 99011
07-27 10:12:47.681 1564 1611 D CompatibilityInfo: mCompatibilityFlags - 4
07-27 10:12:47.682 1564 1611 D CompatibilityInfo: applicationDensity - 240
07-27 10:12:47.682 1564 1611 D CompatibilityInfo: applicationScale - 1.0
07-27 10:12:47.685 19863 19863 D CompatibilityChangeReporter: Compat change id reported: 171979766; UID 99011; state: ENABLED
07-27 10:12:47.698 19639 19838 W qqlive:service: Accessing hidden method Landroid/telephony/TelephonyManager;->getServiceStateForSubscriber(I)Landroid/telephony/ServiceState; (max-target-p, reflection, denied)
07-27 10:12:47.704 1564 6960 D ConnectivityService: requestNetwork for uid/pid:10100/19425 activeRequest: null callbackRequest: 164 [NetworkRequest [ REQUEST id=165, [ Capabilities: INTERNET&NOT_RESTRICTED&TRUSTED&NOT_VCN_MANAGED Uid: 10100 RequestorUid: 10100 RequestorPkg: com.tencent.qqlive] ]] callback flags: 0 priority: 2147483647
07-27 10:12:47.706 1564 1904 D ConnectivityService: NetReassign [165 : null → 113]
07-27 10:12:47.709 19639 19838 W qqlive:service: Accessing hidden method Landroid/telephony/SubscriptionManager;->getPhoneId(I)I (max-target-p, reflection, denied)
07-27 10:12:47.710 1564 1942 D Ethernet: got request NetworkRequest [ REQUEST id=165, [ Capabilities: INTERNET&NOT_RESTRICTED&TRUSTED&NOT_VCN_MANAGED Uid: 10100 RequestorUid: 10100 RequestorPkg: com.tencent.qqlive] ]
07-27 10:12:47.710 1564 1942 D EthernetNetworkFactory: acceptRequest, request: NetworkRequest [ REQUEST id=165, [ Capabilities: INTERNET&NOT_RESTRICTED&TRUSTED&NOT_VCN_MANAGED Uid: 10100 RequestorUid: 10100 RequestorPkg: com.tencent.qqlive] ]
07-27 10:12:47.710 1564 1942 I EthernetNetworkFactory: networkForRequest, request: NetworkRequest [ REQUEST id=165, [ Capabilities: INTERNET&NOT_RESTRICTED&TRUSTED&NOT_VCN_MANAGED Uid: 10100 RequestorUid: 10100 RequestorPkg: com.tencent.qqlive] ], network: NetworkInterfaceState{ refCount: 14, iface: eth0, up: true, hwAddress: 36:7c:7c:00:00:0f, networkCapabilities: [ Transports: ETHERNET Capabilities: INTERNET&NOT_RESTRICTED&TRUSTED&NOT_VPN&NOT_ROAMING&NOT_CONGESTED&NOT_SUSPENDED&NOT_VCN_MANAGED LinkUpBandwidth>=100000Kbps LinkDnBandwidth>=100000Kbps], networkAgent: com.android.server.ethernet.EthernetNetworkFactory$NetworkInterfaceState$1@15a0a52, score: 70, ipClient: android.net.ip.IIpClient$Stub$Proxy@fe79123,linkProperties: {InterfaceName: eth0 LinkAddresses: [ fe80::7315:61d:4b5:5cfa/64,192.168.50.16/24 ] DnsAddresses: [ /101.226.4.6 ] Domains: null MTU: 0 TcpBufferSizes: 524288,1048576,3145728,524288,1048576,2097152 Routes: [ 192.168.50.0/24 -> 0.0.0.0 eth0 mtu 0,0.0.0.0/0 -> 192.168.50.4 eth0 mtu 0 ]}}
07-27 10:12:47.711 1564 1942 I EthernetNetworkFactory: networkForRequest, request: NetworkRequest [ REQUEST id=165, [ Capabilities: INTERNET&NOT_RESTRICTED&TRUSTED&NOT_VCN_MANAGED Uid: 10100 RequestorUid: 10100 RequestorPkg: com.tencent.qqlive] ], network: NetworkInterfaceState{ refCount: 14, iface: eth0, up: true, hwAddress: 36:7c:7c:00:00:0f, networkCapabilities: [ Transports: ETHERNET Capabilities: INTERNET&NOT_RESTRICTED&TRUSTED&NOT_VPN&NOT_ROAMING&NOT_CONGESTED&NOT_SUSPENDED&NOT_VCN_MANAGED LinkUpBandwidth>=100000Kbps LinkDnBandwidth>=100000Kbps], networkAgent: com.android.server.ethernet.EthernetNetworkFactory$NetworkInterfaceState$1@15a0a52, score: 70, ipClient: android.net.ip.IIpClient$Stub$Proxy@fe79123,linkProperties: {InterfaceName: eth0 LinkAddresses: [ fe80::7315:61d:4b5:5cfa/64,192.168.50.16/24 ] DnsAddresses: [ /101.226.4.6 ] Domains: null MTU: 0 TcpBufferSizes: 524288,1048576,3145728,524288,1048576,2097152 Routes: [ 192.168.50.0/24 -> 0.0.0.0 eth0 mtu 0,0.0.0.0/0 -> 192.168.50.4 eth0 mtu 0 ]}}
07-27 10:12:47.713 1564 2757 D ConnectivityService: requestNetwork for uid/pid:10100/19639 activeRequest: null callbackRequest: 167 [NetworkRequest [ REQUEST id=168, [ Capabilities: INTERNET&NOT_RESTRICTED&TRUSTED&NOT_VCN_MANAGED Uid: 10100 RequestorUid: 10100 RequestorPkg: com.tencent.qqlive] ]] callback flags: 0 priority: 2147483647
07-27 10:12:47.716 1564 1897 D UntrustedWifiNetworkFactory: got request NetworkRequest [ REQUEST id=165, [ Capabilities: INTERNET&NOT_RESTRICTED&TRUSTED&NOT_VCN_MANAGED Uid: 10100 RequestorUid: 10100 RequestorPkg: com.tencent.qqlive] ]
07-27 10:12:47.716 19863 19863 D NetworkSecurityConfig: No Network Security Config specified, using platform default
07-27 10:12:47.717 1564 1897 D OemPaidWifiNetworkFactory: got request NetworkRequest [ REQUEST id=165, [ Capabilities: INTERNET&NOT_RESTRICTED&TRUSTED&NOT_VCN_MANAGED Uid: 10100 RequestorUid: 10100 RequestorPkg: com.tencent.qqlive] ]
07-27 10:12:47.717 19863 19863 D NetworkSecurityConfig: No Network Security Config specified, using platform default
07-27 10:12:47.718 19863 19863 I cr_WebViewApkApp: Launched version=101.0.4951.61 minSdkVersion=23 isBundle=false processName=com.android.webview:sandboxed_process0:org.chromium.content.app.SandboxedProcessService0:0
07-27 10:12:47.719 1564 1904 D ConnectivityService: NetReassign [no changes]
07-27 10:12:47.721 19425 19425 I wm_on_start_called: [76060447,com.tencent.qqlive.ona.activity.SplashHomeActivity,handleStartActivity]
07-27 10:12:47.722 19863 19863 I cr_ChildProcessService: Creating new ChildProcessService pid=19863
07-27 10:12:47.731 1564 14848 D CompatibilityChangeReporter: Compat change id reported: 135634846; UID 10100; state: DISABLED
07-27 10:12:47.731 1564 14848 D CompatibilityChangeReporter: Compat change id reported: 177438394; UID 10100; state: DISABLED
07-27 10:12:47.731 1564 14848 D CompatibilityChangeReporter: Compat change id reported: 135772972; UID 10100; state: DISABLED
07-27 10:12:47.731 1564 14848 D CompatibilityChangeReporter: Compat change id reported: 135754954; UID 10100; state: ENABLED
07-27 10:12:47.731 1564 1695 D CompatibilityChangeReporter: Compat change id reported: 143937733; UID 10100; state: ENABLED
07-27 10:12:47.733 19425 19425 I wm_on_resume_called: [76060447,com.tencent.qqlive.ona.activity.SplashHomeActivity,RESUME_ACTIVITY]
07-27 10:12:47.742 1564 1904 D ConnectivityService: NetReassign [168 : null → 113]
07-27 10:12:47.745 1564 1942 D Ethernet: got request NetworkRequest [ REQUEST id=168, [ Capabilities: INTERNET&NOT_RESTRICTED&TRUSTED&NOT_VCN_MANAGED Uid: 10100 RequestorUid: 10100 RequestorPkg: com.tencent.qqlive] ]
07-27 10:12:47.746 1564 1942 D EthernetNetworkFactory: acceptRequest, request: NetworkRequest [ REQUEST id=168, [ Capabilities: INTERNET&NOT_RESTRICTED&TRUSTED&NOT_VCN_MANAGED Uid: 10100 RequestorUid: 10100 RequestorPkg: com.tencent.qqlive] ]
07-27 10:12:47.746 684 684 D Zygote : Forked child process 19919
07-27 10:12:47.746 1564 1942 I EthernetNetworkFactory: networkForRequest, request: NetworkRequest [ REQUEST id=168, [ Capabilities: INTERNET&NOT_RESTRICTED&TRUSTED&NOT_VCN_MANAGED Uid: 10100 RequestorUid: 10100 RequestorPkg: com.tencent.qqlive] ], network: NetworkInterfaceState{ refCount: 15, iface: eth0, up: true, hwAddress: 36:7c:7c:00:00:0f, networkCapabilities: [ Transports: ETHERNET Capabilities: INTERNET&NOT_RESTRICTED&TRUSTED&NOT_VPN&NOT_ROAMING&NOT_CONGESTED&NOT_SUSPENDED&NOT_VCN_MANAGED LinkUpBandwidth>=100000Kbps LinkDnBandwidth>=100000Kbps], networkAgent: com.android.server.ethernet.EthernetNetworkFactory$NetworkInterfaceState$1@15a0a52, score: 70, ipClient: android.net.ip.IIpClient$Stub$Proxy@fe79123,linkProperties: {InterfaceName: eth0 LinkAddresses: [ fe80::7315:61d:4b5:5cfa/64,192.168.50.16/24 ] DnsAddresses: [ /101.226.4.6 ] Domains: null MTU: 0 TcpBufferSizes: 524288,1048576,3145728,524288,1048576,2097152 Routes: [ 192.168.50.0/24 -> 0.0.0.0 eth0 mtu 0,0.0.0.0/0 -> 192.168.50.4 eth0 mtu 0 ]}}
