11-11 00:02:37.156 1542 1693 I am_pss : [21034,10122,com.qiyi.video.pad,135760896,88469504,40960,297742336,0,10,18]
11-11 00:02:37.414 22207 22207 I auditd : type=1400 audit(0.0:56032): avc: denied { read } for comm="pool-9-thread-6" name="tcp" dev="proc" ino=4026532265 scontext=u:r:untrusted_app_29:s0:c106,c256,c512,c768 tcontext=u:object_r:proc_net_tcp_udp:s0 tclass=file permissive=1 app=com.smile.gifmaker
11-11 00:02:37.414 22207 22207 I auditd : type=1400 audit(0.0:56033): avc: denied { open } for comm="pool-9-thread-6" path="/proc/22207/net/tcp" dev="proc" ino=4026532265 scontext=u:r:untrusted_app_29:s0:c106,c256,c512,c768 tcontext=u:object_r:proc_net_tcp_udp:s0 tclass=file permissive=1 app=com.smile.gifmaker
11-11 00:02:37.414 22207 22207 I auditd : type=1400 audit(0.0:56034): avc: denied { getattr } for comm="pool-9-thread-6" path="/proc/22207/net/tcp" dev="proc" ino=4026532265 scontext=u:r:untrusted_app_29:s0:c106,c256,c512,c768 tcontext=u:object_r:proc_net_tcp_udp:s0 tclass=file permissive=1 app=com.smile.gifmaker
11-11 00:02:37.438 22207 22207 I auditd : type=1400 audit(0.0:56035): avc: denied { open } for comm="pool-9-thread-6" path="/dev/__properties__/u:object_r:serialno_prop:s0" dev="tmpfs" ino=14349 scontext=u:r:untrusted_app_29:s0:c106,c256,c512,c768 tcontext=u:object_r:serialno_prop:s0 tclass=file permissive=1 app=com.smile.gifmaker
11-11 00:02:37.438 22207 22207 I auditd : type=1400 audit(0.0:56036): avc: denied { getattr } for comm="pool-9-thread-6" path="/dev/__properties__/u:object_r:serialno_prop:s0" dev="tmpfs" ino=14349 scontext=u:r:untrusted_app_29:s0:c106,c256,c512,c768 tcontext=u:object_r:serialno_prop:s0 tclass=file permissive=1 app=com.smile.gifmaker
11-11 00:02:37.438 22207 22207 I auditd : type=1400 audit(0.0:56037): avc: denied { map } for comm="pool-9-thread-6" path="/dev/__properties__/u:object_r:serialno_prop:s0" dev="tmpfs" ino=14349 scontext=u:r:untrusted_app_29:s0:c106,c256,c512,c768 tcontext=u:object_r:serialno_prop:s0 tclass=file permissive=1 app=com.smile.gifmaker
11-11 00:02:37.508 1542 1697 I am_proc_start: [0,22378,10106,com.smile.gifmaker:push_v3,service,{com.smile.gifmaker/com.kwai.android.dispatcher.PushV3ProcessLauncherService}]
11-11 00:02:37.534 1542 5785 I am_proc_bound: [0,22378,com.smile.gifmaker:push_v3]
11-11 00:02:37.689 1542 1696 I am_wtf : [0,1542,system_server,-1,ActivityManager,Sending non-protected broadcast com.thundercomm.active.state from system 2164:com.thundercomm.microsettings/1000 pkg com.thundercomm.microsettings]
11-11 00:02:37.694 22207 22207 I auditd : type=1400 audit(0.0:56038): avc: granted { execute } for comm="ela_global-io" path="/data/user/0/com.smile.gifmaker/app_DvaPlugin/klp_so/1931020113/so/libklp_pull_client_shared.so" dev="dm-10" ino=997203 scontext=u:r:untrusted_app_29:s0:c106,c256,c512,c768 tcontext=u:object_r:app_data_file:s0:c106,c256,c512,c768 tclass=file app=com.smile.gifmaker
11-11 00:02:37.942 22207 22207 I auditd : type=1400 audit(0.0:56039): avc: granted { nlmsg_readpriv } for comm="ela_global-io" scontext=u:r:untrusted_app_29:s0:c106,c256,c512,c768 tcontext=u:r:untrusted_app_29:s0:c106,c256,c512,c768 tclass=netlink_route_socket app=com.smile.gifmaker
11-11 00:02:38.266 1542 1583 I am_kill : [0,22207,com.smile.gifmaker,925,empty #2]
11-11 00:02:38.371 1542 15389 I am_proc_died: [0,22207,com.smile.gifmaker,925,19]
11-11 00:02:38.387 1542 1693 I am_pss : [21518,10122,com.qiyi.video.pad:downloader,56910848,25051136,44032,178962432,0,10,12]
11-11 00:02:38.802 22378 22378 I auditd : type=1400 audit(0.0:56041): avc: denied { read } for comm="pool-9-thread-6" name="tcp" dev="proc" ino=4026532265 scontext=u:r:untrusted_app_29:s0:c106,c256,c512,c768 tcontext=u:object_r:proc_net_tcp_udp:s0 tclass=file permissive=1 app=com.smile.gifmaker
11-11 00:02:38.802 22378 22378 I auditd : type=1400 audit(0.0:56042): avc: denied { open } for comm="pool-9-thread-6" path="/proc/22378/net/tcp" dev="proc" ino=4026532265 scontext=u:r:untrusted_app_29:s0:c106,c256,c512,c768 tcontext=u:object_r:proc_net_tcp_udp:s0 tclass=file permissive=1 app=com.smile.gifmaker
11-11 00:02:38.802 22378 22378 I auditd : type=1400 audit(0.0:56043): avc: denied { getattr } for comm="pool-9-thread-6" path="/proc/22378/net/tcp" dev="proc" ino=4026532265 scontext=u:r:untrusted_app_29:s0:c106,c256,c512,c768 tcontext=u:object_r:proc_net_tcp_udp:s0 tclass=file permissive=1 app=com.smile.gifmaker
11-11 00:02:38.834 22378 22378 I auditd : type=1400 audit(0.0:56044): avc: denied { open } for comm="pool-9-thread-6" path="/dev/__properties__/u:object_r:vendor_default_prop:s0" dev="tmpfs" ino=14420 scontext=u:r:untrusted_app_29:s0:c106,c256,c512,c768 tcontext=u:object_r:vendor_default_prop:s0 tclass=file permissive=1 app=com.smile.gifmaker
11-11 00:02:38.834 22378 22378 I auditd : type=1400 audit(0.0:56045): avc: denied { getattr } for comm="pool-9-thread-6" path="/dev/__properties__/u:object_r:vendor_default_prop:s0" dev="tmpfs" ino=14420 scontext=u:r:untrusted_app_29:s0:c106,c256,c512,c768 tcontext=u:object_r:vendor_default_prop:s0 tclass=file permissive=1 app=com.smile.gifmaker
11-11 00:02:50.660 1542 15389 I netstats_mobile_sample: [0,0,0,0,0,0,0,0,0,0,0,0,1692693690371]
11-11 00:02:50.661 1542 15389 I netstats_wifi_sample: [0,0,0,0,0,0,0,0,0,0,0,0,1692693690371]
11-11 00:02:53.999 1542 1934 I sync : [com.tencent.android.qqdownloader.YYBLiveAccountProvider,0,3,24220937]
11-11 00:02:54.012 1542 1693 I am_pss : [21407,10104,com.tencent.ilink.ServiceProcess,69686272,58142720,44032,190124032,0,4,19]
11-11 00:02:54.020 1542 1934 I sync : [com.tencent.android.qqdownloader.YYBLiveAccountProvider,1,3,24220937]
11-11 00:02:54.025 1542 1934 I commit_sys_config_file: [sync-status,9233940]
11-11 00:02:54.039 1542 1934 I sync : [com.tencent.android.qqdownloader.YYBLiveAccountProvider,0,3,24220937]
11-11 00:02:54.060 1542 1934 I sync : [com.tencent.android.qqdownloader.YYBLiveAccountProvider,1,3,24220937]
11-11 00:02:54.063 1542 1934 I commit_sys_config_file: [sync-status,9233978]
11-11 00:02:55.642 6739 6739 I auditd : type=1400 audit(0.0:56051): avc: granted { execute } for comm="thread_AioDownl" path="/data/user/0/com.tencent.mobileqq/files/qqso/.download/D4BF92BF095665D4D8C76991164041DB/libDownloadProxy.so" dev="dm-10" ino=393213 scontext=u:r:untrusted_app_27:s0:c512,c768 tcontext=u:object_r:app_data_file:s0:c512,c768 tclass=file app=com.tencent.mobileqq
11-11 00:02:55.797 1542 1861 I service_manager_stats: [100,126,61712]
11-11 00:02:55.797 1542 1861 I netstats_mobile_sample: [0,0,0,0,0,0,0,0,0,0,0,0,1692693695508]
11-11 00:02:55.797 1542 1861 I netstats_wifi_sample: [0,0,0,0,0,0,0,0,0,0,0,0,1692693695508]
11-11 00:02:56.022 1542 1824 I am_kill : [0,18635,com.tencent.mm,925,empty #2]
11-11 00:02:56.046 1542 1659 I commit_sys_config_file: [jobs,24]
11-11 00:02:56.098 1542 3091 I am_proc_died: [0,18635,com.tencent.mm,925,19]
11-11 00:02:56.100 1542 3091 I am_uid_stopped: 10105
11-11 00:02:56.107 1542 1542 I notification_enqueue: [10104,18498,com.tencent.android.qqdownloader,127,NULL,0,Notification(channel=channel_id_default_silent shortcut=null contentView=com.tencent.android.qqdownloader/0x7f0a01c2 vibrate=null sound=null defaults=0x0 flags=0x2a2 color=0x00000000 groupKey=com.tencent.android.qqdownloader vis=PRIVATE),1]
11-11 00:03:07.723 1542 1696 I am_wtf : [0,1542,system_server,-1,ActivityManager,Sending non-protected broadcast com.thundercomm.active.state from system 2164:com.thundercomm.microsettings/1000 pkg com.thundercomm.microsettings]
11-11 00:03:12.438 1542 1824 I am_kill : [0,22378,com.smile.gifmaker:push_v3,915,empty #2]
11-11 00:03:12.456 1542 1693 I am_pss : [21006,10025,com.android.providers.calendar,7678976,5148672,45056,93061120,0,19,9]
11-11 00:03:12.475 1542 1693 I am_pss : [18586,10104,com.tencent.android.qqdownloader,106891264,93917184,46080,232448000,0,4,15]
11-11 00:03:12.488 1542 22853 I am_proc_died: [0,22378,com.smile.gifmaker:push_v3,915,19]
11-11 00:03:12.489 1542 22853 I am_uid_stopped: 10106
11-11 00:03:12.496 1542 1693 I am_pss : [21034,10122,com.qiyi.video.pad,137725952,89952256,43008,299192320,0,10,19]
11-11 00:03:12.508 1542 1693 I am_pss : [21518,10122,com.qiyi.video.pad:downloader,57167872,25088000,46080,178999296,0,10,12]
11-11 00:03:12.517 1542 1693 I am_pss : [18662,10104,com.tencent.android.qqdownloader:cloud,23199744,15351808,46080,132882432,0,4,7]
11-11 00:03:37.762 1542 1696 I am_wtf : [0,1542,system_server,-1,ActivityManager,Sending non-protected broadcast com.thundercomm.active.state from system 2164:com.thundercomm.microsettings/1000 pkg com.thundercomm.microsettings]
11-11 00:03:39.150 22730 22730 I auditd : type=1400 audit(0.0:56052): avc: denied { dyntransition } for comm="adbd" scontext=u:r:adbd:s0 tcontext=u:r:su:s0 tclass=process permissive=1
11-11 00:03:39.158 22730 22730 I auditd : type=1400 audit(0.0:56053): avc: denied { dac_read_search } for comm="adbd" capability=2 scontext=u:r:su:s0 tcontext=u:r:su:s0 tclass=capability permissive=1
11-11 00:03:39.158 22730 22730 I auditd : type=1400 audit(0.0:56054): avc: denied { search } for comm="adbd" name="/" dev="functionfs" ino=18924 scontext=u:r:su:s0 tcontext=u:object_r:functionfs:s0 tclass=dir permissive=1
11-11 00:03:39.158 22730 22730 I auditd : type=1400 audit(0.0:56055): avc: denied { open } for comm="adbd" path="/dev/__properties__/u:object_r:system_adbd_prop:s0" dev="tmpfs" ino=14361 scontext=u:r:su:s0 tcontext=u:object_r:system_adbd_prop:s0 tclass=file permissive=1
11-11 00:03:39.158 22730 22730 I auditd : type=1400 audit(0.0:56056): avc: denied { getattr } for comm="adbd" path="/dev/__properties__/u:object_r:system_adbd_prop:s0" dev="tmpfs" ino=14361 scontext=u:r:su:s0 tcontext=u:object_r:system_adbd_prop:s0 tclass=file permissive=1
11-11 00:03:39.158 22730 22730 I auditd : type=1400 audit(0.0:56057): avc: denied { map } for comm="adbd" path="/dev/__properties__/u:object_r:system_adbd_prop:s0" dev="tmpfs" ino=14361 scontext=u:r:su:s0 tcontext=u:object_r:system_adbd_prop:s0 tclass=file permissive=1
11-11 00:03:39.158 22730 22730 I auditd : type=1400 audit(0.0:56058): avc: denied { open } for comm="adbd" path="/dev/__properties__/u:object_r:system_prop:s0" dev="tmpfs" ino=14365 scontext=u:r:su:s0 tcontext=u:object_r:system_prop:s0 tclass=file permissive=1
11-11 00:03:39.158 22730 22730 I auditd : type=1400 audit(0.0:56059): avc: denied { getattr } for comm="adbd" path="/dev/__properties__/u:object_r:system_prop:s0" dev="tmpfs" ino=14365 scontext=u:r:su:s0 tcontext=u:object_r:system_prop:s0 tclass=file permissive=1
11-11 00:03:39.158 22730 22730 I auditd : type=1400 audit(0.0:56060): avc: denied { map } for comm="adbd" path="/dev/__properties__/u:object_r:system_prop:s0" dev="tmpfs" ino=14365 scontext=u:r:su:s0 tcontext=u:object_r:system_prop:s0 tclass=file permissive=1
11-11 00:03:39.530 1542 1696 I am_uid_running: 10020
11-11 00:03:39.560 1542 1697 I am_proc_start: [0,22741,10020,android.process.media,broadcast,{com.android.mtp/com.android.mtp.MtpReceiver}]
11-11 00:03:39.598 1542 3091 I am_proc_bound: [0,22741,android.process.media]
11-11 00:03:39.739 1542 22853 I am_uid_running: 10116
11-11 00:03:39.741 1542 22853 I am_kill : [0,21006,com.android.providers.calendar,905,empty #2]
11-11 00:03:39.762 1542 1693 I am_pss : [18498,10104,com.tencent.android.qqdownloader:daemon,119175168,92246016,43008,277684224,0,4,17]
11-11 00:03:39.763 1542 1697 I am_proc_start: [0,22762,10116,com.hunantv.imgo.activity:pushservice,broadcast,{com.hunantv.imgo.activity/com.dm.sl.AccountReceiver}]
11-11 00:03:39.770 1542 1693 I am_pss : [20794,10070,com.android.webview:webview_service,22309888,7290880,366592,82542592,0,4,6]
11-11 00:03:39.779 1542 1693 I am_pss : [20863,99031,com.android.webview:sandboxed_process0:org.chromium.content.app.SandboxedProcessService0:0,62769152,46829568,367616,120455168,0,4,8]
11-11 00:03:39.785 1542 22853 I am_proc_died: [0,21006,com.android.providers.calendar,905,19]
11-11 00:03:39.786 1542 22853 I am_uid_stopped: 10025
11-11 00:03:39.789 1542 3091 I am_proc_bound: [0,22762,com.hunantv.imgo.activity:pushservice]
11-11 00:03:39.814 515 515 I auditd : avc: denied { find } for pid=22778 uid=0 name=settings scontext=u:r:su:s0 tcontext=u:object_r:settings_service:s0 tclass=service_manager permissive=1
11-11 00:03:40.172 1542 1833 I commit_sys_config_file: [settings-0-0,9]
11-11 00:03:40.238 22807 22807 I auditd : type=1400 audit(0.0:56157): avc: denied { dac_override } for comm="sh" capability=1 scontext=u:r:su:s0 tcontext=u:r:su:s0 tclass=capability permissive=1
11-11 00:03:40.238 22807 22807 I auditd : type=1400 audit(0.0:56158): avc: denied { getattr } for comm="sh" path="/system/bin/toolbox" dev="dm-5" ino=1387 scontext=u:r:su:s0 tcontext=u:object_r:toolbox_exec:s0 tclass=file permissive=1
11-11 00:03:40.238 22807 22807 I auditd : type=1400 audit(0.0:56159): avc: denied { execute } for comm="sh" name="toolbox" dev="dm-5" ino=1387 scontext=u:r:su:s0 tcontext=u:object_r:toolbox_exec:s0 tclass=file permissive=1
11-11 00:03:40.238 22807 22807 I auditd : type=1400 audit(0.0:56160): avc: denied { read open } for comm="sh" path="/system/bin/toolbox" dev="dm-5" ino=1387 scontext=u:r:su:s0 tcontext=u:object_r:toolbox_exec:s0 tclass=file permissive=1
11-11 00:03:40.238 22807 22807 I auditd : type=1400 audit(0.0:56161): avc: denied { execute_no_trans } for comm="sh" path="/system/bin/toolbox" dev="dm-5" ino=1387 scontext=u:r:su:s0 tcontext=u:object_r:toolbox_exec:s0 tclass=file permissive=1
11-11 00:03:40.269 1542 22853 I am_kill : [0,22741,android.process.media,905,empty #2]
11-11 00:03:40.290 1542 22853 I am_proc_died: [0,22741,android.process.media,905,19]
11-11 00:03:40.290 1542 22853 I am_uid_stopped: 10020
11-11 00:03:40.362 1542 1833 I commit_sys_config_file: [settings-1-0,3]
11-11 00:03:40.461 515 515 I auditd : avc: denied { find } for pid=22817 uid=0 name=activity scontext=u:r:su:s0 tcontext=u:object_r:activity_service:s0 tclass=service_manager permissive=1
11-11 00:03:40.473 1542 1877 I am_uid_running: 10025
11-11 00:03:40.491 1542 1697 I am_proc_start: [0,22820,10025,com.android.providers.calendar,content provider,{com.android.providers.calendar/com.android.providers.calendar.CalendarProvider2}]
11-11 00:03:40.523 1542 20554 I am_proc_bound: [0,22820,com.android.providers.calendar]
11-11 00:03:40.528 1542 20554 I am_uid_active: 10025
11-11 00:03:48.022 22730 22730 I auditd : type=1400 audit(0.0:56177): avc: denied { write } for comm="adbd" path="socket:[2344083]" dev="sockfs" ino=2344083 scontext=u:r:su:s0 tcontext=u:r:adbd:s0 tclass=unix_stream_socket permissive=1
11-11 00:03:48.022 22730 22730 I auditd : type=1400 audit(0.0:56178): avc: denied { read } for comm="adbd" path="socket:[2344084]" dev="sockfs" ino=2344084 scontext=u:r:su:s0 tcontext=u:r:adbd:s0 tclass=unix_stream_socket permissive=1
11-11 00:03:48.050 22730 22730 I auditd : type=1400 audit(0.0:56179): avc: denied { dac_read_search } for comm=75736220666673206F70656E capability=2 scontext=u:r:su:s0 tcontext=u:r:su:s0 tclass=capability permissive=1
11-11 00:03:48.050 22730 22730 I auditd : type=1400 audit(0.0:56180): avc: denied { search } for comm=75736220666673206F70656E name="/" dev="functionfs" ino=18924 scontext=u:r:su:s0 tcontext=u:object_r:functionfs:s0 tclass=dir permissive=1
11-11 00:03:48.050 22730 22730 I auditd : type=1400 audit(0.0:56181): avc: denied { dac_override } for comm=75736220666673206F70656E capability=1 scontext=u:r:su:s0 tcontext=u:r:su:s0 tclass=capability permissive=1
11-11 00:03:50.140 1542 1542 I am_uid_running: 10106
11-11 00:03:50.153 1542 1934 I sync : [com.tencent.android.qqdownloader.YYBLiveAccountProvider,0,3,24220937]
11-11 00:03:50.169 1542 1697 I am_proc_start: [0,22861,10106,com.smile.gifmaker,service,{com.smile.gifmaker/androidx.work.impl.background.systemjob.SystemJobService}]
11-11 00:03:50.175 1542 1934 I sync : [com.tencent.android.qqdownloader.YYBLiveAccountProvider,1,3,24220937]
11-11 00:03:50.177 1542 1934 I commit_sys_config_file: [sync-status,9290092]
11-11 00:03:50.187 1542 1934 I sync : [com.tencent.android.qqdownloader.YYBLiveAccountProvider,0,3,24220937]
11-11 00:03:50.182 22861 22861 I auditd : type=1400 audit(0.0:56186): avc: denied { connectto } for comm=4144422D4A44575020436F6E6E6563 path=006A6477702D636F6E74726F6C scontext=u:r:untrusted_app_29:s0:c106,c256,c512,c768 tcontext=u:r:su:s0 tclass=unix_stream_socket permissive=1 app=com.smile.gifmaker
11-11 00:03:50.198 1542 15389 I am_proc_bound: [0,22861,com.smile.gifmaker]
11-11 00:03:50.217 1542 1934 I sync : [com.tencent.android.qqdownloader.YYBLiveAccountProvider,1,3,24220937]
11-11 00:03:50.219 1542 1934 I commit_sys_config_file: [sync-status,9290134]
11-11 00:03:50.362 22861 22861 I auditd : type=1400 audit(0.0:56187): avc: denied { open } for comm="dfp_oaid_thread" path="/dev/__properties__/u:object_r:vendor_default_prop:s0" dev="tmpfs" ino=14420 scontext=u:r:untrusted_app_29:s0:c106,c256,c512,c768 tcontext=u:object_r:vendor_default_prop:s0 tclass=file permissive=1 app=com.smile.gifmaker
11-11 00:03:50.362 22861 22861 I auditd : type=1400 audit(0.0:56188): avc: denied { getattr } for comm="dfp_oaid_thread" path="/dev/__properties__/u:object_r:vendor_default_prop:s0" dev="tmpfs" ino=14420 scontext=u:r:untrusted_app_29:s0:c106,c256,c512,c768 tcontext=u:object_r:vendor_default_prop:s0 tclass=file permissive=1 app=com.smile.gifmaker
11-11 00:03:50.362 22861 22861 I auditd : type=1400 audit(0.0:56189): avc: denied { map } for comm="dfp_oaid_thread" path="/dev/__properties__/u:object_r:vendor_default_prop:s0" dev="tmpfs" ino=14420 scontext=u:r:untrusted_app_29:s0:c106,c256,c512,c768 tcontext=u:object_r:vendor_default_prop:s0 tclass=file permissive=1 app=com.smile.gifmaker
11-11 00:03:50.954 1542 3021 I am_kill : [0,22762,com.hunantv.imgo.activity:pushservice,905,empty #2]
11-11 00:03:51.031 1542 1542 I sysui_multi_action: [757,128,758,5,759,8,793,1181578100,794,1173455262,795,1181578100,796,32,806,android,857,USB,858,1,947,0,1500,1181577810,1688,1]
11-11 00:03:51.031 1542 1542 I notification_canceled: [-1|android|32|null|1000,8,1181578100,1181578100,1173455262,-1,-1,NULL]
11-11 00:03:51.031 1542 1542 I sysui_multi_action: [757,128,758,5,759,8,793,1181577534,794,1173455262,795,1181577534,796,26,806,android,857,DEVELOPER_IMPORTANT,858,4,947,0,1500,1181577135,1688,1]
11-11 00:03:51.031 1542 1542 I notification_canceled: [-1|android|26|null|1000,8,1181577534,1181577534,1173455262,-1,-1,NULL]
11-11 00:03:51.032 1542 1696 I am_uid_running: 10020
11-11 00:03:51.042 1542 1697 I am_proc_start: [0,23013,10020,android.process.media,broadcast,{com.android.mtp/com.android.mtp.MtpReceiver}]
11-11 00:03:51.054 23013 23013 I auditd : type=1400 audit(0.0:56190): avc: denied { connectto } for comm=4144422D4A44575020436F6E6E6563 path=006A6477702D636F6E74726F6C scontext=u:r:mediaprovider:s0:c512,c768 tcontext=u:r:su:s0 tclass=unix_stream_socket permissive=1
11-11 00:03:51.071 1542 25637 I am_proc_bound: [0,23013,android.process.media]
11-11 00:03:51.081 1542 3021 I am_proc_died: [0,22762,com.hunantv.imgo.activity:pushservice,905,19]
11-11 00:03:51.081 1542 3021 I am_uid_stopped: 10116
11-11 00:03:51.112 1542 3021 I am_uid_running: 10116
11-11 00:03:51.113 1542 3021 I am_kill : [0,22861,com.smile.gifmaker,905,empty #2]
11-11 00:03:51.121 1542 1697 I am_proc_start: [0,23037,10116,com.hunantv.imgo.activity:pushservice,broadcast,{com.hunantv.imgo.activity/com.dm.sl.AccountReceiver}]
11-11 00:03:51.134 1542 1693 I am_pss : [6739,10123,com.tencent.mobileqq,367714304,323223552,41984,529809408,0,2,31]
11-11 00:03:51.166 1542 3021 I am_proc_bound: [0,23037,com.hunantv.imgo.activity:pushservice]
11-11 00:03:51.215 1542 5785 I am_proc_died: [0,22861,com.smile.gifmaker,905,19]
11-11 00:03:51.216 1542 5785 I am_uid_stopped: 10106
11-11 00:03:51.270 23059 23059 I auditd : type=1400 audit(0.0:56192): avc: denied { open } for comm="ps" path="/proc/sys/kernel/pid_max" dev="proc" ino=2344406 scontext=u:r:untrusted_app:s0:c116,c256,c512,c768 tcontext=u:object_r:proc_pid_max:s0 tclass=file permissive=1 app=com.hunantv.imgo.activity
11-11 00:03:51.374 1542 25637 I am_kill : [0,23013,android.process.media,905,empty #2]
11-11 00:03:51.400 1542 3021 I am_proc_died: [0,23013,android.process.media,905,19]
11-11 00:03:51.400 1542 3021 I am_uid_stopped: 10020
11-11 00:03:52.188 1542 1659 I commit_sys_config_file: [jobs,9]
11-11 00:03:56.103 1542 1696 I am_uid_idle: 10122
11-11 00:03:56.103 1542 1696 I am_stop_idle_service: [10122,com.qiyi.video.pad/com.ss.android.socialbase.downloader.notification.DownloadNotificationService]
11-11 00:03:56.103 1542 1696 I am_stop_idle_service: [10122,com.qiyi.video.pad/com.iqiyi.video.download.filedownload.QiyiDownloadCoreService]
11-11 00:03:56.103 1542 1696 I am_stop_idle_service: [10122,com.qiyi.video.pad/com.iqiyi.video.download.QiyiDownloadCenterService]
11-11 00:03:56.103 1542 1696 I am_stop_idle_service: [10122,com.qiyi.video.pad/org.qiyi.video.module.icommunication.ipc.HostService]
11-11 00:03:56.103 1542 1696 I am_stop_idle_service: [10122,com.qiyi.video.pad/org.qiyi.video.nativelib.pm.LibraryManagerService]
11-11 00:03:56.104 1542 1696 I am_stop_idle_service: [10122,com.qiyi.video.pad/org.qiyi.android.plugin.ipc.IPCService0]
11-11 00:03:56.104 1542 1696 I am_stop_idle_service: [10122,com.qiyi.video.pad/com.iqiyi.hcim.service.IMService]
11-11 00:03:56.104 1542 1696 I am_stop_idle_service: [10122,com.qiyi.video.pad/com.qq.e.comm.DownloadService]
11-11 00:03:56.104 1542 1696 I am_stop_idle_service: [10122,com.qiyi.video.pad/org.qiyi.pluginlibrary.pm.PluginPackageManagerService]
11-11 00:03:56.114 1542 25637 I am_kill : [0,23037,com.hunantv.imgo.activity:pushservice,905,empty #2]
11-11 00:03:56.116 1542 25637 I am_kill : [0,21518,com.qiyi.video.pad:downloader,905,empty #3]
11-11 00:03:56.143 1542 25637 I am_proc_died: [0,23037,com.hunantv.imgo.activity:pushservice,905,19]
11-11 00:03:56.143 1542 25637 I am_uid_stopped: 10116
11-11 00:03:56.156 1542 25637 I am_proc_died: [0,21518,com.qiyi.video.pad:downloader,905,19]
11-11 00:03:56.159 1542 25637 I am_schedule_service_restart: [0,com.qiyi.video.pad/com.iqiyi.video.download.filedownload.QiyiDownloadCoreService,1000]
11-11 00:03:56.159 1542 25637 I am_schedule_service_restart: [0,com.qiyi.video.pad/com.iqiyi.video.download.QiyiDownloadCenterService,10999]
11-11 00:03:57.175 1542 1697 I am_proc_start: [0,23085,10122,com.qiyi.video.pad:downloader,service,{com.qiyi.video.pad/com.iqiyi.video.download.filedownload.QiyiDownloadCoreService}]
11-11 00:03:57.186 23085 23085 I auditd : type=1400 audit(0.0:56193): avc: denied { connectto } for comm=4144422D4A44575020436F6E6E6563 path=006A6477702D636F6E74726F6C scontext=u:r:untrusted_app:s0:c122,c256,c512,c768 tcontext=u:r:su:s0 tclass=unix_stream_socket permissive=1
11-11 00:03:57.203 1542 8817 I am_proc_bound: [0,23085,com.qiyi.video.pad:downloader]
11-11 00:03:57.600 1542 1542 I notification_enqueue: [10104,18498,com.tencent.android.qqdownloader,127,NULL,0,Notification(channel=channel_id_default_silent shortcut=null contentView=com.tencent.android.qqdownloader/0x7f0a01c2 vibrate=null sound=null defaults=0x0 flags=0x2a2 color=0x00000000 groupKey=com.tencent.android.qqdownloader vis=PRIVATE),1]
11-11 00:03:57.736 1542 7238 I am_kill : [0,21034,com.qiyi.video.pad,905,empty #2]
11-11 00:03:57.826 1542 7238 I am_proc_died: [0,21034,com.qiyi.video.pad,905,19]
11-11 00:03:57.851 1542 1697 I am_proc_start: [0,23160,10122,com.qiyi.video.pad,content provider,{com.qiyi.video.pad/com.qiyi.baselib.privacy.provider.QiyiApiProvider}]
11-11 00:03:57.886 1542 12010 I am_proc_bound: [0,23160,com.qiyi.video.pad]
11-11 00:03:58.298 23085 23085 I auditd : type=1400 audit(0.0:56194): avc: denied { read } for comm=".pad:downloader" name="sdcard" dev="tmpfs" ino=15588 scontext=u:r:untrusted_app:s0:c122,c256,c512,c768 tcontext=u:object_r:mnt_sdcard_file:s0 tclass=lnk_file permissive=1 app=com.qiyi.video.pad
11-11 00:03:58.478 1542 1584 I am_kill : [0,23085,com.qiyi.video.pad:downloader,915,empty #2]
11-11 00:03:58.679 1542 12010 I am_proc_died: [0,23085,com.qiyi.video.pad:downloader,915,19]
11-11 00:03:58.725 1542 1659 I commit_sys_config_file: [notification-policy,9302839]
11-11 00:03:59.034 23160 23160 I auditd : type=1400 audit(0.0:56195): avc: granted { execute } for comm="AutoName_com/qq" path="/data/data/com.qiyi.video.pad/app_e_qq_com_plugin_ca0ffe0316f03d1c1d53c9e09ab32d88/libyaqpro.7fcace71.so" dev="dm-10" ino=1012457 scontext=u:r:untrusted_app:s0:c122,c256,c512,c768 tcontext=u:object_r:app_data_file:s0:c122,c256,c512,c768 tclass=file app=com.qiyi.video.pad
11-11 00:03:59.046 23160 23160 I auditd : type=1400 audit(0.0:56196): avc: granted { execute } for comm="AutoName_com/qq" path="/data/data/com.qiyi.video.pad/app_e_qq_com_plugin_ca0ffe0316f03d1c1d53c9e09ab32d88/libyaqbasic.7fcace71.so" dev="dm-10" ino=1012458 scontext=u:r:untrusted_app:s0:c122,c256,c512,c768 tcontext=u:object_r:app_data_file:s0:c122,c256,c512,c768 tclass=file app=com.qiyi.video.pad
11-11 00:03:59.054 23160 23160 I auditd : type=1400 audit(0.0:56197): avc: granted { execute } for comm="AutoName_com/qq" path="/data/data/com.qiyi.video.pad/app_e_qq_com_plugin_ca0ffe0316f03d1c1d53c9e09ab32d88/libMMANDKSignature.7fcace71.so" dev="dm-10" ino=1012459 scontext=u:r:untrusted_app:s0:c122,c256,c512,c768 tcontext=u:object_r:app_data_file:s0:c122,c256,c512,c768 tclass=file app=com.qiyi.video.pad
11-11 00:03:59.054 23160 23160 I auditd : type=1400 audit(0.0:56198): avc: denied { open } for comm="AutoName_org/qi" path="/dev/__properties__/u:object_r:vendor_default_prop:s0" dev="tmpfs" ino=14420 scontext=u:r:untrusted_app:s0:c122,c256,c512,c768 tcontext=u:object_r:vendor_default_prop:s0 tclass=file permissive=1 app=com.qiyi.video.pad
11-11 00:03:59.054 23160 23160 I auditd : type=1400 audit(0.0:56199): avc: denied { getattr } for comm="AutoName_org/qi" path="/dev/__properties__/u:object_r:vendor_default_prop:s0" dev="tmpfs" ino=14420 scontext=u:r:untrusted_app:s0:c122,c256,c512,c768 tcontext=u:object_r:vendor_default_prop:s0 tclass=file permissive=1 app=com.qiyi.video.pad
11-11 00:03:59.054 23160 23160 I auditd : type=1400 audit(0.0:56200): avc: denied { map } for comm="AutoName_org/qi" path="/dev/__properties__/u:object_r:vendor_default_prop:s0" dev="tmpfs" ino=14420 scontext=u:r:untrusted_app:s0:c122,c256,c512,c768 tcontext=u:object_r:vendor_default_prop:s0 tclass=file permissive=1 app=com.qiyi.video.pad
11-11 00:03:59.054 23160 23160 I auditd : type=1400 audit(0.0:56201): avc: granted { execute } for comm="AutoName_com/qq" path="/data/data/com.qiyi.video.pad/app_e_qq_com_plugin_ca0ffe0316f03d1c1d53c9e09ab32d88/libturingau.7fcace71.so" dev="dm-10" ino=1012460 scontext=u:r:untrusted_app:s0:c122,c256,c512,c768 tcontext=u:object_r:app_data_file:s0:c122,c256,c512,c768 tclass=file app=com.qiyi.video.pad
11-11 00:03:59.549 1542 1697 I am_proc_start: [0,23472,10122,com.qiyi.video.pad:downloader,service,{com.qiyi.video.pad/com.iqiyi.video.download.filedownload.QiyiDownloadCoreService}]
11-11 00:03:59.581 1542 12010 I am_proc_bound: [0,23472,com.qiyi.video.pad:downloader]
11-11 00:04:00.388 1542 2127 I am_kill : [0,23160,com.qiyi.video.pad,905,empty #2]
11-11 00:04:00.460 1542 2127 I am_proc_died: [0,23160,com.qiyi.video.pad,905,19]
11-11 00:04:00.480 1542 1697 I am_proc_start: [0,23582,10122,com.qiyi.video.pad,content provider,{com.qiyi.video.pad/com.qiyi.baselib.privacy.provider.QiyiApiProvider}]
11-11 00:04:00.494 23582 23582 I auditd : type=1400 audit(0.0:56209): avc: denied { connectto } for comm=4144422D4A44575020436F6E6E6563 path=006A6477702D636F6E74726F6C scontext=u:r:untrusted_app:s0:c122,c256,c512,c768 tcontext=u:r:su:s0 tclass=unix_stream_socket permissive=1
11-11 00:04:00.513 1542 15389 I am_proc_bound: [0,23582,com.qiyi.video.pad]
11-11 00:04:00.926 23472 23472 I auditd : type=1400 audit(0.0:56210): avc: denied { read } for comm=".pad:downloader" name="sdcard" dev="tmpfs" ino=15588 scontext=u:r:untrusted_app:s0:c122,c256,c512,c768 tcontext=u:object_r:mnt_sdcard_file:s0 tclass=lnk_file permissive=1 app=com.qiyi.video.pad
11-11 00:04:01.049 1542 2127 I am_kill : [0,23472,com.qiyi.video.pad:downloader,915,empty #2]
11-11 00:04:01.239 1542 15389 I am_proc_died: [0,23472,com.qiyi.video.pad:downloader,915,19]
11-11 00:04:01.658 23582 23582 I auditd : type=1400 audit(0.0:56211): avc: denied { open } for comm="AutoName_org/qi" path="/dev/__properties__/u:object_r:vendor_default_prop:s0" dev="tmpfs" ino=14420 scontext=u:r:untrusted_app:s0:c122,c256,c512,c768 tcontext=u:object_r:vendor_default_prop:s0 tclass=file permissive=1 app=com.qiyi.video.pad
11-11 00:04:01.658 23582 23582 I auditd : type=1400 audit(0.0:56212): avc: denied { getattr } for comm="AutoName_org/qi" path="/dev/__properties__/u:object_r:vendor_default_prop:s0" dev="tmpfs" ino=14420 scontext=u:r:untrusted_app:s0:c122,c256,c512,c768 tcontext=u:object_r:vendor_default_prop:s0 tclass=file permissive=1 app=com.qiyi.video.pad
11-11 00:04:01.658 23582 23582 I auditd : type=1400 audit(0.0:56213): avc: denied { map } for comm="AutoName_org/qi" path="/dev/__properties__/u:object_r:vendor_default_prop:s0" dev="tmpfs" ino=14420 scontext=u:r:untrusted_app:s0:c122,c256,c512,c768 tcontext=u:object_r:vendor_default_prop:s0 tclass=file permissive=1 app=com.qiyi.video.pad
11-11 00:04:01.682 23582 23582 I auditd : type=1400 audit(0.0:56214): avc: denied { read } for comm="PlayerLoadLib" name="sdcard" dev="tmpfs" ino=15588 scontext=u:r:untrusted_app:s0:c122,c256,c512,c768 tcontext=u:object_r:mnt_sdcard_file:s0 tclass=lnk_file permissive=1 app=com.qiyi.video.pad
11-11 00:04:01.830 23582 23582 I auditd : type=1400 audit(0.0:56215): avc: denied { open } for comm="PlayerLoadLib" path="/proc/stat" dev="proc" ino=4026532245 scontext=u:r:untrusted_app:s0:c122,c256,c512,c768 tcontext=u:object_r:proc_stat:s0 tclass=file permissive=1 app=com.qiyi.video.pad
11-11 00:04:02.038 23582 23582 I auditd : type=1400 audit(0.0:56216): avc: denied { open } for comm="PlayerLoadLib" path="/proc/stat" dev="proc" ino=4026532245 scontext=u:r:untrusted_app:s0:c122,c256,c512,c768 tcontext=u:object_r:proc_stat:s0 tclass=file permissive=1 app=com.qiyi.video.pad
11-11 00:04:02.038 23582 23582 I auditd : type=1400 audit(0.0:56217): avc: denied { getattr } for comm="PlayerLoadLib" path="/proc/stat" dev="proc" ino=4026532245 scontext=u:r:untrusted_app:s0:c122,c256,c512,c768 tcontext=u:object_r:proc_stat:s0 tclass=file permissive=1 app=com.qiyi.video.pad
11-11 00:04:02.046 23582 23582 I auditd : type=1400 audit(0.0:56218): avc: granted { execute } for comm="AutoName_com/qq" path="/data/data/com.qiyi.video.pad/app_e_qq_com_plugin_ca0ffe0316f03d1c1d53c9e09ab32d88/libyaqpro.7fcace71.so" dev="dm-10" ino=1012457 scontext=u:r:untrusted_app:s0:c122,c256,c512,c768 tcontext=u:object_r:app_data_file:s0:c122,c256,c512,c768 tclass=file app=com.qiyi.video.pad
11-11 00:04:02.208 1542 1697 I am_proc_start: [0,23892,10122,com.qiyi.video.pad:downloader,service,{com.qiyi.video.pad/com.iqiyi.video.download.filedownload.QiyiDownloadCoreService}]
11-11 00:04:02.235 1542 7238 I am_proc_bound: [0,23892,com.qiyi.video.pad:downloader]
11-11 00:04:02.882 1542 15389 I am_kill : [0,23582,com.qiyi.video.pad,905,empty #2]
11-11 00:04:02.956 1542 7238 I am_proc_died: [0,23582,com.qiyi.video.pad,905,19]
11-11 00:04:02.976 1542 1697 I am_proc_start: [0,23998,10122,com.qiyi.video.pad,content provider,{com.qiyi.video.pad/com.qiyi.baselib.privacy.provider.QiyiApiProvider}]
11-11 00:04:03.001 1542 11710 I am_proc_bound: [0,23998,com.qiyi.video.pad]
11-11 00:04:03.414 23892 23892 I auditd : type=1400 audit(0.0:56222): avc: denied { read } for comm=".pad:downloader" name="sdcard" dev="tmpfs" ino=15588 scontext=u:r:untrusted_app:s0:c122,c256,c512,c768 tcontext=u:object_r:mnt_sdcard_file:s0 tclass=lnk_file permissive=1 app=com.qiyi.video.pad
11-11 00:04:03.525 1542 11710 I am_kill : [0,23892,com.qiyi.video.pad:downloader,915,empty #2]
11-11 00:04:03.718 1542 7238 I am_proc_died: [0,23892,com.qiyi.video.pad:downloader,915,19]
11-11 00:04:04.042 23998 23998 I auditd : type=1400 audit(0.0:56223): avc: denied { open } for comm="AutoName_org/qi" path="/dev/__properties__/u:object_r:vendor_default_prop:s0" dev="tmpfs" ino=14420 scontext=u:r:untrusted_app:s0:c122,c256,c512,c768 tcontext=u:object_r:vendor_default_prop:s0 tclass=file permissive=1 app=com.qiyi.video.pad
11-11 00:04:04.042 23998 23998 I auditd : type=1400 audit(0.0:56224): avc: denied { getattr } for comm="AutoName_org/qi" path="/dev/__properties__/u:object_r:vendor_default_prop:s0" dev="tmpfs" ino=14420 scontext=u:r:untrusted_app:s0:c122,c256,c512,c768 tcontext=u:object_r:vendor_default_prop:s0 tclass=file permissive=1 app=com.qiyi.video.pad
11-11 00:04:04.042 23998 23998 I auditd : type=1400 audit(0.0:56225): avc: denied { map } for comm="AutoName_org/qi" path="/dev/__properties__/u:object_r:vendor_default_prop:s0" dev="tmpfs" ino=14420 scontext=u:r:untrusted_app:s0:c122,c256,c512,c768 tcontext=u:object_r:vendor_default_prop:s0 tclass=file permissive=1 app=com.qiyi.video.pad
11-11 00:04:04.090 23998 23998 I auditd : type=1400 audit(0.0:56226): avc: granted { execute } for comm="AutoName_com/qq" path="/data/data/com.qiyi.video.pad/app_e_qq_com_plugin_ca0ffe0316f03d1c1d53c9e09ab32d88/libyaqpro.7fcace71.so" dev="dm-10" ino=1012457 scontext=u:r:untrusted_app:s0:c122,c256,c512,c768 tcontext=u:object_r:app_data_file:s0:c122,c256,c512,c768 tclass=file app=com.qiyi.video.pad
11-11 00:04:04.478 23998 23998 I auditd : type=1400 audit(0.0:56231): avc: denied { getattr } for comm="PlayerLoadLib" path="/proc/stat" dev="proc" ino=4026532245 scontext=u:r:untrusted_app:s0:c122,c256,c512,c768 tcontext=u:object_r:proc_stat:s0 tclass=file permissive=1 app=com.qiyi.video.pad
11-11 00:04:04.667 1542 1697 I am_proc_start: [0,24308,10122,com.qiyi.video.pad:downloader,service,{com.qiyi.video.pad/com.iqiyi.video.download.filedownload.QiyiDownloadCoreService}]
11-11 00:04:04.682 24308 24308 I auditd : type=1400 audit(0.0:56232): avc: denied { connectto } for comm=4144422D4A44575020436F6E6E6563 path=006A6477702D636F6E74726F6C scontext=u:r:untrusted_app:s0:c122,c256,c512,c768 tcontext=u:r:su:s0 tclass=unix_stream_socket permissive=1
11-11 00:04:04.695 1542 15389 I am_proc_bound: [0,24308,com.qiyi.video.pad:downloader]
11-11 00:04:05.371 1542 15389 I am_kill : [0,23998,com.qiyi.video.pad,905,empty #2]
11-11 00:04:05.450 1542 15389 I am_proc_died: [0,23998,com.qiyi.video.pad,905,19]
11-11 00:04:05.486 1542 1697 I am_proc_start: [0,24419,10122,com.qiyi.video.pad,content provider,{com.qiyi.video.pad/com.qiyi.baselib.privacy.provider.QiyiApiProvider}]
11-11 00:04:05.510 24419 24419 I auditd : type=1400 audit(0.0:56233): avc: denied { connectto } for comm=4144422D4A44575020436F6E6E6563 path=006A6477702D636F6E74726F6C scontext=u:r:untrusted_app:s0:c122,c256,c512,c768 tcontext=u:r:su:s0 tclass=unix_stream_socket permissive=1
11-11 00:04:05.523 1542 2701 I am_proc_bound: [0,24419,com.qiyi.video.pad]
11-11 00:04:05.938 24308 24308 I auditd : type=1400 audit(0.0:56234): avc: denied { read } for comm=".pad:downloader" name="sdcard" dev="tmpfs" ino=15588 scontext=u:r:untrusted_app:s0:c122,c256,c512,c768 tcontext=u:object_r:mnt_sdcard_file:s0 tclass=lnk_file permissive=1 app=com.qiyi.video.pad
11-11 00:04:06.042 1542 15389 I am_kill : [0,24308,com.qiyi.video.pad:downloader,915,empty #2]
11-11 00:04:06.125 1542 2701 I am_proc_died: [0,24308,com.qiyi.video.pad:downloader,915,19]
11-11 00:04:06.590 24419 24419 I auditd : type=1400 audit(0.0:56235): avc: denied { open } for comm="AutoName_org/qi" path="/dev/__properties__/u:object_r:vendor_default_prop:s0" dev="tmpfs" ino=14420 scontext=u:r:untrusted_app:s0:c122,c256,c512,c768 tcontext=u:object_r:vendor_default_prop:s0 tclass=file permissive=1 app=com.qiyi.video.pad
11-11 00:04:06.590 24419 24419 I auditd : type=1400 audit(0.0:56236): avc: denied { getattr } for comm="AutoName_org/qi" path="/dev/__properties__/u:object_r:vendor_default_prop:s0" dev="tmpfs" ino=14420 scontext=u:r:untrusted_app:s0:c122,c256,c512,c768 tcontext=u:object_r:vendor_default_prop:s0 tclass=file permissive=1 app=com.qiyi.video.pad
11-11 00:04:06.590 24419 24419 I auditd : type=1400 audit(0.0:56237): avc: denied { map } for comm="AutoName_org/qi" path="/dev/__properties__/u:object_r:vendor_default_prop:s0" dev="tmpfs" ino=14420 scontext=u:r:untrusted_app:s0:c122,c256,c512,c768 tcontext=u:object_r:vendor_default_prop:s0 tclass=file permissive=1 app=com.qiyi.video.pad
11-11 00:04:06.646 24419 24419 I auditd : type=1400 audit(0.0:56238): avc: granted { execute } for comm="AutoName_com/qq" path="/data/data/com.qiyi.video.pad/app_e_qq_com_plugin_ca0ffe0316f03d1c1d53c9e09ab32d88/libyaqpro.7fcace71.so" dev="dm-10" ino=1012457 scontext=u:r:untrusted_app:s0:c122,c256,c512,c768 tcontext=u:object_r:app_data_file:s0:c122,c256,c512,c768 tclass=file app=com.qiyi.video.pad
11-11 00:04:06.686 24419 24419 I auditd : type=1400 audit(0.0:56239): avc: granted { execute } for comm="AutoName_com/qq" path="/data/data/com.qiyi.video.pad/app_e_qq_com_plugin_ca0ffe0316f03d1c1d53c9e09ab32d88/libyaqbasic.7fcace71.so" dev="dm-10" ino=1012458 scontext=u:r:untrusted_app:s0:c122,c256,c512,c768 tcontext=u:object_r:app_data_file:s0:c122,c256,c512,c768 tclass=file app=com.qiyi.video.pad
11-11 00:04:06.686 24419 24419 I auditd : type=1400 audit(0.0:56240): avc: granted { execute } for comm="AutoName_com/qq" path="/data/data/com.qiyi.video.pad/app_e_qq_com_plugin_ca0ffe0316f03d1c1d53c9e09ab32d88/libMMANDKSignature.7fcace71.so" dev="dm-10" ino=1012459 scontext=u:r:untrusted_app:s0:c122,c256,c512,c768 tcontext=u:object_r:app_data_file:s0:c122,c256,c512,c768 tclass=file app=com.qiyi.video.pad
11-11 00:04:07.177 1542 1697 I am_proc_start: [0,24725,10122,com.qiyi.video.pad:downloader,service,{com.qiyi.video.pad/com.iqiyi.video.download.filedownload.QiyiDownloadCoreService}]
11-11 00:04:07.201 1542 4822 I am_proc_bound: [0,24725,com.qiyi.video.pad:downloader]
11-11 00:04:07.766 1542 1696 I am_wtf : [0,1542,system_server,-1,ActivityManager,Sending non-protected broadcast com.thundercomm.active.state from system 2164:com.thundercomm.microsettings/1000 pkg com.thundercomm.microsettings]
11-11 00:04:07.919 1542 12437 I am_kill : [0,24419,com.qiyi.video.pad,905,empty #2]
11-11 00:04:07.990 1542 12437 I am_proc_died: [0,24419,com.qiyi.video.pad,905,19]
11-11 00:04:08.005 1542 1693 I am_pss : [22820,10025,com.android.providers.calendar,9285632,5042176,1670144,89632768,0,19,6]
11-11 00:04:08.011 1542 1697 I am_proc_start: [0,24831,10122,com.qiyi.video.pad,content provider,{com.qiyi.video.pad/com.qiyi.baselib.privacy.provider.QiyiApiProvider}]
11-11 00:04:08.026 24831 24831 I auditd : type=1400 audit(0.0:56245): avc: denied { connectto } for comm=4144422D4A44575020436F6E6E6563 path=006A6477702D636F6E74726F6C scontext=u:r:untrusted_app:s0:c122,c256,c512,c768 tcontext=u:r:su:s0 tclass=unix_stream_socket permissive=1
11-11 00:04:08.038 1542 3472 I am_proc_bound: [0,24831,com.qiyi.video.pad]
11-11 00:04:08.446 24725 24725 I auditd : type=1400 audit(0.0:56246): avc: denied { read } for comm=".pad:downloader" name="sdcard" dev="tmpfs" ino=15588 scontext=u:r:untrusted_app:s0:c122,c256,c512,c768 tcontext=u:object_r:mnt_sdcard_file:s0 tclass=lnk_file permissive=1 app=com.qiyi.video.pad
11-11 00:04:08.551 1542 12437 I am_kill : [0,24725,com.qiyi.video.pad:downloader,915,empty #2]
11-11 00:04:08.552 1542 12437 I am_kill : [0,22820,com.android.providers.calendar,905,empty #3]
11-11 00:04:08.659 1542 1584 I am_proc_died: [0,22820,com.android.providers.calendar,905,19]
11-11 00:04:08.660 1542 1584 I am_uid_stopped: 10025
11-11 00:04:08.754 1542 12437 I am_proc_died: [0,24725,com.qiyi.video.pad:downloader,915,19]
11-11 00:04:09.066 24831 24831 I auditd : type=1400 audit(0.0:56247): avc: denied { open } for comm="AutoName_org/qi" path="/dev/__properties__/u:object_r:vendor_default_prop:s0" dev="tmpfs" ino=14420 scontext=u:r:untrusted_app:s0:c122,c256,c512,c768 tcontext=u:object_r:vendor_default_prop:s0 tclass=file permissive=1 app=com.qiyi.video.pad
11-11 00:04:09.066 24831 24831 I auditd : type=1400 audit(0.0:56248): avc: denied { getattr } for comm="AutoName_org/qi" path="/dev/__properties__/u:object_r:vendor_default_prop:s0" dev="tmpfs" ino=14420 scontext=u:r:untrusted_app:s0:c122,c256,c512,c768 tcontext=u:object_r:vendor_default_prop:s0 tclass=file permissive=1 app=com.qiyi.video.pad
11-11 00:04:09.066 24831 24831 I auditd : type=1400 audit(0.0:56249): avc: denied { map } for comm="AutoName_org/qi" path="/dev/__properties__/u:object_r:vendor_default_prop:s0" dev="tmpfs" ino=14420 scontext=u:r:untrusted_app:s0:c122,c256,c512,c768 tcontext=u:object_r:vendor_default_prop:s0 tclass=file permissive=1 app=com.qiyi.video.pad
11-11 00:04:09.106 24831 24831 I auditd : type=1400 audit(0.0:56250): avc: granted { execute } for comm="AutoName_com/qq" path="/data/data/com.qiyi.video.pad/app_e_qq_com_plugin_ca0ffe0316f03d1c1d53c9e09ab32d88/libyaqpro.7fcace71.so" dev="dm-10" ino=1012457 scontext=u:r:untrusted_app:s0:c122,c256,c512,c768 tcontext=u:object_r:app_data_file:s0:c122,c256,c512,c768 tclass=file app=com.qiyi.video.pad
11-11 00:04:09.110 24831 24831 I auditd : type=1400 audit(0.0:56251): avc: granted { execute } for comm="AutoName_com/qq" path="/data/data/com.qiyi.video.pad/app_e_qq_com_plugin_ca0ffe0316f03d1c1d53c9e09ab32d88/libyaqbasic.7fcace71.so" dev="dm-10" ino=1012458 scontext=u:r:untrusted_app:s0:c122,c256,c512,c768 tcontext=u:object_r:app_data_file:s0:c122,c256,c512,c768 tclass=file app=com.qiyi.video.pad
11-11 00:04:09.110 24831 24831 I auditd : type=1400 audit(0.0:56252): avc: granted { execute } for comm="AutoName_com/qq" path="/data/data/com.qiyi.video.pad/app_e_qq_com_plugin_ca0ffe0316f03d1c1d53c9e09ab32d88/libMMANDKSignature.7fcace71.so" dev="dm-10" ino=1012459 scontext=u:r:untrusted_app:s0:c122,c256,c512,c768 tcontext=u:object_r:app_data_file:s0:c122,c256,c512,c768 tclass=file app=com.qiyi.video.pad
11-11 00:04:09.110 24831 24831 I auditd : type=1400 audit(0.0:56253): avc: granted { execute } for comm="AutoName_com/qq" path="/data/data/com.qiyi.video.pad/app_e_qq_com_plugin_ca0ffe0316f03d1c1d53c9e09ab32d88/libturingau.7fcace71.so" dev="dm-10" ino=1012460 scontext=u:r:untrusted_app:s0:c122,c256,c512,c768 tcontext=u:object_r:app_data_file:s0:c122,c256,c512,c768 tclass=file app=com.qiyi.video.pad
11-11 00:04:09.282 24831 24831 I auditd : type=1400 audit(0.0:56254): avc: denied { read } for comm="QtpEngine" name="sdcard" dev="tmpfs" ino=15588 scontext=u:r:untrusted_app:s0:c122,c256,c512,c768 tcontext=u:object_r:mnt_sdcard_file:s0 tclass=lnk_file permissive=1 app=com.qiyi.video.pad
11-11 00:04:09.707 1542 1697 I am_proc_start: [0,25136,10122,com.qiyi.video.pad:downloader,service,{com.qiyi.video.pad/com.iqiyi.video.download.filedownload.QiyiDownloadCoreService}]
11-11 00:04:09.733 1542 15389 I am_proc_bound: [0,25136,com.qiyi.video.pad:downloader]
11-11 00:04:10.438 1542 12009 I am_kill : [0,24831,com.qiyi.video.pad,905,empty #2]
11-11 00:04:10.507 1542 12009 I am_proc_died: [0,24831,com.qiyi.video.pad,905,19]
11-11 00:04:10.527 1542 1697 I am_proc_start: [0,25248,10122,com.qiyi.video.pad,content provider,{com.qiyi.video.pad/com.qiyi.baselib.privacy.provider.QiyiApiProvider}]
11-11 00:04:10.555 1542 10447 I am_proc_bound: [0,25248,com.qiyi.video.pad]
11-11 00:04:11.067 1542 12009 I am_kill : [0,25136,com.qiyi.video.pad:downloader,915,empty #2]
11-11 00:04:11.263 1542 10447 I am_proc_died: [0,25136,com.qiyi.video.pad:downloader,915,19]
11-11 00:04:11.566 25248 25248 I auditd : type=1400 audit(0.0:56257): avc: denied { open } for comm="AutoName_org/qi" path="/dev/__properties__/u:object_r:vendor_default_prop:s0" dev="tmpfs" ino=14420 scontext=u:r:untrusted_app:s0:c122,c256,c512,c768 tcontext=u:object_r:vendor_default_prop:s0 tclass=file permissive=1 app=com.qiyi.video.pad
11-11 00:04:11.566 25248 25248 I auditd : type=1400 audit(0.0:56258): avc: denied { getattr } for comm="AutoName_org/qi" path="/dev/__properties__/u:object_r:vendor_default_prop:s0" dev="tmpfs" ino=14420 scontext=u:r:untrusted_app:s0:c122,c256,c512,c768 tcontext=u:object_r:vendor_default_prop:s0 tclass=file permissive=1 app=com.qiyi.video.pad
11-11 00:04:11.566 25248 25248 I auditd : type=1400 audit(0.0:56259): avc: denied { map } for comm="AutoName_org/qi" path="/dev/__properties__/u:object_r:vendor_default_prop:s0" dev="tmpfs" ino=14420 scontext=u:r:untrusted_app:s0:c122,c256,c512,c768 tcontext=u:object_r:vendor_default_prop:s0 tclass=file permissive=1 app=com.qiyi.video.pad
11-11 00:04:11.666 25248 25248 I auditd : type=1400 audit(0.0:56260): avc: granted { execute } for comm="AutoName_com/qq" path="/data/data/com.qiyi.video.pad/app_e_qq_com_plugin_ca0ffe0316f03d1c1d53c9e09ab32d88/libyaqpro.7fcace71.so" dev="dm-10" ino=1012457 scontext=u:r:untrusted_app:s0:c122,c256,c512,c768 tcontext=u:object_r:app_data_file:s0:c122,c256,c512,c768 tclass=file app=com.qiyi.video.pad
11-11 00:04:11.670 25248 25248 I auditd : type=1400 audit(0.0:56261): avc: granted { execute } for comm="AutoName_com/qq" path="/data/data/com.qiyi.video.pad/app_e_qq_com_plugin_ca0ffe0316f03d1c1d53c9e09ab32d88/libyaqbasic.7fcace71.so" dev="dm-10" ino=1012458 scontext=u:r:untrusted_app:s0:c122,c256,c512,c768 tcontext=u:object_r:app_data_file:s0:c122,c256,c512,c768 tclass=file app=com.qiyi.video.pad
11-11 00:04:12.270 1542 1697 I am_proc_start: [0,25553,10122,com.qiyi.video.pad:downloader,service,{com.qiyi.video.pad/com.iqiyi.video.download.filedownload.QiyiDownloadCoreService}]
11-11 00:04:12.312 1542 2605 I am_proc_bound: [0,25553,com.qiyi.video.pad:downloader]
11-11 00:04:12.647 1542 1693 I am_pss : [18586,10104,com.tencent.android.qqdownloader,112449536,99221504,47104,237838336,0,4,15]
11-11 00:04:12.656 1542 1693 I am_pss : [18662,10104,com.tencent.android.qqdownloader:cloud,24091648,16146432,47104,133615616,0,4,8]
11-11 00:04:12.946 1542 11710 I am_kill : [0,25248,com.qiyi.video.pad,905,empty #2]
11-11 00:04:13.011 1542 11710 I am_proc_died: [0,25248,com.qiyi.video.pad,905,19]
11-11 00:04:13.031 1542 1697 I am_proc_start: [0,25651,10122,com.qiyi.video.pad,content provider,{com.qiyi.video.pad/com.qiyi.baselib.privacy.provider.QiyiApiProvider}]
11-11 00:04:13.046 25651 25651 I auditd : type=1400 audit(0.0:56266): avc: denied { connectto } for comm=4144422D4A44575020436F6E6E6563 path=006A6477702D636F6E74726F6C scontext=u:r:untrusted_app:s0:c122,c256,c512,c768 tcontext=u:r:su:s0 tclass=unix_stream_socket permissive=1
11-11 00:04:13.061 1542 5785 I am_proc_bound: [0,25651,com.qiyi.video.pad]
11-11 00:04:13.462 25553 25553 I auditd : type=1400 audit(0.0:56267): avc: denied { read } for comm=".pad:downloader" name="sdcard" dev="tmpfs" ino=15588 scontext=u:r:untrusted_app:s0:c122,c256,c512,c768 tcontext=u:object_r:mnt_sdcard_file:s0 tclass=lnk_file permissive=1 app=com.qiyi.video.pad
11-11 00:04:13.546 1542 5785 I am_kill : [0,25553,com.qiyi.video.pad:downloader,915,empty #2]
11-11 00:04:13.706 1542 5785 I am_proc_died: [0,25553,com.qiyi.video.pad:downloader,915,19]
11-11 00:04:14.154 25651 25651 I auditd : type=1400 audit(0.0:56268): avc: denied { open } for comm="AutoName_org/qi" path="/dev/__properties__/u:object_r:vendor_default_prop:s0" dev="tmpfs" ino=14420 scontext=u:r:untrusted_app:s0:c122,c256,c512,c768 tcontext=u:object_r:vendor_default_prop:s0 tclass=file permissive=1 app=com.qiyi.video.pad
11-11 00:04:14.154 25651 25651 I auditd : type=1400 audit(0.0:56269): avc: denied { getattr } for comm="AutoName_org/qi" path="/dev/__properties__/u:object_r:vendor_default_prop:s0" dev="tmpfs" ino=14420 scontext=u:r:untrusted_app:s0:c122,c256,c512,c768 tcontext=u:object_r:vendor_default_prop:s0 tclass=file permissive=1 app=com.qiyi.video.pad
11-11 00:04:14.154 25651 25651 I auditd : type=1400 audit(0.0:56270): avc: denied { map } for comm="AutoName_org/qi" path="/dev/__properties__/u:object_r:vendor_default_prop:s0" dev="tmpfs" ino=14420 scontext=u:r:untrusted_app:s0:c122,c256,c512,c768 tcontext=u:object_r:vendor_default_prop:s0 tclass=file permissive=1 app=com.qiyi.video.pad
11-11 00:04:14.158 25651 25651 I auditd : type=1400 audit(0.0:56271): avc: granted { execute } for comm="AutoName_com/qq" path="/data/data/com.qiyi.video.pad/app_e_qq_com_plugin_ca0ffe0316f03d1c1d53c9e09ab32d88/libyaqpro.7fcace71.so" dev="dm-10" ino=1012457 scontext=u:r:untrusted_app:s0:c122,c256,c512,c768 tcontext=u:object_r:app_data_file:s0:c122,c256,c512,c768 tclass=file app=com.qiyi.video.pad
11-11 00:04:14.162 25651 25651 I auditd : type=1400 audit(0.0:56272): avc: granted { execute } for comm="AutoName_com/qq" path="/data/data/com.qiyi.video.pad/app_e_qq_com_plugin_ca0ffe0316f03d1c1d53c9e09ab32d88/libyaqbasic.7fcace71.so" dev="dm-10" ino=1012458 scontext=u:r:untrusted_app:s0:c122,c256,c512,c768 tcontext=u:object_r:app_data_file:s0:c122,c256,c512,c768 tclass=file app=com.qiyi.video.pad
11-11 00:04:14.166 25651 25651 I auditd : type=1400 audit(0.0:56273): avc: granted { execute } for comm="AutoName_com/qq" path="/data/data/com.qiyi.video.pad/app_e_qq_com_plugin_ca0ffe0316f03d1c1d53c9e09ab32d88/libMMANDKSignature.7fcace71.so" dev="dm-10" ino=1012459 scontext=u:r:untrusted_app:s0:c122,c256,c512,c768 tcontext=u:object_r:app_data_file:s0:c122,c256,c512,c768 tclass=file app=com.qiyi.video.pad
11-11 00:04:14.166 25651 25651 I auditd : type=1400 audit(0.0:56274): avc: granted { execute } for comm="AutoName_com/qq" path="/data/data/com.qiyi.video.pad/app_e_qq_com_plugin_ca0ffe0316f03d1c1d53c9e09ab32d88/libturingau.7fcace71.so" dev="dm-10" ino=1012460 scontext=u:r:untrusted_app:s0:c122,c256,c512,c768 tcontext=u:object_r:app_data_file:s0:c122,c256,c512,c768 tclass=file app=com.qiyi.video.pad
