08-22 16:42:19.204 30420 30420 I wm_on_resume_called: [207450652,com.ss.android.lark.main.app.MainActivity,RESUME_ACTIVITY]
08-22 16:42:19.216 30420 30420 I wm_on_top_resumed_gained_called: [207450652,com.ss.android.lark.main.app.MainActivity,topStateChangedWhenResumed]
08-22 16:42:19.243 1542 1662 I input_focus: [Focus request b5d9bb1 com.ss.android.lark/com.ss.android.lark.main.app.MainActivity,reason=UpdateInputWindows]
08-22 16:42:19.258 1542 1843 I input_focus: [Focus leaving 7696002 com.tencent.mobileqq/com.tencent.mobileqq.activity.SplashActivity (server),reason=Waiting for window because NOT_VISIBLE]
08-22 16:42:19.337 853 853 I auditd : type=1400 audit(0.0:59868): avc: denied { add_name } for comm="perf@2.2-servic" name="clkscale_enable" scontext=u:r:vendor_hal_perf_default:s0 tcontext=u:object_r:sysfs:s0 tclass=dir permissive=1
08-22 16:42:19.340 1542 1657 I sysui_multi_action: [319,37,321,36,322,903,325,9348,757,761,758,7,759,1,806,com.ss.android.lark,871,com.ss.android.lark.main.app.MainActivity,904,com.android.launcher3,905,0,945,50,1320,4,1321,4]
08-22 16:42:19.340 1542 1843 I input_focus: [Focus entering b5d9bb1 com.ss.android.lark/com.ss.android.lark.main.app.MainActivity (server),reason=Window became focusable. Previous reason: NOT_VISIBLE]
08-22 16:42:19.341 1542 1657 I wm_activity_launch_time: [0,207450652,com.ss.android.lark/.main.app.MainActivity,903]
08-22 16:42:19.377 1542 3021 I wm_stop_activity: [0,214579854,com.android.launcher3/.uioverrides.QuickstepLauncher]
08-22 16:42:19.380 2577 2577 I wm_on_stop_called: [214579854,com.android.launcher3.uioverrides.QuickstepLauncher,STOP_ACTIVITY_ITEM]
08-22 16:42:19.612 1542 1693 I am_pss : [28203,10104,com.tencent.android.qqdownloader,115358720,102662144,43008,236003328,0,4,15]
08-22 16:42:19.621 1542 1693 I am_pss : [28301,10104,com.tencent.android.qqdownloader:cloud,27546624,19341312,43008,134361088,0,4,8]
08-22 16:42:19.945 30420 30420 I auditd : type=1400 audit(0.0:59869): avc: granted { execute } for comm="TuringVerifyThr" path="/data/data/com.ss.android.lark/files/webview_bytedance/a0dd104b1d0b265be82a1999b45f0feb_md5/libwebviewbytedance.so" dev="dm-10" ino=1011968 scontext=u:r:untrusted_app:s0:c119,c256,c512,c768 tcontext=u:object_r:app_data_file:s0:c119,c256,c512,c768 tclass=file app=com.ss.android.lark
08-22 16:42:20.110 1542 1697 I am_proc_start: [0,30817,10119,com.ss.android.lark:sandboxed_process1,service,{com.ss.android.lark/com.bytedance.org.chromium.content.app.SandboxedProcessService0}]
08-22 16:42:20.146 1542 20554 I am_proc_bound: [0,30817,com.ss.android.lark:sandboxed_process1]
08-22 16:42:20.269 30817 30817 I auditd : type=1400 audit(0.0:59870): avc: granted { execute } for comm="dboxed_process1" path="/data/data/com.ss.android.lark/files/webview_bytedance/a0dd104b1d0b265be82a1999b45f0feb_md5/libwebviewbytedance.so" dev="dm-10" ino=1011968 scontext=u:r:untrusted_app:s0:c119,c256,c512,c768 tcontext=u:object_r:app_data_file:s0:c119,c256,c512,c768 tclass=file app=com.ss.android.lark
08-22 16:42:20.437 853 853 I auditd : type=1400 audit(0.0:59871): avc: denied { add_name } for comm="perf@2.2-servic" name="force_rail_on" scontext=u:r:vendor_hal_perf_default:s0 tcontext=u:object_r:vendor_sysfs_kgsl:s0 tclass=dir permissive=1
08-22 16:42:20.437 853 853 I auditd : type=1400 audit(0.0:59872): avc: denied { add_name } for comm="perf@2.2-servic" name="min_freq" scontext=u:r:vendor_hal_perf_default:s0 tcontext=u:object_r:vendor_sysfs_devfreq:s0 tclass=dir permissive=1
08-22 16:42:20.437 853 853 I auditd : type=1400 audit(0.0:59873): avc: denied { add_name } for comm="perf@2.2-servic" name="cpu_min_freq" scontext=u:r:vendor_hal_perf_default:s0 tcontext=u:object_r:vendor_sysfs_msm_perf:s0 tclass=dir permissive=1
08-22 16:42:20.473 1542 1693 I am_pss : [26063,10122,com.qiyi.video.pad,146260992,91471872,38912,317743104,0,10,22]
08-22 16:42:20.797 1542 1659 I commit_sys_config_file: [jobs,3]
08-22 16:42:20.965 28151 28151 I auditd : type=1400 audit(0.0:59879): avc: granted { execute } for comm="gatherer-1-thre" path="/data/user/0/com.tencent.android.qqdownloader/app_e_qq_com_plugin_new_b11baa871a179485a20599a8c8554089/libturingga.so" dev="dm-10" ino=373783 scontext=u:r:untrusted_app_27:s0:c512,c768 tcontext=u:object_r:app_data_file:s0:c512,c768 tclass=file app=com.tencent.android.qqdownloader
08-22 16:42:20.997 1542 1861 I netstats_mobile_sample: [0,0,0,0,0,0,0,0,0,0,0,0,1692693796570]
08-22 16:42:20.997 1542 1861 I netstats_wifi_sample: [27773637,66233,26048428,49795,27773637,66233,26048428,49795,109058438,154979,20744360,45029,1692693796570]
08-22 16:42:21.289 6739 6739 I auditd : type=1400 audit(0.0:59881): avc: granted { execute } for comm="thread_AioDownl" path="/data/user/0/com.tencent.mobileqq/files/qqso/.download/D51852976745D6D5175E1A5446CE5CE6/libtencent-avif-v2.so" dev="dm-10" ino=395962 scontext=u:r:untrusted_app_27:s0:c512,c768 tcontext=u:object_r:app_data_file:s0:c512,c768 tclass=file app=com.tencent.mobileqq
08-22 16:42:21.744 1542 1693 I am_pss : [26501,10122,com.qiyi.video.pad:downloader,52012032,23572480,41984,170663936,0,10,12]
08-22 16:42:21.773 30420 30420 I auditd : type=1400 audit(0.0:59882): avc: denied { open } for comm=436F6E6E656374696F6E20436F6E74 path="/dev/__properties__/u:object_r:vendor_default_prop:s0" dev="tmpfs" ino=14420 scontext=u:r:untrusted_app:s0:c119,c256,c512,c768 tcontext=u:object_r:vendor_default_prop:s0 tclass=file permissive=1 app=com.ss.android.lark
08-22 16:42:21.773 30420 30420 I auditd : type=1400 audit(0.0:59883): avc: denied { getattr } for comm=436F6E6E656374696F6E20436F6E74 path="/dev/__properties__/u:object_r:vendor_default_prop:s0" dev="tmpfs" ino=14420 scontext=u:r:untrusted_app:s0:c119,c256,c512,c768 tcontext=u:object_r:vendor_default_prop:s0 tclass=file permissive=1 app=com.ss.android.lark
08-22 16:42:21.819 31070 31070 I liblog : 1
08-22 16:42:21.819 31070 31070 I liblog : 1
08-22 16:42:21.819 31070 31070 I liblog : 2
08-22 16:42:21.819 31070 31070 I liblog : 2
08-22 16:42:21.819 31070 31070 I liblog : 1
08-22 16:42:21.819 31070 31070 I liblog : 2
08-22 16:42:21.819 31070 31070 I liblog : 2
08-22 16:42:21.819 31070 31070 I liblog : 2
08-22 16:42:21.819 31070 31070 I liblog : 1
08-22 16:42:21.819 31070 31070 I liblog : 2
08-22 16:42:21.819 31070 31070 I liblog : 2
08-22 16:42:21.819 31070 31070 I liblog : 2
08-22 16:42:21.819 31070 31070 I liblog : 2
08-22 16:42:21.819 31070 31070 I liblog : 2
08-22 16:42:21.819 31070 31070 I liblog : 1
08-22 16:42:21.819 31070 31070 I liblog : 2
08-22 16:42:21.819 31070 31070 I liblog : 1
08-22 16:42:21.819 31070 31070 I liblog : 3
08-22 16:42:21.819 31070 31070 I liblog : 2
08-22 16:42:21.819 31070 31070 I liblog : 1
08-22 16:42:21.819 31070 31070 I liblog : 2
08-22 16:42:21.819 31070 31070 I liblog : 1
08-22 16:42:21.819 31070 31070 I liblog : 2
08-22 16:42:21.819 31070 31070 I liblog : 2
08-22 16:42:21.819 31070 31070 I liblog : 1
08-22 16:42:21.819 31070 31070 I liblog : 3
08-22 16:42:21.819 31070 31070 I liblog : 2
08-22 16:42:21.819 31070 31070 I liblog : 2
08-22 16:42:21.819 31070 31070 I liblog : 2
08-22 16:42:21.819 31070 31070 I liblog : 2
08-22 16:42:21.819 31070 31070 I liblog : 1
08-22 16:42:21.819 31070 31070 I liblog : 2
08-22 16:42:21.819 31070 31070 I liblog : 16
08-22 16:42:21.819 31070 31070 I liblog : 2
08-22 16:42:21.819 31070 31070 I liblog : 2
08-22 16:42:21.819 31070 31070 I liblog : 2
08-22 16:42:21.819 31070 31070 I liblog : 1
08-22 16:42:21.819 31070 31070 I liblog : 2
08-22 16:42:21.819 31070 31070 I liblog : 2
08-22 16:42:21.819 31070 31070 I liblog : 2
08-22 16:42:21.819 31070 31070 I liblog : 1
08-22 16:42:21.819 31070 31070 I liblog : 2
08-22 16:42:21.819 31070 31070 I liblog : 1
08-22 16:42:21.819 31070 31070 I liblog : 2
08-22 16:42:21.819 31070 31070 I liblog : 1
08-22 16:42:21.819 31070 31070 I liblog : 1
08-22 16:42:21.819 31070 31070 I liblog : 2
08-22 16:42:21.819 31070 31070 I liblog : 14
08-22 16:42:21.819 31070 31070 I liblog : 2
08-22 16:42:21.819 31070 31070 I liblog : 2
08-22 16:42:21.819 31070 31070 I liblog : 1
08-22 16:42:21.819 31070 31070 I liblog : 2
08-22 16:42:21.819 31070 31070 I liblog : 1
08-22 16:42:21.819 31070 31070 I liblog : 1
08-22 16:42:21.819 31070 31070 I liblog : 2
08-22 16:42:21.819 31070 31070 I liblog : 1
08-22 16:42:21.819 31070 31070 I liblog : 17
08-22 16:42:21.819 31070 31070 I liblog : 2
08-22 16:42:21.819 31070 31070 I liblog : 2
08-22 16:42:21.819 31070 31070 I liblog : 2
08-22 16:42:21.819 31070 31070 I liblog : 2
08-22 16:42:21.819 31070 31070 I liblog : 1
08-22 16:42:21.819 31070 31070 I liblog : 2
08-22 16:42:21.819 31070 31070 I liblog : 2
08-22 16:42:21.819 31070 31070 I liblog : 2
08-22 16:42:21.819 31070 31070 I liblog : 2
08-22 16:42:21.819 31070 31070 I liblog : 1
08-22 16:42:21.819 31070 31070 I liblog : 2
08-22 16:42:21.819 31070 31070 I liblog : 1
08-22 16:42:21.819 31070 31070 I liblog : 2
08-22 16:42:21.819 31070 31070 I liblog : 1
08-22 16:42:21.819 31070 31070 I liblog : 2
08-22 16:42:21.819 31070 31070 I liblog : 1
08-22 16:42:21.819 31070 31070 I liblog : 3
08-22 16:42:21.819 31070 31070 I liblog : 1
08-22 16:42:21.819 31070 31070 I liblog : 2
08-22 16:42:21.819 31070 31070 I liblog : 2
08-22 16:42:21.819 31070 31070 I liblog : 1
08-22 16:42:21.819 31070 31070 I liblog : 1
08-22 16:42:21.819 31070 31070 I liblog : 2
08-22 16:42:21.819 31070 31070 I liblog : 1
08-22 16:42:21.819 31070 31070 I liblog : 2
08-22 16:42:21.819 31070 31070 I liblog : 13
08-22 16:42:21.819 31070 31070 I liblog : 1
08-22 16:42:21.819 31070 31070 I liblog : 1
08-22 16:42:21.820 31070 31070 I liblog : 2
08-22 16:42:21.820 31070 31070 I liblog : 2
08-22 16:42:21.820 31070 31070 I liblog : 2
08-22 16:42:21.820 31070 31070 I liblog : 1
08-22 16:42:21.820 31070 31070 I liblog : 1
08-22 16:42:21.820 31070 31070 I liblog : 1
08-22 16:42:21.820 31070 31070 I liblog : 1
08-22 16:42:21.820 31070 31070 I liblog : 1
08-22 16:42:21.820 31070 31070 I liblog : 2
08-22 16:42:21.820 31070 31070 I liblog : 2
08-22 16:42:21.820 31070 31070 I liblog : 2
08-22 16:42:21.820 31070 31070 I liblog : 1
08-22 16:42:21.820 31070 31070 I liblog : 2
08-22 16:42:21.820 31070 31070 I liblog : 1
08-22 16:42:21.820 31070 31070 I liblog : 2
08-22 16:42:21.820 31070 31070 I liblog : 1
08-22 16:42:21.820 31070 31070 I liblog : 2
08-22 16:42:21.820 31070 31070 I liblog : 2
08-22 16:42:21.820 31070 31070 I liblog : 2
08-22 16:42:21.820 31070 31070 I liblog : 2
08-22 16:42:21.820 31070 31070 I liblog : 1
08-22 16:42:21.820 31070 31070 I liblog : 2
08-22 16:42:21.820 31070 31070 I liblog : 3
08-22 16:42:21.820 31070 31070 I liblog : 2
08-22 16:42:21.820 31070 31070 I liblog : 2
08-22 16:42:21.820 31070 31070 I liblog : 1
08-22 16:42:21.820 31070 31070 I liblog : 2
08-22 16:42:21.820 31070 31070 I liblog : 2
08-22 16:42:21.820 31070 31070 I liblog : 1
08-22 16:42:21.820 31070 31070 I liblog : 2
08-22 16:42:21.820 31070 31070 I liblog : 2
08-22 16:42:21.820 31070 31070 I liblog : 2
08-22 16:42:21.820 31070 31070 I liblog : 2
08-22 16:42:21.820 31070 31070 I liblog : 3
08-22 16:42:21.820 31070 31070 I liblog : 1
08-22 16:42:21.820 31070 31070 I liblog : 2
08-22 16:42:21.820 31070 31070 I liblog : 2
08-22 16:42:21.820 31070 31070 I liblog : 1
08-22 16:42:21.820 31070 31070 I liblog : 2
08-22 16:42:21.820 31070 31070 I liblog : 1
08-22 16:42:21.820 31070 31070 I liblog : 2
08-22 16:42:21.820 31070 31070 I liblog : 2
08-22 16:42:21.820 31070 31070 I liblog : 2
08-22 16:42:21.820 31070 31070 I liblog : 2
08-22 16:42:21.820 31070 31070 I liblog : 2
08-22 16:42:21.820 31070 31070 I liblog : 2
08-22 16:42:21.820 31070 31070 I liblog : 2
08-22 16:42:21.820 31070 31070 I liblog : 1
08-22 16:42:21.820 31070 31070 I liblog : 2
08-22 16:42:21.820 31070 31070 I liblog : 4
08-22 16:42:21.820 31070 31070 I liblog : 1
08-22 16:42:21.820 31070 31070 I liblog : 2
08-22 16:42:21.820 31070 31070 I liblog : 2
08-22 16:42:21.820 31070 31070 I liblog : 2
08-22 16:42:21.820 31070 31070 I liblog : 1
08-22 16:42:21.820 31070 31070 I liblog : 2
08-22 16:42:21.820 31070 31070 I liblog : 1
08-22 16:42:21.820 31070 31070 I liblog : 2
08-22 16:42:21.820 31070 31070 I liblog : 1
08-22 16:42:21.820 31070 31070 I liblog : 14
08-22 16:42:21.820 31070 31070 I liblog : 2
08-22 16:42:21.820 31070 31070 I liblog : 2
08-22 16:42:21.820 31070 31070 I liblog : 1
08-22 16:42:21.820 31070 31070 I liblog : 2
08-22 16:42:21.820 31070 31070 I liblog : 2
08-22 16:42:21.820 31070 31070 I liblog : 2
08-22 16:42:21.820 31070 31070 I liblog : 2
08-22 16:42:21.820 31070 31070 I liblog : 2
08-22 16:42:21.820 31070 31070 I liblog : 1
08-22 16:42:21.820 31070 31070 I liblog : 2
08-22 16:42:21.820 31070 31070 I liblog : 1
08-22 16:42:21.820 31070 31070 I liblog : 2
08-22 16:42:21.820 31070 31070 I liblog : 1
08-22 16:42:21.820 31070 31070 I liblog : 1
08-22 16:42:21.820 31070 31070 I liblog : 2
08-22 16:42:21.820 31070 31070 I liblog : 1
08-22 16:42:21.820 31070 31070 I liblog : 1
08-22 16:42:21.820 31070 31070 I liblog : 2
08-22 16:42:21.820 31070 31070 I liblog : 1
08-22 16:42:21.820 31070 31070 I liblog : 2
08-22 16:42:21.820 31070 31070 I liblog : 1
08-22 16:42:21.820 31070 31070 I liblog : 2
08-22 16:42:21.820 31070 31070 I liblog : 2
08-22 16:42:21.820 31070 31070 I liblog : 3
08-22 16:42:21.820 31070 31070 I liblog : 3
08-22 16:42:21.820 31070 31070 I liblog : 2
08-22 16:42:21.820 31070 31070 I liblog : 2
08-22 16:42:21.820 31070 31070 I liblog : 2
08-22 16:42:21.820 31070 31070 I liblog : 2
08-22 16:42:21.820 31070 31070 I liblog : 2
08-22 16:42:21.820 31070 31070 I liblog : 2
08-22 16:42:21.820 31070 31070 I liblog : 2
08-22 16:42:21.820 31070 31070 I liblog : 1
08-22 16:42:21.820 31070 31070 I liblog : 2
08-22 16:42:21.820 31070 31070 I liblog : 3
08-22 16:42:21.820 31070 31070 I liblog : 2
08-22 16:42:21.820 31070 31070 I liblog : 1
08-22 16:42:21.820 31070 31070 I liblog : 2
08-22 16:42:21.820 31070 31070 I liblog : 1
08-22 16:42:21.820 31070 31070 I liblog : 2
08-22 16:42:21.820 31070 31070 I liblog : 1
08-22 16:42:21.820 31070 31070 I liblog : 2
08-22 16:42:21.820 31070 31070 I liblog : 2
08-22 16:42:21.820 31070 31070 I liblog : 2
08-22 16:42:21.820 31070 31070 I liblog : 1
08-22 16:42:21.820 31070 31070 I liblog : 3
08-22 16:42:21.820 31070 31070 I liblog : 2
08-22 16:42:21.820 31070 31070 I liblog : 1
08-22 16:42:21.820 31070 31070 I liblog : 2
08-22 16:42:21.820 31070 31070 I liblog : 1
08-22 16:42:21.820 31070 31070 I liblog : 1
08-22 16:42:21.820 31070 31070 I liblog : 2
08-22 16:42:21.820 31070 31070 I liblog : 3
08-22 16:42:21.820 31070 31070 I liblog : 1
08-22 16:42:21.820 31070 31070 I liblog : 2
08-22 16:42:21.820 31070 31070 I liblog : 1
08-22 16:42:21.820 31070 31070 I liblog : 2
08-22 16:42:21.820 31070 31070 I liblog : 2
08-22 16:42:21.820 31070 31070 I liblog : 2
08-22 16:42:21.820 31070 31070 I liblog : 1
08-22 16:42:21.820 31070 31070 I liblog : 2
08-22 16:42:21.820 31070 31070 I liblog : 2
08-22 16:42:21.820 31070 31070 I liblog : 1
08-22 16:42:21.820 31070 31070 I liblog : 2
08-22 16:42:21.820 31070 31070 I liblog : 1
08-22 16:42:21.820 31070 31070 I liblog : 2
08-22 16:42:21.820 31070 31070 I liblog : 1
08-22 16:42:21.820 31070 31070 I liblog : 2
08-22 16:42:21.820 31070 31070 I liblog : 2
08-22 16:42:21.820 31070 31070 I liblog : 1
08-22 16:42:21.820 31070 31070 I liblog : 2
08-22 16:42:21.820 31070 31070 I liblog : 1
08-22 16:42:21.820 31070 31070 I liblog : 2
08-22 16:42:21.820 31070 31070 I liblog : 2
08-22 16:42:21.820 31070 31070 I liblog : 2
08-22 16:42:21.820 31070 31070 I liblog : 2
08-22 16:42:21.820 31070 31070 I liblog : 2
08-22 16:42:21.820 31070 31070 I liblog : 13
08-22 16:42:21.820 31070 31070 I liblog : 2
08-22 16:42:21.820 31070 31070 I liblog : 1
08-22 16:42:21.820 31070 31070 I liblog : 2
08-22 16:42:21.820 31070 31070 I liblog : 2
08-22 16:42:21.820 31070 31070 I liblog : 2
08-22 16:42:21.820 31070 31070 I liblog : 1
08-22 16:42:21.820 31070 31070 I liblog : 2
08-22 16:42:21.820 31070 31070 I liblog : 1
08-22 16:42:21.820 31070 31070 I liblog : 1
08-22 16:42:21.820 31070 31070 I liblog : 2
08-22 16:42:21.820 31070 31070 I liblog : 1
08-22 16:42:21.820 31070 31070 I liblog : 1
08-22 16:42:21.820 31070 31070 I liblog : 3
08-22 16:42:21.820 31070 31070 I liblog : 2
08-22 16:42:21.820 31070 31070 I liblog : 3
08-22 16:42:21.820 31070 31070 I liblog : 2
08-22 16:42:21.820 31070 31070 I liblog : 1
08-22 16:42:21.820 31070 31070 I liblog : 2
08-22 16:42:21.820 31070 31070 I liblog : 2
08-22 16:42:21.820 31070 31070 I liblog : 2
08-22 16:42:21.820 31070 31070 I liblog : 2
08-22 16:42:21.820 31070 31070 I liblog : 2
08-22 16:42:21.820 31070 31070 I liblog : 3
08-22 16:42:21.820 31070 31070 I liblog : 34
08-22 16:42:21.820 31070 31070 I liblog : 5
08-22 16:42:21.820 31070 31070 I liblog : 4
08-22 16:42:21.821 31070 31070 I liblog : 2
08-22 16:42:21.821 31070 31070 I liblog : 3
08-22 16:42:21.920 1542 1696 I am_wtf : [0,1542,system_server,-1,ActivityManager,Sending non-protected broadcast com.thundercomm.active.state from system 2164:com.thundercomm.microsettings/1000 pkg com.thundercomm.microsettings]
08-22 16:42:22.214 1542 1693 I sysui_multi_action: [757,1717,758,1,759,0]
08-22 16:42:22.214 1542 1693 I sysui_multi_action: [757,1717,758,2,759,0]
08-22 16:42:22.215 1542 1693 I sysui_multi_action: [757,1717,758,3,759,0]
08-22 16:42:22.216 1542 1697 I am_proc_start: [0,31109,10119,com.ss.android.lark:wschannel,service,{com.ss.android.lark/com.umeng.message.UmengIntentService}]
08-22 16:42:22.217 31109 31109 I auditd : type=1400 audit(0.0:59885): avc: denied { connectto } for comm=4144422D4A44575020436F6E6E6563 path=006A6477702D636F6E74726F6C scontext=u:r:untrusted_app:s0:c119,c256,c512,c768 tcontext=u:r:su:s0 tclass=unix_stream_socket permissive=1 app=com.ss.android.lark
08-22 16:42:22.227 1542 10447 I am_proc_bound: [0,31109,com.ss.android.lark:wschannel]
08-22 16:42:22.461 1542 20554 I am_kill : [0,30212,com.microsoft.emmx,905,empty #2]
08-22 16:42:22.505 1542 10447 I am_proc_died: [0,30212,com.microsoft.emmx,905,19]
08-22 16:42:22.505 1542 10447 I am_uid_stopped: 10037
08-22 16:42:22.513 1542 1693 I am_pss : [26532,99032,com.android.webview:sandboxed_process0:org.chromium.content.app.SandboxedProcessService0:0,14385152,2920448,308224,72572928,0,10,5]
08-22 16:42:22.534 1542 1542 I notification_enqueue: [10119,30420,com.ss.android.lark,440850805,NULL,0,Notification(channel=normal_v2 shortcut=null contentView=null vibrate=null sound=null tick defaults=0x0 flags=0x10 color=0x00000000 vis=PRIVATE),0]
08-22 16:42:22.735 1542 1542 I sysui_multi_action: [757,1501,758,1,793,201,794,0,795,201,796,440850805,806,com.ss.android.lark,857,normal_v2,858,4,947,0,1500,0,1688,1,1745,945454168]
08-22 16:42:22.736 1542 1542 I sysui_multi_action: [757,804,799,note_interruptive,801,0,802,1]
08-22 16:42:22.738 1542 1542 I sysui_multi_action: [757,1501,758,1,793,203,794,0,795,203,796,440850805,806,com.ss.android.lark,857,normal_v2,858,4,947,0,1500,0,1688,1,1745,945454168]
08-22 16:42:22.738 1542 1542 I sysui_multi_action: [757,804,799,note_interruptive,801,0,802,1]
08-22 16:42:22.738 1542 1542 I sysui_multi_action: [757,199,758,1,759,1,793,204,794,0,795,204,796,440850805,806,com.ss.android.lark,857,normal_v2,858,4,947,0,1500,1,1688,1,1745,945454168]
08-22 16:42:22.738 1542 1542 I notification_alert: [0|com.ss.android.lark|440850805|null|10119,1,0,0]
08-22 16:42:22.819 1936 1936 I sysui_multi_action: [757,803,799,note_peek,802,1]
08-22 16:42:22.822 1542 20554 I sysui_multi_action: [757,127,758,1]
08-22 16:42:22.822 1936 1936 I sysui_heads_up_status: [0|com.ss.android.lark|440850805|null|10119,1]
08-22 16:42:22.822 1542 20554 I sysui_multi_action: [757,804,799,note_load,801,1,802,1]
08-22 16:42:22.823 1542 20554 I notification_panel_revealed: 1
08-22 16:42:25.423 1542 1542 I notification_cancel_all: [10119,30420,com.ss.android.lark,0,0,64,9,NULL]
08-22 16:42:25.424 1542 1542 I sysui_multi_action: [757,128,758,5,759,9,793,2890,794,0,795,2890,796,440850805,806,com.ss.android.lark,857,normal_v2,858,4,947,0,1500,2687,1688,1,1745,945454168]
08-22 16:42:25.425 1542 1542 I notification_canceled: [0|com.ss.android.lark|440850805|null|10119,9,2890,2890,0,-1,-1,NULL]
08-22 16:42:25.440 1936 1936 I sysui_heads_up_status: [0|com.ss.android.lark|440850805|null|10119,0]
08-22 16:42:25.883 1542 7238 I sysui_multi_action: [757,127,758,2]
08-22 16:42:25.883 1542 7238 I notification_panel_hidden:
08-22 16:42:25.981 853 853 I auditd : type=1400 audit(0.0:59886): avc: denied { add_name } for comm="perf@2.2-servic" name="cpu_max_freq" scontext=u:r:vendor_hal_perf_default:s0 tcontext=u:object_r:vendor_sysfs_msm_perf:s0 tclass=dir permissive=1
08-22 16:42:25.989 1542 7238 I wm_task_created: [76342,-1]
08-22 16:42:25.991 1542 7238 I wm_task_moved: [76342,1,8]
08-22 16:42:25.992 1542 7238 I wm_task_to_front: [0,76342]
08-22 16:42:25.992 1542 7238 I wm_create_task: [0,76342]
08-22 16:42:25.992 1542 7238 I wm_create_activity: [0,91041350,76342,com.tencent.mobileqq/com.tencent.av.ui.VChatActivity,com.tencent.av.ui.VChatActivity,NULL,NULL,276824064]
08-22 16:42:25.992 1542 7238 I wm_task_moved: [76342,1,8]
08-22 16:42:25.992 30420 30420 I wm_on_top_resumed_lost_called: [207450652,com.ss.android.lark.main.app.MainActivity,topStateChangedWhenResumed]
08-22 16:42:25.993 1542 7238 I wm_pause_activity: [0,207450652,com.ss.android.lark/.main.app.MainActivity,userLeaving=true,pauseBackTasks]
08-22 16:42:25.999 30420 30420 I wm_on_paused_called: [207450652,com.ss.android.lark.main.app.MainActivity,performPause]
08-22 16:42:26.001 1542 1697 I am_proc_start: [0,31242,10123,com.tencent.mobileqq:video,broadcast,{com.tencent.mobileqq/com.tencent.av.VideoMsgBroadcastReceiver}]
08-22 16:42:26.001 1542 1660 I sysui_multi_action: [757,803,799,window_time_0,802,7]
08-22 16:42:26.002 1542 10447 I wm_task_moved: [76342,1,8]
08-22 16:42:26.009 31242 31242 I auditd : type=1400 audit(0.0:59887): avc: denied { connectto } for comm=4144422D4A44575020436F6E6E6563 path=006A6477702D636F6E74726F6C scontext=u:r:untrusted_app_27:s0:c512,c768 tcontext=u:r:su:s0 tclass=unix_stream_socket permissive=1 app=com.tencent.mobileqq
08-22 16:42:26.019 1542 10447 I am_proc_bound: [0,31242,com.tencent.mobileqq:video]
08-22 16:42:26.021 1542 10447 I wm_restart_activity: [0,91041350,76342,com.tencent.mobileqq/com.tencent.av.ui.VChatActivity]
08-22 16:42:26.021 1542 10447 I wm_set_resumed_activity: [0,com.tencent.mobileqq/com.tencent.av.ui.VChatActivity,minimalResumeActivityLocked]
08-22 16:42:26.034 1542 1693 I am_pss : [28167,10104,com.tencent.android.qqdownloader:live,28376064,19664896,40960,139239424,0,5,9]
08-22 16:42:26.042 1542 7238 I wm_task_moved: [76342,1,8]
08-22 16:42:26.043 1542 7238 I wm_set_resumed_activity: [0,com.tencent.mobileqq/com.tencent.av.ui.VChatActivity,positionChildAt]
08-22 16:42:26.048 1542 10447 I wm_task_moved: [76342,1,8]
08-22 16:42:26.048 1542 10447 I wm_set_resumed_activity: [0,com.tencent.mobileqq/com.tencent.av.ui.VChatActivity,positionChildAt]
08-22 16:42:26.049 1542 1693 I am_pss : [28151,10104,com.tencent.android.qqdownloader:daemon,119535616,82182144,40960,285757440,0,4,14]
08-22 16:42:26.173 31242 31242 I auditd : type=1400 audit(0.0:59888): avc: granted { execute } for comm="NtStartup_pool_" path="/data/user/0/com.tencent.mobileqq/txlib/libqav_rtc_sdk.so" dev="dm-10" ino=891106 scontext=u:r:untrusted_app_27:s0:c512,c768 tcontext=u:object_r:app_data_file:s0:c512,c768 tclass=file app=com.tencent.mobileqq
08-22 16:42:26.217 31242 31242 I auditd : type=1400 audit(0.0:59889): avc: granted { execute } for comm="NtStartup_pool_" path="/data/user/0/com.tencent.mobileqq/txlib/libtraeimp-qq.so" dev="dm-10" ino=881122 scontext=u:r:untrusted_app_27:s0:c512,c768 tcontext=u:object_r:app_data_file:s0:c512,c768 tclass=file app=com.tencent.mobileqq
08-22 16:42:26.253 1542 10447 I wm_finish_activity: [0,91041350,76342,com.tencent.mobileqq/com.tencent.av.ui.VChatActivity,app-request]
08-22 16:42:26.253 1542 10447 I wm_task_moved: [76341,1,8]
08-22 16:42:26.253 1542 10447 I wm_task_to_front: [0,76341]
08-22 16:42:26.253 1542 10447 I wm_focused_root_task: [0,0,76341,76342,finish-top adjustFocusToNextFocusableTask]
08-22 16:42:26.254 1542 10447 I wm_pause_activity: [0,91041350,com.tencent.mobileqq/com.tencent.av.ui.VChatActivity,userLeaving=false,finish]
08-22 16:42:26.255 31242 31242 I wm_on_create_called: [91041350,com.tencent.av.ui.VChatActivity,performCreate]
08-22 16:42:26.255 1542 1662 I input_focus: [Focus request b5d9bb1 com.ss.android.lark/com.ss.android.lark.main.app.MainActivity,reason=UpdateInputWindows]
08-22 16:42:26.256 1542 1660 I sysui_multi_action: [757,1144,758,7,806,com.tencent.mobileqq,871,com.tencent.av.ui.VChatActivity]
08-22 16:42:26.253 31242 31242 I auditd : type=1400 audit(0.0:59890): avc: granted { bind } for comm=".mobileqq:video" scontext=u:r:untrusted_app_27:s0:c512,c768 tcontext=u:r:untrusted_app_27:s0:c512,c768 tclass=netlink_route_socket app=com.tencent.mobileqq
08-22 16:42:26.253 31242 31242 I auditd : type=1400 audit(0.0:59891): avc: granted { nlmsg_readpriv } for comm=".mobileqq:video" scontext=u:r:untrusted_app_27:s0:c512,c768 tcontext=u:r:untrusted_app_27:s0:c512,c768 tclass=netlink_route_socket app=com.tencent.mobileqq
08-22 16:42:26.253 31242 31242 I auditd : type=1400 audit(0.0:59892): avc: granted { bind } for comm=".mobileqq:video" scontext=u:r:untrusted_app_27:s0:c512,c768 tcontext=u:r:untrusted_app_27:s0:c512,c768 tclass=netlink_route_socket app=com.tencent.mobileqq
08-22 16:42:26.253 31242 31242 I auditd : type=1400 audit(0.0:59893): avc: granted { nlmsg_readpriv } for comm=".mobileqq:video" scontext=u:r:untrusted_app_27:s0:c512,c768 tcontext=u:r:untrusted_app_27:s0:c512,c768 tclass=netlink_route_socket app=com.tencent.mobileqq
08-22 16:42:26.284 1542 7238 I wm_set_resumed_activity: [0,com.ss.android.lark/.main.app.MainActivity,resumeTopActivityInnerLocked]
08-22 16:42:26.285 1542 7238 I wm_resume_activity: [0,207450652,76341,com.ss.android.lark/.main.app.MainActivity]
08-22 16:42:26.289 30420 30420 I wm_on_resume_called: [207450652,com.ss.android.lark.main.app.MainActivity,RESUME_ACTIVITY]
08-22 16:42:26.292 30420 30420 I wm_on_top_resumed_gained_called: [207450652,com.ss.android.lark.main.app.MainActivity,topWhenResuming]
08-22 16:42:26.285 31242 31242 I auditd : type=1400 audit(0.0:59894): avc: granted { bind } for comm=".mobileqq:video" scontext=u:r:untrusted_app_27:s0:c512,c768 tcontext=u:r:untrusted_app_27:s0:c512,c768 tclass=netlink_route_socket app=com.tencent.mobileqq
08-22 16:42:26.297 1542 1660 I sysui_multi_action: [757,803,799,window_time_0,802,1]
08-22 16:42:26.307 1542 25637 I wm_destroy_activity: [0,91041350,76342,com.tencent.mobileqq/com.tencent.av.ui.VChatActivity,finish-idle]
08-22 16:42:26.309 31242 31242 I wm_on_destroy_called: [91041350,com.tencent.av.ui.VChatActivity,performDestroy]
08-22 16:42:26.309 1542 25637 I wm_task_removed: [76342,removeChild:removeChild last r=ActivityRecord{56d2e46 u0 com.tencent.mobileqq/com.tencent.av.ui.VChatActivity taskAffinity=10123:com.tencent.qqVideo t-1 f}} in t=Task{3ba3807 #76342 type=standard A=10123:com.tencent.qqVideo U=0 visible=false mode=fullscreen translucent=true sz=0 visible freeform task=true rootAffinity=10123:com.tencent.qqVideo isMini=false}]
08-22 16:42:26.310 1542 25637 I wm_task_removed: [76342,removeChild]
08-22 16:42:26.315 1542 1693 I am_pss : [26134,10025,com.android.providers.calendar,7273472,5070848,40960,92598272,0,19,5]
08-22 16:42:26.360 1542 25637 I wm_task_moved: [76340,1,7]
08-22 16:42:26.360 1542 25637 I wm_task_to_front: [0,76340]
08-22 16:42:26.360 1542 25637 I wm_set_resumed_activity: [0,com.tencent.mobileqq/.activity.SplashActivity,positionChildAt]
08-22 16:42:26.360 1542 25637 I wm_focused_root_task: [0,0,76340,76341,bringingFoundTaskToFront]
08-22 16:42:26.360 1542 25637 I wm_set_resumed_activity: [0,com.tencent.mobileqq/.activity.SplashActivity,bringingFoundTaskToFront]
08-22 16:42:26.360 30420 30420 I wm_on_top_resumed_lost_called: [207450652,com.ss.android.lark.main.app.MainActivity,topStateChangedWhenResumed]
08-22 16:42:26.361 1542 25637 I wm_task_moved: [76340,1,7]
08-22 16:42:26.361 1542 25637 I wm_set_resumed_activity: [0,com.tencent.mobileqq/.activity.SplashActivity,positionChildAt]
08-22 16:42:26.361 1542 25637 I wm_create_activity: [0,128775340,76340,com.tencent.mobileqq/com.tencent.av.ui.VideoInviteActivity,NULL,NULL,NULL,272891904]
08-22 16:42:26.362 1542 25637 I wm_pause_activity: [0,78130619,com.tencent.mobileqq/.activity.SplashActivity,userLeaving=false,resumeTopActivityInnerLocked]
08-22 16:42:26.364 1542 1662 I input_focus: [Focus request 7696002 com.tencent.mobileqq/com.tencent.mobileqq.activity.SplashActivity,reason=UpdateInputWindows]
08-22 16:42:26.376 6739 6739 I wm_on_paused_called: [78130619,com.tencent.mobileqq.activity.SplashActivity,performPause]
08-22 16:42:26.377 1542 25637 I wm_restart_activity: [0,128775340,76340,com.tencent.mobileqq/com.tencent.av.ui.VideoInviteActivity]
08-22 16:42:26.379 1542 25637 I wm_set_resumed_activity: [0,com.tencent.mobileqq/com.tencent.av.ui.VideoInviteActivity,minimalResumeActivityLocked]
08-22 16:42:26.381 1542 1660 I sysui_multi_action: [757,803,799,window_time_0,802,0]
08-22 16:42:26.393 1542 1843 I input_focus: [Focus leaving b5d9bb1 com.ss.android.lark/com.ss.android.lark.main.app.MainActivity (server),reason=setFocusedWindow]
08-22 16:42:26.393 1542 1843 I input_focus: [Focus entering 7696002 com.tencent.mobileqq/com.tencent.mobileqq.activity.SplashActivity (server),reason=setFocusedWindow]
08-22 16:42:26.438 31242 31242 I wm_on_create_called: [128775340,com.tencent.av.ui.VideoInviteActivity,performCreate]
08-22 16:42:26.439 31242 31242 I wm_on_start_called: [128775340,com.tencent.av.ui.VideoInviteActivity,handleStartActivity]
08-22 16:42:26.509 31242 31242 I wm_on_resume_called: [128775340,com.tencent.av.ui.VideoInviteActivity,RESUME_ACTIVITY]
08-22 16:42:26.513 31242 31242 I wm_on_top_resumed_gained_called: [128775340,com.tencent.av.ui.VideoInviteActivity,topStateChangedWhenResumed]
08-22 16:42:26.534 1542 10447 I service_manager_stats: [100,90,106600]
08-22 16:42:26.535 1542 10447 I wm_task_moved: [76340,1,7]
08-22 16:42:26.535 1542 10447 I wm_set_resumed_activity: [0,com.tencent.mobileqq/com.tencent.av.ui.VideoInviteActivity,positionChildAt]
08-22 16:42:26.536 1542 10447 I wm_create_activity: [0,228699446,76340,com.android.permissioncontroller/.permission.ui.GrantPermissionsActivity,android.content.pm.action.REQUEST_PERMISSIONS,NULL,NULL,8388608]
08-22 16:42:26.536 1542 10447 I wm_pause_activity: [0,128775340,com.tencent.mobileqq/com.tencent.av.ui.VideoInviteActivity,userLeaving=true,resumeTopActivityInnerLocked]
08-22 16:42:26.539 1542 1660 I am_uid_running: 10095
08-22 16:42:26.545 1542 1697 I am_proc_start: [0,31444,10095,com.android.permissioncontroller,pre-top-activity,{com.android.permissioncontroller/com.android.permissioncontroller.permission.ui.GrantPermissionsActivity}]
08-22 16:42:26.553 1542 25637 I am_proc_bound: [0,31444,com.android.permissioncontroller]
08-22 16:42:26.579 1542 1662 I input_focus: [Focus request 23a2255 com.tencent.mobileqq/com.tencent.av.ui.VideoInviteActivity,reason=UpdateInputWindows]
08-22 16:42:26.584 31242 31242 I wm_on_top_resumed_lost_called: [128775340,com.tencent.av.ui.VideoInviteActivity,topStateChangedWhenResumed]
08-22 16:42:26.586 31242 31242 I wm_on_paused_called: [128775340,com.tencent.av.ui.VideoInviteActivity,performPause]
08-22 16:42:26.588 1542 1843 I input_focus: [Focus leaving 7696002 com.tencent.mobileqq/com.tencent.mobileqq.activity.SplashActivity (server),reason=Waiting for window because NOT_VISIBLE]
08-22 16:42:26.588 1542 25637 I wm_restart_activity: [0,228699446,76340,com.android.permissioncontroller/.permission.ui.GrantPermissionsActivity]
08-22 16:42:26.589 1542 25637 I wm_set_resumed_activity: [0,com.android.permissioncontroller/.permission.ui.GrantPermissionsActivity,minimalResumeActivityLocked]
08-22 16:42:26.592 1542 1660 I am_uid_active: 10095
08-22 16:42:26.593 1542 1660 I sysui_multi_action: [757,803,799,window_time_2,802,0]
08-22 16:42:26.633 31444 31444 I wm_on_create_called: [228699446,com.android.permissioncontroller.permission.ui.GrantPermissionsActivity,performCreate]
08-22 16:42:26.634 31444 31444 I wm_on_start_called: [228699446,com.android.permissioncontroller.permission.ui.GrantPermissionsActivity,handleStartActivity]
08-22 16:42:26.634 31444 31444 I wm_on_resume_called: [228699446,com.android.permissioncontroller.permission.ui.GrantPermissionsActivity,RESUME_ACTIVITY]
08-22 16:42:26.638 31444 31444 I wm_on_top_resumed_gained_called: [228699446,com.android.permissioncontroller.permission.ui.GrantPermissionsActivity,topStateChangedWhenResumed]
08-22 16:42:26.641 1542 1662 I input_focus: [Focus request 29dc927 com.android.permissioncontroller/com.android.permissioncontroller.permission.ui.GrantPermissionsActivity,reason=UpdateInputWindows]
08-22 16:42:26.647 1542 1657 I sysui_multi_action: [319,286,322,285,325,9356,757,761,758,8,759,2,806,com.android.permissioncontroller,871,com.android.permissioncontroller.permission.ui.GrantPermissionsActivity,904,com.tencent.mobileqq,905,0,945,196,1320,21,1321,5]
08-22 16:42:26.647 1542 1657 I wm_activity_launch_time: [0,228699446,com.android.permissioncontroller/.permission.ui.GrantPermissionsActivity,285]
08-22 16:42:26.655 1542 1843 I input_focus: [Focus entering 23a2255 com.tencent.mobileqq/com.tencent.av.ui.VideoInviteActivity (server),reason=Window became focusable. Previous reason: NOT_VISIBLE]
08-22 16:42:26.656 1542 1843 I input_focus: [Focus leaving 23a2255 com.tencent.mobileqq/com.tencent.av.ui.VideoInviteActivity (server),reason=setFocusedWindow]
08-22 16:42:26.656 1542 1843 I input_focus: [Focus entering 29dc927 com.android.permissioncontroller/com.android.permissioncontroller.permission.ui.GrantPermissionsActivity (server),reason=setFocusedWindow]
08-22 16:42:27.182 1542 1833 I commit_sys_config_file: [settings-1-0,2]
08-22 16:42:27.936 1542 1843 I input_interaction: Interaction with: 29dc927 com.android.permissioncontroller/com.android.permissioncontroller.permission.ui.GrantPermissionsActivity (server), edge-swipe (server), swipe-up (server), PointerEventDispatcher0 (server),
08-22 16:42:28.063 1542 22853 I sysui_multi_action: [757,1243,758,4,806,com.tencent.mobileqq,1241,android.permission.CAMERA]
08-22 16:42:28.064 31444 31444 I snet_event_log: [individual_permissions_requested,10123,com.tencent.mobileqq:com.tencent.mobileqq:;android.permission.CAMERA|false|768]
08-22 16:42:28.064 1542 10504 I wm_finish_activity: [0,228699446,76340,com.android.permissioncontroller/.permission.ui.GrantPermissionsActivity,app-request]
08-22 16:42:28.068 1542 10504 I wm_pause_activity: [0,228699446,com.android.permissioncontroller/.permission.ui.GrantPermissionsActivity,userLeaving=false,finish]
08-22 16:42:28.071 31444 31444 I wm_on_top_resumed_lost_called: [228699446,com.android.permissioncontroller.permission.ui.GrantPermissionsActivity,topStateChangedWhenResumed]
08-22 16:42:28.071 31444 31444 I wm_on_paused_called: [228699446,com.android.permissioncontroller.permission.ui.GrantPermissionsActivity,performPause]
08-22 16:42:28.073 1542 25637 I wm_set_resumed_activity: [0,com.tencent.mobileqq/com.tencent.av.ui.VideoInviteActivity,resumeTopActivityInnerLocked]
08-22 16:42:28.074 1542 25637 I wm_resume_activity: [0,128775340,76340,com.tencent.mobileqq/com.tencent.av.ui.VideoInviteActivity]
08-22 16:42:28.078 1542 1662 I input_focus: [Focus request 23a2255 com.tencent.mobileqq/com.tencent.av.ui.VideoInviteActivity,reason=UpdateInputWindows]
08-22 16:42:28.078 1542 1660 I sysui_multi_action: [757,803,799,window_time_2,802,1]
08-22 16:42:28.081 1542 1662 I input_focus: [Focus request d7bc599 com.tencent.mobileqq/com.tencent.av.ui.VideoInviteActivity,reason=UpdateInputWindows]
08-22 16:42:28.094 1542 1843 I input_focus: [Focus leaving 29dc927 com.android.permissioncontroller/com.android.permissioncontroller.permission.ui.GrantPermissionsActivity (server),reason=NO_WINDOW]
08-22 16:42:28.094 1542 1843 I input_focus: [Focus entering d7bc599 com.tencent.mobileqq/com.tencent.av.ui.VideoInviteActivity (server),reason=setFocusedWindow]
08-22 16:42:28.098 1542 25637 I wm_task_moved: [76340,1,7]
08-22 16:42:28.098 1542 25637 I wm_set_resumed_activity: [0,com.tencent.mobileqq/com.tencent.av.ui.VideoInviteActivity,positionChildAt]
08-22 16:42:28.098 1542 25637 I wm_create_activity: [0,171858068,76340,com.android.permissioncontroller/.permission.ui.GrantPermissionsActivity,android.content.pm.action.REQUEST_PERMISSIONS,NULL,NULL,8388608]
08-22 16:42:28.099 1542 25637 I wm_pause_activity: [0,128775340,com.tencent.mobileqq/com.tencent.av.ui.VideoInviteActivity,userLeaving=true,resumeTopActivityInnerLocked]
08-22 16:42:28.100 31242 31242 I wm_on_activity_result_called: [128775340,com.tencent.av.ui.VideoInviteActivity,ACTIVITY_RESULT]
08-22 16:42:28.102 31242 31242 I wm_on_resume_called: [128775340,com.tencent.av.ui.VideoInviteActivity,RESUME_ACTIVITY]
08-22 16:42:28.102 31242 31242 I wm_on_top_resumed_gained_called: [128775340,com.tencent.av.ui.VideoInviteActivity,topWhenResuming]
08-22 16:42:28.106 1542 1662 I input_focus: [Focus request 6472401 com.tencent.mobileqq/com.tencent.av.ui.VideoInviteActivity,reason=UpdateInputWindows]
08-22 16:42:28.107 31242 31242 I wm_on_top_resumed_lost_called: [128775340,com.tencent.av.ui.VideoInviteActivity,topStateChangedWhenResumed]
08-22 16:42:28.110 31242 31242 I wm_on_paused_called: [128775340,com.tencent.av.ui.VideoInviteActivity,performPause]
08-22 16:42:28.111 1542 1843 I input_focus: [Focus leaving d7bc599 com.tencent.mobileqq/com.tencent.av.ui.VideoInviteActivity (server),reason=setFocusedWindow]
08-22 16:42:28.111 1542 1843 I input_focus: [Focus entering 6472401 com.tencent.mobileqq/com.tencent.av.ui.VideoInviteActivity (server),reason=setFocusedWindow]
08-22 16:42:28.111 1542 12010 I wm_restart_activity: [0,171858068,76340,com.android.permissioncontroller/.permission.ui.GrantPermissionsActivity]
08-22 16:42:28.112 1542 12010 I wm_set_resumed_activity: [0,com.android.permissioncontroller/.permission.ui.GrantPermissionsActivity,minimalResumeActivityLocked]
08-22 16:42:28.114 1542 1660 I sysui_multi_action: [757,803,799,window_time_2,802,0]
08-22 16:42:28.121 31444 31444 I wm_on_create_called: [171858068,com.android.permissioncontroller.permission.ui.GrantPermissionsActivity,performCreate]
08-22 16:42:28.122 31444 31444 I wm_on_start_called: [171858068,com.android.permissioncontroller.permission.ui.GrantPermissionsActivity,handleStartActivity]
08-22 16:42:28.122 31444 31444 I wm_on_resume_called: [171858068,com.android.permissioncontroller.permission.ui.GrantPermissionsActivity,RESUME_ACTIVITY]
08-22 16:42:28.123 1542 8548 I wm_destroy_activity: [0,228699446,76340,com.android.permissioncontroller/.permission.ui.GrantPermissionsActivity,finish-idle]
08-22 16:42:28.125 31444 31444 I wm_on_top_resumed_gained_called: [171858068,com.android.permissioncontroller.permission.ui.GrantPermissionsActivity,topStateChangedWhenResumed]
08-22 16:42:28.131 1542 1662 I input_focus: [Focus request 5b37918 com.android.permissioncontroller/com.android.permissioncontroller.permission.ui.GrantPermissionsActivity,reason=UpdateInputWindows]
08-22 16:42:28.133 31444 31444 I wm_on_stop_called: [228699446,com.android.permissioncontroller.permission.ui.GrantPermissionsActivity,LIFECYCLER_STOP_ACTIVITY]
08-22 16:42:28.134 31444 31444 I wm_on_destroy_called: [228699446,com.android.permissioncontroller.permission.ui.GrantPermissionsActivity,performDestroy]
08-22 16:42:28.134 1542 1657 I wm_activity_launch_time: [0,171858068,com.android.permissioncontroller/.permission.ui.GrantPermissionsActivity,37]
08-22 16:42:28.142 1542 1843 I input_focus: [Focus leaving 6472401 com.tencent.mobileqq/com.tencent.av.ui.VideoInviteActivity (server),reason=setFocusedWindow]
08-22 16:42:28.142 1542 1843 I input_focus: [Focus entering 5b37918 com.android.permissioncontroller/com.android.permissioncontroller.permission.ui.GrantPermissionsActivity (server),reason=setFocusedWindow]
08-22 16:42:28.357 853 853 I auditd : type=1400 audit(0.0:59913): avc: denied { add_name } for comm="perf@2.2-servic" name="force_rail_on" scontext=u:r:vendor_hal_perf_default:s0 tcontext=u:object_r:vendor_sysfs_kgsl:s0 tclass=dir permissive=1
08-22 16:42:28.357 853 853 I auditd : type=1400 audit(0.0:59914): avc: denied { add_name } for comm="perf@2.2-servic" name="min_freq" scontext=u:r:vendor_hal_perf_default:s0 tcontext=u:object_r:vendor_sysfs_devfreq:s0 tclass=dir permissive=1
08-22 16:42:28.357 853 853 I auditd : type=1400 audit(0.0:59915): avc: denied { add_name } for comm="perf@2.2-servic" name="cpu_min_freq" scontext=u:r:vendor_hal_perf_default:s0 tcontext=u:object_r:vendor_sysfs_msm_perf:s0 tclass=dir permissive=1
08-22 16:42:28.590 1542 1693 I am_pss : [30420,10119,com.ss.android.lark,326381568,255488000,39936,560398336,0,2,47]
08-22 16:42:28.887 1542 1843 I input_interaction: Interaction with: 5b37918 com.android.permissioncontroller/com.android.permissioncontroller.permission.ui.GrantPermissionsActivity (server), edge-swipe (server), swipe-up (server), PointerEventDispatcher0 (server),
08-22 16:42:29.081 1542 12010 I sysui_multi_action: [757,1243,758,4,806,com.tencent.mobileqq,1241,android.permission.RECORD_AUDIO]
08-22 16:42:29.083 31444 31444 I snet_event_log: [individual_permissions_requested,10123,com.tencent.mobileqq:com.tencent.mobileqq:;android.permission.RECORD_AUDIO|false|768]
08-22 16:42:29.083 1542 25637 I wm_finish_activity: [0,171858068,76340,com.android.permissioncontroller/.permission.ui.GrantPermissionsActivity,app-request]
08-22 16:42:29.093 1542 25637 I wm_pause_activity: [0,171858068,com.android.permissioncontroller/.permission.ui.GrantPermissionsActivity,userLeaving=false,finish]
08-22 16:42:29.113 1542 1843 I input_focus: [Focus leaving 5b37918 com.android.permissioncontroller/com.android.permissioncontroller.permission.ui.GrantPermissionsActivity (server),reason=NO_WINDOW]
08-22 16:42:29.120 31444 31444 I wm_on_top_resumed_lost_called: [171858068,com.android.permissioncontroller.permission.ui.GrantPermissionsActivity,topStateChangedWhenResumed]
08-22 16:42:29.120 31444 31444 I wm_on_paused_called: [171858068,com.android.permissioncontroller.permission.ui.GrantPermissionsActivity,performPause]
08-22 16:42:29.121 1542 12009 I wm_set_resumed_activity: [0,com.tencent.mobileqq/com.tencent.av.ui.VideoInviteActivity,resumeTopActivityInnerLocked]
08-22 16:42:29.122 1542 12009 I wm_resume_activity: [0,128775340,76340,com.tencent.mobileqq/com.tencent.av.ui.VideoInviteActivity]
08-22 16:42:29.129 1542 1662 I input_focus: [Focus request 6472401 com.tencent.mobileqq/com.tencent.av.ui.VideoInviteActivity,reason=UpdateInputWindows]
08-22 16:42:29.129 1542 1660 I sysui_multi_action: [757,803,799,window_time_2,802,1]
08-22 16:42:29.134 1542 1662 I input_focus: [Focus request d7bc599 com.tencent.mobileqq/com.tencent.av.ui.VideoInviteActivity,reason=UpdateInputWindows]
08-22 16:42:29.134 31242 31242 I wm_on_activity_result_called: [128775340,com.tencent.av.ui.VideoInviteActivity,ACTIVITY_RESULT]
08-22 16:42:29.137 31242 31242 I wm_on_resume_called: [128775340,com.tencent.av.ui.VideoInviteActivity,RESUME_ACTIVITY]
08-22 16:42:29.137 31242 31242 I wm_on_top_resumed_gained_called: [128775340,com.tencent.av.ui.VideoInviteActivity,topWhenResuming]
08-22 16:42:29.139 1542 7812 I wm_destroy_activity: [0,171858068,76340,com.android.permissioncontroller/.permission.ui.GrantPermissionsActivity,finish-idle]
08-22 16:42:29.140 1542 1660 I am_kill : [0,26134,com.android.providers.calendar,915,empty #2]
08-22 16:42:29.153 31444 31444 I wm_on_stop_called: [171858068,com.android.permissioncontroller.permission.ui.GrantPermissionsActivity,LIFECYCLER_STOP_ACTIVITY]
08-22 16:42:29.154 31444 31444 I wm_on_destroy_called: [171858068,com.android.permissioncontroller.permission.ui.GrantPermissionsActivity,performDestroy]
08-22 16:42:29.157 1542 1693 I am_pss : [29243,99034,com.android.webview:sandboxed_process0:org.chromium.content.app.SandboxedProcessService0:0,61239296,48066560,306176,122339328,0,4,8]
08-22 16:42:29.160 1542 1843 I input_focus: [Focus entering d7bc599 com.tencent.mobileqq/com.tencent.av.ui.VideoInviteActivity (server),reason=setFocusedWindow]
08-22 16:42:29.180 1542 5785 I am_proc_died: [0,26134,com.android.providers.calendar,915,19]
08-22 16:42:29.181 1542 5785 I am_uid_stopped: 10025
08-22 16:42:30.042 1542 1843 I input_interaction: Interaction with: d7bc599 com.tencent.mobileqq/com.tencent.av.ui.VideoInviteActivity (server), edge-swipe (server), swipe-up (server), PointerEventDispatcher0 (server),
08-22 16:42:30.230 1542 1693 I am_pss : [28203,10104,com.tencent.android.qqdownloader,90368000,78692352,40960,209715200,0,4,16]
08-22 16:42:30.232 1542 2098 I wm_task_moved: [76340,1,7]
08-22 16:42:30.232 1542 2098 I wm_set_resumed_activity: [0,com.tencent.mobileqq/com.tencent.av.ui.VideoInviteActivity,positionChildAt]
08-22 16:42:30.233 1542 2098 I wm_create_activity: [0,13152240,76340,com.tencent.mobileqq/com.tencent.av.ui.AVActivity,NULL,NULL,NULL,268697600]
08-22 16:42:30.233 1542 2098 I wm_pause_activity: [0,128775340,com.tencent.mobileqq/com.tencent.av.ui.VideoInviteActivity,userLeaving=false,resumeTopActivityInnerLocked]
08-22 16:42:30.235 1542 2098 I wm_finish_activity: [0,128775340,76340,com.tencent.mobileqq/com.tencent.av.ui.VideoInviteActivity,app-request]
08-22 16:42:30.236 31242 31242 I wm_on_top_resumed_lost_called: [128775340,com.tencent.av.ui.VideoInviteActivity,topStateChangedWhenResumed]
08-22 16:42:30.237 31242 31242 I wm_on_paused_called: [128775340,com.tencent.av.ui.VideoInviteActivity,performPause]
08-22 16:42:30.237 1542 2098 I wm_add_to_stopping: [0,128775340,com.tencent.mobileqq/com.tencent.av.ui.VideoInviteActivity,completeFinishing]
08-22 16:42:30.239 1542 1693 I am_pss : [28301,10104,com.tencent.android.qqdownloader:cloud,27145216,19460096,40960,133115904,0,4,8]
08-22 16:42:30.239 1542 2098 I wm_restart_activity: [0,13152240,76340,com.tencent.mobileqq/com.tencent.av.ui.AVActivity]
08-22 16:42:30.240 1542 2098 I wm_set_resumed_activity: [0,com.tencent.mobileqq/com.tencent.av.ui.AVActivity,minimalResumeActivityLocked]
08-22 16:42:30.243 1542 1660 I sysui_multi_action: [757,803,799,window_time_2,802,2]
08-22 16:42:30.257 31242 31242 I auditd : type=1400 audit(0.0:59916): avc: granted { bind } for comm="MSF_Common_Prio" scontext=u:r:untrusted_app_27:s0:c512,c768 tcontext=u:r:untrusted_app_27:s0:c512,c768 tclass=netlink_route_socket app=com.tencent.mobileqq
08-22 16:42:30.257 31242 31242 I auditd : type=1400 audit(0.0:59917): avc: granted { nlmsg_readpriv } for comm="MSF_Common_Prio" scontext=u:r:untrusted_app_27:s0:c512,c768 tcontext=u:r:untrusted_app_27:s0:c512,c768 tclass=netlink_route_socket app=com.tencent.mobileqq
08-22 16:42:30.257 31242 31242 I auditd : type=1400 audit(0.0:59918): avc: granted { bind } for comm="MSF_Common_Prio" scontext=u:r:untrusted_app_27:s0:c512,c768 tcontext=u:r:untrusted_app_27:s0:c512,c768 tclass=netlink_route_socket app=com.tencent.mobileqq
08-22 16:42:30.257 31242 31242 I auditd : type=1400 audit(0.0:59919): avc: granted { nlmsg_readpriv } for comm="MSF_Common_Prio" scontext=u:r:untrusted_app_27:s0:c512,c768 tcontext=u:r:untrusted_app_27:s0:c512,c768 tclass=netlink_route_socket app=com.tencent.mobileqq
08-22 16:42:30.263 1542 1843 I input_focus: [Focus leaving d7bc599 com.tencent.mobileqq/com.tencent.av.ui.VideoInviteActivity (server),reason=NO_WINDOW]
08-22 16:42:30.302 31242 31242 I wm_on_create_called: [13152240,com.tencent.av.ui.AVActivity,performCreate]
08-22 16:42:30.327 31242 31242 I wm_on_start_called: [13152240,com.tencent.av.ui.AVActivity,handleStartActivity]
08-22 16:42:30.336 31242 31242 I wm_on_resume_called: [13152240,com.tencent.av.ui.AVActivity,RESUME_ACTIVITY]
08-22 16:42:30.339 31242 31242 I wm_on_top_resumed_gained_called: [13152240,com.tencent.av.ui.AVActivity,topStateChangedWhenResumed]
08-22 16:42:30.343 1542 1662 I input_focus: [Focus request de505a com.tencent.mobileqq/com.tencent.av.ui.AVActivity,reason=UpdateInputWindows]
08-22 16:42:30.381 1542 1657 I wm_activity_launch_time: [0,13152240,com.tencent.mobileqq/com.tencent.av.ui.AVActivity,153]
08-22 16:42:30.377 853 853 I auditd : type=1400 audit(0.0:59920): avc: denied { add_name } for comm="perf@2.2-servic" name="clkscale_enable" scontext=u:r:vendor_hal_perf_default:s0 tcontext=u:object_r:sysfs:s0 tclass=dir permissive=1
08-22 16:42:30.398 1542 1843 I input_focus: [Focus entering de505a com.tencent.mobileqq/com.tencent.av.ui.AVActivity (server),reason=Window became focusable. Previous reason: NOT_VISIBLE]
08-22 16:42:30.457 31242 31242 I auditd : type=1400 audit(0.0:59921): avc: granted { nlmsg_readpriv } for comm="Thread-30" scontext=u:r:untrusted_app_27:s0:c512,c768 tcontext=u:r:untrusted_app_27:s0:c512,c768 tclass=netlink_route_socket app=com.tencent.mobileqq
08-22 16:42:30.476 1542 1542 I notification_enqueue: [10123,31242,com.tencent.mobileqq,235,NULL,0,Notification(channel=CHANNEL_ID_SHOW_BADGE shortcut=null contentView=null vibrate=null sound=null defaults=0x0 flags=0x2a color=0x00000000 vis=PRIVATE),0]
08-22 16:42:30.488 1542 1542 I notification_enqueue: [10123,31242,com.tencent.mobileqq,235,NULL,0,Notification(channel=CHANNEL_ID_SHOW_BADGE shortcut=null contentView=null vibrate=null sound=null defaults=0x0 flags=0x6a color=0x00000000 vis=PRIVATE),0]
08-22 16:42:30.541 1542 1883 I stream_devices_changed: [3,2,1]
08-22 16:42:30.695 1542 1542 I sysui_multi_action: [757,1501,758,1,793,220,794,0,795,220,796,235,806,com.tencent.mobileqq,857,CHANNEL_ID_SHOW_BADGE,858,4,947,0,1500,0,1688,1]
08-22 16:42:30.695 1542 1542 I sysui_multi_action: [757,804,799,note_interruptive,801,0,802,1]
08-22 16:42:30.728 1936 1936 I sysui_multi_action: [757,803,799,note_peek,802,1]
