11-11 00:00:15.884 1936 1936 I sysui_multi_action: [757,804,799,volume_from_keyguard,801,0,802,1]
11-11 00:00:16.569 10583 10738 I service_manager_slow: [112,isub]
11-11 00:00:16.738 10583 10583 I auditd : type=1400 audit(0.0:47081): avc: denied { read } for comm="pool-9-thread-6" name="tcp" dev="proc" ino=4026532265 scontext=u:r:untrusted_app_29:s0:c106,c256,c512,c768 tcontext=u:object_r:proc_net_tcp_udp:s0 tclass=file permissive=1 app=com.smile.gifmaker
11-11 00:00:16.738 10583 10583 I auditd : type=1400 audit(0.0:47082): avc: denied { open } for comm="pool-9-thread-6" path="/proc/10583/net/tcp" dev="proc" ino=4026532265 scontext=u:r:untrusted_app_29:s0:c106,c256,c512,c768 tcontext=u:object_r:proc_net_tcp_udp:s0 tclass=file permissive=1 app=com.smile.gifmaker
11-11 00:00:16.738 10583 10583 I auditd : type=1400 audit(0.0:47083): avc: denied { getattr } for comm="pool-9-thread-6" path="/proc/10583/net/tcp" dev="proc" ino=4026532265 scontext=u:r:untrusted_app_29:s0:c106,c256,c512,c768 tcontext=u:object_r:proc_net_tcp_udp:s0 tclass=file permissive=1 app=com.smile.gifmaker
11-11 00:00:16.830 10583 10583 I auditd : type=1400 audit(0.0:47084): avc: denied { read } for comm="pool-9-thread-6" name="u:object_r:serialno_prop:s0" dev="tmpfs" ino=14349 scontext=u:r:untrusted_app_29:s0:c106,c256,c512,c768 tcontext=u:object_r:serialno_prop:s0 tclass=file permissive=1 app=com.smile.gifmaker
11-11 00:00:16.830 10583 10583 I auditd : type=1400 audit(0.0:47085): avc: denied { open } for comm="pool-9-thread-6" path="/dev/__properties__/u:object_r:serialno_prop:s0" dev="tmpfs" ino=14349 scontext=u:r:untrusted_app_29:s0:c106,c256,c512,c768 tcontext=u:object_r:serialno_prop:s0 tclass=file permissive=1 app=com.smile.gifmaker
11-11 00:00:16.873 10583 10738 I service_manager_slow: [132,thermalservice]
11-11 00:00:15.001 1542 1696 I am_wtf : [0,1542,system_server,-1,LazyAlarmStore,Removed TIME_TICK alarm]
11-11 00:00:15.061 1542 20554 I am_kill : [0,10381,com.qualcomm.timeservice,925,empty #2]
11-11 00:00:15.063 1542 20554 I am_uid_running: 10119
11-11 00:00:15.070 1542 1697 I am_proc_start: [0,10867,10119,com.ss.android.lark,broadcast,{com.ss.android.lark/com.xiaomi.push.service.receivers.PingReceiver}]
11-11 00:00:15.088 1542 20554 I am_proc_bound: [0,10867,com.ss.android.lark]
11-11 00:00:15.119 1542 20554 I am_proc_died: [0,10381,com.qualcomm.timeservice,925,19]
11-11 00:00:15.120 1542 20554 I am_uid_stopped: 10062
11-11 00:00:15.188 1542 20554 I am_uid_running: 99026
11-11 00:00:15.197 1542 1697 I am_proc_start: [0,10894,99026,com.android.webview:sandboxed_process0:org.chromium.content.app.SandboxedProcessService0:0,,{com.qiyi.video.pad/org.chromium.content.app.SandboxedProcessService0:0}]
11-11 00:00:15.224 1542 20554 I am_proc_bound: [0,10894,com.android.webview:sandboxed_process0:org.chromium.content.app.SandboxedProcessService0:0]
11-11 00:00:15.362 1542 3021 I am_kill : [0,9945,com.tencent.ilink.ServiceProcess,905,empty #2]
11-11 00:00:15.363 1542 3021 I am_kill : [0,8093,com.tencent.android.qqdownloader:cloud,915,empty #3]
11-11 00:00:15.437 1542 12437 I am_proc_died: [0,8093,com.tencent.android.qqdownloader:cloud,915,19]
11-11 00:00:15.438 1542 12437 I am_schedule_service_restart: [0,com.tencent.android.qqdownloader/com.live.watermelon.service.SentryAlphaService,1000]
11-11 00:00:15.445 1542 3021 I am_kill : [0,7996,com.tencent.android.qqdownloader:live,100,stop com.tencent.android.qqdownloader due to start instr]
11-11 00:00:15.446 1542 3021 I am_kill : [0,8090,com.tencent.android.qqdownloader,0,stop com.tencent.android.qqdownloader due to start instr]
11-11 00:00:15.452 1542 3021 I am_uid_stopped: 10104
11-11 00:00:15.452 1542 3021 I am_kill : [0,7930,com.tencent.android.qqdownloader:daemon,0,stop com.tencent.android.qqdownloader due to start instr]
11-11 00:00:15.456 1542 3021 I am_kill : [0,9155,com.android.webview:sandboxed_process0:org.chromium.content.app.SandboxedProcessService0:0,0,isolated not needed]
11-11 00:00:15.458 1542 3021 I am_uid_running: 10104
11-11 00:00:15.462 1542 1660 I am_uid_active: 10104
11-11 00:00:15.464 1542 1660 I am_uid_running: 10035
11-11 00:00:15.466 1542 1697 I am_proc_start: [0,10936,10104,com.tencent.android.qqdownloader:daemon,added application,com.tencent.android.qqdownloader:daemon]
11-11 00:00:15.480 1542 2701 I am_proc_bound: [0,10936,com.tencent.android.qqdownloader:daemon]
11-11 00:00:15.511 1542 1697 I am_proc_start: [0,10954,10104,com.tencent.android.qqdownloader:live,service,{com.tencent.android.qqdownloader/com.tencent.assistant.syscomponent.MediaRouteProviderService2}]
11-11 00:00:15.517 1542 1697 I am_proc_start: [0,10959,10035,com.lizhi.smartlife.lzbk.car,NULL,]
11-11 00:00:15.525 1542 1583 I am_proc_bound: [0,10954,com.tencent.android.qqdownloader:live]
11-11 00:00:15.530 1542 3020 I am_proc_bound: [0,10959,com.lizhi.smartlife.lzbk.car]
11-11 00:00:15.536 1542 1583 I am_kill : [0,10583,com.smile.gifmaker,905,empty #2]
11-11 00:00:15.552 1542 1697 I am_proc_start: [0,11012,10104,com.tencent.android.qqdownloader,content provider,{com.tencent.android.qqdownloader/com.tencent.assistant.db.contentprovider.WallpaperProvider}]
11-11 00:00:15.573 1542 1583 I am_proc_bound: [0,11012,com.tencent.android.qqdownloader]
11-11 00:00:15.607 1542 1697 I am_proc_start: [0,11061,10104,com.tencent.android.qqdownloader:cloud,service,{com.tencent.android.qqdownloader/com.live.watermelon.service.SentryAlphaService}]
11-11 00:00:15.622 1542 1583 I am_proc_died: [0,9155,com.android.webview:sandboxed_process0:org.chromium.content.app.SandboxedProcessService0:0,0,10]
11-11 00:00:15.623 1542 1583 I am_uid_stopped: 99025
11-11 00:00:15.626 1542 3020 I am_proc_bound: [0,11061,com.tencent.android.qqdownloader:cloud]
11-11 00:00:15.724 11269 11269 I auditd : type=1400 audit(0.0:47093): avc: granted { execute } for comm="Thread-3" name="daemon2_64_v2.2.2" dev="dm-10" ino=90473 scontext=u:r:untrusted_app_27:s0:c512,c768 tcontext=u:object_r:app_data_file:s0:c512,c768 tclass=file
11-11 00:00:15.724 11269 11269 I auditd : type=1400 audit(0.0:47094): avc: granted { execute_no_trans } for comm="Thread-3" path="/data/user/0/com.tencent.android.qqdownloader/app_bin/daemon2_64_v2.2.2" dev="dm-10" ino=90473 scontext=u:r:untrusted_app_27:s0:c512,c768 tcontext=u:object_r:app_data_file:s0:c512,c768 tclass=file
11-11 00:00:15.728 11269 11269 I auditd : type=1400 audit(0.0:47095): avc: granted { execute } for comm="daemon2_64_v2.2" path="/data/user/0/com.tencent.android.qqdownloader/app_bin/daemon2_64_v2.2.2" dev="dm-10" ino=90473 scontext=u:r:untrusted_app_27:s0:c512,c768 tcontext=u:object_r:app_data_file:s0:c512,c768 tclass=file
11-11 00:00:15.764 11012 11012 I auditd : type=1400 audit(0.0:47096): avc: granted { nlmsg_readpriv } for comm="halley_2800_Tem" scontext=u:r:untrusted_app_27:s0:c512,c768 tcontext=u:r:untrusted_app_27:s0:c512,c768 tclass=netlink_route_socket app=com.tencent.android.qqdownloader
11-11 00:00:15.800 11012 11012 I auditd : type=1400 audit(0.0:47097): avc: granted { nlmsg_readpriv } for comm="halley_2800_Tem" scontext=u:r:untrusted_app_27:s0:c512,c768 tcontext=u:r:untrusted_app_27:s0:c512,c768 tclass=netlink_route_socket app=com.tencent.android.qqdownloader
11-11 00:00:15.815 1542 3020 I am_proc_died: [0,10583,com.smile.gifmaker,905,19]
11-11 00:00:15.815 1542 3020 I am_uid_stopped: 10106
11-11 00:00:15.869 1542 1693 I am_pss : [6739,10123,com.tencent.mobileqq,216145920,174211072,45056,369713152,0,2,18]
11-11 00:00:16.867 1936 1936 I sysui_multi_action: [757,207,758,2]
11-11 00:00:16.868 1936 2574 I sysui_multi_action: [757,210,758,4,759,-1]
11-11 00:00:17.410 1542 1542 I notification_cancel_all: [1000,1542,com.ss.android.lark,0,0,0,20,NULL]
11-11 00:00:17.410 1542 1542 I notification_cancel_all: [1000,1542,com.ss.android.lark,0,0,0,20,NULL]
11-11 00:00:17.411 1542 1542 I notification_cancel_all: [1000,1542,com.ss.android.lark,0,0,0,20,NULL]
11-11 00:00:17.411 1542 1542 I notification_cancel_all: [1000,1542,com.ss.android.lark,0,0,0,20,NULL]
11-11 00:00:17.727 1542 3020 I am_uid_running: 10062
11-11 00:00:17.737 1542 1697 I am_proc_start: [0,12280,10062,com.qualcomm.timeservice,broadcast,{com.qualcomm.timeservice/com.qualcomm.timeservice.TimeServiceBroadcastReceiver}]
11-11 00:00:17.753 1542 3020 I am_proc_bound: [0,12280,com.qualcomm.timeservice]
11-11 00:00:17.761 1542 3020 I am_uid_active: 10062
11-11 00:00:17.813 1542 22853 I am_kill : [0,10959,com.lizhi.smartlife.lzbk.car,915,empty #2]
11-11 00:00:17.819 1542 22853 I am_uid_running: 10106
11-11 00:00:17.816 11012 11012 I auditd : type=1400 audit(0.0:48051): avc: granted { nlmsg_readpriv } for comm="halley_2800_Tem" scontext=u:r:untrusted_app_27:s0:c512,c768 tcontext=u:r:untrusted_app_27:s0:c512,c768 tclass=netlink_route_socket app=com.tencent.android.qqdownloader
11-11 00:00:17.829 1542 1697 I am_proc_start: [0,12303,10106,com.smile.gifmaker,broadcast,{com.smile.gifmaker/androidx.work.impl.background.systemalarm.RescheduleReceiver}]
11-11 00:00:17.853 1542 22853 I am_proc_died: [0,10959,com.lizhi.smartlife.lzbk.car,915,19]
11-11 00:00:17.854 1542 22853 I am_uid_stopped: 10035
11-11 00:00:17.856 1542 22853 I am_uid_active: 10106
11-11 00:00:17.857 1542 22853 I am_proc_bound: [0,12303,com.smile.gifmaker]
11-11 00:00:17.878 1542 12437 I am_kill : [0,10867,com.ss.android.lark,905,empty #2]
11-11 00:00:17.966 1542 12437 I am_proc_died: [0,10867,com.ss.android.lark,905,19]
11-11 00:00:17.967 1542 12437 I am_uid_stopped: 10119
11-11 00:00:17.971 1542 1660 I am_uid_running: 10035
11-11 00:00:17.984 1542 1697 I am_proc_start: [0,12331,10035,com.lizhi.smartlife.lzbk.car,NULL,]
11-11 00:00:18.006 1542 12437 I am_proc_bound: [0,12331,com.lizhi.smartlife.lzbk.car]
11-11 00:00:18.112 12303 12303 I auditd : type=1400 audit(0.0:48052): avc: denied { open } for comm="dfp_oaid_thread" path="/dev/__properties__/u:object_r:vendor_default_prop:s0" dev="tmpfs" ino=14420 scontext=u:r:untrusted_app_29:s0:c106,c256,c512,c768 tcontext=u:object_r:vendor_default_prop:s0 tclass=file permissive=1 app=com.smile.gifmaker
11-11 00:00:18.112 12303 12303 I auditd : type=1400 audit(0.0:48053): avc: denied { getattr } for comm="dfp_oaid_thread" path="/dev/__properties__/u:object_r:vendor_default_prop:s0" dev="tmpfs" ino=14420 scontext=u:r:untrusted_app_29:s0:c106,c256,c512,c768 tcontext=u:object_r:vendor_default_prop:s0 tclass=file permissive=1 app=com.smile.gifmaker
11-11 00:00:18.112 12303 12303 I auditd : type=1400 audit(0.0:48054): avc: denied { map } for comm="dfp_oaid_thread" path="/dev/__properties__/u:object_r:vendor_default_prop:s0" dev="tmpfs" ino=14420 scontext=u:r:untrusted_app_29:s0:c106,c256,c512,c768 tcontext=u:object_r:vendor_default_prop:s0 tclass=file permissive=1 app=com.smile.gifmaker
11-11 00:00:18.124 1542 1693 I am_kill : [0,12280,com.qualcomm.timeservice,905,empty #2]
11-11 00:00:18.145 1542 2605 I am_proc_died: [0,12280,com.qualcomm.timeservice,905,19]
11-11 00:00:18.145 1542 2605 I am_uid_stopped: 10062
11-11 00:00:18.862 1542 2605 I am_kill : [0,12303,com.smile.gifmaker,905,empty #2]
11-11 00:00:18.866 1542 2605 I am_uid_running: 10119
11-11 00:00:18.881 1542 1697 I am_proc_start: [0,12450,10119,com.ss.android.lark,broadcast,{com.ss.android.lark/com.ss.lark.android.passport.biz.feature.login.onekey_login.OneKeyConfigUpdateReceiver}]
11-11 00:00:18.908 1542 2605 I am_proc_bound: [0,12450,com.ss.android.lark]
11-11 00:00:18.930 1542 3472 I am_proc_died: [0,12303,com.smile.gifmaker,905,19]
11-11 00:00:18.931 1542 3472 I am_uid_stopped: 10106
11-11 00:00:19.964 1542 1542 I notification_cancel_all: [1000,1542,com.ss.android.lark,0,0,0,20,NULL]
11-11 00:00:19.965 1542 1542 I notification_cancel_all: [1000,1542,com.ss.android.lark,0,0,0,20,NULL]
11-11 00:00:19.965 1542 1542 I notification_cancel_all: [1000,1542,com.ss.android.lark,0,0,0,20,NULL]
11-11 00:00:19.966 1542 1542 I notification_cancel_all: [1000,1542,com.ss.android.lark,0,0,0,20,NULL]
11-11 00:00:20.220 1542 1871 I netstats_mobile_sample: [0,0,0,0,0,0,0,0,0,0,0,0,1692693542285]
11-11 00:00:20.220 1542 1871 I netstats_wifi_sample: [0,0,0,0,0,0,0,0,0,0,0,0,1692693542285]
11-11 00:00:20.255 1542 1871 I netstats_mobile_sample: [0,0,0,0,0,0,0,0,0,0,0,0,1692693542321]
11-11 00:00:20.255 1542 1871 I netstats_wifi_sample: [0,0,0,0,0,0,0,0,0,0,0,0,1692693542321]
11-11 00:00:20.259 1542 1871 I netstats_mobile_sample: [0,0,0,0,0,0,0,0,0,0,0,0,1692693542325]
11-11 00:00:20.259 1542 1871 I netstats_wifi_sample: [0,0,0,0,0,0,0,0,0,0,0,0,1692693542325]
11-11 00:00:20.272 11012 11012 I auditd : type=1400 audit(0.0:48055): avc: granted { nlmsg_readpriv } for comm="halley_2800_Tem" scontext=u:r:untrusted_app_27:s0:c512,c768 tcontext=u:r:untrusted_app_27:s0:c512,c768 tclass=netlink_route_socket app=com.tencent.android.qqdownloader
11-11 00:00:20.283 1542 1934 I sync : [com.tencent.android.qqdownloader.YYBLiveAccountProvider,0,3,24220937]
11-11 00:00:20.286 1542 1862 I service_manager_slow: [13,alarm]
11-11 00:00:20.294 1542 1934 I sync : [com.tencent.android.qqdownloader.YYBLiveAccountProvider,1,3,24220937]
11-11 00:00:20.295 1542 1934 I commit_sys_config_file: [sync-status,9082565]
11-11 00:00:20.296 1542 1934 I commit_sys_config_file: [sync-stats,7282512]
11-11 00:00:20.299 1542 1934 I sync : [com.tencent.android.qqdownloader.YYBLiveAccountProvider,0,3,24220937]
11-11 00:00:20.305 1542 1934 I sync : [com.tencent.android.qqdownloader.YYBLiveAccountProvider,1,3,24220937]
11-11 00:00:20.306 1542 1934 I commit_sys_config_file: [sync-status,9082576]
11-11 00:00:20.483 1403 10277 I liblog : 91
11-11 00:00:20.483 1403 10277 I liblog : 3
11-11 00:00:20.520 1542 8548 I am_kill : [0,12331,com.lizhi.smartlife.lzbk.car,905,empty #2]
11-11 00:00:20.624 10936 10936 I auditd : type=1400 audit(0.0:48056): avc: denied { read } for comm="StartThread-45" name="drivers" dev="proc" ino=4026531852 scontext=u:r:untrusted_app_27:s0:c512,c768 tcontext=u:object_r:proc_tty_drivers:s0 tclass=file permissive=1 app=com.tencent.android.qqdownloader
11-11 00:00:20.624 10936 10936 I auditd : type=1400 audit(0.0:48057): avc: denied { open } for comm="StartThread-45" path="/proc/tty/drivers" dev="proc" ino=4026531852 scontext=u:r:untrusted_app_27:s0:c512,c768 tcontext=u:object_r:proc_tty_drivers:s0 tclass=file permissive=1 app=com.tencent.android.qqdownloader
11-11 00:00:20.624 10936 10936 I auditd : type=1400 audit(0.0:48058): avc: denied { getattr } for comm="StartThread-45" path="/proc/tty/drivers" dev="proc" ino=4026531852 scontext=u:r:untrusted_app_27:s0:c512,c768 tcontext=u:object_r:proc_tty_drivers:s0 tclass=file permissive=1 app=com.tencent.android.qqdownloader
11-11 00:00:20.638 1542 1542 I sysui_multi_action: [757,128,758,5,759,8,793,1172331637,794,0,795,1172316663,796,127,806,com.tencent.android.qqdownloader,857,channel_id_default_silent,858,3,946,com.tencent.android.qqdownloader,947,1,1500,1172316663,1688,1]
11-11 00:00:20.638 1542 1542 I notification_canceled: [0|com.tencent.android.qqdownloader|127|null|10104,8,1172331637,1172316663,0,-1,-1,NULL]
11-11 00:00:20.648 10936 10936 I auditd : type=1400 audit(0.0:48059): avc: denied { open } for comm="qimei-thread-1" path="/" dev="dm-5" ino=2 scontext=u:r:untrusted_app_27:s0:c512,c768 tcontext=u:object_r:rootfs:s0 tclass=dir permissive=1 app=com.tencent.android.qqdownloader
11-11 00:00:20.652 10936 10936 I auditd : type=1400 audit(0.0:48060): avc: granted { nlmsg_readpriv } for comm="qimei-thread-1" scontext=u:r:untrusted_app_27:s0:c512,c768 tcontext=u:r:untrusted_app_27:s0:c512,c768 tclass=netlink_route_socket app=com.tencent.android.qqdownloader
11-11 00:00:20.660 1542 3020 I am_proc_died: [0,12331,com.lizhi.smartlife.lzbk.car,905,19]
11-11 00:00:20.660 1542 3020 I am_uid_stopped: 10035
11-11 00:00:20.703 1542 1542 I notification_enqueue: [10104,10936,com.tencent.android.qqdownloader,127,NULL,0,Notification(channel=channel_id_default_silent shortcut=null contentView=com.tencent.android.qqdownloader/0x7f0a01c2 vibrate=null sound=null defaults=0x0 flags=0x2a2 color=0x00000000 groupKey=com.tencent.android.qqdownloader vis=PRIVATE),0]
11-11 00:00:20.705 1542 1542 I sysui_multi_action: [757,128,758,5,759,8,793,3,794,0,795,3,796,127,806,com.tencent.android.qqdownloader,857,channel_id_default_silent,858,3,946,com.tencent.android.qqdownloader,947,1,1500,3]
11-11 00:00:20.705 1542 1542 I notification_canceled: [0|com.tencent.android.qqdownloader|127|null|10104,8,3,3,0,-1,-1,NULL]
11-11 00:00:21.710 1542 1542 I notification_enqueue: [10104,10936,com.tencent.android.qqdownloader,127,NULL,0,Notification(channel=channel_id_default_silent shortcut=null contentView=com.tencent.android.qqdownloader/0x7f0a01c2 vibrate=null sound=null defaults=0x0 flags=0x2a2 color=0x00000000 groupKey=com.tencent.android.qqdownloader vis=PRIVATE),0]
11-11 00:00:21.772 10936 10936 I auditd : type=1400 audit(0.0:48075): avc: denied { read } for comm="TuringFdCore_68" name="tcp" dev="proc" ino=4026532265 scontext=u:r:untrusted_app_27:s0:c512,c768 tcontext=u:object_r:proc_net_tcp_udp:s0 tclass=file permissive=1 app=com.tencent.android.qqdownloader
11-11 00:00:21.772 10936 10936 I auditd : type=1400 audit(0.0:48076): avc: denied { open } for comm="TuringFdCore_68" path="/proc/10936/net/tcp" dev="proc" ino=4026532265 scontext=u:r:untrusted_app_27:s0:c512,c768 tcontext=u:object_r:proc_net_tcp_udp:s0 tclass=file permissive=1 app=com.tencent.android.qqdownloader
11-11 00:00:21.772 10936 10936 I auditd : type=1400 audit(0.0:48077): avc: denied { getattr } for comm="TuringFdCore_68" path="/proc/10936/net/tcp" dev="proc" ino=4026532265 scontext=u:r:untrusted_app_27:s0:c512,c768 tcontext=u:object_r:proc_net_tcp_udp:s0 tclass=file permissive=1 app=com.tencent.android.qqdownloader
11-11 00:00:21.809 1542 1697 I am_proc_start: [0,12929,10119,com.ss.android.lark:sandboxed_process1,service,{com.ss.android.lark/com.bytedance.org.chromium.content.app.SandboxedProcessService0}]
11-11 00:00:21.824 10936 10936 I auditd : type=1400 audit(0.0:48078): avc: granted { nlmsg_readpriv } for comm="TuringFdCore_68" scontext=u:r:untrusted_app_27:s0:c512,c768 tcontext=u:r:untrusted_app_27:s0:c512,c768 tclass=netlink_route_socket app=com.tencent.android.qqdownloader
11-11 00:00:21.832 1542 3020 I am_proc_bound: [0,12929,com.ss.android.lark:sandboxed_process1]
11-11 00:00:21.832 10936 10936 I auditd : type=1400 audit(0.0:48079): avc: denied { read } for comm="TuringFdCore_68" name="version" dev="proc" ino=4026532247 scontext=u:r:untrusted_app_27:s0:c512,c768 tcontext=u:object_r:proc_version:s0 tclass=file permissive=1 app=com.tencent.android.qqdownloader
11-11 00:00:21.978 1542 1871 I netstats_mobile_sample: [0,0,0,0,0,0,0,0,0,0,0,0,1692693544044]
11-11 00:00:21.978 1542 1871 I netstats_wifi_sample: [0,0,0,0,0,0,0,0,0,0,0,0,1692693544044]
11-11 00:00:22.271 1542 1659 I commit_sys_config_file: [jobs,2]
11-11 00:00:22.365 1542 12009 I am_kill : [0,12929,com.ss.android.lark:sandboxed_process1,905,empty #2]
11-11 00:00:22.419 1542 12009 I am_proc_died: [0,12929,com.ss.android.lark:sandboxed_process1,905,19]
11-11 00:00:22.420 1542 12009 I am_schedule_service_restart: [0,com.ss.android.lark/com.bytedance.org.chromium.content.app.SandboxedProcessService0,1000]
11-11 00:00:22.448 1542 1697 I am_proc_start: [0,13041,10119,com.ss.android.lark:sandboxed_process2,service,{com.ss.android.lark/com.bytedance.org.chromium.content.app.SandboxedProcessService1}]
11-11 00:00:22.490 1542 17121 I am_proc_bound: [0,13041,com.ss.android.lark:sandboxed_process2]
11-11 00:00:22.714 1542 1542 I notification_enqueue: [10104,10936,com.tencent.android.qqdownloader,127,NULL,0,Notification(channel=channel_id_default_silent shortcut=null contentView=com.tencent.android.qqdownloader/0x7f0a01c2 vibrate=null sound=null defaults=0x0 flags=0x2a2 color=0x00000000 groupKey=com.tencent.android.qqdownloader vis=PRIVATE),1]
11-11 00:00:22.780 13041 13041 I auditd : type=1400 audit(0.0:48107): avc: granted { execute } for comm="dboxed_process2" path="/data/data/com.ss.android.lark/files/webview_bytedance/a0dd104b1d0b265be82a1999b45f0feb_md5/libwebviewbytedance.so" dev="dm-10" ino=1011968 scontext=u:r:untrusted_app:s0:c119,c256,c512,c768 tcontext=u:object_r:app_data_file:s0:c119,c256,c512,c768 tclass=file app=com.ss.android.lark
11-11 00:00:23.016 1542 17121 I am_kill : [0,13041,com.ss.android.lark:sandboxed_process2,905,empty #2]
11-11 00:00:23.056 1542 17121 I am_proc_died: [0,13041,com.ss.android.lark:sandboxed_process2,905,19]
11-11 00:00:23.058 1542 17121 I am_schedule_service_restart: [0,com.ss.android.lark/com.bytedance.org.chromium.content.app.SandboxedProcessService1,1000]
11-11 00:00:23.080 1542 1697 I am_proc_start: [0,13152,10119,com.ss.android.lark:sandboxed_process3,service,{com.ss.android.lark/com.bytedance.org.chromium.content.app.SandboxedProcessService2}]
11-11 00:00:23.113 1542 17121 I am_proc_bound: [0,13152,com.ss.android.lark:sandboxed_process3]
11-11 00:00:23.258 1542 1542 I am_uid_running: 10106
11-11 00:00:23.274 1542 1697 I am_proc_start: [0,13185,10106,com.smile.gifmaker,service,{com.smile.gifmaker/androidx.work.impl.background.systemjob.SystemJobService}]
11-11 00:00:23.308 1542 3020 I am_proc_bound: [0,13185,com.smile.gifmaker]
11-11 00:00:23.310 1542 3020 I am_uid_active: 10106
11-11 00:00:23.412 13152 13152 I auditd : type=1400 audit(0.0:48108): avc: granted { execute } for comm="dboxed_process3" path="/data/data/com.ss.android.lark/files/webview_bytedance/a0dd104b1d0b265be82a1999b45f0feb_md5/libwebviewbytedance.so" dev="dm-10" ino=1011968 scontext=u:r:untrusted_app:s0:c119,c256,c512,c768 tcontext=u:object_r:app_data_file:s0:c119,c256,c512,c768 tclass=file app=com.ss.android.lark
11-11 00:00:23.432 13185 13185 I auditd : type=1400 audit(0.0:48109): avc: denied { open } for comm="dfp_oaid_thread" path="/dev/__properties__/u:object_r:vendor_default_prop:s0" dev="tmpfs" ino=14420 scontext=u:r:untrusted_app_29:s0:c106,c256,c512,c768 tcontext=u:object_r:vendor_default_prop:s0 tclass=file permissive=1 app=com.smile.gifmaker
11-11 00:00:23.432 13185 13185 I auditd : type=1400 audit(0.0:48110): avc: denied { getattr } for comm="dfp_oaid_thread" path="/dev/__properties__/u:object_r:vendor_default_prop:s0" dev="tmpfs" ino=14420 scontext=u:r:untrusted_app_29:s0:c106,c256,c512,c768 tcontext=u:object_r:vendor_default_prop:s0 tclass=file permissive=1 app=com.smile.gifmaker
11-11 00:00:23.432 13185 13185 I auditd : type=1400 audit(0.0:48111): avc: denied { map } for comm="dfp_oaid_thread" path="/dev/__properties__/u:object_r:vendor_default_prop:s0" dev="tmpfs" ino=14420 scontext=u:r:untrusted_app_29:s0:c106,c256,c512,c768 tcontext=u:object_r:vendor_default_prop:s0 tclass=file permissive=1 app=com.smile.gifmaker
11-11 00:00:23.721 1542 1542 I notification_enqueue: [10104,10936,com.tencent.android.qqdownloader,127,NULL,0,Notification(channel=channel_id_default_silent shortcut=null contentView=com.tencent.android.qqdownloader/0x7f0a01c2 vibrate=null sound=null defaults=0x0 flags=0x2a2 color=0x00000000 groupKey=com.tencent.android.qqdownloader vis=PRIVATE),1]
11-11 00:00:23.773 1542 3020 I am_kill : [0,13152,com.ss.android.lark:sandboxed_process3,905,empty #2]
11-11 00:00:23.892 11012 11012 I auditd : type=1400 audit(0.0:48115): avc: granted { execute } for comm="temporary-5" path="/data/user/0/com.tencent.android.qqdownloader/files/plugin/com.tencent.assistant.paganimation/arm64-v8a/libpag.so" dev="dm-10" ino=840218 scontext=u:r:untrusted_app_27:s0:c512,c768 tcontext=u:object_r:app_data_file:s0:c512,c768 tclass=file app=com.tencent.android.qqdownloader
11-11 00:00:23.900 13724 13724 I auditd : type=1400 audit(0.0:48116): avc: denied { open } for comm="getprop" path="/dev/__properties__/u:object_r:ab_update_gki_prop:s0" dev="tmpfs" ino=12119 scontext=u:r:untrusted_app_27:s0:c512,c768 tcontext=u:object_r:ab_update_gki_prop:s0 tclass=file permissive=1 app=com.tencent.android.qqdownloader
11-11 00:00:23.900 13724 13724 I auditd : type=1400 audit(0.0:48117): avc: denied { getattr } for comm="getprop" path="/dev/__properties__/u:object_r:ab_update_gki_prop:s0" dev="tmpfs" ino=12119 scontext=u:r:untrusted_app_27:s0:c512,c768 tcontext=u:object_r:ab_update_gki_prop:s0 tclass=file permissive=1 app=com.tencent.android.qqdownloader
11-11 00:00:23.900 13724 13724 I auditd : type=1400 audit(0.0:48118): avc: denied { map } for comm="getprop" path="/dev/__properties__/u:object_r:ab_update_gki_prop:s0" dev="tmpfs" ino=12119 scontext=u:r:untrusted_app_27:s0:c512,c768 tcontext=u:object_r:ab_update_gki_prop:s0 tclass=file permissive=1 app=com.tencent.android.qqdownloader
11-11 00:00:23.900 13724 13724 I auditd : type=1400 audit(0.0:48119): avc: denied { open } for comm="getprop" path="/dev/__properties__/u:object_r:adbd_prop:s0" dev="tmpfs" ino=12121 scontext=u:r:untrusted_app_27:s0:c512,c768 tcontext=u:object_r:adbd_prop:s0 tclass=file permissive=1 app=com.tencent.android.qqdownloader
11-11 00:00:23.940 1542 8548 I am_proc_died: [0,13152,com.ss.android.lark:sandboxed_process3,905,19]
11-11 00:00:23.942 1542 8548 I am_schedule_service_restart: [0,com.ss.android.lark/com.bytedance.org.chromium.content.app.SandboxedProcessService2,1000]
11-11 00:00:23.966 1542 1697 I am_proc_start: [0,13766,10119,com.ss.android.lark:sandboxed_process4,service,{com.ss.android.lark/com.bytedance.org.chromium.content.app.SandboxedProcessService3}]
11-11 00:00:23.986 1542 17121 I am_proc_bound: [0,13766,com.ss.android.lark:sandboxed_process4]
11-11 00:00:24.216 1542 3020 I am_kill : [0,12450,com.ss.android.lark,915,empty #2]
11-11 00:00:24.279 1542 1697 I am_proc_start: [0,14093,10122,com.qiyi.video.pad:downloader,service,{com.qiyi.video.pad/com.iqiyi.video.download.QiyiDownloadCenterService}]
11-11 00:00:24.304 1542 3020 I am_proc_bound: [0,14093,com.qiyi.video.pad:downloader]
11-11 00:00:24.784 1542 1697 I am_proc_start: [0,14203,10106,com.smile.gifmaker:push_v3,service,{com.smile.gifmaker/com.kwai.android.dispatcher.PushV3ProcessLauncherService}]
11-11 00:00:24.804 1542 3020 I am_proc_bound: [0,14203,com.smile.gifmaker:push_v3]
11-11 00:00:24.951 1542 1696 I am_wtf : [0,13766,system_server,-1,ContentProviderHelper,ProcessRecord{414c233 12450:com.ss.android.lark/u0a119} was killed by AM but isn't really dead]
11-11 00:00:24.952 1542 8548 I am_proc_died: [0,12450,com.ss.android.lark,915,19]
11-11 00:00:24.959 1542 1660 I am_uid_running: 10035
11-11 00:00:24.964 1542 1697 I am_proc_start: [0,14249,10119,com.ss.android.lark,content provider,{com.ss.android.lark/com.ss.android.lark.appcontext.applifecycle.AppLifecycle$LifecycleContentProvider}]
11-11 00:00:24.969 1542 1697 I am_proc_start: [0,14251,10035,com.lizhi.smartlife.lzbk.car,NULL,]
11-11 00:00:24.986 1542 3020 I am_proc_bound: [0,14249,com.ss.android.lark]
11-11 00:00:24.995 1542 8548 I am_proc_bound: [0,14251,com.lizhi.smartlife.lzbk.car]
11-11 00:00:25.028 1542 8548 I am_kill : [0,13185,com.smile.gifmaker,905,empty #2]
11-11 00:00:25.272 1542 8548 I netstats_mobile_sample: [0,0,0,0,0,0,0,0,0,0,0,0,1692693547337]
11-11 00:00:25.272 1542 8548 I netstats_wifi_sample: [0,0,0,0,0,0,0,0,0,0,0,0,1692693547337]
11-11 00:00:25.387 1542 3472 I am_proc_died: [0,13766,com.ss.android.lark:sandboxed_process4,0,10]
11-11 00:00:25.389 1542 3472 I am_kill : [0,14249,com.ss.android.lark,915,empty #2]
11-11 00:00:25.453 1542 3020 I am_proc_died: [0,14249,com.ss.android.lark,915,19]
11-11 00:00:25.453 1542 3020 I am_uid_stopped: 10119
11-11 00:00:25.685 1542 1693 I am_pss : [10936,10104,com.tencent.android.qqdownloader:daemon,63854592,50872320,44032,184913920,0,4,12]
11-11 00:00:25.696 14093 14093 I auditd : type=1400 audit(0.0:48806): avc: denied { read } for comm=".pad:downloader" name="sdcard" dev="tmpfs" ino=15588 scontext=u:r:untrusted_app:s0:c122,c256,c512,c768 tcontext=u:object_r:mnt_sdcard_file:s0 tclass=lnk_file permissive=1 app=com.qiyi.video.pad
11-11 00:00:25.714 1542 1693 I am_pss : [11012,10104,com.tencent.android.qqdownloader,95128576,81924096,44032,214994944,0,4,13]
11-11 00:00:25.737 1542 1693 I am_pss : [11061,10104,com.tencent.android.qqdownloader:cloud,28006400,19001344,45056,136343552,0,4,8]
11-11 00:00:25.764 684 684 I auditd : type=1400 audit(0.0:48807): avc: denied { add_name } for comm="Binder:684_1" name="globalAlert" scontext=u:r:netd:s0 tcontext=u:object_r:proc_net:s0 tclass=dir permissive=1
11-11 00:00:25.763 1542 3020 I am_proc_died: [0,13185,com.smile.gifmaker,905,19]
11-11 00:00:25.767 1542 1861 I netstats_mobile_sample: [0,0,0,0,0,0,0,0,0,0,0,0,1692693547833]
11-11 00:00:25.767 1542 1861 I netstats_wifi_sample: [0,0,0,0,0,0,0,0,0,0,0,0,1692693547833]
11-11 00:00:25.803 1542 12009 I am_kill : [0,14251,com.lizhi.smartlife.lzbk.car,905,empty #2]
11-11 00:00:25.851 1542 3020 I am_proc_died: [0,14251,com.lizhi.smartlife.lzbk.car,905,19]
11-11 00:00:25.851 1542 3020 I am_uid_stopped: 10035
11-11 00:00:25.980 11012 11012 I auditd : type=1400 audit(0.0:48808): avc: denied { open } for comm="qimei-s-thread-" path="/proc/uptime" dev="proc" ino=4026532246 scontext=u:r:untrusted_app_27:s0:c512,c768 tcontext=u:object_r:proc_uptime:s0 tclass=file permissive=1 app=com.tencent.android.qqdownloader
11-11 00:00:25.992 11012 11012 I auditd : type=1400 audit(0.0:48809): avc: denied { read } for comm="qimei-s-thread-" name="ioports" dev="proc" ino=4026532282 scontext=u:r:untrusted_app_27:s0:c512,c768 tcontext=u:object_r:proc:s0 tclass=file permissive=1 app=com.tencent.android.qqdownloader
11-11 00:00:25.992 11012 11012 I auditd : type=1400 audit(0.0:48810): avc: denied { open } for comm="qimei-s-thread-" path="/proc/ioports" dev="proc" ino=4026532282 scontext=u:r:untrusted_app_27:s0:c512,c768 tcontext=u:object_r:proc:s0 tclass=file permissive=1 app=com.tencent.android.qqdownloader
11-11 00:00:26.780 11012 11012 I auditd : type=1400 audit(0.0:48822): avc: denied { read } for comm="Shark-Looper-Ma" name="version" dev="proc" ino=4026532247 scontext=u:r:untrusted_app_27:s0:c512,c768 tcontext=u:object_r:proc_version:s0 tclass=file permissive=1 app=com.tencent.android.qqdownloader
11-11 00:00:26.780 11012 11012 I auditd : type=1400 audit(0.0:48823): avc: denied { open } for comm="Shark-Looper-Ma" path="/proc/version" dev="proc" ino=4026532247 scontext=u:r:untrusted_app_27:s0:c512,c768 tcontext=u:object_r:proc_version:s0 tclass=file permissive=1 app=com.tencent.android.qqdownloader
11-11 00:00:26.780 11012 11012 I auditd : type=1400 audit(0.0:48824): avc: denied { getattr } for comm="Shark-Looper-Ma" path="/proc/version" dev="proc" ino=4026532247 scontext=u:r:untrusted_app_27:s0:c512,c768 tcontext=u:object_r:proc_version:s0 tclass=file permissive=1 app=com.tencent.android.qqdownloader
11-11 00:00:28.780 11012 11012 I auditd : type=1400 audit(0.0:48825): avc: granted { execute } for comm="gatherer-1-thre" path="/data/user/0/com.tencent.android.qqdownloader/app_e_qq_com_plugin_new_84e5596443427f53efca4e1d48972f33/libturingga.so" dev="dm-10" ino=2580 scontext=u:r:untrusted_app_27:s0:c512,c768 tcontext=u:object_r:app_data_file:s0:c512,c768 tclass=file app=com.tencent.android.qqdownloader
11-11 00:00:29.556 11012 11012 I auditd : type=1400 audit(0.0:48826): avc: denied { read } for comm="TuringFdCore_68" name="tcp" dev="proc" ino=4026532265 scontext=u:r:untrusted_app_27:s0:c512,c768 tcontext=u:object_r:proc_net_tcp_udp:s0 tclass=file permissive=1 app=com.tencent.android.qqdownloader
11-11 00:00:29.556 11012 11012 I auditd : type=1400 audit(0.0:48827): avc: denied { open } for comm="TuringFdCore_68" path="/proc/11012/net/tcp" dev="proc" ino=4026532265 scontext=u:r:untrusted_app_27:s0:c512,c768 tcontext=u:object_r:proc_net_tcp_udp:s0 tclass=file permissive=1 app=com.tencent.android.qqdownloader
11-11 00:00:29.556 11012 11012 I auditd : type=1400 audit(0.0:48828): avc: denied { getattr } for comm="TuringFdCore_68" path="/proc/11012/net/tcp" dev="proc" ino=4026532265 scontext=u:r:untrusted_app_27:s0:c512,c768 tcontext=u:object_r:proc_net_tcp_udp:s0 tclass=file permissive=1 app=com.tencent.android.qqdownloader
11-11 00:00:29.616 11012 11012 I auditd : type=1400 audit(0.0:48829): avc: granted { nlmsg_readpriv } for comm="TuringFdCore_68" scontext=u:r:untrusted_app_27:s0:c512,c768 tcontext=u:r:untrusted_app_27:s0:c512,c768 tclass=netlink_route_socket app=com.tencent.android.qqdownloader
11-11 00:00:29.656 14587 14587 I auditd : type=1400 audit(0.0:48830): avc: denied { search } for comm="df" name="vendor" dev="tmpfs" ino=13460 scontext=u:r:untrusted_app_27:s0:c512,c768 tcontext=u:object_r:mnt_vendor_file:s0 tclass=dir permissive=1 app=com.tencent.android.qqdownloader
11-11 00:00:29.656 14587 14587 I auditd : type=1400 audit(0.0:48831): avc: denied { getattr } for comm="df" path="/mnt/vendor/persist" dev="sda2" ino=2 scontext=u:r:untrusted_app_27:s0:c512,c768 tcontext=u:object_r:mnt_vendor_file:s0 tclass=dir permissive=1 app=com.tencent.android.qqdownloader
11-11 00:00:30.749 1542 10447 I am_uid_running: 99027
11-11 00:00:30.764 1542 1697 I am_proc_start: [0,14601,99027,com.android.webview:sandboxed_process0:org.chromium.content.app.SandboxedProcessService0:0,,{com.tencent.android.qqdownloader/org.chromium.content.app.SandboxedProcessService0:0}]
11-11 00:00:30.796 1542 10447 I am_kill : [0,11061,com.tencent.android.qqdownloader:cloud,905,empty #2]
11-11 00:00:30.797 1542 3472 I am_proc_bound: [0,14601,com.android.webview:sandboxed_process0:org.chromium.content.app.SandboxedProcessService0:0]
11-11 00:00:30.803 1542 3472 I am_uid_active: 99027
11-11 00:00:30.810 1542 3020 I am_kill : [0,10954,com.tencent.android.qqdownloader:live,100,stop com.tencent.android.qqdownloader due to start instr]
11-11 00:00:30.813 1542 3020 I am_kill : [0,11012,com.tencent.android.qqdownloader,0,stop com.tencent.android.qqdownloader due to start instr]
11-11 00:00:30.818 1542 3020 I am_uid_stopped: 10104
11-11 00:00:30.818 1542 3020 I am_kill : [0,10936,com.tencent.android.qqdownloader:daemon,0,stop com.tencent.android.qqdownloader due to start instr]
11-11 00:00:30.821 1542 3020 I am_kill : [0,14601,com.android.webview:sandboxed_process0:org.chromium.content.app.SandboxedProcessService0:0,0,isolated not needed]
11-11 00:00:30.823 1542 3020 I am_uid_running: 10104
11-11 00:00:30.827 1542 1660 I am_uid_active: 10104
11-11 00:00:30.830 1542 1660 I am_uid_running: 10035
11-11 00:00:30.839 1542 1697 I am_proc_start: [0,14638,10104,com.tencent.android.qqdownloader:daemon,added application,com.tencent.android.qqdownloader:daemon]
11-11 00:00:30.858 1542 17121 I am_proc_died: [0,14601,com.android.webview:sandboxed_process0:org.chromium.content.app.SandboxedProcessService0:0,0,10]
11-11 00:00:30.859 1542 17121 I am_uid_stopped: 99027
11-11 00:00:30.873 1542 17121 I am_proc_bound: [0,14638,com.tencent.android.qqdownloader:daemon]
11-11 00:00:30.943 1542 1697 I am_proc_start: [0,14658,10104,com.tencent.android.qqdownloader:live,service,{com.tencent.android.qqdownloader/com.tencent.assistant.syscomponent.MediaRouteProviderService2}]
11-11 00:00:30.957 1542 1697 I am_proc_start: [0,14669,10035,com.lizhi.smartlife.lzbk.car,NULL,]
11-11 00:00:30.961 1542 8817 I am_proc_bound: [0,14658,com.tencent.android.qqdownloader:live]
11-11 00:00:30.981 1542 1583 I am_proc_bound: [0,14669,com.lizhi.smartlife.lzbk.car]
11-11 00:00:30.990 1542 1697 I am_proc_start: [0,14701,10104,com.tencent.android.qqdownloader,content provider,{com.tencent.android.qqdownloader/com.tencent.assistant.db.contentprovider.WallpaperProvider}]
11-11 00:00:31.001 1542 8548 I am_kill : [0,14203,com.smile.gifmaker:push_v3,905,empty #2]
11-11 00:00:31.016 1542 8548 I am_proc_bound: [0,14701,com.tencent.android.qqdownloader]
11-11 00:00:31.052 7043 7043 I auditd : type=1400 audit(0.0:48854): avc: denied { read } for comm="Wtlogin_GetStWi" name="version" dev="proc" ino=4026532247 scontext=u:r:untrusted_app_27:s0:c512,c768 tcontext=u:object_r:proc_version:s0 tclass=file permissive=1 app=com.tencent.mobileqq
11-11 00:00:31.052 7043 7043 I auditd : type=1400 audit(0.0:48855): avc: denied { open } for comm="Wtlogin_GetStWi" path="/proc/version" dev="proc" ino=4026532247 scontext=u:r:untrusted_app_27:s0:c512,c768 tcontext=u:object_r:proc_version:s0 tclass=file permissive=1 app=com.tencent.mobileqq
11-11 00:00:31.052 7043 7043 I auditd : type=1400 audit(0.0:48856): avc: denied { getattr } for comm="Wtlogin_GetStWi" path="/proc/version" dev="proc" ino=4026532247 scontext=u:r:untrusted_app_27:s0:c512,c768 tcontext=u:object_r:proc_version:s0 tclass=file permissive=1 app=com.tencent.mobileqq
11-11 00:00:31.056 14774 14774 I auditd : type=1400 audit(0.0:48857): avc: granted { execute } for comm="Thread-4" name="daemon2_64_v2.2.2" dev="dm-10" ino=90473 scontext=u:r:untrusted_app_27:s0:c512,c768 tcontext=u:object_r:app_data_file:s0:c512,c768 tclass=file app=com.tencent.android.qqdownloader
11-11 00:00:31.056 14774 14774 I auditd : type=1400 audit(0.0:48858): avc: granted { execute_no_trans } for comm="Thread-4" path="/data/user/0/com.tencent.android.qqdownloader/app_bin/daemon2_64_v2.2.2" dev="dm-10" ino=90473 scontext=u:r:untrusted_app_27:s0:c512,c768 tcontext=u:object_r:app_data_file:s0:c512,c768 tclass=file app=com.tencent.android.qqdownloader
11-11 00:00:31.048 1542 1697 I am_proc_start: [0,14760,10104,com.tencent.android.qqdownloader:cloud,service,{com.tencent.android.qqdownloader/com.live.watermelon.service.SentryAlphaService}]
11-11 00:00:31.051 1542 1662 I input_focus: [Focus request c9ebb8f com.tencent.mobileqq/com.tencent.mobileqq.activity.LoginPublicFragmentActivity,reason=UpdateInputWindows]
11-11 00:00:31.066 1542 1843 I input_focus: [Focus leaving fc56e55 com.tencent.mobileqq/com.tencent.mobileqq.activity.LoginPublicFragmentActivity (server),reason=Waiting for window because NOT_VISIBLE]
11-11 00:00:31.074 1542 3472 I am_proc_bound: [0,14760,com.tencent.android.qqdownloader:cloud]
11-11 00:00:31.081 1542 1843 I input_focus: [Focus entering c9ebb8f com.tencent.mobileqq/com.tencent.mobileqq.activity.LoginPublicFragmentActivity (server),reason=Window became focusable. Previous reason: NOT_VISIBLE]
11-11 00:00:31.125 1542 25637 I am_proc_died: [0,14203,com.smile.gifmaker:push_v3,905,19]
11-11 00:00:31.126 1542 25637 I am_uid_stopped: 10106
11-11 00:00:31.688 1542 25637 I wm_task_moved: [76340,1,6]
11-11 00:00:31.688 1542 25637 I wm_set_resumed_activity: [0,com.tencent.mobileqq/.activity.LoginPublicFragmentActivity,positionChildAt]
11-11 00:00:31.689 1542 25637 I wm_create_activity: [0,105963087,76340,com.tencent.mobileqq/.activity.QQBrowserActivity,NULL,NULL,NULL,8388608]
11-11 00:00:31.689 1542 25637 I wm_pause_activity: [0,245027043,com.tencent.mobileqq/.activity.LoginPublicFragmentActivity,userLeaving=true,resumeTopActivityInnerLocked]
11-11 00:00:31.692 6739 6739 I wm_on_top_resumed_lost_called: [245027043,com.tencent.mobileqq.activity.LoginPublicFragmentActivity,topStateChangedWhenResumed]
11-11 00:00:31.694 6739 6739 I wm_on_paused_called: [245027043,com.tencent.mobileqq.activity.LoginPublicFragmentActivity,performPause]
11-11 00:00:31.695 1542 25637 I wm_add_to_stopping: [0,245027043,com.tencent.mobileqq/.activity.LoginPublicFragmentActivity,makeInvisible]
11-11 00:00:31.696 1542 1660 I sysui_multi_action: [757,803,799,window_time_0,802,93]
11-11 00:00:31.698 1542 1697 I am_proc_start: [0,15729,10123,com.tencent.mobileqq:tool,pre-top-activity,{com.tencent.mobileqq/com.tencent.mobileqq.activity.QQBrowserActivity}]
11-11 00:00:31.707 1542 25637 I am_proc_bound: [0,15729,com.tencent.mobileqq:tool]
11-11 00:00:31.710 1542 25637 I wm_restart_activity: [0,105963087,76340,com.tencent.mobileqq/.activity.QQBrowserActivity]
11-11 00:00:31.711 1542 25637 I wm_set_resumed_activity: [0,com.tencent.mobileqq/.activity.QQBrowserActivity,minimalResumeActivityLocked]
11-11 00:00:31.716 1542 1843 I input_focus: [Focus leaving c9ebb8f com.tencent.mobileqq/com.tencent.mobileqq.activity.LoginPublicFragmentActivity (server),reason=NO_WINDOW]
11-11 00:00:31.865 15729 15729 I wm_on_create_called: [105963087,com.tencent.mobileqq.activity.QQBrowserActivity,performCreate]
11-11 00:00:31.882 15729 15729 I wm_on_start_called: [105963087,com.tencent.mobileqq.activity.QQBrowserActivity,handleStartActivity]
11-11 00:00:31.891 15729 15729 I wm_on_resume_called: [105963087,com.tencent.mobileqq.activity.QQBrowserActivity,RESUME_ACTIVITY]
11-11 00:00:31.899 15729 15729 I wm_on_top_resumed_gained_called: [105963087,com.tencent.mobileqq.activity.QQBrowserActivity,topStateChangedWhenResumed]
11-11 00:00:31.914 1542 22853 I am_uid_running: 99028
11-11 00:00:31.919 1542 1697 I am_proc_start: [0,15868,99028,com.android.webview:sandboxed_process0:org.chromium.content.app.SandboxedProcessService0:0,,{com.tencent.mobileqq/org.chromium.content.app.SandboxedProcessService0:0}]
11-11 00:00:31.930 1542 2605 I am_proc_bound: [0,15868,com.android.webview:sandboxed_process0:org.chromium.content.app.SandboxedProcessService0:0]
11-11 00:00:31.932 1542 2605 I am_uid_active: 99028
11-11 00:00:31.986 1542 1662 I input_focus: [Focus request beda300 com.tencent.mobileqq/com.tencent.mobileqq.activity.QQBrowserActivity,reason=UpdateInputWindows]
11-11 00:00:32.017 1542 1843 I input_focus: [Focus entering beda300 com.tencent.mobileqq/com.tencent.mobileqq.activity.QQBrowserActivity (server),reason=setFocusedWindow]
11-11 00:00:32.020 1542 1657 I sysui_multi_action: [319,324,322,323,325,9107,757,761,758,7,759,2,806,com.tencent.mobileqq,871,com.tencent.mobileqq.activity.QQBrowserActivity,904,com.tencent.mobileqq,905,0,945,25,1320,4,1321,4]
11-11 00:00:32.021 1542 1657 I wm_activity_launch_time: [0,105963087,com.tencent.mobileqq/.activity.QQBrowserActivity,323]
11-11 00:00:32.201 1542 1660 I wm_stop_activity: [0,245027043,com.tencent.mobileqq/.activity.LoginPublicFragmentActivity]
11-11 00:00:32.244 6739 6739 I wm_on_stop_called: [245027043,com.tencent.mobileqq.activity.LoginPublicFragmentActivity,STOP_ACTIVITY_ITEM]
11-11 00:00:32.903 1542 1662 I input_focus: [Focus request 1805926 com.tencent.mobileqq/com.tencent.mobileqq.activity.QQBrowserActivity,reason=UpdateInputWindows]
11-11 00:00:32.920 1542 1843 I input_focus: [Focus leaving beda300 com.tencent.mobileqq/com.tencent.mobileqq.activity.QQBrowserActivity (server),reason=setFocusedWindow]
11-11 00:00:32.920 1542 1843 I input_focus: [Focus entering 1805926 com.tencent.mobileqq/com.tencent.mobileqq.activity.QQBrowserActivity (server),reason=setFocusedWindow]
11-11 00:00:33.252 14701 14701 I auditd : type=1400 audit(0.0:49924): avc: granted { nlmsg_readpriv } for comm="halley_2800_Tem" scontext=u:r:untrusted_app_27:s0:c512,c768 tcontext=u:r:untrusted_app_27:s0:c512,c768 tclass=netlink_route_socket app=com.tencent.android.qqdownloader
11-11 00:00:33.920 15729 15729 I auditd : type=1400 audit(0.0:49925): avc: granted { nlmsg_readpriv } for comm="halley_10_TempT" scontext=u:r:untrusted_app_27:s0:c512,c768 tcontext=u:r:untrusted_app_27:s0:c512,c768 tclass=netlink_route_socket app=com.tencent.mobileqq
11-11 00:00:35.038 1542 1693 I am_pss : [10419,10122,com.qiyi.video.pad,147291136,95166464,41984,314081280,0,10,17]
11-11 00:00:36.096 14638 14638 I auditd : type=1400 audit(0.0:49926): avc: denied { read } for comm="StartThread-55" name="drivers" dev="proc" ino=4026531852 scontext=u:r:untrusted_app_27:s0:c512,c768 tcontext=u:object_r:proc_tty_drivers:s0 tclass=file permissive=1 app=com.tencent.android.qqdownloader
11-11 00:00:36.096 14638 14638 I auditd : type=1400 audit(0.0:49927): avc: denied { open } for comm="StartThread-55" path="/proc/tty/drivers" dev="proc" ino=4026531852 scontext=u:r:untrusted_app_27:s0:c512,c768 tcontext=u:object_r:proc_tty_drivers:s0 tclass=file permissive=1 app=com.tencent.android.qqdownloader
11-11 00:00:36.096 14638 14638 I auditd : type=1400 audit(0.0:49928): avc: denied { getattr } for comm="StartThread-55" path="/proc/tty/drivers" dev="proc" ino=4026531852 scontext=u:r:untrusted_app_27:s0:c512,c768 tcontext=u:object_r:proc_tty_drivers:s0 tclass=file permissive=1 app=com.tencent.android.qqdownloader
11-11 00:00:36.139 1542 1542 I sysui_multi_action: [757,128,758,5,759,8,793,14431,794,0,795,12419,796,127,806,com.tencent.android.qqdownloader,857,channel_id_default_silent,858,3,946,com.tencent.android.qqdownloader,947,1,1500,12419,1688,1]
11-11 00:00:36.139 1542 1542 I notification_canceled: [0|com.tencent.android.qqdownloader|127|null|10104,8,14431,12419,0,-1,-1,NULL]
11-11 00:00:36.164 14638 14638 I auditd : type=1400 audit(0.0:49929): avc: denied { open } for comm="qimei-thread-1" path="/" dev="dm-5" ino=2 scontext=u:r:untrusted_app_27:s0:c512,c768 tcontext=u:object_r:rootfs:s0 tclass=dir permissive=1 app=com.tencent.android.qqdownloader
11-11 00:00:36.164 14638 14638 I auditd : type=1400 audit(0.0:49930): avc: granted { execute } for comm="StartThread-55" path="/data/user/0/com.tencent.android.qqdownloader/files/plugin/com.tencent.assistant.plugin.ionia/arm64-v8a/libionia.so" dev="dm-10" ino=859934 scontext=u:r:untrusted_app_27:s0:c512,c768 tcontext=u:object_r:app_data_file:s0:c512,c768 tclass=file app=com.tencent.android.qqdownloader
11-11 00:00:36.164 14638 14638 I auditd : type=1400 audit(0.0:49931): avc: granted { nlmsg_readpriv } for comm="qimei-thread-1" scontext=u:r:untrusted_app_27:s0:c512,c768 tcontext=u:r:untrusted_app_27:s0:c512,c768 tclass=netlink_route_socket app=com.tencent.android.qqdownloader
11-11 00:00:36.200 14701 14701 I auditd : type=1400 audit(0.0:49932): avc: granted { nlmsg_readpriv } for comm="qimei-thread-2" scontext=u:r:untrusted_app_27:s0:c512,c768 tcontext=u:r:untrusted_app_27:s0:c512,c768 tclass=netlink_route_socket app=com.tencent.android.qqdownloader
11-11 00:00:39.002 1542 1696 I am_wtf : [0,1542,system_server,-1,LazyAlarmStore,Removed TIME_TICK alarm]
11-11 00:00:39.018 1542 1696 I am_uid_running: 10062
11-11 00:00:39.028 1542 1693 I am_pss : [10894,99026,com.android.webview:sandboxed_process0:org.chromium.content.app.SandboxedProcessService0:0,12682240,3035136,263168,72241152,0,10,6]
11-11 00:00:39.029 1542 1697 I am_proc_start: [0,16071,10062,com.qualcomm.timeservice,broadcast,{com.qualcomm.timeservice/com.qualcomm.timeservice.TimeServiceBroadcastReceiver}]
11-11 00:00:39.032 1542 1542 I notification_enqueue: [10104,14638,com.tencent.android.qqdownloader,127,NULL,0,Notification(channel=channel_id_default_silent shortcut=null contentView=com.tencent.android.qqdownloader/0x7f0a01c2 vibrate=null sound=null defaults=0x0 flags=0x2a2 color=0x00000000 groupKey=com.tencent.android.qqdownloader vis=PRIVATE),0]
11-11 00:00:39.033 1542 1542 I sysui_multi_action: [757,128,758,5,759,8,793,9,794,0,795,9,796,127,806,com.tencent.android.qqdownloader,857,channel_id_default_silent,858,3,946,com.tencent.android.qqdownloader,947,1,1500,9]
11-11 00:00:39.034 1542 17121 I service_manager_stats: [100,128,41553]
11-11 00:00:39.035 1542 1542 I notification_canceled: [0|com.tencent.android.qqdownloader|127|null|10104,8,9,9,0,-1,-1,NULL]
11-11 00:00:39.050 1542 2127 I am_proc_bound: [0,16071,com.qualcomm.timeservice]
11-11 00:00:39.054 1542 2127 I am_uid_active: 10062
11-11 00:00:39.065 14701 14701 I auditd : type=1400 audit(0.0:49933): avc: denied { read } for comm="beacon-thread-2" name="ioports" dev="proc" ino=4026532282 scontext=u:r:untrusted_app_27:s0:c512,c768 tcontext=u:object_r:proc:s0 tclass=file permissive=1 app=com.tencent.android.qqdownloader
11-11 00:00:39.101 1542 2605 I am_kill : [0,14669,com.lizhi.smartlife.lzbk.car,915,empty #2]
11-11 00:00:39.106 1542 2605 I am_uid_running: 10106
11-11 00:00:39.114 1542 1697 I am_proc_start: [0,16103,10106,com.smile.gifmaker,broadcast,{com.smile.gifmaker/androidx.work.impl.background.systemalarm.RescheduleReceiver}]
11-11 00:00:39.124 1542 2605 I am_proc_died: [0,14669,com.lizhi.smartlife.lzbk.car,915,19]
11-11 00:00:39.124 1542 2605 I am_uid_stopped: 10035
11-11 00:00:39.126 1542 2605 I am_uid_active: 10106
11-11 00:00:39.141 1542 2605 I am_proc_bound: [0,16103,com.smile.gifmaker]
11-11 00:00:39.907 1542 1843 I input_interaction: Interaction with: 1805926 com.tencent.mobileqq/com.tencent.mobileqq.activity.QQBrowserActivity (server), edge-swipe (server), swipe-up (server), PointerEventDispatcher0 (server),
11-11 00:00:39.923 1542 1542 I service_manager_slow: [15,phone]
11-11 00:00:40.029 1542 1542 I notification_enqueue: [10104,14638,com.tencent.android.qqdownloader,127,NULL,0,Notification(channel=channel_id_default_silent shortcut=null contentView=com.tencent.android.qqdownloader/0x7f0a01c2 vibrate=null sound=null defaults=0x0 flags=0x2a2 color=0x00000000 groupKey=com.tencent.android.qqdownloader vis=PRIVATE),0]
11-11 00:00:40.212 1542 2605 I am_kill : [0,16071,com.qualcomm.timeservice,905,empty #2]
11-11 00:00:40.225 1542 1662 I input_focus: [Focus request beda300 com.tencent.mobileqq/com.tencent.mobileqq.activity.QQBrowserActivity,reason=UpdateInputWindows]
11-11 00:00:40.254 1542 1843 I input_focus: [Focus entering beda300 com.tencent.mobileqq/com.tencent.mobileqq.activity.QQBrowserActivity (server),reason=setFocusedWindow]
11-11 00:00:40.260 1542 2605 I am_proc_died: [0,16071,com.qualcomm.timeservice,905,19]
11-11 00:00:40.260 1542 2605 I am_uid_stopped: 10062
11-11 00:00:40.413 16103 16103 I auditd : type=1400 audit(0.0:49947): avc: denied { read } for comm="pool-9-thread-6" name="tcp" dev="proc" ino=4026532265 scontext=u:r:untrusted_app_29:s0:c106,c256,c512,c768 tcontext=u:object_r:proc_net_tcp_udp:s0 tclass=file permissive=1 app=com.smile.gifmaker
11-11 00:00:40.413 16103 16103 I auditd : type=1400 audit(0.0:49948): avc: denied { open } for comm="pool-9-thread-6" path="/proc/16103/net/tcp" dev="proc" ino=4026532265 scontext=u:r:untrusted_app_29:s0:c106,c256,c512,c768 tcontext=u:object_r:proc_net_tcp_udp:s0 tclass=file permissive=1 app=com.smile.gifmaker
11-11 00:00:40.413 16103 16103 I auditd : type=1400 audit(0.0:49949): avc: denied { getattr } for comm="pool-9-thread-6" path="/proc/16103/net/tcp" dev="proc" ino=4026532265 scontext=u:r:untrusted_app_29:s0:c106,c256,c512,c768 tcontext=u:object_r:proc_net_tcp_udp:s0 tclass=file permissive=1 app=com.smile.gifmaker
