08-22 16:49:54.574 30420 6374 E SF-native: hook_native_fopen /sys/devices/system/cpu/cpu6/cpufreq/stats/time_in_state failed 0xb40000743e56a650 0x1e32 0x7243ee5948
08-22 16:49:54.574 30420 6374 E SF-native: hook_native_fopen /sys/devices/system/cpu/cpu7/cpufreq/stats/time_in_state failed 0xb40000743e56a650 0x1e32 0x7243ee5948
08-22 16:49:54.779 2342 2342 D RemoteControlService: startVlanDispatchThread
08-22 16:49:55.059 6739 6845 I NTKernel: [SDK_LOG]seq(3978)---- [I] thread_group_general.cc(709)::OnThreadMonitorTimer [XpngThreadPool]->Task deque number, fast_num=0 slow_num=0
08-22 16:49:55.313 1542 1542 W WindowManager: removeWindowToken: Attempted to remove non-existing token: android.os.Binder@30dd903
08-22 16:49:55.315 661 676 I mpu_uart: [MSG-P:RECV]:No message received in 1000 ms
08-22 16:49:55.889 0 0 E [ 9805.700810] [MAX975X: max96755x_vc1_lcd_dtc_check] *ERROR* DTC_Display: screen not ready(0), bl_sta(1), lvl(40)
08-22 16:49:56.315 661 676 I mpu_uart: [MSG-P:RECV]:No message received in 1000 ms
08-22 16:49:56.384 2135 4314 D MicroService: handleHeartBeat:352
08-22 16:49:56.387 2135 2135 D MicroService: onHeartBeatDetected
08-22 16:49:56.388 2135 2135 D MicroService: sendHeartbeatMessage
08-22 16:49:56.581 30420 6374 E SF-native: hook_native_fopen /sys/devices/system/cpu/cpu0/cpufreq/stats/time_in_state failed 0xb40000743e56a650 0x1e32 0x7243ee5948
08-22 16:49:56.581 30420 6374 E SF-native: hook_native_fopen /sys/devices/system/cpu/cpu1/cpufreq/stats/time_in_state failed 0xb40000743e56a650 0x1e32 0x7243ee5948
08-22 16:49:56.582 30420 6374 E SF-native: hook_native_fopen /sys/devices/system/cpu/cpu2/cpufreq/stats/time_in_state failed 0xb40000743e56a650 0x1e32 0x7243ee5948
08-22 16:49:56.582 30420 6374 E SF-native: hook_native_fopen /sys/devices/system/cpu/cpu3/cpufreq/stats/time_in_state failed 0xb40000743e56a650 0x1e32 0x7243ee5948
08-22 16:49:56.582 30420 6374 E SF-native: hook_native_fopen /sys/devices/system/cpu/cpu4/cpufreq/stats/time_in_state failed 0xb40000743e56a650 0x1e32 0x7243ee5948
08-22 16:49:56.582 30420 6374 E SF-native: hook_native_fopen /sys/devices/system/cpu/cpu5/cpufreq/stats/time_in_state failed 0xb40000743e56a650 0x1e32 0x7243ee5948
08-22 16:49:56.582 30420 6374 E SF-native: hook_native_fopen /sys/devices/system/cpu/cpu6/cpufreq/stats/time_in_state failed 0xb40000743e56a650 0x1e32 0x7243ee5948
08-22 16:49:56.582 30420 6374 E SF-native: hook_native_fopen /sys/devices/system/cpu/cpu7/cpufreq/stats/time_in_state failed 0xb40000743e56a650 0x1e32 0x7243ee5948
08-22 16:49:57.316 661 676 I mpu_uart: [MSG-P:RECV]:No message received in 1000 ms
08-22 16:49:57.318 661 675 I mpu_uart: [MSG-P:R]:recv sync frame timeout
08-22 16:49:58.316 661 676 I mpu_uart: [MSG-P:RECV]:No message received in 1000 ms
08-22 16:49:58.372 2135 4391 D MicroService: handleHeartBeat:353
08-22 16:49:58.390 2135 2135 D MicroService: onHeartBeatDetected
08-22 16:49:58.390 2135 2135 D MicroService: sendHeartbeatMessage
08-22 16:49:58.590 30420 6374 E SF-native: hook_native_fopen /sys/devices/system/cpu/cpu0/cpufreq/stats/time_in_state failed 0xb40000743e56a650 0x1e32 0x7243ee5948
08-22 16:49:58.591 30420 6374 E SF-native: hook_native_fopen /sys/devices/system/cpu/cpu1/cpufreq/stats/time_in_state failed 0xb40000743e56a650 0x1e32 0x7243ee5948
08-22 16:49:58.591 30420 6374 E SF-native: hook_native_fopen /sys/devices/system/cpu/cpu2/cpufreq/stats/time_in_state failed 0xb40000743e56a650 0x1e32 0x7243ee5948
08-22 16:49:58.591 30420 6374 E SF-native: hook_native_fopen /sys/devices/system/cpu/cpu3/cpufreq/stats/time_in_state failed 0xb40000743e56a650 0x1e32 0x7243ee5948
08-22 16:49:58.591 30420 6374 E SF-native: hook_native_fopen /sys/devices/system/cpu/cpu4/cpufreq/stats/time_in_state failed 0xb40000743e56a650 0x1e32 0x7243ee5948
08-22 16:49:58.591 30420 6374 E SF-native: hook_native_fopen /sys/devices/system/cpu/cpu5/cpufreq/stats/time_in_state failed 0xb40000743e56a650 0x1e32 0x7243ee5948
08-22 16:49:58.592 30420 6374 E SF-native: hook_native_fopen /sys/devices/system/cpu/cpu6/cpufreq/stats/time_in_state failed 0xb40000743e56a650 0x1e32 0x7243ee5948
08-22 16:49:58.592 30420 6374 E SF-native: hook_native_fopen /sys/devices/system/cpu/cpu7/cpufreq/stats/time_in_state failed 0xb40000743e56a650 0x1e32 0x7243ee5948
08-22 16:49:59.316 661 676 I mpu_uart: [MSG-P:RECV]:No message received in 1000 ms
08-22 16:49:59.580 2135 5181 I MicroService: Receive message: SocketMessageBean{businessData='21930', srcService='IDCM_HHServer', destService='FSEM_SettingService', messageType='0', uuid='1692694200171348000', payloadData={
08-22 16:49:59.580 2135 5181 I MicroService: "dstService" : "FSEM_SettingService",
08-22 16:49:59.580 2135 5181 I MicroService: "messageType" : 0,
08-22 16:49:59.580 2135 5181 I MicroService: "methodName" : "syncTime",
08-22 16:49:59.580 2135 5181 I MicroService: "parameters" : {
08-22 16:49:59.580 2135 5181 I MicroService: "IDCM_Time_12_24" : "24",
08-22 16:49:59.580 2135 5181 I MicroService: "IDCM_Timestamp" : 1692694200000,
08-22 16:49:59.580 2135 5181 I MicroService: "IDCM_Timezone" : "Asia/Shanghai"
08-22 16:49:59.580 2135 5181 I MicroService: },
08-22 16:49:59.580 2135 5181 I MicroService: "srcService" : "IDCM_HHServer",
08-22 16:49:59.580 2135 5181 I MicroService: "uuid" : 1692694200171348000
08-22 16:49:59.580 2135 5181 I MicroService: }
08-22 16:49:59.580 2135 5181 I MicroService: }
08-22 16:49:59.580 2135 5181 I MicroService: onRequest(syncTime): {"IDCM_Time_12_24":"24","IDCM_Timestamp":1692694200000,"IDCM_Timezone":"Asia\/Shanghai"}
08-22 16:49:59.581 2164 2208 D MicroSettings: ITCMicroCommonCallback: get request method = syncTime parameters = {"IDCM_Time_12_24":"24","IDCM_Timestamp":1692694200000,"IDCM_Timezone":"Asia\/Shanghai"}
08-22 16:49:59.582 2135 5181 D MicroService: handleHeartBeat:354
08-22 16:49:59.582 2164 4139 D MicroSettings: SetTimeAction: setTime: from 1692694199582 to 1692694200000
08-22 16:49:59.583 1542 3091 D PowerManagerService: acquireWakeLockInternal: lock=85653567, flags=0x1, tag="time_detector", ws=null, uid=1000, pid=1542
08-22 16:49:59.583 1542 3091 D PowerManagerService: updateWakeLockSummaryLocked: mWakefulness=Awake, mWakeLockSummary=0x23
08-22 16:49:59.583 1542 3091 D PowerManagerService: updateUserActivitySummaryLocked: groupId=0, mWakefulness=Awake, mUserActivitySummary=0x1, nextTimeout=10388873 (in 579475 ms)
08-22 16:49:59.583 1542 3091 D PowerManagerNotifier: onScreenPolicyUpdate: newPolicy=3
08-22 16:49:59.583 1542 3091 D PowerManagerService: updateDisplayPowerStateLocked: displayReady=true, groupId=0, policy=BRIGHT, mWakefulness=Awake, mWakeLockSummary=0x23, mUserActivitySummary=0x1, mBootCompleted=true, screenBrightnessOverride=NaN, useAutoBrightness=false, mScreenBrightnessBoostInProgress=false, mIsVrModeEnabled= false, sQuiescent=false
08-22 16:49:59.584 1542 3091 D PowerManagerNotifier: onWakeLockAcquired: flags=1, tag="time_detector", packageName=android, ownerUid=1000, ownerPid=1542, workSource=null
08-22 16:49:59.584 1542 3091 D PowerManagerService: releaseWakeLockInternal: lock=85653567 [time_detector], flags=0x0
08-22 16:49:59.584 1542 3091 D PowerManagerNotifier: onWakeLockReleased: flags=1, tag="time_detector", packageName=android, ownerUid=1000, ownerPid=1542, workSource=null
08-22 16:49:59.585 1542 3091 D PowerManagerService: updateWakeLockSummaryLocked: mWakefulness=Awake, mWakeLockSummary=0x23
08-22 16:49:59.585 1542 3091 D PowerManagerService: updateUserActivitySummaryLocked: groupId=0, mWakefulness=Awake, mUserActivitySummary=0x1, nextTimeout=10388873 (in 579473 ms)
08-22 16:49:59.585 1542 3091 D PowerManagerNotifier: onScreenPolicyUpdate: newPolicy=3
08-22 16:49:59.585 1542 3091 D PowerManagerService: updateDisplayPowerStateLocked: displayReady=true, groupId=0, policy=BRIGHT, mWakefulness=Awake, mWakeLockSummary=0x23, mUserActivitySummary=0x1, mBootCompleted=true, screenBrightnessOverride=NaN, useAutoBrightness=false, mScreenBrightnessBoostInProgress=false, mIsVrModeEnabled= false, sQuiescent=false
08-22 16:49:59.586 2164 4139 D MicroSettings: SetTimeAction: setTimezone: Asia/Shanghai
08-22 16:49:59.586 1542 1885 D AlarmManagerService: Kernel timezone updated to -480 minutes west of GMT
08-22 16:49:59.586 2164 4139 D MicroSettings: SetTimeAction: set24Hour: skip, Local is equal to remote - 24
08-22 16:49:59.787 2342 2342 D RemoteControlService: startVlanDispatchThread
08-22 16:50:00.002 1542 1835 D PowerManagerService: acquireWakeLockInternal: lock=149318528, flags=0x1, tag="*alarm*", ws=WorkSource{1000}, uid=1000, pid=1542
08-22 16:50:00.002 1542 1835 D PowerManagerService: updateWakeLockSummaryLocked: mWakefulness=Awake, mWakeLockSummary=0x23
08-22 16:50:00.002 1542 1835 D PowerManagerService: updateUserActivitySummaryLocked: groupId=0, mWakefulness=Awake, mUserActivitySummary=0x1, nextTimeout=10388873 (in 579056 ms)
08-22 16:50:00.002 1542 1835 D PowerManagerNotifier: onScreenPolicyUpdate: newPolicy=3
08-22 16:50:00.002 1542 1835 D PowerManagerService: updateDisplayPowerStateLocked: displayReady=true, groupId=0, policy=BRIGHT, mWakefulness=Awake, mWakeLockSummary=0x23, mUserActivitySummary=0x1, mBootCompleted=true, screenBrightnessOverride=NaN, useAutoBrightness=false, mScreenBrightnessBoostInProgress=false, mIsVrModeEnabled= false, sQuiescent=false
08-22 16:50:00.003 1542 1835 D PowerManagerNotifier: onWakeLockAcquired: flags=1, tag="*alarm*", packageName=android, ownerUid=1000, ownerPid=1542, workSource=WorkSource{1000}
08-22 16:50:00.004 1936 1936 D KeyguardUpdateMonitor: received broadcast android.intent.action.TIME_TICK
08-22 16:50:00.004 1542 1542 D PowerManagerService: releaseWakeLockInternal: lock=149318528 [*alarm*], flags=0x0
08-22 16:50:00.004 1542 1542 D PowerManagerNotifier: onWakeLockReleased: flags=1, tag="*alarm*", packageName=android, ownerUid=1000, ownerPid=1542, workSource=WorkSource{1000}
08-22 16:50:00.004 1542 1542 D PowerManagerService: updateWakeLockSummaryLocked: mWakefulness=Awake, mWakeLockSummary=0x23
08-22 16:50:00.004 1542 1542 D PowerManagerService: updateUserActivitySummaryLocked: groupId=0, mWakefulness=Awake, mUserActivitySummary=0x1, nextTimeout=10388873 (in 579054 ms)
08-22 16:50:00.004 1542 1542 D PowerManagerNotifier: onScreenPolicyUpdate: newPolicy=3
08-22 16:50:00.004 1542 1542 D PowerManagerService: updateDisplayPowerStateLocked: displayReady=true, groupId=0, policy=BRIGHT, mWakefulness=Awake, mWakeLockSummary=0x23, mUserActivitySummary=0x1, mBootCompleted=true, screenBrightnessOverride=NaN, useAutoBrightness=false, mScreenBrightnessBoostInProgress=false, mIsVrModeEnabled= false, sQuiescent=false
08-22 16:50:00.008 1936 1936 D KeyguardUpdateMonitor: handleTimeUpdate
08-22 16:50:00.017 0 0 E [ 9809.828691] [MAX975X: max96755x_vc1_lcd_dtc_check] *ERROR* DTC_Display: screen not ready(0), bl_sta(1), lvl(40)
08-22 16:50:00.060 6739 6845 I NTKernel: [SDK_LOG]seq(3979)---- [I] thread_group_general.cc(709)::OnThreadMonitorTimer [XpngThreadPool]->Task deque number, fast_num=0 slow_num=0
08-22 16:50:00.317 661 676 I mpu_uart: [MSG-P:RECV]:No message received in 1000 ms
08-22 16:50:00.320 661 675 I mpu_uart: [MSG-P:R]:recv sync frame timeout
08-22 16:50:00.384 2135 5190 D MicroService: handleHeartBeat:355
08-22 16:50:00.393 2135 2135 D MicroService: onHeartBeatDetected
08-22 16:50:00.393 2135 2135 D MicroService: sendHeartbeatMessage
08-22 16:50:00.598 30420 6374 E SF-native: hook_native_fopen /sys/devices/system/cpu/cpu0/cpufreq/stats/time_in_state failed 0xb40000743e56a650 0x1e32 0x7243ee5948
08-22 16:50:00.598 30420 6374 E SF-native: hook_native_fopen /sys/devices/system/cpu/cpu1/cpufreq/stats/time_in_state failed 0xb40000743e56a650 0x1e32 0x7243ee5948
08-22 16:50:00.598 30420 6374 E SF-native: hook_native_fopen /sys/devices/system/cpu/cpu2/cpufreq/stats/time_in_state failed 0xb40000743e56a650 0x1e32 0x7243ee5948
08-22 16:50:00.598 30420 6374 E SF-native: hook_native_fopen /sys/devices/system/cpu/cpu3/cpufreq/stats/time_in_state failed 0xb40000743e56a650 0x1e32 0x7243ee5948
08-22 16:50:00.599 30420 6374 E SF-native: hook_native_fopen /sys/devices/system/cpu/cpu4/cpufreq/stats/time_in_state failed 0xb40000743e56a650 0x1e32 0x7243ee5948
08-22 16:50:00.599 30420 6374 E SF-native: hook_native_fopen /sys/devices/system/cpu/cpu5/cpufreq/stats/time_in_state failed 0xb40000743e56a650 0x1e32 0x7243ee5948
08-22 16:50:00.599 30420 6374 E SF-native: hook_native_fopen /sys/devices/system/cpu/cpu6/cpufreq/stats/time_in_state failed 0xb40000743e56a650 0x1e32 0x7243ee5948
08-22 16:50:00.599 30420 6374 E SF-native: hook_native_fopen /sys/devices/system/cpu/cpu7/cpufreq/stats/time_in_state failed 0xb40000743e56a650 0x1e32 0x7243ee5948
08-22 16:50:00.605 30420 6374 E SF-native: hook_native_fopen /sys/devices/system/cpu/cpu0/cpufreq/stats/time_in_state failed 0xb40000743e56a650 0x1e32 0x7243ee5948
08-22 16:50:00.605 30420 6374 E SF-native: hook_native_fopen /sys/devices/system/cpu/cpu1/cpufreq/stats/time_in_state failed 0xb40000743e56a650 0x1e32 0x7243ee5948
08-22 16:50:00.605 30420 6374 E SF-native: hook_native_fopen /sys/devices/system/cpu/cpu2/cpufreq/stats/time_in_state failed 0xb40000743e56a650 0x1e32 0x7243ee5948
08-22 16:50:00.605 30420 6374 E SF-native: hook_native_fopen /sys/devices/system/cpu/cpu3/cpufreq/stats/time_in_state failed 0xb40000743e56a650 0x1e32 0x7243ee5948
08-22 16:50:00.605 30420 6374 E SF-native: hook_native_fopen /sys/devices/system/cpu/cpu4/cpufreq/stats/time_in_state failed 0xb40000743e56a650 0x1e32 0x7243ee5948
08-22 16:50:00.605 30420 6374 E SF-native: hook_native_fopen /sys/devices/system/cpu/cpu5/cpufreq/stats/time_in_state failed 0xb40000743e56a650 0x1e32 0x7243ee5948
08-22 16:50:00.605 30420 6374 E SF-native: hook_native_fopen /sys/devices/system/cpu/cpu6/cpufreq/stats/time_in_state failed 0xb40000743e56a650 0x1e32 0x7243ee5948
08-22 16:50:00.606 30420 6374 E SF-native: hook_native_fopen /sys/devices/system/cpu/cpu7/cpufreq/stats/time_in_state failed 0xb40000743e56a650 0x1e32 0x7243ee5948
08-22 16:50:01.317 661 676 I mpu_uart: [MSG-P:RECV]:No message received in 1000 ms
08-22 16:50:02.155 6739 6435 I UnusedCodeCheck: generateClassDefFile end result:true length:15932723
08-22 16:50:02.160 6739 6435 I UnusedCodeCheck: init end result:0
08-22 16:50:02.317 661 676 I mpu_uart: [MSG-P:RECV]:No message received in 1000 ms
08-22 16:50:02.394 2135 2135 E MicroService: heart beat time out, current timeout cnt is 1
08-22 16:50:02.394 2135 2135 D MicroService: onHeartBeatDetected
08-22 16:50:02.394 2135 2135 D MicroService: sendHeartbeatMessage
08-22 16:50:02.395 2135 5197 D MicroService: handleHeartBeat:356
08-22 16:50:02.440 6739 6435 I UnusedCodeCheck: storeInfo end statusCode:0
08-22 16:50:02.607 30420 6374 E SF-native: hook_native_fopen /sys/devices/system/cpu/cpu0/cpufreq/stats/time_in_state failed 0xb40000743e56a650 0x1e32 0x7243ee5948
08-22 16:50:02.607 30420 6374 E SF-native: hook_native_fopen /sys/devices/system/cpu/cpu1/cpufreq/stats/time_in_state failed 0xb40000743e56a650 0x1e32 0x7243ee5948
08-22 16:50:02.607 30420 6374 E SF-native: hook_native_fopen /sys/devices/system/cpu/cpu2/cpufreq/stats/time_in_state failed 0xb40000743e56a650 0x1e32 0x7243ee5948
08-22 16:50:02.607 30420 6374 E SF-native: hook_native_fopen /sys/devices/system/cpu/cpu3/cpufreq/stats/time_in_state failed 0xb40000743e56a650 0x1e32 0x7243ee5948
08-22 16:50:02.608 30420 6374 E SF-native: hook_native_fopen /sys/devices/system/cpu/cpu4/cpufreq/stats/time_in_state failed 0xb40000743e56a650 0x1e32 0x7243ee5948
08-22 16:50:02.608 30420 6374 E SF-native: hook_native_fopen /sys/devices/system/cpu/cpu5/cpufreq/stats/time_in_state failed 0xb40000743e56a650 0x1e32 0x7243ee5948
08-22 16:50:02.608 30420 6374 E SF-native: hook_native_fopen /sys/devices/system/cpu/cpu6/cpufreq/stats/time_in_state failed 0xb40000743e56a650 0x1e32 0x7243ee5948
08-22 16:50:02.608 30420 6374 E SF-native: hook_native_fopen /sys/devices/system/cpu/cpu7/cpufreq/stats/time_in_state failed 0xb40000743e56a650 0x1e32 0x7243ee5948
08-22 16:50:03.317 661 676 I mpu_uart: [MSG-P:RECV]:No message received in 1000 ms
08-22 16:50:03.322 661 675 I mpu_uart: [MSG-P:R]:recv sync frame timeout
08-22 16:50:03.503 6739 6809 D QQDtReporter: 848QQDT _report eventKey: dt_app_heartbeat, appKey:0S200MNJT807V3GE, type: NORMAL, isQCircle: false, isMsfImme: false, params: {client_page_name=com.tencent.mobileqq.activity.SplashActivity_0, dt_starttype=0, dt_wxopenid=, dt_seqtime=1692693456470, app_bld=4484, dt_fchlid=, os_vrsn=Android 12, dt_mchlid=, client_process_name=com.tencent.mobileqq, dt_tid=, dt_guid=7aec25665a8bc28fe553ffe67e8089ed, dt_usstmp=1692693456459, dt_callfrom=0, dt_qq=2920213450, dt_usid=1692693456459251, dt_ussn=1692693427565001, dt_qqopenid=, dt_omgbzid=, dt_seqid=14, os=1, dt_mainlogin=, udf_kv={}, dt_protoversion=1, dt_wbopenid=, dt_app_foreground_heartbeat_duration=59998, dt_callschema=0, dt_simtype=3, qq_appid=537173622, dt_oaid=, dt_adcode=, dt_wxunionid=, dt_accountid=2920213450, ui_vrsn=01.00.0136, dt_sdkversion=2434, app_vr=8.9.76, dt_coldstart=1, dt_app_sessionid=1692693903498479}
08-22 16:50:04.141 0 0 E [ 9813.952717] [MAX975X: max96755x_vc1_lcd_dtc_check] *ERROR* DTC_Display: screen not ready(0), bl_sta(1), lvl(40)
08-22 16:50:04.317 661 676 I mpu_uart: [MSG-P:RECV]:No message received in 1000 ms
08-22 16:50:04.386 2135 4073 D MicroService: handleHeartBeat:357
08-22 16:50:04.395 2135 2135 D MicroService: onHeartBeatDetected
08-22 16:50:04.395 2135 2135 D MicroService: sendHeartbeatMessage
08-22 16:50:04.618 30420 6374 E SF-native: hook_native_fopen /sys/devices/system/cpu/cpu0/cpufreq/stats/time_in_state failed 0xb40000743e56a650 0x1e32 0x7243ee5948
08-22 16:50:04.618 30420 6374 E SF-native: hook_native_fopen /sys/devices/system/cpu/cpu1/cpufreq/stats/time_in_state failed 0xb40000743e56a650 0x1e32 0x7243ee5948
08-22 16:50:04.618 30420 6374 E SF-native: hook_native_fopen /sys/devices/system/cpu/cpu2/cpufreq/stats/time_in_state failed 0xb40000743e56a650 0x1e32 0x7243ee5948
08-22 16:50:04.619 30420 6374 E SF-native: hook_native_fopen /sys/devices/system/cpu/cpu3/cpufreq/stats/time_in_state failed 0xb40000743e56a650 0x1e32 0x7243ee5948
08-22 16:50:04.619 30420 6374 E SF-native: hook_native_fopen /sys/devices/system/cpu/cpu4/cpufreq/stats/time_in_state failed 0xb40000743e56a650 0x1e32 0x7243ee5948
08-22 16:50:04.619 30420 6374 E SF-native: hook_native_fopen /sys/devices/system/cpu/cpu5/cpufreq/stats/time_in_state failed 0xb40000743e56a650 0x1e32 0x7243ee5948
08-22 16:50:04.619 30420 6374 E SF-native: hook_native_fopen /sys/devices/system/cpu/cpu6/cpufreq/stats/time_in_state failed 0xb40000743e56a650 0x1e32 0x7243ee5948
08-22 16:50:04.619 30420 6374 E SF-native: hook_native_fopen /sys/devices/system/cpu/cpu7/cpufreq/stats/time_in_state failed 0xb40000743e56a650 0x1e32 0x7243ee5948
08-22 16:50:04.798 2342 2342 D RemoteControlService: startVlanDispatchThread
08-22 16:50:05.060 6739 6845 I NTKernel: [SDK_LOG]seq(3980)---- [I] thread_group_general.cc(709)::OnThreadMonitorTimer [XpngThreadPool]->Task deque number, fast_num=0 slow_num=0
08-22 16:50:05.318 661 676 I mpu_uart: [MSG-P:RECV]:No message received in 1000 ms
08-22 16:50:06.318 661 676 I mpu_uart: [MSG-P:RECV]:No message received in 1000 ms
08-22 16:50:06.325 661 675 I mpu_uart: [MSG-P:R]:recv sync frame timeout
08-22 16:50:06.386 2135 4085 D MicroService: handleHeartBeat:358
08-22 16:50:06.397 2135 2135 D MicroService: onHeartBeatDetected
08-22 16:50:06.397 2135 2135 D MicroService: sendHeartbeatMessage
08-22 16:50:06.626 30420 6374 E SF-native: hook_native_fopen /sys/devices/system/cpu/cpu0/cpufreq/stats/time_in_state failed 0xb40000743e56a650 0x1e32 0x7243ee5948
08-22 16:50:06.626 30420 6374 E SF-native: hook_native_fopen /sys/devices/system/cpu/cpu1/cpufreq/stats/time_in_state failed 0xb40000743e56a650 0x1e32 0x7243ee5948
08-22 16:50:06.626 30420 6374 E SF-native: hook_native_fopen /sys/devices/system/cpu/cpu2/cpufreq/stats/time_in_state failed 0xb40000743e56a650 0x1e32 0x7243ee5948
08-22 16:50:06.626 30420 6374 E SF-native: hook_native_fopen /sys/devices/system/cpu/cpu3/cpufreq/stats/time_in_state failed 0xb40000743e56a650 0x1e32 0x7243ee5948
08-22 16:50:06.627 30420 6374 E SF-native: hook_native_fopen /sys/devices/system/cpu/cpu4/cpufreq/stats/time_in_state failed 0xb40000743e56a650 0x1e32 0x7243ee5948
08-22 16:50:06.627 30420 6374 E SF-native: hook_native_fopen /sys/devices/system/cpu/cpu5/cpufreq/stats/time_in_state failed 0xb40000743e56a650 0x1e32 0x7243ee5948
08-22 16:50:06.627 30420 6374 E SF-native: hook_native_fopen /sys/devices/system/cpu/cpu6/cpufreq/stats/time_in_state failed 0xb40000743e56a650 0x1e32 0x7243ee5948
08-22 16:50:06.627 30420 6374 E SF-native: hook_native_fopen /sys/devices/system/cpu/cpu7/cpufreq/stats/time_in_state failed 0xb40000743e56a650 0x1e32 0x7243ee5948
08-22 16:50:07.318 661 676 I mpu_uart: [MSG-P:RECV]:No message received in 1000 ms
08-22 16:50:07.643 1218 1250 E tlogd : [StorageChecker](hasStorageSpace) space: (used: 21M, free: 38232M), path: /data/tlog/logcat/
08-22 16:50:07.649 0 0 I [ 9817.462144] init: processing action (sys.tlog.tlogdshc.active=1) from (/system/etc/init/tlogd.rc:198)
08-22 16:50:07.649 0 0 I [ 9817.462933] init: starting service 'tlogdshc'...
08-22 16:50:07.772 0 0 I [ 9817.585556] init: Service 'tlogdshc' (pid 6438) exited with status 0 oneshot service took 0.116000 seconds in background
08-22 16:50:07.773 0 0 I [ 9817.585581] init: Sending signal 9 to service 'tlogdshc' (pid 6438) process group...
08-22 16:50:07.773 0 0 I [ 9817.585787] libprocessgroup: Successfully killed process cgroup uid 0 pid 6438 in 0ms
08-22 16:50:08.318 661 676 I mpu_uart: [MSG-P:RECV]:No message received in 1000 ms
08-22 16:50:08.387 2135 4074 D MicroService: handleHeartBeat:359
08-22 16:50:08.399 2135 2135 D MicroService: onHeartBeatDetected
08-22 16:50:08.399 2135 2135 D MicroService: sendHeartbeatMessage
08-22 16:50:08.410 0 0 E [ 9818.221563] [MAX975X: max96755x_vc1_lcd_dtc_check] *ERROR* DTC_Display: screen not ready(0), bl_sta(1), lvl(40)
08-22 16:50:08.518 661 675 D mpu_uart: [MSG-P:R-M]:recved H:38, L:0
08-22 16:50:08.518 661 675 V mpu_uart: recv data buf:[0x3c, 0x26, 0x0, 0x2, 0xd, 0x2, 0x1, 0x1c, 0xd, 0xa, 0x20, 0x41, 0x2d, 0x6d, 0x61, 0x69, 0x6e, 0x5f, 0x6c, 0x6f, 0x6f, 0x70, 0x20, 0x69, 0x73, 0x20, 0x72, 0x75, 0x6e, 0x6e, 0x69, 0x6e, 0x67, 0xd, 0xa, 0x0, 0x0, 0x73, ]
08-22 16:50:08.518 661 675 V mpu_uart:
08-22 16:50:08.518 661 675 V mpu_uart: A-main_loop is running
08-22 16:50:08.518 661 676 D mpu_uart: [SESSION-Distribute]:Message en queue:d
08-22 16:50:08.640 30420 6374 E SF-native: hook_native_fopen /sys/devices/system/cpu/cpu0/cpufreq/stats/time_in_state failed 0xb40000743e56a650 0x1e32 0x7243ee5948
08-22 16:50:08.640 30420 6374 E SF-native: hook_native_fopen /sys/devices/system/cpu/cpu1/cpufreq/stats/time_in_state failed 0xb40000743e56a650 0x1e32 0x7243ee5948
08-22 16:50:08.641 30420 6374 E SF-native: hook_native_fopen /sys/devices/system/cpu/cpu2/cpufreq/stats/time_in_state failed 0xb40000743e56a650 0x1e32 0x7243ee5948
08-22 16:50:08.641 30420 6374 E SF-native: hook_native_fopen /sys/devices/system/cpu/cpu3/cpufreq/stats/time_in_state failed 0xb40000743e56a650 0x1e32 0x7243ee5948
08-22 16:50:08.641 30420 6374 E SF-native: hook_native_fopen /sys/devices/system/cpu/cpu4/cpufreq/stats/time_in_state failed 0xb40000743e56a650 0x1e32 0x7243ee5948
08-22 16:50:08.642 30420 6374 E SF-native: hook_native_fopen /sys/devices/system/cpu/cpu5/cpufreq/stats/time_in_state failed 0xb40000743e56a650 0x1e32 0x7243ee5948
08-22 16:50:08.642 30420 6374 E SF-native: hook_native_fopen /sys/devices/system/cpu/cpu6/cpufreq/stats/time_in_state failed 0xb40000743e56a650 0x1e32 0x7243ee5948
08-22 16:50:08.642 30420 6374 E SF-native: hook_native_fopen /sys/devices/system/cpu/cpu7/cpufreq/stats/time_in_state failed 0xb40000743e56a650 0x1e32 0x7243ee5948
08-22 16:50:09.518 661 676 I mpu_uart: [MSG-P:RECV]:No message received in 1000 ms
08-22 16:50:09.806 2342 2342 D RemoteControlService: startVlanDispatchThread
08-22 16:50:10.061 6739 6845 I NTKernel: [SDK_LOG]seq(3981)---- [I] thread_group_general.cc(709)::OnThreadMonitorTimer [XpngThreadPool]->Task deque number, fast_num=0 slow_num=0
08-22 16:50:10.402 2135 2135 E MicroService: heart beat time out, current timeout cnt is 1
08-22 16:50:10.402 2135 2135 D MicroService: onHeartBeatDetected
08-22 16:50:10.402 2135 2135 D MicroService: sendHeartbeatMessage
08-22 16:50:10.402 2135 4076 D MicroService: handleHeartBeat:360
08-22 16:50:10.519 661 676 I mpu_uart: [MSG-P:RECV]:No message received in 1000 ms
08-22 16:50:10.649 30420 6374 E SF-native: hook_native_fopen /sys/devices/system/cpu/cpu0/cpufreq/stats/time_in_state failed 0xb40000743e56a650 0x1e32 0x7243ee5948
08-22 16:50:10.649 30420 6374 E SF-native: hook_native_fopen /sys/devices/system/cpu/cpu1/cpufreq/stats/time_in_state failed 0xb40000743e56a650 0x1e32 0x7243ee5948
08-22 16:50:10.650 30420 6374 E SF-native: hook_native_fopen /sys/devices/system/cpu/cpu2/cpufreq/stats/time_in_state failed 0xb40000743e56a650 0x1e32 0x7243ee5948
08-22 16:50:10.650 30420 6374 E SF-native: hook_native_fopen /sys/devices/system/cpu/cpu3/cpufreq/stats/time_in_state failed 0xb40000743e56a650 0x1e32 0x7243ee5948
08-22 16:50:10.650 30420 6374 E SF-native: hook_native_fopen /sys/devices/system/cpu/cpu4/cpufreq/stats/time_in_state failed 0xb40000743e56a650 0x1e32 0x7243ee5948
08-22 16:50:10.650 30420 6374 E SF-native: hook_native_fopen /sys/devices/system/cpu/cpu5/cpufreq/stats/time_in_state failed 0xb40000743e56a650 0x1e32 0x7243ee5948
08-22 16:50:10.650 30420 6374 E SF-native: hook_native_fopen /sys/devices/system/cpu/cpu6/cpufreq/stats/time_in_state failed 0xb40000743e56a650 0x1e32 0x7243ee5948
08-22 16:50:10.651 30420 6374 E SF-native: hook_native_fopen /sys/devices/system/cpu/cpu7/cpufreq/stats/time_in_state failed 0xb40000743e56a650 0x1e32 0x7243ee5948
08-22 16:50:11.519 661 676 I mpu_uart: [MSG-P:RECV]:No message received in 1000 ms
08-22 16:50:11.521 661 675 I mpu_uart: [MSG-P:R]:recv sync frame timeout
08-22 16:50:11.807 6739 6789 I PERF_LOG: PP.process cpu is 0.01, totalMem(KB): 356849, javaFree: 5723, javaTotal: 60023, javaMax: 268435, javaUsedRatio: 0.20, dalvikMem: 51721, nativeMem: 78277, codePss: 117380, graphicPss: 24708, privateOtherPss: 22452, systemPss: 52497, swappedPss: 4, stage: QQSettingMe
08-22 16:50:11.820 1215 1273 I selfinstaller: create socket failed: No route to host 113
08-22 16:50:12.087 30420 31104 I OpenGLRenderer: Davey! duration=9223362214986ms; Flags=0, FrameTimelineVsyncId=307136, IntendedVsync=9821867376293, Vsync=9821867376293, InputEventId=0, HandleInputStart=9821868275624, AnimationStart=9821868278228, PerformTraversalsStart=9821868284790, DrawStart=9821868410780, FrameDeadline=9821888709625, FrameInterval=9821868265415, FrameStartTime=16666666, SyncQueued=9821869024842, SyncStart=9821869982395, IssueDrawCommandsStart=9821870437134, SwapBuffers=9821881257395, FrameCompleted=9223372036854775807, DequeueBufferDuration=37656, QueueBufferDuration=1973854, GpuCompleted=9223372036854775807, SwapBuffersCompleted=9821883802967, DisplayPresentTime=9794386229176,
08-22 16:50:12.403 2135 2135 D MicroService: onHeartBeatDetected
08-22 16:50:12.403 2135 2135 D MicroService: sendHeartbeatMessage
08-22 16:50:12.405 2135 4093 D MicroService: handleHeartBeat:361
08-22 16:50:12.519 661 676 I mpu_uart: [MSG-P:RECV]:No message received in 1000 ms
08-22 16:50:12.525 0 0 E [ 9822.337994] [MAX975X: max96755x_vc1_lcd_dtc_check] *ERROR* DTC_Display: screen not ready(0), bl_sta(1), lvl(40)
08-22 16:50:12.661 30420 6374 E SF-native: hook_native_fopen /sys/devices/system/cpu/cpu0/cpufreq/stats/time_in_state failed 0xb40000743e56a650 0x1e32 0x7243ee5948
08-22 16:50:12.662 30420 6374 E SF-native: hook_native_fopen /sys/devices/system/cpu/cpu1/cpufreq/stats/time_in_state failed 0xb40000743e56a650 0x1e32 0x7243ee5948
08-22 16:50:12.663 30420 6374 E SF-native: hook_native_fopen /sys/devices/system/cpu/cpu2/cpufreq/stats/time_in_state failed 0xb40000743e56a650 0x1e32 0x7243ee5948
08-22 16:50:12.664 30420 6374 E SF-native: hook_native_fopen /sys/devices/system/cpu/cpu3/cpufreq/stats/time_in_state failed 0xb40000743e56a650 0x1e32 0x7243ee5948
08-22 16:50:12.664 30420 6374 E SF-native: hook_native_fopen /sys/devices/system/cpu/cpu4/cpufreq/stats/time_in_state failed 0xb40000743e56a650 0x1e32 0x7243ee5948
08-22 16:50:12.665 30420 6374 E SF-native: hook_native_fopen /sys/devices/system/cpu/cpu5/cpufreq/stats/time_in_state failed 0xb40000743e56a650 0x1e32 0x7243ee5948
08-22 16:50:12.666 30420 6374 E SF-native: hook_native_fopen /sys/devices/system/cpu/cpu6/cpufreq/stats/time_in_state failed 0xb40000743e56a650 0x1e32 0x7243ee5948
08-22 16:50:12.667 30420 6374 E SF-native: hook_native_fopen /sys/devices/system/cpu/cpu7/cpufreq/stats/time_in_state failed 0xb40000743e56a650 0x1e32 0x7243ee5948
08-22 16:50:13.519 661 676 I mpu_uart: [MSG-P:RECV]:No message received in 1000 ms
08-22 16:50:14.394 2135 4099 D MicroService: handleHeartBeat:362
08-22 16:50:14.405 2135 2135 D MicroService: onHeartBeatDetected
08-22 16:50:14.405 2135 2135 D MicroService: sendHeartbeatMessage
08-22 16:50:14.520 661 676 I mpu_uart: [MSG-P:RECV]:No message received in 1000 ms
08-22 16:50:14.522 661 675 I mpu_uart: [MSG-P:R]:recv sync frame timeout
08-22 16:50:14.677 30420 6374 E SF-native: hook_native_fopen /sys/devices/system/cpu/cpu0/cpufreq/stats/time_in_state failed 0xb40000743e56a650 0x1e32 0x7243ee5948
08-22 16:50:14.677 30420 6374 E SF-native: hook_native_fopen /sys/devices/system/cpu/cpu1/cpufreq/stats/time_in_state failed 0xb40000743e56a650 0x1e32 0x7243ee5948
08-22 16:50:14.677 30420 6374 E SF-native: hook_native_fopen /sys/devices/system/cpu/cpu2/cpufreq/stats/time_in_state failed 0xb40000743e56a650 0x1e32 0x7243ee5948
08-22 16:50:14.677 30420 6374 E SF-native: hook_native_fopen /sys/devices/system/cpu/cpu3/cpufreq/stats/time_in_state failed 0xb40000743e56a650 0x1e32 0x7243ee5948
08-22 16:50:14.678 30420 6374 E SF-native: hook_native_fopen /sys/devices/system/cpu/cpu4/cpufreq/stats/time_in_state failed 0xb40000743e56a650 0x1e32 0x7243ee5948
08-22 16:50:14.678 30420 6374 E SF-native: hook_native_fopen /sys/devices/system/cpu/cpu5/cpufreq/stats/time_in_state failed 0xb40000743e56a650 0x1e32 0x7243ee5948
08-22 16:50:14.678 30420 6374 E SF-native: hook_native_fopen /sys/devices/system/cpu/cpu6/cpufreq/stats/time_in_state failed 0xb40000743e56a650 0x1e32 0x7243ee5948
08-22 16:50:14.678 30420 6374 E SF-native: hook_native_fopen /sys/devices/system/cpu/cpu7/cpufreq/stats/time_in_state failed 0xb40000743e56a650 0x1e32 0x7243ee5948
08-22 16:50:14.813 2342 2342 D RemoteControlService: startVlanDispatchThread
08-22 16:50:15.061 6739 6845 I NTKernel: [SDK_LOG]seq(3982)---- [I] thread_group_general.cc(709)::OnThreadMonitorTimer [XpngThreadPool]->Task deque number, fast_num=0 slow_num=0
08-22 16:50:15.520 661 676 I mpu_uart: [MSG-P:RECV]:No message received in 1000 ms
08-22 16:50:16.180 1542 1843 I InputDispatcher: Check touch window: [window]=fe1bd01 com.ss.android.lark/com.ss.android.vc.meeting.module.multi.ByteRTCMeetingActivityInstance , [pause]=0 , [needIntercept]=0
08-22 16:50:16.182 1542 1843 D PowerManagerService: userActivityNoUpdateLocked: groupId=0, eventTime=9825994, event=2, flags=0x0, uid=1000
08-22 16:50:16.182 1542 1843 D PowerManagerNotifier: onUserActivity: event=2, uid=1000
08-22 16:50:16.182 1542 1843 D PowerManagerService: updateUserActivitySummaryLocked: groupId=0, mWakefulness=Awake, mUserActivitySummary=0x1, nextTimeout=10425994 (in 599997 ms)
08-22 16:50:16.182 1542 1843 D PowerManagerNotifier: onScreenPolicyUpdate: newPolicy=3
08-22 16:50:16.183 1542 1843 D PowerManagerService: updateDisplayPowerStateLocked: displayReady=true, groupId=0, policy=BRIGHT, mWakefulness=Awake, mWakeLockSummary=0x23, mUserActivitySummary=0x1, mBootCompleted=true, screenBrightnessOverride=NaN, useAutoBrightness=false, mScreenBrightnessBoostInProgress=false, mIsVrModeEnabled= false, sQuiescent=false
08-22 16:50:16.183 30420 30420 D ViewTouchDebug: mView : DecorView@293513[ByteRTCMeetingActivityInstance]Receive event : MotionEvent { action=ACTION_DOWN, actionButton=0, id[0]=0, x[0]=2403.0, y[0]=231.0, toolType[0]=TOOL_TYPE_FINGER, buttonState=0, classification=NONE, metaState=0, flags=0x2, edgeFlags=0x0, pointerCount=1, historySize=0, eventTime=9825994, downTime=9825994, deviceId=4, source=0x5002, displayId=0, eventId=19413892 }
08-22 16:50:16.184 1936 1936 D ViewTouchDebug: mView : com.android.systemui.navigationbar.NavigationBarFrame{8e137c6 V.E...... ........ 0,0-2560,46 #7f0b03f3 app:id/navigation_bar_frame}Receive event : MotionEvent { action=ACTION_OUTSIDE, actionButton=0, id[0]=0, x[0]=0.0, y[0]=-1034.0, toolType[0]=TOOL_TYPE_FINGER, buttonState=0, classification=NONE, metaState=0, flags=0x0, edgeFlags=0x0, pointerCount=1, historySize=0, eventTime=9825994, downTime=9825994, deviceId=4, source=0x5002, displayId=0, eventId=1314070605 }
08-22 16:50:16.185 1936 1936 D NoBackGesture: Start gesture: MotionEvent { action=ACTION_DOWN, actionButton=0, id[0]=0, x[0]=2403.0, y[0]=231.0, toolType[0]=TOOL_TYPE_FINGER, buttonState=0, classification=NONE, metaState=0, flags=0x0, edgeFlags=0x0, pointerCount=1, historySize=0, eventTime=9825994, downTime=9825994, deviceId=4, source=0x5002, displayId=0, eventId=19413892 } mSysUiFlags=131072 region=Rect(0, 0 - 0, 0)
08-22 16:50:16.185 1936 1936 D NoBackGesture: Gesture [1692694216185,alw=FALSE,FALSE,TRUE,FALSE,disp=Point(2560, 1080),wl=45,il=0,wr=45,ir=0,excl=SkRegion()]
08-22 16:50:16.187 2577 2577 D TouchInteractionService: onInputEvent mUncheckedConsumer = com.android.quickstep.InputConsumer$$ExternalSyntheticLambda0@3819b16
08-22 16:50:16.308 1542 1843 D PowerManagerService: userActivityNoUpdateLocked: groupId=0, eventTime=9826122, event=2, flags=0x0, uid=1000
08-22 16:50:16.308 1542 1843 D PowerManagerNotifier: onUserActivity: event=2, uid=1000
08-22 16:50:16.308 1542 1843 D PowerManagerService: updateUserActivitySummaryLocked: groupId=0, mWakefulness=Awake, mUserActivitySummary=0x1, nextTimeout=10426122 (in 599999 ms)
08-22 16:50:16.308 1542 1843 D PowerManagerNotifier: onScreenPolicyUpdate: newPolicy=3
08-22 16:50:16.308 1542 1843 D PowerManagerService: updateDisplayPowerStateLocked: displayReady=true, groupId=0, policy=BRIGHT, mWakefulness=Awake, mWakeLockSummary=0x23, mUserActivitySummary=0x1, mBootCompleted=true, screenBrightnessOverride=NaN, useAutoBrightness=false, mScreenBrightnessBoostInProgress=false, mIsVrModeEnabled= false, sQuiescent=false
08-22 16:50:16.361 30420 30420 D ViewTouchDebug: mView : DecorView@293513[ByteRTCMeetingActivityInstance]Receive event : MotionEvent { action=ACTION_UP, actionButton=0, id[0]=0, x[0]=2403.0, y[0]=231.0, toolType[0]=TOOL_TYPE_FINGER, buttonState=0, classification=NONE, metaState=0, flags=0x2, edgeFlags=0x0, pointerCount=1, historySize=0, eventTime=9826174, downTime=9825994, deviceId=4, source=0x5002, displayId=0, eventId=451478694 }
08-22 16:50:16.401 2135 4105 D MicroService: handleHeartBeat:363
08-22 16:50:16.407 2135 2135 D MicroService: onHeartBeatDetected
08-22 16:50:16.407 2135 2135 D MicroService: sendHeartbeatMessage
08-22 16:50:16.520 661 676 I mpu_uart: [MSG-P:RECV]:No message received in 1000 ms
08-22 16:50:16.656 0 0 E [ 9826.468668] [MAX975X: max96755x_vc1_lcd_dtc_check] *ERROR* DTC_Display: screen not ready(0), bl_sta(1), lvl(40)
08-22 16:50:16.683 30420 6374 E SF-native: hook_native_fopen /sys/devices/system/cpu/cpu0/cpufreq/stats/time_in_state failed 0xb40000743e56a650 0x1e32 0x7243ee5948
08-22 16:50:16.684 30420 6374 E SF-native: hook_native_fopen /sys/devices/system/cpu/cpu1/cpufreq/stats/time_in_state failed 0xb40000743e56a650 0x1e32 0x7243ee5948
08-22 16:50:16.684 30420 6374 E SF-native: hook_native_fopen /sys/devices/system/cpu/cpu2/cpufreq/stats/time_in_state failed 0xb40000743e56a650 0x1e32 0x7243ee5948
08-22 16:50:16.684 30420 6374 E SF-native: hook_native_fopen /sys/devices/system/cpu/cpu3/cpufreq/stats/time_in_state failed 0xb40000743e56a650 0x1e32 0x7243ee5948
08-22 16:50:16.684 30420 6374 E SF-native: hook_native_fopen /sys/devices/system/cpu/cpu4/cpufreq/stats/time_in_state failed 0xb40000743e56a650 0x1e32 0x7243ee5948
08-22 16:50:16.684 30420 6374 E SF-native: hook_native_fopen /sys/devices/system/cpu/cpu5/cpufreq/stats/time_in_state failed 0xb40000743e56a650 0x1e32 0x7243ee5948
08-22 16:50:16.684 30420 6374 E SF-native: hook_native_fopen /sys/devices/system/cpu/cpu6/cpufreq/stats/time_in_state failed 0xb40000743e56a650 0x1e32 0x7243ee5948
08-22 16:50:16.684 30420 6374 E SF-native: hook_native_fopen /sys/devices/system/cpu/cpu7/cpufreq/stats/time_in_state failed 0xb40000743e56a650 0x1e32 0x7243ee5948
08-22 16:50:16.811 30420 30582 I OpenGLRenderer: Davey! duration=9223362210259ms; Flags=0, FrameTimelineVsyncId=307434, IntendedVsync=9826595357592, Vsync=9826595357592, InputEventId=0, HandleInputStart=9826595961351, AnimationStart=9826595964789, PerformTraversalsStart=9826595968539, DrawStart=9826596116976, FrameDeadline=9826633357590, FrameInterval=9826595949320, FrameStartTime=16666666, SyncQueued=9826596246091, SyncStart=9826596414424, IssueDrawCommandsStart=9826596889789, SwapBuffers=9826609273434, FrameCompleted=9223372036854775807, DequeueBufferDuration=36198, QueueBufferDuration=1338177, GpuCompleted=9223372036854775807, SwapBuffersCompleted=9826611136976, DisplayPresentTime=9796908975946,
08-22 16:50:17.521 661 676 I mpu_uart: [MSG-P:RECV]:No message received in 1000 ms
08-22 16:50:17.524 661 675 I mpu_uart: [MSG-P:R]:recv sync frame timeout
08-22 16:50:18.409 2135 4107 D MicroService: handleHeartBeat:364
08-22 16:50:18.409 2135 2135 D MicroService: onHeartBeatDetected
08-22 16:50:18.409 2135 2135 D MicroService: sendHeartbeatMessage
08-22 16:50:18.521 661 676 I mpu_uart: [MSG-P:RECV]:No message received in 1000 ms
08-22 16:50:18.691 30420 6374 E SF-native: hook_native_fopen /sys/devices/system/cpu/cpu0/cpufreq/stats/time_in_state failed 0xb40000743e56a650 0x1e32 0x7243ee5948
08-22 16:50:18.692 30420 6374 E SF-native: hook_native_fopen /sys/devices/system/cpu/cpu1/cpufreq/stats/time_in_state failed 0xb40000743e56a650 0x1e32 0x7243ee5948
08-22 16:50:18.692 30420 6374 E SF-native: hook_native_fopen /sys/devices/system/cpu/cpu2/cpufreq/stats/time_in_state failed 0xb40000743e56a650 0x1e32 0x7243ee5948
08-22 16:50:18.692 30420 6374 E SF-native: hook_native_fopen /sys/devices/system/cpu/cpu3/cpufreq/stats/time_in_state failed 0xb40000743e56a650 0x1e32 0x7243ee5948
08-22 16:50:18.692 30420 6374 E SF-native: hook_native_fopen /sys/devices/system/cpu/cpu4/cpufreq/stats/time_in_state failed 0xb40000743e56a650 0x1e32 0x7243ee5948
08-22 16:50:18.693 30420 6374 E SF-native: hook_native_fopen /sys/devices/system/cpu/cpu5/cpufreq/stats/time_in_state failed 0xb40000743e56a650 0x1e32 0x7243ee5948
08-22 16:50:18.693 30420 6374 E SF-native: hook_native_fopen /sys/devices/system/cpu/cpu6/cpufreq/stats/time_in_state failed 0xb40000743e56a650 0x1e32 0x7243ee5948
08-22 16:50:18.693 30420 6374 E SF-native: hook_native_fopen /sys/devices/system/cpu/cpu7/cpufreq/stats/time_in_state failed 0xb40000743e56a650 0x1e32 0x7243ee5948
08-22 16:50:18.798 1542 1843 I InputDispatcher: Check touch window: [window]=fe1bd01 com.ss.android.lark/com.ss.android.vc.meeting.module.multi.ByteRTCMeetingActivityInstance , [pause]=0 , [needIntercept]=0
08-22 16:50:18.799 1542 1843 D PowerManagerService: userActivityNoUpdateLocked: groupId=0, eventTime=9828612, event=2, flags=0x0, uid=1000
08-22 16:50:18.799 30420 30420 D ViewTouchDebug: mView : DecorView@293513[ByteRTCMeetingActivityInstance]Receive event : MotionEvent { action=ACTION_DOWN, actionButton=0, id[0]=0, x[0]=2510.0, y[0]=997.0, toolType[0]=TOOL_TYPE_FINGER, buttonState=0, classification=NONE, metaState=0, flags=0x2, edgeFlags=0x0, pointerCount=1, historySize=0, eventTime=9828612, downTime=9828612, deviceId=4, source=0x5002, displayId=0, eventId=872737129 }
08-22 16:50:18.799 1542 1843 D PowerManagerNotifier: onUserActivity: event=2, uid=1000
08-22 16:50:18.799 1542 1843 D PowerManagerService: updateUserActivitySummaryLocked: groupId=0, mWakefulness=Awake, mUserActivitySummary=0x1, nextTimeout=10428612 (in 599998 ms)
08-22 16:50:18.799 1542 1843 D PowerManagerNotifier: onScreenPolicyUpdate: newPolicy=3
08-22 16:50:18.799 1542 1843 D PowerManagerService: updateDisplayPowerStateLocked: displayReady=true, groupId=0, policy=BRIGHT, mWakefulness=Awake, mWakeLockSummary=0x23, mUserActivitySummary=0x1, mBootCompleted=true, screenBrightnessOverride=NaN, useAutoBrightness=false, mScreenBrightnessBoostInProgress=false, mIsVrModeEnabled= false, sQuiescent=false
08-22 16:50:18.800 1936 1936 D ViewTouchDebug: mView : com.android.systemui.navigationbar.NavigationBarFrame{8e137c6 V.E...... ........ 0,0-2560,46 #7f0b03f3 app:id/navigation_bar_frame}Receive event : MotionEvent { action=ACTION_OUTSIDE, actionButton=0, id[0]=0, x[0]=0.0, y[0]=-1034.0, toolType[0]=TOOL_TYPE_FINGER, buttonState=0, classification=NONE, metaState=0, flags=0x0, edgeFlags=0x0, pointerCount=1, historySize=0, eventTime=9828612, downTime=9828612, deviceId=4, source=0x5002, displayId=0, eventId=1617089548 }
08-22 16:50:18.800 1936 1936 D NoBackGesture: Start gesture: MotionEvent { action=ACTION_DOWN, actionButton=0, id[0]=0, x[0]=2510.0, y[0]=997.0, toolType[0]=TOOL_TYPE_FINGER, buttonState=0, classification=NONE, metaState=0, flags=0x0, edgeFlags=0x0, pointerCount=1, historySize=0, eventTime=9828612, downTime=9828612, deviceId=4, source=0x5002, displayId=0, eventId=872737129 } mSysUiFlags=131072 region=Rect(0, 0 - 0, 0)
08-22 16:50:18.800 1936 1936 D NoBackGesture: isWithinTouchRegion: left=45 right=2515
08-22 16:50:18.801 1936 1936 D NoBackGesture: Prediction [1692694218800,2510,997,-1,0.000000,0]
08-22 16:50:18.805 1936 1936 D NoBackGesture: Gesture [1692694218801,alw=FALSE,FALSE,TRUE,FALSE,disp=Point(2560, 1080),wl=45,il=0,wr=45,ir=0,excl=SkRegion()]
08-22 16:50:18.806 2577 2577 D TouchInteractionService: onInputEvent mUncheckedConsumer = com.android.quickstep.InputConsumer$$ExternalSyntheticLambda0@3819b16
08-22 16:50:18.916 1542 1843 D PowerManagerService: userActivityNoUpdateLocked: groupId=0, eventTime=9828730, event=2, flags=0x0, uid=1000
08-22 16:50:18.916 1542 1843 D PowerManagerNotifier: onUserActivity: event=2, uid=1000
08-22 16:50:18.917 1542 1843 D PowerManagerService: updateUserActivitySummaryLocked: groupId=0, mWakefulness=Awake, mUserActivitySummary=0x1, nextTimeout=10428730 (in 599998 ms)
08-22 16:50:18.917 1542 1843 D PowerManagerNotifier: onScreenPolicyUpdate: newPolicy=3
08-22 16:50:18.917 1542 1843 D PowerManagerService: updateDisplayPowerStateLocked: displayReady=true, groupId=0, policy=BRIGHT, mWakefulness=Awake, mWakeLockSummary=0x23, mUserActivitySummary=0x1, mBootCompleted=true, screenBrightnessOverride=NaN, useAutoBrightness=false, mScreenBrightnessBoostInProgress=false, mIsVrModeEnabled= false, sQuiescent=false
08-22 16:50:18.982 30420 30420 D ViewTouchDebug: mView : DecorView@293513[ByteRTCMeetingActivityInstance]Receive event : MotionEvent { action=ACTION_UP, actionButton=0, id[0]=0, x[0]=2510.0, y[0]=997.0, toolType[0]=TOOL_TYPE_FINGER, buttonState=0, classification=NONE, metaState=0, flags=0x2, edgeFlags=0x0, pointerCount=1, historySize=0, eventTime=9828796, downTime=9828612, deviceId=4, source=0x5002, displayId=0, eventId=504915882 }
08-22 16:50:19.002 1542 3091 V AS.AudioService: setMode(mode=0, pid=30420, uid=10119, caller=com.ss.android.lark)
08-22 16:50:19.002 1542 3091 D AudioIDCMicroNegotiator: idcm_af:AudioIDCMicroNegotiator getIDCMicroAudioFocus: AudioFocus_VoiceCall
08-22 16:50:19.002 1542 3091 D AS.AudioService: idcm_af:abandonAudioFocus, call: com.ss.android.lark
08-22 16:50:19.003 808 10249 D audio_hw_primary: adev_set_parameters: enter: lossfocus_in_call=off
08-22 16:50:19.003 808 10249 D audio_hw_hfp: hfp_set_parameters: enter
08-22 16:50:19.003 808 10249 D audio_hw_primary: adev_set_parameters: lossfocus_in_call is off
08-22 16:50:19.004 1542 3091 D AudioIDCMicroNegotiator: idcm_af:abandonIDCMicroAudioFocus: AudioFocus_VoiceCall
08-22 16:50:19.004 1542 3091 D AudioIDCMicroNegotiator: idcm_common:requestResult method = abandonAudioFocus parameters = {"functionInfo":{"IDCM_AudioFocus":"AudioFocus_VoiceCall"}}
08-22 16:50:19.004 1542 3091 I MicroServiceManager: requestResult(abandonAudioFocus) parameters is{"functionInfo":{"IDCM_AudioFocus":"AudioFocus_VoiceCall"}}.
08-22 16:50:19.005 1542 3091 D AudioIDCMicroNegotiator: idcm_af:obtainAbandonFocusState
08-22 16:50:19.005 1542 3091 W AudioIDCMicroNegotiator: idcm_warn: abandon of obtainAbandonFocusState
08-22 16:50:19.005 1542 3091 D AudioIDCMicroNegotiator: idcm_af:obtainAbandonFocusState, return: 0
08-22 16:50:19.005 1542 1883 D AudioIDCMicroNegotiator: idcm_af:AudioIDCMicroNegotiator getIDCMicroAudioFocus: AudioFocus_VoiceCall
08-22 16:50:19.005 1542 1883 D AS.AudioService: idcm_af:abandonAudioFocus, request: com.ss.android.lark
08-22 16:50:19.005 808 10249 D audio_hw_primary: adev_set_parameters: enter: lossfocus_in_call=off
08-22 16:50:19.005 808 10249 D audio_hw_hfp: hfp_set_parameters: enter
08-22 16:50:19.005 808 10249 D audio_hw_primary: adev_set_parameters: lossfocus_in_call is off
08-22 16:50:19.006 1542 1883 D AudioIDCMicroNegotiator: idcm_af:abandonIDCMicroAudioFocus FocusState: 0
08-22 16:50:19.006 808 10249 D audio_hw_primary: adev_set_mode: mode 0 , prev_mode 3
08-22 16:50:19.007 1542 1885 I thunderperf: Maybe need boostperf for current app!
08-22 16:50:19.007 2059 3474 D FgBoostPerfService: [FgBoostPerfService.perfBoostAcq]start: stat=true pkgName=com.ss.android.lark
08-22 16:50:19.007 2059 3474 I FgBoostPerfService: [FgBoostPerfService.perfBoostAcq] not game-mode or game app!
08-22 16:50:19.007 1542 1885 I ThunderPerfManager: PerfAcq error : state=true pkgName=com.ss.android.lark
08-22 16:50:19.007 2059 3474 I FgBoostPerfService: [GetGpuMode] isMode=0 isGame=false mGpuMode=1
08-22 16:50:19.008 2059 7909 I FgBoostPerfService: [GetGpuDpiType] isMode=0 isGame=false mGpuDpiType=0
08-22 16:50:19.008 2135 31418 D MicroService: Send message to IDCM:SocketMessageBean{businessData='21930', srcService='FSEM_AudioService', destService='IDCM_CarAudioService', messageType='0', uuid='1692694219005374059', payloadData={"srcService":"FSEM_AudioService","dstService":"IDCM_CarAudioService","messageType":0,"uuid":1692694219005374059,"methodName":"abandonAudioFocus","parameters":{"functionInfo":{"IDCM_AudioFocus":"AudioFocus_VoiceCall"}}}}
08-22 16:50:19.008 2059 3474 I FgBoostPerfService: [GetGpuDpiType] isMode=0 isGame=false mGpuStandardValue=0
08-22 16:50:19.008 1542 1885 I thunderperf: Current app pkgName=com.ss.android.lark bm:com.thundercomm.perf.BoostPerfManager@305930f gpuMode=-1 gpuType=-1 gpuStandardVal=-1
08-22 16:50:19.008 1542 1885 I ThunderBoostPerfService: Resolution: Uid=10119 Pid=30420 gMode=-1 dType=-1 gpuStandardVal=-1
08-22 16:50:19.009 1542 1885 I thunderperf: PlatormCompat.setOverrides: Uid1=10119 Pid1=30420 Uid2=10119 Pid2=30420
08-22 16:50:19.009 1542 1885 I thunderperf: PlatormCompat.setOverrides: needCheck:false
08-22 16:50:19.009 1542 1885 I thunderperf: CompatConfig.addOverrideUnsafe: bef-state=0
08-22 16:50:19.009 1542 1885 I thunderperf: CompatConfig.addOverrideUnsafe: aft-state=0
08-22 16:50:19.009 1542 1885 W PackageManager: MATCH_ANY_USER flag requires INTERACT_ACROSS_USERS permission: UID 10119 requires android.permission.INTERACT_ACROSS_USERS_FULL or android.permission.INTERACT_ACROSS_USERS to access user 0.
08-22 16:50:19.010 1542 1885 E BoostPerfManager: UpdateResolution SecurityException : e=java.lang.SecurityException: MATCH_ANY_USER flag requires INTERACT_ACROSS_USERS permission: UID 10119 requires android.permission.INTERACT_ACROSS_USERS_FULL or android.permission.INTERACT_ACROSS_USERS to access user 0.
08-22 16:50:19.010 1542 1885 I ActivityTaskManager: START u0 {flg=0x10000000 cmp=com.ss.android.lark/com.ss.android.vc.meeting.module.base.MeetingShadowActivity (has extras)} from uid 10119
08-22 16:50:19.010 1542 1660 I EventSequenceValidator: inc AccIntentStartedEvents to 2
08-22 16:50:19.011 30420 6392 D CCodecBufferChannel: [c2.android.mp3.decoder#255] MediaCodec discarded an unknown buffer
08-22 16:50:19.011 1542 1885 D ActivityTaskManager: TaskLaunchParamsModifier:task=null activity=ActivityRecord{b5f3599 u0 com.ss.android.lark/com.ss.android.vc.meeting.module.base.MeetingShadowActivity taskAffinity=10119:com.ss.android.lark display-id=0 display-windowing-mode=1 suggested-display-area=DefaultTaskDisplayArea@129244260
08-22 16:50:19.012 900 10139 E power : power acquire_wake_lock enter!
08-22 16:50:19.012 900 10139 E power : power acquire_wake_lock exit!
08-22 16:50:19.012 580 580 E android.system.suspend@1.0-service: SystemSuspend::acquireWakeLock enter!pid = 900: Success
08-22 16:50:19.013 580 580 E android.system.suspend@1.0-service: SystemSuspend::acquireWakeLock exit!: Success
08-22 16:50:19.014 900 10139 D APM_AudioPolicyManager: setOutputDevices changing device to {type:0x2,@:}
08-22 16:50:19.015 1542 1885 E ANDR-PERF-JNI: com_qualcomm_qtiperformance_native_perf_io_prefetch_start
08-22 16:50:19.015 900 10139 E power : power acquire_wake_lock enter!
08-22 16:50:19.015 900 10139 E power : power acquire_wake_lock exit!
08-22 16:50:19.015 580 580 E android.system.suspend@1.0-service: SystemSuspend::acquireWakeLock enter!pid = 900: Success
08-22 16:50:19.015 580 580 E android.system.suspend@1.0-service: SystemSuspend::acquireWakeLock exit!: Success
