08-22 16:48:52.321 30420 30420 D InsetsSourceConsumer: applyHiddenToControl: true
08-22 16:48:52.324 0 0 I [ 9742.138670] afe_close: port_id = 0x9000
08-22 16:48:52.329 808 30862 E soundtrigger: audio_extn_sound_trigger_update_stream_status: invalid input device 0x0, for event 2
08-22 16:48:52.329 808 30862 D soundtrigger: audio_extn_sound_trigger_update_stream_status: uc_info->id 1 of type 0 for Event 2, with Raise=0
08-22 16:48:52.329 808 30862 D msm8974_platform: platform_split_snd_device: snd_device(27) num devices(0) new_snd_devices(0)
08-22 16:48:52.329 808 30862 I msm8974_platform: platform_get_custom_mtmx_params: no matching param with id 0 ip_ch 2 op_ch 2 uc_id 1 snd_dev 27
08-22 16:48:52.329 808 30862 D hardware_info: hw_info_append_hw_type : device_name = voice-speaker-stereo
08-22 16:48:52.329 808 30862 D audio_hw_primary: disable_snd_device: snd_device(27: voice-speaker-stereo)
08-22 16:48:52.329 808 30862 D msm8974_platform: platform_split_snd_device: snd_device(27) num devices(0) new_snd_devices(0)
08-22 16:48:52.329 808 30862 I soundtrigger: audio_extn_sound_trigger_update_device_status: device 0x1b of type 0 for Event 0, with Raise=0
08-22 16:48:52.329 808 30862 I msm8974_platform: platform_check_and_set_codec_backend_cfg:becf: afe: bitwidth 16, samplerate 48000 channels 2, backend_idx 0 usecase = 1 device (speaker)
08-22 16:48:52.329 808 30862 D msm8974_platform: platform_split_snd_device: snd_device(2) num devices(1) new_snd_devices(0)
08-22 16:48:52.329 808 30862 I msm8974_platform: platform_check_and_set_codec_backend_cfg: new_snd_devices[0] is 2
08-22 16:48:52.329 808 30862 I msm8974_platform: platform_check_codec_backend_cfg:becf: afe: bitwidth 16, samplerate 48000 channels 2, backend_idx 0 usecase = 1 device (speaker)
08-22 16:48:52.329 30420 30420 W View : requestLayout() improperly called by com.ss.android.lark.chat.chatwindow.biz.component.keyboard.coordinate.MessageListAnimationContainer{c832bc3 V.E...... ......I. 0,0-2560,842 #7f0b2511 app:id/msg_lis_anim_container} during layout: running second layout pass
08-22 16:48:52.329 808 30862 D audio_hw_extn: audio_extn_enable_hifi_filter: mixer_value set 0
08-22 16:48:52.329 808 30862 D msm8974_platform: platform_check_codec_backend_cfg:becf: updated afe: bitwidth 16, samplerate 48000 channels 2,backend_idx 0 usecase = 1 device (speaker)
08-22 16:48:52.329 808 30862 D msm8974_platform: platform_check_codec_backend_cfg:becf: afe: playback on codec device not supporting native playback set default Sample Rate(48k)
08-22 16:48:52.329 808 30862 I msm8974_platform: platform_check_codec_backend_cfg:becf: afe: Codec selected backend: 0 updated bit width: 16 and sample rate: 48000
08-22 16:48:52.329 808 30862 D audio_hw_primary: check_usecases_codec_backend:becf: force routing 0
08-22 16:48:52.329 808 30862 D audio_hw_primary: check_usecases_codec_backend:becf: (78) check_usecases curr device: speaker, usecase device:voice-speaker-stereo backends match 1
08-22 16:48:52.329 808 30862 D audio_hw_primary: check_usecases_codec_backend:becf: check_usecases num.of Usecases to switch 0
08-22 16:48:52.329 808 30862 D hardware_info: hw_info_append_hw_type : device_name = speaker
08-22 16:48:52.329 808 30862 D msm8974_platform: platform_split_snd_device: snd_device(2) num devices(0) new_snd_devices(0)
08-22 16:48:52.329 808 30862 D audio_hw_primary: enable_snd_device: snd_device(2: speaker)
08-22 16:48:52.329 808 30862 D msm8974_platform: platform_get_island_cfg_on_device:island cfg status on snd_device = (speaker 0)
08-22 16:48:52.329 808 30862 I soundtrigger: audio_extn_sound_trigger_update_device_status: device 0x2 of type 0 for Event 1, with Raise=0
08-22 16:48:52.329 808 30862 D audio_route: Apply path: speaker
08-22 16:48:52.329 808 30862 I audio_hw_utils: audio_extn_utils_update_stream_output_app_type_cfg Allowing 24 and above bits playback on speaker ONLY at default sampling rate
08-22 16:48:52.329 808 30862 E soundtrigger: audio_extn_sound_trigger_update_stream_status: invalid input device 0x0, for event 3
08-22 16:48:52.329 808 30862 D soundtrigger: audio_extn_sound_trigger_update_stream_status: uc_info->id 1 of type 0 for Event 3, with Raise=0
08-22 16:48:52.329 808 30862 D audio_hw_utils: audio_extn_utils_send_app_type_cfg: usecase->out_snd_device speaker
08-22 16:48:52.329 808 30862 D msm8974_platform: platform_split_snd_device: snd_device(2) num devices(0) new_snd_devices(0)
08-22 16:48:52.329 808 30862 D audio_hw_utils: audio_extn_btsco_get_sample_rate:Not a BT SCO device, need not update sampling rate
08-22 16:48:52.329 808 30862 I audio_hw_utils: send_app_type_cfg_for_device PLAYBACK app_type 69937, acdb_dev_id 15, sample_rate 48000, snd_device_be_idx 55
08-22 16:48:52.330 808 30862 D msm8974_platform: platform_split_snd_device: snd_device(2) num devices(1) new_snd_devices(0)
08-22 16:48:52.330 808 30862 D audio_hw_utils: audio_extn_btsco_get_sample_rate:Not a BT SCO device, need not update sampling rate
08-22 16:48:52.330 808 30862 D ACDB-LOADER: ACDB -> send_audio_cal, acdb_id = 15, path = 0, app id = 0x11131, sample rate = 48000, afe_sample_rate = 48000
08-22 16:48:52.330 808 30862 D ACDB-LOADER: ACDB -> send_asm_topology
08-22 16:48:52.330 808 30862 D ACDB-LOADER: ACDB -> ACDB_CMD_GET_AUDPROC_STREAM_TOPOLOGY_ID
08-22 16:48:52.330 808 30862 D ACDB-LOADER: ACDB -> send_adm_topology
08-22 16:48:52.330 808 30862 D ACDB-LOADER: ACDB -> ACDB_CMD_GET_AUDPROC_COMMON_TOPOLOGY_ID
08-22 16:48:52.330 808 30862 D ACDB-LOADER: ACDB -> send_audtable
08-22 16:48:52.330 808 30862 D ACDB-LOADER: ACDB -> ACDB_CMD_GET_AUDPROC_INSTANCE_COMMON_TABLE_SIZE
08-22 16:48:52.330 808 30862 D ACDB-LOADER: ACDB -> ACDB_CMD_GET_AUDPROC_INSTANCE_COMMON_TABLE
08-22 16:48:52.330 808 30862 D ACDB-LOADER: ACDB -> AUDIO_SET_AUDPROC_CAL cal_type[11] acdb_id[15] app_type[69937]
08-22 16:48:52.330 808 30862 D ACDB-LOADER: ACDB -> send_audvoltable
08-22 16:48:52.330 808 30862 D ACDB-LOADER: ACDB -> ACDB_CMD_GET_AUDPROC_INSTANCE_GAIN_DEP_STEP_TABLE_SIZE
08-22 16:48:52.330 808 30862 D ACDB-LOADER: ACDB -> ACDB_CMD_GET_AUDPROC_INSTANCE_GAIN_DEP_STEP_TABLE, vol index 5
08-22 16:48:52.330 808 30862 D ACDB-LOADER: ACDB -> AUDIO_SET_VOL_CAL cal type = 12
08-22 16:48:52.330 808 30862 D ACDB-LOADER: ACDB -> ACDB_CMD_GET_AUDPROC_INSTANCE_STREAM_TABLE_SIZE
08-22 16:48:52.330 808 30862 D ACDB-LOADER: ACDB -> send_audstrmtable
08-22 16:48:52.330 808 30862 D ACDB-LOADER: ACDB -> ACDB_CMD_GET_AUDPROC_INSTANCE_STREAM_TABLE
08-22 16:48:52.330 808 30862 D ACDB-LOADER: ACDB -> audstrm_cal->cal_type.cal_data.cal_size = 20
08-22 16:48:52.330 808 30862 D ACDB-LOADER: ACDB -> send_afe_topology
08-22 16:48:52.330 808 30862 D ACDB-LOADER: ACDB -> ACDB_CMD_GET_AFE_TOPOLOGY_ID
08-22 16:48:52.330 808 30862 D ACDB-LOADER: ACDB -> GET_AFE_TOPOLOGY_ID for adcd_id 15, Topology Id 112fc
08-22 16:48:52.330 808 30862 D ACDB-LOADER: ACDB -> send_afe_cal
08-22 16:48:52.330 808 30862 D ACDB-LOADER: ACDB -> ACDB_CMD_GET_AFE_INSTANCE_COMMON_TABLE_SIZE
08-22 16:48:52.330 808 30862 D android.hardware.audio.service: Failed to fetch the lookup information of the device 0000000F
08-22 16:48:52.330 808 30862 D ACDB-LOADER: Error: ACDB_CMD_GET_AFE_INSTANCE_COMMON_TABLE_SIZE Returned = -19
08-22 16:48:52.330 808 30862 D ACDB-LOADER: ACDB -> ACDB_CMD_GET_AFE_INSTANCE_COMMON_TABLE
08-22 16:48:52.330 808 30862 D android.hardware.audio.service: Failed to fetch the lookup information of the device 0000000F
08-22 16:48:52.330 808 30862 D ACDB-LOADER: Error: ACDB AFE returned = -19
08-22 16:48:52.330 808 30862 D ACDB-LOADER: ACDB -> AUDIO_SET_AFE_CAL cal_type[16] acdb_id[15]
08-22 16:48:52.330 808 30862 D ACDB-LOADER: ACDB -> send_hw_delay : acdb_id = 15 path = 0
08-22 16:48:52.330 808 30862 D ACDB-LOADER: ACDB -> ACDB_AVSYNC_INFO: ACDB_CMD_GET_DEVICE_PROPERTY
08-22 16:48:52.330 808 30862 D msm8974_platform: platform_split_snd_device: snd_device(2) num devices(0) new_snd_devices(0)
08-22 16:48:52.330 808 30862 I msm8974_platform: platform_get_custom_mtmx_params: no matching param with id 0 ip_ch 2 op_ch 2 uc_id 1 snd_dev 2
08-22 16:48:52.330 808 30862 D audio_hw_primary: enable_audio_route: apply mixer and update path: low-latency-playback
08-22 16:48:52.330 808 30862 D audio_route: Apply path: low-latency-playback
08-22 16:48:52.333 2135 4073 D MicroService: handleHeartBeat:317
08-22 16:48:52.334 30420 30420 I wm_on_resume_called: [222566718,com.ss.android.lark.chatwindow.ChatWindowActivity,RESUME_ACTIVITY]
08-22 16:48:52.336 30420 30420 I wm_on_top_resumed_gained_called: [222566718,com.ss.android.lark.chatwindow.ChatWindowActivity,topWhenResuming]
08-22 16:48:52.336 30420 30420 D InsetsSourceConsumer: Call hide for ITYPE_IME on com.ss.android.lark/com.ss.android.lark.chatwindow.ChatWindowActivity
08-22 16:48:52.336 30420 30420 D InsetsSourceConsumer: applyLocalVisibilityOverride: No control in com.ss.android.lark/com.ss.android.lark.chatwindow.ChatWindowActivity requestedVisible false
08-22 16:48:52.336 1542 1542 I notification_cancel_all: [10119,30420,com.ss.android.lark,0,0,64,9,NULL]
08-22 16:48:52.336 30420 30420 D InsetsSourceConsumer: applyLocalVisibilityOverride: No control in com.ss.android.lark/com.ss.android.vc.meeting.module.multi.ByteRTCMeetingActivityInstance requestedVisible true
08-22 16:48:52.337 2577 2577 D ActivityChangeReceiver: onReceive
08-22 16:48:52.337 2577 6533 D MCUUtil : saveLastActivity activityName=com.ss.android.lark.chatwindow.ChatWindowActivity packageName=com.ss.android.lark
08-22 16:48:52.337 30420 30420 V ImeFocusController: onWindowFocus: DecorView@826d256[ChatWindowActivity] softInputMode=STATE_UNSPECIFIED|ADJUST_RESIZE|IS_FORWARD_NAVIGATION
08-22 16:48:52.337 30420 30420 D ImeFocusController: onViewFocusChanged, view=DecorView@826d256[ChatWindowActivity], mServedView=DecorView@826d256[ChatWindowActivity]
08-22 16:48:52.337 30420 30420 V ImeFocusController: checkFocus: view=DecorView@826d256[ChatWindowActivity] next=DecorView@826d256[ChatWindowActivity] force=true package=com.ss.android.lark
08-22 16:48:52.338 3270 3270 V InputMethod: startInput(): editor=android.view.inputmethod.EditorInfo@f130ab9
08-22 16:48:52.338 3270 3270 V InputMethodService: CALL: doFinishInput
08-22 16:48:52.338 3270 3270 D InlineSuggestionSessionController: notifyOnFinishInput
08-22 16:48:52.338 3270 3270 V InputMethodService: CALL: onFinishInput
08-22 16:48:52.338 3270 3270 I ImeService: ImeService(com.baidu.input_hryt.ImeService@71480ac) life called >>> onFinishInput
08-22 16:48:52.338 3270 3270 D ImeService: onFinishInput
08-22 16:48:52.339 3270 3270 D InlineSuggestionSessionController: notifyOnStartInput: com.ss.android.lark, 3
08-22 16:48:52.339 3270 3270 V InputMethodService: CALL: onStartInput
08-22 16:48:52.339 900 10139 D APM_AudioPolicyManager: setStreamVolumeIndex: stream AUDIO_STREAM_MUSIC attributes={ Content type: AUDIO_CONTENT_TYPE_UNKNOWN Usage: AUDIO_USAGE_MEDIA Source: AUDIO_SOURCE_DEFAULT Flags: 0x0 Tags: }
08-22 16:48:52.339 3270 3270 I ImeService: ImeService(com.baidu.input_hryt.ImeService@71480ac) life called >>> onStartInput false 10.6.1003.20
08-22 16:48:52.339 3270 3270 D ImeService: current version:10.6.1003.20
08-22 16:48:52.339 900 10139 E power : power acquire_wake_lock enter!
08-22 16:48:52.339 900 10139 E power : power acquire_wake_lock exit!
08-22 16:48:52.339 3270 3270 D ImeService: onStartInput:packageName:com.ss.android.lark inputType:0 restarting:false,fieldId:-1,imeOptions:0
08-22 16:48:52.339 580 580 E android.system.suspend@1.0-service: SystemSuspend::acquireWakeLock enter!pid = 900: Success
08-22 16:48:52.339 580 580 E android.system.suspend@1.0-service: SystemSuspend::acquireWakeLock exit!: Success
08-22 16:48:52.340 3270 3906 E CarAuth : check ok
08-22 16:48:52.341 900 10139 D APM_AudioPolicyManager: setStreamVolumeIndex: stream AUDIO_STREAM_ASSISTANT attributes={ Content type: AUDIO_CONTENT_TYPE_SPEECH Usage: AUDIO_USAGE_ASSISTANT Source: AUDIO_SOURCE_DEFAULT Flags: 0x0 Tags: }
08-22 16:48:52.341 900 10139 E power : power acquire_wake_lock enter!
08-22 16:48:52.341 3270 3270 I ColorPicker: invalidatePickedColors: oldFloatColor=fff5f7fa
08-22 16:48:52.341 900 10139 E power : power acquire_wake_lock exit!
08-22 16:48:52.342 580 580 E android.system.suspend@1.0-service: SystemSuspend::acquireWakeLock enter!pid = 900: Success
08-22 16:48:52.342 580 580 E android.system.suspend@1.0-service: SystemSuspend::acquireWakeLock exit!: Success
08-22 16:48:52.342 900 10139 D APM_AudioPolicyManager: setStreamVolumeIndex: stream AUDIO_STREAM_ACCESSIBILITY attributes={ Content type: AUDIO_CONTENT_TYPE_UNKNOWN Usage: AUDIO_USAGE_ASSISTANCE_ACCESSIBILITY Source: AUDIO_SOURCE_DEFAULT Flags: 0x0 Tags: }
08-22 16:48:52.342 900 10139 E power : power acquire_wake_lock enter!
08-22 16:48:52.342 900 10139 E power : power acquire_wake_lock exit!
08-22 16:48:52.342 580 580 E android.system.suspend@1.0-service: SystemSuspend::acquireWakeLock enter!pid = 900: Success
08-22 16:48:52.342 580 580 E android.system.suspend@1.0-service: SystemSuspend::acquireWakeLock exit!: Success
08-22 16:48:52.343 30420 30420 D InsetsSourceConsumer: setControl -> ITYPE_IME on com.ss.android.lark/com.ss.android.lark.chatwindow.ChatWindowActivity
08-22 16:48:52.343 30420 30420 D InsetsSourceConsumer: applyHiddenToControl: false
08-22 16:48:52.343 1542 2127 I InputMethodManagerService: shouldShowImeSwitcherLocked: visibility=0
08-22 16:48:52.343 1542 2127 I InputMethodManagerService: Return: no IME_ACTIVE or IME_INVISIBLE.
08-22 16:48:52.343 1542 2127 I InputMethodManagerService: updateSystemUiLocked: needsToShow=false
08-22 16:48:52.343 900 10139 D APM_AudioPolicyManager: setStreamVolumeIndex: stream AUDIO_STREAM_TTS attributes={ Content type: AUDIO_CONTENT_TYPE_UNKNOWN Usage: AUDIO_USAGE_UNKNOWN Source: AUDIO_SOURCE_DEFAULT Flags: 0x8 Tags: }
08-22 16:48:52.343 900 10139 E power : power acquire_wake_lock enter!
08-22 16:48:52.343 900 10139 E power : power acquire_wake_lock exit!
08-22 16:48:52.343 580 580 E android.system.suspend@1.0-service: SystemSuspend::acquireWakeLock enter!pid = 900: Success
08-22 16:48:52.343 580 580 E android.system.suspend@1.0-service: SystemSuspend::acquireWakeLock exit!: Success
08-22 16:48:52.344 900 10139 D APM_AudioPolicyManager: setStreamVolumeIndex: stream AUDIO_STREAM_DTMF attributes={ Content type: AUDIO_CONTENT_TYPE_UNKNOWN Usage: AUDIO_USAGE_VOICE_COMMUNICATION_SIGNALLING Source: AUDIO_SOURCE_DEFAULT Flags: 0x0 Tags: }
08-22 16:48:52.344 900 10139 E power : power acquire_wake_lock enter!
08-22 16:48:52.344 900 10139 E power : power acquire_wake_lock exit!
08-22 16:48:52.344 580 580 E android.system.suspend@1.0-service: SystemSuspend::acquireWakeLock enter!pid = 900: Success
08-22 16:48:52.344 580 580 E android.system.suspend@1.0-service: SystemSuspend::acquireWakeLock exit!: Success
08-22 16:48:52.344 900 10139 D APM_AudioPolicyManager: setStreamVolumeIndex: stream AUDIO_STREAM_ENFORCED_AUDIBLE attributes={ Content type: AUDIO_CONTENT_TYPE_UNKNOWN Usage: AUDIO_USAGE_UNKNOWN Source: AUDIO_SOURCE_DEFAULT Flags: 0x1 Tags: }
08-22 16:48:52.344 900 10139 E power : power acquire_wake_lock enter!
08-22 16:48:52.344 900 10139 E power : power acquire_wake_lock exit!
08-22 16:48:52.344 580 580 E android.system.suspend@1.0-service: SystemSuspend::acquireWakeLock enter!pid = 900: Success
08-22 16:48:52.344 580 580 E android.system.suspend@1.0-service: SystemSuspend::acquireWakeLock exit!: Success
08-22 16:48:52.344 0 0 I [ 9742.159997] afe_find_cal_topo_id_by_port: port id: 0x9000, dev_acdb_id: 15
08-22 16:48:52.344 0 0 I [ 9742.159999] afe_find_cal_topo_id_by_port: top_id:112fc acdb_id:15 afe_port_id:0x9000
08-22 16:48:52.344 0 0 I [ 9742.160001] afe_get_cal_topology_id: port_id = 0x9000 acdb_id = 15 topology_id = 0x112fc cal_type_index=8 ret=0
08-22 16:48:52.345 900 10139 D APM_AudioPolicyManager: setStreamVolumeIndex: stream AUDIO_STREAM_NOTIFICATION attributes={ Content type: AUDIO_CONTENT_TYPE_UNKNOWN Usage: AUDIO_USAGE_NOTIFICATION Source: AUDIO_SOURCE_DEFAULT Flags: 0x0 Tags: }
08-22 16:48:52.345 900 10139 E power : power acquire_wake_lock enter!
08-22 16:48:52.345 900 10139 E power : power acquire_wake_lock exit!
08-22 16:48:52.345 580 580 E android.system.suspend@1.0-service: SystemSuspend::acquireWakeLock enter!pid = 900: Success
08-22 16:48:52.345 580 580 E android.system.suspend@1.0-service: SystemSuspend::acquireWakeLock exit!: Success
08-22 16:48:52.345 900 10139 D APM_AudioPolicyManager: setStreamVolumeIndex: stream AUDIO_STREAM_ALARM attributes={ Content type: AUDIO_CONTENT_TYPE_UNKNOWN Usage: AUDIO_USAGE_ALARM Source: AUDIO_SOURCE_DEFAULT Flags: 0x0 Tags: }
08-22 16:48:52.345 900 10139 E power : power acquire_wake_lock enter!
08-22 16:48:52.345 900 10139 E power : power acquire_wake_lock exit!
08-22 16:48:52.345 580 580 E android.system.suspend@1.0-service: SystemSuspend::acquireWakeLock enter!pid = 900: Success
08-22 16:48:52.345 580 580 E android.system.suspend@1.0-service: SystemSuspend::acquireWakeLock exit!: Success
08-22 16:48:52.345 900 10139 D APM_AudioPolicyManager: setStreamVolumeIndex: stream AUDIO_STREAM_RING attributes={ Content type: AUDIO_CONTENT_TYPE_UNKNOWN Usage: AUDIO_USAGE_NOTIFICATION_TELEPHONY_RINGTONE Source: AUDIO_SOURCE_DEFAULT Flags: 0x0 Tags: }
08-22 16:48:52.345 900 10139 E power : power acquire_wake_lock enter!
08-22 16:48:52.345 900 10139 E power : power acquire_wake_lock exit!
08-22 16:48:52.345 580 580 E android.system.suspend@1.0-service: SystemSuspend::acquireWakeLock enter!pid = 900: Success
08-22 16:48:52.345 580 580 E android.system.suspend@1.0-service: SystemSuspend::acquireWakeLock exit!: Success
08-22 16:48:52.346 900 10139 D APM_AudioPolicyManager: setStreamVolumeIndex: stream AUDIO_STREAM_SYSTEM attributes={ Content type: AUDIO_CONTENT_TYPE_UNKNOWN Usage: AUDIO_USAGE_ASSISTANCE_SONIFICATION Source: AUDIO_SOURCE_DEFAULT Flags: 0x0 Tags: }
08-22 16:48:52.346 900 10139 E power : power acquire_wake_lock enter!
08-22 16:48:52.346 900 10139 E power : power acquire_wake_lock exit!
08-22 16:48:52.346 580 580 E android.system.suspend@1.0-service: SystemSuspend::acquireWakeLock enter!pid = 900: Success
08-22 16:48:52.346 580 580 E android.system.suspend@1.0-service: SystemSuspend::acquireWakeLock exit!: Success
08-22 16:48:52.346 0 0 I [ 9742.160204] afe_send_port_topology_id: AFE set topology id 0x112fc enable for port 0x9000 ret 0
08-22 16:48:52.346 900 6440 D APM_AudioPolicyManager: setStreamVolumeIndex: stream AUDIO_STREAM_VOICE_CALL attributes={ Content type: AUDIO_CONTENT_TYPE_UNKNOWN Usage: AUDIO_USAGE_VOICE_COMMUNICATION Source: AUDIO_SOURCE_DEFAULT Flags: 0x0 Tags: }
08-22 16:48:52.346 0 0 I [ 9742.160206] send_afe_cal_type: cal_index is 0
08-22 16:48:52.346 900 6440 E power : power acquire_wake_lock enter!
08-22 16:48:52.346 900 6440 E power : power acquire_wake_lock exit!
08-22 16:48:52.346 580 580 E android.system.suspend@1.0-service: SystemSuspend::acquireWakeLock enter!pid = 900: Success
08-22 16:48:52.346 580 580 E android.system.suspend@1.0-service: SystemSuspend::acquireWakeLock exit!: Success
08-22 16:48:52.346 0 0 I [ 9742.160207] send_afe_cal_type: dev_acdb_id[55] is 15
08-22 16:48:52.346 0 0 I [ 9742.160209] afe_find_cal: cal_index 0 port_id 0x9000 port_index 55
08-22 16:48:52.346 0 0 I [ 9742.160210] afe_find_cal: acdb_id 15 dev_acdb_id 15 sample_rate 48000 afe_sample_rates 48000
08-22 16:48:52.346 0 0 I [ 9742.160211] afe_find_cal: cal block is a match, size is 0
08-22 16:48:52.346 0 0 I [ 9742.160212] send_afe_cal_type: Sending cal_index cal 0
08-22 16:48:52.346 0 0 E [ 9742.160213] send_afe_cal_type: No cal sent for cal_index 0, port_id = 0x9000! ret -22
08-22 16:48:52.346 0 0 I [ 9742.160403] afe_send_hw_delay: port_id 0x9000 rate 48000 delay_usec 474 status 0
08-22 16:48:52.350 30420 30420 D InsetsSourceConsumer: applyLocalVisibilityOverride: No control in com.ss.android.lark/com.ss.android.vc.meeting.module.multi.ByteRTCMeetingActivityInstance requestedVisible false
08-22 16:48:52.350 30420 30420 D InsetsSourceConsumer: Call hide for ITYPE_IME on com.ss.android.lark/com.ss.android.vc.meeting.module.multi.ByteRTCMeetingActivityInstance
08-22 16:48:52.350 30420 30420 D InsetsSourceConsumer: applyLocalVisibilityOverride: No control in com.ss.android.lark/com.ss.android.vc.meeting.module.multi.ByteRTCMeetingActivityInstance requestedVisible false
08-22 16:48:52.352 30420 31058 W JavaCalls: Meet exception when call getField 'extraNotification' in Notification(channel=vc_foreground shortcut=null contentView=null vibrate=null sound=null defaults=0x0 flags=0x62 color=0x00000000 vis=PRIVATE), java.lang.NoSuchFieldException
08-22 16:48:52.353 808 30862 D audio_hw_primary: select_devices: done
08-22 16:48:52.354 808 862 D audio_hw_primary: adev_set_parameters: enter: BT_SCO=off
08-22 16:48:52.354 808 862 D audio_hw_hfp: hfp_set_parameters: enter
08-22 16:48:52.354 808 862 D audio_hw_extn: audio_extn_fm_set_parameters: Enter
08-22 16:48:52.354 1542 1886 I AS.AudioDeviceInventory: setPreferredDevicesForStrategySync, strategy: 15 devices: [AudioDeviceAttributes: role:output type:speaker addr:]
08-22 16:48:52.354 808 862 D audio_hw_primary: NS enable 0
08-22 16:48:52.355 900 7214 E power : power acquire_wake_lock enter!
08-22 16:48:52.355 900 7214 E power : power acquire_wake_lock exit!
08-22 16:48:52.355 580 580 E android.system.suspend@1.0-service: SystemSuspend::acquireWakeLock enter!pid = 900: Success
08-22 16:48:52.355 580 580 E android.system.suspend@1.0-service: SystemSuspend::acquireWakeLock exit!: Success
08-22 16:48:52.356 900 7214 D APM_AudioPolicyManager: setOutputDevices changing device to {type:0x2,@:}
08-22 16:48:52.356 900 7214 E power : power acquire_wake_lock enter!
08-22 16:48:52.356 900 7214 E power : power acquire_wake_lock exit!
08-22 16:48:52.357 580 580 E android.system.suspend@1.0-service: SystemSuspend::acquireWakeLock enter!pid = 900: Success
08-22 16:48:52.357 580 580 E android.system.suspend@1.0-service: SystemSuspend::acquireWakeLock exit!: Success
08-22 16:48:52.366 1936 1958 W System : A resource failed to call close.
08-22 16:48:52.378 30420 4484 D ss.android.lar: PlayerBase::stop() from IPlayer
08-22 16:48:52.378 30420 4484 D AudioTrack: stop(375): called with 10030080 frames delivered
08-22 16:48:52.379 1542 15389 D AudioService.PlaybackActivityMonitor: idcm_af:requestAudioFocusToIDCM: event=4(PLAYER_STATE_STOPPED)apc =AudioPlaybackConfiguration piid:1311 deviceId:3 type:OpenSL ES AudioPlayer (Buffer Queue) u/pid:10119/30420 state:started attr:AudioAttributes: usage=USAGE_VOICE_COMMUNICATION content=CONTENT_TYPE_UNKNOWN flags=0x0 tags= bundle=null sessionId:1185
08-22 16:48:52.383 1542 15389 D PowerManagerService: releaseWakeLockInternal: lock=30186974 [*launch*], flags=0x0
08-22 16:48:52.383 1542 15389 D PowerManagerNotifier: onWakeLockReleased: flags=1, tag="*launch*", packageName=android, ownerUid=1000, ownerPid=1542, workSource=WorkSource{10119}
08-22 16:48:52.384 1542 15389 D PowerManagerService: updateWakeLockSummaryLocked: mWakefulness=Awake, mWakeLockSummary=0x23
08-22 16:48:52.384 1542 15389 D PowerManagerService: updateUserActivitySummaryLocked: groupId=0, mWakefulness=Awake, mUserActivitySummary=0x1, nextTimeout=10341914 (in 599715 ms)
08-22 16:48:52.384 1542 15389 D PowerManagerNotifier: onScreenPolicyUpdate: newPolicy=3
08-22 16:48:52.384 1542 15389 D PowerManagerService: updateDisplayPowerStateLocked: displayReady=true, groupId=0, policy=BRIGHT, mWakefulness=Awake, mWakeLockSummary=0x23, mUserActivitySummary=0x1, mBootCompleted=true, screenBrightnessOverride=NaN, useAutoBrightness=false, mScreenBrightnessBoostInProgress=false, mIsVrModeEnabled= false, sQuiescent=false
08-22 16:48:52.400 30420 4484 I AudioManager: In isBluetoothScoOn(), calling application: com.ss.android.lark
08-22 16:48:52.408 1542 1542 I sysui_multi_action: [757,128,758,5,759,8,793,218976,794,79277,795,218976,796,490554242,806,com.ss.android.lark,857,vc_foreground,858,3,947,0,1500,218976,1688,1]
08-22 16:48:52.408 1542 1542 I notification_canceled: [0|com.ss.android.lark|490554242|null|10119,8,218976,218976,79277,-1,-1,NULL]
08-22 16:48:52.409 1936 1936 W ShadeListBuilder: (Build 954) Duplicate summary for group "0|com.tencent.android.qqdownloader|g:com.tencent.android.qqdownloader": "0|com.tencent.android.qqdownloader|127|null|10104" vs. "0|com.tencent.android.qqdownloader|109|null|10104"
08-22 16:48:52.409 1936 1936 W ShadeListBuilder: (Build 954) Duplicate summary for group "0|com.tencent.android.qqdownloader|g:com.tencent.android.qqdownloader": "0|com.tencent.android.qqdownloader|127|null|10104" vs. "0|com.tencent.android.qqdownloader|6633|null|10104"
08-22 16:48:52.415 1936 2367 D PeopleSpaceWidgetMgr: Sbn doesn't contain valid PeopleTileKey: null/0/com.ss.android.lark
08-22 16:48:52.424 30420 31903 D libEGL : MSAA-->msaa:0 gamemode:0 4x_msaa:0
08-22 16:48:52.441 900 1755 E power : power acquire_wake_lock enter!
08-22 16:48:52.441 900 1755 E power : power acquire_wake_lock exit!
08-22 16:48:52.441 580 580 E android.system.suspend@1.0-service: SystemSuspend::acquireWakeLock enter!pid = 900: Success
08-22 16:48:52.441 580 580 E android.system.suspend@1.0-service: SystemSuspend::acquireWakeLock exit!: Success
08-22 16:48:52.441 900 1755 E power : power acquire_wake_lock enter!
08-22 16:48:52.441 900 1755 E power : power acquire_wake_lock exit!
08-22 16:48:52.441 900 1755 D AudioFlinger: ThreadBase::updateWakeLockUids_l() st
08-22 16:48:52.441 900 1755 D AudioFlinger: updateWakeLockUids_l() AudioOut_D status 0
08-22 16:48:52.441 900 1755 D AudioFlinger: ThreadBase::updateWakeLockUids_l() ed
08-22 16:48:52.441 1542 1885 D PowerManagerService: updateWakeLockWorkSourceInternal: lock=127838590 [AudioMix], ws=null
08-22 16:48:52.441 1542 1885 D PowerManagerNotifier: onWakeLockReleased: flags=1, tag="AudioMix", packageName=audioserver, ownerUid=1041, ownerPid=0, workSource=WorkSource{10119}
08-22 16:48:52.441 1542 1885 D PowerManagerNotifier: onWakeLockAcquired: flags=1, tag="AudioMix", packageName=audioserver, ownerUid=1041, ownerPid=0, workSource=null
08-22 16:48:52.441 1542 1885 D PowerManagerNotifier: onLongPartialWakeLockFinish: ownerUid=1041, workSource=WorkSource{10119}
08-22 16:48:52.468 808 862 D audio_hw_primary: out_set_parameters: enter: usecase(1: low-latency-playback) kvpairs: suspend_playback=true
08-22 16:48:52.468 808 862 D audio_hw_extn: audio_extn_fm_set_parameters: Enter
08-22 16:48:52.480 808 862 D audio_hw_primary: out_set_parameters: enter: usecase(1: low-latency-playback) kvpairs: suspend_playback=false
08-22 16:48:52.480 808 862 D audio_hw_extn: audio_extn_fm_set_parameters: Enter
08-22 16:48:52.480 808 30862 D audio_hw_primary: adev_create_audio_patch: enter: num sources 1, num_sinks 1, handle 1
08-22 16:48:52.480 808 30862 D audio_hw_primary: adev_create_audio_patch: Playback patch from mix handle 13 to device 2
08-22 16:48:52.480 808 30862 D audio_hw_primary: update_patch: enter
08-22 16:48:52.480 808 30862 D audio_hw_primary: route_output_stream: enter: usecase(1: low-latency-playback) devices 2
08-22 16:48:52.480 808 30862 D audio_hw_primary: select_devices for use case (low-latency-playback)
08-22 16:48:52.481 808 10160 W audio_hw_primary: out_write: underrun(85) frames_by_time(687) > out->last_fifo_frames_remaining(384)
08-22 16:48:52.481 900 7214 E power : power acquire_wake_lock enter!
08-22 16:48:52.481 900 7214 E power : power acquire_wake_lock exit!
08-22 16:48:52.481 580 580 E android.system.suspend@1.0-service: SystemSuspend::acquireWakeLock enter!pid = 900: Success
08-22 16:48:52.481 580 580 E android.system.suspend@1.0-service: SystemSuspend::acquireWakeLock exit!: Success
08-22 16:48:52.508 808 862 D audio_hw_primary: out_set_parameters: enter: usecase(1: low-latency-playback) kvpairs: suspend_playback=true
08-22 16:48:52.508 808 862 D audio_hw_extn: audio_extn_fm_set_parameters: Enter
08-22 16:48:52.508 808 862 D audio_hw_primary: out_set_parameters: enter: usecase(1: low-latency-playback) kvpairs: suspend_playback=false
08-22 16:48:52.508 808 862 D audio_hw_extn: audio_extn_fm_set_parameters: Enter
08-22 16:48:52.508 900 7214 E power : power acquire_wake_lock enter!
08-22 16:48:52.508 900 7214 E power : power acquire_wake_lock exit!
08-22 16:48:52.508 580 580 E android.system.suspend@1.0-service: SystemSuspend::acquireWakeLock enter!pid = 900: Success
08-22 16:48:52.508 580 580 E android.system.suspend@1.0-service: SystemSuspend::acquireWakeLock exit!: Success
08-22 16:48:52.526 1212 1298 I MMParserExtractor: Created(0xb40000725beea390)
08-22 16:48:52.526 1212 1939 I MMParserExtractor: Created(0xb40000725beec690)
08-22 16:48:52.527 30420 5914 D MediaCodecList: codecHandlesFormat: no format, so no extra checks
08-22 16:48:52.527 30420 5915 D MediaCodecList: codecHandlesFormat: no format, so no extra checks
08-22 16:48:52.528 30420 5914 D MediaCodecList: codecHandlesFormat: no format, so no extra checks
08-22 16:48:52.528 30420 5915 D MediaCodecList: codecHandlesFormat: no format, so no extra checks
08-22 16:48:52.528 30420 5916 D CCodec : allocate(c2.android.mp3.decoder)
08-22 16:48:52.528 30420 5917 D CCodec : allocate(c2.android.mp3.decoder)
08-22 16:48:52.529 30420 5916 I CCodec : setting up 'default' as default (vendor) store
08-22 16:48:52.529 30420 5917 I CCodec : setting up 'default' as default (vendor) store
08-22 16:48:52.529 1299 2671 V C2Store : in init
08-22 16:48:52.529 1299 2671 V C2Store : loading dll
08-22 16:48:52.530 30420 5917 I CCodec : Created component [c2.android.mp3.decoder]
08-22 16:48:52.530 30420 5916 I CCodec : Created component [c2.android.mp3.decoder]
08-22 16:48:52.530 30420 5916 D CCodecConfig: read media type: audio/mpeg
08-22 16:48:52.530 30420 5917 D CCodecConfig: read media type: audio/mpeg
08-22 16:48:52.531 30420 5916 D ReflectedParamUpdater: extent() != 1 for single value type: algo.buffers.max-count.values
08-22 16:48:52.532 30420 5916 D ReflectedParamUpdater: extent() != 1 for single value type: output.subscribed-indices.values
08-22 16:48:52.532 30420 5917 D ReflectedParamUpdater: extent() != 1 for single value type: algo.buffers.max-count.values
08-22 16:48:52.532 30420 5916 D ReflectedParamUpdater: extent() != 1 for single value type: input.buffers.allocator-ids.values
08-22 16:48:52.532 30420 5916 D ReflectedParamUpdater: extent() != 1 for single value type: output.buffers.allocator-ids.values
08-22 16:48:52.532 30420 5916 D ReflectedParamUpdater: extent() != 1 for single value type: algo.buffers.allocator-ids.values
08-22 16:48:52.532 30420 5917 D ReflectedParamUpdater: extent() != 1 for single value type: output.subscribed-indices.values
08-22 16:48:52.532 30420 5916 D ReflectedParamUpdater: extent() != 1 for single value type: output.buffers.pool-ids.values
08-22 16:48:52.532 30420 5917 D ReflectedParamUpdater: extent() != 1 for single value type: input.buffers.allocator-ids.values
08-22 16:48:52.532 30420 5916 D ReflectedParamUpdater: extent() != 1 for single value type: algo.buffers.pool-ids.values
08-22 16:48:52.532 30420 5917 D ReflectedParamUpdater: extent() != 1 for single value type: output.buffers.allocator-ids.values
08-22 16:48:52.532 30420 5917 D ReflectedParamUpdater: extent() != 1 for single value type: algo.buffers.allocator-ids.values
08-22 16:48:52.532 30420 5917 D ReflectedParamUpdater: extent() != 1 for single value type: output.buffers.pool-ids.values
08-22 16:48:52.532 30420 5917 D ReflectedParamUpdater: extent() != 1 for single value type: algo.buffers.pool-ids.values
08-22 16:48:52.533 30420 5917 I CCodecConfig: query failed after returning 7 values (BAD_INDEX)
08-22 16:48:52.533 30420 5917 D CCodecConfig: c2 config diff is Dict {
08-22 16:48:52.533 30420 5917 D CCodecConfig: c2::u32 coded.bitrate.value = 64000
08-22 16:48:52.533 30420 5917 D CCodecConfig: c2::u32 input.buffers.max-size.value = 8192
08-22 16:48:52.533 30420 5917 D CCodecConfig: c2::u32 input.delay.value = 0
08-22 16:48:52.533 30420 5917 D CCodecConfig: string input.media-type.value = "audio/mpeg"
08-22 16:48:52.533 30420 5917 D CCodecConfig: string output.media-type.value = "audio/raw"
08-22 16:48:52.533 30420 5917 D CCodecConfig: c2::u32 raw.channel-count.value = 2
08-22 16:48:52.533 30420 5917 D CCodecConfig: c2::u32 raw.sample-rate.value = 44100
08-22 16:48:52.533 30420 5917 D CCodecConfig: }
08-22 16:48:52.534 30420 5916 I CCodecConfig: query failed after returning 7 values (BAD_INDEX)
08-22 16:48:52.534 30420 5916 D CCodecConfig: c2 config diff is Dict {
08-22 16:48:52.534 30420 5916 D CCodecConfig: c2::u32 coded.bitrate.value = 64000
08-22 16:48:52.534 30420 5916 D CCodecConfig: c2::u32 input.buffers.max-size.value = 8192
08-22 16:48:52.534 30420 5916 D CCodecConfig: c2::u32 input.delay.value = 0
08-22 16:48:52.534 30420 5916 D CCodecConfig: string input.media-type.value = "audio/mpeg"
08-22 16:48:52.534 30420 5916 D CCodecConfig: string output.media-type.value = "audio/raw"
08-22 16:48:52.534 30420 5916 D CCodecConfig: c2::u32 raw.channel-count.value = 2
08-22 16:48:52.534 30420 5916 D CCodecConfig: c2::u32 raw.sample-rate.value = 44100
08-22 16:48:52.534 30420 5916 D CCodecConfig: }
08-22 16:48:52.534 30420 5917 D CCodec : [c2.android.mp3.decoder] buffers are bound to CCodec for this session
08-22 16:48:52.534 30420 5916 D CCodec : [c2.android.mp3.decoder] buffers are bound to CCodec for this session
08-22 16:48:52.534 30420 5917 D CCodecConfig: no c2 equivalents for durationUs
08-22 16:48:52.534 30420 5916 D CCodecConfig: no c2 equivalents for durationUs
08-22 16:48:52.534 30420 5917 D CCodecConfig: no c2 equivalents for track-id
08-22 16:48:52.534 30420 5916 D CCodecConfig: no c2 equivalents for track-id
08-22 16:48:52.534 30420 5917 D CCodecConfig: no c2 equivalents for language
08-22 16:48:52.534 30420 5916 D CCodecConfig: no c2 equivalents for language
08-22 16:48:52.534 30420 5917 D CCodecConfig: no c2 equivalents for encoder-delay
08-22 16:48:52.534 30420 5916 D CCodecConfig: no c2 equivalents for encoder-delay
08-22 16:48:52.534 30420 5916 D CCodecConfig: no c2 equivalents for encoder-padding
08-22 16:48:52.534 30420 5917 D CCodecConfig: no c2 equivalents for encoder-padding
08-22 16:48:52.534 30420 5916 D CCodecConfig: no c2 equivalents for file-format
08-22 16:48:52.534 30420 5917 D CCodecConfig: no c2 equivalents for file-format
08-22 16:48:52.534 30420 5917 D CCodecConfig: no c2 equivalents for flags
08-22 16:48:52.534 30420 5916 D CCodecConfig: no c2 equivalents for flags
08-22 16:48:52.534 30420 5917 D CCodecConfig: config failed => CORRUPTED
08-22 16:48:52.534 30420 5916 D CCodecConfig: config failed => CORRUPTED
08-22 16:48:52.534 30420 5917 D CCodecConfig: c2 config diff is c2::u32 coded.bitrate.value = 128000
08-22 16:48:52.534 30420 5916 D CCodecConfig: c2 config diff is c2::u32 coded.bitrate.value = 128000
08-22 16:48:52.534 30420 5917 W Codec2Client: query -- param skipped: index = 1107298332.
08-22 16:48:52.534 30420 5916 W Codec2Client: query -- param skipped: index = 1107298332.
08-22 16:48:52.534 30420 5917 D CCodec : client requested max input size 3000, which is smaller than what component recommended (8192); overriding with component recommendation.
08-22 16:48:52.534 30420 5916 D CCodec : client requested max input size 3000, which is smaller than what component recommended (8192); overriding with component recommendation.
08-22 16:48:52.534 30420 5916 W CCodec : This behavior is subject to change. It is recommended that app developers double check whether the requested max input size is in reasonable range.
08-22 16:48:52.534 30420 5917 W CCodec : This behavior is subject to change. It is recommended that app developers double check whether the requested max input size is in reasonable range.
08-22 16:48:52.535 30420 5916 D CCodec : setup formats input: AMessage(what = 0x00000000) = {
08-22 16:48:52.535 30420 5916 D CCodec : int32_t bitrate = 128000
08-22 16:48:52.535 30420 5916 D CCodec : int32_t channel-count = 2
08-22 16:48:52.535 30420 5916 D CCodec : int32_t max-input-size = 8192
08-22 16:48:52.535 30420 5916 D CCodec : string mime = "audio/mpeg"
08-22 16:48:52.535 30420 5916 D CCodec : int32_t sample-rate = 44100
08-22 16:48:52.535 30420 5916 D CCodec : }
08-22 16:48:52.535 30420 5917 D CCodec : setup formats input: AMessage(what = 0x00000000) = {
08-22 16:48:52.535 30420 5917 D CCodec : int32_t bitrate = 128000
08-22 16:48:52.535 30420 5917 D CCodec : int32_t channel-count = 2
08-22 16:48:52.535 30420 5917 D CCodec : int32_t max-input-size = 8192
08-22 16:48:52.535 30420 5917 D CCodec : string mime = "audio/mpeg"
08-22 16:48:52.535 30420 5917 D CCodec : int32_t sample-rate = 44100
08-22 16:48:52.535 30420 5917 D CCodec : }
08-22 16:48:52.535 30420 5916 D CCodec : setup formats output: AMessage(what = 0x00000000) = {
08-22 16:48:52.535 30420 5916 D CCodec : int32_t channel-count = 2
08-22 16:48:52.535 30420 5916 D CCodec : string mime = "audio/raw"
08-22 16:48:52.535 30420 5916 D CCodec : int32_t sample-rate = 44100
08-22 16:48:52.535 30420 5916 D CCodec : int32_t encoder-delay = 576
08-22 16:48:52.535 30420 5916 D CCodec : int32_t encoder-padding = 576
08-22 16:48:52.535 30420 5916 D CCodec : int32_t android._config-pcm-encoding = 2
08-22 16:48:52.535 30420 5916 D CCodec : }
08-22 16:48:52.535 30420 5917 D CCodec : setup formats output: AMessage(what = 0x00000000) = {
08-22 16:48:52.535 30420 5917 D CCodec : int32_t channel-count = 2
08-22 16:48:52.535 30420 5917 D CCodec : string mime = "audio/raw"
08-22 16:48:52.535 30420 5917 D CCodec : int32_t sample-rate = 44100
08-22 16:48:52.535 30420 5917 D CCodec : int32_t encoder-delay = 576
08-22 16:48:52.535 30420 5917 D CCodec : int32_t encoder-padding = 576
08-22 16:48:52.535 30420 5917 D CCodec : int32_t android._config-pcm-encoding = 2
08-22 16:48:52.535 30420 5917 D CCodec : }
08-22 16:48:52.535 30420 5916 I CCodecConfig: query failed after returning 7 values (BAD_INDEX)
08-22 16:48:52.535 30420 5917 I CCodecConfig: query failed after returning 7 values (BAD_INDEX)
08-22 16:48:52.535 30420 5917 W Codec2Client: query -- param skipped: index = 1342179345.
08-22 16:48:52.535 30420 5916 W Codec2Client: query -- param skipped: index = 1342179345.
08-22 16:48:52.535 30420 5917 W Codec2Client: query -- param skipped: index = 2415921170.
08-22 16:48:52.535 30420 5916 W Codec2Client: query -- param skipped: index = 2415921170.
08-22 16:48:52.535 30420 5916 D CCodecBufferChannel: [c2.android.mp3.decoder#686] Created input block pool with allocatorID 16 => poolID 23 - OK (0)
08-22 16:48:52.535 1299 2639 D BufferPoolAccessor2.0: Destruction - bufferpool2 0xb40000758f9e78d8 cached: 0/0M, 0/0% in use; allocs: 28, 89% recycled; transfers: 28, 89% unfetched
08-22 16:48:52.535 30420 5917 D CCodecBufferChannel: [c2.android.mp3.decoder#135] Created input block pool with allocatorID 16 => poolID 24 - OK (0)
08-22 16:48:52.535 808 862 D audio_hw_primary: out_set_parameters: enter: usecase(1: low-latency-playback) kvpairs: suspend_playback=true
08-22 16:48:52.535 808 862 D audio_hw_extn: audio_extn_fm_set_parameters: Enter
08-22 16:48:52.536 808 862 D audio_hw_primary: out_set_parameters: enter: usecase(1: low-latency-playback) kvpairs: suspend_playback=false
08-22 16:48:52.536 808 862 D audio_hw_extn: audio_extn_fm_set_parameters: Enter
08-22 16:48:52.536 900 7214 E power : power acquire_wake_lock enter!
08-22 16:48:52.536 1299 2673 D BufferPoolAccessor2.0: bufferpool2 0xb40000758f9e4a98 : 0(0 size) total buffers - 0(0 size) used buffers - 12/15 (recycle/alloc) - 3/14 (fetch/transfer)
08-22 16:48:52.536 900 7214 E power : power acquire_wake_lock exit!
08-22 16:48:52.536 580 580 E android.system.suspend@1.0-service: SystemSuspend::acquireWakeLock enter!pid = 900: Success
08-22 16:48:52.536 580 580 E android.system.suspend@1.0-service: SystemSuspend::acquireWakeLock exit!: Success
08-22 16:48:52.536 30420 32016 D BufferPoolAccessor2.0: Destruction - bufferpool2 0x744e6ecd68 cached: 0/0M, 0/0% in use; allocs: 5, 20% recycled; transfers: 54, 93% unfetched
08-22 16:48:52.536 1214 1944 D BufferPoolAccessor2.0: bufferpool2 0xf15c0da8 : 0(0 size) total buffers - 0(0 size) used buffers - 358/366 (recycle/alloc) - 8/714 (fetch/transfer)
08-22 16:48:52.536 1214 1944 D BufferPoolAccessor2.0: Destruction - bufferpool2 0xf15c0da8 cached: 0/0M, 0/0% in use; allocs: 366, 98% recycled; transfers: 714, 99% unfetched
08-22 16:48:52.536 900 7214 E power : power acquire_wake_lock enter!
08-22 16:48:52.536 900 7214 E power : power acquire_wake_lock exit!
08-22 16:48:52.536 580 580 E android.system.suspend@1.0-service: SystemSuspend::acquireWakeLock enter!pid = 900: Success
08-22 16:48:52.536 580 580 E android.system.suspend@1.0-service: SystemSuspend::acquireWakeLock exit!: Success
08-22 16:48:52.536 30420 5916 I CCodecBufferChannel: [c2.android.mp3.decoder#686] Created output block pool with allocatorID 16 => poolID 68 - OK
08-22 16:48:52.536 30420 5916 D CCodecBufferChannel: [c2.android.mp3.decoder#686] Configured output block pool ids 68 => OK
08-22 16:48:52.536 30420 5916 D CCodecBufferChannel: [c2.android.mp3.decoder#686] start: updating output delay 0
08-22 16:48:52.536 30420 5917 I CCodecBufferChannel: [c2.android.mp3.decoder#135] Created output block pool with allocatorID 16 => poolID 69 - OK
08-22 16:48:52.536 30420 5917 D CCodecBufferChannel: [c2.android.mp3.decoder#135] Configured output block pool ids 69 => OK
08-22 16:48:52.536 30420 5917 D CCodecBufferChannel: [c2.android.mp3.decoder#135] start: updating output delay 0
08-22 16:48:52.536 30420 5916 I CCodecBufferChannel: pipelineRoom(3) is <= numClientBuffers(3). Not signalling any more buffers to client
08-22 16:48:52.536 1299 5918 D SimpleC2Component: Using output block pool with poolID 68 => got 68 - 0
08-22 16:48:52.537 30420 5917 I CCodecBufferChannel: pipelineRoom(3) is <= numClientBuffers(3). Not signalling any more buffers to client
08-22 16:48:52.537 1299 5919 D SimpleC2Component: Using output block pool with poolID 69 => got 69 - 0
08-22 16:48:52.538 1299 5918 I C2SoftMp3Dec: Reconfiguring decoder: 0->44100 Hz, 0->2 channels
08-22 16:48:52.538 1299 5919 I C2SoftMp3Dec: Reconfiguring decoder: 0->44100 Hz, 0->2 channels
08-22 16:48:52.563 808 862 D audio_hw_primary: out_set_parameters: enter: usecase(1: low-latency-playback) kvpairs: suspend_playback=true
08-22 16:48:52.563 900 7214 E power : power acquire_wake_lock enter!
08-22 16:48:52.563 900 7214 E power : power acquire_wake_lock exit!
08-22 16:48:52.563 808 862 D audio_hw_extn: audio_extn_fm_set_parameters: Enter
08-22 16:48:52.563 808 30862 D audio_hw_primary: out_set_parameters: enter: usecase(1: low-latency-playback) kvpairs: suspend_playback=false
08-22 16:48:52.563 808 30862 D audio_hw_extn: audio_extn_fm_set_parameters: Enter
08-22 16:48:52.564 580 580 E android.system.suspend@1.0-service: SystemSuspend::acquireWakeLock enter!pid = 900: Success
08-22 16:48:52.564 580 580 E android.system.suspend@1.0-service: SystemSuspend::acquireWakeLock exit!: Success
08-22 16:48:52.583 30420 5916 D CCodecBufferChannel: [c2.android.mp3.decoder#686] MediaCodec discarded an unknown buffer
08-22 16:48:52.583 30420 5916 D CCodecBufferChannel: [c2.android.mp3.decoder#686] MediaCodec discarded an unknown buffer
08-22 16:48:52.583 30420 5916 D CCodecBufferChannel: [c2.android.mp3.decoder#686] MediaCodec discarded an unknown buffer
08-22 16:48:52.584 30420 5916 I hw-BpHwBinder: onLastStrongRef automatically unlinking death recipients
08-22 16:48:52.587 30420 5917 D CCodecBufferChannel: [c2.android.mp3.decoder#135] MediaCodec discarded an unknown buffer
08-22 16:48:52.587 30420 5917 D CCodecBufferChannel: [c2.android.mp3.decoder#135] MediaCodec discarded an unknown buffer
08-22 16:48:52.587 30420 5917 D CCodecBufferChannel: [c2.android.mp3.decoder#135] MediaCodec discarded an unknown buffer
08-22 16:48:52.588 30420 5917 I hw-BpHwBinder: onLastStrongRef automatically unlinking death recipients
08-22 16:48:52.588 1299 1299 I hw-BpHwBinder: onLastStrongRef automatically unlinking death recipients
08-22 16:48:52.588 1299 1299 V C2Store : in ~ComponentModule
08-22 16:48:52.588 1299 1299 V C2Store : unloading dll
08-22 16:48:52.589 1542 1885 D AudioService.PlaybackActivityMonitor: idcm_af:requestAudioFocusToIDCM: event=2(PLAYER_STATE_STARTED)apc =AudioPlaybackConfiguration piid:1319 deviceId:0 type:android.media.SoundPool u/pid:10119/30420 state:idle attr:AudioAttributes: usage=USAGE_ASSISTANCE_SONIFICATION content=CONTENT_TYPE_SONIFICATION flags=0x800 tags= bundle=null sessionId:0
08-22 16:48:52.589 1542 1885 D AudioService.PlaybackActivityMonitor: idcm_af:requestAudioFocusToIDCM: STREAM_SYSTEM, return true
08-22 16:48:52.589 1542 1885 D AudioService.PlaybackActivityMonitor: idcm_af:stopPlayer apc= AudioPlaybackConfiguration piid:1319 deviceId:0 type:android.media.SoundPool u/pid:10119/30420 state:idle attr:AudioAttributes: usage=USAGE_ASSISTANCE_SONIFICATION content=CONTENT_TYPE_SONIFICATION flags=0x800 tags= bundle=null sessionId:0
08-22 16:48:52.591 808 30862 D audio_hw_primary: out_set_parameters: enter: usecase(1: low-latency-playback) kvpairs: suspend_playback=true
08-22 16:48:52.591 808 30862 D audio_hw_extn: audio_extn_fm_set_parameters: Enter
08-22 16:48:52.591 808 30862 D audio_hw_primary: out_set_parameters: enter: usecase(1: low-latency-playback) kvpairs: suspend_playback=false
08-22 16:48:52.591 808 30862 D audio_hw_extn: audio_extn_fm_set_parameters: Enter
08-22 16:48:52.591 900 7214 E power : power acquire_wake_lock enter!
08-22 16:48:52.591 900 7214 E power : power acquire_wake_lock exit!
08-22 16:48:52.591 580 580 E android.system.suspend@1.0-service: SystemSuspend::acquireWakeLock enter!pid = 900: Success
08-22 16:48:52.591 580 580 E android.system.suspend@1.0-service: SystemSuspend::acquireWakeLock exit!: Success
08-22 16:48:52.618 808 30862 D audio_hw_primary: out_set_parameters: enter: usecase(1: low-latency-playback) kvpairs: suspend_playback=true
08-22 16:48:52.618 808 30862 D audio_hw_extn: audio_extn_fm_set_parameters: Enter
08-22 16:48:52.618 900 7214 E power : power acquire_wake_lock enter!
08-22 16:48:52.618 900 7214 E power : power acquire_wake_lock exit!
08-22 16:48:52.618 808 30862 D audio_hw_primary: out_set_parameters: enter: usecase(1: low-latency-playback) kvpairs: suspend_playback=false
08-22 16:48:52.618 808 30862 D audio_hw_extn: audio_extn_fm_set_parameters: Enter
08-22 16:48:52.619 580 580 E android.system.suspend@1.0-service: SystemSuspend::acquireWakeLock enter!pid = 900: Success
08-22 16:48:52.619 580 580 E android.system.suspend@1.0-service: SystemSuspend::acquireWakeLock exit!: Success
08-22 16:48:52.646 808 30862 D audio_hw_primary: out_set_parameters: enter: usecase(1: low-latency-playback) kvpairs: suspend_playback=true
08-22 16:48:52.646 808 30862 D audio_hw_extn: audio_extn_fm_set_parameters: Enter
08-22 16:48:52.646 808 30862 D audio_hw_primary: out_set_parameters: enter: usecase(1: low-latency-playback) kvpairs: suspend_playback=false
08-22 16:48:52.646 808 30862 D audio_hw_extn: audio_extn_fm_set_parameters: Enter
08-22 16:48:52.646 900 7214 E power : power acquire_wake_lock enter!
08-22 16:48:52.646 900 7214 E power : power acquire_wake_lock exit!
08-22 16:48:52.646 580 580 E android.system.suspend@1.0-service: SystemSuspend::acquireWakeLock enter!pid = 900: Success
08-22 16:48:52.646 580 580 E android.system.suspend@1.0-service: SystemSuspend::acquireWakeLock exit!: Success
08-22 16:48:52.676 808 30862 D audio_hw_primary: out_set_parameters: enter: usecase(1: low-latency-playback) kvpairs: suspend_playback=true
08-22 16:48:52.676 808 30862 D audio_hw_extn: audio_extn_fm_set_parameters: Enter
08-22 16:48:52.677 808 30862 D audio_hw_primary: out_set_parameters: enter: usecase(1: low-latency-playback) kvpairs: suspend_playback=false
08-22 16:48:52.677 808 30862 D audio_hw_extn: audio_extn_fm_set_parameters: Enter
08-22 16:48:52.677 900 7214 E power : power acquire_wake_lock enter!
08-22 16:48:52.677 900 7214 E power : power acquire_wake_lock exit!
08-22 16:48:52.677 580 580 E android.system.suspend@1.0-service: SystemSuspend::acquireWakeLock enter!pid = 900: Success
08-22 16:48:52.677 580 580 E android.system.suspend@1.0-service: SystemSuspend::acquireWakeLock exit!: Success
08-22 16:48:52.703 1542 15389 I NotificationService: cancelToast pkg=com.ss.android.lark token=android.os.BinderProxy@403a0f2
08-22 16:48:52.703 1542 15389 W NotificationService: Toast already cancelled. pkg=com.ss.android.lark token=android.os.BinderProxy@403a0f2
08-22 16:48:52.704 900 7214 E power : power acquire_wake_lock enter!
08-22 16:48:52.704 808 30862 D audio_hw_primary: out_set_parameters: enter: usecase(1: low-latency-playback) kvpairs: suspend_playback=true
08-22 16:48:52.704 900 7214 E power : power acquire_wake_lock exit!
08-22 16:48:52.704 808 30862 D audio_hw_extn: audio_extn_fm_set_parameters: Enter
08-22 16:48:52.704 580 580 E android.system.suspend@1.0-service: SystemSuspend::acquireWakeLock enter!pid = 900: Success
08-22 16:48:52.704 580 580 E android.system.suspend@1.0-service: SystemSuspend::acquireWakeLock exit!: Success
08-22 16:48:52.704 808 862 D audio_hw_primary: out_set_parameters: enter: usecase(1: low-latency-playback) kvpairs: suspend_playback=false
08-22 16:48:52.704 808 862 D audio_hw_extn: audio_extn_fm_set_parameters: Enter
