08-22 16:45:59.753 1542 1843 I input_interaction: Interaction with: 7696002 com.tencent.mobileqq/com.tencent.mobileqq.activity.SplashActivity (server), edge-swipe (server), swipe-up (server), PointerEventDispatcher0 (server),
08-22 16:45:59.755 1542 1660 I wm_task_moved: [76340,1,8]
08-22 16:45:59.755 1542 1660 I wm_task_to_front: [0,76340]
08-22 16:45:59.760 1542 1660 I wm_set_resumed_activity: [0,com.tencent.mobileqq/.activity.SplashActivity,positionChildAt]
08-22 16:45:59.760 1542 1660 I wm_focused_root_task: [0,0,76340,76346,setFocusedTask]
08-22 16:45:59.760 1542 1660 I wm_set_resumed_activity: [0,com.tencent.mobileqq/.activity.SplashActivity,setFocusedTask]
08-22 16:45:59.762 1542 1662 I input_focus: [Focus request 7696002 com.tencent.mobileqq/com.tencent.mobileqq.activity.SplashActivity,reason=UpdateInputWindows]
08-22 16:45:59.762 30420 30420 I wm_on_top_resumed_lost_called: [187504831,com.ss.android.vc.meeting.module.multi.ByteRTCMeetingActivityInstance,topStateChangedWhenResumed]
08-22 16:45:59.763 6739 6739 I wm_on_top_resumed_gained_called: [78130619,com.tencent.mobileqq.activity.SplashActivity,topStateChangedWhenResumed]
08-22 16:45:59.784 1542 1843 I input_focus: [Focus leaving 2d4ed42 com.ss.android.lark/com.ss.android.vc.meeting.module.multi.ByteRTCMeetingActivityInstance (server),reason=setFocusedWindow]
08-22 16:45:59.785 1542 1843 I input_focus: [Focus entering 7696002 com.tencent.mobileqq/com.tencent.mobileqq.activity.SplashActivity (server),reason=setFocusedWindow]
08-22 16:45:59.792 1542 1542 I sysui_multi_action: [757,128,758,5,759,8,793,58365,794,0,795,58365,796,515,806,com.tencent.mobileqq,857,CHANNEL_ID_SHOW_BADGE,858,4,947,0,1500,58163,1688,1]
08-22 16:45:59.793 1542 1542 I notification_canceled: [0|com.tencent.mobileqq|515|null|10123,8,58365,58365,0,-1,-1,NULL]
08-22 16:46:00.674 1542 1542 I am_uid_running: 10106
08-22 16:46:00.684 1542 1697 I am_proc_start: [0,4643,10106,com.smile.gifmaker,service,{com.smile.gifmaker/androidx.work.impl.background.systemjob.SystemJobService}]
08-22 16:46:00.687 1542 1934 I sync : [com.tencent.android.qqdownloader.YYBLiveAccountProvider,0,3,24220937]
08-22 16:46:00.696 1542 1693 I am_pss : [31602,10104,com.tencent.ilink.ServiceProcess,74635264,64495616,41984,191873024,0,4,13]
08-22 16:46:00.697 4643 4643 I auditd : type=1400 audit(0.0:60178): avc: denied { connectto } for comm=4144422D4A44575020436F6E6E6563 path=006A6477702D636F6E74726F6C scontext=u:r:untrusted_app_29:s0:c106,c256,c512,c768 tcontext=u:r:su:s0 tclass=unix_stream_socket permissive=1 app=com.smile.gifmaker
08-22 16:46:00.712 1542 12437 I am_proc_bound: [0,4643,com.smile.gifmaker]
08-22 16:46:00.713 1542 1934 I sync : [com.tencent.android.qqdownloader.YYBLiveAccountProvider,1,3,24220937]
08-22 16:46:00.715 1542 1934 I commit_sys_config_file: [sync-status,9556492]
08-22 16:46:00.728 1542 1934 I sync : [com.tencent.android.qqdownloader.YYBLiveAccountProvider,0,3,24220937]
08-22 16:46:00.752 1542 1934 I sync : [com.tencent.android.qqdownloader.YYBLiveAccountProvider,1,3,24220937]
08-22 16:46:00.756 1542 1934 I commit_sys_config_file: [sync-status,9556533]
08-22 16:46:00.845 4643 4643 I auditd : type=1400 audit(0.0:60179): avc: denied { open } for comm="dfp_oaid_thread" path="/dev/__properties__/u:object_r:vendor_default_prop:s0" dev="tmpfs" ino=14420 scontext=u:r:untrusted_app_29:s0:c106,c256,c512,c768 tcontext=u:object_r:vendor_default_prop:s0 tclass=file permissive=1 app=com.smile.gifmaker
08-22 16:46:00.845 4643 4643 I auditd : type=1400 audit(0.0:60180): avc: denied { getattr } for comm="dfp_oaid_thread" path="/dev/__properties__/u:object_r:vendor_default_prop:s0" dev="tmpfs" ino=14420 scontext=u:r:untrusted_app_29:s0:c106,c256,c512,c768 tcontext=u:object_r:vendor_default_prop:s0 tclass=file permissive=1 app=com.smile.gifmaker
08-22 16:46:00.845 4643 4643 I auditd : type=1400 audit(0.0:60181): avc: denied { map } for comm="dfp_oaid_thread" path="/dev/__properties__/u:object_r:vendor_default_prop:s0" dev="tmpfs" ino=14420 scontext=u:r:untrusted_app_29:s0:c106,c256,c512,c768 tcontext=u:object_r:vendor_default_prop:s0 tclass=file permissive=1 app=com.smile.gifmaker
08-22 16:46:01.455 1542 8817 I am_kill : [0,4422,com.android.permissioncontroller,915,empty #2]
08-22 16:46:01.530 1542 8817 I am_proc_died: [0,4422,com.android.permissioncontroller,915,19]
08-22 16:46:01.530 1542 8817 I am_uid_stopped: 10095
08-22 16:46:01.531 1542 8817 I am_kill : [0,4295,com.thundercomm.gamemode.provider,915,empty #2]
08-22 16:46:01.579 1542 8817 I am_proc_died: [0,4295,com.thundercomm.gamemode.provider,915,19]
08-22 16:46:01.580 1542 8817 I am_uid_stopped: 10071
08-22 16:46:01.637 1542 1693 I am_pss : [6739,10123,com.tencent.mobileqq,353072128,299614208,43008,549343232,0,2,31]
08-22 16:46:01.685 1542 1693 I am_pss : [31242,10123,com.tencent.mobileqq:video,135064576,84201472,41984,328495104,0,3,19]
08-22 16:46:01.809 1542 1697 I am_proc_start: [0,4867,10106,com.smile.gifmaker:push_v3,service,{com.smile.gifmaker/com.kwai.android.dispatcher.PushV3ProcessLauncherService}]
08-22 16:46:01.849 1542 3022 I am_proc_bound: [0,4867,com.smile.gifmaker:push_v3]
08-22 16:46:01.833 4643 4643 I auditd : type=1400 audit(0.0:60183): avc: denied { read } for comm="pool-9-thread-6" name="tcp" dev="proc" ino=4026532265 scontext=u:r:untrusted_app_29:s0:c106,c256,c512,c768 tcontext=u:object_r:proc_net_tcp_udp:s0 tclass=file permissive=1 app=com.smile.gifmaker
08-22 16:46:01.885 4643 4643 I auditd : type=1400 audit(0.0:60186): avc: denied { open } for comm="pool-9-thread-6" path="/dev/__properties__/u:object_r:serialno_prop:s0" dev="tmpfs" ino=14349 scontext=u:r:untrusted_app_29:s0:c106,c256,c512,c768 tcontext=u:object_r:serialno_prop:s0 tclass=file permissive=1 app=com.smile.gifmaker
08-22 16:46:01.885 4643 4643 I auditd : type=1400 audit(0.0:60187): avc: denied { getattr } for comm="pool-9-thread-6" path="/dev/__properties__/u:object_r:serialno_prop:s0" dev="tmpfs" ino=14349 scontext=u:r:untrusted_app_29:s0:c106,c256,c512,c768 tcontext=u:object_r:serialno_prop:s0 tclass=file permissive=1 app=com.smile.gifmaker
08-22 16:46:01.885 4643 4643 I auditd : type=1400 audit(0.0:60188): avc: denied { map } for comm="pool-9-thread-6" path="/dev/__properties__/u:object_r:serialno_prop:s0" dev="tmpfs" ino=14349 scontext=u:r:untrusted_app_29:s0:c106,c256,c512,c768 tcontext=u:object_r:serialno_prop:s0 tclass=file permissive=1 app=com.smile.gifmaker
08-22 16:46:02.121 4643 4643 I auditd : type=1400 audit(0.0:60189): avc: granted { execute } for comm="ela_global-io" path="/data/user/0/com.smile.gifmaker/app_DvaPlugin/klp_so/1931020113/so/libklp_pull_client_shared.so" dev="dm-10" ino=997203 scontext=u:r:untrusted_app_29:s0:c106,c256,c512,c768 tcontext=u:object_r:app_data_file:s0:c106,c256,c512,c768 tclass=file app=com.smile.gifmaker
08-22 16:46:02.209 6739 6739 I view_enqueue_input_event: [Motion - Cancel,com.tencent.mobileqq/com.tencent.mobileqq.activity.SplashActivity]
08-22 16:46:02.217 1542 1843 I input_interaction: Interaction with: WindowManager (server), edge-swipe (server), swipe-up (server), PointerEventDispatcher0 (server),
08-22 16:46:02.705 4643 4643 I auditd : type=1400 audit(0.0:60190): avc: granted { nlmsg_readpriv } for comm="ela_global-io" scontext=u:r:untrusted_app_29:s0:c106,c256,c512,c768 tcontext=u:r:untrusted_app_29:s0:c106,c256,c512,c768 tclass=netlink_route_socket app=com.smile.gifmaker
08-22 16:46:02.714 1542 1659 I commit_sys_config_file: [jobs,2]
08-22 16:46:03.176 1542 1697 I am_proc_start: [0,4994,10106,com.smile.gifmaker:messagesdk,service,{com.smile.gifmaker/com.kwai.chat.kwailink.service.NewKwaiLinkService}]
08-22 16:46:03.181 4994 4994 I auditd : type=1400 audit(0.0:60192): avc: denied { connectto } for comm=4144422D4A44575020436F6E6E6563 path=006A6477702D636F6E74726F6C scontext=u:r:untrusted_app_29:s0:c106,c256,c512,c768 tcontext=u:r:su:s0 tclass=unix_stream_socket permissive=1 app=com.smile.gifmaker
08-22 16:46:03.190 1542 3022 I am_proc_bound: [0,4994,com.smile.gifmaker:messagesdk]
08-22 16:46:03.321 1542 3022 I am_kill : [0,4643,com.smile.gifmaker,915,empty #2]
08-22 16:46:03.349 4867 4867 I auditd : type=1400 audit(0.0:60193): avc: denied { read } for comm="pool-9-thread-6" name="tcp" dev="proc" ino=4026532265 scontext=u:r:untrusted_app_29:s0:c106,c256,c512,c768 tcontext=u:object_r:proc_net_tcp_udp:s0 tclass=file permissive=1 app=com.smile.gifmaker
08-22 16:46:03.349 4867 4867 I auditd : type=1400 audit(0.0:60194): avc: denied { open } for comm="pool-9-thread-6" path="/proc/4867/net/tcp" dev="proc" ino=4026532265 scontext=u:r:untrusted_app_29:s0:c106,c256,c512,c768 tcontext=u:object_r:proc_net_tcp_udp:s0 tclass=file permissive=1 app=com.smile.gifmaker
08-22 16:46:03.349 4867 4867 I auditd : type=1400 audit(0.0:60195): avc: denied { getattr } for comm="pool-9-thread-6" path="/proc/4867/net/tcp" dev="proc" ino=4026532265 scontext=u:r:untrusted_app_29:s0:c106,c256,c512,c768 tcontext=u:object_r:proc_net_tcp_udp:s0 tclass=file permissive=1 app=com.smile.gifmaker
08-22 16:46:03.385 4867 4867 I auditd : type=1400 audit(0.0:60196): avc: denied { open } for comm="pool-9-thread-6" path="/dev/__properties__/u:object_r:vendor_default_prop:s0" dev="tmpfs" ino=14420 scontext=u:r:untrusted_app_29:s0:c106,c256,c512,c768 tcontext=u:object_r:vendor_default_prop:s0 tclass=file permissive=1 app=com.smile.gifmaker
08-22 16:46:03.411 1542 1861 I netstats_mobile_sample: [0,0,0,0,0,0,0,0,0,0,0,0,1692694018984]
08-22 16:46:03.411 1542 1861 I netstats_wifi_sample: [27773637,66233,26048428,49795,27773637,66233,26048428,49795,109058438,154979,20744360,45029,1692694018984]
08-22 16:46:04.005 1542 15389 I am_proc_died: [0,4643,com.smile.gifmaker,915,19]
08-22 16:46:04.018 1542 15389 I am_kill : [0,4867,com.smile.gifmaker:push_v3,915,empty #2]
08-22 16:46:04.133 1542 1811 I am_proc_died: [0,4867,com.smile.gifmaker:push_v3,915,19]
08-22 16:46:04.134 1542 1811 I am_schedule_service_restart: [0,com.smile.gifmaker/com.kwai.android.dispatcher.PushV3ProcessLauncherService,1000]
08-22 16:46:04.625 4994 4994 I auditd : type=1400 audit(0.0:60203): avc: denied { read } for comm="aker:messagesdk" name="tcp" dev="proc" ino=4026532265 scontext=u:r:untrusted_app_29:s0:c106,c256,c512,c768 tcontext=u:object_r:proc_net_tcp_udp:s0 tclass=file permissive=1 app=com.smile.gifmaker
08-22 16:46:04.625 4994 4994 I auditd : type=1400 audit(0.0:60204): avc: denied { open } for comm="aker:messagesdk" path="/proc/4994/net/tcp" dev="proc" ino=4026532265 scontext=u:r:untrusted_app_29:s0:c106,c256,c512,c768 tcontext=u:object_r:proc_net_tcp_udp:s0 tclass=file permissive=1 app=com.smile.gifmaker
08-22 16:46:04.625 4994 4994 I auditd : type=1400 audit(0.0:60205): avc: denied { getattr } for comm="aker:messagesdk" path="/proc/4994/net/tcp" dev="proc" ino=4026532265 scontext=u:r:untrusted_app_29:s0:c106,c256,c512,c768 tcontext=u:object_r:proc_net_tcp_udp:s0 tclass=file permissive=1 app=com.smile.gifmaker
08-22 16:46:05.147 1542 1697 I am_proc_start: [0,5117,10106,com.smile.gifmaker:push_v3,service,{com.smile.gifmaker/com.kwai.android.dispatcher.PushV3ProcessLauncherService}]
08-22 16:46:05.161 5117 5117 I auditd : type=1400 audit(0.0:60206): avc: denied { connectto } for comm=4144422D4A44575020436F6E6E6563 path=006A6477702D636F6E74726F6C scontext=u:r:untrusted_app_29:s0:c106,c256,c512,c768 tcontext=u:r:su:s0 tclass=unix_stream_socket permissive=1 app=com.smile.gifmaker
08-22 16:46:05.174 1542 1885 I am_proc_bound: [0,5117,com.smile.gifmaker:push_v3]
08-22 16:46:05.829 1542 1885 I am_kill : [0,4994,com.smile.gifmaker:messagesdk,915,empty #2]
08-22 16:46:05.910 1542 1885 I am_proc_died: [0,4994,com.smile.gifmaker:messagesdk,915,19]
08-22 16:46:06.461 5117 5117 I auditd : type=1400 audit(0.0:60207): avc: denied { open } for comm="pool-9-thread-6" path="/dev/__properties__/u:object_r:vendor_default_prop:s0" dev="tmpfs" ino=14420 scontext=u:r:untrusted_app_29:s0:c106,c256,c512,c768 tcontext=u:object_r:vendor_default_prop:s0 tclass=file permissive=1 app=com.smile.gifmaker
08-22 16:46:06.461 5117 5117 I auditd : type=1400 audit(0.0:60208): avc: denied { getattr } for comm="pool-9-thread-6" path="/dev/__properties__/u:object_r:vendor_default_prop:s0" dev="tmpfs" ino=14420 scontext=u:r:untrusted_app_29:s0:c106,c256,c512,c768 tcontext=u:object_r:vendor_default_prop:s0 tclass=file permissive=1 app=com.smile.gifmaker
08-22 16:46:06.461 5117 5117 I auditd : type=1400 audit(0.0:60209): avc: denied { map } for comm="pool-9-thread-6" path="/dev/__properties__/u:object_r:vendor_default_prop:s0" dev="tmpfs" ino=14420 scontext=u:r:untrusted_app_29:s0:c106,c256,c512,c768 tcontext=u:object_r:vendor_default_prop:s0 tclass=file permissive=1 app=com.smile.gifmaker
08-22 16:46:06.461 5117 5117 I auditd : type=1400 audit(0.0:60210): avc: denied { open } for comm="pool-9-thread-6" path="/dev/__properties__/u:object_r:serialno_prop:s0" dev="tmpfs" ino=14349 scontext=u:r:untrusted_app_29:s0:c106,c256,c512,c768 tcontext=u:object_r:serialno_prop:s0 tclass=file permissive=1 app=com.smile.gifmaker
08-22 16:46:06.461 5117 5117 I auditd : type=1400 audit(0.0:60211): avc: denied { getattr } for comm="pool-9-thread-6" path="/dev/__properties__/u:object_r:serialno_prop:s0" dev="tmpfs" ino=14349 scontext=u:r:untrusted_app_29:s0:c106,c256,c512,c768 tcontext=u:object_r:serialno_prop:s0 tclass=file permissive=1 app=com.smile.gifmaker
08-22 16:46:06.461 5117 5117 I auditd : type=1400 audit(0.0:60212): avc: denied { map } for comm="pool-9-thread-6" path="/dev/__properties__/u:object_r:serialno_prop:s0" dev="tmpfs" ino=14349 scontext=u:r:untrusted_app_29:s0:c106,c256,c512,c768 tcontext=u:object_r:serialno_prop:s0 tclass=file permissive=1 app=com.smile.gifmaker
08-22 16:46:11.217 5245 5245 I auditd : type=1400 audit(0.0:60213): avc: denied { open } for comm="top" path="/proc/sys/kernel/pid_max" dev="proc" ino=2500213 scontext=u:r:untrusted_app_27:s0:c512,c768 tcontext=u:object_r:proc_pid_max:s0 tclass=file permissive=1 app=com.tencent.mobileqq
08-22 16:46:11.217 5245 5245 I auditd : type=1400 audit(0.0:60214): avc: denied { open } for comm="top" path="/proc/stat" dev="proc" ino=4026532245 scontext=u:r:untrusted_app_27:s0:c512,c768 tcontext=u:object_r:proc_stat:s0 tclass=file permissive=1 app=com.tencent.mobileqq
08-22 16:46:13.521 6739 6739 I auditd : type=1400 audit(0.0:60215): avc: granted { execute } for comm="thread_AioDownl" path="/data/user/0/com.tencent.mobileqq/files/qqso/.download/4BB53F147D20A5CE48436EEAEB38207B/libavif-jni.so" dev="dm-10" ino=397218 scontext=u:r:untrusted_app_27:s0:c512,c768 tcontext=u:object_r:app_data_file:s0:c512,c768 tclass=file app=com.tencent.mobileqq
08-22 16:46:14.240 1542 1861 I netstats_mobile_sample: [0,0,0,0,0,0,0,0,0,0,0,0,1692694029813]
08-22 16:46:14.240 1542 1861 I netstats_wifi_sample: [27773637,66233,26048428,49795,27773637,66233,26048428,49795,109058438,154979,20744360,45029,1692694029813]
08-22 16:46:16.772 1542 1542 I notification_enqueue: [10104,28151,com.tencent.android.qqdownloader,127,NULL,0,Notification(channel=channel_id_default_silent shortcut=null contentView=com.tencent.android.qqdownloader/0x7f0a01c2 vibrate=null sound=null defaults=0x0 flags=0x2a2 color=0x00000000 groupKey=com.tencent.android.qqdownloader vis=PRIVATE),1]
08-22 16:46:22.110 1542 1696 I am_wtf : [0,1542,system_server,-1,ActivityManager,Sending non-protected broadcast com.thundercomm.active.state from system 2164:com.thundercomm.microsettings/1000 pkg com.thundercomm.microsettings]
08-22 16:46:25.977 1542 1861 I netstats_mobile_sample: [0,0,0,0,0,0,0,0,0,0,0,0,1692694041550]
08-22 16:46:25.978 1542 1861 I netstats_wifi_sample: [27773637,66233,26048428,49795,27773637,66233,26048428,49795,109058438,154979,20744360,45029,1692694041550]
08-22 16:46:41.245 5369 5369 I auditd : type=1400 audit(0.0:60216): avc: denied { open } for comm="top" path="/proc/sys/kernel/pid_max" dev="proc" ino=2500213 scontext=u:r:untrusted_app_27:s0:c512,c768 tcontext=u:object_r:proc_pid_max:s0 tclass=file permissive=1 app=com.kugou.android.auto
08-22 16:46:41.249 5369 5369 I auditd : type=1400 audit(0.0:60217): avc: denied { open } for comm="top" path="/proc/stat" dev="proc" ino=4026532245 scontext=u:r:untrusted_app_27:s0:c512,c768 tcontext=u:object_r:proc_stat:s0 tclass=file permissive=1 app=com.kugou.android.auto
08-22 16:46:46.298 1542 1843 I input_interaction: Interaction with: a47468f StatusBar (server), edge-swipe (server), swipe-up (server), PointerEventDispatcher0 (server),
08-22 16:46:46.308 1936 1936 I sysui_multi_action: [757,803,799,panel_open,802,1]
08-22 16:46:46.310 1936 1936 I sysui_multi_action: [757,1328,758,4,1326,58,1327,0,1329,0]
08-22 16:46:46.432 1542 5785 I sysui_multi_action: [757,127,758,1]
08-22 16:46:46.432 1542 5785 I sysui_multi_action: [757,804,799,note_load,801,3,802,1]
08-22 16:46:46.433 1542 5785 I notification_panel_revealed: 3
08-22 16:46:46.442 1542 1662 I input_focus: [Focus request 9a76da2 NotificationShade,reason=UpdateInputWindows]
08-22 16:46:46.466 1542 1843 I input_focus: [Focus leaving 7696002 com.tencent.mobileqq/com.tencent.mobileqq.activity.SplashActivity (server),reason=Waiting for window because NOT_VISIBLE]
08-22 16:46:46.482 1542 5785 I sysui_multi_action: [757,128,758,1,793,282179,794,0,795,282179,796,26,798,0,806,android,857,DEVELOPER_IMPORTANT,858,4,947,0,1395,3,1500,281975,1688,1]
08-22 16:46:46.482 1542 5785 I sysui_multi_action: [757,804,799,note_freshness,801,282179,802,1]
08-22 16:46:46.482 1936 1936 I sysui_multi_action: [757,111,758,1]
08-22 16:46:46.482 1542 5785 I notification_visibility: [-1|android|26|null|1000,1,282179,282179,0,0]
08-22 16:46:46.482 1936 1936 I sysui_multi_action: [757,113,758,1,759,113,927,0,928,0,1593,0]
08-22 16:46:46.482 1936 1936 I sysui_multi_action: [757,0,758,1,759,0,927,1,928,0,1593,0]
08-22 16:46:46.482 1936 1936 I sysui_multi_action: [757,491,758,1,759,491,927,2,928,0,1311,-1,1593,0]
08-22 16:46:46.482 1936 1936 I sysui_multi_action: [757,0,758,1,759,0,927,3,928,0,1593,0]
08-22 16:46:46.482 1542 5785 I sysui_multi_action: [757,128,758,1,793,93050,794,0,795,93050,796,490554242,798,2,806,com.ss.android.lark,857,vc_foreground,858,3,947,0,1395,3,1500,93050,1688,1]
08-22 16:46:46.482 1936 1936 I sysui_multi_action: [757,0,758,1,759,0,927,4,1593,0]
08-22 16:46:46.482 1542 5785 I sysui_multi_action: [757,804,799,note_freshness,801,93050,802,1]
08-22 16:46:46.482 1542 5785 I notification_visibility: [0|com.ss.android.lark|490554242|null|10119,1,93050,93050,0,2]
08-22 16:46:46.483 1542 5785 I sysui_multi_action: [757,128,758,1,793,282183,794,0,795,282183,796,32,798,1,806,android,857,USB,858,1,947,0,1395,3,1500,281980,1688,1]
08-22 16:46:46.483 1542 5785 I sysui_multi_action: [757,804,799,note_freshness,801,282183,802,1]
08-22 16:46:46.483 1542 5785 I notification_visibility: [-1|android|32|null|1000,1,282183,282183,0,1]
08-22 16:46:46.483 1936 1936 I sysui_multi_action: [757,111,758,1]
08-22 16:46:46.483 1936 1936 I sysui_multi_action: [757,113,758,1,759,113,927,0,928,0,1593,0]
08-22 16:46:46.483 1936 1936 I sysui_multi_action: [757,0,758,1,759,0,927,1,928,0,1593,0]
08-22 16:46:46.483 1936 1936 I sysui_multi_action: [757,491,758,1,759,491,927,2,928,0,1311,-1,1593,0]
08-22 16:46:46.483 1936 1936 I sysui_multi_action: [757,0,758,1,759,0,927,3,928,0,1593,0]
08-22 16:46:46.498 1542 1843 I input_focus: [Focus entering 9a76da2 NotificationShade (server),reason=Window became focusable. Previous reason: NOT_VISIBLE]
08-22 16:46:48.461 853 853 I auditd : type=1400 audit(0.0:60218): avc: denied { add_name } for comm="perf@2.2-servic" name="min_freq" scontext=u:r:vendor_hal_perf_default:s0 tcontext=u:object_r:vendor_sysfs_devfreq:s0 tclass=dir permissive=1
08-22 16:46:48.461 853 853 I auditd : type=1400 audit(0.0:60219): avc: denied { add_name } for comm="perf@2.2-servic" name="cpu_min_freq" scontext=u:r:vendor_hal_perf_default:s0 tcontext=u:object_r:vendor_sysfs_msm_perf:s0 tclass=dir permissive=1
08-22 16:46:48.547 1542 1843 I input_interaction: Interaction with: 9a76da2 NotificationShade (server), edge-swipe (server), swipe-up (server), PointerEventDispatcher0 (server),
08-22 16:46:49.017 1936 1936 I sysui_multi_action: [757,111,758,2]
08-22 16:46:49.017 1936 1936 I sysui_multi_action: [757,111,758,2]
08-22 16:46:49.185 1542 1662 I input_focus: [Focus request 7696002 com.tencent.mobileqq/com.tencent.mobileqq.activity.SplashActivity,reason=UpdateInputWindows]
08-22 16:46:49.190 1542 5785 I sysui_multi_action: [757,128,758,2,793,284887,794,2708,795,284887,796,26,798,0,806,android,857,DEVELOPER_IMPORTANT,858,4,947,0,1395,3,1500,284683,1688,1]
08-22 16:46:49.190 1542 5785 I notification_visibility: [-1|android|26|null|1000,0,284887,284887,0,0]
08-22 16:46:49.191 1542 5785 I sysui_multi_action: [757,128,758,2,793,95759,794,2709,795,95759,796,490554242,798,2,806,com.ss.android.lark,857,vc_foreground,858,3,947,0,1395,3,1500,95759,1688,1]
08-22 16:46:49.191 1542 5785 I notification_visibility: [0|com.ss.android.lark|490554242|null|10119,0,95759,95759,0,2]
08-22 16:46:49.191 1542 5785 I sysui_multi_action: [757,128,758,2,793,284892,794,2709,795,284892,796,32,798,1,806,android,857,USB,858,1,947,0,1395,3,1500,284689,1688,1]
08-22 16:46:49.191 1542 5785 I notification_visibility: [-1|android|32|null|1000,0,284892,284892,0,1]
08-22 16:46:49.192 1542 5785 I sysui_multi_action: [757,127,758,2]
08-22 16:46:49.192 1542 5785 I notification_panel_hidden:
08-22 16:46:49.206 1542 1843 I input_focus: [Focus leaving 9a76da2 NotificationShade (server),reason=NO_WINDOW]
08-22 16:46:49.206 1542 1843 I input_focus: [Focus entering 7696002 com.tencent.mobileqq/com.tencent.mobileqq.activity.SplashActivity (server),reason=setFocusedWindow]
08-22 16:46:49.314 1542 1861 I netstats_mobile_sample: [0,0,0,0,0,0,0,0,0,0,0,0,1692694064887]
08-22 16:46:49.314 1542 1861 I netstats_wifi_sample: [27773637,66233,26048428,49795,27773637,66233,26048428,49795,109058438,154979,20744360,45029,1692694064887]
08-22 16:46:52.130 1542 1696 I am_wtf : [0,1542,system_server,-1,ActivityManager,Sending non-protected broadcast com.thundercomm.active.state from system 2164:com.thundercomm.microsettings/1000 pkg com.thundercomm.microsettings]
08-22 16:46:52.135 1542 1693 I am_pss : [20794,10070,com.android.webview:webview_service,22417408,7454720,366592,81633280,0,4,6]
08-22 16:46:56.752 1542 1934 I sync : [com.tencent.android.qqdownloader.YYBLiveAccountProvider,0,3,24220937]
08-22 16:46:56.784 1542 1934 I sync : [com.tencent.android.qqdownloader.YYBLiveAccountProvider,1,3,24220937]
08-22 16:46:56.787 1542 1934 I commit_sys_config_file: [sync-status,9612564]
08-22 16:46:56.795 1542 1934 I sync : [com.tencent.android.qqdownloader.YYBLiveAccountProvider,0,3,24220937]
08-22 16:46:56.812 1542 1934 I sync : [com.tencent.android.qqdownloader.YYBLiveAccountProvider,1,3,24220937]
08-22 16:46:56.815 1542 1934 I commit_sys_config_file: [sync-status,9612592]
08-22 16:46:58.788 1542 1659 I commit_sys_config_file: [jobs,4]
08-22 16:47:06.477 5117 5117 I auditd : type=1400 audit(0.0:60220): avc: denied { read } for comm="pool-9-thread-6" name="tcp" dev="proc" ino=4026532265 scontext=u:r:untrusted_app_29:s0:c106,c256,c512,c768 tcontext=u:object_r:proc_net_tcp_udp:s0 tclass=file permissive=1 app=com.smile.gifmaker
08-22 16:47:06.477 5117 5117 I auditd : type=1400 audit(0.0:60221): avc: denied { open } for comm="pool-9-thread-6" path="/proc/5117/net/tcp" dev="proc" ino=4026532265 scontext=u:r:untrusted_app_29:s0:c106,c256,c512,c768 tcontext=u:object_r:proc_net_tcp_udp:s0 tclass=file permissive=1 app=com.smile.gifmaker
08-22 16:47:06.481 5117 5117 I auditd : type=1400 audit(0.0:60222): avc: denied { getattr } for comm="pool-9-thread-6" path="/proc/5117/net/tcp" dev="proc" ino=4026532265 scontext=u:r:untrusted_app_29:s0:c106,c256,c512,c768 tcontext=u:object_r:proc_net_tcp_udp:s0 tclass=file permissive=1 app=com.smile.gifmaker
08-22 16:47:11.289 5423 5423 I auditd : type=1400 audit(0.0:60223): avc: denied { open } for comm="top" path="/proc/sys/kernel/pid_max" dev="proc" ino=2522890 scontext=u:r:untrusted_app_27:s0:c512,c768 tcontext=u:object_r:proc_pid_max:s0 tclass=file permissive=1 app=com.tencent.mobileqq
08-22 16:47:11.297 5423 5423 I auditd : type=1400 audit(0.0:60224): avc: denied { open } for comm="top" path="/proc/stat" dev="proc" ino=4026532245 scontext=u:r:untrusted_app_27:s0:c512,c768 tcontext=u:object_r:proc_stat:s0 tclass=file permissive=1 app=com.tencent.mobileqq
08-22 16:47:18.271 1542 1542 I notification_enqueue: [10104,28151,com.tencent.android.qqdownloader,127,NULL,0,Notification(channel=channel_id_default_silent shortcut=null contentView=com.tencent.android.qqdownloader/0x7f0a01c2 vibrate=null sound=null defaults=0x0 flags=0x2a2 color=0x00000000 groupKey=com.tencent.android.qqdownloader vis=PRIVATE),1]
08-22 16:47:22.163 1542 1696 I am_wtf : [0,1542,system_server,-1,ActivityManager,Sending non-protected broadcast com.thundercomm.active.state from system 2164:com.thundercomm.microsettings/1000 pkg com.thundercomm.microsettings]
08-22 16:47:33.092 1542 1843 I input_interaction: Interaction with: a47468f StatusBar (server), edge-swipe (server), swipe-up (server), PointerEventDispatcher0 (server),
08-22 16:47:33.101 1936 1936 I sysui_multi_action: [757,803,799,panel_open,802,1]
08-22 16:47:33.102 1936 1936 I sysui_multi_action: [757,1328,758,4,1326,70,1327,1,1329,0]
08-22 16:47:33.109 1542 5785 I sysui_multi_action: [757,127,758,1]
08-22 16:47:33.109 1542 5785 I sysui_multi_action: [757,804,799,note_load,801,3,802,1]
08-22 16:47:33.109 1542 5785 I notification_panel_revealed: 3
08-22 16:47:33.118 1542 1662 I input_focus: [Focus request 9a76da2 NotificationShade,reason=UpdateInputWindows]
08-22 16:47:33.130 1542 5785 I sysui_multi_action: [757,128,758,1,793,328827,794,0,795,328827,796,26,798,0,806,android,857,DEVELOPER_IMPORTANT,858,4,947,0,1395,3,1500,328623,1688,1]
08-22 16:47:33.130 1542 5785 I sysui_multi_action: [757,804,799,note_freshness,801,328827,802,1]
08-22 16:47:33.130 1542 5785 I notification_visibility: [-1|android|26|null|1000,1,328827,328827,0,0]
08-22 16:47:33.131 1542 5785 I sysui_multi_action: [757,128,758,1,793,139699,794,0,795,139699,796,490554242,798,2,806,com.ss.android.lark,857,vc_foreground,858,3,947,0,1395,3,1500,139699,1688,1]
08-22 16:47:33.131 1542 5785 I sysui_multi_action: [757,804,799,note_freshness,801,139699,802,1]
08-22 16:47:33.131 1542 5785 I notification_visibility: [0|com.ss.android.lark|490554242|null|10119,1,139699,139699,0,2]
08-22 16:47:33.131 1542 5785 I sysui_multi_action: [757,128,758,1,793,328832,794,0,795,328832,796,32,798,1,806,android,857,USB,858,1,947,0,1395,3,1500,328629,1688,1]
08-22 16:47:33.131 1542 5785 I sysui_multi_action: [757,804,799,note_freshness,801,328832,802,1]
08-22 16:47:33.131 1542 5785 I notification_visibility: [-1|android|32|null|1000,1,328832,328832,0,1]
08-22 16:47:33.154 1936 1936 I sysui_multi_action: [757,111,758,1]
08-22 16:47:33.154 1936 1936 I sysui_multi_action: [757,113,758,1,759,113,927,0,928,0,1593,0]
08-22 16:47:33.154 1936 1936 I sysui_multi_action: [757,0,758,1,759,0,927,1,928,0,1593,0]
08-22 16:47:33.155 1936 1936 I sysui_multi_action: [757,491,758,1,759,491,927,2,928,0,1311,-1,1593,0]
08-22 16:47:33.155 1936 1936 I sysui_multi_action: [757,0,758,1,759,0,927,3,928,0,1593,0]
08-22 16:47:33.155 1936 1936 I sysui_multi_action: [757,0,758,1,759,0,927,4,1593,0]
08-22 16:47:33.155 1936 1936 I sysui_multi_action: [757,111,758,1]
08-22 16:47:33.156 1936 1936 I sysui_multi_action: [757,113,758,1,759,113,927,0,928,0,1593,0]
08-22 16:47:33.156 1936 1936 I sysui_multi_action: [757,0,758,1,759,0,927,1,928,0,1593,0]
08-22 16:47:33.156 1936 1936 I sysui_multi_action: [757,491,758,1,759,491,927,2,928,0,1311,-1,1593,0]
08-22 16:47:33.156 1936 1936 I sysui_multi_action: [757,0,758,1,759,0,927,3,928,0,1593,0]
08-22 16:47:33.161 1542 1843 I input_focus: [Focus leaving 7696002 com.tencent.mobileqq/com.tencent.mobileqq.activity.SplashActivity (server),reason=setFocusedWindow]
08-22 16:47:33.161 1542 1843 I input_focus: [Focus entering 9a76da2 NotificationShade (server),reason=setFocusedWindow]
08-22 16:47:43.242 1542 1861 I netstats_mobile_sample: [0,0,0,0,0,0,0,0,0,0,0,0,1692694118815]
08-22 16:47:43.243 1542 1861 I netstats_wifi_sample: [27773637,66233,26048428,49795,27773637,66233,26048428,49795,109058438,154979,20744360,45029,1692694118815]
08-22 16:47:49.245 1542 1934 I sync : [com.tencent.android.qqdownloader.YYBLiveAccountProvider,0,3,24220937]
08-22 16:47:49.252 1542 1697 I am_proc_start: [0,5457,10106,com.smile.gifmaker,service,{com.smile.gifmaker/androidx.work.impl.background.systemjob.SystemJobService}]
08-22 16:47:49.273 1542 1934 I sync : [com.tencent.android.qqdownloader.YYBLiveAccountProvider,1,3,24220937]
08-22 16:47:49.269 5457 5457 I auditd : type=1400 audit(0.0:60225): avc: denied { connectto } for comm=4144422D4A44575020436F6E6E6563 path=006A6477702D636F6E74726F6C scontext=u:r:untrusted_app_29:s0:c106,c256,c512,c768 tcontext=u:r:su:s0 tclass=unix_stream_socket permissive=1 app=com.smile.gifmaker
08-22 16:47:49.275 1542 1693 I am_pss : [28151,10104,com.tencent.android.qqdownloader:daemon,131379200,109629440,43008,277356544,0,4,16]
08-22 16:47:49.275 1542 1934 I commit_sys_config_file: [sync-status,9665052]
08-22 16:47:49.285 1542 1811 I am_proc_bound: [0,5457,com.smile.gifmaker]
08-22 16:47:49.290 1542 1693 I am_pss : [28203,10104,com.tencent.android.qqdownloader,93681664,82853888,41984,214151168,0,4,12]
08-22 16:47:49.291 1542 1934 I sync : [com.tencent.android.qqdownloader.YYBLiveAccountProvider,0,3,24220937]
08-22 16:47:49.298 1542 1693 I am_pss : [29243,99034,com.android.webview:sandboxed_process0:org.chromium.content.app.SandboxedProcessService0:0,57831424,41979904,369664,114655232,0,4,8]
08-22 16:47:49.310 1542 1693 I am_pss : [28301,10104,com.tencent.android.qqdownloader:cloud,30046208,23306240,43008,136249344,0,4,9]
08-22 16:47:49.321 1542 1934 I sync : [com.tencent.android.qqdownloader.YYBLiveAccountProvider,1,3,24220937]
08-22 16:47:49.324 1542 1934 I commit_sys_config_file: [sync-status,9665101]
08-22 16:47:49.421 5457 5457 I auditd : type=1400 audit(0.0:60226): avc: denied { open } for comm="dfp_oaid_thread" path="/dev/__properties__/u:object_r:vendor_default_prop:s0" dev="tmpfs" ino=14420 scontext=u:r:untrusted_app_29:s0:c106,c256,c512,c768 tcontext=u:object_r:vendor_default_prop:s0 tclass=file permissive=1 app=com.smile.gifmaker
08-22 16:47:49.421 5457 5457 I auditd : type=1400 audit(0.0:60227): avc: denied { getattr } for comm="dfp_oaid_thread" path="/dev/__properties__/u:object_r:vendor_default_prop:s0" dev="tmpfs" ino=14420 scontext=u:r:untrusted_app_29:s0:c106,c256,c512,c768 tcontext=u:object_r:vendor_default_prop:s0 tclass=file permissive=1 app=com.smile.gifmaker
08-22 16:47:49.421 5457 5457 I auditd : type=1400 audit(0.0:60228): avc: denied { map } for comm="dfp_oaid_thread" path="/dev/__properties__/u:object_r:vendor_default_prop:s0" dev="tmpfs" ino=14420 scontext=u:r:untrusted_app_29:s0:c106,c256,c512,c768 tcontext=u:object_r:vendor_default_prop:s0 tclass=file permissive=1 app=com.smile.gifmaker
08-22 16:47:50.060 1542 1811 I am_kill : [0,5117,com.smile.gifmaker:push_v3,905,empty #2]
08-22 16:47:50.209 1542 12437 I am_proc_died: [0,5117,com.smile.gifmaker:push_v3,905,19]
08-22 16:47:50.278 1542 1693 I am_pss : [30420,10119,com.ss.android.lark,483939328,423510016,41984,693653504,0,2,39]
08-22 16:47:50.308 1542 1693 I am_pss : [31242,10123,com.tencent.mobileqq:video,136468480,85553152,41984,330203136,0,3,19]
08-22 16:47:50.354 1542 1697 I am_proc_start: [0,5635,10106,com.smile.gifmaker:push_v3,service,{com.smile.gifmaker/com.kwai.android.dispatcher.PushV3ProcessLauncherService}]
08-22 16:47:50.381 1542 12437 I am_proc_bound: [0,5635,com.smile.gifmaker:push_v3]
08-22 16:47:50.413 5457 5457 I auditd : type=1400 audit(0.0:60229): avc: denied { read } for comm="pool-9-thread-6" name="tcp" dev="proc" ino=4026532265 scontext=u:r:untrusted_app_29:s0:c106,c256,c512,c768 tcontext=u:object_r:proc_net_tcp_udp:s0 tclass=file permissive=1 app=com.smile.gifmaker
08-22 16:47:50.417 5457 5457 I auditd : type=1400 audit(0.0:60230): avc: denied { open } for comm="pool-9-thread-6" path="/proc/5457/net/tcp" dev="proc" ino=4026532265 scontext=u:r:untrusted_app_29:s0:c106,c256,c512,c768 tcontext=u:object_r:proc_net_tcp_udp:s0 tclass=file permissive=1 app=com.smile.gifmaker
08-22 16:47:50.417 5457 5457 I auditd : type=1400 audit(0.0:60231): avc: denied { getattr } for comm="pool-9-thread-6" path="/proc/5457/net/tcp" dev="proc" ino=4026532265 scontext=u:r:untrusted_app_29:s0:c106,c256,c512,c768 tcontext=u:object_r:proc_net_tcp_udp:s0 tclass=file permissive=1 app=com.smile.gifmaker
08-22 16:47:50.453 5457 5457 I auditd : type=1400 audit(0.0:60232): avc: denied { read } for comm="pool-9-thread-6" name="u:object_r:serialno_prop:s0" dev="tmpfs" ino=14349 scontext=u:r:untrusted_app_29:s0:c106,c256,c512,c768 tcontext=u:object_r:serialno_prop:s0 tclass=file permissive=1 app=com.smile.gifmaker
08-22 16:47:50.453 5457 5457 I auditd : type=1400 audit(0.0:60233): avc: denied { open } for comm="pool-9-thread-6" path="/dev/__properties__/u:object_r:serialno_prop:s0" dev="tmpfs" ino=14349 scontext=u:r:untrusted_app_29:s0:c106,c256,c512,c768 tcontext=u:object_r:serialno_prop:s0 tclass=file permissive=1 app=com.smile.gifmaker
08-22 16:47:50.453 5457 5457 I auditd : type=1400 audit(0.0:60234): avc: denied { getattr } for comm="pool-9-thread-6" path="/dev/__properties__/u:object_r:serialno_prop:s0" dev="tmpfs" ino=14349 scontext=u:r:untrusted_app_29:s0:c106,c256,c512,c768 tcontext=u:object_r:serialno_prop:s0 tclass=file permissive=1 app=com.smile.gifmaker
08-22 16:47:50.453 5457 5457 I auditd : type=1400 audit(0.0:60235): avc: denied { map } for comm="pool-9-thread-6" path="/dev/__properties__/u:object_r:serialno_prop:s0" dev="tmpfs" ino=14349 scontext=u:r:untrusted_app_29:s0:c106,c256,c512,c768 tcontext=u:object_r:serialno_prop:s0 tclass=file permissive=1 app=com.smile.gifmaker
08-22 16:47:50.705 5457 5457 I auditd : type=1400 audit(0.0:60236): avc: granted { execute } for comm="ela_global-io" path="/data/user/0/com.smile.gifmaker/app_DvaPlugin/klp_so/1931020113/so/libklp_pull_client_shared.so" dev="dm-10" ino=997203 scontext=u:r:untrusted_app_29:s0:c106,c256,c512,c768 tcontext=u:object_r:app_data_file:s0:c106,c256,c512,c768 tclass=file app=com.smile.gifmaker
08-22 16:47:51.279 1542 1659 I commit_sys_config_file: [jobs,7]
08-22 16:47:51.492 1542 1885 I am_kill : [0,5457,com.smile.gifmaker,915,empty #2]
08-22 16:47:51.831 1542 3021 I am_proc_died: [0,5457,com.smile.gifmaker,915,19]
08-22 16:47:51.853 5635 5635 I auditd : type=1400 audit(0.0:60237): avc: denied { open } for comm="pool-9-thread-6" path="/dev/__properties__/u:object_r:vendor_default_prop:s0" dev="tmpfs" ino=14420 scontext=u:r:untrusted_app_29:s0:c106,c256,c512,c768 tcontext=u:object_r:vendor_default_prop:s0 tclass=file permissive=1 app=com.smile.gifmaker
08-22 16:47:51.857 5635 5635 I auditd : type=1400 audit(0.0:60238): avc: denied { getattr } for comm="pool-9-thread-6" path="/dev/__properties__/u:object_r:vendor_default_prop:s0" dev="tmpfs" ino=14420 scontext=u:r:untrusted_app_29:s0:c106,c256,c512,c768 tcontext=u:object_r:vendor_default_prop:s0 tclass=file permissive=1 app=com.smile.gifmaker
08-22 16:47:51.857 5635 5635 I auditd : type=1400 audit(0.0:60239): avc: denied { map } for comm="pool-9-thread-6" path="/dev/__properties__/u:object_r:vendor_default_prop:s0" dev="tmpfs" ino=14420 scontext=u:r:untrusted_app_29:s0:c106,c256,c512,c768 tcontext=u:object_r:vendor_default_prop:s0 tclass=file permissive=1 app=com.smile.gifmaker
08-22 16:47:52.178 1542 1696 I am_wtf : [0,1542,system_server,-1,ActivityManager,Sending non-protected broadcast com.thundercomm.active.state from system 2164:com.thundercomm.microsettings/1000 pkg com.thundercomm.microsettings]
08-22 16:47:56.193 5777 5777 I auditd : type=1400 audit(0.0:60240): avc: denied { open } for comm="top" path="/proc/sys/kernel/pid_max" dev="proc" ino=2522890 scontext=u:r:untrusted_app_27:s0:c512,c768 tcontext=u:object_r:proc_pid_max:s0 tclass=file permissive=1 app=com.tencent.mobileqq
08-22 16:47:56.197 5777 5777 I auditd : type=1400 audit(0.0:60241): avc: denied { open } for comm="top" path="/proc/stat" dev="proc" ino=4026532245 scontext=u:r:untrusted_app_27:s0:c512,c768 tcontext=u:object_r:proc_stat:s0 tclass=file permissive=1 app=com.tencent.mobileqq
08-22 16:48:02.309 1542 1843 I input_interaction: Interaction with: 9a76da2 NotificationShade (server), edge-swipe (server), swipe-up (server), PointerEventDispatcher0 (server),
08-22 16:48:02.329 1403 10277 I liblog : 15
08-22 16:48:02.331 1403 10277 I liblog : 51
08-22 16:48:02.336 1403 10277 I liblog : 15
08-22 16:48:02.593 1936 1936 I sysui_multi_action: [757,111,758,2]
08-22 16:48:02.594 1936 1936 I sysui_multi_action: [757,111,758,2]
08-22 16:48:02.686 1542 1662 I input_focus: [Focus request 7696002 com.tencent.mobileqq/com.tencent.mobileqq.activity.SplashActivity,reason=UpdateInputWindows]
08-22 16:48:02.690 1542 1885 I sysui_multi_action: [757,128,758,2,793,358387,794,29560,795,358387,796,26,798,0,806,android,857,DEVELOPER_IMPORTANT,858,4,947,0,1395,3,1500,358183,1688,1]
08-22 16:48:02.690 1542 1885 I notification_visibility: [-1|android|26|null|1000,0,358387,358387,0,0]
08-22 16:48:02.690 1542 1885 I sysui_multi_action: [757,128,758,2,793,169258,794,29559,795,169258,796,490554242,798,2,806,com.ss.android.lark,857,vc_foreground,858,3,947,0,1395,3,1500,169258,1688,1]
08-22 16:48:02.690 1542 1885 I notification_visibility: [0|com.ss.android.lark|490554242|null|10119,0,169258,169258,0,2]
08-22 16:48:02.690 1542 1885 I sysui_multi_action: [757,128,758,2,793,358391,794,29559,795,358391,796,32,798,1,806,android,857,USB,858,1,947,0,1395,3,1500,358188,1688,1]
08-22 16:48:02.690 1542 1885 I notification_visibility: [-1|android|32|null|1000,0,358391,358391,0,1]
08-22 16:48:02.691 1542 3021 I sysui_multi_action: [757,127,758,2]
08-22 16:48:02.691 1542 3021 I notification_panel_hidden:
08-22 16:48:02.699 1542 1843 I input_focus: [Focus leaving 9a76da2 NotificationShade (server),reason=NOT_FOCUSABLE]
08-22 16:48:02.699 1542 1843 I input_focus: [Focus entering 7696002 com.tencent.mobileqq/com.tencent.mobileqq.activity.SplashActivity (server),reason=setFocusedWindow]
08-22 16:48:19.783 1542 1542 I notification_enqueue: [10104,28151,com.tencent.android.qqdownloader,127,NULL,0,Notification(channel=channel_id_default_silent shortcut=null contentView=com.tencent.android.qqdownloader/0x7f0a01c2 vibrate=null sound=null defaults=0x0 flags=0x2a2 color=0x00000000 groupKey=com.tencent.android.qqdownloader vis=PRIVATE),1]
08-22 16:48:22.198 1542 1696 I am_wtf : [0,1542,system_server,-1,ActivityManager,Sending non-protected broadcast com.thundercomm.active.state from system 2164:com.thundercomm.microsettings/1000 pkg com.thundercomm.microsettings]
08-22 16:48:41.369 5884 5884 I auditd : type=1400 audit(0.0:60242): avc: denied { open } for comm="top" path="/proc/sys/kernel/pid_max" dev="proc" ino=2522890 scontext=u:r:untrusted_app_27:s0:c512,c768 tcontext=u:object_r:proc_pid_max:s0 tclass=file permissive=1 app=com.tencent.mobileqq
08-22 16:48:41.373 5884 5884 I auditd : type=1400 audit(0.0:60243): avc: denied { open } for comm="top" path="/proc/stat" dev="proc" ino=4026532245 scontext=u:r:untrusted_app_27:s0:c512,c768 tcontext=u:object_r:proc_stat:s0 tclass=file permissive=1 app=com.tencent.mobileqq
08-22 16:48:43.886 1542 1934 I sync : [com.tencent.android.qqdownloader.YYBLiveAccountProvider,0,3,24220937]
08-22 16:48:43.913 1542 1693 I am_pss : [31602,10104,com.tencent.ilink.ServiceProcess,76356608,66125824,44032,193617920,0,4,14]
08-22 16:48:43.914 1542 1934 I sync : [com.tencent.android.qqdownloader.YYBLiveAccountProvider,1,3,24220937]
08-22 16:48:43.919 1542 1934 I commit_sys_config_file: [sync-status,9719696]
08-22 16:48:43.928 1542 1934 I sync : [com.tencent.android.qqdownloader.YYBLiveAccountProvider,0,3,24220937]
08-22 16:48:43.950 1542 1934 I sync : [com.tencent.android.qqdownloader.YYBLiveAccountProvider,1,3,24220937]
08-22 16:48:43.952 1542 1934 I commit_sys_config_file: [sync-status,9719729]
08-22 16:48:45.918 1542 1659 I commit_sys_config_file: [jobs,4]
08-22 16:48:46.421 5890 5890 I auditd : type=1400 audit(0.0:60244): avc: denied { execute } for comm="adbd" name="sh" dev="dm-5" ino=1337 scontext=u:r:su:s0 tcontext=u:object_r:shell_exec:s0 tclass=file permissive=1
08-22 16:48:46.421 5890 5890 I auditd : type=1400 audit(0.0:60245): avc: denied { read open } for comm="adbd" path="/system/bin/sh" dev="dm-5" ino=1337 scontext=u:r:su:s0 tcontext=u:object_r:shell_exec:s0 tclass=file permissive=1
08-22 16:48:46.421 5890 5890 I auditd : type=1400 audit(0.0:60246): avc: denied { execute_no_trans } for comm="adbd" path="/system/bin/sh" dev="dm-5" ino=1337 scontext=u:r:su:s0 tcontext=u:object_r:shell_exec:s0 tclass=file permissive=1
08-22 16:48:46.425 5890 5890 I auditd : type=1400 audit(0.0:60247): avc: denied { map } for comm="sh" path="/system/bin/sh" dev="dm-5" ino=1337 scontext=u:r:su:s0 tcontext=u:object_r:shell_exec:s0 tclass=file permissive=1
08-22 16:48:46.425 5890 5890 I auditd : type=1400 audit(0.0:60248): avc: denied { getattr } for comm="sh" path="/system/bin/sh" dev="dm-5" ino=1337 scontext=u:r:su:s0 tcontext=u:object_r:shell_exec:s0 tclass=file permissive=1
08-22 16:48:46.437 5890 5890 I auditd : type=1400 audit(0.0:60249): avc: denied { dac_override } for comm="sh" capability=1 scontext=u:r:su:s0 tcontext=u:r:su:s0 tclass=capability permissive=1
08-22 16:48:46.437 5890 5890 I auditd : type=1400 audit(0.0:60250): avc: denied { write search } for comm="sh" name="tmp" dev="dm-10" ino=93 scontext=u:r:su:s0 tcontext=u:object_r:shell_data_file:s0 tclass=dir permissive=1
08-22 16:48:46.437 5890 5890 I auditd : type=1400 audit(0.0:60251): avc: denied { getattr } for comm="sh" path="/data/local/tmp" dev="dm-10" ino=93 scontext=u:r:su:s0 tcontext=u:object_r:shell_data_file:s0 tclass=dir permissive=1
08-22 16:48:46.437 5890 5890 I auditd : type=1400 audit(0.0:60252): avc: denied { getattr } for comm="sh" path="/system/bin/logcat" dev="dm-5" ino=1223 scontext=u:r:su:s0 tcontext=u:object_r:logcat_exec:s0 tclass=file permissive=1 --------- beginning of main
08-22 16:48:46.892 661 676 I mpu_uart: [MSG-P:RECV]:No message received in 1000 ms
08-22 16:48:46.896 661 675 I mpu_uart: [MSG-P:R]:recv sync frame timeout
08-22 16:48:47.892 661 676 I mpu_uart: [MSG-P:RECV]:No message received in 1000 ms
08-22 16:48:48.114 30420 4479 E SF-native: hook_native_fopen /sys/devices/system/cpu/cpu0/cpufreq/stats/time_in_state failed 0xb40000743e56a650 0x1e32 0x7243ee5948
08-22 16:48:48.114 30420 4479 E SF-native: hook_native_fopen /sys/devices/system/cpu/cpu1/cpufreq/stats/time_in_state failed 0xb40000743e56a650 0x1e32 0x7243ee5948
08-22 16:48:48.114 30420 4479 E SF-native: hook_native_fopen /sys/devices/system/cpu/cpu2/cpufreq/stats/time_in_state failed 0xb40000743e56a650 0x1e32 0x7243ee5948
08-22 16:48:48.114 30420 4479 E SF-native: hook_native_fopen /sys/devices/system/cpu/cpu3/cpufreq/stats/time_in_state failed 0xb40000743e56a650 0x1e32 0x7243ee5948
08-22 16:48:48.115 30420 4479 E SF-native: hook_native_fopen /sys/devices/system/cpu/cpu4/cpufreq/stats/time_in_state failed 0xb40000743e56a650 0x1e32 0x7243ee5948
08-22 16:48:48.115 30420 4479 E SF-native: hook_native_fopen /sys/devices/system/cpu/cpu5/cpufreq/stats/time_in_state failed 0xb40000743e56a650 0x1e32 0x7243ee5948
08-22 16:48:48.115 30420 4479 E SF-native: hook_native_fopen /sys/devices/system/cpu/cpu6/cpufreq/stats/time_in_state failed 0xb40000743e56a650 0x1e32 0x7243ee5948
08-22 16:48:48.115 30420 4479 E SF-native: hook_native_fopen /sys/devices/system/cpu/cpu7/cpufreq/stats/time_in_state failed 0xb40000743e56a650 0x1e32 0x7243ee5948 --------- beginning of kernel
08-22 16:48:48.182 0 0 E [ 9737.992932] [MAX975X: max96755x_vc1_lcd_dtc_check] *ERROR* DTC_Display: screen not ready(0), bl_sta(1), lvl(40)
08-22 16:48:48.303 2135 4391 D MicroService: handleHeartBeat:313
08-22 16:48:48.312 2135 2135 D MicroService: onHeartBeatDetected
08-22 16:48:48.312 2135 2135 D MicroService: sendHeartbeatMessage
08-22 16:48:48.892 661 676 I mpu_uart: [MSG-P:RECV]:No message received in 1000 ms
08-22 16:48:49.629 2342 2342 D RemoteControlService: startVlanDispatchThread
08-22 16:48:49.892 661 676 I mpu_uart: [MSG-P:RECV]:No message received in 1000 ms
08-22 16:48:49.897 661 675 I mpu_uart: [MSG-P:R]:recv sync frame timeout
08-22 16:48:50.052 6739 6845 I NTKernel: [SDK_LOG]seq(3953)---- [I] thread_group_general.cc(709)::OnThreadMonitorTimer [XpngThreadPool]->Task deque number, fast_num=0 slow_num=0
08-22 16:48:50.122 30420 4479 E SF-native: hook_native_fopen /sys/devices/system/cpu/cpu0/cpufreq/stats/time_in_state failed 0xb40000743e56a650 0x1e32 0x7243ee5948
08-22 16:48:50.123 30420 4479 E SF-native: hook_native_fopen /sys/devices/system/cpu/cpu1/cpufreq/stats/time_in_state failed 0xb40000743e56a650 0x1e32 0x7243ee5948
08-22 16:48:50.123 30420 4479 E SF-native: hook_native_fopen /sys/devices/system/cpu/cpu2/cpufreq/stats/time_in_state failed 0xb40000743e56a650 0x1e32 0x7243ee5948
08-22 16:48:50.123 30420 4479 E SF-native: hook_native_fopen /sys/devices/system/cpu/cpu3/cpufreq/stats/time_in_state failed 0xb40000743e56a650 0x1e32 0x7243ee5948
08-22 16:48:50.123 30420 4479 E SF-native: hook_native_fopen /sys/devices/system/cpu/cpu4/cpufreq/stats/time_in_state failed 0xb40000743e56a650 0x1e32 0x7243ee5948
08-22 16:48:50.123 30420 4479 E SF-native: hook_native_fopen /sys/devices/system/cpu/cpu5/cpufreq/stats/time_in_state failed 0xb40000743e56a650 0x1e32 0x7243ee5948
08-22 16:48:50.123 30420 4479 E SF-native: hook_native_fopen /sys/devices/system/cpu/cpu6/cpufreq/stats/time_in_state failed 0xb40000743e56a650 0x1e32 0x7243ee5948
08-22 16:48:50.124 30420 4479 E SF-native: hook_native_fopen /sys/devices/system/cpu/cpu7/cpufreq/stats/time_in_state failed 0xb40000743e56a650 0x1e32 0x7243ee5948
08-22 16:48:50.302 2135 5181 D MicroService: handleHeartBeat:314
08-22 16:48:50.313 2135 2135 D MicroService: onHeartBeatDetected
08-22 16:48:50.313 2135 2135 D MicroService: sendHeartbeatMessage
08-22 16:48:50.893 661 676 I mpu_uart: [MSG-P:RECV]:No message received in 1000 ms
08-22 16:48:51.877 5635 5635 I auditd : type=1400 audit(0.0:60259): avc: denied { read } for comm="pool-9-thread-6" name="tcp" dev="proc" ino=4026532265 scontext=u:r:untrusted_app_29:s0:c106,c256,c512,c768 tcontext=u:object_r:proc_net_tcp_udp:s0 tclass=file permissive=1 app=com.smile.gifmaker
08-22 16:48:51.877 5635 5635 I pool-9-thread-6: type=1400 audit(0.0:60259): avc: denied { read } for name="tcp" dev="proc" ino=4026532265 scontext=u:r:untrusted_app_29:s0:c106,c256,c512,c768 tcontext=u:object_r:proc_net_tcp_udp:s0 tclass=file permissive=1 app=com.smile.gifmaker
08-22 16:48:51.877 5635 5635 I auditd : type=1400 audit(0.0:60260): avc: denied { open } for comm="pool-9-thread-6" path="/proc/5635/net/tcp" dev="proc" ino=4026532265 scontext=u:r:untrusted_app_29:s0:c106,c256,c512,c768 tcontext=u:object_r:proc_net_tcp_udp:s0 tclass=file permissive=1 app=com.smile.gifmaker
08-22 16:48:51.877 5635 5635 I pool-9-thread-6: type=1400 audit(0.0:60260): avc: denied { open } for path="/proc/5635/net/tcp" dev="proc" ino=4026532265 scontext=u:r:untrusted_app_29:s0:c106,c256,c512,c768 tcontext=u:object_r:proc_net_tcp_udp:s0 tclass=file permissive=1 app=com.smile.gifmaker
08-22 16:48:51.877 5635 5635 I auditd : type=1400 audit(0.0:60261): avc: denied { getattr } for comm="pool-9-thread-6" path="/proc/5635/net/tcp" dev="proc" ino=4026532265 scontext=u:r:untrusted_app_29:s0:c106,c256,c512,c768 tcontext=u:object_r:proc_net_tcp_udp:s0 tclass=file permissive=1 app=com.smile.gifmaker
08-22 16:48:51.877 5635 5635 I pool-9-thread-6: type=1400 audit(0.0:60261): avc: denied { getattr } for path="/proc/5635/net/tcp" dev="proc" ino=4026532265 scontext=u:r:untrusted_app_29:s0:c106,c256,c512,c768 tcontext=u:object_r:proc_net_tcp_udp:s0 tclass=file permissive=1 app=com.smile.gifmaker
08-22 16:48:51.893 661 676 I mpu_uart: [MSG-P:RECV]:No message received in 1000 ms
08-22 16:48:51.991 1542 1843 I InputDispatcher: Check touch window: [window]=2d4ed42 com.ss.android.lark/com.ss.android.vc.meeting.module.multi.ByteRTCMeetingActivityInstance , [pause]=0 , [needIntercept]=0
08-22 16:48:51.992 1542 1843 I input_interaction: Interaction with: 2d4ed42 com.ss.android.lark/com.ss.android.vc.meeting.module.multi.ByteRTCMeetingActivityInstance (server), edge-swipe (server), swipe-up (server), PointerEventDispatcher0 (server),
08-22 16:48:51.993 30420 30420 D ViewTouchDebug: mView : DecorView@7744015[ByteRTCMeetingActivityInstance]Receive event : MotionEvent { action=ACTION_DOWN, actionButton=0, id[0]=0, x[0]=2499.0, y[0]=988.0, toolType[0]=TOOL_TYPE_FINGER, buttonState=0, classification=NONE, metaState=0, flags=0x2, edgeFlags=0x0, pointerCount=1, historySize=0, eventTime=9741806, downTime=9741806, deviceId=4, source=0x5002, displayId=0, eventId=64987827 }
08-22 16:48:51.994 1936 1936 D ViewTouchDebug: mView : com.android.systemui.navigationbar.NavigationBarFrame{8e137c6 V.E...... ........ 0,0-2560,46 #7f0b03f3 app:id/navigation_bar_frame}Receive event : MotionEvent { action=ACTION_OUTSIDE, actionButton=0, id[0]=0, x[0]=0.0, y[0]=-1034.0, toolType[0]=TOOL_TYPE_FINGER, buttonState=0, classification=NONE, metaState=0, flags=0x0, edgeFlags=0x0, pointerCount=1, historySize=0, eventTime=9741806, downTime=9741806, deviceId=4, source=0x5002, displayId=0, eventId=1954233509 } --------- beginning of system
08-22 16:48:51.994 1542 1843 D PowerManagerService: userActivityNoUpdateLocked: groupId=0, eventTime=9741806, event=2, flags=0x0, uid=1000
