08-22 16:49:01.817 1542 1660 D FreeFormWindowHelper: mFreeFormTask : Task{a68f32d #76340 type=standard A=10123:com.tencent.mobileqq U=0 visible=true mode=freeform translucent=false sz=1 visible freeform task=true rootAffinity=10123:com.tencent.mobileqq isMini=false}
08-22 16:49:01.817 1542 1660 D FreeFormWindowHelper: mInRecent : false
08-22 16:49:01.817 1542 1660 D FreeFormWindowHelper: add new freeform task : Task{a68f32d #76340 type=standard A=10123:com.tencent.mobileqq U=0 visible=true mode=freeform translucent=false sz=1 visible freeform task=true rootAffinity=10123:com.tencent.mobileqq isMini=false}
08-22 16:49:01.817 1542 1660 D FreeFormWindowHelper:
08-22 16:49:01.817 1542 1660 I ActivityTaskManager: FOREGROUND_APPLICATION_CHANGED to com.tencent.mobileqq.activity.SplashActivity
08-22 16:49:01.817 1542 1662 I input_focus: [Focus request 7696002 com.tencent.mobileqq/com.tencent.mobileqq.activity.SplashActivity,reason=UpdateInputWindows]
08-22 16:49:01.818 30420 30420 I wm_on_top_resumed_lost_called: [222566718,com.ss.android.lark.chatwindow.ChatWindowActivity,topStateChangedWhenResumed]
08-22 16:49:01.818 6739 6739 I DecorCaptionView: Check caption touch event:[E]=MotionEvent { action=ACTION_DOWN, actionButton=0, id[0]=0, x[0]=406.24997, y[0]=509.99994, toolType[0]=TOOL_TYPE_FINGER, buttonState=0, classification=NONE, metaState=0, flags=0x0, edgeFlags=0x0, pointerCount=1, historySize=0, eventTime=9751622, downTime=9751622, deviceId=4, source=0x5002, displayId=0, eventId=739547090 }
08-22 16:49:01.819 30420 30420 D InsetsSourceConsumer: applyLocalVisibilityOverride: No control in com.ss.android.lark/com.ss.android.lark.chatwindow.ChatWindowActivity requestedVisible true
08-22 16:49:01.820 6739 6739 I DrawerFrame: dispatchTouchEvent mLastHandled handled=false
08-22 16:49:01.820 6739 6739 I DrawerFrame: onInterceptTouchEvent onInterceptTouchEvent=action0,curX=406,curY=510
08-22 16:49:01.823 6739 6739 I wm_on_top_resumed_gained_called: [78130619,com.tencent.mobileqq.activity.SplashActivity,topStateChangedWhenResumed]
08-22 16:49:01.835 6739 6739 I DecorCaptionView: Check caption touch event:[E]=MotionEvent { action=ACTION_MOVE, actionButton=0, id[0]=0, x[0]=386.714, y[0]=515.32794, toolType[0]=TOOL_TYPE_FINGER, buttonState=0, classification=NONE, metaState=0, flags=0x0, edgeFlags=0x0, pointerCount=1, historySize=1, eventTime=9751648, downTime=9751622, deviceId=4, source=0x5002, displayId=0, eventId=1026522884 }
08-22 16:49:01.835 6739 6739 I DrawerFrame: dispatchTouchEvent mLastHandled handled=false
08-22 16:49:01.835 6739 6739 I DrawerFrame: onInterceptTouchEvent onInterceptTouchEvent=action2,curX=387,curY=515
08-22 16:49:01.835 6739 6739 I DrawerFrame: onInterceptTouchActionMove ACTION_MOVE dx=19,overcameSlop=true,scaledTouchSlop=12,mGestureCurrentX=387,mGestureStartX=406
08-22 16:49:01.839 1542 1843 I input_focus: [Focus leaving 937bbd8 com.ss.android.lark/com.ss.android.lark.chatwindow.ChatWindowActivity (server),reason=setFocusedWindow]
08-22 16:49:01.839 1542 1843 I input_focus: [Focus entering 7696002 com.tencent.mobileqq/com.tencent.mobileqq.activity.SplashActivity (server),reason=setFocusedWindow]
08-22 16:49:01.840 6739 6739 D ImeFocusController: onViewFocusChanged, view=com.tencent.qqnt.chats.view.ClipSkinnableRecycleView{dfcd17d VFED..... .F...... 0,0-695,1235 #7f0a0e24 app:id/ncx aid=1073741824}, mServedView=com.tencent.qqnt.chats.view.ClipSkinnableRecycleView{dfcd17d VFED..... .F...... 0,0-695,1235 #7f0a0e24 app:id/ncx aid=1073741824}
08-22 16:49:01.841 6739 6739 V ImeFocusController: onWindowFocus: com.tencent.qqnt.chats.view.ClipSkinnableRecycleView{dfcd17d VFED..... .F...... 0,0-695,1235 #7f0a0e24 app:id/ncx aid=1073741824} softInputMode=STATE_UNSPECIFIED|ADJUST_PAN
08-22 16:49:01.841 6739 6739 V ImeFocusController: Restarting due to isRestartOnNextWindowFocus as true
08-22 16:49:01.841 6739 6739 D ImeFocusController: onViewFocusChanged, view=com.tencent.qqnt.chats.view.ClipSkinnableRecycleView{dfcd17d VFED..... .F...... 0,0-695,1235 #7f0a0e24 app:id/ncx aid=1073741824}, mServedView=com.tencent.qqnt.chats.view.ClipSkinnableRecycleView{dfcd17d VFED..... .F...... 0,0-695,1235 #7f0a0e24 app:id/ncx aid=1073741824}
08-22 16:49:01.841 6739 6739 V ImeFocusController: checkFocus: view=com.tencent.qqnt.chats.view.ClipSkinnableRecycleView{dfcd17d VFED..... .F...... 0,0-695,1235 #7f0a0e24 app:id/ncx aid=1073741824} next=com.tencent.qqnt.chats.view.ClipSkinnableRecycleView{dfcd17d VFED..... .F...... 0,0-695,1235 #7f0a0e24 app:id/ncx aid=1073741824} force=true package=com.tencent.mobileqq
08-22 16:49:01.842 6739 6775 I Notification.Step: cancelAllNotification
08-22 16:49:01.842 6739 6775 D Notification.Session: saveUinIdMapToSp, mapAsString:
08-22 16:49:01.844 3270 3270 V InputMethod: unbindInput(): binding=InputBinding{android.os.BinderProxy@8e137c6 / uid 10119 / pid 30420} ic=InputConnectionWrapper{idHash=#a9f5d03 mMissingMethods=}
08-22 16:49:01.844 3270 3270 I ImeService: ImeService(com.baidu.input_hryt.ImeService@71480ac) life called >>> onUnbindInput
08-22 16:49:01.844 3270 3270 D ImeService: onUnbindInput
08-22 16:49:01.844 3270 3270 I ImeService: ImeService(com.baidu.input_hryt.ImeService@71480ac) life called >>> onUnbindInput false
08-22 16:49:01.845 3270 3270 V InputMethodService: CALL: hideWindow
08-22 16:49:01.845 3270 3270 V InputMethod: bindInput(): binding=InputBinding{android.os.BinderProxy@7a19e12 / uid 10123 / pid 6739} ic=InputConnectionWrapper{idHash=#c761efe mMissingMethods=}
08-22 16:49:01.845 3270 3270 I ImeService: ImeService(com.baidu.input_hryt.ImeService@71480ac) life called >>> onBindInput
08-22 16:49:01.845 3270 3270 D ImeService: onBindInput
08-22 16:49:01.845 3270 3270 V InputMethod: startInput(): editor=android.view.inputmethod.EditorInfo@230c65f
08-22 16:49:01.846 3270 3270 V InputMethodService: CALL: doFinishInput
08-22 16:49:01.846 3270 3270 D InlineSuggestionSessionController: notifyOnFinishInput
08-22 16:49:01.846 3270 3270 V InputMethodService: CALL: onFinishInput
08-22 16:49:01.846 3270 3270 I ImeService: ImeService(com.baidu.input_hryt.ImeService@71480ac) life called >>> onFinishInput
08-22 16:49:01.846 3270 3270 D ImeService: onFinishInput
08-22 16:49:01.846 3270 3270 D InlineSuggestionSessionController: notifyOnStartInput: com.tencent.mobileqq, 1073741824
08-22 16:49:01.846 3270 3270 V InputMethodService: CALL: onStartInput
08-22 16:49:01.846 3270 3270 I ImeService: ImeService(com.baidu.input_hryt.ImeService@71480ac) life called >>> onStartInput false 10.6.1003.20
08-22 16:49:01.846 3270 3270 D ImeService: current version:10.6.1003.20
08-22 16:49:01.846 3270 3270 D ImeService: onStartInput:packageName:com.tencent.mobileqq inputType:0 restarting:false,fieldId:2131365412,imeOptions:0
08-22 16:49:01.847 3270 3923 E CarAuth : check ok
08-22 16:49:01.848 3270 3270 I ColorPicker: invalidatePickedColors: oldFloatColor=fff5f7fa
08-22 16:49:01.851 6739 6739 I DecorCaptionView: Check caption touch event:[E]=MotionEvent { action=ACTION_MOVE, actionButton=0, id[0]=0, x[0]=349.00632, y[0]=524.1096, toolType[0]=TOOL_TYPE_FINGER, buttonState=0, classification=NONE, metaState=0, flags=0x0, edgeFlags=0x0, pointerCount=1, historySize=1, eventTime=9751660, downTime=9751622, deviceId=4, source=0x5002, displayId=0, eventId=195190592 }
08-22 16:49:01.851 6739 6739 I DrawerFrame: dispatchTouchEvent mLastHandled handled=false
08-22 16:49:01.851 6739 6739 I DrawerFrame: onTouchEvent action=2
08-22 16:49:01.852 30420 30420 D InsetsSourceConsumer: applyLocalVisibilityOverride: No control in com.ss.android.lark/com.ss.android.lark.chatwindow.ChatWindowActivity requestedVisible false
08-22 16:49:01.852 30420 30420 D InsetsSourceConsumer: Call hide for ITYPE_IME on com.ss.android.lark/com.ss.android.lark.chatwindow.ChatWindowActivity
08-22 16:49:01.852 30420 30420 D InsetsSourceConsumer: applyLocalVisibilityOverride: No control in com.ss.android.lark/com.ss.android.lark.chatwindow.ChatWindowActivity requestedVisible false
08-22 16:49:01.856 6739 6739 D SkinnableBitmapDrawable: setColorFilter : qui_daka_vas_icon_navigation_01.xml
08-22 16:49:01.857 6739 6739 D SkinEngine: load file : qui_common_icon_nav_primary.xml
08-22 16:49:01.857 6739 6739 D TokenEngine: afterColorLoaded id: 2131103781qui_common_icon_nav_primary.xml color : #FFFFFF
08-22 16:49:01.857 6739 6739 D SkinnableBitmapDrawable: setColorFilter : qui_daka_vas_icon_navigation_01.xml
08-22 16:49:01.858 6739 6739 D SkinnableBitmapDrawable: setColorFilter : qui_close_vas_icon_navigation_01.xml
08-22 16:49:01.858 6739 6739 D SkinnableBitmapDrawable: setColorFilter : qui_qrcode_vas_icon_navigation_01.xml
08-22 16:49:01.858 6739 6739 D SkinnableBitmapDrawable: setColorFilter : qui_close_vas_icon_navigation_01.xml
08-22 16:49:01.858 6739 6739 D SkinnableBitmapDrawable: setColorFilter : qui_qrcode_vas_icon_navigation_01.xml
08-22 16:49:01.858 6739 6739 D SkinEngine: load file : qui_common_text_nav_primary.xml
08-22 16:49:01.858 6739 6739 D TokenEngine: afterColorLoaded id: 2131103797qui_common_text_nav_primary.xml color : #FFFFFF
08-22 16:49:01.867 6739 6739 I DecorCaptionView: Check caption touch event:[E]=MotionEvent { action=ACTION_MOVE, actionButton=0, id[0]=0, x[0]=240.57004, y[0]=545.247, toolType[0]=TOOL_TYPE_FINGER, buttonState=0, classification=NONE, metaState=0, flags=0x0, edgeFlags=0x0, pointerCount=1, historySize=2, eventTime=9751677, downTime=9751622, deviceId=4, source=0x5002, displayId=0, eventId=931700729 }
08-22 16:49:01.867 6739 6739 I DrawerFrame: dispatchTouchEvent mLastHandled handled=false
08-22 16:49:01.867 6739 6739 I DrawerFrame: onTouchEvent action=2
08-22 16:49:01.884 6739 6739 I DecorCaptionView: Check caption touch event:[E]=MotionEvent { action=ACTION_MOVE, actionButton=0, id[0]=0, x[0]=45.291595, y[0]=574.9551, toolType[0]=TOOL_TYPE_FINGER, buttonState=0, classification=NONE, metaState=0, flags=0x0, edgeFlags=0x0, pointerCount=1, historySize=2, eventTime=9751693, downTime=9751622, deviceId=4, source=0x5002, displayId=0, eventId=46257581 }
08-22 16:49:01.884 6739 6739 I DrawerFrame: dispatchTouchEvent mLastHandled handled=false
08-22 16:49:01.884 6739 6739 I DrawerFrame: onTouchEvent action=2
08-22 16:49:01.897 661 676 I mpu_uart: [MSG-P:RECV]:No message received in 1000 ms
08-22 16:49:01.904 661 675 I mpu_uart: [MSG-P:R]:recv sync frame timeout
08-22 16:49:01.918 6739 6739 D ViewTouchDebug: mView : DecorView@f2e581[SplashActivity]Receive event : MotionEvent { action=ACTION_UP, actionButton=0, id[0]=0, x[0]=77.49999, y[0]=569.99994, toolType[0]=TOOL_TYPE_FINGER, buttonState=0, classification=NONE, metaState=0, flags=0x0, edgeFlags=0x0, pointerCount=1, historySize=0, eventTime=9751732, downTime=9751622, deviceId=4, source=0x5002, displayId=0, eventId=1028051430 }
08-22 16:49:01.918 1542 1843 D PowerManagerService: userActivityNoUpdateLocked: groupId=0, eventTime=9751732, event=2, flags=0x0, uid=1000
08-22 16:49:01.918 1542 1843 D PowerManagerNotifier: onUserActivity: event=2, uid=1000
08-22 16:49:01.918 1542 1843 D PowerManagerService: updateUserActivitySummaryLocked: groupId=0, mWakefulness=Awake, mUserActivitySummary=0x1, nextTimeout=10351732 (in 599999 ms)
08-22 16:49:01.918 1542 1843 D PowerManagerNotifier: onScreenPolicyUpdate: newPolicy=3
08-22 16:49:01.918 1542 1843 D PowerManagerService: updateDisplayPowerStateLocked: displayReady=true, groupId=0, policy=BRIGHT, mWakefulness=Awake, mWakeLockSummary=0x0, mUserActivitySummary=0x1, mBootCompleted=true, screenBrightnessOverride=NaN, useAutoBrightness=false, mScreenBrightnessBoostInProgress=false, mIsVrModeEnabled= false, sQuiescent=false
08-22 16:49:01.919 6739 6739 I DecorCaptionView: Check caption touch event:[E]=MotionEvent { action=ACTION_UP, actionButton=0, id[0]=0, x[0]=77.49999, y[0]=569.99994, toolType[0]=TOOL_TYPE_FINGER, buttonState=0, classification=NONE, metaState=0, flags=0x0, edgeFlags=0x0, pointerCount=1, historySize=0, eventTime=9751732, downTime=9751622, deviceId=4, source=0x5002, displayId=0, eventId=1028051430 }
08-22 16:49:01.919 6739 6739 I DrawerFrame: dispatchTouchEvent mLastHandled handled=false
08-22 16:49:01.919 6739 6739 I DrawerFrame: onTouchEvent action=1
08-22 16:49:02.117 30420 30439 W ss.android.lar: Profile data size exceeds 500000 bytes. It has 765073 bytes.
08-22 16:49:02.276 6739 6739 D Q.recent: FrameHelperActivity#onDrawerClosed: misDrawerOpened=false
08-22 16:49:02.277 6739 6739 I QzoneConfig: key = tianshu_feature secondaryKey= red_touch_dismiss value= null
08-22 16:49:02.280 6739 6739 I QQSettingMe: QQSettingMeZPlanProcessor releaseEngine
08-22 16:49:02.281 6739 6739 I PERF_LOG: SM.traceEnd, scene is QQSettingMe
08-22 16:49:02.282 6739 6739 I MemoryControl_CacheControl: traceStart, Conversation
08-22 16:49:02.282 6739 6739 I MemoryControl_AppStateMonitor: updateCurrentBusinessTag, businessTag:Setting, appAction:TRACE_END, addOrRemove: false, Stack: [Conversation]
08-22 16:49:02.286 6739 6739 D QQDtReporter: 848QQDT _report eventKey: dt_pgout, appKey:0S200MNJT807V3GE, type: NORMAL, isQCircle: false, isMsfImme: false, params: {client_page_name=com.tencent.mobileqq.activity.SplashActivity_0, dt_starttype=0, dt_wxopenid=, dt_seqtime=1692693961724, app_bld=4484, dt_fchlid=, dt_cre_pgid=pg_bas_msglist, os_vrsn=Android 12, dt_mchlid=, client_process_name=com.tencent.mobileqq, dt_tid=, dt_guid=7aec25665a8bc28fe553ffe67e8089ed, dt_usstmp=1692693456459, dt_ref_pgid=pg_bas_msglist, dt_pgstp=8, dt_callfrom=0, dt_qq=2920213450, dt_usid=1692693456459251, dt_ussn=1692693427565001, dt_lvtm=180560, dt_qqopenid=, dt_omgbzid=, dt_seqid=1, os=1, dt_mainlogin=, udf_kv={"pg_stp":8,"lvtm":180560,"ref_pg":{"home_uin":"2920213450","pg_stp":7,"uid":"u_I1LHVbN9qGsl_nPtV8DczA","qq_pgid":"pg_bas_msglist","qq_pg_contentid":"pg_bas_msglist","qq_pgstp":1,"qq_ele_is_first_imp":0,"pgid":"pg_bas_msglist","qq_ref_pgid":"vr_page_none","msglist_type":0},"cre_pg":{"home_uin":"2920213450","pg_stp":7,"uid":"u_I1LHVbN9qGsl_nPtV8DczA","qq_pgid":"pg_bas_msglist","qq_pg_contentid":"pg_bas_msglist","qq_pgstp":1,"qq_ele_is_first_imp":0,"pgid":"pg_bas_msglist","qq_ref_pgid":"vr_page_none","msglist_type":0},"pgid":"pg_drawer"}, dt_is_interactive_flag=1, dt_protoversion=1, dt_wbopenid=, dt_callschema=0, dt_simtype=3, qq_appid=537173622, dt_pgid=pg_drawer, dt_oaid=, dt_appkey=0S200MNJT807V3GE, dt_adcode=, dt_wxunionid=, dt_accountid=2920213450, ui_vrsn=01.00.0136, dt_sdkversion=2434, app_vr=8.9.76, dt_coldstart=1}
08-22 16:49:02.286 6739 6739 I ElementExposure.ElementExposureReporter: onPageOut(), pageId = pg_drawer
08-22 16:49:02.290 6739 6739 I TabDataHelper: getTabSwitch uin=3450,guidValue=1,newWoldValue=2,rijValue=1,metaDreamValue=1,guidLocalValue=4,newWoldLocalValue=4,rijLocalValue=4,metaDreamLocalValue=4
08-22 16:49:02.290 6739 6739 I updateQCircleRedDot: update at onFragmentDrawerClosed, isResume=true
08-22 16:49:02.290 6739 6739 I QzoneConfig: key = qqcircle secondaryKey= qqcircle_production_expid value= null
08-22 16:49:02.290 6739 6739 E QCircleConfigHelper: isNewNameExp:
08-22 16:49:02.292 6739 6775 I QCBT-QCircleInjectImpl: updateQCircleRedDot, not match carouselStrategy
08-22 16:49:02.292 6739 6775 D QCircleRedInfoBean: refreshRedDotInfo
08-22 16:49:02.293 6739 6739 I QzoneConfig: key = qqcircle secondaryKey= qqcircle_product_name value= null
08-22 16:49:02.296 6739 6788 D TraceUtils: DTChatsReport-DTChatsReport-onPgIn cost: 7.009688
08-22 16:49:02.300 6739 6810 D QQDtReporter: 848QQDT _report eventKey: qq_imp, appKey:0S200MNJT807V3GE, type: NORMAL, isQCircle: false, isMsfImme: false, params: {client_page_name=com.tencent.mobileqq.activity.SplashActivity_0, dt_starttype=0, dt_wxopenid=, dt_seqtime=1692693456470, app_bld=4484, dt_fchlid=, os_vrsn=Android 12, dt_mchlid=, client_process_name=com.tencent.mobileqq, dt_tid=, dt_guid=7aec25665a8bc28fe553ffe67e8089ed, dt_usstmp=1692693456459, dt_callfrom=0, dt_qq=2920213450, dt_usid=1692693456459251, dt_ussn=1692693427565001, dt_qqopenid=, dt_omgbzid=, dt_eid=em_bas_associate_account_message_session, dt_seqid=6, os=1, dt_mainlogin=, udf_kv={"qq_pgstp":1,"qq_ele_is_first_imp":0,"qq_ref_pgid":"vr_page_none","msglist_type":0,"home_uin":"2920213450","uid":"u_I1LHVbN9qGsl_nPtV8DczA","qq_pgid":"pg_bas_msglist","qq_pg_contentid":"pg_bas_msglist","nickname":"","qq_eid":"em_bas_associate_account_message_session","abstract_number":0}, dt_protoversion=1, dt_wbopenid=, dt_callschema=0, dt_simtype=3, qq_appid=537173622, dt_pgid=pg_bas_msglist, dt_oaid=, dt_adcode=, dt_wxunionid=, dt_accountid=2920213450, ui_vrsn=01.00.0136, dt_sdkversion=2434, app_vr=8.9.76, dt_coldstart=1}
08-22 16:49:02.302 6739 6739 D ChatListReporter: [trySendEvent] trigger to handle immediately
08-22 16:49:02.303 6739 6739 D QCBT-QCircleInjectImpl: updateQCircleRedDot, red_type: 0, at: onFragmentDrawerClosed
08-22 16:49:02.304 6739 6739 I QCircleTabRedPoint.TabAvatarHelper: updateTabAvatarStatus, source=UPDATE_RED_POINT, hasAvatar=false
08-22 16:49:02.306 6739 6809 D QQDtReporter: 848QQDT _report eventKey: dt_pgin, appKey:0S200MNJT807V3GE, type: REALTIME, isQCircle: false, isMsfImme: false, params: {client_page_name=com.tencent.mobileqq.activity.SplashActivity_0, dt_starttype=0, dt_wxopenid=, dt_seqtime=1692693456470, app_bld=4484, dt_fchlid=, os_vrsn=Android 12, dt_mchlid=, client_process_name=com.tencent.mobileqq, dt_tid=, dt_guid=7aec25665a8bc28fe553ffe67e8089ed, dt_usstmp=1692693456459, dt_pgstp=9, dt_callfrom=0, dt_qq=2920213450, dt_usid=1692693456459251, dt_ussn=1692693427565001, dt_qqopenid=, dt_omgbzid=, dt_seqid=5, os=1, dt_mainlogin=, udf_kv={"ref_pg":{"pg_stp":8,"pgid":null},"cre_pg":{"pg_stp":8,"pgid":null},"qq_pgstp":1,"qq_ele_is_first_imp":0,"pgid":"pg_bas_msglist","qq_ref_pgid":"vr_page_none","msglist_type":0,"home_uin":"2920213450","pg_stp":9,"uid":"u_I1LHVbN9qGsl_nPtV8DczA","qq_pgid":"pg_bas_msglist","qq_pg_contentid":"pg_bas_msglist"}, dt_protoversion=1, dt_wbopenid=, dt_callschema=0, dt_simtype=3, qq_appid=537173622, dt_pgid=pg_bas_msglist, dt_oaid=, dt_adcode=, dt_wxunionid=, dt_pg_isreturn=0, dt_accountid=2920213450, ui_vrsn=01.00.0136, dt_sdkversion=2434, app_vr=8.9.76, dt_coldstart=1}
08-22 16:49:02.314 6739 6739 D ChatListReporter: [handleReportEvent] current event: c, dataSize: 6
08-22 16:49:02.314 6739 6739 D ChatListReporter: [handleReportEvent] current event: b, dataSize: 2
08-22 16:49:02.315 6739 6739 I QCirclePublicAccountDTEventProcessor: start exposure, msgId=7270064478959862310
08-22 16:49:02.315 6739 6739 D SkinnableBitmapDrawable: setColorFilter : qui_daka_vas_icon_navigation_01.xml
08-22 16:49:02.315 6739 6739 D SkinnableBitmapDrawable: setColorFilter : qui_daka_vas_icon_navigation_01.xml
08-22 16:49:02.316 6739 6739 D SkinnableBitmapDrawable: setColorFilter : qui_close_vas_icon_navigation_01.xml
08-22 16:49:02.316 6739 6739 D SkinnableBitmapDrawable: setColorFilter : qui_qrcode_vas_icon_navigation_01.xml
08-22 16:49:02.316 6739 6739 D SkinnableBitmapDrawable: setColorFilter : qui_close_vas_icon_navigation_01.xml
08-22 16:49:02.316 6739 6739 D SkinnableBitmapDrawable: setColorFilter : qui_qrcode_vas_icon_navigation_01.xml
08-22 16:49:02.316 6739 6844 I QCirclePublicAccountMessageServiceImpl: findQCirclePublicAccountContact=RecentContactInfo(id=u_E_ho5k8JClaNR6SZjqNdJQ msgId=7270064478959862310 msgTime=1692693792chatType=103 peerUin=2677842790 peerName=小世界精选 unReadCont=1 unreadFlag=0 )
08-22 16:49:02.317 6739 6844 I NTKernel: [SDK_LOG]seq(3956)---- [I] msg_service.cc(678)::GetMessageListByMsgIdList MsgService::GetMessageListByMsgIdList
08-22 16:49:02.317 6739 6739 I page.PageSwitchObserver: detectActivePage: active page found, view = DecorView@f2e581[SplashActivity], page = com.tencent.qqlive.module.videoreport.page.PageInfo@10c64a86
08-22 16:49:02.318 6739 6844 I QCirclePublicAccountMessageServiceImpl: findQCirclePublicAccountContact=RecentContactInfo(id=u_E_ho5k8JClaNR6SZjqNdJQ msgId=7270064478959862310 msgTime=1692693792chatType=103 peerUin=2677842790 peerName=小世界精选 unReadCont=1 unreadFlag=0 )
08-22 16:49:02.318 6739 6844 I NTKernel: [SDK_LOG]seq(3957)---- [I] msg_service.cc(678)::GetMessageListByMsgIdList MsgService::GetMessageListByMsgIdList
08-22 16:49:02.318 6739 6844 I NTKernel: [SDK_LOG]seq(3958)---- [I] msg_service.cc(705)::operator() [msg_service]->get msg by msgids, record count:1
08-22 16:49:02.321 6739 6844 I NTKernel: [SDK_LOG]seq(3959)---- [I] msg_service.cc(705)::operator() [msg_service]->get msg by msgids, record count:1
08-22 16:49:02.322 6739 17901 I QCirclePublicAccountMessageServiceImpl: fetchQCirclePublicAccountLatestMsg=MsgRecord(id=7270064478959862310 msgTime=1692693792 chatType=103 peerUin=2677842790 peerName= )
08-22 16:49:02.323 6739 6844 I NTKernel: [SDK_LOG]seq(3960)---- [I] msg_storage_mgr.cc(3313)::ProcessQueryLastMessageListByFilterResult [msg_storage_mgr]->query contact 103-u_8zYoRDnwjpWg91HWuO-WGA, last msg seq 0, time 1692693631
08-22 16:49:02.324 2135 2135 D MicroService: onHeartBeatDetected
08-22 16:49:02.324 6739 17868 I NTKernel: [SDK_LOG]seq(3961)---- [I] db_connection.cc(679)::AllocSqliteHandle [data_base]->conn[nt_msg.db] alloc new sqlite handle[1]
08-22 16:49:02.325 2135 2135 D MicroService: sendHeartbeatMessage
08-22 16:49:02.327 6739 17868 I NTKernel: [SDK_LOG]seq(3962)---- [I] db_connection.cc(679)::AllocSqliteHandle [data_base]->conn[nt_msg.db] alloc new sqlite handle[1]
08-22 16:49:02.328 2135 4099 D MicroService: handleHeartBeat:322
08-22 16:49:02.328 6739 6844 I NTKernel: [SDK_LOG]seq(3963)---- [I] msg_storage_mgr.cc(3313)::ProcessQueryLastMessageListByFilterResult [msg_storage_mgr]->query contact 103-u_E_ho5k8JClaNR6SZjqNdJQ, last msg seq 0, time 1692693792
08-22 16:49:02.336 6739 17901 I QCirclePublicAccountMessageServiceImpl: toQCirclePublicAccountMessageInfo=QCirclePublicAccountMessageInfo(id=B_h9ea79a649a580800cP0QdP0Nd34Vcw0X5c1692693792 feedId=B_h9ea79a649a580800cP0QdP0Nd34Vcw0X5c isLocal=false receiveTime=1692693792 hasOw=false )
08-22 16:49:02.336 6739 17901 I QCirclePublicAccountMessageServiceImpl: fetchQCirclePublicAccountLatestMsg=MsgRecord(id=7270064478959862310 msgTime=1692693792 chatType=103 peerUin=2677842790 peerName= )
08-22 16:49:02.339 6739 17901 I QCirclePublicAccountMessageServiceImpl: toQCirclePublicAccountMessageInfo=QCirclePublicAccountMessageInfo(id=B_h9ea79a649a580800cP0QdP0Nd34Vcw0X5c1692693792 feedId=B_h9ea79a649a580800cP0QdP0Nd34Vcw0X5c isLocal=false receiveTime=1692693792 hasOw=false )
08-22 16:49:02.340 6739 6846 I NTKernel: [SDK_LOG]seq(3964)---- [I] db_command.cc(261)::Run [data_base]->task[256] run success. run_time[0-3-14]:custom query command:SELECT * FROM (SELECT * FROM c2c_msg_table WHERE "40027" = 1 AND ("40011" != 1) ORDER BY "40050" DESC, "40001" DESC LIMIT 1) anager/msg_db_mgr.cc:DoQueryMessageListBySQL:2780
08-22 16:49:02.340 6739 6844 I NTKernel: [SDK_LOG]seq(3965)---- [I] msg_storage_mgr.cc(3313)::ProcessQueryLastMessageListByFilterResult [msg_storage_mgr]->query contact 103-u_ODsaD3ecUGWdBoN-xx6xmg, last msg seq 0, time 1692693606
08-22 16:49:02.344 6739 5940 D TianShuManager: printReportLog reportData = TianShuReportData{mToUid='', mTraceId='2909288299_1692694142', mTraceNum=1, mTraceDetail='', mTraceIndex='', mAppId='vab_push', mPageId='vab_push', mItemId='2008111', mSubItemId='vab_push', mModuleId='vab_push', mSubModuleId='', mPositionId='0', mTestId=-1, mRuleId=-1, mOperTime=1692694142, mActionId=101, mActionValue=1, mActionAttr=6, mTriggerInfo='{"oac_triggle":"ad_id=2008111\u0026busi_id=\u0026busi_info=%7B%22as_ts%22%3A934.11%2C%22p_size%22%3A1%2C%22pack_time%22%3A0%2C%22policy_id%22%3A9167524%2C%22prc_size%22%3A3%2C%22rc_size%22%3A3%2C%22tianshu_footageid%22%3A602215%7D","news_extra":"{\"click_type\":1,\"article_url\":\"https://view.inews.qq.com/q/WXN2023082200155300?bat_id=115201227\u0026rg=7\u0026pushid=2023082261\u0026rate=0\u0026grp_id=315201228\u0026cur_pos=0\u0026_wv=1\u0026_rp=1\u0026bkt=0\u0026qq=2920213450\u0026open_id=7FCF744EE2B76F68EDB2874562107926\u0026pid=2023082261\",\"hide_titlebar\":1}\n"}', mBusiInfo='{"red_cnt":"1","msg_rand":"2008111","msg_seq":"0"}', mItemType='', mNeedReportCachedUrl='true'}
08-22 16:49:02.345 6739 5940 D TianShuManager: printReportLog reportData = TianShuReportData{mToUid='', mTraceId='2677842790_1692694142', mTraceNum=1, mTraceDetail='', mTraceIndex='', mAppId='vab_push', mPageId='vab_push', mItemId='1442889', mSubItemId='vab_push', mModuleId='vab_push', mSubModuleId='', mPositionId='0', mTestId=-1, mRuleId=-1, mOperTime=1692694142, mActionId=101, mActionValue=1, mActionAttr=6, mTriggerInfo='{"oac_triggle":"ad_id=1442889\u0026busi_id=%7B%22feedId%22%3A%22B_h9ea79a649a580800cP0QdP0Nd34Vcw0X5c%22%2C%22createTime%22%3A%221687857054%22%2C%22anchorUin%22%3A%223047014192%22%2C%22transData%22%3A%7B%22contentId%22%3A%221043416735144738834%22%2C%22feedId%22%3A%223047014192%7CB_h9ea79a649a580800cP0QdP0Nd34Vcw0X5c%7C1687857054%22%2C%22type%22%3A1%2C%22sessionId%22%3A%222920213450_1043416735144738834_1692693792%22%2C%22algoId%22%3A197001%2C%22vh%22%3A1024%2C%22vw%22%3A576%7D%2C%22reportData%22%3A%7B%22contentID%22%3A%201043416735144738834%20%2C%22pushType%22%3A%221%22%2C%22algoId%22%3A%22197001%22%2C%22traceId%22%3A%222920213450_8_1692693792%22%2C%22sessionId%22%3A%222920213450_1043416735144738834_1692693792%22%2C%22redType%22%3A1100%2C%22flowType%22%3A1%2C%22nt%22%3A%221%22%7D%2C%22feedInfo%22%3A%7B%22type%22%3A3%2C%22nick%22%3A%22%E9%80%9B%E5%90%83%E9%9D%92%E5%B2%9B%22%2C%22content%22%3A%22%E5%A5%B3%E5%AD%90%E7%98%AB%E7%97%AA%E5%90%8E%E8%A2%AB%E8%80%81%E5%85%AC%E5%8C%BA%E5%88%AB%E5%AF%B9%E5%BE%85%EF%BC%8C%E5%A5%B3%E5%AD%90%E6%89%BF%E5%8F%97%E4%B8%8D%E4%BD%8F%E5%8F%8C%E6%89%8B%E7%B4%A7%E6%8F%A1%E6%8B%B3%E5%A4%B4%E6%80%92%E7%A0%B8%E8%84%91%E9%97%A8%EF%BC%8C%E2%80%9C%E8%B0%81%E9%83%BD%E4%B8%8D%E5%AE%B9%E6%98%93%E4%BA%92%E7%9B%B8%E7%90%86%E8%A7%A3%E4%BA%92%E7%9B%B8%E5%8C%85%E5%AE%B9%E2%80%9D%22%2C%22uin%22%3A%223047014192%22%2C%22height%22%3A1024%2C%22width%22%3A576%2C%22likeNum%22%3A24562%2C%22fuelNum%22%3A23521%2C%22commentNum%22%3A6543%2C%22shareNum%22%3A2847%2C%22coverUrl%22%3A%22http%3A//worldgz.photo.store.qq.com/psc%3F/world/O0cFsaTfOlqjIAnYAvw8Wq.dadtldq.JcAvuUxmbht814wdMuNlCkkU5DjKMR5PF2.3XVDaCKo8vmOqQtf.b6oCE88.ecbN5jNJ9uUwizaE%21/c%26bo%3DOASABzgEgAcRHyg%21%26ek%3D1%26tl%3D1%26tm%3D1692693792%26vuin%3Df2cc99fc1ac28391%26wm_text%3DQOmAm.WQg.mdkuWymw%21%21%26h5%3D711%26w5%3D400%22%2C%22videoInfo%22%3A%7B%22fileId%22%3A%2250040_0b53q6oqfnia6eakkau24nshrb6dak3qbpka%22%2C%22playUrl%22%3A%22http%3A//circlevideo3.photo.qq.com/50040_0b53q6oqfnia6eakkau24nshrb6dak3qbpka.f101000.mp4%3Fcvkey%3DlUIQta9QSMRHOkhZVXItmVp4zJP29j8kD%252BY33ilEA%252BKYOfLDdt0reCzvi3rs3tWBagl8A02kw4xULtYUmpTVoQ%253D%253D%26dis_k%3Dcbec772e1473b0bbd58d4e737012759b%26dis_t%3D1692693792%26traceid%3D2920213450%26vuin%3Df2cc99fc1ac28391%22%2C%22duration%22%3A14048%7D%2C%22avatar%22%3A%22http%3A//thirdqq.qlogo.cn/g%3Fb%3Doidb%26k%3Dxia0AO0Bk3zv6iaxpBOuviaMg%26kti%3DZOR1IAAAAAE%26s%3D140%22%7D%2C%22pubName%22%3A%22%E5%B0%8F%E4%B8%96%E7%95%8C%E7%B2%BE%E9%80%89%22%2C%22flowType%22%3A1%7D\u0026busi_info=%7B%22as_ts%22%3A1100.21%2C%22p_size%22%3A1%2C%22pack_time%22%3A2023082216%2C%22policy_id%22%3A8469517%2C%22prc_size%22%3A1%2C%22rc_size%22%3A1%2C%22tianshu_footageid%22%3A499655%7D"}', mBusiInfo='{"red_cnt":"1","msg_rand":"1442889","msg_seq":"0"}', mItemType='', mNeedReportCachedUrl='true'}
08-22 16:49:02.346 6739 5940 D TianShuManager: printReportLog reportData = TianShuReportData{mToUid='', mTraceId='1770946116_1692694142', mTraceNum=1, mTraceDetail='', mTraceIndex='', mAppId='vab_push', mPageId='vab_push', mItemId='1852881', mSubItemId='vab_push', mModuleId='vab_push', mSubModuleId='', mPositionId='0', mTestId=-1, mRuleId=-1, mOperTime=1692694142, mActionId=101, mActionValue=1, mActionAttr=6, mTriggerInfo='{"oac_triggle":"ad_id=1852881\u0026busi_info=%7B%22as_ts%22%3A1609.39%2C%22p_size%22%3A1%2C%22pack_time%22%3A2023082216%2C%22policy_id%22%3A8997656%2C%22prc_size%22%3A1%2C%22rc_size%22%3A1%2C%22tianshu_footageid%22%3A577048%7D"}', mBusiInfo='{"red_cnt":"1","msg_rand":"1852881","msg_seq":"0"}', mItemType='', mNeedReportCachedUrl='true'}
08-22 16:49:02.347 6739 6848 I NTKernel: [SDK_LOG]seq(3966)---- [I] db_command.cc(261)::Run [data_base]->task[257] run success. run_time[0-4-19]:custom query command:SELECT * FROM (SELECT * FROM c2c_msg_table WHERE "40027" = 4 AND ("40011" != 1) ORDER BY "40050" DESC, "40001" DESC LIMIT 1) anager/msg_db_mgr.cc:DoQueryMessageListBySQL:2780
08-22 16:49:02.347 6739 6844 I NTKernel: [SDK_LOG]seq(3967)---- [I] msg_storage_mgr.cc(3313)::ProcessQueryLastMessageListByFilterResult [msg_storage_mgr]->query contact 103-u_vmmIQZ3yUOpBlO2DISdO2g, last msg seq 0, time 1692673711
08-22 16:49:02.348 6739 5938 D TianShuManager: printReportLog reportData = TianShuReportData{mToUid='', mTraceId='2658655094_1692694142', mTraceNum=1, mTraceDetail='', mTraceIndex='', mAppId='vab_push', mPageId='vab_push', mItemId='1969187', mSubItemId='vab_push', mModuleId='vab_push', mSubModuleId='', mPositionId='0', mTestId=-1, mRuleId=-1, mOperTime=1692694142, mActionId=101, mActionValue=1, mActionAttr=6, mTriggerInfo='{"oac_triggle":"ad_id=1969187\u0026busi_info=%7B%22as_ts%22%3A346.1%2C%22p_size%22%3A1%2C%22pack_time%22%3A2023082211%2C%22policy_id%22%3A9043367%2C%22prc_size%22%3A1%2C%22rc_size%22%3A1%2C%22tianshu_footageid%22%3A423905%7D"}', mBusiInfo='{"red_cnt":"1","msg_rand":"1969187","msg_seq":"0"}', mItemType='', mNeedReportCachedUrl='true'}
08-22 16:49:02.355 6739 6762 W encent.mobileq: Profile data size exceeds 500000 bytes. It has 577034 bytes.
08-22 16:49:02.520 6739 6739 I ElementExposure.ElementExposureReporter: onPageIn(), pageId = pg_bas_msglist
08-22 16:49:02.520 6739 6739 I ElementExposure.ElementExposureReporter: dispatchElementReport(), dispatch element exposure detect delay task, pageId = pg_bas_msglist
08-22 16:49:02.521 6739 6739 W video.VideoPageListener: playerInfoMap is empty!
08-22 16:49:02.522 6739 6739 I ElementExposure.ElementExposureReporter: elementReport(), start element exposure detect task, pageInfo = com.tencent.qqlive.module.videoreport.page.PageInfo@10c64a86
08-22 16:49:02.898 661 676 I mpu_uart: [MSG-P:RECV]:No message received in 1000 ms
08-22 16:49:03.504 6739 6809 D QQDtReporter: 848QQDT _report eventKey: dt_app_heartbeat, appKey:0S200MNJT807V3GE, type: NORMAL, isQCircle: false, isMsfImme: false, params: {client_page_name=com.tencent.mobileqq.activity.SplashActivity_0, dt_starttype=0, dt_wxopenid=, dt_seqtime=1692693456470, app_bld=4484, dt_fchlid=, os_vrsn=Android 12, dt_mchlid=, client_process_name=com.tencent.mobileqq, dt_tid=, dt_guid=7aec25665a8bc28fe553ffe67e8089ed, dt_usstmp=1692693456459, dt_callfrom=0, dt_qq=2920213450, dt_usid=1692693456459251, dt_ussn=1692693427565001, dt_qqopenid=, dt_omgbzid=, dt_seqid=13, os=1, dt_mainlogin=, udf_kv={}, dt_protoversion=1, dt_wbopenid=, dt_app_foreground_heartbeat_duration=59999, dt_callschema=0, dt_simtype=3, qq_appid=537173622, dt_oaid=, dt_adcode=, dt_wxunionid=, dt_accountid=2920213450, ui_vrsn=01.00.0136, dt_sdkversion=2434, app_vr=8.9.76, dt_coldstart=1, dt_app_sessionid=1692693903498479}
08-22 16:49:03.898 661 676 I mpu_uart: [MSG-P:RECV]:No message received in 1000 ms
08-22 16:49:04.099 661 675 D mpu_uart: [MSG-P:R-M]:recved H:38, L:0
08-22 16:49:04.100 661 675 V mpu_uart: recv data buf:[0x3c, 0x26, 0x0, 0x2, 0xd, 0x2, 0x1, 0x1c, 0xd, 0xa, 0x20, 0x41, 0x2d, 0x6d, 0x61, 0x69, 0x6e, 0x5f, 0x6c, 0x6f, 0x6f, 0x70, 0x20, 0x69, 0x73, 0x20, 0x72, 0x75, 0x6e, 0x6e, 0x69, 0x6e, 0x67, 0xd, 0xa, 0x0, 0x0, 0x73, ]
08-22 16:49:04.100 661 675 V mpu_uart:
08-22 16:49:04.100 661 675 V mpu_uart: A-main_loop is running
08-22 16:49:04.100 661 676 D mpu_uart: [SESSION-Distribute]:Message en queue:d
08-22 16:49:04.327 2135 4105 D MicroService: handleHeartBeat:323
08-22 16:49:04.328 2135 2135 D MicroService: onHeartBeatDetected
08-22 16:49:04.328 2135 2135 D MicroService: sendHeartbeatMessage
08-22 16:49:04.657 2342 2342 D RemoteControlService: startVlanDispatchThread
08-22 16:49:04.953 0 0 E [ 9754.765065] [MAX975X: max96755x_vc1_lcd_dtc_check] *ERROR* DTC_Display: screen not ready(0), bl_sta(1), lvl(40)
08-22 16:49:05.054 6739 6845 I NTKernel: [SDK_LOG]seq(3968)---- [I] thread_group_general.cc(709)::OnThreadMonitorTimer [XpngThreadPool]->Task deque number, fast_num=0 slow_num=0
08-22 16:49:05.101 661 676 I mpu_uart: [MSG-P:RECV]:No message received in 1000 ms
08-22 16:49:05.355 7043 7159 D PandoraEx.MonitorReporter: module[network], systemApi[NI#G_TY_NAME], scene[normal], strategy[normal], isSystemCall[true
08-22 16:49:05.356 7043 7159 D PandoraEx.MonitorReporter: module[network], systemApi[NI#G_TY_NAME], scene[normal], strategy[normal], isSystemCall[true
08-22 16:49:05.356 7043 7159 I MSF.D.NetworkProvider: refresh currentAPN:. received networkInfo: CONNECTED :NetworkInfo: type: Ethernet[], state: CONNECTED/CONNECTED, reason: (unspecified), roaming: false, failover: false, isAvailable: true, isConnectedToProvisioningNetwork: true. ExtraNetInfo:
08-22 16:49:05.357 7043 7159 D MSF.D.NetworkProvider: Unexcepted activeNetInfo type:9
08-22 16:49:05.359 7043 7159 D MSF.C.NetConnTag.DualConnContext.true: tryDualConn
08-22 16:49:05.360 7043 7159 D MSF.C.NetConnTag.true: netSend appid:537173622 appSeq:435 ssoSeq:25145 uin:*3450 cmd:HioxOgkwMHQfMDUmGzsxMyUtHSE2LCwILzM/Ji4 len:4748 ver:11 socketEngineID: 0 socket: 122178798
08-22 16:49:05.523 7043 7382 D MSF.C.NetConnTag.true: netRecv ssoSeq:25145 uin:*3450 cmd:HioxOgkwMHQfMDUmGzsxMyUtHSE2LCwILzM/Ji4 25265 ssoRoute:58 cross:0 socketEngineID: 0 socket: 122178798
08-22 16:49:05.524 7043 7171 I MSF.S.AppProcessManager: SendToApp process:com.tencent.mobileqq fromServiceMsg: FromServiceMsg msName:unknown ssoSeq:25145 serviceCmd:TianShu.UserActionMultiReport appSeq:435 failCode:1000 cos t =0 needBoot=false to.len = 4609 from.len = 10
08-22 16:49:05.526 6739 10026 D MSF.D.Proxy: onReceiveResp, fromServiceMsg = TianShu.UserActionMultiReport, ssoSeq = 25145, length = 10
08-22 16:49:06.101 661 676 I mpu_uart: [MSG-P:RECV]:No message received in 1000 ms
08-22 16:49:06.320 2135 4107 D MicroService: handleHeartBeat:324
08-22 16:49:06.330 2135 2135 D MicroService: onHeartBeatDetected
08-22 16:49:06.330 2135 2135 D MicroService: sendHeartbeatMessage
08-22 16:49:06.840 7043 7155 W Settings: Setting airplane_mode_on has moved from android.provider.Settings.System to android.provider.Settings.Global, returning read-only value.
08-22 16:49:07.101 661 676 I mpu_uart: [MSG-P:RECV]:No message received in 1000 ms
08-22 16:49:07.103 661 675 I mpu_uart: [MSG-P:R]:recv sync frame timeout
08-22 16:49:07.215 1542 1542 W WindowManager: removeWindowToken: Attempted to remove non-existing token: android.os.Binder@231fe0a
08-22 16:49:07.281 6739 6739 I QQSettingMe: QQSettingMeZPlanProcessor releaseEngine running.
08-22 16:49:07.282 6739 6739 E QQSettingMe: QQSettingMeZPlanProcessor unRegisterCacheCleanBroadcastReceiver error:java.lang.IllegalArgumentException: Receiver not registered: com.tencent.mobileqq.activity.qqsettingme.QQSettingMeZPlanProcessor$cacheCleanBroadcastReceiver$1@315ced2
08-22 16:49:07.284 6739 6739 W SingletonPool: create com.tencent.mobileqq.zplan.persistent.api.impl.ZPlanDataHelperImpl cost:0
08-22 16:49:07.638 1218 1250 E tlogd : [StorageChecker](hasStorageSpace) space: (used: 21M, free: 38249M), path: /data/tlog/logcat/
08-22 16:49:07.641 0 0 I [ 9757.455855] init: processing action (sys.tlog.tlogdshc.active=1) from (/system/etc/init/tlogd.rc:198)
08-22 16:49:07.648 0 0 I [ 9757.457059] init: starting service 'tlogdshc'...
08-22 16:49:07.752 0 0 I [ 9757.565618] init: Service 'tlogdshc' (pid 5959) exited with status 0 oneshot service took 0.103000 seconds in background
08-22 16:49:07.753 0 0 I [ 9757.565647] init: Sending signal 9 to service 'tlogdshc' (pid 5959) process group...
08-22 16:49:07.753 0 0 I [ 9757.565816] libprocessgroup: Successfully killed process cgroup uid 0 pid 5959 in 0ms
08-22 16:49:08.102 661 676 I mpu_uart: [MSG-P:RECV]:No message received in 1000 ms
08-22 16:49:08.333 2135 2135 E MicroService: heart beat time out, current timeout cnt is 1
08-22 16:49:08.333 2135 2135 D MicroService: onHeartBeatDetected
08-22 16:49:08.333 2135 2135 D MicroService: sendHeartbeatMessage
08-22 16:49:08.339 2135 4109 D MicroService: handleHeartBeat:325
08-22 16:49:09.102 661 676 I mpu_uart: [MSG-P:RECV]:No message received in 1000 ms
08-22 16:49:09.205 0 0 E [ 9759.017049] [MAX975X: max96755x_vc1_lcd_dtc_check] *ERROR* DTC_Display: screen not ready(0), bl_sta(1), lvl(40)
08-22 16:49:09.669 2342 2342 D RemoteControlService: startVlanDispatchThread
08-22 16:49:10.055 6739 6845 I NTKernel: [SDK_LOG]seq(3969)---- [I] thread_group_general.cc(709)::OnThreadMonitorTimer [XpngThreadPool]->Task deque number, fast_num=0 slow_num=0
08-22 16:49:10.102 661 676 I mpu_uart: [MSG-P:RECV]:No message received in 1000 ms
08-22 16:49:10.107 661 675 I mpu_uart: [MSG-P:R]:recv sync frame timeout
08-22 16:49:10.326 2135 4116 D MicroService: handleHeartBeat:326
08-22 16:49:10.335 2135 2135 D MicroService: onHeartBeatDetected
08-22 16:49:10.336 2135 2135 D MicroService: sendHeartbeatMessage
08-22 16:49:11.102 661 676 I mpu_uart: [MSG-P:RECV]:No message received in 1000 ms
08-22 16:49:11.417 5968 5968 I auditd : type=1400 audit(0.0:60263): avc: denied { open } for comm="top" path="/proc/sys/kernel/pid_max" dev="proc" ino=2522890 scontext=u:r:untrusted_app_27:s0:c512,c768 tcontext=u:object_r:proc_pid_max:s0 tclass=file permissive=1 app=com.tencent.mobileqq
08-22 16:49:11.417 5968 5968 I top : type=1400 audit(0.0:60263): avc: denied { open } for path="/proc/sys/kernel/pid_max" dev="proc" ino=2522890 scontext=u:r:untrusted_app_27:s0:c512,c768 tcontext=u:object_r:proc_pid_max:s0 tclass=file permissive=1 app=com.tencent.mobileqq
08-22 16:49:11.425 5968 5968 I auditd : type=1400 audit(0.0:60264): avc: denied { open } for comm="top" path="/proc/stat" dev="proc" ino=4026532245 scontext=u:r:untrusted_app_27:s0:c512,c768 tcontext=u:object_r:proc_stat:s0 tclass=file permissive=1 app=com.tencent.mobileqq
08-22 16:49:11.425 5968 5968 I top : type=1400 audit(0.0:60264): avc: denied { open } for path="/proc/stat" dev="proc" ino=4026532245 scontext=u:r:untrusted_app_27:s0:c512,c768 tcontext=u:object_r:proc_stat:s0 tclass=file permissive=1 app=com.tencent.mobileqq
08-22 16:49:11.754 6739 6789 I PERF_LOG: PP.process cpu is 0.0, totalMem(KB): 349796, javaFree: 8431, javaTotal: 60023, javaMax: 268435, javaUsedRatio: 0.19, dalvikMem: 45473, nativeMem: 78601, codePss: 116936, graphicPss: 24708, privateOtherPss: 22156, systemPss: 52388, swappedPss: 4, stage: QQSettingMe
08-22 16:49:12.103 661 676 I mpu_uart: [MSG-P:RECV]:No message received in 1000 ms
08-22 16:49:12.326 2135 4131 D MicroService: handleHeartBeat:327
08-22 16:49:12.338 2135 2135 D MicroService: onHeartBeatDetected
08-22 16:49:12.338 2135 2135 D MicroService: sendHeartbeatMessage
08-22 16:49:13.103 661 676 I mpu_uart: [MSG-P:RECV]:No message received in 1000 ms
08-22 16:49:13.110 661 675 I mpu_uart: [MSG-P:R]:recv sync frame timeout
08-22 16:49:13.461 0 0 E [ 9763.272666] [MAX975X: max96755x_vc1_lcd_dtc_check] *ERROR* DTC_Display: screen not ready(0), bl_sta(1), lvl(40)
08-22 16:49:14.103 661 676 I mpu_uart: [MSG-P:RECV]:No message received in 1000 ms
08-22 16:49:14.340 2135 4119 D MicroService: handleHeartBeat:328
08-22 16:49:14.341 2135 2135 D MicroService: onHeartBeatDetected
08-22 16:49:14.341 2135 2135 D MicroService: sendHeartbeatMessage
08-22 16:49:14.682 2342 2342 D RemoteControlService: startVlanDispatchThread
08-22 16:49:15.056 6739 6845 I NTKernel: [SDK_LOG]seq(3970)---- [I] thread_group_general.cc(709)::OnThreadMonitorTimer [XpngThreadPool]->Task deque number, fast_num=0 slow_num=0
08-22 16:49:15.103 661 676 I mpu_uart: [MSG-P:RECV]:No message received in 1000 ms
08-22 16:49:16.104 661 676 I mpu_uart: [MSG-P:RECV]:No message received in 1000 ms
08-22 16:49:16.113 661 675 I mpu_uart: [MSG-P:R]:recv sync frame timeout
08-22 16:49:16.271 6739 6788 D GuardManager.GuardStateScheduler: [process] filterRealForegroundProcMap: invoked. realProcMap: {com.tencent.mobileqq=1692693736693}
08-22 16:49:16.334 2135 4138 D MicroService: handleHeartBeat:329
08-22 16:49:16.343 2135 2135 D MicroService: onHeartBeatDetected
08-22 16:49:16.343 2135 2135 D MicroService: sendHeartbeatMessage
08-22 16:49:17.104 661 676 I mpu_uart: [MSG-P:RECV]:No message received in 1000 ms
08-22 16:49:17.717 0 0 E [ 9767.528665] [MAX975X: max96755x_vc1_lcd_dtc_check] *ERROR* DTC_Display: screen not ready(0), bl_sta(1), lvl(40)
08-22 16:49:18.104 661 676 I mpu_uart: [MSG-P:RECV]:No message received in 1000 ms
08-22 16:49:18.346 2135 2135 E MicroService: heart beat time out, current timeout cnt is 1
08-22 16:49:18.346 2135 2135 D MicroService: onHeartBeatDetected
08-22 16:49:18.346 2135 2135 D MicroService: sendHeartbeatMessage
08-22 16:49:18.350 2135 4242 D MicroService: handleHeartBeat:330
08-22 16:49:19.104 661 676 I mpu_uart: [MSG-P:RECV]:No message received in 1000 ms
08-22 16:49:19.117 661 675 I mpu_uart: [MSG-P:R]:recv sync frame timeout
08-22 16:49:19.694 2342 2342 D RemoteControlService: startVlanDispatchThread
08-22 16:49:20.056 6739 6845 I NTKernel: [SDK_LOG]seq(3971)---- [I] thread_group_general.cc(709)::OnThreadMonitorTimer [XpngThreadPool]->Task deque number, fast_num=0 slow_num=0
08-22 16:49:20.105 661 676 I mpu_uart: [MSG-P:RECV]:No message received in 1000 ms
08-22 16:49:20.348 2135 4141 D MicroService: handleHeartBeat:331
08-22 16:49:20.349 2135 2135 D MicroService: onHeartBeatDetected
08-22 16:49:20.349 2135 2135 D MicroService: sendHeartbeatMessage
08-22 16:49:21.105 661 676 I mpu_uart: [MSG-P:RECV]:No message received in 1000 ms
08-22 16:49:21.269 1542 1542 I notification_enqueue: [10104,28151,com.tencent.android.qqdownloader,127,NULL,0,Notification(channel=channel_id_default_silent shortcut=null contentView=com.tencent.android.qqdownloader/0x7f0a01c2 vibrate=null sound=null defaults=0x0 flags=0x2a2 color=0x00000000 groupKey=com.tencent.android.qqdownloader vis=PRIVATE),1]
08-22 16:49:21.471 1542 1542 I GameModeConfig: isGameModeOn = false
08-22 16:49:21.482 1936 1936 W ShadeListBuilder: (Build 955) Duplicate summary for group "0|com.tencent.android.qqdownloader|g:com.tencent.android.qqdownloader": "0|com.tencent.android.qqdownloader|127|null|10104" vs. "0|com.tencent.android.qqdownloader|109|null|10104"
08-22 16:49:21.483 1936 1936 W ShadeListBuilder: (Build 955) Duplicate summary for group "0|com.tencent.android.qqdownloader|g:com.tencent.android.qqdownloader": "0|com.tencent.android.qqdownloader|127|null|10104" vs. "0|com.tencent.android.qqdownloader|6633|null|10104"
08-22 16:49:21.485 1936 1936 D InterruptionStateProvider: No bubble up: not allowed to bubble: 0|com.tencent.android.qqdownloader|127|null|10104
08-22 16:49:21.485 1936 1936 D InterruptionStateProvider: No heads up: unimportant notification: 0|com.tencent.android.qqdownloader|127|null|10104
08-22 16:49:21.504 1936 2367 D PeopleSpaceWidgetMgr: Sbn doesn't contain valid PeopleTileKey: null/0/com.tencent.android.qqdownloader
08-22 16:49:21.510 1936 1936 V NotificationMediaManager: DEBUG_MEDIA: updating album art for notification null metadata=null metaDataChanged=false state=0
08-22 16:49:21.533 1936 1936 W ShadeListBuilder: (Build 956) Duplicate summary for group "0|com.tencent.android.qqdownloader|g:com.tencent.android.qqdownloader": "0|com.tencent.android.qqdownloader|127|null|10104" vs. "0|com.tencent.android.qqdownloader|109|null|10104"
08-22 16:49:21.533 1936 1936 W ShadeListBuilder: (Build 956) Duplicate summary for group "0|com.tencent.android.qqdownloader|g:com.tencent.android.qqdownloader": "0|com.tencent.android.qqdownloader|127|null|10104" vs. "0|com.tencent.android.qqdownloader|6633|null|10104"
08-22 16:49:21.973 0 0 E [ 9771.784801] [MAX975X: max96755x_vc1_lcd_dtc_check] *ERROR* DTC_Display: screen not ready(0), bl_sta(1), lvl(40)
08-22 16:49:22.105 661 676 I mpu_uart: [MSG-P:RECV]:No message received in 1000 ms
08-22 16:49:22.120 661 675 I mpu_uart: [MSG-P:R]:recv sync frame timeout
08-22 16:49:22.189 2164 2164 D MicroSettings: SettingMicroservices: requestActivateStatus:20
08-22 16:49:22.189 2164 2164 D MicroSettings: ActivateUtil: requestActivateStatus
08-22 16:49:22.189 2164 2164 I MicroServiceManager: requestResult(getActivate) parameters isnull.
08-22 16:49:22.194 2135 20952 D MicroService: Send message to IDCM:SocketMessageBean{businessData='21930', srcService='FSEM_SettingService', destService='IDCM_AccountService', messageType='0', uuid='1692694162190749653', payloadData={"srcService":"FSEM_SettingService","dstService":"IDCM_AccountService","messageType":0,"uuid":1692694162190749653,"methodName":"getActivate","parameters":{}}}
08-22 16:49:22.220 2135 4314 I MicroService: Receive message: SocketMessageBean{businessData='21930', srcService='IDCM_AccountService', destService='FSEM_SettingService', messageType='0', uuid='1692694162804120000', payloadData={"dstService":"FSEM_SettingService","messageType":0,"methodName":"setActivate","parameters":{"functionInfo":{"IDCM_Activate":"1"}},"srcService":"IDCM_AccountService","uuid":1692694162804120000}
08-22 16:49:22.220 2135 4314 I MicroService: }
08-22 16:49:22.220 2135 4314 I MicroService: onRequest(setActivate): {"functionInfo":{"IDCM_Activate":"1"}}
08-22 16:49:22.223 2164 2208 D MicroSettings: ITCMicroCommonCallback: get request method = setActivate parameters = {"functionInfo":{"IDCM_Activate":"1"}}
08-22 16:49:22.223 2135 4314 D MicroService: handleHeartBeat:332
08-22 16:49:22.223 2164 4117 D MicroSettings: ActivateUtil: setReplyReceived
08-22 16:49:22.223 2164 4117 D MicroSettings: SetActivateAction: setActivationStatus: 1
08-22 16:49:22.223 2164 4117 D MicroSettings: ActivateUtil: setActivateStatus: true
08-22 16:49:22.226 2164 4117 D MicroSettings: SetActivateAction: send activate status broadcast:
08-22 16:49:22.227 2164 4117 W ContextImpl: Calling a method in the system process without a qualified user: android.app.ContextImpl.sendBroadcast:1173 android.content.ContextWrapper.sendBroadcast:479 com.thundercomm.microsettings.action.SetActivateAction.sendActivateBroadcast:59 com.thundercomm.microsettings.action.SetActivateAction.setActivationStatus:38 com.thundercomm.microsettings.action.SetActivateAction.doActualAction:29
08-22 16:49:22.228 1542 2127 E ActivityManager: Sending non-protected broadcast com.thundercomm.active.state from system 2164:com.thundercomm.microsettings/1000 pkg com.thundercomm.microsettings
08-22 16:49:22.228 1542 2127 E ActivityManager: java.lang.Throwable
08-22 16:49:22.228 1542 2127 E ActivityManager: at com.android.server.am.ActivityManagerService.checkBroadcastFromSystem(ActivityManagerService.java:12877)
08-22 16:49:22.228 1542 2127 E ActivityManager: at com.android.server.am.ActivityManagerService.broadcastIntentLocked(ActivityManagerService.java:13572)
08-22 16:49:22.228 1542 2127 E ActivityManager: at com.android.server.am.ActivityManagerService.broadcastIntentLocked(ActivityManagerService.java:12894)
08-22 16:49:22.228 1542 2127 E ActivityManager: at com.android.server.am.ActivityManagerService.broadcastIntentWithFeature(ActivityManagerService.java:13729)
08-22 16:49:22.228 1542 2127 E ActivityManager: at android.app.IActivityManager$Stub.onTransact(IActivityManager.java:2326)
08-22 16:49:22.228 1542 2127 E ActivityManager: at com.android.server.am.ActivityManagerService.onTransact(ActivityManagerService.java:2528)
08-22 16:49:22.228 1542 2127 E ActivityManager: at android.os.Binder.execTransactInternal(Binder.java:1179)
08-22 16:49:22.228 1542 2127 E ActivityManager: at android.os.Binder.execTransact(Binder.java:1143)
08-22 16:49:22.229 1542 1696 I am_wtf : [0,1542,system_server,-1,ActivityManager,Sending non-protected broadcast com.thundercomm.active.state from system 2164:com.thundercomm.microsettings/1000 pkg com.thundercomm.microsettings]
08-22 16:49:22.231 1542 1696 I DropBoxManagerService: add tag=system_server_wtf isTagEnabled=true flags=0x2
08-22 16:49:22.343 2135 4391 D MicroService: handleHeartBeat:333
08-22 16:49:22.351 2135 2135 D MicroService: onHeartBeatDetected
08-22 16:49:22.351 2135 2135 D MicroService: sendHeartbeatMessage
08-22 16:49:23.106 661 676 I mpu_uart: [MSG-P:RECV]:No message received in 1000 ms
08-22 16:49:24.106 661 676 I mpu_uart: [MSG-P:RECV]:No message received in 1000 ms
08-22 16:49:24.347 2135 5181 D MicroService: handleHeartBeat:334
08-22 16:49:24.353 2135 2135 D MicroService: onHeartBeatDetected
08-22 16:49:24.353 2135 2135 D MicroService: sendHeartbeatMessage
08-22 16:49:24.708 2342 2342 D RemoteControlService: startVlanDispatchThread
08-22 16:49:25.057 6739 6845 I NTKernel: [SDK_LOG]seq(3972)---- [I] thread_group_general.cc(709)::OnThreadMonitorTimer [XpngThreadPool]->Task deque number, fast_num=0 slow_num=0
08-22 16:49:25.106 661 676 I mpu_uart: [MSG-P:RECV]:No message received in 1000 ms
08-22 16:49:25.123 661 675 I mpu_uart: [MSG-P:R]:recv sync frame timeout
08-22 16:49:26.106 661 676 I mpu_uart: [MSG-P:RECV]:No message received in 1000 ms
08-22 16:49:26.187 1215 1273 I selfinstaller: create socket failed: No route to host 113
08-22 16:49:26.237 0 0 E [ 9776.048681] [MAX975X: max96755x_vc1_lcd_dtc_check] *ERROR* DTC_Display: screen not ready(0), bl_sta(1), lvl(40)
08-22 16:49:26.338 2135 5190 D MicroService: handleHeartBeat:335
08-22 16:49:26.355 2135 2135 D MicroService: onHeartBeatDetected
08-22 16:49:26.355 2135 2135 D MicroService: sendHeartbeatMessage
08-22 16:49:27.107 661 676 I mpu_uart: [MSG-P:RECV]:No message received in 1000 ms
08-22 16:49:28.107 661 676 I mpu_uart: [MSG-P:RECV]:No message received in 1000 ms
08-22 16:49:28.127 661 675 I mpu_uart: [MSG-P:R]:recv sync frame timeout
08-22 16:49:28.341 2135 5197 D MicroService: handleHeartBeat:336
08-22 16:49:28.357 2135 2135 D MicroService: onHeartBeatDetected
08-22 16:49:28.357 2135 2135 D MicroService: sendHeartbeatMessage
08-22 16:49:29.107 661 676 I mpu_uart: [MSG-P:RECV]:No message received in 1000 ms
