08-22 16:48:52.704 30420 30461 D InsetsController: onStateChanged: InsetsState: {mDisplayFrame=Rect(0, 0 - 2560, 1080), mDisplayCutout=DisplayCutout{insets=Rect(0, 0 - 0, 0) waterfall=Insets{left=0, top=0, right=0, bottom=0} boundingRect={Bounds=[Rect(0, 0 - 0, 0), Rect(0, 0 - 0, 0), Rect(0, 0 - 0, 0), Rect(0, 0 - 0, 0)]} cutoutPathParserInfo={CutoutPathParserInfo{displayWidth=0 displayHeight=0 density={0.0} cutoutSpec={} rotation={0} scale={0.0}}}}, mRoundedCorners=RoundedCorners{[RoundedCorner{position=TopLeft, radius=0, center=Point(0, 0)}, RoundedCorner{position=TopRight, radius=0, center=Point(0, 0)}, RoundedCorner{position=BottomRight, radius=0, center=Point(0, 0)}, RoundedCorner{position=BottomLeft, radius=0, center=Point(0, 0)}]}, mPrivacyIndicatorBounds=PrivacyIndicatorBounds {static bounds=Rect(2416, 0 - 2539, 36) rotation=0}, mSources= { InsetsSource: {mType=ITYPE_STATUS_BAR, mFrame=[0,0][2560,36], mVisible=true}, InsetsSource: {mType=ITYPE_NAVIGATION_BAR, mFrame=[0,1034][2560,1080], mVisible=true}, InsetsSource: {mType=ITYPE_LEFT_GESTURES, mFrame=[0,0][0,1080], mVisible=true}, InsetsSource: {mType=ITYPE_RIGHT_GESTURES, mFrame=[2560,0][2560,1080], mVisible=true}, InsetsSource: {mType=ITYPE_TOP_MANDATORY_GESTURES, mFrame=[0,0][2560,36], mVisible=true}, InsetsSource: {mType=ITYPE_BOTTOM_MANDATORY_GESTURES, mFrame=[0,1034][2560,1080], mVisible=true}, InsetsSource: {mType=ITYPE_TOP_TAPPABLE_ELEMENT, mFrame=[0,0][2560,36], mVisible=true}, InsetsSource: {mType=ITYPE_BOTTOM_TAPPABLE_ELEMENT, mFrame=[0,1034][2560,1080], mVisible=true}, InsetsSource: {mType=ITYPE_IME, mFrame=[0,0][0,0], mVisible=false} }
08-22 16:48:52.704 30420 30461 D InsetsSourceConsumer: applyLocalVisibilityOverride: No control in Toast requestedVisible false
08-22 16:48:52.704 30420 30461 D InsetsSourceConsumer: applyLocalVisibilityOverride: No control in Toast requestedVisible true
08-22 16:48:52.704 30420 30461 D InsetsSourceConsumer: applyLocalVisibilityOverride: No control in Toast requestedVisible true
08-22 16:48:52.704 30420 30461 D InsetsSourceConsumer: applyLocalVisibilityOverride: No control in Toast requestedVisible true
08-22 16:48:52.704 30420 30461 D InsetsSourceConsumer: applyLocalVisibilityOverride: No control in Toast requestedVisible true
08-22 16:48:52.704 30420 30461 D InsetsSourceConsumer: applyLocalVisibilityOverride: No control in Toast requestedVisible true
08-22 16:48:52.704 30420 30461 D InsetsSourceConsumer: applyLocalVisibilityOverride: No control in Toast requestedVisible true
08-22 16:48:52.704 30420 30461 D InsetsSourceConsumer: applyLocalVisibilityOverride: No control in Toast requestedVisible true
08-22 16:48:52.704 30420 30461 D InsetsSourceConsumer: applyLocalVisibilityOverride: No control in Toast requestedVisible true
08-22 16:48:52.704 30420 30461 D InsetsController: onStateChanged, notifyInsetsChanged
08-22 16:48:52.705 30420 30461 D InsetsSourceConsumer: Call hide for ITYPE_IME on Toast
08-22 16:48:52.705 30420 30461 D InsetsSourceConsumer: applyLocalVisibilityOverride: No control in Toast requestedVisible false
08-22 16:48:52.716 30420 30461 D InsetsController: onStateChanged: InsetsState: {mDisplayFrame=Rect(0, 0 - 2560, 1080), mDisplayCutout=DisplayCutout{insets=Rect(0, 0 - 0, 0) waterfall=Insets{left=0, top=0, right=0, bottom=0} boundingRect={Bounds=[Rect(0, 0 - 0, 0), Rect(0, 0 - 0, 0), Rect(0, 0 - 0, 0), Rect(0, 0 - 0, 0)]} cutoutPathParserInfo={CutoutPathParserInfo{displayWidth=0 displayHeight=0 density={0.0} cutoutSpec={} rotation={0} scale={0.0}}}}, mRoundedCorners=RoundedCorners{[RoundedCorner{position=TopLeft, radius=0, center=Point(0, 0)}, RoundedCorner{position=TopRight, radius=0, center=Point(0, 0)}, RoundedCorner{position=BottomRight, radius=0, center=Point(0, 0)}, RoundedCorner{position=BottomLeft, radius=0, center=Point(0, 0)}]}, mPrivacyIndicatorBounds=PrivacyIndicatorBounds {static bounds=Rect(2416, 0 - 2539, 36) rotation=0}, mSources= { InsetsSource: {mType=ITYPE_STATUS_BAR, mFrame=[0,0][2560,36], mVisible=true}, InsetsSource: {mType=ITYPE_NAVIGATION_BAR, mFrame=[0,1034][2560,1080], mVisible=true}, InsetsSource: {mType=ITYPE_LEFT_GESTURES, mFrame=[0,0][0,1080], mVisible=true}, InsetsSource: {mType=ITYPE_RIGHT_GESTURES, mFrame=[2560,0][2560,1080], mVisible=true}, InsetsSource: {mType=ITYPE_TOP_MANDATORY_GESTURES, mFrame=[0,0][2560,36], mVisible=true}, InsetsSource: {mType=ITYPE_BOTTOM_MANDATORY_GESTURES, mFrame=[0,1034][2560,1080], mVisible=true}, InsetsSource: {mType=ITYPE_TOP_TAPPABLE_ELEMENT, mFrame=[0,0][2560,36], mVisible=true}, InsetsSource: {mType=ITYPE_BOTTOM_TAPPABLE_ELEMENT, mFrame=[0,1034][2560,1080], mVisible=true} }
08-22 16:48:52.716 30420 30461 D InsetsSourceConsumer: applyLocalVisibilityOverride: No control in Toast requestedVisible false
08-22 16:48:52.716 30420 30461 D InsetsSourceConsumer: applyLocalVisibilityOverride: No control in Toast requestedVisible true
08-22 16:48:52.716 30420 30461 D InsetsSourceConsumer: applyLocalVisibilityOverride: No control in Toast requestedVisible true
08-22 16:48:52.716 30420 30461 D InsetsSourceConsumer: applyLocalVisibilityOverride: No control in Toast requestedVisible true
08-22 16:48:52.716 30420 30461 D InsetsSourceConsumer: applyLocalVisibilityOverride: No control in Toast requestedVisible true
08-22 16:48:52.716 30420 30461 D InsetsSourceConsumer: applyLocalVisibilityOverride: No control in Toast requestedVisible true
08-22 16:48:52.716 30420 30461 D InsetsSourceConsumer: applyLocalVisibilityOverride: No control in Toast requestedVisible true
08-22 16:48:52.716 30420 30461 D InsetsSourceConsumer: applyLocalVisibilityOverride: No control in Toast requestedVisible true
08-22 16:48:52.716 30420 30461 D InsetsSourceConsumer: applyLocalVisibilityOverride: No control in Toast requestedVisible true
08-22 16:48:52.716 30420 30461 D InsetsController: onStateChanged, notifyInsetsChanged
08-22 16:48:52.716 30420 30461 D InsetsSourceConsumer: Call hide for ITYPE_IME on Toast
08-22 16:48:52.716 30420 30461 D InsetsSourceConsumer: applyLocalVisibilityOverride: No control in Toast requestedVisible false
08-22 16:48:52.731 808 30862 D audio_hw_primary: out_set_parameters: enter: usecase(1: low-latency-playback) kvpairs: suspend_playback=true
08-22 16:48:52.731 808 30862 D audio_hw_extn: audio_extn_fm_set_parameters: Enter
08-22 16:48:52.732 808 30862 D audio_hw_primary: out_set_parameters: enter: usecase(1: low-latency-playback) kvpairs: suspend_playback=false
08-22 16:48:52.732 808 30862 D audio_hw_extn: audio_extn_fm_set_parameters: Enter
08-22 16:48:52.732 900 7214 E power : power acquire_wake_lock enter!
08-22 16:48:52.732 900 7214 E power : power acquire_wake_lock exit!
08-22 16:48:52.732 580 580 E android.system.suspend@1.0-service: SystemSuspend::acquireWakeLock enter!pid = 900: Success
08-22 16:48:52.732 580 580 E android.system.suspend@1.0-service: SystemSuspend::acquireWakeLock exit!: Success
08-22 16:48:52.759 808 30862 D audio_hw_primary: out_set_parameters: enter: usecase(1: low-latency-playback) kvpairs: suspend_playback=true
08-22 16:48:52.759 808 30862 D audio_hw_extn: audio_extn_fm_set_parameters: Enter
08-22 16:48:52.759 808 30862 D audio_hw_primary: out_set_parameters: enter: usecase(1: low-latency-playback) kvpairs: suspend_playback=false
08-22 16:48:52.759 808 30862 D audio_hw_extn: audio_extn_fm_set_parameters: Enter
08-22 16:48:52.759 900 7214 E power : power acquire_wake_lock enter!
08-22 16:48:52.759 900 7214 E power : power acquire_wake_lock exit!
08-22 16:48:52.759 580 580 E android.system.suspend@1.0-service: SystemSuspend::acquireWakeLock enter!pid = 900: Success
08-22 16:48:52.759 580 580 E android.system.suspend@1.0-service: SystemSuspend::acquireWakeLock exit!: Success
08-22 16:48:52.786 808 30862 D audio_hw_primary: out_set_parameters: enter: usecase(1: low-latency-playback) kvpairs: suspend_playback=true
08-22 16:48:52.786 808 30862 D audio_hw_extn: audio_extn_fm_set_parameters: Enter
08-22 16:48:52.787 808 30862 D audio_hw_primary: out_set_parameters: enter: usecase(1: low-latency-playback) kvpairs: suspend_playback=false
08-22 16:48:52.787 808 30862 D audio_hw_extn: audio_extn_fm_set_parameters: Enter
08-22 16:48:52.787 900 7214 E power : power acquire_wake_lock enter!
08-22 16:48:52.787 900 7214 E power : power acquire_wake_lock exit!
08-22 16:48:52.787 580 580 E android.system.suspend@1.0-service: SystemSuspend::acquireWakeLock enter!pid = 900: Success
08-22 16:48:52.787 580 580 E android.system.suspend@1.0-service: SystemSuspend::acquireWakeLock exit!: Success
08-22 16:48:52.814 808 30862 D audio_hw_primary: out_set_parameters: enter: usecase(1: low-latency-playback) kvpairs: suspend_playback=true
08-22 16:48:52.814 808 30862 D audio_hw_extn: audio_extn_fm_set_parameters: Enter
08-22 16:48:52.814 808 30862 D audio_hw_primary: out_set_parameters: enter: usecase(1: low-latency-playback) kvpairs: suspend_playback=false
08-22 16:48:52.814 808 30862 D audio_hw_extn: audio_extn_fm_set_parameters: Enter
08-22 16:48:52.816 1542 1660 I wm_destroy_activity: [0,182812534,76341,com.ss.android.lark/com.ss.android.vc.meeting.module.base.MeetingShadowActivity,finish-imm:idle]
08-22 16:48:52.817 1542 1660 I wm_destroy_activity: [0,187504831,76346,com.ss.android.lark/com.ss.android.vc.meeting.module.multi.ByteRTCMeetingActivityInstance,finish-imm:idle]
08-22 16:48:52.817 900 7214 D APM_AudioPolicyManager: setOutputDevices changing device to AUDIO_DEVICE_NONE
08-22 16:48:52.819 900 4553 D AudioFlinger: ThreadBase::updateWakeLockUids_l() st
08-22 16:48:52.819 900 4553 D AudioFlinger: updateWakeLockUids_l() AudioIn_326 status 0
08-22 16:48:52.819 900 4553 D AudioFlinger: ThreadBase::updateWakeLockUids_l() ed
08-22 16:48:52.819 1542 15389 D PowerManagerService: acquireWakeLockInternal: lock=69497423, flags=0x1, tag="AudioIn", ws=null, uid=1041, pid=0
08-22 16:48:52.819 1542 15389 D PowerManagerService: updateWakeLockSummaryLocked: mWakefulness=Awake, mWakeLockSummary=0x23
08-22 16:48:52.819 1542 15389 D PowerManagerService: updateUserActivitySummaryLocked: groupId=0, mWakefulness=Awake, mUserActivitySummary=0x1, nextTimeout=10341914 (in 599280 ms)
08-22 16:48:52.819 1542 15389 D PowerManagerNotifier: onScreenPolicyUpdate: newPolicy=3
08-22 16:48:52.819 1542 1885 I SoundTriggerMiddlewareLogging: setCaptureState[this=com.android.server.soundtrigger_middleware.SoundTriggerMiddlewareImpl@94cc0e, client=null](false)
08-22 16:48:52.819 1542 15389 D PowerManagerService: updateDisplayPowerStateLocked: displayReady=true, groupId=0, policy=BRIGHT, mWakefulness=Awake, mWakeLockSummary=0x23, mUserActivitySummary=0x1, mBootCompleted=true, screenBrightnessOverride=NaN, useAutoBrightness=false, mScreenBrightnessBoostInProgress=false, mIsVrModeEnabled= false, sQuiescent=false
08-22 16:48:52.819 1542 15389 D PowerManagerNotifier: onWakeLockAcquired: flags=1, tag="AudioIn", packageName=audioserver, ownerUid=1041, ownerPid=0, workSource=null
08-22 16:48:52.819 808 30862 D audio_hw_primary: adev_close_input_stream: enter:stream_handle(0xf20c5e90)
08-22 16:48:52.819 808 30862 D audio_hw_primary: io_streams_map_remove: Removed stream with handle 806
08-22 16:48:52.819 808 30862 D soundtrigger: audio_extn_sound_trigger_check_ec_ref_enable: EC Reference is disabled
08-22 16:48:52.819 808 30862 D sound_trigger_hw: handle_audio_ec_ref_enabled: Enter
08-22 16:48:52.819 808 30862 D sound_trigger_hw: handle_audio_ec_ref_enabled: Exit audio ec ref=0
08-22 16:48:52.819 808 30862 D soundtrigger: audio_extn_sound_trigger_update_ec_ref_status: update audio echo ref status false
08-22 16:48:52.819 808 30862 D audio_hw_primary: in_standby: enter: stream (0xf20c5e90) usecase(34: audio-record-voip)
08-22 16:48:52.819 1542 15389 D PowerManagerService: updateWakeLockWorkSourceInternal: lock=69497423 [AudioIn], ws=null
08-22 16:48:52.819 1542 15389 D PowerManagerService: releaseWakeLockInternal: lock=69497423 [AudioIn], flags=0x0
08-22 16:48:52.819 808 862 D msm8974_platform: platform_split_snd_device: snd_device(2) num devices(1) new_snd_devices(0)
08-22 16:48:52.819 808 862 D ACDB-LOADER: ACDB -> send_audvoltable
08-22 16:48:52.819 808 862 D ACDB-LOADER: ACDB -> ACDB_CMD_GET_AUDPROC_INSTANCE_GAIN_DEP_STEP_TABLE_SIZE
08-22 16:48:52.819 808 862 D ACDB-LOADER: ACDB -> ACDB_CMD_GET_AUDPROC_INSTANCE_GAIN_DEP_STEP_TABLE, vol index 0
08-22 16:48:52.819 808 862 D ACDB-LOADER: ACDB -> AUDIO_SET_VOL_CAL cal type = 40
08-22 16:48:52.819 900 10140 D APM_AudioPolicyManager: setStreamVolumeIndex: stream AUDIO_STREAM_DTMF attributes={ Content type: AUDIO_CONTENT_TYPE_UNKNOWN Usage: AUDIO_USAGE_VOICE_COMMUNICATION_SIGNALLING Source: AUDIO_SOURCE_DEFAULT Flags: 0x0 Tags: }
08-22 16:48:52.819 1542 15389 D PowerManagerNotifier: onWakeLockReleased: flags=1, tag="AudioIn", packageName=audioserver, ownerUid=1041, ownerPid=0, workSource=null
08-22 16:48:52.820 1542 15389 D PowerManagerService: updateWakeLockSummaryLocked: mWakefulness=Awake, mWakeLockSummary=0x23
08-22 16:48:52.820 900 10140 D APM_AudioPolicyManager: setStreamVolumeIndex: stream AUDIO_STREAM_DTMF attributes={ Content type: AUDIO_CONTENT_TYPE_UNKNOWN Usage: AUDIO_USAGE_VOICE_COMMUNICATION_SIGNALLING Source: AUDIO_SOURCE_DEFAULT Flags: 0x0 Tags: }
08-22 16:48:52.820 1542 15389 D PowerManagerService: updateUserActivitySummaryLocked: groupId=0, mWakefulness=Awake, mUserActivitySummary=0x1, nextTimeout=10341914 (in 599279 ms)
08-22 16:48:52.820 1542 15389 D PowerManagerNotifier: onScreenPolicyUpdate: newPolicy=3
08-22 16:48:52.820 1542 15389 D PowerManagerService: updateDisplayPowerStateLocked: displayReady=true, groupId=0, policy=BRIGHT, mWakefulness=Awake, mWakeLockSummary=0x23, mUserActivitySummary=0x1, mBootCompleted=true, screenBrightnessOverride=NaN, useAutoBrightness=false, mScreenBrightnessBoostInProgress=false, mIsVrModeEnabled= false, sQuiescent=false
08-22 16:48:52.820 900 10140 D APM_AudioPolicyManager: setStreamVolumeIndex: stream AUDIO_STREAM_DTMF attributes={ Content type: AUDIO_CONTENT_TYPE_UNKNOWN Usage: AUDIO_USAGE_VOICE_COMMUNICATION_SIGNALLING Source: AUDIO_SOURCE_DEFAULT Flags: 0x0 Tags: }
08-22 16:48:52.820 900 10140 D APM_AudioPolicyManager: setStreamVolumeIndex: stream AUDIO_STREAM_DTMF attributes={ Content type: AUDIO_CONTENT_TYPE_UNKNOWN Usage: AUDIO_USAGE_VOICE_COMMUNICATION_SIGNALLING Source: AUDIO_SOURCE_DEFAULT Flags: 0x0 Tags: }
08-22 16:48:52.820 808 10259 D msm8974_platform: platform_split_snd_device: snd_device(2) num devices(1) new_snd_devices(0)
08-22 16:48:52.820 900 10140 D APM_AudioPolicyManager: setStreamVolumeIndex: stream AUDIO_STREAM_DTMF attributes={ Content type: AUDIO_CONTENT_TYPE_UNKNOWN Usage: AUDIO_USAGE_VOICE_COMMUNICATION_SIGNALLING Source: AUDIO_SOURCE_DEFAULT Flags: 0x0 Tags: }
08-22 16:48:52.820 900 1374 D APM_AudioPolicyManager: stopOutput portId 375
08-22 16:48:52.820 900 1374 D APM_AudioPolicyManager: stopOutput() output 13, stream 0, session 1185
08-22 16:48:52.820 900 10140 D APM_AudioPolicyManager: setStreamVolumeIndex: stream AUDIO_STREAM_DTMF attributes={ Content type: AUDIO_CONTENT_TYPE_UNKNOWN Usage: AUDIO_USAGE_VOICE_COMMUNICATION_SIGNALLING Source: AUDIO_SOURCE_DEFAULT Flags: 0x0 Tags: }
08-22 16:48:52.821 900 10140 D APM_AudioPolicyManager: setStreamVolumeIndex: stream AUDIO_STREAM_DTMF attributes={ Content type: AUDIO_CONTENT_TYPE_UNKNOWN Usage: AUDIO_USAGE_VOICE_COMMUNICATION_SIGNALLING Source: AUDIO_SOURCE_DEFAULT Flags: 0x0 Tags: }
08-22 16:48:52.821 900 10140 E power : power acquire_wake_lock enter!
08-22 16:48:52.821 900 10140 E power : power acquire_wake_lock exit!
08-22 16:48:52.821 580 580 E android.system.suspend@1.0-service: SystemSuspend::acquireWakeLock enter!pid = 900: Success
08-22 16:48:52.821 580 580 E android.system.suspend@1.0-service: SystemSuspend::acquireWakeLock exit!: Success
08-22 16:48:52.821 808 862 D audio_hw_primary: adev_get_parameters:vr_audio_mode_on
08-22 16:48:52.821 808 862 I audio_hw_primary: getting vr mode to 0
08-22 16:48:52.821 808 862 D audio_hw_primary: adev_get_parameters: exit: returns - vr_audio_mode_on=false
08-22 16:48:52.822 900 10139 I hash_map_utils: system/bt/osi/src/hash_map_utils.cc:81 hash_map_utils_dump_string_keys_string_values: key: 'vr_audio_mode_on' value: ''
08-22 16:48:52.822 900 10140 D APM_AudioPolicyManager: setStreamVolumeIndex: stream AUDIO_STREAM_DTMF attributes={ Content type: AUDIO_CONTENT_TYPE_UNKNOWN Usage: AUDIO_USAGE_VOICE_COMMUNICATION_SIGNALLING Source: AUDIO_SOURCE_DEFAULT Flags: 0x0 Tags: }
08-22 16:48:52.822 900 10140 E power : power acquire_wake_lock enter!
08-22 16:48:52.822 900 10140 E power : power acquire_wake_lock exit!
08-22 16:48:52.822 580 580 E android.system.suspend@1.0-service: SystemSuspend::acquireWakeLock enter!pid = 900: Success
08-22 16:48:52.822 580 580 E android.system.suspend@1.0-service: SystemSuspend::acquireWakeLock exit!: Success
08-22 16:48:52.822 900 10140 D APM_AudioPolicyManager: setStreamVolumeIndex: stream AUDIO_STREAM_ACCESSIBILITY attributes={ Content type: AUDIO_CONTENT_TYPE_UNKNOWN Usage: AUDIO_USAGE_ASSISTANCE_ACCESSIBILITY Source: AUDIO_SOURCE_DEFAULT Flags: 0x0 Tags: }
08-22 16:48:52.822 900 10140 E power : power acquire_wake_lock enter!
08-22 16:48:52.822 900 10140 E power : power acquire_wake_lock exit!
08-22 16:48:52.822 580 580 E android.system.suspend@1.0-service: SystemSuspend::acquireWakeLock enter!pid = 900: Success
08-22 16:48:52.822 580 580 E android.system.suspend@1.0-service: SystemSuspend::acquireWakeLock exit!: Success
08-22 16:48:52.822 900 10140 D APM_AudioPolicyManager: setStreamVolumeIndex: stream AUDIO_STREAM_ACCESSIBILITY attributes={ Content type: AUDIO_CONTENT_TYPE_UNKNOWN Usage: AUDIO_USAGE_ASSISTANCE_ACCESSIBILITY Source: AUDIO_SOURCE_DEFAULT Flags: 0x0 Tags: }
08-22 16:48:52.823 900 10140 E power : power acquire_wake_lock enter!
08-22 16:48:52.823 900 10140 E power : power acquire_wake_lock exit!
08-22 16:48:52.823 580 580 E android.system.suspend@1.0-service: SystemSuspend::acquireWakeLock enter!pid = 900: Success
08-22 16:48:52.823 580 580 E android.system.suspend@1.0-service: SystemSuspend::acquireWakeLock exit!: Success
08-22 16:48:52.823 900 10140 D APM_AudioPolicyManager: setStreamVolumeIndex: stream AUDIO_STREAM_ACCESSIBILITY attributes={ Content type: AUDIO_CONTENT_TYPE_UNKNOWN Usage: AUDIO_USAGE_ASSISTANCE_ACCESSIBILITY Source: AUDIO_SOURCE_DEFAULT Flags: 0x0 Tags: }
08-22 16:48:52.823 900 10140 E power : power acquire_wake_lock enter!
08-22 16:48:52.823 900 10140 E power : power acquire_wake_lock exit!
08-22 16:48:52.823 580 580 E android.system.suspend@1.0-service: SystemSuspend::acquireWakeLock enter!pid = 900: Success
08-22 16:48:52.823 580 580 E android.system.suspend@1.0-service: SystemSuspend::acquireWakeLock exit!: Success
08-22 16:48:52.823 900 2145 D APM_AudioPolicyManager: setStreamVolumeIndex: stream AUDIO_STREAM_ACCESSIBILITY attributes={ Content type: AUDIO_CONTENT_TYPE_UNKNOWN Usage: AUDIO_USAGE_ASSISTANCE_ACCESSIBILITY Source: AUDIO_SOURCE_DEFAULT Flags: 0x0 Tags: }
08-22 16:48:52.823 900 10139 D AF::TrackHandle: OpPlayAudio: track:181 usage:13 not muted
08-22 16:48:52.823 900 2145 E power : power acquire_wake_lock enter!
08-22 16:48:52.823 900 2145 E power : power acquire_wake_lock exit!
08-22 16:48:52.823 580 580 E android.system.suspend@1.0-service: SystemSuspend::acquireWakeLock enter!pid = 900: Success
08-22 16:48:52.823 580 580 E android.system.suspend@1.0-service: SystemSuspend::acquireWakeLock exit!: Success
08-22 16:48:52.823 900 2145 D APM_AudioPolicyManager: setStreamVolumeIndex: stream AUDIO_STREAM_ACCESSIBILITY attributes={ Content type: AUDIO_CONTENT_TYPE_UNKNOWN Usage: AUDIO_USAGE_ASSISTANCE_ACCESSIBILITY Source: AUDIO_SOURCE_DEFAULT Flags: 0x0 Tags: }
08-22 16:48:52.824 900 2145 E power : power acquire_wake_lock enter!
08-22 16:48:52.824 900 2145 E power : power acquire_wake_lock exit!
08-22 16:48:52.824 580 580 E android.system.suspend@1.0-service: SystemSuspend::acquireWakeLock enter!pid = 900: Success
08-22 16:48:52.824 580 580 E android.system.suspend@1.0-service: SystemSuspend::acquireWakeLock exit!: Success
08-22 16:48:52.824 900 7214 D APM_AudioPolicyManager: setStreamVolumeIndex: stream AUDIO_STREAM_ACCESSIBILITY attributes={ Content type: AUDIO_CONTENT_TYPE_UNKNOWN Usage: AUDIO_USAGE_ASSISTANCE_ACCESSIBILITY Source: AUDIO_SOURCE_DEFAULT Flags: 0x0 Tags: }
08-22 16:48:52.824 900 7214 E power : power acquire_wake_lock enter!
08-22 16:48:52.824 900 7214 E power : power acquire_wake_lock exit!
08-22 16:48:52.824 580 580 E android.system.suspend@1.0-service: SystemSuspend::acquireWakeLock enter!pid = 900: Success
08-22 16:48:52.824 580 580 E android.system.suspend@1.0-service: SystemSuspend::acquireWakeLock exit!: Success
08-22 16:48:52.824 900 7214 D APM_AudioPolicyManager: setStreamVolumeIndex: stream AUDIO_STREAM_ACCESSIBILITY attributes={ Content type: AUDIO_CONTENT_TYPE_UNKNOWN Usage: AUDIO_USAGE_ASSISTANCE_ACCESSIBILITY Source: AUDIO_SOURCE_DEFAULT Flags: 0x0 Tags: }
08-22 16:48:52.824 900 7214 E power : power acquire_wake_lock enter!
08-22 16:48:52.824 900 7214 E power : power acquire_wake_lock exit!
08-22 16:48:52.824 580 580 E android.system.suspend@1.0-service: SystemSuspend::acquireWakeLock enter!pid = 900: Success
08-22 16:48:52.824 580 580 E android.system.suspend@1.0-service: SystemSuspend::acquireWakeLock exit!: Success
08-22 16:48:52.824 900 7214 D APM_AudioPolicyManager: setStreamVolumeIndex: stream AUDIO_STREAM_ACCESSIBILITY attributes={ Content type: AUDIO_CONTENT_TYPE_UNKNOWN Usage: AUDIO_USAGE_ASSISTANCE_ACCESSIBILITY Source: AUDIO_SOURCE_DEFAULT Flags: 0x0 Tags: }
08-22 16:48:52.824 900 7214 E power : power acquire_wake_lock enter!
08-22 16:48:52.824 900 7214 E power : power acquire_wake_lock exit!
08-22 16:48:52.825 580 580 E android.system.suspend@1.0-service: SystemSuspend::acquireWakeLock enter!pid = 900: Success
08-22 16:48:52.825 580 580 E android.system.suspend@1.0-service: SystemSuspend::acquireWakeLock exit!: Success
08-22 16:48:52.825 900 10140 D APM_AudioPolicyManager: setStreamVolumeIndex: stream AUDIO_STREAM_VOICE_CALL attributes={ Content type: AUDIO_CONTENT_TYPE_UNKNOWN Usage: AUDIO_USAGE_VOICE_COMMUNICATION Source: AUDIO_SOURCE_DEFAULT Flags: 0x0 Tags: }
08-22 16:48:52.825 900 10140 E power : power acquire_wake_lock enter!
08-22 16:48:52.825 900 10140 E power : power acquire_wake_lock exit!
08-22 16:48:52.825 580 580 E android.system.suspend@1.0-service: SystemSuspend::acquireWakeLock enter!pid = 900: Success
08-22 16:48:52.825 580 580 E android.system.suspend@1.0-service: SystemSuspend::acquireWakeLock exit!: Success
08-22 16:48:52.825 900 10140 D APM_AudioPolicyManager: setStreamVolumeIndex: stream AUDIO_STREAM_VOICE_CALL attributes={ Content type: AUDIO_CONTENT_TYPE_UNKNOWN Usage: AUDIO_USAGE_VOICE_COMMUNICATION Source: AUDIO_SOURCE_DEFAULT Flags: 0x0 Tags: }
08-22 16:48:52.825 900 10140 E power : power acquire_wake_lock enter!
08-22 16:48:52.825 900 10140 E power : power acquire_wake_lock exit!
08-22 16:48:52.825 580 580 E android.system.suspend@1.0-service: SystemSuspend::acquireWakeLock enter!pid = 900: Success
08-22 16:48:52.825 580 580 E android.system.suspend@1.0-service: SystemSuspend::acquireWakeLock exit!: Success
08-22 16:48:52.825 900 10140 D APM_AudioPolicyManager: setStreamVolumeIndex: stream AUDIO_STREAM_VOICE_CALL attributes={ Content type: AUDIO_CONTENT_TYPE_UNKNOWN Usage: AUDIO_USAGE_VOICE_COMMUNICATION Source: AUDIO_SOURCE_DEFAULT Flags: 0x0 Tags: }
08-22 16:48:52.825 900 10140 E power : power acquire_wake_lock enter!
08-22 16:48:52.825 900 10140 E power : power acquire_wake_lock exit!
08-22 16:48:52.826 580 580 E android.system.suspend@1.0-service: SystemSuspend::acquireWakeLock enter!pid = 900: Success
08-22 16:48:52.826 580 580 E android.system.suspend@1.0-service: SystemSuspend::acquireWakeLock exit!: Success
08-22 16:48:52.826 900 10140 D APM_AudioPolicyManager: setStreamVolumeIndex: stream AUDIO_STREAM_VOICE_CALL attributes={ Content type: AUDIO_CONTENT_TYPE_UNKNOWN Usage: AUDIO_USAGE_VOICE_COMMUNICATION Source: AUDIO_SOURCE_DEFAULT Flags: 0x0 Tags: }
08-22 16:48:52.826 900 10140 E power : power acquire_wake_lock enter!
08-22 16:48:52.826 900 10140 E power : power acquire_wake_lock exit!
08-22 16:48:52.826 580 580 E android.system.suspend@1.0-service: SystemSuspend::acquireWakeLock enter!pid = 900: Success
08-22 16:48:52.826 580 580 E android.system.suspend@1.0-service: SystemSuspend::acquireWakeLock exit!: Success
08-22 16:48:52.826 900 10140 D APM_AudioPolicyManager: setStreamVolumeIndex: stream AUDIO_STREAM_VOICE_CALL attributes={ Content type: AUDIO_CONTENT_TYPE_UNKNOWN Usage: AUDIO_USAGE_VOICE_COMMUNICATION Source: AUDIO_SOURCE_DEFAULT Flags: 0x0 Tags: }
08-22 16:48:52.826 900 10140 E power : power acquire_wake_lock enter!
08-22 16:48:52.826 900 10140 E power : power acquire_wake_lock exit!
08-22 16:48:52.826 580 580 E android.system.suspend@1.0-service: SystemSuspend::acquireWakeLock enter!pid = 900: Success
08-22 16:48:52.826 580 580 E android.system.suspend@1.0-service: SystemSuspend::acquireWakeLock exit!: Success
08-22 16:48:52.826 900 2145 D APM_AudioPolicyManager: setStreamVolumeIndex: stream AUDIO_STREAM_VOICE_CALL attributes={ Content type: AUDIO_CONTENT_TYPE_UNKNOWN Usage: AUDIO_USAGE_VOICE_COMMUNICATION Source: AUDIO_SOURCE_DEFAULT Flags: 0x0 Tags: }
08-22 16:48:52.826 900 2145 E power : power acquire_wake_lock enter!
08-22 16:48:52.826 900 2145 E power : power acquire_wake_lock exit!
08-22 16:48:52.826 580 580 E android.system.suspend@1.0-service: SystemSuspend::acquireWakeLock enter!pid = 900: Success
08-22 16:48:52.826 580 580 E android.system.suspend@1.0-service: SystemSuspend::acquireWakeLock exit!: Success
08-22 16:48:52.826 900 2145 D APM_AudioPolicyManager: setStreamVolumeIndex: stream AUDIO_STREAM_VOICE_CALL attributes={ Content type: AUDIO_CONTENT_TYPE_UNKNOWN Usage: AUDIO_USAGE_VOICE_COMMUNICATION Source: AUDIO_SOURCE_DEFAULT Flags: 0x0 Tags: }
08-22 16:48:52.826 900 2145 E power : power acquire_wake_lock enter!
08-22 16:48:52.826 900 2145 E power : power acquire_wake_lock exit!
08-22 16:48:52.826 580 580 E android.system.suspend@1.0-service: SystemSuspend::acquireWakeLock enter!pid = 900: Success
08-22 16:48:52.826 580 580 E android.system.suspend@1.0-service: SystemSuspend::acquireWakeLock exit!: Success
08-22 16:48:52.827 900 2145 D APM_AudioPolicyManager: setStreamVolumeIndex: stream AUDIO_STREAM_VOICE_CALL attributes={ Content type: AUDIO_CONTENT_TYPE_UNKNOWN Usage: AUDIO_USAGE_VOICE_COMMUNICATION Source: AUDIO_SOURCE_DEFAULT Flags: 0x0 Tags: }
08-22 16:48:52.827 900 2145 E power : power acquire_wake_lock enter!
08-22 16:48:52.827 900 2145 E power : power acquire_wake_lock exit!
08-22 16:48:52.827 580 580 E android.system.suspend@1.0-service: SystemSuspend::acquireWakeLock enter!pid = 900: Success
08-22 16:48:52.827 580 580 E android.system.suspend@1.0-service: SystemSuspend::acquireWakeLock exit!: Success
08-22 16:48:52.827 900 2145 D APM_AudioPolicyManager: setStreamVolumeIndex: stream AUDIO_STREAM_SYSTEM attributes={ Content type: AUDIO_CONTENT_TYPE_UNKNOWN Usage: AUDIO_USAGE_ASSISTANCE_SONIFICATION Source: AUDIO_SOURCE_DEFAULT Flags: 0x0 Tags: }
08-22 16:48:52.827 900 2145 E power : power acquire_wake_lock enter!
08-22 16:48:52.827 900 2145 E power : power acquire_wake_lock exit!
08-22 16:48:52.827 580 580 E android.system.suspend@1.0-service: SystemSuspend::acquireWakeLock enter!pid = 900: Success
08-22 16:48:52.827 580 580 E android.system.suspend@1.0-service: SystemSuspend::acquireWakeLock exit!: Success
08-22 16:48:52.827 900 2145 D APM_AudioPolicyManager: setStreamVolumeIndex: stream AUDIO_STREAM_SYSTEM attributes={ Content type: AUDIO_CONTENT_TYPE_UNKNOWN Usage: AUDIO_USAGE_ASSISTANCE_SONIFICATION Source: AUDIO_SOURCE_DEFAULT Flags: 0x0 Tags: }
08-22 16:48:52.827 900 2145 E power : power acquire_wake_lock enter!
08-22 16:48:52.827 900 2145 E power : power acquire_wake_lock exit!
08-22 16:48:52.827 580 580 E android.system.suspend@1.0-service: SystemSuspend::acquireWakeLock enter!pid = 900: Success
08-22 16:48:52.827 580 580 E android.system.suspend@1.0-service: SystemSuspend::acquireWakeLock exit!: Success
08-22 16:48:52.827 900 2145 D APM_AudioPolicyManager: setStreamVolumeIndex: stream AUDIO_STREAM_SYSTEM attributes={ Content type: AUDIO_CONTENT_TYPE_UNKNOWN Usage: AUDIO_USAGE_ASSISTANCE_SONIFICATION Source: AUDIO_SOURCE_DEFAULT Flags: 0x0 Tags: }
08-22 16:48:52.827 900 2145 E power : power acquire_wake_lock enter!
08-22 16:48:52.827 900 2145 E power : power acquire_wake_lock exit!
08-22 16:48:52.827 580 580 E android.system.suspend@1.0-service: SystemSuspend::acquireWakeLock enter!pid = 900: Success
08-22 16:48:52.827 580 580 E android.system.suspend@1.0-service: SystemSuspend::acquireWakeLock exit!: Success
08-22 16:48:52.828 900 2145 D APM_AudioPolicyManager: setStreamVolumeIndex: stream AUDIO_STREAM_SYSTEM attributes={ Content type: AUDIO_CONTENT_TYPE_UNKNOWN Usage: AUDIO_USAGE_ASSISTANCE_SONIFICATION Source: AUDIO_SOURCE_DEFAULT Flags: 0x0 Tags: }
08-22 16:48:52.828 900 2145 E power : power acquire_wake_lock enter!
08-22 16:48:52.828 900 2145 E power : power acquire_wake_lock exit!
08-22 16:48:52.828 580 580 E android.system.suspend@1.0-service: SystemSuspend::acquireWakeLock enter!pid = 900: Success
08-22 16:48:52.828 580 580 E android.system.suspend@1.0-service: SystemSuspend::acquireWakeLock exit!: Success
08-22 16:48:52.828 900 10140 D APM_AudioPolicyManager: setStreamVolumeIndex: stream AUDIO_STREAM_SYSTEM attributes={ Content type: AUDIO_CONTENT_TYPE_UNKNOWN Usage: AUDIO_USAGE_ASSISTANCE_SONIFICATION Source: AUDIO_SOURCE_DEFAULT Flags: 0x0 Tags: }
08-22 16:48:52.828 900 10140 E power : power acquire_wake_lock enter!
08-22 16:48:52.828 900 10140 E power : power acquire_wake_lock exit!
08-22 16:48:52.828 580 580 E android.system.suspend@1.0-service: SystemSuspend::acquireWakeLock enter!pid = 900: Success
08-22 16:48:52.828 580 580 E android.system.suspend@1.0-service: SystemSuspend::acquireWakeLock exit!: Success
08-22 16:48:52.828 900 10140 D APM_AudioPolicyManager: setStreamVolumeIndex: stream AUDIO_STREAM_SYSTEM attributes={ Content type: AUDIO_CONTENT_TYPE_UNKNOWN Usage: AUDIO_USAGE_ASSISTANCE_SONIFICATION Source: AUDIO_SOURCE_DEFAULT Flags: 0x0 Tags: }
08-22 16:48:52.828 900 10140 E power : power acquire_wake_lock enter!
08-22 16:48:52.828 900 10140 E power : power acquire_wake_lock exit!
08-22 16:48:52.828 580 580 E android.system.suspend@1.0-service: SystemSuspend::acquireWakeLock enter!pid = 900: Success
08-22 16:48:52.828 580 580 E android.system.suspend@1.0-service: SystemSuspend::acquireWakeLock exit!: Success
08-22 16:48:52.828 900 2145 D APM_AudioPolicyManager: setStreamVolumeIndex: stream AUDIO_STREAM_SYSTEM attributes={ Content type: AUDIO_CONTENT_TYPE_UNKNOWN Usage: AUDIO_USAGE_ASSISTANCE_SONIFICATION Source: AUDIO_SOURCE_DEFAULT Flags: 0x0 Tags: }
08-22 16:48:52.828 900 2145 E power : power acquire_wake_lock enter!
08-22 16:48:52.828 900 2145 E power : power acquire_wake_lock exit!
08-22 16:48:52.828 580 580 E android.system.suspend@1.0-service: SystemSuspend::acquireWakeLock enter!pid = 900: Success
08-22 16:48:52.828 580 580 E android.system.suspend@1.0-service: SystemSuspend::acquireWakeLock exit!: Success
08-22 16:48:52.829 900 10140 D APM_AudioPolicyManager: setStreamVolumeIndex: stream AUDIO_STREAM_SYSTEM attributes={ Content type: AUDIO_CONTENT_TYPE_UNKNOWN Usage: AUDIO_USAGE_ASSISTANCE_SONIFICATION Source: AUDIO_SOURCE_DEFAULT Flags: 0x0 Tags: }
08-22 16:48:52.829 900 10140 E power : power acquire_wake_lock enter!
08-22 16:48:52.829 900 10140 E power : power acquire_wake_lock exit!
08-22 16:48:52.829 580 580 E android.system.suspend@1.0-service: SystemSuspend::acquireWakeLock enter!pid = 900: Success
08-22 16:48:52.829 580 580 E android.system.suspend@1.0-service: SystemSuspend::acquireWakeLock exit!: Success
08-22 16:48:52.829 900 7214 D APM_AudioPolicyManager: setStreamVolumeIndex: stream AUDIO_STREAM_RING attributes={ Content type: AUDIO_CONTENT_TYPE_UNKNOWN Usage: AUDIO_USAGE_NOTIFICATION_TELEPHONY_RINGTONE Source: AUDIO_SOURCE_DEFAULT Flags: 0x0 Tags: }
08-22 16:48:52.829 900 7214 E power : power acquire_wake_lock enter!
08-22 16:48:52.829 900 7214 E power : power acquire_wake_lock exit!
08-22 16:48:52.829 580 580 E android.system.suspend@1.0-service: SystemSuspend::acquireWakeLock enter!pid = 900: Success
08-22 16:48:52.829 580 580 E android.system.suspend@1.0-service: SystemSuspend::acquireWakeLock exit!: Success
08-22 16:48:52.829 900 7214 D APM_AudioPolicyManager: setStreamVolumeIndex: stream AUDIO_STREAM_RING attributes={ Content type: AUDIO_CONTENT_TYPE_UNKNOWN Usage: AUDIO_USAGE_NOTIFICATION_TELEPHONY_RINGTONE Source: AUDIO_SOURCE_DEFAULT Flags: 0x0 Tags: }
08-22 16:48:52.829 900 7214 E power : power acquire_wake_lock enter!
08-22 16:48:52.829 900 7214 E power : power acquire_wake_lock exit!
08-22 16:48:52.829 580 580 E android.system.suspend@1.0-service: SystemSuspend::acquireWakeLock enter!pid = 900: Success
08-22 16:48:52.829 580 580 E android.system.suspend@1.0-service: SystemSuspend::acquireWakeLock exit!: Success
08-22 16:48:52.829 900 7214 D APM_AudioPolicyManager: setStreamVolumeIndex: stream AUDIO_STREAM_RING attributes={ Content type: AUDIO_CONTENT_TYPE_UNKNOWN Usage: AUDIO_USAGE_NOTIFICATION_TELEPHONY_RINGTONE Source: AUDIO_SOURCE_DEFAULT Flags: 0x0 Tags: }
08-22 16:48:52.830 900 7214 E power : power acquire_wake_lock enter!
08-22 16:48:52.830 900 7214 E power : power acquire_wake_lock exit!
08-22 16:48:52.830 580 580 E android.system.suspend@1.0-service: SystemSuspend::acquireWakeLock enter!pid = 900: Success
08-22 16:48:52.830 580 580 E android.system.suspend@1.0-service: SystemSuspend::acquireWakeLock exit!: Success
08-22 16:48:52.830 900 7214 D APM_AudioPolicyManager: setStreamVolumeIndex: stream AUDIO_STREAM_RING attributes={ Content type: AUDIO_CONTENT_TYPE_UNKNOWN Usage: AUDIO_USAGE_NOTIFICATION_TELEPHONY_RINGTONE Source: AUDIO_SOURCE_DEFAULT Flags: 0x0 Tags: }
08-22 16:48:52.830 900 7214 E power : power acquire_wake_lock enter!
08-22 16:48:52.830 900 7214 E power : power acquire_wake_lock exit!
08-22 16:48:52.830 580 580 E android.system.suspend@1.0-service: SystemSuspend::acquireWakeLock enter!pid = 900: Success
08-22 16:48:52.830 580 580 E android.system.suspend@1.0-service: SystemSuspend::acquireWakeLock exit!: Success
08-22 16:48:52.830 900 7214 D APM_AudioPolicyManager: setStreamVolumeIndex: stream AUDIO_STREAM_RING attributes={ Content type: AUDIO_CONTENT_TYPE_UNKNOWN Usage: AUDIO_USAGE_NOTIFICATION_TELEPHONY_RINGTONE Source: AUDIO_SOURCE_DEFAULT Flags: 0x0 Tags: }
08-22 16:48:52.830 900 7214 E power : power acquire_wake_lock enter!
08-22 16:48:52.830 900 7214 E power : power acquire_wake_lock exit!
08-22 16:48:52.830 580 580 E android.system.suspend@1.0-service: SystemSuspend::acquireWakeLock enter!pid = 900: Success
08-22 16:48:52.830 580 580 E android.system.suspend@1.0-service: SystemSuspend::acquireWakeLock exit!: Success
08-22 16:48:52.830 900 7214 D APM_AudioPolicyManager: setStreamVolumeIndex: stream AUDIO_STREAM_RING attributes={ Content type: AUDIO_CONTENT_TYPE_UNKNOWN Usage: AUDIO_USAGE_NOTIFICATION_TELEPHONY_RINGTONE Source: AUDIO_SOURCE_DEFAULT Flags: 0x0 Tags: }
08-22 16:48:52.830 900 7214 E power : power acquire_wake_lock enter!
08-22 16:48:52.830 900 7214 E power : power acquire_wake_lock exit!
08-22 16:48:52.830 580 580 E android.system.suspend@1.0-service: SystemSuspend::acquireWakeLock enter!pid = 900: Success
08-22 16:48:52.830 580 580 E android.system.suspend@1.0-service: SystemSuspend::acquireWakeLock exit!: Success
08-22 16:48:52.830 900 7214 D APM_AudioPolicyManager: setStreamVolumeIndex: stream AUDIO_STREAM_RING attributes={ Content type: AUDIO_CONTENT_TYPE_UNKNOWN Usage: AUDIO_USAGE_NOTIFICATION_TELEPHONY_RINGTONE Source: AUDIO_SOURCE_DEFAULT Flags: 0x0 Tags: }
08-22 16:48:52.831 900 7214 E power : power acquire_wake_lock enter!
08-22 16:48:52.831 900 7214 E power : power acquire_wake_lock exit!
08-22 16:48:52.831 580 580 E android.system.suspend@1.0-service: SystemSuspend::acquireWakeLock enter!pid = 900: Success
08-22 16:48:52.831 580 580 E android.system.suspend@1.0-service: SystemSuspend::acquireWakeLock exit!: Success
08-22 16:48:52.831 900 7214 D APM_AudioPolicyManager: setStreamVolumeIndex: stream AUDIO_STREAM_RING attributes={ Content type: AUDIO_CONTENT_TYPE_UNKNOWN Usage: AUDIO_USAGE_NOTIFICATION_TELEPHONY_RINGTONE Source: AUDIO_SOURCE_DEFAULT Flags: 0x0 Tags: }
08-22 16:48:52.831 900 7214 E power : power acquire_wake_lock enter!
08-22 16:48:52.831 900 7214 E power : power acquire_wake_lock exit!
08-22 16:48:52.831 580 580 E android.system.suspend@1.0-service: SystemSuspend::acquireWakeLock enter!pid = 900: Success
08-22 16:48:52.831 580 580 E android.system.suspend@1.0-service: SystemSuspend::acquireWakeLock exit!: Success
08-22 16:48:52.832 900 7214 D APM_AudioPolicyManager: setStreamVolumeIndex: stream AUDIO_STREAM_MUSIC attributes={ Content type: AUDIO_CONTENT_TYPE_UNKNOWN Usage: AUDIO_USAGE_MEDIA Source: AUDIO_SOURCE_DEFAULT Flags: 0x0 Tags: }
08-22 16:48:52.832 900 7214 E power : power acquire_wake_lock enter!
08-22 16:48:52.832 900 7214 E power : power acquire_wake_lock exit!
08-22 16:48:52.832 580 580 E android.system.suspend@1.0-service: SystemSuspend::acquireWakeLock enter!pid = 900: Success
08-22 16:48:52.832 580 580 E android.system.suspend@1.0-service: SystemSuspend::acquireWakeLock exit!: Success
08-22 16:48:52.832 900 7214 D APM_AudioPolicyManager: setStreamVolumeIndex: stream AUDIO_STREAM_MUSIC attributes={ Content type: AUDIO_CONTENT_TYPE_UNKNOWN Usage: AUDIO_USAGE_MEDIA Source: AUDIO_SOURCE_DEFAULT Flags: 0x0 Tags: }
08-22 16:48:52.832 900 7214 E power : power acquire_wake_lock enter!
08-22 16:48:52.832 900 7214 E power : power acquire_wake_lock exit!
08-22 16:48:52.833 580 580 E android.system.suspend@1.0-service: SystemSuspend::acquireWakeLock enter!pid = 900: Success
08-22 16:48:52.833 580 580 E android.system.suspend@1.0-service: SystemSuspend::acquireWakeLock exit!: Success
08-22 16:48:52.833 900 7214 D APM_AudioPolicyManager: setStreamVolumeIndex: stream AUDIO_STREAM_MUSIC attributes={ Content type: AUDIO_CONTENT_TYPE_UNKNOWN Usage: AUDIO_USAGE_MEDIA Source: AUDIO_SOURCE_DEFAULT Flags: 0x0 Tags: }
08-22 16:48:52.834 900 7214 E power : power acquire_wake_lock enter!
08-22 16:48:52.834 900 7214 E power : power acquire_wake_lock exit!
08-22 16:48:52.834 580 580 E android.system.suspend@1.0-service: SystemSuspend::acquireWakeLock enter!pid = 900: Success
08-22 16:48:52.834 580 580 E android.system.suspend@1.0-service: SystemSuspend::acquireWakeLock exit!: Success
08-22 16:48:52.834 900 7214 D APM_AudioPolicyManager: setStreamVolumeIndex: stream AUDIO_STREAM_MUSIC attributes={ Content type: AUDIO_CONTENT_TYPE_UNKNOWN Usage: AUDIO_USAGE_MEDIA Source: AUDIO_SOURCE_DEFAULT Flags: 0x0 Tags: }
08-22 16:48:52.834 900 7214 E power : power acquire_wake_lock enter!
08-22 16:48:52.834 900 7214 E power : power acquire_wake_lock exit!
08-22 16:48:52.834 580 580 E android.system.suspend@1.0-service: SystemSuspend::acquireWakeLock enter!pid = 900: Success
08-22 16:48:52.834 580 580 E android.system.suspend@1.0-service: SystemSuspend::acquireWakeLock exit!: Success
08-22 16:48:52.834 900 7214 D APM_AudioPolicyManager: setStreamVolumeIndex: stream AUDIO_STREAM_MUSIC attributes={ Content type: AUDIO_CONTENT_TYPE_UNKNOWN Usage: AUDIO_USAGE_MEDIA Source: AUDIO_SOURCE_DEFAULT Flags: 0x0 Tags: }
08-22 16:48:52.834 900 7214 E power : power acquire_wake_lock enter!
08-22 16:48:52.834 900 7214 E power : power acquire_wake_lock exit!
08-22 16:48:52.834 580 580 E android.system.suspend@1.0-service: SystemSuspend::acquireWakeLock enter!pid = 900: Success
08-22 16:48:52.834 580 580 E android.system.suspend@1.0-service: SystemSuspend::acquireWakeLock exit!: Success
08-22 16:48:52.834 30420 30420 D InsetsSourceConsumer: Call hide for ITYPE_IME on com.ss.android.lark/com.ss.android.vc.meeting.module.multi.ByteRTCMeetingActivityInstance
08-22 16:48:52.834 30420 30420 D InsetsSourceConsumer: applyLocalVisibilityOverride: No control in com.ss.android.lark/com.ss.android.vc.meeting.module.multi.ByteRTCMeetingActivityInstance requestedVisible false
08-22 16:48:52.834 900 7214 D APM_AudioPolicyManager: setStreamVolumeIndex: stream AUDIO_STREAM_MUSIC attributes={ Content type: AUDIO_CONTENT_TYPE_UNKNOWN Usage: AUDIO_USAGE_MEDIA Source: AUDIO_SOURCE_DEFAULT Flags: 0x0 Tags: }
08-22 16:48:52.834 900 7214 E power : power acquire_wake_lock enter!
08-22 16:48:52.834 900 7214 E power : power acquire_wake_lock exit!
08-22 16:48:52.834 580 580 E android.system.suspend@1.0-service: SystemSuspend::acquireWakeLock enter!pid = 900: Success
08-22 16:48:52.834 580 580 E android.system.suspend@1.0-service: SystemSuspend::acquireWakeLock exit!: Success
08-22 16:48:52.835 900 7214 D APM_AudioPolicyManager: setStreamVolumeIndex: stream AUDIO_STREAM_MUSIC attributes={ Content type: AUDIO_CONTENT_TYPE_UNKNOWN Usage: AUDIO_USAGE_MEDIA Source: AUDIO_SOURCE_DEFAULT Flags: 0x0 Tags: }
08-22 16:48:52.835 900 7214 E power : power acquire_wake_lock enter!
08-22 16:48:52.835 900 7214 E power : power acquire_wake_lock exit!
08-22 16:48:52.835 580 580 E android.system.suspend@1.0-service: SystemSuspend::acquireWakeLock enter!pid = 900: Success
08-22 16:48:52.835 580 580 E android.system.suspend@1.0-service: SystemSuspend::acquireWakeLock exit!: Success
08-22 16:48:52.835 900 7214 D APM_AudioPolicyManager: setStreamVolumeIndex: stream AUDIO_STREAM_MUSIC attributes={ Content type: AUDIO_CONTENT_TYPE_UNKNOWN Usage: AUDIO_USAGE_MEDIA Source: AUDIO_SOURCE_DEFAULT Flags: 0x0 Tags: }
08-22 16:48:52.835 900 7214 E power : power acquire_wake_lock enter!
08-22 16:48:52.835 900 7214 E power : power acquire_wake_lock exit!
08-22 16:48:52.835 580 580 E android.system.suspend@1.0-service: SystemSuspend::acquireWakeLock enter!pid = 900: Success
08-22 16:48:52.835 580 580 E android.system.suspend@1.0-service: SystemSuspend::acquireWakeLock exit!: Success
08-22 16:48:52.835 900 2145 D APM_AudioPolicyManager: setStreamVolumeIndex: stream AUDIO_STREAM_ALARM attributes={ Content type: AUDIO_CONTENT_TYPE_UNKNOWN Usage: AUDIO_USAGE_ALARM Source: AUDIO_SOURCE_DEFAULT Flags: 0x0 Tags: }
08-22 16:48:52.835 900 2145 E power : power acquire_wake_lock enter!
08-22 16:48:52.835 900 2145 E power : power acquire_wake_lock exit!
08-22 16:48:52.835 580 580 E android.system.suspend@1.0-service: SystemSuspend::acquireWakeLock enter!pid = 900: Success
08-22 16:48:52.835 580 580 E android.system.suspend@1.0-service: SystemSuspend::acquireWakeLock exit!: Success
08-22 16:48:52.836 900 2145 D APM_AudioPolicyManager: setStreamVolumeIndex: stream AUDIO_STREAM_ALARM attributes={ Content type: AUDIO_CONTENT_TYPE_UNKNOWN Usage: AUDIO_USAGE_ALARM Source: AUDIO_SOURCE_DEFAULT Flags: 0x0 Tags: }
08-22 16:48:52.836 900 2145 E power : power acquire_wake_lock enter!
08-22 16:48:52.836 900 2145 E power : power acquire_wake_lock exit!
08-22 16:48:52.836 580 580 E android.system.suspend@1.0-service: SystemSuspend::acquireWakeLock enter!pid = 900: Success
08-22 16:48:52.836 580 580 E android.system.suspend@1.0-service: SystemSuspend::acquireWakeLock exit!: Success
08-22 16:48:52.836 900 2145 D APM_AudioPolicyManager: setStreamVolumeIndex: stream AUDIO_STREAM_ALARM attributes={ Content type: AUDIO_CONTENT_TYPE_UNKNOWN Usage: AUDIO_USAGE_ALARM Source: AUDIO_SOURCE_DEFAULT Flags: 0x0 Tags: }
08-22 16:48:52.836 900 2145 E power : power acquire_wake_lock enter!
08-22 16:48:52.836 900 2145 E power : power acquire_wake_lock exit!
08-22 16:48:52.836 580 580 E android.system.suspend@1.0-service: SystemSuspend::acquireWakeLock enter!pid = 900: Success
08-22 16:48:52.836 580 580 E android.system.suspend@1.0-service: SystemSuspend::acquireWakeLock exit!: Success
08-22 16:48:52.837 30420 30420 I wm_on_stop_called: [182812534,com.ss.android.vc.meeting.module.base.MeetingShadowActivity,LIFECYCLER_STOP_ACTIVITY]
08-22 16:48:52.837 900 7214 D APM_AudioPolicyManager: setStreamVolumeIndex: stream AUDIO_STREAM_ALARM attributes={ Content type: AUDIO_CONTENT_TYPE_UNKNOWN Usage: AUDIO_USAGE_ALARM Source: AUDIO_SOURCE_DEFAULT Flags: 0x0 Tags: }
08-22 16:48:52.837 900 7214 E power : power acquire_wake_lock enter!
08-22 16:48:52.837 900 7214 E power : power acquire_wake_lock exit!
08-22 16:48:52.837 580 580 E android.system.suspend@1.0-service: SystemSuspend::acquireWakeLock enter!pid = 900: Success
08-22 16:48:52.837 580 580 E android.system.suspend@1.0-service: SystemSuspend::acquireWakeLock exit!: Success
08-22 16:48:52.837 900 2145 D APM_AudioPolicyManager: setStreamVolumeIndex: stream AUDIO_STREAM_ALARM attributes={ Content type: AUDIO_CONTENT_TYPE_UNKNOWN Usage: AUDIO_USAGE_ALARM Source: AUDIO_SOURCE_DEFAULT Flags: 0x0 Tags: }
08-22 16:48:52.837 900 2145 E power : power acquire_wake_lock enter!
08-22 16:48:52.837 900 2145 E power : power acquire_wake_lock exit!
08-22 16:48:52.837 580 580 E android.system.suspend@1.0-service: SystemSuspend::acquireWakeLock enter!pid = 900: Success
08-22 16:48:52.837 580 580 E android.system.suspend@1.0-service: SystemSuspend::acquireWakeLock exit!: Success
08-22 16:48:52.838 900 7214 D APM_AudioPolicyManager: setStreamVolumeIndex: stream AUDIO_STREAM_ALARM attributes={ Content type: AUDIO_CONTENT_TYPE_UNKNOWN Usage: AUDIO_USAGE_ALARM Source: AUDIO_SOURCE_DEFAULT Flags: 0x0 Tags: }
08-22 16:48:52.838 900 7214 E power : power acquire_wake_lock enter!
08-22 16:48:52.838 900 7214 E power : power acquire_wake_lock exit!
08-22 16:48:52.838 580 580 E android.system.suspend@1.0-service: SystemSuspend::acquireWakeLock enter!pid = 900: Success
08-22 16:48:52.838 580 580 E android.system.suspend@1.0-service: SystemSuspend::acquireWakeLock exit!: Success
08-22 16:48:52.838 900 2145 D APM_AudioPolicyManager: setStreamVolumeIndex: stream AUDIO_STREAM_ALARM attributes={ Content type: AUDIO_CONTENT_TYPE_UNKNOWN Usage: AUDIO_USAGE_ALARM Source: AUDIO_SOURCE_DEFAULT Flags: 0x0 Tags: }
08-22 16:48:52.838 900 2145 E power : power acquire_wake_lock enter!
08-22 16:48:52.838 900 2145 E power : power acquire_wake_lock exit!
08-22 16:48:52.838 580 580 E android.system.suspend@1.0-service: SystemSuspend::acquireWakeLock enter!pid = 900: Success
08-22 16:48:52.838 580 580 E android.system.suspend@1.0-service: SystemSuspend::acquireWakeLock exit!: Success
08-22 16:48:52.838 900 7214 D APM_AudioPolicyManager: setStreamVolumeIndex: stream AUDIO_STREAM_ALARM attributes={ Content type: AUDIO_CONTENT_TYPE_UNKNOWN Usage: AUDIO_USAGE_ALARM Source: AUDIO_SOURCE_DEFAULT Flags: 0x0 Tags: }
08-22 16:48:52.839 900 10140 D APM_AudioPolicyManager: setStreamVolumeIndex: stream AUDIO_STREAM_NOTIFICATION attributes={ Content type: AUDIO_CONTENT_TYPE_UNKNOWN Usage: AUDIO_USAGE_NOTIFICATION Source: AUDIO_SOURCE_DEFAULT Flags: 0x0 Tags: }
08-22 16:48:52.839 900 10140 E power : power acquire_wake_lock enter!
08-22 16:48:52.839 900 10140 E power : power acquire_wake_lock exit!
08-22 16:48:52.839 580 580 E android.system.suspend@1.0-service: SystemSuspend::acquireWakeLock enter!pid = 900: Success
08-22 16:48:52.839 580 580 E android.system.suspend@1.0-service: SystemSuspend::acquireWakeLock exit!: Success
08-22 16:48:52.839 900 10140 D APM_AudioPolicyManager: setStreamVolumeIndex: stream AUDIO_STREAM_NOTIFICATION attributes={ Content type: AUDIO_CONTENT_TYPE_UNKNOWN Usage: AUDIO_USAGE_NOTIFICATION Source: AUDIO_SOURCE_DEFAULT Flags: 0x0 Tags: }
08-22 16:48:52.839 900 10140 E power : power acquire_wake_lock enter!
08-22 16:48:52.839 900 10140 E power : power acquire_wake_lock exit!
08-22 16:48:52.839 580 580 E android.system.suspend@1.0-service: SystemSuspend::acquireWakeLock enter!pid = 900: Success
08-22 16:48:52.839 580 580 E android.system.suspend@1.0-service: SystemSuspend::acquireWakeLock exit!: Success
08-22 16:48:52.839 30420 30420 I wm_on_destroy_called: [182812534,com.ss.android.vc.meeting.module.base.MeetingShadowActivity,performDestroy]
08-22 16:48:52.840 900 10140 D APM_AudioPolicyManager: setStreamVolumeIndex: stream AUDIO_STREAM_NOTIFICATION attributes={ Content type: AUDIO_CONTENT_TYPE_UNKNOWN Usage: AUDIO_USAGE_NOTIFICATION Source: AUDIO_SOURCE_DEFAULT Flags: 0x0 Tags: }
08-22 16:48:52.840 900 10140 E power : power acquire_wake_lock enter!
08-22 16:48:52.840 900 10140 E power : power acquire_wake_lock exit!
08-22 16:48:52.840 1542 1811 D FreeFormWindowHelper: handleFreeformTask : Task{a364e25 #76341 type=standard A=10119:com.ss.android.lark U=0 visible=true mode=fullscreen translucent=false sz=2 visible freeform task=true rootAffinity=10119:com.ss.android.lark isMini=false}
08-22 16:48:52.840 1542 1811 D FreeFormWindowHelper: mFreeFormTask : Task{a68f32d #76340 type=standard A=10123:com.tencent.mobileqq U=0 visible=true mode=freeform translucent=false sz=1 visible freeform task=true rootAffinity=10123:com.tencent.mobileqq isMini=false}
08-22 16:48:52.840 1542 1811 D FreeFormWindowHelper: mInRecent : false
08-22 16:48:52.840 1542 1811 D FreeFormWindowHelper:
08-22 16:48:52.840 580 580 E android.system.suspend@1.0-service: SystemSuspend::acquireWakeLock enter!pid = 900: Success
08-22 16:48:52.840 580 580 E android.system.suspend@1.0-service: SystemSuspend::acquireWakeLock exit!: Success
08-22 16:48:52.841 900 10140 D APM_AudioPolicyManager: setStreamVolumeIndex: stream AUDIO_STREAM_NOTIFICATION attributes={ Content type: AUDIO_CONTENT_TYPE_UNKNOWN Usage: AUDIO_USAGE_NOTIFICATION Source: AUDIO_SOURCE_DEFAULT Flags: 0x0 Tags: }
08-22 16:48:52.841 900 10140 E power : power acquire_wake_lock enter!
08-22 16:48:52.841 900 10140 E power : power acquire_wake_lock exit!
08-22 16:48:52.841 580 580 E android.system.suspend@1.0-service: SystemSuspend::acquireWakeLock enter!pid = 900: Success
08-22 16:48:52.841 580 580 E android.system.suspend@1.0-service: SystemSuspend::acquireWakeLock exit!: Success
