08-22 16:48:51.994 1936 1936 D NoBackGesture: Start gesture: MotionEvent { action=ACTION_DOWN, actionButton=0, id[0]=0, x[0]=2499.0, y[0]=988.0, toolType[0]=TOOL_TYPE_FINGER, buttonState=0, classification=NONE, metaState=0, flags=0x0, edgeFlags=0x0, pointerCount=1, historySize=0, eventTime=9741806, downTime=9741806, deviceId=4, source=0x5002, displayId=0, eventId=64987827 } mSysUiFlags=131072 region=Rect(0, 0 - 0, 0)
08-22 16:48:51.994 1542 1843 D PowerManagerNotifier: onUserActivity: event=2, uid=1000
08-22 16:48:51.994 1936 1936 D NoBackGesture: isWithinTouchRegion: left=45 right=2515
08-22 16:48:51.994 1542 1843 D PowerManagerService: updateUserActivitySummaryLocked: groupId=0, mWakefulness=Awake, mUserActivitySummary=0x1, nextTimeout=10341806 (in 599997 ms)
08-22 16:48:51.994 1542 1843 D PowerManagerNotifier: onScreenPolicyUpdate: newPolicy=3
08-22 16:48:51.995 1542 1843 D PowerManagerService: updateDisplayPowerStateLocked: displayReady=true, groupId=0, policy=BRIGHT, mWakefulness=Awake, mWakeLockSummary=0x23, mUserActivitySummary=0x1, mBootCompleted=true, screenBrightnessOverride=NaN, useAutoBrightness=false, mScreenBrightnessBoostInProgress=false, mIsVrModeEnabled= false, sQuiescent=false
08-22 16:48:51.996 1542 1660 I wm_task_moved: [76346,1,8]
08-22 16:48:51.996 1542 1660 I wm_task_to_front: [0,76346]
08-22 16:48:51.997 2577 2577 D TouchInteractionService: onInputEvent mUncheckedConsumer = com.android.quickstep.InputConsumer$$ExternalSyntheticLambda0@3819b16
08-22 16:48:52.000 1936 1936 D NoBackGesture: Prediction [1692694131994,2499,988,-1,0.000000,0]
08-22 16:48:52.000 1936 1936 D NoBackGesture: Gesture [1692694132000,alw=FALSE,FALSE,TRUE,FALSE,disp=Point(2560, 1080),wl=45,il=0,wr=45,ir=0,excl=SkRegion()]
08-22 16:48:52.006 1936 25192 D CommandQueue: onSystemBarAttributesChanged
08-22 16:48:52.007 30420 30420 D InsetsSourceConsumer: Call hide for ITYPE_IME on com.ss.android.lark/com.ss.android.vc.meeting.module.multi.ByteRTCMeetingActivityInstance
08-22 16:48:52.007 30420 30420 D InsetsSourceConsumer: applyLocalVisibilityOverride: No control in com.ss.android.lark/com.ss.android.vc.meeting.module.multi.ByteRTCMeetingActivityInstance requestedVisible false
08-22 16:48:52.007 30420 30420 D InsetsSourceConsumer: setControl -> ITYPE_NAVIGATION_BAR on com.ss.android.lark/com.ss.android.vc.meeting.module.multi.ByteRTCMeetingActivityInstance
08-22 16:48:52.007 30420 30420 D InsetsSourceConsumer: applyHiddenToControl: true
08-22 16:48:52.008 6739 6739 I wm_on_top_resumed_lost_called: [78130619,com.tencent.mobileqq.activity.SplashActivity,topStateChangedWhenResumed]
08-22 16:48:52.008 1542 1660 I wm_set_resumed_activity: [0,com.ss.android.lark/com.ss.android.vc.meeting.module.multi.ByteRTCMeetingActivityInstance,positionChildAt]
08-22 16:48:52.008 1542 1660 I wm_focused_root_task: [0,0,76346,76340,setFocusedTask]
08-22 16:48:52.008 1542 1660 I wm_set_resumed_activity: [0,com.ss.android.lark/com.ss.android.vc.meeting.module.multi.ByteRTCMeetingActivityInstance,setFocusedTask]
08-22 16:48:52.008 1542 1660 D FreeFormWindowHelper: handleFreeformTask : Task{45f60b7 #76346 type=standard A=10119:com.ss.android.lark.vc U=0 visible=true mode=fullscreen translucent=false sz=1 visible freeform task=true rootAffinity=10119:com.ss.android.lark.vc isMini=false}
08-22 16:48:52.008 1542 1660 D FreeFormWindowHelper: mFreeFormTask : Task{a68f32d #76340 type=standard A=10123:com.tencent.mobileqq U=0 visible=true mode=freeform translucent=false sz=1 visible freeform task=true rootAffinity=10123:com.tencent.mobileqq isMini=false}
08-22 16:48:52.008 1542 1660 D FreeFormWindowHelper: mInRecent : false
08-22 16:48:52.008 1542 1660 D FreeFormWindowHelper:
08-22 16:48:52.008 1542 1660 I ActivityTaskManager: FOREGROUND_APPLICATION_CHANGED to com.ss.android.vc.meeting.module.multi.ByteRTCMeetingActivityInstance
08-22 16:48:52.010 1542 1662 I input_focus: [Focus request 2d4ed42 com.ss.android.lark/com.ss.android.vc.meeting.module.multi.ByteRTCMeetingActivityInstance,reason=UpdateInputWindows]
08-22 16:48:52.011 30420 30420 I wm_on_top_resumed_gained_called: [187504831,com.ss.android.vc.meeting.module.multi.ByteRTCMeetingActivityInstance,topStateChangedWhenResumed]
08-22 16:48:52.032 1542 1843 I input_focus: [Focus leaving 7696002 com.tencent.mobileqq/com.tencent.mobileqq.activity.SplashActivity (server),reason=setFocusedWindow]
08-22 16:48:52.032 1542 1843 I input_focus: [Focus entering 2d4ed42 com.ss.android.lark/com.ss.android.vc.meeting.module.multi.ByteRTCMeetingActivityInstance (server),reason=setFocusedWindow]
08-22 16:48:52.035 30420 30420 V ImeFocusController: onWindowFocus: DecorView@7744015[ByteRTCMeetingActivityInstance] softInputMode=STATE_ALWAYS_HIDDEN|ADJUST_NOTHING|IS_FORWARD_NAVIGATION
08-22 16:48:52.035 30420 30420 V ImeFocusController: Restarting due to isRestartOnNextWindowFocus as true
08-22 16:48:52.035 30420 30420 D ImeFocusController: onViewFocusChanged, view=DecorView@7744015[ByteRTCMeetingActivityInstance], mServedView=DecorView@7744015[ByteRTCMeetingActivityInstance]
08-22 16:48:52.035 30420 30420 V ImeFocusController: checkFocus: view=DecorView@7744015[ByteRTCMeetingActivityInstance] next=DecorView@7744015[ByteRTCMeetingActivityInstance] force=true package=com.ss.android.lark
08-22 16:48:52.037 3270 3270 V InputMethod: unbindInput(): binding=InputBinding{android.os.BinderProxy@7a19e12 / uid 10123 / pid 6739} ic=InputConnectionWrapper{idHash=#85d1167 mMissingMethods=}
08-22 16:48:52.037 3270 3270 I ImeService: ImeService(com.baidu.input_hryt.ImeService@71480ac) life called >>> onUnbindInput
08-22 16:48:52.037 6739 6739 V ImeFocusController: checkFocus: view=com.tencent.qqnt.chats.view.ClipSkinnableRecycleView{dfcd17d VFED..... .F...... 0,0-695,1235 #7f0a0e24 app:id/ncx aid=1073741824} next=com.tencent.qqnt.chats.view.ClipSkinnableRecycleView{dfcd17d VFED..... .F...... 0,0-695,1235 #7f0a0e24 app:id/ncx aid=1073741824} force=true package=com.tencent.mobileqq
08-22 16:48:52.037 3270 3270 D ImeService: onUnbindInput
08-22 16:48:52.037 3270 3270 I ImeService: ImeService(com.baidu.input_hryt.ImeService@71480ac) life called >>> onUnbindInput false
08-22 16:48:52.038 3270 3270 V InputMethodService: CALL: hideWindow
08-22 16:48:52.038 3270 3270 V InputMethod: bindInput(): binding=InputBinding{android.os.BinderProxy@8e137c6 / uid 10119 / pid 30420} ic=InputConnectionWrapper{idHash=#a9f5d03 mMissingMethods=}
08-22 16:48:52.038 3270 3270 I ImeService: ImeService(com.baidu.input_hryt.ImeService@71480ac) life called >>> onBindInput
08-22 16:48:52.038 3270 3270 D ImeService: onBindInput
08-22 16:48:52.038 3270 3270 V InputMethod: startInput(): editor=android.view.inputmethod.EditorInfo@783b480
08-22 16:48:52.038 3270 3270 V InputMethodService: CALL: doFinishInput
08-22 16:48:52.038 3270 3270 D InlineSuggestionSessionController: notifyOnFinishInput
08-22 16:48:52.038 3270 3270 V InputMethodService: CALL: onFinishInput
08-22 16:48:52.039 3270 3270 I ImeService: ImeService(com.baidu.input_hryt.ImeService@71480ac) life called >>> onFinishInput
08-22 16:48:52.039 3270 3270 D ImeService: onFinishInput
08-22 16:48:52.039 3270 3270 D InlineSuggestionSessionController: notifyOnStartInput: com.ss.android.lark, 4
08-22 16:48:52.039 3270 3270 V InputMethodService: CALL: onStartInput
08-22 16:48:52.039 3270 3270 I ImeService: ImeService(com.baidu.input_hryt.ImeService@71480ac) life called >>> onStartInput false 10.6.1003.20
08-22 16:48:52.039 3270 3270 D ImeService: current version:10.6.1003.20
08-22 16:48:52.039 3270 3270 D ImeService: onStartInput:packageName:com.ss.android.lark inputType:0 restarting:false,fieldId:-1,imeOptions:0
08-22 16:48:52.040 3270 3769 E CarAuth : check ok
08-22 16:48:52.041 3270 3270 I ColorPicker: invalidatePickedColors: oldFloatColor=fff5f7fa
08-22 16:48:52.062 30420 30420 D InsetsSourceConsumer: setControl -> ITYPE_IME on com.ss.android.lark/com.ss.android.vc.meeting.module.multi.ByteRTCMeetingActivityInstance
08-22 16:48:52.063 30420 30420 D InsetsSourceConsumer: applyHiddenToControl: false
08-22 16:48:52.068 1542 3021 I InputMethodManagerService: shouldShowImeSwitcherLocked: visibility=0
08-22 16:48:52.069 1542 3021 I InputMethodManagerService: Return: no IME_ACTIVE or IME_INVISIBLE.
08-22 16:48:52.069 1542 3021 I InputMethodManagerService: updateSystemUiLocked: needsToShow=false
08-22 16:48:52.100 1542 1843 D PowerManagerService: userActivityNoUpdateLocked: groupId=0, eventTime=9741914, event=2, flags=0x0, uid=1000
08-22 16:48:52.101 1542 1843 D PowerManagerNotifier: onUserActivity: event=2, uid=1000
08-22 16:48:52.101 1542 1843 D PowerManagerService: updateUserActivitySummaryLocked: groupId=0, mWakefulness=Awake, mUserActivitySummary=0x1, nextTimeout=10341914 (in 599998 ms)
08-22 16:48:52.101 1542 1843 D PowerManagerNotifier: onScreenPolicyUpdate: newPolicy=3
08-22 16:48:52.101 1542 1843 D PowerManagerService: updateDisplayPowerStateLocked: displayReady=true, groupId=0, policy=BRIGHT, mWakefulness=Awake, mWakeLockSummary=0x23, mUserActivitySummary=0x1, mBootCompleted=true, screenBrightnessOverride=NaN, useAutoBrightness=false, mScreenBrightnessBoostInProgress=false, mIsVrModeEnabled= false, sQuiescent=false
08-22 16:48:52.132 30420 4479 E SF-native: hook_native_fopen /sys/devices/system/cpu/cpu0/cpufreq/stats/time_in_state failed 0xb40000743e56a650 0x1e32 0x7243ee5948
08-22 16:48:52.133 30420 4479 E SF-native: hook_native_fopen /sys/devices/system/cpu/cpu1/cpufreq/stats/time_in_state failed 0xb40000743e56a650 0x1e32 0x7243ee5948
08-22 16:48:52.133 30420 4479 E SF-native: hook_native_fopen /sys/devices/system/cpu/cpu2/cpufreq/stats/time_in_state failed 0xb40000743e56a650 0x1e32 0x7243ee5948
08-22 16:48:52.133 30420 4479 E SF-native: hook_native_fopen /sys/devices/system/cpu/cpu3/cpufreq/stats/time_in_state failed 0xb40000743e56a650 0x1e32 0x7243ee5948
08-22 16:48:52.133 30420 4479 E SF-native: hook_native_fopen /sys/devices/system/cpu/cpu4/cpufreq/stats/time_in_state failed 0xb40000743e56a650 0x1e32 0x7243ee5948
08-22 16:48:52.133 30420 4479 E SF-native: hook_native_fopen /sys/devices/system/cpu/cpu5/cpufreq/stats/time_in_state failed 0xb40000743e56a650 0x1e32 0x7243ee5948
08-22 16:48:52.133 30420 4479 E SF-native: hook_native_fopen /sys/devices/system/cpu/cpu6/cpufreq/stats/time_in_state failed 0xb40000743e56a650 0x1e32 0x7243ee5948
08-22 16:48:52.134 30420 4479 E SF-native: hook_native_fopen /sys/devices/system/cpu/cpu7/cpufreq/stats/time_in_state failed 0xb40000743e56a650 0x1e32 0x7243ee5948
08-22 16:48:52.163 30420 30420 D ViewTouchDebug: mView : DecorView@7744015[ByteRTCMeetingActivityInstance]Receive event : MotionEvent { action=ACTION_UP, actionButton=0, id[0]=0, x[0]=2499.0, y[0]=988.0, toolType[0]=TOOL_TYPE_FINGER, buttonState=0, classification=NONE, metaState=0, flags=0x2, edgeFlags=0x0, pointerCount=1, historySize=0, eventTime=9741976, downTime=9741806, deviceId=4, source=0x5002, displayId=0, eventId=125986754 }
08-22 16:48:52.186 2164 2164 D MicroSettings: SettingMicroservices: requestActivateStatus:19
08-22 16:48:52.186 2164 2164 D MicroSettings: ActivateUtil: requestActivateStatus
08-22 16:48:52.186 2164 2164 I MicroServiceManager: requestResult(getActivate) parameters isnull.
08-22 16:48:52.195 2135 20952 D MicroService: Send message to IDCM:SocketMessageBean{businessData='21930', srcService='FSEM_SettingService', destService='IDCM_AccountService', messageType='0', uuid='1692694132186051800', payloadData={"srcService":"FSEM_SettingService","dstService":"IDCM_AccountService","messageType":0,"uuid":1692694132186051800,"methodName":"getActivate","parameters":{}}}
08-22 16:48:52.203 1542 15389 I thunderperf: Maybe need boostperf for current app!
08-22 16:48:52.204 2059 5499 D FgBoostPerfService: [FgBoostPerfService.perfBoostAcq]start: stat=true pkgName=com.ss.android.lark
08-22 16:48:52.204 2059 5499 I FgBoostPerfService: [FgBoostPerfService.perfBoostAcq] not game-mode or game app!
08-22 16:48:52.204 1542 15389 I ThunderPerfManager: PerfAcq error : state=true pkgName=com.ss.android.lark
08-22 16:48:52.205 2059 5499 I FgBoostPerfService: [GetGpuMode] isMode=0 isGame=false mGpuMode=1
08-22 16:48:52.205 2059 5499 I FgBoostPerfService: [GetGpuDpiType] isMode=0 isGame=false mGpuDpiType=0
08-22 16:48:52.206 2059 5499 I FgBoostPerfService: [GetGpuDpiType] isMode=0 isGame=false mGpuStandardValue=0
08-22 16:48:52.206 1542 15389 I thunderperf: Current app pkgName=com.ss.android.lark bm:com.thundercomm.perf.BoostPerfManager@305930f gpuMode=-1 gpuType=-1 gpuStandardVal=-1
08-22 16:48:52.206 1542 15389 I ThunderBoostPerfService: Resolution: Uid=10119 Pid=30420 gMode=-1 dType=-1 gpuStandardVal=-1
08-22 16:48:52.207 1542 15389 I thunderperf: PlatormCompat.setOverrides: Uid1=10119 Pid1=30420 Uid2=10119 Pid2=30420
08-22 16:48:52.207 1542 15389 I thunderperf: PlatormCompat.setOverrides: needCheck:false
08-22 16:48:52.207 1542 15389 I thunderperf: CompatConfig.addOverrideUnsafe: bef-state=0
08-22 16:48:52.207 1542 15389 I thunderperf: CompatConfig.addOverrideUnsafe: aft-state=0
08-22 16:48:52.207 1542 15389 W PackageManager: MATCH_ANY_USER flag requires INTERACT_ACROSS_USERS permission: UID 10119 requires android.permission.INTERACT_ACROSS_USERS_FULL or android.permission.INTERACT_ACROSS_USERS to access user 0.
08-22 16:48:52.207 1542 15389 E BoostPerfManager: UpdateResolution SecurityException : e=java.lang.SecurityException: MATCH_ANY_USER flag requires INTERACT_ACROSS_USERS permission: UID 10119 requires android.permission.INTERACT_ACROSS_USERS_FULL or android.permission.INTERACT_ACROSS_USERS to access user 0.
08-22 16:48:52.208 1542 1660 I EventSequenceValidator: Transition from INTENT_FAILED to INTENT_STARTED
08-22 16:48:52.208 1542 15389 I ActivityTaskManager: START u0 {flg=0x10000000 cmp=com.ss.android.lark/com.ss.android.vc.meeting.module.base.MeetingShadowActivity (has extras)} from uid 10119
08-22 16:48:52.209 1542 15389 D ActivityTaskManager: TaskLaunchParamsModifier:task=null activity=ActivityRecord{ae57f76 u0 com.ss.android.lark/com.ss.android.vc.meeting.module.base.MeetingShadowActivity taskAffinity=10119:com.ss.android.lark display-id=0 display-windowing-mode=1 suggested-display-area=DefaultTaskDisplayArea@129244260
08-22 16:48:52.205 853 853 I auditd : type=1400 audit(0.0:60262): avc: denied { add_name } for comm="perf@2.2-servic" name="cpu_max_freq" scontext=u:r:vendor_hal_perf_default:s0 tcontext=u:object_r:vendor_sysfs_msm_perf:s0 tclass=dir permissive=1
08-22 16:48:52.205 853 853 I perf@2.2-servic: type=1400 audit(0.0:60262): avc: denied { add_name } for name="cpu_max_freq" scontext=u:r:vendor_hal_perf_default:s0 tcontext=u:object_r:vendor_sysfs_msm_perf:s0 tclass=dir permissive=1
08-22 16:48:52.212 1542 15389 E ANDR-PERF-JNI: com_qualcomm_qtiperformance_native_perf_io_prefetch_start
08-22 16:48:52.212 1542 15389 D ActivityTaskManager: TaskLaunchParamsModifier:task=Task{a364e25 #76341 type=standard A=10119:com.ss.android.lark U=0 visible=false mode=fullscreen translucent=true sz=2 visible freeform task=true rootAffinity=10119:com.ss.android.lark isMini=false} activity=ActivityRecord{ae57f76 u0 com.ss.android.lark/com.ss.android.vc.meeting.module.base.MeetingShadowActivity taskAffinity=10119:com.ss.android.lark t-1} display-from-task=0 display-id=0 display-windowing-mode=1 suggested-display-area=DefaultTaskDisplayArea@129244260 non-freeform-display display-area=DefaultTaskDisplayArea@129244260
08-22 16:48:52.212 1542 15389 D FreeFormWindowHelper: recentTask : null
08-22 16:48:52.212 1542 15389 I wm_task_moved: [76341,1,8]
08-22 16:48:52.213 1542 15389 I wm_task_to_front: [0,76341]
08-22 16:48:52.213 1542 15389 I wm_focused_root_task: [0,0,76341,76346,bringingFoundTaskToFront]
08-22 16:48:52.213 1542 15389 I wm_set_resumed_activity: [0,com.ss.android.lark/.chatwindow.ChatWindowActivity,bringingFoundTaskToFront]
08-22 16:48:52.214 851 3206 E ANDR-IOP: io prefetch is disabled
08-22 16:48:52.215 2135 5190 I MicroService: Receive message: SocketMessageBean{businessData='21930', srcService='IDCM_AccountService', destService='FSEM_SettingService', messageType='0', uuid='1692694132796833000', payloadData={"dstService":"FSEM_SettingService","messageType":0,"methodName":"setActivate","parameters":{"functionInfo":{"IDCM_Activate":"1"}},"srcService":"IDCM_AccountService","uuid":1692694132796833000}
08-22 16:48:52.215 2135 5190 I MicroService: }
08-22 16:48:52.215 2135 5190 I MicroService: onRequest(setActivate): {"functionInfo":{"IDCM_Activate":"1"}}
08-22 16:48:52.215 2164 2208 D MicroSettings: ITCMicroCommonCallback: get request method = setActivate parameters = {"functionInfo":{"IDCM_Activate":"1"}}
08-22 16:48:52.215 2164 4101 D MicroSettings: ActivateUtil: setReplyReceived
08-22 16:48:52.215 2164 4101 D MicroSettings: SetActivateAction: setActivationStatus: 1
08-22 16:48:52.215 2164 4101 D MicroSettings: ActivateUtil: setActivateStatus: true
08-22 16:48:52.216 1542 15389 I wm_task_moved: [76341,1,8]
08-22 16:48:52.216 1542 15389 I wm_create_activity: [0,182812534,76341,com.ss.android.lark/com.ss.android.vc.meeting.module.base.MeetingShadowActivity,NULL,NULL,NULL,272629760]
08-22 16:48:52.216 1542 15389 D CompatibilityInfo: mCompatibilityFlags - 4
08-22 16:48:52.216 1542 15389 D CompatibilityInfo: applicationDensity - 240
08-22 16:48:52.216 1542 15389 D CompatibilityInfo: applicationScale - 1.0
08-22 16:48:52.216 2135 5190 D MicroService: handleHeartBeat:315
08-22 16:48:52.216 1542 15389 I ActivityTaskManager: addStartingWindow startWindow type:0
08-22 16:48:52.216 1542 15389 D ActivityTrigger: ActivityTrigger activityPauseTrigger
08-22 16:48:52.217 1542 15389 I wm_pause_activity: [0,187504831,com.ss.android.lark/com.ss.android.vc.meeting.module.multi.ByteRTCMeetingActivityInstance,userLeaving=true,pauseBackTasks]
08-22 16:48:52.217 1542 15389 D PowerManagerService: acquireWakeLockInternal: lock=30186974, flags=0x1, tag="*launch*", ws=WorkSource{10119}, uid=1000, pid=1542
08-22 16:48:52.217 1542 15389 D PowerManagerService: updateWakeLockSummaryLocked: mWakefulness=Awake, mWakeLockSummary=0x23
08-22 16:48:52.217 1542 15389 D PowerManagerService: updateUserActivitySummaryLocked: groupId=0, mWakefulness=Awake, mUserActivitySummary=0x1, nextTimeout=10341914 (in 599882 ms)
08-22 16:48:52.217 1542 15389 D PowerManagerNotifier: onScreenPolicyUpdate: newPolicy=3
08-22 16:48:52.217 1542 15389 D PowerManagerService: updateDisplayPowerStateLocked: displayReady=true, groupId=0, policy=BRIGHT, mWakefulness=Awake, mWakeLockSummary=0x23, mUserActivitySummary=0x1, mBootCompleted=true, screenBrightnessOverride=NaN, useAutoBrightness=false, mScreenBrightnessBoostInProgress=false, mIsVrModeEnabled= false, sQuiescent=false
08-22 16:48:52.217 1542 15389 D PowerManagerNotifier: onWakeLockAcquired: flags=1, tag="*launch*", packageName=android, ownerUid=1000, ownerPid=1542, workSource=WorkSource{10119}
08-22 16:48:52.219 2164 4101 D MicroSettings: SetActivateAction: send activate status broadcast:
08-22 16:48:52.219 2164 4101 W ContextImpl: Calling a method in the system process without a qualified user: android.app.ContextImpl.sendBroadcast:1173 android.content.ContextWrapper.sendBroadcast:479 com.thundercomm.microsettings.action.SetActivateAction.sendActivateBroadcast:59 com.thundercomm.microsettings.action.SetActivateAction.setActivationStatus:38 com.thundercomm.microsettings.action.SetActivateAction.doActualAction:29
08-22 16:48:52.220 1542 3021 E ActivityManager: Sending non-protected broadcast com.thundercomm.active.state from system 2164:com.thundercomm.microsettings/1000 pkg com.thundercomm.microsettings
08-22 16:48:52.220 1542 3021 E ActivityManager: java.lang.Throwable
08-22 16:48:52.220 1542 3021 E ActivityManager: at com.android.server.am.ActivityManagerService.checkBroadcastFromSystem(ActivityManagerService.java:12877)
08-22 16:48:52.220 1542 3021 E ActivityManager: at com.android.server.am.ActivityManagerService.broadcastIntentLocked(ActivityManagerService.java:13572)
08-22 16:48:52.220 1542 3021 E ActivityManager: at com.android.server.am.ActivityManagerService.broadcastIntentLocked(ActivityManagerService.java:12894)
08-22 16:48:52.220 1542 3021 E ActivityManager: at com.android.server.am.ActivityManagerService.broadcastIntentWithFeature(ActivityManagerService.java:13729)
08-22 16:48:52.220 1542 3021 E ActivityManager: at android.app.IActivityManager$Stub.onTransact(IActivityManager.java:2326)
08-22 16:48:52.220 1542 3021 E ActivityManager: at com.android.server.am.ActivityManagerService.onTransact(ActivityManagerService.java:2528)
08-22 16:48:52.220 1542 3021 E ActivityManager: at android.os.Binder.execTransactInternal(Binder.java:1179)
08-22 16:48:52.220 1542 3021 E ActivityManager: at android.os.Binder.execTransact(Binder.java:1143)
08-22 16:48:52.220 1542 1696 I am_wtf : [0,1542,system_server,-1,ActivityManager,Sending non-protected broadcast com.thundercomm.active.state from system 2164:com.thundercomm.microsettings/1000 pkg com.thundercomm.microsettings]
08-22 16:48:52.220 1542 1696 I DropBoxManagerService: add tag=system_server_wtf isTagEnabled=true flags=0x2
08-22 16:48:52.221 1542 15389 V AS.AudioService: setMode(mode=0, pid=30420, uid=10119, caller=com.ss.android.lark)
08-22 16:48:52.221 1542 15389 D AudioIDCMicroNegotiator: idcm_af:AudioIDCMicroNegotiator getIDCMicroAudioFocus: AudioFocus_VoiceCall
08-22 16:48:52.221 1542 15389 D AS.AudioService: idcm_af:abandonAudioFocus, call: com.ss.android.lark
08-22 16:48:52.222 808 10259 D audio_hw_primary: adev_set_parameters: enter: lossfocus_in_call=off
08-22 16:48:52.222 808 10259 D audio_hw_hfp: hfp_set_parameters: enter
08-22 16:48:52.222 808 10259 D audio_hw_primary: adev_set_parameters: lossfocus_in_call is off
08-22 16:48:52.222 1542 15389 D AudioIDCMicroNegotiator: idcm_af:abandonIDCMicroAudioFocus: AudioFocus_VoiceCall
08-22 16:48:52.222 1542 15389 D AudioIDCMicroNegotiator: idcm_common:requestResult method = abandonAudioFocus parameters = {"functionInfo":{"IDCM_AudioFocus":"AudioFocus_VoiceCall"}}
08-22 16:48:52.222 1542 15389 I MicroServiceManager: requestResult(abandonAudioFocus) parameters is{"functionInfo":{"IDCM_AudioFocus":"AudioFocus_VoiceCall"}}.
08-22 16:48:52.222 1542 15389 D AudioIDCMicroNegotiator: idcm_af:obtainAbandonFocusState
08-22 16:48:52.222 1542 15389 W AudioIDCMicroNegotiator: idcm_warn: abandon of obtainAbandonFocusState
08-22 16:48:52.222 1542 15389 D AudioIDCMicroNegotiator: idcm_af:obtainAbandonFocusState, return: 0
08-22 16:48:52.222 1542 1883 D AudioIDCMicroNegotiator: idcm_af:AudioIDCMicroNegotiator getIDCMicroAudioFocus: AudioFocus_VoiceCall
08-22 16:48:52.222 1542 1883 D AS.AudioService: idcm_af:abandonAudioFocus, request: com.ss.android.lark
08-22 16:48:52.222 1542 3021 I wm_finish_activity: [0,187504831,76346,com.ss.android.lark/com.ss.android.vc.meeting.module.multi.ByteRTCMeetingActivityInstance,finish-activity]
08-22 16:48:52.223 1542 3021 I MediaFocusControl: abandonAudioFocus() from uid/pid 10119/30420 clientId=android.media.AudioManager@21298becom.ss.android.vc.meeting.utils.-$$Lambda$l$0BYOOaOD3fVBhynQjIU-8MAkc7I@d691d1f
08-22 16:48:52.224 1542 1660 I EventSequenceValidator: Transition from INTENT_STARTED to INTENT_FAILED
08-22 16:48:52.225 808 10259 D audio_hw_primary: adev_set_parameters: enter: lossfocus_in_call=off
08-22 16:48:52.225 808 10259 D audio_hw_hfp: hfp_set_parameters: enter
08-22 16:48:52.225 808 10259 D audio_hw_primary: adev_set_parameters: lossfocus_in_call is off
08-22 16:48:52.225 1542 1660 I sysui_multi_action: [757,803,799,window_time_0,802,219]
08-22 16:48:52.226 1542 1883 D AudioIDCMicroNegotiator: idcm_af:abandonIDCMicroAudioFocus FocusState: 0
08-22 16:48:52.226 30420 4548 D CCodecBufferChannel: [c2.android.mp3.decoder#679] MediaCodec discarded an unknown buffer
08-22 16:48:52.226 30420 4548 D CCodecBufferChannel: [c2.android.mp3.decoder#679] MediaCodec discarded an unknown buffer
08-22 16:48:52.227 808 10259 D audio_hw_primary: adev_set_mode: mode 0 , prev_mode 3
08-22 16:48:52.228 900 10139 E power : power acquire_wake_lock enter!
08-22 16:48:52.228 900 10139 E power : power acquire_wake_lock exit!
08-22 16:48:52.228 580 580 E android.system.suspend@1.0-service: SystemSuspend::acquireWakeLock enter!pid = 900: Success
08-22 16:48:52.228 580 580 E android.system.suspend@1.0-service: SystemSuspend::acquireWakeLock exit!: Success
08-22 16:48:52.228 2135 31418 D MicroService: Send message to IDCM:SocketMessageBean{businessData='21930', srcService='FSEM_AudioService', destService='IDCM_CarAudioService', messageType='0', uuid='1692694132222952790', payloadData={"srcService":"FSEM_AudioService","dstService":"IDCM_CarAudioService","messageType":0,"uuid":1692694132222952790,"methodName":"abandonAudioFocus","parameters":{"functionInfo":{"IDCM_AudioFocus":"AudioFocus_VoiceCall"}}}}
08-22 16:48:52.229 900 10139 D APM_AudioPolicyManager: setOutputDevices changing device to {type:0x2,@:}
08-22 16:48:52.229 900 10139 E power : power acquire_wake_lock enter!
08-22 16:48:52.229 900 10139 E power : power acquire_wake_lock exit!
08-22 16:48:52.229 580 580 E android.system.suspend@1.0-service: SystemSuspend::acquireWakeLock enter!pid = 900: Success
08-22 16:48:52.229 580 580 E android.system.suspend@1.0-service: SystemSuspend::acquireWakeLock exit!: Success
08-22 16:48:52.232 30420 4554 D CCodecBufferChannel: [c2.android.mp3.decoder#258] MediaCodec discarded an unknown buffer
08-22 16:48:52.232 30420 4554 D CCodecBufferChannel: [c2.android.mp3.decoder#258] MediaCodec discarded an unknown buffer
08-22 16:48:52.232 30420 4554 D CCodecBufferChannel: [c2.android.mp3.decoder#258] MediaCodec discarded an unknown buffer
08-22 16:48:52.234 30420 30420 I wm_on_top_resumed_lost_called: [187504831,com.ss.android.vc.meeting.module.multi.ByteRTCMeetingActivityInstance,topStateChangedWhenResumed]
08-22 16:48:52.237 30420 4548 D BufferPoolAccessor2.0: bufferpool2 0x744e6ecd68 : 0(0 size) total buffers - 0(0 size) used buffers - 1/5 (recycle/alloc) - 4/54 (fetch/transfer)
08-22 16:48:52.237 30420 4554 I hw-BpHwBinder: onLastStrongRef automatically unlinking death recipients
08-22 16:48:52.237 1299 2644 D BufferPoolAccessor2.0: bufferpool2 0xb40000758f9e78d8 : 0(0 size) total buffers - 0(0 size) used buffers - 25/28 (recycle/alloc) - 3/28 (fetch/transfer)
08-22 16:48:52.237 30420 4554 D BufferPoolAccessor2.0: bufferpool2 0x744e6bfe38 : 0(0 size) total buffers - 0(0 size) used buffers - 1/5 (recycle/alloc) - 4/84 (fetch/transfer)
08-22 16:48:52.240 30420 30420 I wm_on_paused_called: [187504831,com.ss.android.vc.meeting.module.multi.ByteRTCMeetingActivityInstance,performPause]
08-22 16:48:52.241 1299 2644 I hw-BpHwBinder: onLastStrongRef automatically unlinking death recipients
08-22 16:48:52.241 1299 2644 V C2Store : in ~ComponentModule
08-22 16:48:52.241 1299 2644 V C2Store : unloading dll
08-22 16:48:52.242 1299 2671 D BufferPoolAccessor2.0: bufferpool2 0xb40000758f9e3128 : 0(0 size) total buffers - 0(0 size) used buffers - 38/43 (recycle/alloc) - 5/43 (fetch/transfer)
08-22 16:48:52.242 30420 5903 I hw-BpHwBinder: onLastStrongRef automatically unlinking death recipients
08-22 16:48:52.244 1542 2127 I wm_add_to_stopping: [0,187504831,com.ss.android.lark/com.ss.android.vc.meeting.module.multi.ByteRTCMeetingActivityInstance,completeFinishing]
08-22 16:48:52.244 1542 2127 I ActivityTaskManager: FOREGROUND_APPLICATION_CHANGED to com.ss.android.vc.meeting.module.base.MeetingShadowActivity
08-22 16:48:52.245 1542 2127 I ActivityTaskManager: The Process com.ss.android.lark Already Exists in BG. So sending its PID: 30420
08-22 16:48:52.245 1542 2127 W ActivityTaskManager: Tried to set launchTime (0) < mLastActivityLaunchTime (9523261)
08-22 16:48:52.246 1542 2127 I wm_restart_activity: [0,182812534,76341,com.ss.android.lark/com.ss.android.vc.meeting.module.base.MeetingShadowActivity]
08-22 16:48:52.246 1542 2127 D CompatibilityInfo: mCompatibilityFlags - 4
08-22 16:48:52.246 1542 2127 D CompatibilityInfo: applicationDensity - 240
08-22 16:48:52.246 1542 2127 D CompatibilityInfo: applicationScale - 1.0
08-22 16:48:52.246 1542 2127 I wm_set_resumed_activity: [0,com.ss.android.lark/com.ss.android.vc.meeting.module.base.MeetingShadowActivity,minimalResumeActivityLocked]
08-22 16:48:52.246 1542 2127 D FreeFormWindowHelper: handleFreeformTask : Task{a364e25 #76341 type=standard A=10119:com.ss.android.lark U=0 visible=true mode=fullscreen translucent=false sz=3 visible freeform task=true rootAffinity=10119:com.ss.android.lark isMini=false}
08-22 16:48:52.246 1542 2127 D FreeFormWindowHelper: mFreeFormTask : Task{a68f32d #76340 type=standard A=10123:com.tencent.mobileqq U=0 visible=true mode=freeform translucent=false sz=1 visible freeform task=true rootAffinity=10123:com.tencent.mobileqq isMini=false}
08-22 16:48:52.246 1542 2127 D FreeFormWindowHelper: mInRecent : false
08-22 16:48:52.246 1542 2127 D FreeFormWindowHelper:
08-22 16:48:52.250 2135 5197 I MicroService: Receive message: SocketMessageBean{businessData='21930', srcService='IDCM_CarAudioService', destService='FSEM_AudioService', messageType='1', uuid='1692694132222952790', payloadData={"srcService":"IDCM_CarAudioService","dstService":"FSEM_AudioService","methodName":"abandonAudioFocus","messageType":1,"uuid":1692694132222952790,"parameters":{"functionInfo":{"IDCM_AudioFocus":"AudioFocus_VoiceCall","IDCM_AudioFocus_Result":"AUDIOFOCUS_REQUEST_GRANTED"}}}}
08-22 16:48:52.250 2135 5197 I MicroService: onResponse(abandonAudioFocus): {"functionInfo":{"IDCM_AudioFocus":"AudioFocus_VoiceCall","IDCM_AudioFocus_Result":"AUDIOFOCUS_REQUEST_GRANTED"}}
08-22 16:48:52.250 1542 3021 D AudioIDCMicroNegotiator: idcm_common:response from IDCM method = abandonAudioFocus parameters = {"functionInfo":{"IDCM_AudioFocus":"AudioFocus_VoiceCall","IDCM_AudioFocus_Result":"AUDIOFOCUS_REQUEST_GRANTED"}}
08-22 16:48:52.250 2135 5197 D MicroService: handleHeartBeat:316
08-22 16:48:52.251 1542 1660 I sysui_multi_action: [757,803,799,window_time_0,802,0]
08-22 16:48:52.255 1542 2127 D PowerManagerService: acquireWakeLockInternal: lock=28543976, flags=0x1, tag="NetworkStats", ws=null, uid=1000, pid=1542
08-22 16:48:52.255 1542 2127 D PowerManagerService: updateWakeLockSummaryLocked: mWakefulness=Awake, mWakeLockSummary=0x23
08-22 16:48:52.255 1542 2127 D PowerManagerService: updateUserActivitySummaryLocked: groupId=0, mWakefulness=Awake, mUserActivitySummary=0x1, nextTimeout=10341914 (in 599844 ms)
08-22 16:48:52.255 1542 2127 D PowerManagerNotifier: onScreenPolicyUpdate: newPolicy=3
08-22 16:48:52.255 1542 2127 D PowerManagerService: updateDisplayPowerStateLocked: displayReady=true, groupId=0, policy=BRIGHT, mWakefulness=Awake, mWakeLockSummary=0x23, mUserActivitySummary=0x1, mBootCompleted=true, screenBrightnessOverride=NaN, useAutoBrightness=false, mScreenBrightnessBoostInProgress=false, mIsVrModeEnabled= false, sQuiescent=false
08-22 16:48:52.255 1542 2127 D PowerManagerNotifier: onWakeLockAcquired: flags=1, tag="NetworkStats", packageName=android, ownerUid=1000, ownerPid=1542, workSource=null
08-22 16:48:52.255 30420 30420 I AppCompatDelegate: The Activity's LayoutInflater already has a Factory installed so we can not install AppCompat's
08-22 16:48:52.257 900 4553 D AudioFlinger: ThreadBase::updateWakeLockUids_l() st
08-22 16:48:52.258 900 4553 D AudioFlinger: updateWakeLockUids_l() AudioIn_326 status 0
08-22 16:48:52.258 900 4553 D AudioFlinger: ThreadBase::updateWakeLockUids_l() ed
08-22 16:48:52.258 1542 3021 D PowerManagerService: updateWakeLockWorkSourceInternal: lock=233419904 [AudioIn], ws=null
08-22 16:48:52.258 1542 3021 D PowerManagerNotifier: onWakeLockReleased: flags=1, tag="AudioIn", packageName=audioserver, ownerUid=1041, ownerPid=0, workSource=WorkSource{10119}
08-22 16:48:52.258 1542 3021 D PowerManagerNotifier: onWakeLockAcquired: flags=1, tag="AudioIn", packageName=audioserver, ownerUid=1041, ownerPid=0, workSource=null
08-22 16:48:52.258 1542 3021 D PowerManagerNotifier: onLongPartialWakeLockFinish: ownerUid=1041, workSource=WorkSource{10119}
08-22 16:48:52.258 808 10259 D audio_hw_primary: in_standby: enter: stream (0xf20c5e90) usecase(34: audio-record-voip)
08-22 16:48:52.263 0 0 I [ 9742.076572] event_handler: reclaimed all bufs
08-22 16:48:52.261 1542 2127 I netstats_mobile_sample: [0,0,0,0,0,0,0,0,0,0,0,0,1692694187834]
08-22 16:48:52.261 1542 2127 I netstats_wifi_sample: [27773637,66233,26048428,49795,27773637,66233,26048428,49795,109058438,154979,20744360,45029,1692694187834]
08-22 16:48:52.261 1542 2127 D PowerManagerService: releaseWakeLockInternal: lock=28543976 [NetworkStats], flags=0x0
08-22 16:48:52.261 1542 2127 D PowerManagerNotifier: onWakeLockReleased: flags=1, tag="NetworkStats", packageName=android, ownerUid=1000, ownerPid=1542, workSource=null
08-22 16:48:52.262 1542 2127 D PowerManagerService: updateWakeLockSummaryLocked: mWakefulness=Awake, mWakeLockSummary=0x23
08-22 16:48:52.262 1542 2127 D PowerManagerService: updateUserActivitySummaryLocked: groupId=0, mWakefulness=Awake, mUserActivitySummary=0x1, nextTimeout=10341914 (in 599837 ms)
08-22 16:48:52.262 1542 2127 D PowerManagerNotifier: onScreenPolicyUpdate: newPolicy=3
08-22 16:48:52.262 1542 2127 D PowerManagerService: updateDisplayPowerStateLocked: displayReady=true, groupId=0, policy=BRIGHT, mWakefulness=Awake, mWakeLockSummary=0x23, mUserActivitySummary=0x1, mBootCompleted=true, screenBrightnessOverride=NaN, useAutoBrightness=false, mScreenBrightnessBoostInProgress=false, mIsVrModeEnabled= false, sQuiescent=false
08-22 16:48:52.263 30420 30420 I wm_on_create_called: [182812534,com.ss.android.vc.meeting.module.base.MeetingShadowActivity,performCreate]
08-22 16:48:52.263 1542 1843 I input_focus: [Focus leaving 2d4ed42 com.ss.android.lark/com.ss.android.vc.meeting.module.multi.ByteRTCMeetingActivityInstance (server),reason=NO_WINDOW]
08-22 16:48:52.265 0 0 I [ 9742.080408] afe_close: port_id = 0x9001
08-22 16:48:52.267 30420 30420 I wm_on_start_called: [182812534,com.ss.android.vc.meeting.module.base.MeetingShadowActivity,handleStartActivity]
08-22 16:48:52.271 808 10259 D audio_hw_primary: disable_audio_route: reset and update mixer path: audio-record-voip
08-22 16:48:52.271 1542 1693 I am_pss : [5635,10106,com.smile.gifmaker:push_v3,105159680,101875712,44032,200290304,0,19,10]
08-22 16:48:52.271 808 10259 D sound_trigger_hw: handle_audio_ec_ref_enabled: Enter
08-22 16:48:52.271 808 10259 D sound_trigger_hw: handle_audio_ec_ref_enabled: Exit audio ec ref=0
08-22 16:48:52.271 808 10259 D soundtrigger: audio_extn_sound_trigger_update_ec_ref_status: update audio echo ref status false
08-22 16:48:52.271 808 10259 D soundtrigger: audio HAL using same device 144 as ST
08-22 16:48:52.271 808 10259 D soundtrigger: audio_extn_sound_trigger_update_stream_status: uc_info->id 34 of type 1 for Event 2, with Raise=1
08-22 16:48:52.271 808 10259 D soundtrigger: audio_extn_sound_trigger_update_stream_status: send event 12: usecase id 34, type 1
08-22 16:48:52.271 808 10259 I sound_trigger_platform: platform_stdev_check_and_update_concurrency: Received STREAM event, event type 12, usecase type 3
08-22 16:48:52.271 808 10259 D sound_trigger_platform: platform_stdev_get_capture_device: Device = 0x80000004
08-22 16:48:52.271 808 10259 D sound_trigger_platform: platform_stdev_get_capture_device: Available device = 0x80000004
08-22 16:48:52.271 808 10259 D sound_trigger_platform: platform_stdev_check_and_update_concurrency: dedicated path 1, reset backend 1, tx 1, rx 0, concurrency session not allowed
08-22 16:48:52.271 808 10259 D hardware_info: hw_info_append_hw_type : device_name = speaker-mic
08-22 16:48:52.271 808 10259 D audio_hw_primary: disable_snd_device: snd_device(144: speaker-mic)
08-22 16:48:52.271 808 10259 D msm8974_platform: platform_split_snd_device: snd_device(144) num devices(0) new_snd_devices(0)
08-22 16:48:52.271 808 10259 D soundtrigger: audio HAL using same device 144 as ST
08-22 16:48:52.271 808 10259 I soundtrigger: audio_extn_sound_trigger_update_device_status: device 0x90 of type 1 for Event 0, with Raise=1
08-22 16:48:52.271 808 10259 I sound_trigger_platform: platform_stdev_check_and_update_concurrency: Received DEVICE event, event type 0, usecase type 3
08-22 16:48:52.271 808 10259 D sound_trigger_platform: platform_stdev_get_capture_device: Device = 0x80000004
08-22 16:48:52.271 808 10259 D sound_trigger_platform: platform_stdev_get_capture_device: Available device = 0x80000004
08-22 16:48:52.271 808 10259 D sound_trigger_platform: platform_stdev_check_and_update_concurrency: dedicated path 1, reset backend 1, tx 0, rx 0, concurrency session allowed
08-22 16:48:52.271 808 10259 D sound_trigger_platform: platform_stdev_get_capture_device: Device = 0x80000004
08-22 16:48:52.271 808 10259 D sound_trigger_platform: platform_stdev_get_capture_device: Available device = 0x80000004
08-22 16:48:52.272 808 30862 D audio_hw_primary: adev_create_audio_patch: enter: num sources 1, num_sinks 1, handle 1
08-22 16:48:52.272 808 30862 D audio_hw_primary: adev_create_audio_patch: Playback patch from mix handle 13 to device 2
08-22 16:48:52.272 808 30862 D audio_hw_primary: update_patch: enter
08-22 16:48:52.272 808 30862 D audio_hw_primary: route_output_stream: enter: usecase(1: low-latency-playback) devices 2
08-22 16:48:52.273 1542 2127 I wm_finish_activity: [0,182812534,76341,com.ss.android.lark/com.ss.android.vc.meeting.module.base.MeetingShadowActivity,app-request]
08-22 16:48:52.273 1542 2127 D ActivityTrigger: ActivityTrigger activityPauseTrigger
08-22 16:48:52.273 1542 2127 I wm_pause_activity: [0,182812534,com.ss.android.lark/com.ss.android.vc.meeting.module.base.MeetingShadowActivity,userLeaving=false,finish]
08-22 16:48:52.273 1542 2127 D PowerManagerService: acquireWakeLockInternal: lock=30186974, flags=0x1, tag="*launch*", ws=WorkSource{10119}, uid=1000, pid=1542
08-22 16:48:52.273 1542 2127 D PowerManagerService: updateWakeLockSummaryLocked: mWakefulness=Awake, mWakeLockSummary=0x23
08-22 16:48:52.273 1542 2127 D PowerManagerService: updateUserActivitySummaryLocked: groupId=0, mWakefulness=Awake, mUserActivitySummary=0x1, nextTimeout=10341914 (in 599825 ms)
08-22 16:48:52.273 1542 2127 D PowerManagerNotifier: onScreenPolicyUpdate: newPolicy=3
08-22 16:48:52.273 1542 2127 D PowerManagerService: updateDisplayPowerStateLocked: displayReady=true, groupId=0, policy=BRIGHT, mWakefulness=Awake, mWakeLockSummary=0x23, mUserActivitySummary=0x1, mBootCompleted=true, screenBrightnessOverride=NaN, useAutoBrightness=false, mScreenBrightnessBoostInProgress=false, mIsVrModeEnabled= false, sQuiescent=false
08-22 16:48:52.274 808 30862 D audio_hw_primary: select_devices for use case (low-latency-playback)
08-22 16:48:52.274 900 10139 E power : power acquire_wake_lock enter!
08-22 16:48:52.274 900 10139 E power : power acquire_wake_lock exit!
08-22 16:48:52.274 580 580 E android.system.suspend@1.0-service: SystemSuspend::acquireWakeLock enter!pid = 900: Success
08-22 16:48:52.274 580 580 E android.system.suspend@1.0-service: SystemSuspend::acquireWakeLock exit!: Success
08-22 16:48:52.275 900 10139 D APM_AudioPolicyManager: setOutputDevices changing device to {type:0x2,@:}
08-22 16:48:52.275 900 10139 E power : power acquire_wake_lock enter!
08-22 16:48:52.275 900 10139 E power : power acquire_wake_lock exit!
08-22 16:48:52.275 580 580 E android.system.suspend@1.0-service: SystemSuspend::acquireWakeLock enter!pid = 900: Success
08-22 16:48:52.275 580 580 E android.system.suspend@1.0-service: SystemSuspend::acquireWakeLock exit!: Success
08-22 16:48:52.275 30420 30420 I wm_on_resume_called: [182812534,com.ss.android.vc.meeting.module.base.MeetingShadowActivity,RESUME_ACTIVITY]
08-22 16:48:52.276 30420 30420 I wm_on_top_resumed_gained_called: [182812534,com.ss.android.vc.meeting.module.base.MeetingShadowActivity,topStateChangedWhenResumed]
08-22 16:48:52.276 30420 30420 I wm_on_restart_called: [222566718,com.ss.android.lark.chatwindow.ChatWindowActivity,performRestartActivity]
08-22 16:48:52.277 2577 2577 D ActivityChangeReceiver: onReceive
08-22 16:48:52.277 2577 3263 D MCUUtil : saveLastActivity activityName=com.ss.android.vc.meeting.module.base.MeetingShadowActivity packageName=com.ss.android.lark
08-22 16:48:52.277 1542 2127 D PowerManagerService: releaseWakeLockInternal: lock=233419904 [AudioIn], flags=0x0
08-22 16:48:52.277 1542 2127 D PowerManagerNotifier: onWakeLockReleased: flags=1, tag="AudioIn", packageName=audioserver, ownerUid=1041, ownerPid=0, workSource=null
08-22 16:48:52.278 1542 2127 D PowerManagerService: updateWakeLockSummaryLocked: mWakefulness=Awake, mWakeLockSummary=0x23
08-22 16:48:52.278 1542 2127 D PowerManagerService: updateUserActivitySummaryLocked: groupId=0, mWakefulness=Awake, mUserActivitySummary=0x1, nextTimeout=10341914 (in 599821 ms)
08-22 16:48:52.278 1542 2127 D PowerManagerNotifier: onScreenPolicyUpdate: newPolicy=3
08-22 16:48:52.278 1542 2127 D PowerManagerService: updateDisplayPowerStateLocked: displayReady=true, groupId=0, policy=BRIGHT, mWakefulness=Awake, mWakeLockSummary=0x23, mUserActivitySummary=0x1, mBootCompleted=true, screenBrightnessOverride=NaN, useAutoBrightness=false, mScreenBrightnessBoostInProgress=false, mIsVrModeEnabled= false, sQuiescent=false
08-22 16:48:52.280 30420 30420 I wm_on_start_called: [222566718,com.ss.android.lark.chatwindow.ChatWindowActivity,handleStartActivity]
08-22 16:48:52.285 30420 30420 D InsetsSourceConsumer: Call hide for ITYPE_IME on com.ss.android.lark/com.ss.android.lark.chatwindow.ChatWindowActivity
08-22 16:48:52.285 30420 30420 D InsetsSourceConsumer: applyLocalVisibilityOverride: No control in com.ss.android.lark/com.ss.android.lark.chatwindow.ChatWindowActivity requestedVisible false
08-22 16:48:52.292 30420 30420 I wm_on_top_resumed_lost_called: [182812534,com.ss.android.vc.meeting.module.base.MeetingShadowActivity,topStateChangedWhenResumed]
08-22 16:48:52.295 30420 30420 I wm_on_paused_called: [182812534,com.ss.android.vc.meeting.module.base.MeetingShadowActivity,performPause]
08-22 16:48:52.295 1542 15389 I wm_add_to_stopping: [0,182812534,com.ss.android.lark/com.ss.android.vc.meeting.module.base.MeetingShadowActivity,completeFinishing]
08-22 16:48:52.295 1542 15389 I ActivityTaskManager: FOREGROUND_APPLICATION_CHANGED to com.ss.android.lark.chatwindow.ChatWindowActivity
08-22 16:48:52.297 1542 15389 I wm_set_resumed_activity: [0,com.ss.android.lark/.chatwindow.ChatWindowActivity,resumeTopActivityInnerLocked]
08-22 16:48:52.298 0 0 E [ 9742.112536] [MAX975X: max96755x_vc1_lcd_dtc_check] *ERROR* DTC_Display: screen not ready(0), bl_sta(1), lvl(40)
08-22 16:48:52.298 1542 15389 I wm_resume_activity: [0,222566718,76341,com.ss.android.lark/.chatwindow.ChatWindowActivity]
08-22 16:48:52.298 1542 15389 D FreeFormWindowHelper: handleFreeformTask : Task{a364e25 #76341 type=standard A=10119:com.ss.android.lark U=0 visible=true mode=fullscreen translucent=false sz=3 visible freeform task=true rootAffinity=10119:com.ss.android.lark isMini=false}
08-22 16:48:52.298 1542 15389 D FreeFormWindowHelper: mFreeFormTask : Task{a68f32d #76340 type=standard A=10123:com.tencent.mobileqq U=0 visible=true mode=freeform translucent=false sz=1 visible freeform task=true rootAffinity=10123:com.tencent.mobileqq isMini=false}
08-22 16:48:52.298 1542 15389 D FreeFormWindowHelper: mInRecent : false
08-22 16:48:52.298 1542 15389 D FreeFormWindowHelper:
08-22 16:48:52.307 1542 15389 D WindowManager: mTopFullscreenOpaqueOrDimmingWindowState.mAttrs.insetsFlags.appearance=24
08-22 16:48:52.308 1936 8569 D CommandQueue: onSystemBarAttributesChanged
08-22 16:48:52.308 1542 1660 I sysui_multi_action: [757,1144,758,8,806,com.ss.android.lark,871,com.ss.android.vc.meeting.module.base.MeetingShadowActivity]
08-22 16:48:52.309 1542 1662 I input_focus: [Focus request 937bbd8 com.ss.android.lark/com.ss.android.lark.chatwindow.ChatWindowActivity,reason=UpdateInputWindows]
08-22 16:48:52.309 1542 1660 I sysui_multi_action: [757,803,799,window_time_0,802,0]
08-22 16:48:52.310 808 862 D audio_hw_primary: adev_create_audio_patch: enter: num sources 1, num_sinks 1, handle 1
08-22 16:48:52.310 808 862 D audio_hw_primary: adev_create_audio_patch: Playback patch from mix handle 13 to device 2
08-22 16:48:52.310 808 862 D audio_hw_primary: update_patch: enter
08-22 16:48:52.310 808 862 D audio_hw_primary: route_output_stream: enter: usecase(1: low-latency-playback) devices 2
08-22 16:48:52.310 1542 1660 I EventSequenceValidator: inc AccIntentStartedEvents to 1
08-22 16:48:52.313 808 862 D audio_hw_primary: select_devices for use case (low-latency-playback)
08-22 16:48:52.314 900 10139 E power : power acquire_wake_lock enter!
08-22 16:48:52.314 900 10139 E power : power acquire_wake_lock exit!
08-22 16:48:52.314 580 580 E android.system.suspend@1.0-service: SystemSuspend::acquireWakeLock enter!pid = 900: Success
08-22 16:48:52.314 580 580 E android.system.suspend@1.0-service: SystemSuspend::acquireWakeLock exit!: Success
08-22 16:48:52.315 1542 1843 I input_focus: [Focus entering 937bbd8 com.ss.android.lark/com.ss.android.lark.chatwindow.ChatWindowActivity (server),reason=setFocusedWindow]
08-22 16:48:52.315 900 10139 D APM_AudioPolicyManager: setOutputDevices changing device to AUDIO_DEVICE_NONE
08-22 16:48:52.315 2135 2135 D MicroService: onHeartBeatDetected
08-22 16:48:52.315 2135 2135 D MicroService: sendHeartbeatMessage
08-22 16:48:52.317 900 2145 D APM_AudioPolicyManager: stopInput portId 373
08-22 16:48:52.317 900 2145 E power : power acquire_wake_lock enter!
08-22 16:48:52.317 900 2145 E power : power acquire_wake_lock exit!
08-22 16:48:52.317 580 580 E android.system.suspend@1.0-service: SystemSuspend::acquireWakeLock enter!pid = 900: Success
08-22 16:48:52.317 580 580 E android.system.suspend@1.0-service: SystemSuspend::acquireWakeLock exit!: Success
08-22 16:48:52.317 900 4553 D AudioFlinger: ThreadBase::updateWakeLockUids_l() st
08-22 16:48:52.317 900 4553 D AudioFlinger: updateWakeLockUids_l() AudioIn_326 status 0
08-22 16:48:52.317 900 4553 D AudioFlinger: ThreadBase::updateWakeLockUids_l() ed
08-22 16:48:52.317 1542 15389 D PowerManagerService: acquireWakeLockInternal: lock=263698947, flags=0x1, tag="AudioIn", ws=null, uid=1041, pid=0
08-22 16:48:52.317 1542 15389 D PowerManagerService: updateWakeLockSummaryLocked: mWakefulness=Awake, mWakeLockSummary=0x23
08-22 16:48:52.318 1542 15389 D PowerManagerService: updateUserActivitySummaryLocked: groupId=0, mWakefulness=Awake, mUserActivitySummary=0x1, nextTimeout=10341914 (in 599781 ms)
08-22 16:48:52.318 1542 15389 D PowerManagerNotifier: onScreenPolicyUpdate: newPolicy=3
08-22 16:48:52.318 808 30862 D audio_hw_primary: adev_release_audio_patch: Remove patch with handle 57
08-22 16:48:52.318 808 30862 D audio_hw_primary: route_input_stream: exit: status(0)
08-22 16:48:52.318 1542 15389 D PowerManagerService: updateDisplayPowerStateLocked: displayReady=true, groupId=0, policy=BRIGHT, mWakefulness=Awake, mWakeLockSummary=0x23, mUserActivitySummary=0x1, mBootCompleted=true, screenBrightnessOverride=NaN, useAutoBrightness=false, mScreenBrightnessBoostInProgress=false, mIsVrModeEnabled= false, sQuiescent=false
08-22 16:48:52.318 900 2145 E power : power acquire_wake_lock enter!
08-22 16:48:52.318 1542 15389 D PowerManagerNotifier: onWakeLockAcquired: flags=1, tag="AudioIn", packageName=audioserver, ownerUid=1041, ownerPid=0, workSource=null
08-22 16:48:52.318 900 2145 E power : power acquire_wake_lock exit!
08-22 16:48:52.318 1542 15389 D PowerManagerService: updateWakeLockWorkSourceInternal: lock=263698947 [AudioIn], ws=null
08-22 16:48:52.318 1542 15389 D PowerManagerService: releaseWakeLockInternal: lock=263698947 [AudioIn], flags=0x0
08-22 16:48:52.318 1542 15389 D PowerManagerNotifier: onWakeLockReleased: flags=1, tag="AudioIn", packageName=audioserver, ownerUid=1041, ownerPid=0, workSource=null
08-22 16:48:52.318 1542 15389 D PowerManagerService: updateWakeLockSummaryLocked: mWakefulness=Awake, mWakeLockSummary=0x23
08-22 16:48:52.318 1542 15389 D PowerManagerService: updateUserActivitySummaryLocked: groupId=0, mWakefulness=Awake, mUserActivitySummary=0x1, nextTimeout=10341914 (in 599781 ms)
08-22 16:48:52.318 1542 15389 D PowerManagerNotifier: onScreenPolicyUpdate: newPolicy=3
08-22 16:48:52.318 1542 15389 D PowerManagerService: updateDisplayPowerStateLocked: displayReady=true, groupId=0, policy=BRIGHT, mWakefulness=Awake, mWakeLockSummary=0x23, mUserActivitySummary=0x1, mBootCompleted=true, screenBrightnessOverride=NaN, useAutoBrightness=false, mScreenBrightnessBoostInProgress=false, mIsVrModeEnabled= false, sQuiescent=false
08-22 16:48:52.318 580 580 E android.system.suspend@1.0-service: SystemSuspend::acquireWakeLock enter!pid = 900: Success
08-22 16:48:52.318 580 580 E android.system.suspend@1.0-service: SystemSuspend::acquireWakeLock exit!: Success
08-22 16:48:52.319 1542 2127 I SoundTriggerMiddlewareLogging: setCaptureState[this=com.android.server.soundtrigger_middleware.SoundTriggerMiddlewareImpl@94cc0e, client=null](false)
08-22 16:48:52.319 808 30862 D audio_hw_primary: AEC enable 0
08-22 16:48:52.319 808 30862 D audio_hw_primary: select_devices for use case (low-latency-playback)
08-22 16:48:52.319 808 30862 D audio_hw_primary: select_devices: changing use case low-latency-playback output device from(27: voice-speaker-stereo, acdb 15) to (2: speaker, acdb 15)
08-22 16:48:52.319 808 30862 D audio_hw_primary: disable_audio_route: reset and update mixer path: low-latency-playback
08-22 16:48:52.321 30420 30420 D InsetsSourceConsumer: Call hide for ITYPE_IME on com.ss.android.lark/com.ss.android.lark.chatwindow.ChatWindowActivity
08-22 16:48:52.321 30420 30420 D InsetsSourceConsumer: applyLocalVisibilityOverride: No control in com.ss.android.lark/com.ss.android.lark.chatwindow.ChatWindowActivity requestedVisible false
08-22 16:48:52.321 30420 30420 D InsetsSourceConsumer: setControl -> ITYPE_NAVIGATION_BAR on com.ss.android.lark/com.ss.android.lark.chatwindow.ChatWindowActivity
