08-22 16:49:37.325 3270 3270 D ImeService: onStartInput:packageName:com.ss.android.lark inputType:0 restarting:false,fieldId:-1,imeOptions:0
08-22 16:49:37.326 30420 30420 D InsetsSourceConsumer: setControl -> ITYPE_IME on com.ss.android.lark/com.ss.android.vc.meeting.module.multi.ByteRTCMeetingActivityInstance
08-22 16:49:37.326 30420 30420 D InsetsSourceConsumer: applyHiddenToControl: false
08-22 16:49:37.327 1542 1811 I InputMethodManagerService: shouldShowImeSwitcherLocked: visibility=0
08-22 16:49:37.327 1542 1811 I InputMethodManagerService: Return: no IME_ACTIVE or IME_INVISIBLE.
08-22 16:49:37.327 1542 1811 I InputMethodManagerService: updateSystemUiLocked: needsToShow=false
08-22 16:49:37.327 808 10160 D msm8974_platform: platform_set_channel_map mixer_ctl_name:Playback Channel Map9
08-22 16:49:37.327 808 10160 D msm8974_platform: platform_set_channel_map: set mapping(1 2 0 0 0 0 0 0) for channel:2
08-22 16:49:37.327 1936 1936 D InterruptionStateProvider: No bubble up: not allowed to bubble: 0|com.ss.android.lark|490554242|null|10119
08-22 16:49:37.327 1936 1936 D InterruptionStateProvider: No heads up: unimportant notification: 0|com.ss.android.lark|490554242|null|10119
08-22 16:49:37.327 1936 2367 D PeopleSpaceWidgetMgr: Sbn doesn't contain valid PeopleTileKey: null/0/com.ss.android.lark
08-22 16:49:37.328 808 10160 D audio_hw_primary: start_output_stream: exit
08-22 16:49:37.328 808 10160 D audio_hw_primary: out_write: retry previous failed cal level set
08-22 16:49:37.328 808 10160 D msm8974_platform: platform_split_snd_device: snd_device(2) num devices(1) new_snd_devices(0)
08-22 16:49:37.328 808 10160 D ACDB-LOADER: ACDB -> send_audvoltable
08-22 16:49:37.328 808 10160 D ACDB-LOADER: ACDB -> ACDB_CMD_GET_AUDPROC_INSTANCE_GAIN_DEP_STEP_TABLE_SIZE
08-22 16:49:37.328 808 10160 D ACDB-LOADER: ACDB -> ACDB_CMD_GET_AUDPROC_INSTANCE_GAIN_DEP_STEP_TABLE, vol index 5
08-22 16:49:37.328 808 10160 D ACDB-LOADER: ACDB -> AUDIO_SET_VOL_CAL cal type = 40
08-22 16:49:37.328 3270 3706 E CarAuth : check ok
08-22 16:49:37.329 3270 3270 I ColorPicker: invalidatePickedColors: oldFloatColor=fff5f7fa
08-22 16:49:37.337 1936 1936 V NotificationMediaManager: DEBUG_MEDIA: updating album art for notification null metadata=null metaDataChanged=false state=0
08-22 16:49:37.339 808 862 D msm8974_platform: platform_split_snd_device: snd_device(2) num devices(1) new_snd_devices(0)
08-22 16:49:37.339 808 862 D ACDB-LOADER: ACDB -> send_audvoltable
08-22 16:49:37.339 808 862 D ACDB-LOADER: ACDB -> ACDB_CMD_GET_AUDPROC_INSTANCE_GAIN_DEP_STEP_TABLE_SIZE
08-22 16:49:37.339 808 862 D ACDB-LOADER: ACDB -> ACDB_CMD_GET_AUDPROC_INSTANCE_GAIN_DEP_STEP_TABLE, vol index 1
08-22 16:49:37.339 808 862 D ACDB-LOADER: ACDB -> AUDIO_SET_VOL_CAL cal type = 40
08-22 16:49:37.347 5995 6015 I MMKV : open fd[0xd1], /data/user/0/com.smile.gifmaker/files/mmkv/push_sdk_v3
08-22 16:49:37.347 5995 6015 I MMKV : open fd[0x115], /data/user/0/com.smile.gifmaker/files/mmkv/push_sdk_v3.crc
08-22 16:49:37.347 5995 6015 I MMKV : loading [push_sdk_v3] with 9889 actual size, file size 65536, InterProcess 1, meta info version:3
08-22 16:49:37.347 5995 6015 I MMKV : loading [push_sdk_v3] with crc 1366973200 sequence 4 version 3
08-22 16:49:37.347 5995 6015 I MMKV : loaded [push_sdk_v3] with 11 key-values
08-22 16:49:37.367 1936 1936 D RegionSamplingHelper: medianLuma:0.998015 mLuminanceThreshold0.5
08-22 16:49:37.367 1936 1936 D NavBarView: onRegionDarknessChanged:isRegionDark = false
08-22 16:49:37.367 1936 1936 D LightBarTransitionsController: setIconsDark: dark = true animate = true
08-22 16:49:37.367 1936 1936 D LightBarTransitionsController: animateIconTint:targetDarkIntensity = 1.0 delay = 0 duration = 1700
08-22 16:49:37.376 1542 1876 I GameModeConfig: isGameModeOn = false
08-22 16:49:37.376 1542 1876 I GameModeConfig: isGameModeOn = false
08-22 16:49:37.376 1542 1876 I GameModeConfig: isGameModeOn = false
08-22 16:49:37.376 1542 1876 I GameModeConfig: isGameModeOn = false
08-22 16:49:37.376 1542 1876 I GameModeConfig: isGameModeOn = false
08-22 16:49:37.376 1542 1876 I GameModeConfig: isGameModeOn = false
08-22 16:49:37.376 1542 1876 I GameModeConfig: isGameModeOn = false
08-22 16:49:37.376 1542 1876 I GameModeConfig: isGameModeOn = false
08-22 16:49:37.376 1542 1876 I GameModeConfig: isGameModeOn = false
08-22 16:49:37.376 1542 1876 I GameModeConfig: isGameModeOn = false
08-22 16:49:37.376 1542 1876 I GameModeConfig: isGameModeOn = false
08-22 16:49:37.376 1542 1876 I GameModeConfig: isGameModeOn = false
08-22 16:49:37.376 1542 1876 I GameModeConfig: isGameModeOn = false
08-22 16:49:37.376 1542 1876 I GameModeConfig: isGameModeOn = false
08-22 16:49:37.376 1542 1876 I GameModeConfig: isGameModeOn = false
08-22 16:49:37.376 1542 1876 I GameModeConfig: isGameModeOn = false
08-22 16:49:37.376 1542 1876 I GameModeConfig: isGameModeOn = false
08-22 16:49:37.376 1542 1876 I GameModeConfig: isGameModeOn = false
08-22 16:49:37.384 1542 1811 D CompatibilityChangeReporter: Compat change id reported: 135634846; UID 10106; state: DISABLED
08-22 16:49:37.384 1542 1811 D CompatibilityChangeReporter: Compat change id reported: 177438394; UID 10106; state: DISABLED
08-22 16:49:37.384 1542 1811 D CompatibilityChangeReporter: Compat change id reported: 135772972; UID 10106; state: DISABLED
08-22 16:49:37.384 1542 1811 D CompatibilityChangeReporter: Compat change id reported: 135754954; UID 10106; state: DISABLED
08-22 16:49:37.384 1542 1697 D CompatibilityChangeReporter: Compat change id reported: 143937733; UID 10106; state: DISABLED
08-22 16:49:37.388 685 685 D Zygote : Forked child process 6180
08-22 16:49:37.388 1542 1697 I am_proc_start: [0,6180,10106,com.smile.gifmaker:push_v3,service,{com.smile.gifmaker/com.kwai.android.dispatcher.PushV3ProcessLauncherService}]
08-22 16:49:37.388 1542 1697 I ActivityManager: Start proc 6180:com.smile.gifmaker:push_v3/u0a106 for service {com.smile.gifmaker/com.kwai.android.dispatcher.PushV3ProcessLauncherService}
08-22 16:49:37.391 6180 6180 I Zygote : seccomp disabled by setenforce 0
08-22 16:49:37.391 6180 6180 I libc : SetHeapTaggingLevel: tag level set to 0
08-22 16:49:37.393 5995 6015 I MMKV : open fd[0x116], /data/user/0/com.smile.gifmaker/files/mmkv/push_local_cache
08-22 16:49:37.393 5995 6015 I MMKV : open fd[0x117], /data/user/0/com.smile.gifmaker/files/mmkv/push_local_cache.crc
08-22 16:49:37.393 5995 6015 I MMKV : loading [push_local_cache] with 2037 actual size, file size 4096, InterProcess 1, meta info version:3
08-22 16:49:37.393 5995 6015 I MMKV : loading [push_local_cache] with crc 4080722085 sequence 1 version 3
08-22 16:49:37.393 5995 6015 I MMKV : loaded [push_local_cache] with 1 key-values
08-22 16:49:37.395 22730 22738 I adbd : jdwp connection from 6180
08-22 16:49:37.389 6180 6180 I auditd : type=1400 audit(0.0:60284): avc: denied { connectto } for comm=4144422D4A44575020436F6E6E6563 path=006A6477702D636F6E74726F6C scontext=u:r:untrusted_app_29:s0:c106,c256,c512,c768 tcontext=u:r:su:s0 tclass=unix_stream_socket permissive=1 app=com.smile.gifmaker
08-22 16:49:37.389 6180 6180 I zygote64: type=1400 audit(0.0:60284): avc: denied { connectto } for comm=4144422D4A44575020436F6E6E6563 path=006A6477702D636F6E74726F6C scontext=u:r:untrusted_app_29:s0:c106,c256,c512,c768 tcontext=u:r:su:s0 tclass=unix_stream_socket permissive=1 app=com.smile.gifmaker
08-22 16:49:37.396 0 0 I [ 9787.211940] binder: 6180:6180 ioctl 40046210 7ff91ff644 returned -22
08-22 16:49:37.396 6180 6180 D ProcessState: Binder ioctl to enable oneway spam detection failed: Invalid argument
08-22 16:49:37.398 1542 1811 I am_proc_bound: [0,6180,com.smile.gifmaker:push_v3]
08-22 16:49:37.400 1542 1811 D CompatibilityInfo: mCompatibilityFlags - 4
08-22 16:49:37.400 1542 1811 D CompatibilityInfo: applicationDensity - 240
08-22 16:49:37.400 1542 1811 D CompatibilityInfo: applicationScale - 1.0
08-22 16:49:37.401 5995 6015 I MMKV : open fd[0x118], /data/user/0/com.smile.gifmaker/files/mmkv/yoda_hybrid_sp
08-22 16:49:37.401 1542 1811 D CompatibilityInfo: mCompatibilityFlags - 4
08-22 16:49:37.401 1542 1811 D CompatibilityInfo: applicationDensity - 240
08-22 16:49:37.401 1542 1811 D CompatibilityInfo: applicationScale - 1.0
08-22 16:49:37.401 5995 6015 I MMKV : open fd[0x119], /data/user/0/com.smile.gifmaker/files/mmkv/yoda_hybrid_sp.crc
08-22 16:49:37.401 5995 6015 I MMKV : loading [yoda_hybrid_sp] with 118068 actual size, file size 524288, InterProcess 1, meta info version:3
08-22 16:49:37.401 5995 6015 I MMKV : loading [yoda_hybrid_sp] with crc 205852143 sequence 17 version 3
08-22 16:49:37.402 6180 6180 D CompatibilityChangeReporter: Compat change id reported: 171979766; UID 10106; state: DISABLED
08-22 16:49:37.404 5995 6015 I MMKV : loaded [yoda_hybrid_sp] with 2 key-values
08-22 16:49:37.407 6180 6180 D ApplicationLoaders: Returning zygote-cached class loader: /system/framework/android.test.base.jar
08-22 16:49:37.418 5995 6062 I MMKV : open fd[0x11a], /data/user/0/com.smile.gifmaker/files/mmkv/inapp_kvt
08-22 16:49:37.418 5995 6062 I MMKV : open fd[0x11b], /data/user/0/com.smile.gifmaker/files/mmkv/inapp_kvt.crc
08-22 16:49:37.418 5995 6062 I MMKV : loading [inapp_kvt] with 30239 actual size, file size 65536, InterProcess 1, meta info version:3
08-22 16:49:37.418 5995 6062 I MMKV : loading [inapp_kvt] with crc 200618825 sequence 1 version 3
08-22 16:49:37.418 5995 6062 I MMKV : loaded [inapp_kvt] with 4 key-values
08-22 16:49:37.422 5995 6015 I MMKV : open fd[0x11c], /data/user/0/com.smile.gifmaker/files/mmkv/InAppSharedPreferences
08-22 16:49:37.422 5995 6015 I MMKV : open fd[0x11d], /data/user/0/com.smile.gifmaker/files/mmkv/InAppSharedPreferences.crc
08-22 16:49:37.423 5995 6015 I MMKV : loading [InAppSharedPreferences] with 3574 actual size, file size 4096, InterProcess 1, meta info version:3
08-22 16:49:37.423 5995 6015 I MMKV : loading [InAppSharedPreferences] with crc 821785423 sequence 19 version 3
08-22 16:49:37.423 5995 6015 I MMKV : loaded [InAppSharedPreferences] with 1 key-values
08-22 16:49:37.463 1542 3021 D PowerManagerService: releaseWakeLockInternal: lock=44647471 [MicroMsg.WakerLock], flags=0x10000
08-22 16:49:37.463 1542 3021 D PowerManagerNotifier: onWakeLockReleased: flags=1, tag="MicroMsg.WakerLock", packageName=com.tencent.android.qqdownloader, ownerUid=10104, ownerPid=31602, workSource=null
08-22 16:49:37.463 1542 3021 D PowerManagerService: updateWakeLockSummaryLocked: mWakefulness=Awake, mWakeLockSummary=0x23
08-22 16:49:37.464 1542 3021 D PowerManagerService: updateUserActivitySummaryLocked: groupId=0, mWakefulness=Awake, mUserActivitySummary=0x1, nextTimeout=10351732 (in 564453 ms)
08-22 16:49:37.464 1542 3021 D PowerManagerNotifier: onScreenPolicyUpdate: newPolicy=3
08-22 16:49:37.464 1542 3021 D PowerManagerService: updateDisplayPowerStateLocked: displayReady=true, groupId=0, policy=BRIGHT, mWakefulness=Awake, mWakeLockSummary=0x23, mUserActivitySummary=0x1, mBootCompleted=true, screenBrightnessOverride=NaN, useAutoBrightness=false, mScreenBrightnessBoostInProgress=false, mIsVrModeEnabled= false, sQuiescent=false
08-22 16:49:37.486 6180 6180 I Perf : Connecting to perf service.
08-22 16:49:37.496 6180 6180 V GraphicsEnvironment: ANGLE Developer option for 'com.smile.gifmaker' set to: 'default'
08-22 16:49:37.496 6180 6180 V GraphicsEnvironment: ANGLE GameManagerService for com.smile.gifmaker: false
08-22 16:49:37.496 6180 6180 V GraphicsEnvironment: Updatable production driver is not supported on the device.
08-22 16:49:37.497 6180 6180 D NetworkSecurityConfig: Using Network Security Config from resource arg debugBuild: false
08-22 16:49:37.498 6180 6180 D NetworkSecurityConfig: Using Network Security Config from resource arg debugBuild: false
08-22 16:49:37.536 5995 6120 W .smile.gifmake: Unsupported class loader
08-22 16:49:37.536 5995 6120 W .smile.gifmake: Entry not found
08-22 16:49:37.536 5995 6120 W .smile.gifmake: Unsupported class loader
08-22 16:49:37.556 5995 6120 W System : ClassLoader referenced unknown path:
08-22 16:49:37.556 5995 6120 W .smile.gifmake: Unsupported class loader
08-22 16:49:37.556 5995 6120 W .smile.gifmake: Unsupported class loader
08-22 16:49:37.558 1542 1660 I wm_stop_activity: [0,222566718,com.ss.android.lark/.chatwindow.ChatWindowActivity]
08-22 16:49:37.557 5995 5995 I auditd : type=1400 audit(0.0:60285): avc: granted { execute } for comm="ela_global-io" path="/data/user/0/com.smile.gifmaker/app_DvaPlugin/klp_so/1931020113/so/libklp_pull_client_shared.so" dev="dm-10" ino=997203 scontext=u:r:untrusted_app_29:s0:c106,c256,c512,c768 tcontext=u:object_r:app_data_file:s0:c106,c256,c512,c768 tclass=file app=com.smile.gifmaker
08-22 16:49:37.557 5995 5995 W ela_global-io: type=1400 audit(0.0:60285): avc: granted { execute } for path="/data/user/0/com.smile.gifmaker/app_DvaPlugin/klp_so/1931020113/so/libklp_pull_client_shared.so" dev="dm-10" ino=997203 scontext=u:r:untrusted_app_29:s0:c106,c256,c512,c768 tcontext=u:object_r:app_data_file:s0:c106,c256,c512,c768 tclass=file app=com.smile.gifmaker
08-22 16:49:37.576 30420 30420 D InsetsSourceConsumer: Call hide for ITYPE_IME on com.ss.android.lark/com.ss.android.lark.chatwindow.ChatWindowActivity
08-22 16:49:37.576 30420 30420 D InsetsSourceConsumer: applyLocalVisibilityOverride: No control in com.ss.android.lark/com.ss.android.lark.chatwindow.ChatWindowActivity requestedVisible false
08-22 16:49:37.578 5995 6219 W KLP : [IOService::Start] pthread_setschedparam MAX 0x72517ecd48
08-22 16:49:37.578 5995 6219 W KLP : [IOService::Start] will start 0x72517ecd48 0x72517ed0d0
08-22 16:49:37.578 5995 6219 W KLP : [ClientSessionPool::OnStart][0x72517ecd38] 1
08-22 16:49:37.581 5995 5995 I auditd : type=1400 audit(0.0:60286): avc: denied { read } for comm="pool-9-thread-6" name="tcp" dev="proc" ino=4026532265 scontext=u:r:untrusted_app_29:s0:c106,c256,c512,c768 tcontext=u:object_r:proc_net_tcp_udp:s0 tclass=file permissive=1 app=com.smile.gifmaker
08-22 16:49:37.581 5995 5995 I pool-9-thread-6: type=1400 audit(0.0:60286): avc: denied { read } for name="tcp" dev="proc" ino=4026532265 scontext=u:r:untrusted_app_29:s0:c106,c256,c512,c768 tcontext=u:object_r:proc_net_tcp_udp:s0 tclass=file permissive=1 app=com.smile.gifmaker
08-22 16:49:37.581 5995 5995 I auditd : type=1400 audit(0.0:60287): avc: denied { open } for comm="pool-9-thread-6" path="/proc/5995/net/tcp" dev="proc" ino=4026532265 scontext=u:r:untrusted_app_29:s0:c106,c256,c512,c768 tcontext=u:object_r:proc_net_tcp_udp:s0 tclass=file permissive=1 app=com.smile.gifmaker
08-22 16:49:37.581 5995 5995 I pool-9-thread-6: type=1400 audit(0.0:60287): avc: denied { open } for path="/proc/5995/net/tcp" dev="proc" ino=4026532265 scontext=u:r:untrusted_app_29:s0:c106,c256,c512,c768 tcontext=u:object_r:proc_net_tcp_udp:s0 tclass=file permissive=1 app=com.smile.gifmaker
08-22 16:49:37.581 5995 5995 I auditd : type=1400 audit(0.0:60288): avc: denied { getattr } for comm="pool-9-thread-6" path="/proc/5995/net/tcp" dev="proc" ino=4026532265 scontext=u:r:untrusted_app_29:s0:c106,c256,c512,c768 tcontext=u:object_r:proc_net_tcp_udp:s0 tclass=file permissive=1 app=com.smile.gifmaker
08-22 16:49:37.581 5995 5995 I pool-9-thread-6: type=1400 audit(0.0:60288): avc: denied { getattr } for path="/proc/5995/net/tcp" dev="proc" ino=4026532265 scontext=u:r:untrusted_app_29:s0:c106,c256,c512,c768 tcontext=u:object_r:proc_net_tcp_udp:s0 tclass=file permissive=1 app=com.smile.gifmaker
08-22 16:49:37.585 6180 6221 I exception_handler: ANR DumpCallback Run lck
08-22 16:49:37.585 6180 6221 I exception_handler: ANR DumpCallback Run wait
08-22 16:49:37.587 6180 6220 I exception_handler: Native DumpCallback Run lck
08-22 16:49:37.587 6180 6220 I exception_handler: Native DumpCallback Run wait
08-22 16:49:37.587 30420 30420 I wm_on_stop_called: [222566718,com.ss.android.lark.chatwindow.ChatWindowActivity,STOP_ACTIVITY_ITEM]
08-22 16:49:37.602 6180 6180 I MMKV : current API level = 31, libc++_shared=1
08-22 16:49:37.602 6180 6180 I MMKV : version v1.2.13, page size 4096, arch arm64-v8a
08-22 16:49:37.602 6180 6180 I MMKV : armv8 AES instructions is supported
08-22 16:49:37.602 6180 6180 I MMKV : armv8 CRC32 instructions is supported
08-22 16:49:37.603 6180 6180 I MMKV : root dir: /data/user/0/com.smile.gifmaker/files/mmkv
08-22 16:49:37.614 6180 6180 I MMKV : open fd[0x4a], /data/user/0/com.smile.gifmaker/files/mmkv/YXonWIuu
08-22 16:49:37.614 6180 6180 I MMKV : open fd[0x4b], /data/user/0/com.smile.gifmaker/files/mmkv/YXonWIuu.crc
08-22 16:49:37.614 6180 6180 I MMKV : loading [YXonWIuu] with 0 actual size, file size 4096, InterProcess 1, meta info version:1
08-22 16:49:37.614 6180 6180 I MMKV : loaded [YXonWIuu] with 0 key-values
08-22 16:49:37.637 5995 6209 I MMKV : open fd[0x131], /data/user/0/com.smile.gifmaker/files/mmkv/KDS_PAGE_REPORT_AGGREGATION_krn_sdk_page_report_log_storage
08-22 16:49:37.637 5995 6209 I MMKV : open fd[0x135], /data/user/0/com.smile.gifmaker/files/mmkv/KDS_PAGE_REPORT_AGGREGATION_krn_sdk_page_report_log_storage.crc
08-22 16:49:37.640 1218 1250 E tlogd : [StorageChecker](hasStorageSpace) space: (used: 21M, free: 38248M), path: /data/tlog/logcat/
08-22 16:49:37.642 5995 6209 I MMKV : loading [KDS_PAGE_REPORT_AGGREGATION_krn_sdk_page_report_log_storage] with 0 actual size, file size 4096, InterProcess 1, meta info version:1
08-22 16:49:37.642 5995 6209 I MMKV : loaded [KDS_PAGE_REPORT_AGGREGATION_krn_sdk_page_report_log_storage] with 0 key-values
08-22 16:49:37.643 6180 6215 I MMKV : open fd[0x4c], /data/user/0/com.smile.gifmaker/files/mmkv/crash_monitor_safe_mode
08-22 16:49:37.643 6180 6215 I MMKV : open fd[0x4d], /data/user/0/com.smile.gifmaker/files/mmkv/crash_monitor_safe_mode.crc
08-22 16:49:37.643 6180 6215 I MMKV : loading [crash_monitor_safe_mode] with 571 actual size, file size 4096, InterProcess 1, meta info version:3
08-22 16:49:37.643 6180 6215 I MMKV : loading [crash_monitor_safe_mode] with crc 726643138 sequence 202 version 3
08-22 16:49:37.643 6180 6215 I MMKV : loaded [crash_monitor_safe_mode] with 1 key-values
08-22 16:49:37.647 6180 6180 I MMKV : open fd[0x4f], /data/user/0/com.smile.gifmaker/files/mmkv/CustomUserSP
08-22 16:49:37.647 6180 6180 I MMKV : open fd[0x50], /data/user/0/com.smile.gifmaker/files/mmkv/CustomUserSP.crc
08-22 16:49:37.647 6180 6180 I MMKV : loading [CustomUserSP] with 46 actual size, file size 4096, InterProcess 1, meta info version:3
08-22 16:49:37.647 6180 6180 I MMKV : loading [CustomUserSP] with crc 1315984310 sequence 1 version 3
08-22 16:49:37.647 6180 6180 I MMKV : loaded [CustomUserSP] with 2 key-values
08-22 16:49:37.660 0 0 I [ 9787.455810] init: starting service 'tlogdshc'...
08-22 16:49:37.648 6180 6180 I MMKV : open fd[0x51], /data/user/0/com.smile.gifmaker/files/mmkv/gifshow.crc
08-22 16:49:37.648 6180 6180 I MMKV : loading [gifshow] with 515162 actual size, file size 1048576, InterProcess 1, meta info version:3
08-22 16:49:37.648 6180 6180 I MMKV : loading [gifshow] with crc 93643469 sequence 959 version 3
08-22 16:49:37.652 6180 6180 I MMKV : loaded [gifshow] with 827 key-values
08-22 16:49:37.662 6180 6180 I MMKV : open fd[0x54], /data/user/0/com.smile.gifmaker/files/mmkv/LaunchPreferenceManger
08-22 16:49:37.662 6180 6180 I MMKV : open fd[0x55], /data/user/0/com.smile.gifmaker/files/mmkv/LaunchPreferenceManger.crc
08-22 16:49:37.662 6180 6180 I MMKV : loading [LaunchPreferenceManger] with 3248 actual size, file size 4096, InterProcess 1, meta info version:3
08-22 16:49:37.662 6180 6180 I MMKV : loading [LaunchPreferenceManger] with crc 1420138728 sequence 3 version 3
08-22 16:49:37.662 6180 6180 I MMKV : loaded [LaunchPreferenceManger] with 3 key-values
08-22 16:49:37.673 0 0 I [ 9787.487317] init: Service 'tlogdshc' (pid 6227) exited with status 0 oneshot service took 0.030000 seconds in background
08-22 16:49:37.673 0 0 I [ 9787.487324] init: Sending signal 9 to service 'tlogdshc' (pid 6227) process group...
08-22 16:49:37.673 0 0 I [ 9787.487400] libprocessgroup: Successfully killed process cgroup uid 0 pid 6227 in 0ms
08-22 16:49:37.669 5995 5995 I auditd : type=1400 audit(0.0:60289): avc: denied { read } for comm="pool-9-thread-6" name="u:object_r:serialno_prop:s0" dev="tmpfs" ino=14349 scontext=u:r:untrusted_app_29:s0:c106,c256,c512,c768 tcontext=u:object_r:serialno_prop:s0 tclass=file permissive=1 app=com.smile.gifmaker
08-22 16:49:37.669 5995 5995 I pool-9-thread-6: type=1400 audit(0.0:60289): avc: denied { read } for name="u:object_r:serialno_prop:s0" dev="tmpfs" ino=14349 scontext=u:r:untrusted_app_29:s0:c106,c256,c512,c768 tcontext=u:object_r:serialno_prop:s0 tclass=file permissive=1 app=com.smile.gifmaker
08-22 16:49:37.677 0 0 W [ 9787.490465] audit: audit_lost=55341 audit_rate_limit=5 audit_backlog_limit=64
08-22 16:49:37.678 0 0 E [ 9787.490469] audit: rate limit exceeded
08-22 16:49:37.678 6180 6180 I MMKV : open fd[0x56], /data/user/0/com.smile.gifmaker/files/mmkv/KEventBusSDK
08-22 16:49:37.678 6180 6180 I MMKV : open fd[0x57], /data/user/0/com.smile.gifmaker/files/mmkv/KEventBusSDK.crc
08-22 16:49:37.679 6180 6180 I MMKV : loading [KEventBusSDK] with 0 actual size, file size 4096, InterProcess 1, meta info version:1
08-22 16:49:37.679 6180 6180 I MMKV : loaded [KEventBusSDK] with 0 key-values
08-22 16:49:37.692 5995 6213 I MMKV : open fd[0x133], /data/user/0/com.smile.gifmaker/files/mmkv/kste_sp_config
08-22 16:49:37.692 5995 6213 I MMKV : open fd[0x136], /data/user/0/com.smile.gifmaker/files/mmkv/kste_sp_config.crc
08-22 16:49:37.692 5995 6213 I MMKV : loading [kste_sp_config] with 2939 actual size, file size 8192, InterProcess 1, meta info version:3
08-22 16:49:37.692 5995 6213 I MMKV : loading [kste_sp_config] with crc 2405312258 sequence 739 version 3
08-22 16:49:37.692 5995 6213 I MMKV : loaded [kste_sp_config] with 15 key-values
08-22 16:49:37.703 6180 6180 I MMKV : open fd[0x58], /data/user/0/com.smile.gifmaker/files/mmkv/SPCronetConfig
08-22 16:49:37.703 6180 6180 I MMKV : open fd[0x59], /data/user/0/com.smile.gifmaker/files/mmkv/SPCronetConfig.crc
08-22 16:49:37.703 6180 6180 I MMKV : loading [SPCronetConfig] with 2250 actual size, file size 4096, InterProcess 1, meta info version:3
08-22 16:49:37.703 6180 6180 I MMKV : loading [SPCronetConfig] with crc 485032166 sequence 225 version 3
08-22 16:49:37.703 6180 6180 I MMKV : loaded [SPCronetConfig] with 16 key-values
08-22 16:49:37.710 6180 6248 I MMKV : open fd[0x5a], /data/user/0/com.smile.gifmaker/files/mmkv/pref_id_ENABLE_ASYNC_NOTIFY
08-22 16:49:37.710 6180 6248 I MMKV : open fd[0x5b], /data/user/0/com.smile.gifmaker/files/mmkv/pref_id_ENABLE_ASYNC_NOTIFY.crc
08-22 16:49:37.710 6180 6248 I MMKV : loading [pref_id_ENABLE_ASYNC_NOTIFY] with 0 actual size, file size 4096, InterProcess 1, meta info version:1
08-22 16:49:37.710 6180 6248 I MMKV : loaded [pref_id_ENABLE_ASYNC_NOTIFY] with 0 key-values
08-22 16:49:37.711 6180 6248 I MMKV : open fd[0x5c], /data/user/0/com.smile.gifmaker/files/mmkv/pref_id_OpenNetworkTypeCache
08-22 16:49:37.711 6180 6248 I MMKV : open fd[0x5d], /data/user/0/com.smile.gifmaker/files/mmkv/pref_id_OpenNetworkTypeCache.crc
08-22 16:49:37.711 6180 6248 I MMKV : loading [pref_id_OpenNetworkTypeCache] with 3615 actual size, file size 4096, InterProcess 1, meta info version:3
08-22 16:49:37.711 6180 6248 I MMKV : loading [pref_id_OpenNetworkTypeCache] with crc 3867897663 sequence 51 version 3
08-22 16:49:37.711 6180 6248 I MMKV : loaded [pref_id_OpenNetworkTypeCache] with 1 key-values
08-22 16:49:37.711 6180 6248 I MMKV : open fd[0x5e], /data/user/0/com.smile.gifmaker/files/mmkv/pref_id_ENABLE_CONNECTION_INFO_CACHE
08-22 16:49:37.712 6180 6248 I MMKV : open fd[0x5f], /data/user/0/com.smile.gifmaker/files/mmkv/pref_id_ENABLE_CONNECTION_INFO_CACHE.crc
08-22 16:49:37.712 6180 6248 I MMKV : loading [pref_id_ENABLE_CONNECTION_INFO_CACHE] with 3848 actual size, file size 4096, InterProcess 1, meta info version:3
08-22 16:49:37.712 6180 6248 I MMKV : loading [pref_id_ENABLE_CONNECTION_INFO_CACHE] with crc 1270607592 sequence 69 version 3
08-22 16:49:37.712 6180 6248 I MMKV : loaded [pref_id_ENABLE_CONNECTION_INFO_CACHE] with 1 key-values
08-22 16:49:37.722 5995 6063 W .smile.gifmake: Unsupported class loader
08-22 16:49:37.724 5995 6063 W .smile.gifmake: Entry not found
08-22 16:49:37.725 5995 6063 W .smile.gifmake: Unsupported class loader
08-22 16:49:37.726 5995 6015 I MMKV : open fd[0x139], /data/user/0/com.smile.gifmaker/files/mmkv/GROWTH_RES_PRE_DOWNLOAD_CONFIG
08-22 16:49:37.728 5995 6015 I MMKV : open fd[0x13b], /data/user/0/com.smile.gifmaker/files/mmkv/GROWTH_RES_PRE_DOWNLOAD_CONFIG.crc
08-22 16:49:37.728 5995 6015 I MMKV : loading [GROWTH_RES_PRE_DOWNLOAD_CONFIG] with 3919 actual size, file size 4096, InterProcess 1, meta info version:3
08-22 16:49:37.729 5995 6015 I MMKV : loading [GROWTH_RES_PRE_DOWNLOAD_CONFIG] with crc 2741025173 sequence 30 version 3
08-22 16:49:37.729 5995 6015 I MMKV : loaded [GROWTH_RES_PRE_DOWNLOAD_CONFIG] with 1 key-values
08-22 16:49:37.739 6180 6247 I MMKV : open fd[0x62], /data/user/0/com.smile.gifmaker/files/mmkv/com.fkgfasdfeeqeqe
08-22 16:49:37.739 6180 6247 I MMKV : open fd[0x63], /data/user/0/com.smile.gifmaker/files/mmkv/com.fkgfasdfeeqeqe.crc
08-22 16:49:37.739 6180 6247 I MMKV : loading [com.fkgfasdfeeqeqe] with 1769 actual size, file size 4096, InterProcess 1, meta info version:3
08-22 16:49:37.739 6180 6247 I MMKV : loading [com.fkgfasdfeeqeqe] with crc 2105896442 sequence 413 version 3
08-22 16:49:37.739 6180 6247 I MMKV : loaded [com.fkgfasdfeeqeqe] with 6 key-values
08-22 16:49:37.742 5995 6120 W System : ClassLoader referenced unknown path:
08-22 16:49:37.742 5995 6120 W .smile.gifmake: Unsupported class loader
08-22 16:49:37.743 5995 6120 W .smile.gifmake: Unsupported class loader
08-22 16:49:37.746 6180 6180 W System : ClassLoader referenced unknown path:
08-22 16:49:37.746 6180 6180 W ifmaker:push_v: Unsupported class loader
08-22 16:49:37.749 6180 6180 I MMKV : open fd[0x64], /data/user/0/com.smile.gifmaker/files/mmkv/dva
08-22 16:49:37.749 6180 6180 I MMKV : open fd[0x65], /data/user/0/com.smile.gifmaker/files/mmkv/dva.crc
08-22 16:49:37.749 6180 6180 I MMKV : loading [dva] with 474185 actual size, file size 524288, InterProcess 1, meta info version:3
08-22 16:49:37.749 6180 6180 I MMKV : loading [dva] with crc 3021696189 sequence 681 version 3
08-22 16:49:37.751 6180 6180 I MMKV : loaded [dva] with 24 key-values
08-22 16:49:37.761 5995 6015 I MMKV : open fd[0x13c], /data/user/0/com.smile.gifmaker/files/mmkv/GROWTH_CT_BIZ_TIME
08-22 16:49:37.769 5995 6015 I MMKV : open fd[0x13d], /data/user/0/com.smile.gifmaker/files/mmkv/GROWTH_CT_BIZ_TIME.crc
08-22 16:49:37.774 5995 6015 I MMKV : loading [GROWTH_CT_BIZ_TIME] with 0 actual size, file size 4096, InterProcess 1, meta info version:1
08-22 16:49:37.774 5995 6015 I MMKV : loaded [GROWTH_CT_BIZ_TIME] with 0 key-values
08-22 16:49:37.777 5995 6063 I MMKV : open fd[0x13e], /data/user/0/com.smile.gifmaker/files/mmkv/adChannel
08-22 16:49:37.777 5995 6063 I MMKV : open fd[0x13f], /data/user/0/com.smile.gifmaker/files/mmkv/adChannel.crc
08-22 16:49:37.777 5995 6063 I MMKV : loading [adChannel] with 27 actual size, file size 4096, InterProcess 1, meta info version:3
08-22 16:49:37.777 5995 6063 I MMKV : loading [adChannel] with crc 990085347 sequence 1 version 3
08-22 16:49:37.777 5995 6063 I MMKV : loaded [adChannel] with 1 key-values
08-22 16:49:37.840 6180 6180 W System : ClassLoader referenced unknown path:
08-22 16:49:37.840 6180 6180 W ifmaker:push_v: Unsupported class loader
08-22 16:49:37.880 5995 6015 I MMKV : open fd[0x143], /data/user/0/com.smile.gifmaker/files/mmkv/KsWebViewChromiumPrefs
08-22 16:49:37.881 5995 6015 I MMKV : open fd[0x142], /data/user/0/com.smile.gifmaker/files/mmkv/KsWebViewChromiumPrefs.crc
08-22 16:49:37.885 0 0 I [ 9787.699689] binder: 6264:6264 ioctl 40046210 7ff7e7b684 returned -22
08-22 16:49:37.881 5995 6015 I MMKV : loading [KsWebViewChromiumPrefs] with 209 actual size, file size 4096, InterProcess 1, meta info version:3
08-22 16:49:37.881 5995 6015 I MMKV : loading [KsWebViewChromiumPrefs] with crc 2843484789 sequence 2 version 3
08-22 16:49:37.881 5995 6015 I MMKV : loaded [KsWebViewChromiumPrefs] with 7 key-values
08-22 16:49:37.884 6264 6264 D ProcessState: Binder ioctl to enable oneway spam detection failed: Invalid argument
08-22 16:49:37.889 5995 6015 I MMKV : open fd[0x141], /data/user/0/com.smile.gifmaker/files/mmkv/pref_id_kswebview
08-22 16:49:37.893 6180 6180 I MMKV : open fd[0x67], /data/user/0/com.smile.gifmaker/files/mmkv/kscfgdfp
08-22 16:49:37.893 6180 6180 I MMKV : open fd[0x68], /data/user/0/com.smile.gifmaker/files/mmkv/kscfgdfp.crc
08-22 16:49:37.893 6180 6180 I MMKV : loading [kscfgdfp] with 2166 actual size, file size 4096, InterProcess 1, meta info version:3
08-22 16:49:37.893 6180 6180 I MMKV : loading [kscfgdfp] with crc 2582829248 sequence 2 version 3
08-22 16:49:37.893 6180 6180 I MMKV : loaded [kscfgdfp] with 10 key-values
08-22 16:49:37.897 5995 6015 I MMKV : open fd[0x144], /data/user/0/com.smile.gifmaker/files/mmkv/pref_id_kswebview.crc
08-22 16:49:37.899 5995 6015 I MMKV : loading [pref_id_kswebview] with 0 actual size, file size 4096, InterProcess 1, meta info version:1
08-22 16:49:37.899 5995 6015 I MMKV : loaded [pref_id_kswebview] with 0 key-values
08-22 16:49:37.899 6180 6180 I MMKV : open fd[0x69], /data/user/0/com.smile.gifmaker/files/mmkv/com.smile.gifmaker_switches
08-22 16:49:37.899 6180 6180 I MMKV : open fd[0x6a], /data/user/0/com.smile.gifmaker/files/mmkv/com.smile.gifmaker_switches.crc
08-22 16:49:37.900 6180 6180 I MMKV : loading [com.smile.gifmaker_switches] with 1406713 actual size, file size 2097152, InterProcess 1, meta info version:3
08-22 16:49:37.900 6180 6180 I MMKV : loading [com.smile.gifmaker_switches] with crc 702663637 sequence 555 version 3
08-22 16:49:37.927 6180 6180 I MMKV : loaded [com.smile.gifmaker_switches] with 241 key-values
08-22 16:49:37.928 6180 6180 I MMKV : open fd[0x6b], /data/user/0/com.smile.gifmaker/files/mmkv/com.smile.gifmaker_switches_1
08-22 16:49:37.928 6180 6180 I MMKV : open fd[0x6c], /data/user/0/com.smile.gifmaker/files/mmkv/com.smile.gifmaker_switches_1.crc
08-22 16:49:37.928 6180 6180 I MMKV : loading [com.smile.gifmaker_switches_1] with 3284 actual size, file size 4096, InterProcess 1, meta info version:3
08-22 16:49:37.928 6180 6180 I MMKV : loading [com.smile.gifmaker_switches_1] with crc 2168040114 sequence 5648 version 3
08-22 16:49:37.928 6180 6180 I MMKV : loaded [com.smile.gifmaker_switches_1] with 7 key-values
08-22 16:49:37.929 6180 6180 I MMKV : open fd[0x6d], /data/user/0/com.smile.gifmaker/files/mmkv/com.smile.gifmaker
08-22 16:49:37.929 6180 6180 I MMKV : open fd[0x6e], /data/user/0/com.smile.gifmaker/files/mmkv/com.smile.gifmaker.crc
08-22 16:49:37.930 6180 6180 I MMKV : loading [com.smile.gifmaker] with 361731 actual size, file size 524288, InterProcess 1, meta info version:3
08-22 16:49:37.930 6180 6180 I MMKV : loading [com.smile.gifmaker] with crc 4072613781 sequence 9 version 3
08-22 16:49:37.933 5995 6015 I MMKV : open fd[0x147], /data/user/0/com.smile.gifmaker/files/mmkv/SUPER_BOWL_SP_NAME
08-22 16:49:37.933 5995 6015 I MMKV : open fd[0x148], /data/user/0/com.smile.gifmaker/files/mmkv/SUPER_BOWL_SP_NAME.crc
08-22 16:49:37.934 6180 6180 I MMKV : loaded [com.smile.gifmaker] with 916 key-values
08-22 16:49:37.934 6180 6180 I MMKV : open fd[0x6f], /data/user/0/com.smile.gifmaker/files/mmkv/se_config
08-22 16:49:37.934 6180 6180 I MMKV : open fd[0x70], /data/user/0/com.smile.gifmaker/files/mmkv/se_config.crc
08-22 16:49:37.934 6180 6180 I MMKV : loading [se_config] with 1333 actual size, file size 4096, InterProcess 1, meta info version:3
08-22 16:49:37.934 6180 6180 I MMKV : loading [se_config] with crc 503527829 sequence 407 version 3
08-22 16:49:37.934 6180 6180 I MMKV : loaded [se_config] with 6 key-values
08-22 16:49:37.935 5995 6015 I MMKV : loading [SUPER_BOWL_SP_NAME] with 736633 actual size, file size 1048576, InterProcess 1, meta info version:3
08-22 16:49:37.936 5995 6015 I MMKV : loading [SUPER_BOWL_SP_NAME] with crc 2824487337 sequence 139 version 3
08-22 16:49:37.939 5995 6015 I MMKV : loaded [SUPER_BOWL_SP_NAME] with 1 key-values
08-22 16:49:37.959 6180 6180 I MMKV : open fd[0x71], /data/user/0/com.smile.gifmaker/files/mmkv/com.smile.gifmaker_logevent_abtest
08-22 16:49:37.959 6180 6180 I MMKV : open fd[0x72], /data/user/0/com.smile.gifmaker/files/mmkv/com.smile.gifmaker_logevent_abtest.crc
08-22 16:49:37.959 6180 6180 I MMKV : loading [com.smile.gifmaker_logevent_abtest] with 0 actual size, file size 4096, InterProcess 1, meta info version:1
08-22 16:49:37.959 6180 6180 I MMKV : loaded [com.smile.gifmaker_logevent_abtest] with 0 key-values
08-22 16:49:37.960 6180 6180 I MMKV : open fd[0x73], /data/user/0/com.smile.gifmaker/files/mmkv/com.smile.gifmaker_manual_logevent_abtest
08-22 16:49:37.960 6180 6180 I MMKV : open fd[0x74], /data/user/0/com.smile.gifmaker/files/mmkv/com.smile.gifmaker_manual_logevent_abtest.crc
08-22 16:49:37.960 6180 6180 I MMKV : loading [com.smile.gifmaker_manual_logevent_abtest] with 0 actual size, file size 4096, InterProcess 1, meta info version:1
08-22 16:49:37.960 6180 6180 I MMKV : loaded [com.smile.gifmaker_manual_logevent_abtest] with 0 key-values
08-22 16:49:37.960 6180 6180 I MMKV : open fd[0x75], /data/user/0/com.smile.gifmaker/files/mmkv/com.smile.gifmaker_unique_seq_id_abtest
08-22 16:49:37.961 6180 6180 I MMKV : open fd[0x76], /data/user/0/com.smile.gifmaker/files/mmkv/com.smile.gifmaker_unique_seq_id_abtest.crc
08-22 16:49:37.961 6180 6180 I MMKV : loading [com.smile.gifmaker_unique_seq_id_abtest] with 55 actual size, file size 4096, InterProcess 1, meta info version:3
08-22 16:49:37.961 6180 6180 I MMKV : loading [com.smile.gifmaker_unique_seq_id_abtest] with crc 2046076724 sequence 1 version 3
08-22 16:49:37.961 6180 6180 I MMKV : loaded [com.smile.gifmaker_unique_seq_id_abtest] with 1 key-values
08-22 16:49:37.970 5995 6015 I MMKV : open fd[0x149], /data/user/0/com.smile.gifmaker/files/mmkv/SUPER_BOWL_SP_COMPONENT
08-22 16:49:37.970 5995 6015 I MMKV : open fd[0x14a], /data/user/0/com.smile.gifmaker/files/mmkv/SUPER_BOWL_SP_COMPONENT.crc
08-22 16:49:37.971 5995 6015 I MMKV : loading [SUPER_BOWL_SP_COMPONENT] with 0 actual size, file size 4096, InterProcess 1, meta info version:1
08-22 16:49:37.971 5995 6015 I MMKV : loaded [SUPER_BOWL_SP_COMPONENT] with 0 key-values
08-22 16:49:37.972 6180 6215 I MMKV : open fd[0x77], /data/user/0/com.smile.gifmaker/files/mmkv/com.smile.gifmaker_abtest
08-22 16:49:37.972 6180 6215 I MMKV : open fd[0x78], /data/user/0/com.smile.gifmaker/files/mmkv/com.smile.gifmaker_abtest.crc
08-22 16:49:37.972 6180 6215 I MMKV : loading [com.smile.gifmaker_abtest] with 0 actual size, file size 4096, InterProcess 1, meta info version:1
08-22 16:49:37.973 6180 6215 I MMKV : loaded [com.smile.gifmaker_abtest] with 0 key-values
08-22 16:49:37.973 6180 6215 I MMKV : open fd[0x79], /data/user/0/com.smile.gifmaker/files/mmkv/com.smile.gifmaker_user_0_abtest
08-22 16:49:37.973 6180 6215 I MMKV : open fd[0x7a], /data/user/0/com.smile.gifmaker/files/mmkv/com.smile.gifmaker_user_0_abtest.crc
08-22 16:49:37.974 6180 6215 I MMKV : loading [com.smile.gifmaker_user_0_abtest] with 141776 actual size, file size 262144, InterProcess 1, meta info version:3
08-22 16:49:37.974 6180 6215 I MMKV : loading [com.smile.gifmaker_user_0_abtest] with crc 3152566683 sequence 15849 version 3
08-22 16:49:37.980 6180 6215 I MMKV : loaded [com.smile.gifmaker_user_0_abtest] with 2237 key-values
08-22 16:49:37.982 6180 6215 I MMKV : open fd[0x7c], /data/user/0/com.smile.gifmaker/files/mmkv/com.smile.gifmaker_device_abtest
08-22 16:49:37.982 6180 6215 I MMKV : open fd[0x7d], /data/user/0/com.smile.gifmaker/files/mmkv/com.smile.gifmaker_device_abtest.crc
08-22 16:49:37.982 6180 6215 I MMKV : loading [com.smile.gifmaker_device_abtest] with 52691 actual size, file size 65536, InterProcess 1, meta info version:3
08-22 16:49:37.982 6180 6215 I MMKV : loading [com.smile.gifmaker_device_abtest] with crc 1408803120 sequence 13372 version 3
08-22 16:49:37.983 6180 6215 I MMKV : loaded [com.smile.gifmaker_device_abtest] with 593 key-values
08-22 16:49:37.991 6180 6180 I AegonNative: Update config: {"nqe_params":{"HalfLifeSeconds":"20", "EffectiveConnectionTypeRecomputationInterval":"5"},"enable_quic": true, "enable_redirect_info_report":true,"enable_nqe_report":true,"congestion_control_frame_interval_sec": 0, "quic_max_v6_packet_size": 1232, "cdn_preresolver_ip_blacklist":["0.0.0.0","1.1.1.1","127.0.0.1"], "preconnect_num_streams": 1, "quic_idle_timeout_sec": 180, "quic_use_bbr": true, "altsvc_broken_time_max": 600, "altsvc_broken_time_base": 60, "proxy_host_blacklist": ["*"],"max_os_version_libdispatch_fix_enable":"16.2", "enable_mtrequest_by_header":true,"enable_mtrequest_retry_by_ip":true,"resolver_ip_blacklist":["0.0.0.0","1.1.1.1","127.0.0.1"], "enable_trace_id_report": true}, storage path: /data/user/0/com.smile.gifmaker/app_aegon/aegon
08-22 16:49:37.992 6180 6180 I AegonNative: Enable features: PartitionConnectionsByNetworkIsolationKey,PartitionSSLSessionsByNetworkIsolationKey,
08-22 16:49:37.992 6180 6180 I AegonNative: Disable features:
08-22 16:49:38.016 1542 1811 D ConnectivityService: requestNetwork for uid/pid:10106/6180 activeRequest: null callbackRequest: 2162 [NetworkRequest [ REQUEST id=2163, [ Capabilities: INTERNET&NOT_RESTRICTED&TRUSTED&NOT_VCN_MANAGED Uid: 10106 RequestorUid: 10106 RequestorPkg: com.smile.gifmaker] ]] callback flags: 0 priority: 2147483647
08-22 16:49:38.016 1542 1871 D ConnectivityService: NetReassign [2163 : null → 144]
08-22 16:49:38.016 1542 1914 D Ethernet: got request NetworkRequest [ REQUEST id=2163, [ Capabilities: INTERNET&NOT_RESTRICTED&TRUSTED&NOT_VCN_MANAGED Uid: 10106 RequestorUid: 10106 RequestorPkg: com.smile.gifmaker] ]
08-22 16:49:38.016 1542 1914 D EthernetNetworkFactory: acceptRequest, request: NetworkRequest [ REQUEST id=2163, [ Capabilities: INTERNET&NOT_RESTRICTED&TRUSTED&NOT_VCN_MANAGED Uid: 10106 RequestorUid: 10106 RequestorPkg: com.smile.gifmaker] ]
08-22 16:49:38.016 1542 1914 I EthernetNetworkFactory: networkForRequest, request: NetworkRequest [ REQUEST id=2163, [ Capabilities: INTERNET&NOT_RESTRICTED&TRUSTED&NOT_VCN_MANAGED Uid: 10106 RequestorUid: 10106 RequestorPkg: com.smile.gifmaker] ], network: NetworkInterfaceState{ refCount: 8, iface: eth0, up: true, hwAddress: 36:7c:7c:00:00:0f, networkCapabilities: [ Transports: ETHERNET Capabilities: INTERNET&NOT_RESTRICTED&TRUSTED&NOT_VPN&NOT_ROAMING&NOT_CONGESTED&NOT_SUSPENDED&NOT_VCN_MANAGED LinkUpBandwidth>=100000Kbps LinkDnBandwidth>=100000Kbps], networkAgent: com.android.server.ethernet.EthernetNetworkFactory$NetworkInterfaceState$1@1a7a5b2, score: 70, ipClient: android.net.ip.IIpClient$Stub$Proxy@289f903,linkProperties: {InterfaceName: eth0 LinkAddresses: [ fe80::af1:e6a8:882c:a3b9/64,192.168.50.16/24 ] DnsAddresses: [ /101.226.4.6 ] Domains: null MTU: 0 TcpBufferSizes: 524288,1048576,3145728,524288,1048576,2097152 Routes: [ 192.168.50.0/24 -> 0.0.0.0 eth0 mtu 0,0.0.0.0/0 -> 192.168.50.4 eth0 mtu 0 ]}}
08-22 16:49:38.017 1542 1914 I EthernetNetworkFactory: networkForRequest, request: NetworkRequest [ REQUEST id=2163, [ Capabilities: INTERNET&NOT_RESTRICTED&TRUSTED&NOT_VCN_MANAGED Uid: 10106 RequestorUid: 10106 RequestorPkg: com.smile.gifmaker] ], network: NetworkInterfaceState{ refCount: 8, iface: eth0, up: true, hwAddress: 36:7c:7c:00:00:0f, networkCapabilities: [ Transports: ETHERNET Capabilities: INTERNET&NOT_RESTRICTED&TRUSTED&NOT_VPN&NOT_ROAMING&NOT_CONGESTED&NOT_SUSPENDED&NOT_VCN_MANAGED LinkUpBandwidth>=100000Kbps LinkDnBandwidth>=100000Kbps], networkAgent: com.android.server.ethernet.EthernetNetworkFactory$NetworkInterfaceState$1@1a7a5b2, score: 70, ipClient: android.net.ip.IIpClient$Stub$Proxy@289f903,linkProperties: {InterfaceName: eth0 LinkAddresses: [ fe80::af1:e6a8:882c:a3b9/64,192.168.50.16/24 ] DnsAddresses: [ /101.226.4.6 ] Domains: null MTU: 0 TcpBufferSizes: 524288,1048576,3145728,524288,1048576,2097152 Routes: [ 192.168.50.0/24 -> 0.0.0.0 eth0 mtu 0,0.0.0.0/0 -> 192.168.50.4 eth0 mtu 0 ]}}
08-22 16:49:38.017 1542 1864 D UntrustedWifiNetworkFactory: got request NetworkRequest [ REQUEST id=2163, [ Capabilities: INTERNET&NOT_RESTRICTED&TRUSTED&NOT_VCN_MANAGED Uid: 10106 RequestorUid: 10106 RequestorPkg: com.smile.gifmaker] ]
08-22 16:49:38.017 1542 1864 D OemPaidWifiNetworkFactory: got request NetworkRequest [ REQUEST id=2163, [ Capabilities: INTERNET&NOT_RESTRICTED&TRUSTED&NOT_VCN_MANAGED Uid: 10106 RequestorUid: 10106 RequestorPkg: com.smile.gifmaker] ]
08-22 16:49:38.018 6180 6180 I MMKV : open fd[0x84], /data/user/0/com.smile.gifmaker/files/mmkv/exception
08-22 16:49:38.018 6180 6180 I MMKV : open fd[0x85], /data/user/0/com.smile.gifmaker/files/mmkv/exception.crc
08-22 16:49:38.019 6180 6180 I MMKV : loading [exception] with 958 actual size, file size 4096, InterProcess 1, meta info version:3
08-22 16:49:38.019 6180 6180 I MMKV : loading [exception] with crc 1624894703 sequence 1436 version 3
08-22 16:49:38.019 6180 6180 I MMKV : loaded [exception] with 16 key-values
08-22 16:49:38.025 1542 1871 D ConnectivityService: NetReassign [no changes]
08-22 16:49:38.038 6180 6279 E rep_kmalloc: kmalloc_record_launch_success called
08-22 16:49:38.038 6180 6279 E rep_kmalloc: kmalloc_record_launch_success called not main process
08-22 16:49:38.041 6180 6180 I MMKV : open fd[0x91], /data/user/0/com.smile.gifmaker/files/mmkv/TEST_CONFIG
08-22 16:49:38.041 6180 6180 I MMKV : open fd[0x92], /data/user/0/com.smile.gifmaker/files/mmkv/TEST_CONFIG.crc
08-22 16:49:38.041 6180 6180 I MMKV : loading [TEST_CONFIG] with 3028 actual size, file size 4096, InterProcess 1, meta info version:3
08-22 16:49:38.041 6180 6180 I MMKV : loading [TEST_CONFIG] with crc 2046312918 sequence 2 version 3
08-22 16:49:38.041 6180 6180 I MMKV : loaded [TEST_CONFIG] with 5 key-values
08-22 16:49:38.061 6180 6180 I MMKV : open fd[0x9c], /data/user/0/com.smile.gifmaker/files/mmkv/azeroth
08-22 16:49:38.061 6180 6180 I MMKV : open fd[0x9d], /data/user/0/com.smile.gifmaker/files/mmkv/azeroth.crc
08-22 16:49:38.063 6180 6180 I MMKV : loading [azeroth] with 303174 actual size, file size 524288, InterProcess 1, meta info version:3
08-22 16:49:38.063 6180 6180 I MMKV : loading [azeroth] with crc 1896456333 sequence 437 version 3
08-22 16:49:38.065 6180 6180 I MMKV : loaded [azeroth] with 2 key-values
08-22 16:49:38.070 6180 6282 I MMKV : open fd[0x9f], /data/user/0/com.smile.gifmaker/files/mmkv/kwai_logger_sp
08-22 16:49:38.070 6180 6282 I MMKV : open fd[0xa0], /data/user/0/com.smile.gifmaker/files/mmkv/kwai_logger_sp.crc
08-22 16:49:38.070 6180 6282 I MMKV : loading [kwai_logger_sp] with 22 actual size, file size 4096, InterProcess 1, meta info version:3
08-22 16:49:38.070 6180 6282 I MMKV : loading [kwai_logger_sp] with crc 3709266382 sequence 1 version 3
08-22 16:49:38.070 6180 6282 I MMKV : loaded [kwai_logger_sp] with 1 key-values
08-22 16:49:38.086 863 863 D vendor.qti.vibrator: Vibrator on for timeoutMs: 500
08-22 16:49:38.086 863 6292 D vendor.qti.vibrator: Starting on on another thread
08-22 16:49:38.110 6180 6180 I MMKV : open fd[0x95], /data/user/0/com.smile.gifmaker/files/mmkv/PRIVACY_KIT
08-22 16:49:38.110 6180 6180 I MMKV : open fd[0xa1], /data/user/0/com.smile.gifmaker/files/mmkv/PRIVACY_KIT.crc
08-22 16:49:38.110 6180 6180 I MMKV : loading [PRIVACY_KIT] with 6912 actual size, file size 32768, InterProcess 1, meta info version:3
08-22 16:49:38.110 6180 6180 I MMKV : loading [PRIVACY_KIT] with crc 971470325 sequence 19 version 3
08-22 16:49:38.110 6180 6180 I MMKV : loaded [PRIVACY_KIT] with 4 key-values
08-22 16:49:38.122 6180 6180 I MMKV : open fd[0xa4], /data/user/0/com.smile.gifmaker/files/mmkv/pref_id_ENABLE_CELL_CACHE
08-22 16:49:38.122 6180 6180 I MMKV : open fd[0xa5], /data/user/0/com.smile.gifmaker/files/mmkv/pref_id_ENABLE_CELL_CACHE.crc
08-22 16:49:38.122 6180 6180 I MMKV : loading [pref_id_ENABLE_CELL_CACHE] with 564 actual size, file size 4096, InterProcess 1, meta info version:3
08-22 16:49:38.122 6180 6180 I MMKV : loading [pref_id_ENABLE_CELL_CACHE] with crc 1878364351 sequence 45 version 3
08-22 16:49:38.122 6180 6180 I MMKV : loaded [pref_id_ENABLE_CELL_CACHE] with 1 key-values
08-22 16:49:38.137 5995 6063 I MMKV : open fd[0x14e], /data/user/0/com.smile.gifmaker/files/mmkv/vse_opt_name_book_v2
08-22 16:49:38.138 5995 6063 I MMKV : open fd[0x14f], /data/user/0/com.smile.gifmaker/files/mmkv/vse_opt_name_book_v2.crc
08-22 16:49:38.138 5995 6063 I MMKV : loading [vse_opt_name_book_v2] with 0 actual size, file size 4096, InterProcess 1, meta info version:1
08-22 16:49:38.138 5995 6063 I MMKV : loaded [vse_opt_name_book_v2] with 0 key-values
08-22 16:49:38.142 6180 6180 I MMKV : open fd[0xa6], /data/user/0/com.smile.gifmaker/files/mmkv/push_sdk_v3
08-22 16:49:38.142 6180 6180 I MMKV : open fd[0xa7], /data/user/0/com.smile.gifmaker/files/mmkv/push_sdk_v3.crc
08-22 16:49:38.142 6180 6180 I MMKV : loading [push_sdk_v3] with 9889 actual size, file size 65536, InterProcess 1, meta info version:3
08-22 16:49:38.142 6180 6180 I MMKV : loading [push_sdk_v3] with crc 1366973200 sequence 4 version 3
08-22 16:49:38.142 6180 6180 I MMKV : loaded [push_sdk_v3] with 11 key-values
08-22 16:49:38.160 5995 6015 I MMKV : open fd[0x14d], /data/user/0/com.smile.gifmaker/files/mmkv/PostPluginPreloadLogger
08-22 16:49:38.160 5995 6015 I MMKV : open fd[0x150], /data/user/0/com.smile.gifmaker/files/mmkv/PostPluginPreloadLogger.crc
08-22 16:49:38.161 5995 6015 I MMKV : loading [PostPluginPreloadLogger] with 1951 actual size, file size 4096, InterProcess 1, meta info version:3
08-22 16:49:38.161 5995 6015 I MMKV : loading [PostPluginPreloadLogger] with crc 1012961662 sequence 1 version 3
08-22 16:49:38.161 5995 6015 I MMKV : loaded [PostPluginPreloadLogger] with 1 key-values
08-22 16:49:38.162 5995 6015 I MMKV : open fd[0x151], /data/user/0/com.smile.gifmaker/files/mmkv/CTRPredictorLaunch
08-22 16:49:38.162 5995 6015 I MMKV : open fd[0x152], /data/user/0/com.smile.gifmaker/files/mmkv/CTRPredictorLaunch.crc
08-22 16:49:38.162 5995 6015 I MMKV : loading [CTRPredictorLaunch] with 0 actual size, file size 4096, InterProcess 1, meta info version:1
08-22 16:49:38.162 5995 6015 I MMKV : loaded [CTRPredictorLaunch] with 0 key-values
08-22 16:49:38.207 6180 6180 I MMKV : open fd[0xa8], /data/user/0/com.smile.gifmaker/files/mmkv/log_store
08-22 16:49:38.207 6180 6180 I MMKV : open fd[0xa9], /data/user/0/com.smile.gifmaker/files/mmkv/log_store.crc
08-22 16:49:38.207 6180 6180 I MMKV : loading [log_store] with 724570 actual size, file size 2097152, InterProcess 1, meta info version:3
08-22 16:49:38.207 6180 6180 I MMKV : loading [log_store] with crc 1215166139 sequence 3 version 3
08-22 16:49:38.215 6180 6180 I MMKV : loaded [log_store] with 7 key-values
08-22 16:49:38.219 5995 6062 I AdrenoGLES-0: QUALCOMM build : 47421dbee6, I139f36ad46
08-22 16:49:38.219 5995 6062 I AdrenoGLES-0: Build Date : 02/18/22
08-22 16:49:38.219 5995 6062 I AdrenoGLES-0: OpenGL ES Shader Compiler Version: EV031.32.02.17
08-22 16:49:38.219 5995 6062 I AdrenoGLES-0: Local Branch :
08-22 16:49:38.219 5995 6062 I AdrenoGLES-0: Remote Branch :
08-22 16:49:38.219 5995 6062 I AdrenoGLES-0: Remote Branch :
08-22 16:49:38.219 5995 6062 I AdrenoGLES-0: Reconstruct Branch :
08-22 16:49:38.219 5995 6062 I AdrenoGLES-0: Build Config : S P 10.0.7 AArch64
08-22 16:49:38.219 5995 6062 I AdrenoGLES-0: Driver Path : /vendor/lib64/egl/libGLESv2_adreno.so
08-22 16:49:38.221 516 516 I hwservicemanager: getTransport: Cannot find entry android.hardware.graphics.mapper@4.0::IMapper/default in either framework or device VINTF manifest.
08-22 16:49:38.250 5995 6062 I AdrenoGLES-0: PFP: 0x016dd093, ME: 0x00000000
08-22 16:49:38.268 5995 6062 D libEGL : MSAA-->msaa:0 gamemode:0 4x_msaa:0
08-22 16:49:38.304 661 676 I mpu_uart: [MSG-P:RECV]:No message received in 1000 ms
08-22 16:49:38.365 2135 4099 D MicroService: handleHeartBeat:342
08-22 16:49:38.368 2135 2135 D MicroService: onHeartBeatDetected
08-22 16:49:38.368 2135 2135 D MicroService: sendHeartbeatMessage
08-22 16:49:38.397 1542 1876 I GameModeConfig: isGameModeOn = false
08-22 16:49:38.398 1542 1876 I GameModeConfig: isGameModeOn = false
08-22 16:49:38.398 1542 1876 I GameModeConfig: isGameModeOn = false
08-22 16:49:38.398 1542 1876 I GameModeConfig: isGameModeOn = false
08-22 16:49:38.398 1542 1876 I GameModeConfig: isGameModeOn = false
08-22 16:49:38.398 1542 1876 I GameModeConfig: isGameModeOn = false
08-22 16:49:38.398 1542 1876 I GameModeConfig: isGameModeOn = false
08-22 16:49:38.398 1542 1876 I GameModeConfig: isGameModeOn = false
08-22 16:49:38.398 1542 1876 I GameModeConfig: isGameModeOn = false
08-22 16:49:38.398 1542 1876 I GameModeConfig: isGameModeOn = false
08-22 16:49:38.398 1542 1876 I GameModeConfig: isGameModeOn = false
08-22 16:49:38.398 1542 1876 I GameModeConfig: isGameModeOn = false
08-22 16:49:38.398 1542 1876 I GameModeConfig: isGameModeOn = false
08-22 16:49:38.398 1542 1876 I GameModeConfig: isGameModeOn = false
08-22 16:49:38.398 1542 1876 I GameModeConfig: isGameModeOn = false
08-22 16:49:38.398 1542 1876 I GameModeConfig: isGameModeOn = false
08-22 16:49:38.398 1542 1876 I GameModeConfig: isGameModeOn = false
08-22 16:49:38.398 1542 1876 I GameModeConfig: isGameModeOn = false
08-22 16:49:38.422 1542 1659 I commit_sys_config_file: [jobs,1]
08-22 16:49:38.438 6180 6296 I MMKV : open fd[0xaf], /data/user/0/com.smile.gifmaker/files/mmkv/logger_ad_mapping_ids
08-22 16:49:38.438 6180 6296 I MMKV : open fd[0xb0], /data/user/0/com.smile.gifmaker/files/mmkv/logger_ad_mapping_ids.crc
08-22 16:49:38.438 6180 6296 I MMKV : loading [logger_ad_mapping_ids] with 0 actual size, file size 4096, InterProcess 1, meta info version:1
08-22 16:49:38.438 6180 6296 I MMKV : loaded [logger_ad_mapping_ids] with 0 key-values
