11-11 00:01:50.041 18707 18707 I auditd : type=1400 audit(0.0:52431): avc: granted { execute } for comm="daemon2_64_v2.2" path="/data/user/0/com.tencent.android.qqdownloader/app_bin/daemon2_64_v2.2.2" dev="dm-10" ino=90473 scontext=u:r:untrusted_app_27:s0:c512,c768 tcontext=u:object_r:app_data_file:s0:c512,c768 tclass=file app=com.tencent.android.qqdownloader
11-11 00:01:50.054 1542 1542 I am_uid_running: 10106
11-11 00:01:50.049 18707 18707 I auditd : type=1400 audit(0.0:52432): avc: denied { getattr } for comm="daemon2_64_v2.2" path="/postinstall" dev="dm-5" ino=44 scontext=u:r:untrusted_app_27:s0:c512,c768 tcontext=u:object_r:postinstall_mnt_dir:s0 tclass=dir permissive=1 app=com.tencent.android.qqdownloader
11-11 00:01:50.059 1542 1697 I am_proc_start: [0,18728,10106,com.smile.gifmaker,service,{com.smile.gifmaker/androidx.work.impl.background.systemjob.SystemJobService}]
11-11 00:01:50.060 1542 3020 I am_proc_bound: [0,18635,com.tencent.mm]
11-11 00:01:50.061 1542 1934 I sync : [com.tencent.android.qqdownloader.YYBLiveAccountProvider,1,3,24220937]
11-11 00:01:50.063 1542 1934 I commit_sys_config_file: [sync-status,9169542]
11-11 00:01:50.063 1542 3020 I am_uid_active: 10105
11-11 00:01:50.074 1542 1934 I sync : [com.tencent.android.qqdownloader.YYBLiveAccountProvider,0,4,24220937]
11-11 00:01:50.085 18498 18498 I auditd : type=1400 audit(0.0:52433): avc: granted { nlmsg_readpriv } for comm="Binder:18498_2" scontext=u:r:untrusted_app_27:s0:c512,c768 tcontext=u:r:untrusted_app_27:s0:c512,c768 tclass=netlink_route_socket app=com.tencent.android.qqdownloader
11-11 00:01:50.089 1542 1812 I am_proc_bound: [0,18728,com.smile.gifmaker]
11-11 00:01:50.118 1542 1934 I sync : [com.tencent.android.qqdownloader.YYBLiveAccountProvider,1,4,24220937]
11-11 00:01:50.127 1542 1934 I sync : [com.tencent.android.qqdownloader.YYBLiveAccountProvider,0,3,24220937]
11-11 00:01:50.155 1542 1934 I sync : [com.tencent.android.qqdownloader.YYBLiveAccountProvider,1,3,24220937]
11-11 00:01:50.165 18791 18791 I auditd : type=1400 audit(0.0:52434): avc: denied { search } for comm="mount" name="vendor" dev="tmpfs" ino=13460 scontext=u:r:untrusted_app_27:s0:c512,c768 tcontext=u:object_r:mnt_vendor_file:s0 tclass=dir permissive=1 app=com.tencent.android.qqdownloader
11-11 00:01:50.165 18791 18791 I auditd : type=1400 audit(0.0:52435): avc: denied { getattr } for comm="mount" path="/mnt/vendor/persist" dev="sda2" ino=2 scontext=u:r:untrusted_app_27:s0:c512,c768 tcontext=u:object_r:mnt_vendor_file:s0 tclass=dir permissive=1 app=com.tencent.android.qqdownloader
11-11 00:01:50.165 18791 18791 I auditd : type=1400 audit(0.0:52436): avc: denied { getattr } for comm="mount" path="/vendor/bt_firmware" dev="sde5" ino=1 scontext=u:r:untrusted_app_27:s0:c512,c768 tcontext=u:object_r:bt_firmware_file:s0 tclass=dir permissive=1 app=com.tencent.android.qqdownloader
11-11 00:01:50.193 1542 1934 I commit_sys_config_file: [sync-status,9169672]
11-11 00:01:50.768 1542 11710 I am_wtf : [0,18635,com.tencent.mm,949501508,FirebaseApp,Remote stack trace:
11-11 00:01:50.768 1542 11710 I am_wtf : at com.android.server.content.ContentService.registerContentObserver(ContentService.java:357)
11-11 00:01:50.768 1542 11710 I am_wtf : at android.content.IContentService$Stub.onTransact(IContentService.java:484)
11-11 00:01:50.768 1542 11710 I am_wtf : at android.os.Binder.execTransactInternal(Binder.java:1179)
11-11 00:01:50.768 1542 11710 I am_wtf : at android.os.Binder.execTransact(Binder.java:1143)
11-11 00:01:50.768 1542 11710 I am_wtf : ]
11-11 00:01:51.064 1542 2098 I netstats_mobile_sample: [0,0,0,0,0,0,0,0,0,0,0,0,1692693630338]
11-11 00:01:51.064 1542 2098 I netstats_wifi_sample: [0,0,0,0,0,0,0,0,0,0,0,0,1692693630338]
11-11 00:01:51.157 1542 1812 I am_kill : [0,18519,com.lizhi.smartlife.lzbk.car,905,empty #2]
11-11 00:01:51.183 1542 1812 I am_proc_died: [0,18519,com.lizhi.smartlife.lzbk.car,905,19]
11-11 00:01:51.183 1542 1812 I am_uid_stopped: 10035
11-11 00:01:51.355 1542 1697 I am_proc_start: [0,19870,10106,com.smile.gifmaker:push_v3,service,{com.smile.gifmaker/com.kwai.android.dispatcher.PushV3ProcessLauncherService}]
11-11 00:01:51.382 1542 1812 I am_proc_bound: [0,19870,com.smile.gifmaker:push_v3]
11-11 00:01:51.525 18728 18728 I auditd : type=1400 audit(0.0:54078): avc: granted { execute } for comm="ela_global-io" path="/data/user/0/com.smile.gifmaker/app_DvaPlugin/klp_so/1931020113/so/libklp_pull_client_shared.so" dev="dm-10" ino=997203 scontext=u:r:untrusted_app_29:s0:c106,c256,c512,c768 tcontext=u:object_r:app_data_file:s0:c106,c256,c512,c768 tclass=file app=com.smile.gifmaker
11-11 00:01:51.849 18728 18728 I auditd : type=1400 audit(0.0:54079): avc: granted { nlmsg_readpriv } for comm="ela_global-io" scontext=u:r:untrusted_app_29:s0:c106,c256,c512,c768 tcontext=u:r:untrusted_app_29:s0:c106,c256,c512,c768 tclass=netlink_route_socket app=com.smile.gifmaker
11-11 00:01:51.853 18728 18728 I auditd : type=1400 audit(0.0:54080): avc: granted { nlmsg_readpriv } for comm="ela_global-io" scontext=u:r:untrusted_app_29:s0:c106,c256,c512,c768 tcontext=u:r:untrusted_app_29:s0:c106,c256,c512,c768 tclass=netlink_route_socket app=com.smile.gifmaker
11-11 00:01:52.024 1542 1659 I commit_sys_config_file: [jobs,4]
11-11 00:01:52.166 1542 1861 I netstats_mobile_sample: [0,0,0,0,0,0,0,0,0,0,0,0,1692693631440]
11-11 00:01:52.166 1542 1861 I netstats_wifi_sample: [0,0,0,0,0,0,0,0,0,0,0,0,1692693631440]
11-11 00:01:52.195 1542 3020 I am_kill : [0,18728,com.smile.gifmaker,925,empty #2]
11-11 00:01:52.253 18586 18586 I auditd : type=1400 audit(0.0:54081): avc: granted { nlmsg_readpriv } for comm="halley_2800_Tem" scontext=u:r:untrusted_app_27:s0:c512,c768 tcontext=u:r:untrusted_app_27:s0:c512,c768 tclass=netlink_route_socket app=com.tencent.android.qqdownloader
11-11 00:01:52.338 1542 1812 I am_proc_died: [0,18728,com.smile.gifmaker,925,19]
11-11 00:01:52.709 19870 19870 I auditd : type=1400 audit(0.0:54082): avc: denied { read } for comm="pool-9-thread-6" name="tcp" dev="proc" ino=4026532265 scontext=u:r:untrusted_app_29:s0:c106,c256,c512,c768 tcontext=u:object_r:proc_net_tcp_udp:s0 tclass=file permissive=1 app=com.smile.gifmaker
11-11 00:01:52.709 19870 19870 I auditd : type=1400 audit(0.0:54083): avc: denied { open } for comm="pool-9-thread-6" path="/proc/19870/net/tcp" dev="proc" ino=4026532265 scontext=u:r:untrusted_app_29:s0:c106,c256,c512,c768 tcontext=u:object_r:proc_net_tcp_udp:s0 tclass=file permissive=1 app=com.smile.gifmaker
11-11 00:01:52.709 19870 19870 I auditd : type=1400 audit(0.0:54084): avc: denied { getattr } for comm="pool-9-thread-6" path="/proc/19870/net/tcp" dev="proc" ino=4026532265 scontext=u:r:untrusted_app_29:s0:c106,c256,c512,c768 tcontext=u:object_r:proc_net_tcp_udp:s0 tclass=file permissive=1 app=com.smile.gifmaker
11-11 00:01:52.729 19870 19870 I auditd : type=1400 audit(0.0:54085): avc: denied { open } for comm="pool-9-thread-6" path="/dev/__properties__/u:object_r:vendor_default_prop:s0" dev="tmpfs" ino=14420 scontext=u:r:untrusted_app_29:s0:c106,c256,c512,c768 tcontext=u:object_r:vendor_default_prop:s0 tclass=file permissive=1 app=com.smile.gifmaker
11-11 00:01:52.729 19870 19870 I auditd : type=1400 audit(0.0:54086): avc: denied { getattr } for comm="pool-9-thread-6" path="/dev/__properties__/u:object_r:vendor_default_prop:s0" dev="tmpfs" ino=14420 scontext=u:r:untrusted_app_29:s0:c106,c256,c512,c768 tcontext=u:object_r:vendor_default_prop:s0 tclass=file permissive=1 app=com.smile.gifmaker
11-11 00:01:52.729 19870 19870 I auditd : type=1400 audit(0.0:54087): avc: denied { map } for comm="pool-9-thread-6" path="/dev/__properties__/u:object_r:vendor_default_prop:s0" dev="tmpfs" ino=14420 scontext=u:r:untrusted_app_29:s0:c106,c256,c512,c768 tcontext=u:object_r:vendor_default_prop:s0 tclass=file permissive=1 app=com.smile.gifmaker
11-11 00:01:53.617 1542 1834 I am_uid_running: 10095
11-11 00:01:53.628 1542 1697 I am_proc_start: [0,20067,10095,com.android.permissioncontroller,service,{com.android.permissioncontroller/com.android.permissioncontroller.role.service.RoleControllerServiceImpl}]
11-11 00:01:53.655 1542 1811 I am_proc_bound: [0,20067,com.android.permissioncontroller]
11-11 00:01:53.662 1542 1811 I am_uid_active: 10095
11-11 00:01:54.518 1542 1861 I netstats_mobile_sample: [0,0,0,0,0,0,0,0,0,0,0,0,1692693633792]
11-11 00:01:54.518 1542 1861 I netstats_wifi_sample: [0,0,0,0,0,0,0,0,0,0,0,0,1692693633792]
11-11 00:01:54.521 1542 1862 I service_manager_stats: [100,76,75488]
11-11 00:01:55.053 1542 1542 I sysui_multi_action: [757,128,758,5,759,8,793,75025,794,0,795,14671,796,127,806,com.tencent.android.qqdownloader,857,channel_id_default_silent,858,3,946,com.tencent.android.qqdownloader,947,1,1500,14671,1688,1]
11-11 00:01:55.053 1542 1542 I notification_canceled: [0|com.tencent.android.qqdownloader|127|null|10104,8,75025,14671,0,-1,-1,NULL]
11-11 00:01:55.073 18498 18498 I auditd : type=1400 audit(0.0:54092): avc: denied { read } for comm="StartThread-45" name="drivers" dev="proc" ino=4026531852 scontext=u:r:untrusted_app_27:s0:c512,c768 tcontext=u:object_r:proc_tty_drivers:s0 tclass=file permissive=1 app=com.tencent.android.qqdownloader
11-11 00:01:55.073 18498 18498 I auditd : type=1400 audit(0.0:54093): avc: denied { open } for comm="StartThread-45" path="/proc/tty/drivers" dev="proc" ino=4026531852 scontext=u:r:untrusted_app_27:s0:c512,c768 tcontext=u:object_r:proc_tty_drivers:s0 tclass=file permissive=1 app=com.tencent.android.qqdownloader
11-11 00:01:55.073 18498 18498 I auditd : type=1400 audit(0.0:54094): avc: denied { getattr } for comm="StartThread-45" path="/proc/tty/drivers" dev="proc" ino=4026531852 scontext=u:r:untrusted_app_27:s0:c512,c768 tcontext=u:object_r:proc_tty_drivers:s0 tclass=file permissive=1 app=com.tencent.android.qqdownloader
11-11 00:01:55.093 18498 18498 I auditd : type=1400 audit(0.0:54095): avc: denied { open } for comm="qimei-thread-1" path="/" dev="dm-5" ino=2 scontext=u:r:untrusted_app_27:s0:c512,c768 tcontext=u:object_r:rootfs:s0 tclass=dir permissive=1 app=com.tencent.android.qqdownloader
11-11 00:01:55.101 18498 18498 I auditd : type=1400 audit(0.0:54096): avc: granted { nlmsg_readpriv } for comm="qimei-thread-2" scontext=u:r:untrusted_app_27:s0:c512,c768 tcontext=u:r:untrusted_app_27:s0:c512,c768 tclass=netlink_route_socket app=com.tencent.android.qqdownloader
11-11 00:01:55.127 1542 1542 I notification_enqueue: [10104,18498,com.tencent.android.qqdownloader,127,NULL,0,Notification(channel=channel_id_default_silent shortcut=null contentView=com.tencent.android.qqdownloader/0x7f0a01c2 vibrate=null sound=null defaults=0x0 flags=0x2a2 color=0x00000000 groupKey=com.tencent.android.qqdownloader vis=PRIVATE),0]
11-11 00:01:55.133 1542 1542 I sysui_multi_action: [757,128,758,5,759,8,793,7,794,0,795,7,796,127,806,com.tencent.android.qqdownloader,857,channel_id_default_silent,858,3,946,com.tencent.android.qqdownloader,947,1,1500,7,1688,1]
11-11 00:01:55.133 1542 1542 I notification_canceled: [0|com.tencent.android.qqdownloader|127|null|10104,8,7,7,0,-1,-1,NULL]
11-11 00:01:56.135 1542 1542 I notification_enqueue: [10104,18498,com.tencent.android.qqdownloader,127,NULL,0,Notification(channel=channel_id_default_silent shortcut=null contentView=com.tencent.android.qqdownloader/0x7f0a01c2 vibrate=null sound=null defaults=0x0 flags=0x2a2 color=0x00000000 groupKey=com.tencent.android.qqdownloader vis=PRIVATE),0]
11-11 00:01:56.224 1542 1871 I netstats_mobile_sample: [0,0,0,0,0,0,0,0,0,0,0,0,1692693635498]
11-11 00:01:56.224 1542 1871 I netstats_wifi_sample: [0,0,0,0,0,0,0,0,0,0,0,0,1692693635498]
11-11 00:01:57.144 1542 1542 I notification_enqueue: [10104,18498,com.tencent.android.qqdownloader,127,NULL,0,Notification(channel=channel_id_default_silent shortcut=null contentView=com.tencent.android.qqdownloader/0x7f0a01c2 vibrate=null sound=null defaults=0x0 flags=0x2a2 color=0x00000000 groupKey=com.tencent.android.qqdownloader vis=PRIVATE),1]
11-11 00:01:57.266 1542 1871 I netstats_mobile_sample: [0,0,0,0,0,0,0,0,0,0,0,0,1692693636540]
11-11 00:01:57.266 1542 1871 I netstats_wifi_sample: [0,0,0,0,0,0,0,0,0,0,0,0,1692693636540]
11-11 00:01:57.279 1542 1871 I netstats_mobile_sample: [0,0,0,0,0,0,0,0,0,0,0,0,1692693636554]
11-11 00:01:57.280 1542 1871 I netstats_wifi_sample: [0,0,0,0,0,0,0,0,0,0,0,0,1692693636554]
11-11 00:01:57.312 1542 1934 I sync : [com.tencent.android.qqdownloader.YYBLiveAccountProvider,0,3,24220937]
11-11 00:01:57.297 18586 18586 I auditd : type=1400 audit(0.0:54110): avc: granted { nlmsg_readpriv } for comm="halley_2800_Tem" scontext=u:r:untrusted_app_27:s0:c512,c768 tcontext=u:r:untrusted_app_27:s0:c512,c768 tclass=netlink_route_socket app=com.tencent.android.qqdownloader
11-11 00:01:57.326 1542 1934 I sync : [com.tencent.android.qqdownloader.YYBLiveAccountProvider,1,3,24220937]
11-11 00:01:57.328 1542 1934 I commit_sys_config_file: [sync-status,9176806]
11-11 00:01:57.331 1542 1934 I sync : [com.tencent.android.qqdownloader.YYBLiveAccountProvider,0,3,24220937]
11-11 00:01:57.339 1542 1934 I sync : [com.tencent.android.qqdownloader.YYBLiveAccountProvider,1,3,24220937]
11-11 00:01:57.340 1542 1934 I commit_sys_config_file: [sync-status,9176819]
11-11 00:01:58.149 1542 1542 I notification_enqueue: [10104,18498,com.tencent.android.qqdownloader,127,NULL,0,Notification(channel=channel_id_default_silent shortcut=null contentView=com.tencent.android.qqdownloader/0x7f0a01c2 vibrate=null sound=null defaults=0x0 flags=0x2a2 color=0x00000000 groupKey=com.tencent.android.qqdownloader vis=PRIVATE),1]
11-11 00:01:58.213 18586 18586 I auditd : type=1400 audit(0.0:54111): avc: granted { execute } for comm="temporary-8" path="/data/user/0/com.tencent.android.qqdownloader/files/res_hub/yyb/online/wx_sdk_so_3_64_20/arm64-v8a/libc++_shared.so" dev="dm-10" ino=375378 scontext=u:r:untrusted_app_27:s0:c512,c768 tcontext=u:object_r:app_data_file:s0:c512,c768 tclass=file app=com.tencent.android.qqdownloader
11-11 00:01:58.229 18586 18586 I auditd : type=1400 audit(0.0:54112): avc: granted { execute } for comm="temporary-8" path="/data/user/0/com.tencent.android.qqdownloader/files/res_hub/yyb/online/wx_sdk_so_3_64_20/arm64-v8a/libwechatxlog.so" dev="dm-10" ino=375381 scontext=u:r:untrusted_app_27:s0:c512,c768 tcontext=u:object_r:app_data_file:s0:c512,c768 tclass=file app=com.tencent.android.qqdownloader
11-11 00:01:58.301 18586 18586 I auditd : type=1400 audit(0.0:54113): avc: granted { execute } for comm="kcsdk_temporary" path="/data/user/0/com.tencent.android.qqdownloader/files/plugin/com.tencent.plugin.dawangka/arm64-v8a/libKcsdk-2.0.9.so" dev="dm-10" ino=762470 scontext=u:r:untrusted_app_27:s0:c512,c768 tcontext=u:object_r:app_data_file:s0:c512,c768 tclass=file app=com.tencent.android.qqdownloader
11-11 00:01:58.409 20592 20592 I auditd : type=1400 audit(0.0:54114): avc: denied { open } for comm="getprop" path="/dev/__properties__/u:object_r:ab_update_gki_prop:s0" dev="tmpfs" ino=12119 scontext=u:r:untrusted_app_27:s0:c512,c768 tcontext=u:object_r:ab_update_gki_prop:s0 tclass=file permissive=1 app=com.tencent.android.qqdownloader
11-11 00:01:58.409 20592 20592 I auditd : type=1400 audit(0.0:54115): avc: denied { getattr } for comm="getprop" path="/dev/__properties__/u:object_r:ab_update_gki_prop:s0" dev="tmpfs" ino=12119 scontext=u:r:untrusted_app_27:s0:c512,c768 tcontext=u:object_r:ab_update_gki_prop:s0 tclass=file permissive=1 app=com.tencent.android.qqdownloader
11-11 00:01:58.409 20592 20592 I auditd : type=1400 audit(0.0:54116): avc: denied { map } for comm="getprop" path="/dev/__properties__/u:object_r:ab_update_gki_prop:s0" dev="tmpfs" ino=12119 scontext=u:r:untrusted_app_27:s0:c512,c768 tcontext=u:object_r:ab_update_gki_prop:s0 tclass=file permissive=1 app=com.tencent.android.qqdownloader
11-11 00:01:58.409 20592 20592 I auditd : type=1400 audit(0.0:54117): avc: denied { open } for comm="getprop" path="/dev/__properties__/u:object_r:adbd_prop:s0" dev="tmpfs" ino=12121 scontext=u:r:untrusted_app_27:s0:c512,c768 tcontext=u:object_r:adbd_prop:s0 tclass=file permissive=1 app=com.tencent.android.qqdownloader
11-11 00:01:58.409 20592 20592 I auditd : type=1400 audit(0.0:54118): avc: denied { getattr } for comm="getprop" path="/dev/__properties__/u:object_r:adbd_prop:s0" dev="tmpfs" ino=12121 scontext=u:r:untrusted_app_27:s0:c512,c768 tcontext=u:object_r:adbd_prop:s0 tclass=file permissive=1 app=com.tencent.android.qqdownloader
11-11 00:01:58.409 20592 20592 I auditd : type=1400 audit(0.0:54119): avc: denied { map } for comm="getprop" path="/dev/__properties__/u:object_r:adbd_prop:s0" dev="tmpfs" ino=12121 scontext=u:r:untrusted_app_27:s0:c512,c768 tcontext=u:object_r:adbd_prop:s0 tclass=file permissive=1 app=com.tencent.android.qqdownloader
11-11 00:01:58.954 1542 1871 I netstats_mobile_sample: [0,0,0,0,0,0,0,0,0,0,0,0,1692693638229]
11-11 00:01:58.955 1542 1871 I netstats_wifi_sample: [0,0,0,0,0,0,0,0,0,0,0,0,1692693638229]
11-11 00:01:58.997 1542 1871 I netstats_mobile_sample: [0,0,0,0,0,0,0,0,0,0,0,0,1692693638271]
11-11 00:01:58.997 1542 1871 I netstats_wifi_sample: [0,0,0,0,0,0,0,0,0,0,0,0,1692693638271]
11-11 00:01:59.003 1542 1871 I netstats_mobile_sample: [0,0,0,0,0,0,0,0,0,0,0,0,1692693638277]
11-11 00:01:59.003 1542 1871 I netstats_wifi_sample: [0,0,0,0,0,0,0,0,0,0,0,0,1692693638277]
11-11 00:01:59.041 1542 1934 I sync : [com.tencent.android.qqdownloader.YYBLiveAccountProvider,0,3,24220937]
11-11 00:01:59.054 1542 1934 I sync : [com.tencent.android.qqdownloader.YYBLiveAccountProvider,1,3,24220937]
11-11 00:01:59.055 1542 1934 I commit_sys_config_file: [sync-status,9178533]
11-11 00:01:59.059 1542 1934 I sync : [com.tencent.android.qqdownloader.YYBLiveAccountProvider,0,3,24220937]
11-11 00:01:59.073 1542 1934 I sync : [com.tencent.android.qqdownloader.YYBLiveAccountProvider,1,3,24220937]
11-11 00:01:59.075 1542 1934 I commit_sys_config_file: [sync-status,9178554]
11-11 00:01:59.101 1542 1696 I am_uid_idle: 10122
11-11 00:01:59.101 1542 1696 I am_stop_idle_service: [10122,com.qiyi.video.pad/com.ss.android.socialbase.downloader.notification.DownloadNotificationService]
11-11 00:01:59.101 1542 1696 I am_stop_idle_service: [10122,com.qiyi.video.pad/com.iqiyi.video.download.filedownload.QiyiDownloadCoreService]
11-11 00:01:59.101 1542 1696 I am_stop_idle_service: [10122,com.qiyi.video.pad/com.iqiyi.video.download.QiyiDownloadCenterService]
11-11 00:01:59.101 1542 1696 I am_stop_idle_service: [10122,com.qiyi.video.pad/org.qiyi.video.module.icommunication.ipc.HostService]
11-11 00:01:59.101 1542 1696 I am_stop_idle_service: [10122,com.qiyi.video.pad/org.qiyi.video.nativelib.pm.LibraryManagerService]
11-11 00:01:59.101 1542 1696 I am_stop_idle_service: [10122,com.qiyi.video.pad/org.qiyi.android.plugin.ipc.IPCService0]
11-11 00:01:59.102 1542 1696 I am_stop_idle_service: [10122,com.qiyi.video.pad/com.iqiyi.hcim.service.IMService]
11-11 00:01:59.102 1542 1696 I am_stop_idle_service: [10122,com.qiyi.video.pad/com.qq.e.comm.DownloadService]
11-11 00:01:59.102 1542 1696 I am_stop_idle_service: [10122,com.qiyi.video.pad/org.qiyi.pluginlibrary.pm.PluginPackageManagerService]
11-11 00:01:59.107 1542 10504 I am_kill : [0,9186,com.android.webview:webview_service,905,empty #2]
11-11 00:01:59.110 1542 10504 I am_kill : [0,10894,com.android.webview:sandboxed_process0:org.chromium.content.app.SandboxedProcessService0:0,905,empty #3]
11-11 00:01:59.110 1542 10504 I am_kill : [0,14093,com.qiyi.video.pad:downloader,905,empty #4]
11-11 00:01:59.112 1542 10504 I am_kill : [0,19870,com.smile.gifmaker:push_v3,905,empty #5]
11-11 00:01:59.139 1542 10504 I am_proc_died: [0,10894,com.android.webview:sandboxed_process0:org.chromium.content.app.SandboxedProcessService0:0,905,19]
11-11 00:01:59.140 1542 10504 I am_schedule_service_restart: [0,com.qiyi.video.pad/org.chromium.content.app.SandboxedProcessService0:0,1000]
11-11 00:01:59.140 1542 10504 I am_uid_stopped: 99026
11-11 00:01:59.154 1542 2701 I am_proc_died: [0,9186,com.android.webview:webview_service,905,19]
11-11 00:01:59.156 1542 2701 I am_schedule_service_restart: [0,com.android.webview/org.chromium.android_webview.services.MetricsUploadService,1000]
11-11 00:01:59.156 1542 2701 I am_uid_stopped: 10070
11-11 00:01:59.182 1542 2701 I am_proc_died: [0,19870,com.smile.gifmaker:push_v3,905,19]
11-11 00:01:59.183 1542 2701 I am_uid_stopped: 10106
11-11 00:01:59.186 1542 4747 I am_proc_died: [0,14093,com.qiyi.video.pad:downloader,905,19]
11-11 00:01:59.188 1542 4747 I am_schedule_service_restart: [0,com.qiyi.video.pad/com.iqiyi.video.download.QiyiDownloadCenterService,10967]
11-11 00:01:59.188 1542 4747 I am_schedule_service_restart: [0,com.qiyi.video.pad/com.iqiyi.video.download.filedownload.QiyiDownloadCoreService,20967]
11-11 00:01:59.199 1542 1697 I am_proc_start: [0,20711,10122,com.qiyi.video.pad:downloader,content provider,{com.qiyi.video.pad/com.iqiyi.cable.CableProvider$P8}]
11-11 00:01:59.230 1542 2701 I am_proc_bound: [0,20711,com.qiyi.video.pad:downloader]
11-11 00:01:59.298 1542 1659 I commit_sys_config_file: [jobs,3]
11-11 00:01:59.783 1542 4747 I am_kill : [0,20711,com.qiyi.video.pad:downloader,905,empty #2]
11-11 00:01:59.821 1542 1812 I am_proc_died: [0,20711,com.qiyi.video.pad:downloader,905,19]
11-11 00:01:59.823 1542 1812 I am_schedule_service_restart: [0,com.qiyi.video.pad/com.iqiyi.video.download.QiyiDownloadCenterService,43868]
11-11 00:01:59.823 1542 1812 I am_schedule_service_restart: [0,com.qiyi.video.pad/com.iqiyi.video.download.filedownload.QiyiDownloadCoreService,83868]
11-11 00:02:00.157 1542 1696 I am_uid_running: 10070
11-11 00:02:00.184 1542 1697 I am_proc_start: [0,20794,10070,com.android.webview:webview_service,service,{com.android.webview/org.chromium.android_webview.services.MetricsUploadService}]
11-11 00:02:00.207 1403 10277 I liblog : 7
11-11 00:02:00.224 1542 1885 I am_proc_bound: [0,20794,com.android.webview:webview_service]
11-11 00:02:01.037 18586 18586 I auditd : type=1400 audit(0.0:54801): avc: granted { nlmsg_readpriv } for comm="halley_2800_Tem" scontext=u:r:untrusted_app_27:s0:c512,c768 tcontext=u:r:untrusted_app_27:s0:c512,c768 tclass=netlink_route_socket app=com.tencent.android.qqdownloader
11-11 00:02:01.365 18586 18586 I auditd : type=1400 audit(0.0:54802): avc: denied { read } for comm="Shark-Looper-Ma" name="version" dev="proc" ino=4026532247 scontext=u:r:untrusted_app_27:s0:c512,c768 tcontext=u:object_r:proc_version:s0 tclass=file permissive=1 app=com.tencent.android.qqdownloader
11-11 00:02:01.369 18586 18586 I auditd : type=1400 audit(0.0:54803): avc: denied { open } for comm="Shark-Looper-Ma" path="/proc/version" dev="proc" ino=4026532247 scontext=u:r:untrusted_app_27:s0:c512,c768 tcontext=u:object_r:proc_version:s0 tclass=file permissive=1 app=com.tencent.android.qqdownloader
11-11 00:02:01.369 18586 18586 I auditd : type=1400 audit(0.0:54804): avc: denied { getattr } for comm="Shark-Looper-Ma" path="/proc/version" dev="proc" ino=4026532247 scontext=u:r:untrusted_app_27:s0:c512,c768 tcontext=u:object_r:proc_version:s0 tclass=file permissive=1 app=com.tencent.android.qqdownloader
11-11 00:02:02.654 1542 1794 I commit_sys_config_file: [package-user-0,8]
11-11 00:02:03.329 18586 18586 I auditd : type=1400 audit(0.0:54805): avc: granted { execute } for comm="gatherer-1-thre" path="/data/user/0/com.tencent.android.qqdownloader/app_e_qq_com_plugin_new_84e5596443427f53efca4e1d48972f33/libturingga.so" dev="dm-10" ino=2580 scontext=u:r:untrusted_app_27:s0:c512,c768 tcontext=u:object_r:app_data_file:s0:c512,c768 tclass=file app=com.tencent.android.qqdownloader
11-11 00:02:03.763 1542 1657 I am_kill : [0,10419,com.qiyi.video.pad,905,empty #2]
11-11 00:02:03.850 1542 1885 I am_proc_died: [0,10419,com.qiyi.video.pad,905,19]
11-11 00:02:03.853 1542 1885 I am_uid_stopped: 10122
11-11 00:02:03.873 1542 1693 I am_pss : [18586,10104,com.tencent.android.qqdownloader,95211520,80777216,48128,217006080,0,4,15]
11-11 00:02:03.886 1542 1693 I am_pss : [18498,10104,com.tencent.android.qqdownloader:daemon,54619136,40833024,48128,175116288,0,4,11]
11-11 00:02:03.894 1542 1693 I am_pss : [18662,10104,com.tencent.android.qqdownloader:cloud,23153664,13955072,48128,129392640,0,4,7]
11-11 00:02:05.153 1542 1885 I am_uid_running: 99031
11-11 00:02:05.171 1542 1697 I am_proc_start: [0,20863,99031,com.android.webview:sandboxed_process0:org.chromium.content.app.SandboxedProcessService0:0,,{com.tencent.android.qqdownloader/org.chromium.content.app.SandboxedProcessService0:0}]
11-11 00:02:05.198 1542 2701 I am_uid_active: 10070
11-11 00:02:05.204 1542 1885 I am_proc_bound: [0,20863,com.android.webview:sandboxed_process0:org.chromium.content.app.SandboxedProcessService0:0]
11-11 00:02:05.213 1542 1885 I am_uid_active: 99031
11-11 00:02:05.285 18498 18498 I auditd : type=1400 audit(0.0:54806): avc: granted { execute } for comm="gatherer-1-thre" path="/data/user/0/com.tencent.android.qqdownloader/app_e_qq_com_plugin_new_b11baa871a179485a20599a8c8554089/libturingga.so" dev="dm-10" ino=373783 scontext=u:r:untrusted_app_27:s0:c512,c768 tcontext=u:object_r:app_data_file:s0:c512,c768 tclass=file app=com.tencent.android.qqdownloader
11-11 00:02:08.381 20957 20957 I auditd : type=1400 audit(0.0:54807): avc: denied { open } for comm="getprop" path="/dev/__properties__/u:object_r:ab_update_gki_prop:s0" dev="tmpfs" ino=12119 scontext=u:r:untrusted_app_27:s0:c512,c768 tcontext=u:object_r:ab_update_gki_prop:s0 tclass=file permissive=1 app=com.tencent.android.qqdownloader
11-11 00:02:08.381 20957 20957 I auditd : type=1400 audit(0.0:54808): avc: denied { getattr } for comm="getprop" path="/dev/__properties__/u:object_r:ab_update_gki_prop:s0" dev="tmpfs" ino=12119 scontext=u:r:untrusted_app_27:s0:c512,c768 tcontext=u:object_r:ab_update_gki_prop:s0 tclass=file permissive=1 app=com.tencent.android.qqdownloader
11-11 00:02:08.381 20957 20957 I auditd : type=1400 audit(0.0:54809): avc: denied { map } for comm="getprop" path="/dev/__properties__/u:object_r:ab_update_gki_prop:s0" dev="tmpfs" ino=12119 scontext=u:r:untrusted_app_27:s0:c512,c768 tcontext=u:object_r:ab_update_gki_prop:s0 tclass=file permissive=1 app=com.tencent.android.qqdownloader
11-11 00:02:08.381 20957 20957 I auditd : type=1400 audit(0.0:54810): avc: denied { open } for comm="getprop" path="/dev/__properties__/u:object_r:adbd_prop:s0" dev="tmpfs" ino=12121 scontext=u:r:untrusted_app_27:s0:c512,c768 tcontext=u:object_r:adbd_prop:s0 tclass=file permissive=1 app=com.tencent.android.qqdownloader
11-11 00:02:08.381 20957 20957 I auditd : type=1400 audit(0.0:54811): avc: denied { getattr } for comm="getprop" path="/dev/__properties__/u:object_r:adbd_prop:s0" dev="tmpfs" ino=12121 scontext=u:r:untrusted_app_27:s0:c512,c768 tcontext=u:object_r:adbd_prop:s0 tclass=file permissive=1 app=com.tencent.android.qqdownloader
11-11 00:02:08.381 20957 20957 I auditd : type=1400 audit(0.0:54812): avc: denied { map } for comm="getprop" path="/dev/__properties__/u:object_r:adbd_prop:s0" dev="tmpfs" ino=12121 scontext=u:r:untrusted_app_27:s0:c512,c768 tcontext=u:object_r:adbd_prop:s0 tclass=file permissive=1 app=com.tencent.android.qqdownloader
11-11 00:02:08.385 20957 20957 I auditd : type=1400 audit(0.0:54813): avc: denied { open } for comm="getprop" path="/dev/__properties__/u:object_r:apexd_config_prop:s0" dev="tmpfs" ino=12122 scontext=u:r:untrusted_app_27:s0:c512,c768 tcontext=u:object_r:apexd_config_prop:s0 tclass=file permissive=1 app=com.tencent.android.qqdownloader
11-11 00:02:08.385 20957 20957 I auditd : type=1400 audit(0.0:54814): avc: denied { getattr } for comm="getprop" path="/dev/__properties__/u:object_r:apexd_config_prop:s0" dev="tmpfs" ino=12122 scontext=u:r:untrusted_app_27:s0:c512,c768 tcontext=u:object_r:apexd_config_prop:s0 tclass=file permissive=1 app=com.tencent.android.qqdownloader
11-11 00:02:08.385 20957 20957 I auditd : type=1400 audit(0.0:54815): avc: denied { map } for comm="getprop" path="/dev/__properties__/u:object_r:apexd_config_prop:s0" dev="tmpfs" ino=12122 scontext=u:r:untrusted_app_27:s0:c512,c768 tcontext=u:object_r:apexd_config_prop:s0 tclass=file permissive=1 app=com.tencent.android.qqdownloader
11-11 00:02:10.337 20973 20973 I auditd : type=1400 audit(0.0:55489): avc: denied { open } for comm="getprop" path="/dev/__properties__/u:object_r:ab_update_gki_prop:s0" dev="tmpfs" ino=12119 scontext=u:r:untrusted_app_27:s0:c512,c768 tcontext=u:object_r:ab_update_gki_prop:s0 tclass=file permissive=1 app=com.tencent.android.qqdownloader
11-11 00:02:10.337 20973 20973 I auditd : type=1400 audit(0.0:55490): avc: denied { getattr } for comm="getprop" path="/dev/__properties__/u:object_r:ab_update_gki_prop:s0" dev="tmpfs" ino=12119 scontext=u:r:untrusted_app_27:s0:c512,c768 tcontext=u:object_r:ab_update_gki_prop:s0 tclass=file permissive=1 app=com.tencent.android.qqdownloader
11-11 00:02:10.337 20973 20973 I auditd : type=1400 audit(0.0:55491): avc: denied { map } for comm="getprop" path="/dev/__properties__/u:object_r:ab_update_gki_prop:s0" dev="tmpfs" ino=12119 scontext=u:r:untrusted_app_27:s0:c512,c768 tcontext=u:object_r:ab_update_gki_prop:s0 tclass=file permissive=1 app=com.tencent.android.qqdownloader
11-11 00:02:10.337 20973 20973 I auditd : type=1400 audit(0.0:55492): avc: denied { open } for comm="getprop" path="/dev/__properties__/u:object_r:adbd_prop:s0" dev="tmpfs" ino=12121 scontext=u:r:untrusted_app_27:s0:c512,c768 tcontext=u:object_r:adbd_prop:s0 tclass=file permissive=1 app=com.tencent.android.qqdownloader
11-11 00:02:10.337 20973 20973 I auditd : type=1400 audit(0.0:55493): avc: denied { getattr } for comm="getprop" path="/dev/__properties__/u:object_r:adbd_prop:s0" dev="tmpfs" ino=12121 scontext=u:r:untrusted_app_27:s0:c512,c768 tcontext=u:object_r:adbd_prop:s0 tclass=file permissive=1 app=com.tencent.android.qqdownloader
11-11 00:02:14.037 1936 2574 I sysui_multi_action: [757,210,758,4,759,3]
11-11 00:02:14.066 1936 1936 I sysui_multi_action: [757,207,758,1]
11-11 00:02:14.067 1936 1936 I sysui_multi_action: [757,804,799,volume_from_keyguard,801,0,802,1]
11-11 00:02:14.067 1936 1936 I sysui_multi_action: [757,207,758,1]
11-11 00:02:14.068 1936 1936 I sysui_multi_action: [757,804,799,volume_from_keyguard,801,0,802,1]
11-11 00:02:13.005 1542 1696 I am_wtf : [0,1542,system_server,-1,LazyAlarmStore,Removed TIME_TICK alarm]
11-11 00:02:13.021 1542 1693 I am_pss : [20794,10070,com.android.webview:webview_service,22694912,7344128,367616,82546688,0,4,10]
11-11 00:02:13.023 1542 1696 I am_uid_running: 10062
11-11 00:02:13.036 1542 1877 I am_uid_running: 10025
11-11 00:02:13.037 1542 1693 I am_pss : [20863,99031,com.android.webview:sandboxed_process0:org.chromium.content.app.SandboxedProcessService0:0,63795200,47632384,368640,121147392,0,4,9]
11-11 00:02:13.039 1542 1697 I am_proc_start: [0,20999,10062,com.qualcomm.timeservice,broadcast,{com.qualcomm.timeservice/com.qualcomm.timeservice.TimeServiceBroadcastReceiver}]
11-11 00:02:13.047 1542 1693 I am_pss : [18518,10104,com.tencent.android.qqdownloader:live,24353792,14524416,47104,133877760,0,5,9]
11-11 00:02:13.055 1542 1697 I am_proc_start: [0,21006,10025,com.android.providers.calendar,content provider,{com.android.providers.calendar/com.android.providers.calendar.CalendarProvider2}]
11-11 00:02:13.064 1542 1811 I am_proc_bound: [0,20999,com.qualcomm.timeservice]
11-11 00:02:13.065 1542 1693 I am_pss : [18498,10104,com.tencent.android.qqdownloader:daemon,130839552,104996864,45056,277307392,0,4,16]
11-11 00:02:13.068 1542 1811 I am_uid_active: 10062
11-11 00:02:13.083 1542 1811 I am_proc_bound: [0,21006,com.android.providers.calendar]
11-11 00:02:13.089 1542 1811 I am_uid_active: 10025
11-11 00:02:13.105 1542 1811 I am_uid_running: 10122
11-11 00:02:13.107 1542 1811 I am_kill : [0,20067,com.android.permissioncontroller,905,empty #2]
11-11 00:02:13.128 1542 1697 I am_proc_start: [0,21034,10122,com.qiyi.video.pad,broadcast,{com.qiyi.video.pad/androidx.work.impl.background.systemalarm.RescheduleReceiver}]
11-11 00:02:13.140 1542 1811 I am_proc_died: [0,20067,com.android.permissioncontroller,905,19]
11-11 00:02:13.141 1542 1811 I am_uid_stopped: 10095
11-11 00:02:13.143 1542 1811 I am_uid_active: 10122
11-11 00:02:13.152 1542 1811 I am_proc_bound: [0,21034,com.qiyi.video.pad]
11-11 00:02:13.713 1936 1936 I sysui_multi_action: [757,207,758,2]
11-11 00:02:13.714 1936 2574 I sysui_multi_action: [757,210,758,4,759,-1]
11-11 00:02:14.082 1542 1811 I am_uid_running: 10106
11-11 00:02:14.093 1542 1697 I am_proc_start: [0,21209,10106,com.smile.gifmaker,broadcast,{com.smile.gifmaker/androidx.work.impl.background.systemalarm.RescheduleReceiver}]
11-11 00:02:14.116 1542 2701 I am_proc_bound: [0,21209,com.smile.gifmaker]
11-11 00:02:14.125 1542 2701 I am_uid_active: 10106
11-11 00:02:14.186 21034 21034 I auditd : type=1400 audit(0.0:55873): avc: denied { open } for comm="AutoName_org/qi" path="/dev/__properties__/u:object_r:vendor_default_prop:s0" dev="tmpfs" ino=14420 scontext=u:r:untrusted_app:s0:c122,c256,c512,c768 tcontext=u:object_r:vendor_default_prop:s0 tclass=file permissive=1 app=com.qiyi.video.pad
11-11 00:02:14.186 21034 21034 I auditd : type=1400 audit(0.0:55874): avc: denied { getattr } for comm="AutoName_org/qi" path="/dev/__properties__/u:object_r:vendor_default_prop:s0" dev="tmpfs" ino=14420 scontext=u:r:untrusted_app:s0:c122,c256,c512,c768 tcontext=u:object_r:vendor_default_prop:s0 tclass=file permissive=1 app=com.qiyi.video.pad
11-11 00:02:14.186 21034 21034 I auditd : type=1400 audit(0.0:55875): avc: denied { map } for comm="AutoName_org/qi" path="/dev/__properties__/u:object_r:vendor_default_prop:s0" dev="tmpfs" ino=14420 scontext=u:r:untrusted_app:s0:c122,c256,c512,c768 tcontext=u:object_r:vendor_default_prop:s0 tclass=file permissive=1 app=com.qiyi.video.pad
11-11 00:02:14.186 6739 6739 I auditd : type=1400 audit(0.0:55876): avc: denied { open } for comm="thread_sp_norma" path="/sys/devices/soc0/serial_number" dev="sysfs" ino=67078 scontext=u:r:untrusted_app_27:s0:c512,c768 tcontext=u:object_r:vendor_sysfs_soc:s0 tclass=file permissive=1 app=com.tencent.mobileqq
11-11 00:02:14.186 6739 6739 I auditd : type=1400 audit(0.0:55877): avc: denied { getattr } for comm="thread_sp_norma" path="/sys/devices/soc0/serial_number" dev="sysfs" ino=67078 scontext=u:r:untrusted_app_27:s0:c512,c768 tcontext=u:object_r:vendor_sysfs_soc:s0 tclass=file permissive=1 app=com.tencent.mobileqq
11-11 00:02:14.933 1542 1697 I am_proc_start: [0,21407,10104,com.tencent.ilink.ServiceProcess,service,{com.tencent.android.qqdownloader/com.tencent.luggage.services.WxaStartUpService}]
11-11 00:02:14.954 1542 1811 I am_proc_bound: [0,21407,com.tencent.ilink.ServiceProcess]
11-11 00:02:15.155 1542 1697 I am_proc_start: [0,21518,10122,com.qiyi.video.pad:downloader,service,{com.qiyi.video.pad/com.iqiyi.video.download.filedownload.QiyiDownloadCoreService}]
11-11 00:02:15.173 1542 3021 I am_proc_bound: [0,21518,com.qiyi.video.pad:downloader]
11-11 00:02:15.386 21407 21407 I auditd : type=1400 audit(0.0:55890): avc: granted { execute } for comm=4173796E635461736B202331 path="/data/user/0/com.tencent.android.qqdownloader/files/res_hub/yyb/online/wx_sdk_so_3_64_20/arm64-v8a/libwxaopenruntimejni.so" dev="dm-10" ino=375383 scontext=u:r:untrusted_app_27:s0:c512,c768 tcontext=u:object_r:app_data_file:s0:c512,c768 tclass=file app=com.tencent.android.qqdownloader
11-11 00:02:15.498 21407 21407 I auditd : type=1400 audit(0.0:55891): avc: granted { execute } for comm="Binder:21407_2" path="/data/user/0/com.tencent.android.qqdownloader/app_wxa_sdk_plugin/587202817/wxa_libs/libmmkv.so" dev="dm-10" ino=375719 scontext=u:r:untrusted_app_27:s0:c512,c768 tcontext=u:object_r:app_data_file:s0:c512,c768 tclass=file app=com.tencent.android.qqdownloader
11-11 00:02:15.502 21407 21407 I auditd : type=1400 audit(0.0:55892): avc: granted { execute } for comm="Binder:21407_2" path="/data/user/0/com.tencent.android.qqdownloader/app_wxa_sdk_plugin/587202817/wxa_libs/libc++_shared.so" dev="dm-10" ino=375694 scontext=u:r:untrusted_app_27:s0:c512,c768 tcontext=u:object_r:app_data_file:s0:c512,c768 tclass=file app=com.tencent.android.qqdownloader
11-11 00:02:15.502 21407 21407 I auditd : type=1400 audit(0.0:55893): avc: granted { execute } for comm="Binder:21407_2" path="/data/user/0/com.tencent.android.qqdownloader/app_wxa_sdk_plugin/587202817/wxa_libs/libwechatxlog.so" dev="dm-10" ino=375765 scontext=u:r:untrusted_app_27:s0:c512,c768 tcontext=u:object_r:app_data_file:s0:c512,c768 tclass=file app=com.tencent.android.qqdownloader
11-11 00:02:15.506 21407 21407 I auditd : type=1400 audit(0.0:55894): avc: granted { execute } for comm="Binder:21407_2" path="/data/user/0/com.tencent.android.qqdownloader/app_wxa_sdk_plugin/587202817/wxa_libs/libstlport_shared.so" dev="dm-10" ino=375750 scontext=u:r:untrusted_app_27:s0:c512,c768 tcontext=u:object_r:app_data_file:s0:c512,c768 tclass=file app=com.tencent.android.qqdownloader
11-11 00:02:15.594 1542 1697 I am_proc_start: [0,21598,10104,com.tencent.android.qqdownloader:wxa_container0,service,{com.tencent.android.qqdownloader/com.tencent.luggage.services.WxaProxy_WxaIPCContainerService0}]
11-11 00:02:15.606 1542 1811 I am_proc_bound: [0,21598,com.tencent.android.qqdownloader:wxa_container0]
11-11 00:02:15.644 1542 1811 I am_kill : [0,20999,com.qualcomm.timeservice,925,empty #2]
11-11 00:02:15.818 1542 1811 I am_proc_died: [0,20999,com.qualcomm.timeservice,925,19]
11-11 00:02:15.818 1542 1811 I am_uid_stopped: 10062
11-11 00:02:15.938 1542 3021 I am_kill : [0,21209,com.smile.gifmaker,935,empty #2]
11-11 00:02:16.117 1542 15389 I am_proc_died: [0,21209,com.smile.gifmaker,935,19]
11-11 00:02:16.118 1542 15389 I am_uid_stopped: 10106
11-11 00:02:16.414 21598 21598 I auditd : type=1400 audit(0.0:55934): avc: granted { execute } for comm="[GT]ColdPool#0" path="/data/user/0/com.tencent.android.qqdownloader/app_wxa_sdk_plugin/587202817/wxa_libs/libmmnode.so" dev="dm-10" ino=375721 scontext=u:r:untrusted_app_27:s0:c512,c768 tcontext=u:object_r:app_data_file:s0:c512,c768 tclass=file app=com.tencent.android.qqdownloader
11-11 00:02:16.426 21598 21598 I auditd : type=1400 audit(0.0:55935): avc: granted { execute } for comm="[GT]ColdPool#0" path="/data/user/0/com.tencent.android.qqdownloader/app_wxa_sdk_plugin/587202817/wxa_libs/libwxa-runtime-binding.so" dev="dm-10" ino=375773 scontext=u:r:untrusted_app_27:s0:c512,c768 tcontext=u:object_r:app_data_file:s0:c512,c768 tclass=file app=com.tencent.android.qqdownloader
11-11 00:02:16.762 21598 21598 I auditd : type=1400 audit(0.0:55936): avc: granted { execute } for comm="[GT]ColdPool#0" path="/data/user/0/com.tencent.android.qqdownloader/app_wxa_sdk_plugin/587202817/wxa_libs/libmmskia.so" dev="dm-10" ino=375725 scontext=u:r:untrusted_app_27:s0:c512,c768 tcontext=u:object_r:app_data_file:s0:c512,c768 tclass=file app=com.tencent.android.qqdownloader
11-11 00:02:16.774 21598 21598 I auditd : type=1400 audit(0.0:55937): avc: granted { execute } for comm="[GT]ColdPool#0" path="/data/user/0/com.tencent.android.qqdownloader/app_wxa_sdk_plugin/587202817/wxa_libs/libcommonimgdec.so" dev="dm-10" ino=375697 scontext=u:r:untrusted_app_27:s0:c512,c768 tcontext=u:object_r:app_data_file:s0:c512,c768 tclass=file app=com.tencent.android.qqdownloader
11-11 00:02:16.774 21598 21598 I auditd : type=1400 audit(0.0:55938): avc: granted { execute } for comm="[GT]ColdPool#0" path="/data/user/0/com.tencent.android.qqdownloader/app_wxa_sdk_plugin/587202817/wxa_libs/libnative-iv.so" dev="dm-10" ino=375739 scontext=u:r:untrusted_app_27:s0:c512,c768 tcontext=u:object_r:app_data_file:s0:c512,c768 tclass=file app=com.tencent.android.qqdownloader
11-11 00:02:17.392 1542 1871 I netstats_mobile_sample: [0,0,0,0,0,0,0,0,0,0,0,0,1692693660022]
11-11 00:02:17.392 1542 1871 I netstats_wifi_sample: [0,0,0,0,0,0,0,0,0,0,0,0,1692693660022]
11-11 00:02:17.438 18498 18498 I auditd : type=1400 audit(0.0:55949): avc: denied { read } for comm="TuringFdCore_68" name="tcp" dev="proc" ino=4026532265 scontext=u:r:untrusted_app_27:s0:c512,c768 tcontext=u:object_r:proc_net_tcp_udp:s0 tclass=file permissive=1 app=com.tencent.android.qqdownloader
11-11 00:02:17.438 18498 18498 I auditd : type=1400 audit(0.0:55950): avc: denied { open } for comm="TuringFdCore_68" path="/proc/18498/net/tcp" dev="proc" ino=4026532265 scontext=u:r:untrusted_app_27:s0:c512,c768 tcontext=u:object_r:proc_net_tcp_udp:s0 tclass=file permissive=1 app=com.tencent.android.qqdownloader
11-11 00:02:17.438 18498 18498 I auditd : type=1400 audit(0.0:55951): avc: denied { getattr } for comm="TuringFdCore_68" path="/proc/18498/net/tcp" dev="proc" ino=4026532265 scontext=u:r:untrusted_app_27:s0:c512,c768 tcontext=u:object_r:proc_net_tcp_udp:s0 tclass=file permissive=1 app=com.tencent.android.qqdownloader
11-11 00:02:17.454 1542 1871 I netstats_mobile_sample: [0,0,0,0,0,0,0,0,0,0,0,0,1692693660084]
11-11 00:02:17.454 1542 1871 I netstats_wifi_sample: [0,0,0,0,0,0,0,0,0,0,0,0,1692693660084]
11-11 00:02:17.465 1542 1871 I netstats_mobile_sample: [0,0,0,0,0,0,0,0,0,0,0,0,1692693660095]
11-11 00:02:17.465 1542 1871 I netstats_wifi_sample: [0,0,0,0,0,0,0,0,0,0,0,0,1692693660095]
11-11 00:02:17.486 18498 18498 I auditd : type=1400 audit(0.0:55952): avc: granted { nlmsg_readpriv } for comm="TuringFdCore_68" scontext=u:r:untrusted_app_27:s0:c512,c768 tcontext=u:r:untrusted_app_27:s0:c512,c768 tclass=netlink_route_socket app=com.tencent.android.qqdownloader
11-11 00:02:17.490 18498 18498 I auditd : type=1400 audit(0.0:55953): avc: denied { read } for comm="TuringFdCore_68" name="version" dev="proc" ino=4026532247 scontext=u:r:untrusted_app_27:s0:c512,c768 tcontext=u:object_r:proc_version:s0 tclass=file permissive=1 app=com.tencent.android.qqdownloader
11-11 00:02:17.514 1542 1657 I service_manager_slow: [14,phone]
11-11 00:02:17.519 1542 1934 I service_manager_slow: [15,platform_compat]
11-11 00:02:17.522 1542 1934 I sync : [com.tencent.android.qqdownloader.YYBLiveAccountProvider,0,3,24220937]
11-11 00:02:17.537 1542 1934 I sync : [com.tencent.android.qqdownloader.YYBLiveAccountProvider,1,3,24220937]
11-11 00:02:17.538 1542 1934 I commit_sys_config_file: [sync-status,9200373]
11-11 00:02:17.541 1542 1934 I sync : [com.tencent.android.qqdownloader.YYBLiveAccountProvider,0,3,24220937]
11-11 00:02:17.551 1542 1934 I sync : [com.tencent.android.qqdownloader.YYBLiveAccountProvider,1,3,24220937]
11-11 00:02:17.554 1542 1934 I commit_sys_config_file: [sync-status,9200388]
11-11 00:02:18.786 18586 18586 I auditd : type=1400 audit(0.0:55992): avc: granted { nlmsg_readpriv } for comm="pool-10-thread-" scontext=u:r:untrusted_app_27:s0:c512,c768 tcontext=u:r:untrusted_app_27:s0:c512,c768 tclass=netlink_route_socket app=com.tencent.android.qqdownloader
11-11 00:02:19.055 1542 1871 I netstats_mobile_sample: [0,0,0,0,0,0,0,0,0,0,0,0,1692693661685]
11-11 00:02:19.055 1542 1871 I netstats_wifi_sample: [0,0,0,0,0,0,0,0,0,0,0,0,1692693661685]
11-11 00:02:19.434 21518 21518 I auditd : type=1400 audit(0.0:55993): avc: denied { read } for comm="Cube" name="sdcard" dev="tmpfs" ino=15588 scontext=u:r:untrusted_app:s0:c122,c256,c512,c768 tcontext=u:object_r:mnt_sdcard_file:s0 tclass=lnk_file permissive=1 app=com.qiyi.video.pad
11-11 00:02:19.489 1542 1659 I commit_sys_config_file: [jobs,5]
11-11 00:02:19.550 18586 18586 I auditd : type=1400 audit(0.0:55994): avc: granted { nlmsg_readpriv } for comm="halley_2800_Tem" scontext=u:r:untrusted_app_27:s0:c512,c768 tcontext=u:r:untrusted_app_27:s0:c512,c768 tclass=netlink_route_socket app=com.tencent.android.qqdownloader
11-11 00:02:20.346 18586 18586 I auditd : type=1400 audit(0.0:55995): avc: denied { read } for comm="TuringFdCore_68" name="tcp" dev="proc" ino=4026532265 scontext=u:r:untrusted_app_27:s0:c512,c768 tcontext=u:object_r:proc_net_tcp_udp:s0 tclass=file permissive=1 app=com.tencent.android.qqdownloader
11-11 00:02:20.346 18586 18586 I auditd : type=1400 audit(0.0:55996): avc: denied { open } for comm="TuringFdCore_68" path="/proc/18586/net/tcp" dev="proc" ino=4026532265 scontext=u:r:untrusted_app_27:s0:c512,c768 tcontext=u:object_r:proc_net_tcp_udp:s0 tclass=file permissive=1 app=com.tencent.android.qqdownloader
11-11 00:02:20.346 18586 18586 I auditd : type=1400 audit(0.0:55997): avc: denied { getattr } for comm="TuringFdCore_68" path="/proc/18586/net/tcp" dev="proc" ino=4026532265 scontext=u:r:untrusted_app_27:s0:c512,c768 tcontext=u:object_r:proc_net_tcp_udp:s0 tclass=file permissive=1 app=com.tencent.android.qqdownloader
11-11 00:02:20.402 18586 18586 I auditd : type=1400 audit(0.0:55998): avc: granted { nlmsg_readpriv } for comm="TuringFdCore_68" scontext=u:r:untrusted_app_27:s0:c512,c768 tcontext=u:r:untrusted_app_27:s0:c512,c768 tclass=netlink_route_socket app=com.tencent.android.qqdownloader
11-11 00:02:20.406 18586 18586 I auditd : type=1400 audit(0.0:55999): avc: denied { read } for comm="TuringFdCore_68" name="version" dev="proc" ino=4026532247 scontext=u:r:untrusted_app_27:s0:c512,c768 tcontext=u:object_r:proc_version:s0 tclass=file permissive=1 app=com.tencent.android.qqdownloader
11-11 00:02:20.406 18586 18586 I auditd : type=1400 audit(0.0:56000): avc: denied { open } for comm="TuringFdCore_68" path="/proc/version" dev="proc" ino=4026532247 scontext=u:r:untrusted_app_27:s0:c512,c768 tcontext=u:object_r:proc_version:s0 tclass=file permissive=1 app=com.tencent.android.qqdownloader
11-11 00:02:20.438 21962 21962 I auditd : type=1400 audit(0.0:56001): avc: denied { search } for comm="df" name="vendor" dev="tmpfs" ino=13460 scontext=u:r:untrusted_app_27:s0:c512,c768 tcontext=u:object_r:mnt_vendor_file:s0 tclass=dir permissive=1 app=com.tencent.android.qqdownloader
11-11 00:02:23.066 6739 22101 I service_manager_stats: [200,117,9219938]
11-11 00:02:23.070 6739 6739 I auditd : type=1400 audit(0.0:56025): avc: denied { read } for comm="Wtlogin_GetStWi" name="version" dev="proc" ino=4026532247 scontext=u:r:untrusted_app_27:s0:c512,c768 tcontext=u:object_r:proc_version:s0 tclass=file permissive=1 app=com.tencent.mobileqq
11-11 00:02:23.070 6739 6739 I auditd : type=1400 audit(0.0:56026): avc: denied { open } for comm="Wtlogin_GetStWi" path="/proc/version" dev="proc" ino=4026532247 scontext=u:r:untrusted_app_27:s0:c512,c768 tcontext=u:object_r:proc_version:s0 tclass=file permissive=1 app=com.tencent.mobileqq
11-11 00:02:23.070 6739 6739 I auditd : type=1400 audit(0.0:56027): avc: denied { getattr } for comm="Wtlogin_GetStWi" path="/proc/version" dev="proc" ino=4026532247 scontext=u:r:untrusted_app_27:s0:c512,c768 tcontext=u:object_r:proc_version:s0 tclass=file permissive=1 app=com.tencent.mobileqq
11-11 00:02:23.217 1542 1693 I am_pss : [20794,10070,com.android.webview:webview_service,22631424,7348224,367616,82599936,0,4,6]
11-11 00:02:23.237 1542 1693 I am_pss : [20863,99031,com.android.webview:sandboxed_process0:org.chromium.content.app.SandboxedProcessService0:0,62938112,46817280,368640,120381440,0,4,8]
11-11 00:02:23.270 21518 21518 I auditd : type=1400 audit(0.0:56028): avc: denied { read } for comm=".pad:downloader" name="sdcard" dev="tmpfs" ino=15588 scontext=u:r:untrusted_app:s0:c122,c256,c512,c768 tcontext=u:object_r:mnt_sdcard_file:s0 tclass=lnk_file permissive=1 app=com.qiyi.video.pad
11-11 00:02:33.077 1542 1693 I am_pss : [18518,10104,com.tencent.android.qqdownloader:live,22765568,15310848,44032,136712192,0,5,15]
11-11 00:02:36.004 1542 1696 I am_wtf : [0,1542,system_server,-1,LazyAlarmStore,Removed TIME_TICK alarm]
11-11 00:02:36.011 1542 1693 I am_pss : [21407,10104,com.tencent.ilink.ServiceProcess,67518464,55975936,44032,191504384,0,4,14]
11-11 00:02:36.014 1542 1696 I am_uid_running: 10062
11-11 00:02:36.025 1542 1824 I am_uid_active: 10062
11-11 00:02:36.034 1542 1697 I am_proc_start: [0,22189,10062,com.qualcomm.timeservice,broadcast,{com.qualcomm.timeservice/com.qualcomm.timeservice.TimeServiceBroadcastReceiver}]
11-11 00:02:36.054 1542 8817 I am_proc_bound: [0,22189,com.qualcomm.timeservice]
11-11 00:02:36.095 1542 3091 I am_kill : [0,21598,com.tencent.android.qqdownloader:wxa_container0,925,empty #2]
11-11 00:02:36.103 1542 3091 I am_uid_running: 10106
11-11 00:02:36.120 1542 1697 I am_proc_start: [0,22207,10106,com.smile.gifmaker,broadcast,{com.smile.gifmaker/androidx.work.impl.background.systemalarm.RescheduleReceiver}]
11-11 00:02:36.150 1542 3091 I am_proc_bound: [0,22207,com.smile.gifmaker]
11-11 00:02:36.153 1542 3091 I am_uid_active: 10106
11-11 00:02:36.168 1542 8817 I am_proc_died: [0,21598,com.tencent.android.qqdownloader:wxa_container0,925,19]
11-11 00:02:36.170 1542 8817 I am_schedule_service_restart: [0,com.tencent.android.qqdownloader/com.tencent.luggage.services.WxaProxy_WxaIPCContainerService0,1000]
11-11 00:02:36.406 22207 22207 I auditd : type=1400 audit(0.0:56029): avc: denied { open } for comm="dfp_oaid_thread" path="/dev/__properties__/u:object_r:vendor_default_prop:s0" dev="tmpfs" ino=14420 scontext=u:r:untrusted_app_29:s0:c106,c256,c512,c768 tcontext=u:object_r:vendor_default_prop:s0 tclass=file permissive=1 app=com.smile.gifmaker
11-11 00:02:36.406 22207 22207 I auditd : type=1400 audit(0.0:56030): avc: denied { getattr } for comm="dfp_oaid_thread" path="/dev/__properties__/u:object_r:vendor_default_prop:s0" dev="tmpfs" ino=14420 scontext=u:r:untrusted_app_29:s0:c106,c256,c512,c768 tcontext=u:object_r:vendor_default_prop:s0 tclass=file permissive=1 app=com.smile.gifmaker
11-11 00:02:36.406 22207 22207 I auditd : type=1400 audit(0.0:56031): avc: denied { map } for comm="dfp_oaid_thread" path="/dev/__properties__/u:object_r:vendor_default_prop:s0" dev="tmpfs" ino=14420 scontext=u:r:untrusted_app_29:s0:c106,c256,c512,c768 tcontext=u:object_r:vendor_default_prop:s0 tclass=file permissive=1 app=com.smile.gifmaker
11-11 00:02:37.084 1542 22853 I am_kill : [0,22189,com.qualcomm.timeservice,905,empty #2]
11-11 00:02:37.117 1542 5785 I am_proc_died: [0,22189,com.qualcomm.timeservice,905,19]
11-11 00:02:37.117 1542 5785 I am_uid_stopped: 10062
