11-11 00:04:14.182 25651 25651 I auditd : type=1400 audit(0.0:56275): avc: denied { read } for comm="PlayerLoadLib" name="sdcard" dev="tmpfs" ino=15588 scontext=u:r:untrusted_app:s0:c122,c256,c512,c768 tcontext=u:object_r:mnt_sdcard_file:s0 tclass=lnk_file permissive=1 app=com.qiyi.video.pad
11-11 00:04:14.665 1542 1697 I am_proc_start: [0,25942,10122,com.qiyi.video.pad:downloader,service,{com.qiyi.video.pad/com.iqiyi.video.download.filedownload.QiyiDownloadCoreService}]
11-11 00:04:14.697 1542 5785 I am_proc_bound: [0,25942,com.qiyi.video.pad:downloader]
11-11 00:04:15.352 1542 5785 I am_kill : [0,25651,com.qiyi.video.pad,905,empty #2]
11-11 00:04:15.423 1542 5785 I am_proc_died: [0,25651,com.qiyi.video.pad,905,19]
11-11 00:04:15.443 1542 1697 I am_proc_start: [0,26063,10122,com.qiyi.video.pad,content provider,{com.qiyi.video.pad/com.qiyi.baselib.privacy.provider.QiyiApiProvider}]
11-11 00:04:15.476 1542 15389 I am_proc_bound: [0,26063,com.qiyi.video.pad]
08-22 16:42:00.006 1542 1542 I auditd : type=1400 audit(0.0:56279): avc: denied { unlink } for comm="ActivityManager" name="system_server_wtf@1668096015003.txt" dev="dm-10" ino=734820 scontext=u:r:system_server:s0 tcontext=u:object_r:tlog_data_file:s0 tclass=file permissive=1
08-22 16:42:00.010 1542 1696 I am_wtf : [0,1542,system_server,-1,LazyAlarmStore,Removed TIME_TICK alarm]
08-22 16:42:00.022 1542 1696 I am_uid_running: 10062
08-22 16:42:00.026 1542 1542 I sysui_multi_action: [757,803,799,dnd_mode_0,802,241521]
08-22 16:42:00.027 1542 1542 I sysui_multi_action: [757,803,799,dnd_rule_count,802,0]
08-22 16:42:00.027 1542 1542 I sysui_multi_action: [757,803,799,dnd_type_0,802,241521]
08-22 16:42:00.028 1542 1877 I am_uid_running: 10025
08-22 16:42:00.042 1542 1697 I am_proc_start: [0,26132,10062,com.qualcomm.timeservice,broadcast,{com.qualcomm.timeservice/com.qualcomm.timeservice.TimeServiceBroadcastReceiver}]
08-22 16:42:00.049 1542 15389 I service_manager_slow: [13,platform_compat]
08-22 16:42:00.051 1542 1697 I am_proc_start: [0,26134,10025,com.android.providers.calendar,content provider,{com.android.providers.calendar/com.android.providers.calendar.CalendarProvider2}]
08-22 16:42:00.063 1542 15389 I am_proc_bound: [0,26132,com.qualcomm.timeservice]
08-22 16:42:00.069 1542 15389 I am_uid_active: 10062
08-22 16:42:00.049 25942 25942 I auditd : type=1400 audit(0.0:56280): avc: denied { read } for comm=".pad:downloader" name="sdcard" dev="tmpfs" ino=15588 scontext=u:r:untrusted_app:s0:c122,c256,c512,c768 tcontext=u:object_r:mnt_sdcard_file:s0 tclass=lnk_file permissive=1 app=com.qiyi.video.pad
08-22 16:42:00.049 26132 26132 I auditd : type=1400 audit(0.0:56281): avc: denied { connectto } for comm=4144422D4A44575020436F6E6E6563 path=006A6477702D636F6E74726F6C scontext=u:r:vendor_timeservice_app:s0:c62,c256,c512,c768 tcontext=u:r:su:s0 tclass=unix_stream_socket permissive=1 app=com.qualcomm.timeservice
08-22 16:42:00.053 26134 26134 I auditd : type=1400 audit(0.0:56282): avc: denied { connectto } for comm=4144422D4A44575020436F6E6E6563 path=006A6477702D636F6E74726F6C scontext=u:r:priv_app:s0:c512,c768 tcontext=u:r:su:s0 tclass=unix_stream_socket permissive=1 app=com.android.providers.calendar
08-22 16:42:00.073 1542 2701 I am_proc_bound: [0,26134,com.android.providers.calendar]
08-22 16:42:00.075 1542 2701 I am_uid_active: 10025
08-22 16:42:00.077 25942 25942 I auditd : type=1400 audit(0.0:56283): avc: denied { read } for comm=".pad:downloader" name="sdcard" dev="tmpfs" ino=15588 scontext=u:r:untrusted_app:s0:c122,c256,c512,c768 tcontext=u:object_r:mnt_sdcard_file:s0 tclass=lnk_file permissive=1 app=com.qiyi.video.pad
08-22 16:42:00.121 1542 2701 I am_uid_active: 10122
08-22 16:42:00.179 1542 2701 I am_kill : [0,25942,com.qiyi.video.pad:downloader,905,empty #2]
08-22 16:42:00.232 1542 1833 I commit_sys_config_file: [settings-0-0,2]
08-22 16:42:00.282 1542 1659 I commit_sys_config_file: [notification-policy,9320258]
08-22 16:42:00.322 1542 22853 I am_proc_died: [0,25942,com.qiyi.video.pad:downloader,905,19]
08-22 16:42:00.582 1542 8548 I am_uid_running: 10106
08-22 16:42:00.592 1542 1697 I am_proc_start: [0,26320,10106,com.smile.gifmaker,broadcast,{com.smile.gifmaker/androidx.work.impl.background.systemalarm.RescheduleReceiver}]
08-22 16:42:00.606 1542 8548 I am_proc_bound: [0,26320,com.smile.gifmaker]
08-22 16:42:00.608 1542 8548 I am_uid_active: 10106
08-22 16:42:01.053 26063 26063 I auditd : type=1400 audit(0.0:56291): avc: granted { execute } for comm="AutoName_com/qq" path="/data/data/com.qiyi.video.pad/app_e_qq_com_plugin_ca0ffe0316f03d1c1d53c9e09ab32d88/libMMANDKSignature.7fcace71.so" dev="dm-10" ino=1012459 scontext=u:r:untrusted_app:s0:c122,c256,c512,c768 tcontext=u:object_r:app_data_file:s0:c122,c256,c512,c768 tclass=file app=com.qiyi.video.pad
08-22 16:42:01.057 26063 26063 I auditd : type=1400 audit(0.0:56292): avc: granted { execute } for comm="AutoName_com/qq" path="/data/data/com.qiyi.video.pad/app_e_qq_com_plugin_ca0ffe0316f03d1c1d53c9e09ab32d88/libturingau.7fcace71.so" dev="dm-10" ino=1012460 scontext=u:r:untrusted_app:s0:c122,c256,c512,c768 tcontext=u:object_r:app_data_file:s0:c122,c256,c512,c768 tclass=file app=com.qiyi.video.pad
08-22 16:42:01.065 26320 26320 I auditd : type=1400 audit(0.0:56293): avc: denied { open } for comm="dfp_oaid_thread" path="/dev/__properties__/u:object_r:vendor_default_prop:s0" dev="tmpfs" ino=14420 scontext=u:r:untrusted_app_29:s0:c106,c256,c512,c768 tcontext=u:object_r:vendor_default_prop:s0 tclass=file permissive=1 app=com.smile.gifmaker
08-22 16:42:01.065 26320 26320 I auditd : type=1400 audit(0.0:56294): avc: denied { getattr } for comm="dfp_oaid_thread" path="/dev/__properties__/u:object_r:vendor_default_prop:s0" dev="tmpfs" ino=14420 scontext=u:r:untrusted_app_29:s0:c106,c256,c512,c768 tcontext=u:object_r:vendor_default_prop:s0 tclass=file permissive=1 app=com.smile.gifmaker
08-22 16:42:01.065 26320 26320 I auditd : type=1400 audit(0.0:56295): avc: denied { map } for comm="dfp_oaid_thread" path="/dev/__properties__/u:object_r:vendor_default_prop:s0" dev="tmpfs" ino=14420 scontext=u:r:untrusted_app_29:s0:c106,c256,c512,c768 tcontext=u:object_r:vendor_default_prop:s0 tclass=file permissive=1 app=com.smile.gifmaker
08-22 16:42:01.229 1542 1542 I notification_enqueue: [10104,18498,com.tencent.android.qqdownloader,127,NULL,0,Notification(channel=channel_id_default_silent shortcut=null contentView=com.tencent.android.qqdownloader/0x7f0a01c2 vibrate=null sound=null defaults=0x0 flags=0x2a2 color=0x00000000 groupKey=com.tencent.android.qqdownloader vis=PRIVATE),1]
08-22 16:42:01.559 1542 1697 I am_proc_start: [0,26501,10122,com.qiyi.video.pad:downloader,service,{com.qiyi.video.pad/com.iqiyi.video.download.filedownload.QiyiDownloadCoreService}]
08-22 16:42:01.581 1542 7238 I am_proc_bound: [0,26501,com.qiyi.video.pad:downloader]
08-22 16:42:01.702 1542 7238 I am_uid_running: 99032
08-22 16:42:01.711 1542 1697 I am_proc_start: [0,26532,99032,com.android.webview:sandboxed_process0:org.chromium.content.app.SandboxedProcessService0:0,,{com.qiyi.video.pad/org.chromium.content.app.SandboxedProcessService0:0}]
08-22 16:42:01.739 1542 7238 I am_proc_bound: [0,26532,com.android.webview:sandboxed_process0:org.chromium.content.app.SandboxedProcessService0:0]
08-22 16:42:02.011 1542 12009 I am_kill : [0,26132,com.qualcomm.timeservice,905,empty #2]
08-22 16:42:02.012 1542 12009 I am_kill : [0,18662,com.tencent.android.qqdownloader:cloud,915,empty #3]
08-22 16:42:02.092 1542 8548 I am_proc_died: [0,18662,com.tencent.android.qqdownloader:cloud,915,19]
08-22 16:42:02.094 1542 8548 I am_schedule_service_restart: [0,com.tencent.android.qqdownloader/com.live.watermelon.service.SentryAlphaService,1000]
08-22 16:42:02.097 1542 15389 I am_kill : [0,18518,com.tencent.android.qqdownloader:live,100,stop com.tencent.android.qqdownloader due to start instr]
08-22 16:42:02.098 1542 15389 I am_kill : [0,18586,com.tencent.android.qqdownloader,0,stop com.tencent.android.qqdownloader due to start instr]
08-22 16:42:02.100 1542 15389 I am_kill : [0,21407,com.tencent.ilink.ServiceProcess,0,stop com.tencent.android.qqdownloader due to start instr]
08-22 16:42:02.101 1542 15389 I am_uid_stopped: 10104
08-22 16:42:02.101 1542 15389 I am_kill : [0,18498,com.tencent.android.qqdownloader:daemon,0,stop com.tencent.android.qqdownloader due to start instr]
08-22 16:42:02.104 1542 15389 I am_kill : [0,20863,com.android.webview:sandboxed_process0:org.chromium.content.app.SandboxedProcessService0:0,0,isolated not needed]
08-22 16:42:02.107 1542 15389 I am_uid_running: 10104
08-22 16:42:02.121 26320 26320 I auditd : type=1400 audit(0.0:56305): avc: denied { read } for comm="pool-9-thread-6" name="u:object_r:serialno_prop:s0" dev="tmpfs" ino=14349 scontext=u:r:untrusted_app_29:s0:c106,c256,c512,c768 tcontext=u:object_r:serialno_prop:s0 tclass=file permissive=1 app=com.smile.gifmaker
08-22 16:42:02.121 26320 26320 I auditd : type=1400 audit(0.0:56306): avc: denied { open } for comm="pool-9-thread-6" path="/dev/__properties__/u:object_r:serialno_prop:s0" dev="tmpfs" ino=14349 scontext=u:r:untrusted_app_29:s0:c106,c256,c512,c768 tcontext=u:object_r:serialno_prop:s0 tclass=file permissive=1 app=com.smile.gifmaker
08-22 16:42:02.121 26320 26320 I auditd : type=1400 audit(0.0:56307): avc: denied { getattr } for comm="pool-9-thread-6" path="/dev/__properties__/u:object_r:serialno_prop:s0" dev="tmpfs" ino=14349 scontext=u:r:untrusted_app_29:s0:c106,c256,c512,c768 tcontext=u:object_r:serialno_prop:s0 tclass=file permissive=1 app=com.smile.gifmaker
08-22 16:42:02.121 26320 26320 I auditd : type=1400 audit(0.0:56308): avc: denied { map } for comm="pool-9-thread-6" path="/dev/__properties__/u:object_r:serialno_prop:s0" dev="tmpfs" ino=14349 scontext=u:r:untrusted_app_29:s0:c106,c256,c512,c768 tcontext=u:object_r:serialno_prop:s0 tclass=file permissive=1 app=com.smile.gifmaker
08-22 16:42:02.137 26636 26636 I auditd : type=1400 audit(0.0:56309): avc: denied { connectto } for comm=4144422D4A44575020436F6E6E6563 path=006A6477702D636F6E74726F6C scontext=u:r:untrusted_app_27:s0:c512,c768 tcontext=u:r:su:s0 tclass=unix_stream_socket permissive=1 app=com.tencent.android.qqdownloader
08-22 16:42:02.132 1542 1697 I am_proc_start: [0,26636,10104,com.tencent.android.qqdownloader:daemon,added application,com.tencent.android.qqdownloader:daemon]
08-22 16:42:02.136 1542 1660 I am_uid_running: 10028
08-22 16:42:02.136 1542 1660 I am_uid_running: 10037
08-22 16:42:02.146 1542 15389 I am_proc_died: [0,20863,com.android.webview:sandboxed_process0:org.chromium.content.app.SandboxedProcessService0:0,0,10]
08-22 16:42:02.146 1542 15389 I am_uid_stopped: 99031
08-22 16:42:02.148 1542 7238 I am_proc_bound: [0,26636,com.tencent.android.qqdownloader:daemon]
08-22 16:42:02.150 1542 7238 I am_uid_active: 10104
08-22 16:42:02.203 1542 25637 I am_proc_died: [0,26132,com.qualcomm.timeservice,905,19]
08-22 16:42:02.203 1542 25637 I am_uid_stopped: 10062
08-22 16:42:02.239 1542 1697 I am_proc_start: [0,26716,10104,com.tencent.android.qqdownloader:live,service,{com.tencent.android.qqdownloader/com.tencent.assistant.syscomponent.MediaRouteProviderService2}]
08-22 16:42:02.245 1542 1697 I am_proc_start: [0,26720,10028,com.autonavi.minimap,NULL,]
08-22 16:42:02.254 1542 4747 I am_uid_running: 10105
08-22 16:42:02.257 1542 1697 I am_proc_start: [0,26734,10037,com.microsoft.emmx,NULL,]
08-22 16:42:02.261 1542 4747 I am_proc_bound: [0,26716,com.tencent.android.qqdownloader:live]
08-22 16:42:02.264 1542 20554 I am_proc_bound: [0,26720,com.autonavi.minimap]
08-22 16:42:02.275 1542 17121 I am_proc_bound: [0,26734,com.microsoft.emmx]
08-22 16:42:02.305 1542 20554 I am_kill : [0,26720,com.autonavi.minimap,905,empty #2]
08-22 16:42:02.344 1542 1697 I am_proc_start: [0,26896,10104,com.tencent.android.qqdownloader,content provider,{com.tencent.android.qqdownloader/com.tencent.assistant.db.contentprovider.WallpaperProvider}]
08-22 16:42:02.353 1542 1697 I am_proc_start: [0,26910,10105,com.tencent.mm,content provider,{com.tencent.mm/com.tencent.mm.plugin.base.stub.MMPluginProvider}]
08-22 16:42:02.364 1542 1697 I am_proc_start: [0,26971,10104,com.tencent.android.qqdownloader:cloud,service,{com.tencent.android.qqdownloader/com.live.watermelon.service.SentryAlphaService}]
08-22 16:42:02.367 1542 25637 I am_proc_bound: [0,26896,com.tencent.android.qqdownloader]
08-22 16:42:02.380 1542 22853 I am_proc_bound: [0,26910,com.tencent.mm]
08-22 16:42:02.390 1542 22853 I am_uid_active: 10105
08-22 16:42:02.393 1542 20554 I am_proc_bound: [0,26971,com.tencent.android.qqdownloader:cloud]
08-22 16:42:02.417 1542 20554 I am_proc_died: [0,26720,com.autonavi.minimap,905,19]
08-22 16:42:02.417 1542 20554 I am_uid_stopped: 10028
08-22 16:42:02.676 1542 22853 I am_wtf : [0,26910,com.tencent.mm,949501508,FirebaseApp,Remote stack trace:
08-22 16:42:02.676 1542 22853 I am_wtf : at com.android.server.content.ContentService.registerContentObserver(ContentService.java:357)
08-22 16:42:02.676 1542 22853 I am_wtf : at android.content.IContentService$Stub.onTransact(IContentService.java:484)
08-22 16:42:02.676 1542 22853 I am_wtf : at android.os.Binder.execTransactInternal(Binder.java:1179)
08-22 16:42:02.676 1542 22853 I am_wtf : at android.os.Binder.execTransact(Binder.java:1143)
08-22 16:42:02.676 1542 22853 I am_wtf : ]
08-22 16:42:02.892 1542 25637 I am_kill : [0,26734,com.microsoft.emmx,905,empty #2]
08-22 16:42:02.973 26320 26415 I service_manager_slow: [88,location]
08-22 16:42:02.976 1542 25637 I am_proc_died: [0,26734,com.microsoft.emmx,905,19]
08-22 16:42:02.976 1542 25637 I am_uid_stopped: 10037
08-22 16:42:03.150 1542 25637 I netstats_mobile_sample: [0,0,0,0,0,0,0,0,0,0,0,0,1692693778723]
08-22 16:42:03.150 1542 25637 I netstats_wifi_sample: [27773637,66233,26048428,49795,27773637,66233,26048428,49795,109058438,154979,20744360,45029,1692693778723]
08-22 16:42:03.177 1542 20554 I am_kill : [0,26320,com.smile.gifmaker,915,empty #2]
08-22 16:42:03.426 1542 5785 I am_proc_died: [0,26320,com.smile.gifmaker,915,19]
08-22 16:42:03.427 1542 5785 I am_uid_stopped: 10106
08-22 16:42:03.545 684 684 I auditd : type=1400 audit(0.0:58023): avc: denied { add_name } for comm="Binder:684_1" name="globalAlert" scontext=u:r:netd:s0 tcontext=u:object_r:proc_net:s0 tclass=dir permissive=1
08-22 16:42:03.545 26501 26501 I auditd : type=1400 audit(0.0:58024): avc: denied { read } for comm=".pad:downloader" name="sdcard" dev="tmpfs" ino=15588 scontext=u:r:untrusted_app:s0:c122,c256,c512,c768 tcontext=u:object_r:mnt_sdcard_file:s0 tclass=lnk_file permissive=1 app=com.qiyi.video.pad
08-22 16:42:03.550 1542 1861 I netstats_mobile_sample: [0,0,0,0,0,0,0,0,0,0,0,0,1692693779123]
08-22 16:42:03.550 1542 1861 I netstats_wifi_sample: [27773637,66233,26048428,49795,27773637,66233,26048428,49795,109058438,154979,20744360,45029,1692693779123]
08-22 16:42:04.301 1542 1542 I notification_enqueue: [1000,1542,android,32,NULL,-1,Notification(channel=USB shortcut=null contentView=null vibrate=null sound=null tick defaults=0x0 flags=0x2 color=0x00000000 vis=PUBLIC),0]
08-22 16:42:04.304 1542 1542 I notification_enqueue: [1000,1542,android,26,NULL,-1,Notification(channel=DEVELOPER_IMPORTANT shortcut=null contentView=null vibrate=null sound=null tick defaults=0x0 flags=0x2 color=0x00000000 vis=PUBLIC),0]
08-22 16:42:04.309 1542 1696 I am_uid_running: 10020
08-22 16:42:04.326 1542 1697 I am_proc_start: [0,28042,10020,android.process.media,broadcast,{com.android.mtp/com.android.mtp.MtpReceiver}]
08-22 16:42:04.337 28042 28042 I auditd : type=1400 audit(0.0:58025): avc: denied { connectto } for comm=4144422D4A44575020436F6E6E6563 path=006A6477702D636F6E74726F6C scontext=u:r:mediaprovider:s0:c512,c768 tcontext=u:r:su:s0 tclass=unix_stream_socket permissive=1 app=com.android.providers.media
08-22 16:42:04.351 1542 12010 I am_proc_bound: [0,28042,android.process.media]
08-22 16:42:04.402 1542 12010 I am_uid_running: 10116
08-22 16:42:04.418 1542 1697 I am_proc_start: [0,28058,10116,com.hunantv.imgo.activity:pushservice,broadcast,{com.hunantv.imgo.activity/com.dm.sl.AccountReceiver}]
08-22 16:42:04.437 28058 28058 I auditd : type=1400 audit(0.0:58026): avc: denied { connectto } for comm=4144422D4A44575020436F6E6E6563 path=006A6477702D636F6E74726F6C scontext=u:r:untrusted_app:s0:c116,c256,c512,c768 tcontext=u:r:su:s0 tclass=unix_stream_socket permissive=1
08-22 16:42:04.454 1542 12009 I am_proc_bound: [0,28058,com.hunantv.imgo.activity:pushservice]
08-22 16:42:04.503 1542 1542 I sysui_multi_action: [757,1501,758,1,793,203,794,0,795,203,796,32,806,android,857,USB,858,1,947,0,1500,0]
08-22 16:42:04.503 1542 1542 I sysui_multi_action: [757,804,799,note_interruptive,801,0,802,1]
08-22 16:42:04.508 1542 1542 I sysui_multi_action: [757,1501,758,1,793,204,794,0,795,204,796,26,806,android,857,DEVELOPER_IMPORTANT,858,4,947,0,1500,0]
08-22 16:42:04.508 1542 1542 I sysui_multi_action: [757,804,799,note_interruptive,801,0,802,1]
08-22 16:42:04.573 28078 28078 I auditd : type=1400 audit(0.0:58027): avc: denied { open } for comm="ps" path="/proc/sys/kernel/pid_max" dev="proc" ino=2344406 scontext=u:r:untrusted_app:s0:c116,c256,c512,c768 tcontext=u:object_r:proc_pid_max:s0 tclass=file permissive=1 app=com.hunantv.imgo.activity
08-22 16:42:04.588 1936 1936 I sysui_multi_action: [757,803,799,note_peek,802,1]
08-22 16:42:04.591 1542 12009 I sysui_multi_action: [757,127,758,1]
08-22 16:42:04.591 1936 1936 I sysui_heads_up_status: [-1|android|26|null|1000,1]
08-22 16:42:04.592 1542 12009 I sysui_multi_action: [757,804,799,note_load,801,1,802,1]
08-22 16:42:04.592 1542 12009 I notification_panel_revealed: 1
08-22 16:42:04.722 1542 12009 I am_kill : [0,28042,android.process.media,905,empty #2]
08-22 16:42:04.739 1542 5785 I am_proc_died: [0,28042,android.process.media,905,19]
08-22 16:42:04.739 1542 5785 I am_uid_stopped: 10020
08-22 16:42:04.941 26896 26896 I auditd : type=1400 audit(0.0:58028): avc: granted { nlmsg_readpriv } for comm="halley_2800_Tem" scontext=u:r:untrusted_app_27:s0:c512,c768 tcontext=u:r:untrusted_app_27:s0:c512,c768 tclass=netlink_route_socket app=com.tencent.android.qqdownloader
08-22 16:42:05.094 1542 12009 I sysui_multi_action: [757,128,758,1,793,791,794,0,795,791,796,26,798,0,806,android,857,DEVELOPER_IMPORTANT,858,4,947,0,1395,2,1500,587,1688,1]
08-22 16:42:05.094 1542 12009 I sysui_multi_action: [757,804,799,note_freshness,801,791,802,1]
08-22 16:42:05.094 1542 12009 I notification_visibility: [-1|android|26|null|1000,1,791,791,0,0]
08-22 16:42:05.467 1542 5785 I am_uid_running: 99033
08-22 16:42:05.489 1542 1697 I am_proc_start: [0,28121,99033,com.android.webview:sandboxed_process0:org.chromium.content.app.SandboxedProcessService0:0,,{com.tencent.android.qqdownloader/org.chromium.content.app.SandboxedProcessService0:0}]
08-22 16:42:05.501 28121 28121 I auditd : type=1400 audit(0.0:58029): avc: denied { connectto } for comm=4144422D4A44575020436F6E6E6563 path=006A6477702D636F6E74726F6C scontext=u:r:isolated_app:s0:c512,c768 tcontext=u:r:su:s0 tclass=unix_stream_socket permissive=1
08-22 16:42:05.509 1542 5785 I am_proc_bound: [0,28121,com.android.webview:sandboxed_process0:org.chromium.content.app.SandboxedProcessService0:0]
08-22 16:42:05.511 1542 5785 I am_uid_active: 99033
08-22 16:42:05.520 1542 12009 I am_kill : [0,26971,com.tencent.android.qqdownloader:cloud,905,empty #2]
08-22 16:42:05.538 1542 12010 I am_kill : [0,26716,com.tencent.android.qqdownloader:live,100,stop com.tencent.android.qqdownloader due to start instr]
08-22 16:42:05.541 1542 12010 I am_kill : [0,26896,com.tencent.android.qqdownloader,0,stop com.tencent.android.qqdownloader due to start instr]
08-22 16:42:05.545 1542 12010 I am_uid_stopped: 10104
08-22 16:42:05.546 1542 12010 I am_kill : [0,26636,com.tencent.android.qqdownloader:daemon,0,stop com.tencent.android.qqdownloader due to start instr]
08-22 16:42:05.549 1542 12010 I am_kill : [0,28121,com.android.webview:sandboxed_process0:org.chromium.content.app.SandboxedProcessService0:0,0,isolated not needed]
08-22 16:42:05.551 1542 12010 I am_kill : [0,28058,com.hunantv.imgo.activity:pushservice,915,empty #2]
08-22 16:42:05.553 1542 12010 I am_uid_running: 10104
08-22 16:42:05.567 1542 1697 I am_proc_start: [0,28151,10104,com.tencent.android.qqdownloader:daemon,added application,com.tencent.android.qqdownloader:daemon]
08-22 16:42:05.581 28151 28151 I auditd : type=1400 audit(0.0:58030): avc: denied { connectto } for comm=4144422D4A44575020436F6E6E6563 path=006A6477702D636F6E74726F6C scontext=u:r:untrusted_app_27:s0:c512,c768 tcontext=u:r:su:s0 tclass=unix_stream_socket permissive=1 app=com.tencent.android.qqdownloader
08-22 16:42:05.594 1542 20554 I am_proc_bound: [0,28151,com.tencent.android.qqdownloader:daemon]
08-22 16:42:05.596 1542 20554 I am_uid_active: 10104
08-22 16:42:05.597 1542 12010 I am_proc_died: [0,28121,com.android.webview:sandboxed_process0:org.chromium.content.app.SandboxedProcessService0:0,0,10]
08-22 16:42:05.598 1542 12010 I am_uid_stopped: 99033
08-22 16:42:05.606 1542 5785 I am_proc_died: [0,28058,com.hunantv.imgo.activity:pushservice,915,19]
08-22 16:42:05.606 1542 5785 I am_uid_stopped: 10116
08-22 16:42:05.609 1542 1697 I am_proc_start: [0,28167,10104,com.tencent.android.qqdownloader:live,service,{com.tencent.android.qqdownloader/com.tencent.assistant.syscomponent.MediaRouteProviderService2}]
08-22 16:42:05.627 1542 5785 I am_proc_bound: [0,28167,com.tencent.android.qqdownloader:live]
08-22 16:42:05.685 1542 1697 I am_proc_start: [0,28203,10104,com.tencent.android.qqdownloader,content provider,{com.tencent.android.qqdownloader/com.tencent.assistant.db.contentprovider.WallpaperProvider}]
08-22 16:42:05.696 1542 8817 I am_proc_bound: [0,28203,com.tencent.android.qqdownloader]
08-22 16:42:05.754 1542 1697 I am_proc_start: [0,28301,10104,com.tencent.android.qqdownloader:cloud,service,{com.tencent.android.qqdownloader/com.live.watermelon.service.SentryAlphaService}]
08-22 16:42:05.761 28301 28301 I auditd : type=1400 audit(0.0:58031): avc: denied { connectto } for comm=4144422D4A44575020436F6E6E6563 path=006A6477702D636F6E74726F6C scontext=u:r:untrusted_app_27:s0:c512,c768 tcontext=u:r:su:s0 tclass=unix_stream_socket permissive=1 app=com.tencent.android.qqdownloader
08-22 16:42:05.765 28341 28341 I auditd : type=1400 audit(0.0:58032): avc: granted { execute } for comm="Thread-5" name="daemon2_64_v2.2.2" dev="dm-10" ino=90473 scontext=u:r:untrusted_app_27:s0:c512,c768 tcontext=u:object_r:app_data_file:s0:c512,c768 tclass=file app=com.tencent.android.qqdownloader
08-22 16:42:05.772 1542 5785 I am_proc_bound: [0,28301,com.tencent.android.qqdownloader:cloud]
08-22 16:42:05.965 28203 28203 I auditd : type=1400 audit(0.0:58728): avc: granted { nlmsg_readpriv } for comm="halley_2800_Tem" scontext=u:r:untrusted_app_27:s0:c512,c768 tcontext=u:r:untrusted_app_27:s0:c512,c768 tclass=netlink_route_socket app=com.tencent.android.qqdownloader
08-22 16:42:07.989 28203 28203 I auditd : type=1400 audit(0.0:58729): avc: granted { nlmsg_readpriv } for comm="halley_2800_Tem" scontext=u:r:untrusted_app_27:s0:c512,c768 tcontext=u:r:untrusted_app_27:s0:c512,c768 tclass=netlink_route_socket app=com.tencent.android.qqdownloader
08-22 16:42:08.012 1542 1861 I netstats_mobile_sample: [0,0,0,0,0,0,0,0,0,0,0,0,1692693783585]
08-22 16:42:08.012 1542 1861 I netstats_wifi_sample: [27773637,66233,26048428,49795,27773637,66233,26048428,49795,109058438,154979,20744360,45029,1692693783585]
08-22 16:42:08.930 1542 1584 I am_uid_running: 99034
08-22 16:42:08.937 1542 1697 I am_proc_start: [0,29243,99034,com.android.webview:sandboxed_process0:org.chromium.content.app.SandboxedProcessService0:0,,{com.tencent.android.qqdownloader/org.chromium.content.app.SandboxedProcessService0:0}]
08-22 16:42:08.953 29243 29243 I auditd : type=1400 audit(0.0:58730): avc: denied { connectto } for comm=4144422D4A44575020436F6E6E6563 path=006A6477702D636F6E74726F6C scontext=u:r:isolated_app:s0:c512,c768 tcontext=u:r:su:s0 tclass=unix_stream_socket permissive=1
08-22 16:42:08.966 1542 2701 I am_proc_bound: [0,29243,com.android.webview:sandboxed_process0:org.chromium.content.app.SandboxedProcessService0:0]
08-22 16:42:08.972 1542 2701 I am_uid_active: 99034
08-22 16:42:10.291 1936 1936 I sysui_heads_up_status: [-1|android|26|null|1000,0]
08-22 16:42:10.741 1542 17121 I sysui_multi_action: [757,128,758,2,793,6438,794,5647,795,6438,796,26,798,0,806,android,857,DEVELOPER_IMPORTANT,858,4,947,0,1395,2,1500,6234,1688,1]
08-22 16:42:10.741 1542 17121 I notification_visibility: [-1|android|26|null|1000,0,6438,6438,0,0]
08-22 16:42:10.743 1542 17121 I sysui_multi_action: [757,127,758,2]
08-22 16:42:10.743 1542 17121 I notification_panel_hidden:
08-22 16:42:10.781 1542 1542 I sysui_multi_action: [757,128,758,5,759,8,793,-1172189128,794,0,795,9552,796,127,806,com.tencent.android.qqdownloader,857,channel_id_default_silent,858,3,946,com.tencent.android.qqdownloader,947,1,1500,9552,1688,1]
08-22 16:42:10.781 1542 1542 I notification_canceled: [0|com.tencent.android.qqdownloader|127|null|10104,8,-1172189128,9552,0,-1,-1,NULL]
08-22 16:42:10.785 28151 28151 I auditd : type=1400 audit(0.0:58731): avc: denied { read } for comm="StartThread-54" name="drivers" dev="proc" ino=4026531852 scontext=u:r:untrusted_app_27:s0:c512,c768 tcontext=u:object_r:proc_tty_drivers:s0 tclass=file permissive=1 app=com.tencent.android.qqdownloader
08-22 16:42:10.785 28151 28151 I auditd : type=1400 audit(0.0:58732): avc: denied { open } for comm="StartThread-54" path="/proc/tty/drivers" dev="proc" ino=4026531852 scontext=u:r:untrusted_app_27:s0:c512,c768 tcontext=u:object_r:proc_tty_drivers:s0 tclass=file permissive=1 app=com.tencent.android.qqdownloader
08-22 16:42:10.785 28151 28151 I auditd : type=1400 audit(0.0:58733): avc: denied { getattr } for comm="StartThread-54" path="/proc/tty/drivers" dev="proc" ino=4026531852 scontext=u:r:untrusted_app_27:s0:c512,c768 tcontext=u:object_r:proc_tty_drivers:s0 tclass=file permissive=1 app=com.tencent.android.qqdownloader
08-22 16:42:10.800 1542 1542 I service_manager_slow: [11,platform_compat]
08-22 16:42:10.805 28151 28151 I auditd : type=1400 audit(0.0:58734): avc: denied { open } for comm="qimei-thread-1" path="/" dev="dm-5" ino=2 scontext=u:r:untrusted_app_27:s0:c512,c768 tcontext=u:object_r:rootfs:s0 tclass=dir permissive=1 app=com.tencent.android.qqdownloader
08-22 16:42:10.817 28151 28151 I auditd : type=1400 audit(0.0:58735): avc: granted { nlmsg_readpriv } for comm="qimei-thread-1" scontext=u:r:untrusted_app_27:s0:c512,c768 tcontext=u:r:untrusted_app_27:s0:c512,c768 tclass=netlink_route_socket app=com.tencent.android.qqdownloader
08-22 16:42:10.839 1542 1542 I notification_enqueue: [10104,28151,com.tencent.android.qqdownloader,127,NULL,0,Notification(channel=channel_id_default_silent shortcut=null contentView=com.tencent.android.qqdownloader/0x7f0a01c2 vibrate=null sound=null defaults=0x0 flags=0x2a2 color=0x00000000 groupKey=com.tencent.android.qqdownloader vis=PRIVATE),0]
08-22 16:42:10.842 1542 1542 I sysui_multi_action: [757,128,758,5,759,8,793,4,794,0,795,4,796,127,806,com.tencent.android.qqdownloader,857,channel_id_default_silent,858,3,946,com.tencent.android.qqdownloader,947,1,1500,4,1688,1]
08-22 16:42:10.842 1542 1542 I notification_canceled: [0|com.tencent.android.qqdownloader|127|null|10104,8,4,4,0,-1,-1,NULL]
08-22 16:42:10.861 28151 28151 I auditd : type=1400 audit(0.0:58736): avc: granted { execute } for comm="StartThread-54" path="/data/user/0/com.tencent.android.qqdownloader/files/plugin/com.tencent.assistant.plugin.ionia/arm64-v8a/libionia.so" dev="dm-10" ino=859934 scontext=u:r:untrusted_app_27:s0:c512,c768 tcontext=u:object_r:app_data_file:s0:c512,c768 tclass=file app=com.tencent.android.qqdownloader
08-22 16:42:10.861 28203 28203 I auditd : type=1400 audit(0.0:58737): avc: granted { nlmsg_readpriv } for comm="qimei-thread-3" scontext=u:r:untrusted_app_27:s0:c512,c768 tcontext=u:r:untrusted_app_27:s0:c512,c768 tclass=netlink_route_socket app=com.tencent.android.qqdownloader
08-22 16:42:11.849 1542 1542 I notification_enqueue: [10104,28151,com.tencent.android.qqdownloader,127,NULL,0,Notification(channel=channel_id_default_silent shortcut=null contentView=com.tencent.android.qqdownloader/0x7f0a01c2 vibrate=null sound=null defaults=0x0 flags=0x2a2 color=0x00000000 groupKey=com.tencent.android.qqdownloader vis=PRIVATE),0]
08-22 16:42:12.609 29457 29457 I auditd : type=1400 audit(0.0:58751): avc: denied { open } for comm="getprop" path="/dev/__properties__/u:object_r:ab_update_gki_prop:s0" dev="tmpfs" ino=12119 scontext=u:r:untrusted_app_27:s0:c512,c768 tcontext=u:object_r:ab_update_gki_prop:s0 tclass=file permissive=1 app=com.tencent.android.qqdownloader
08-22 16:42:12.609 29457 29457 I auditd : type=1400 audit(0.0:58752): avc: denied { getattr } for comm="getprop" path="/dev/__properties__/u:object_r:ab_update_gki_prop:s0" dev="tmpfs" ino=12119 scontext=u:r:untrusted_app_27:s0:c512,c768 tcontext=u:object_r:ab_update_gki_prop:s0 tclass=file permissive=1 app=com.tencent.android.qqdownloader
08-22 16:42:12.609 29457 29457 I auditd : type=1400 audit(0.0:58753): avc: denied { map } for comm="getprop" path="/dev/__properties__/u:object_r:ab_update_gki_prop:s0" dev="tmpfs" ino=12119 scontext=u:r:untrusted_app_27:s0:c512,c768 tcontext=u:object_r:ab_update_gki_prop:s0 tclass=file permissive=1 app=com.tencent.android.qqdownloader
08-22 16:42:12.609 29457 29457 I auditd : type=1400 audit(0.0:58754): avc: denied { open } for comm="getprop" path="/dev/__properties__/u:object_r:adbd_prop:s0" dev="tmpfs" ino=12121 scontext=u:r:untrusted_app_27:s0:c512,c768 tcontext=u:object_r:adbd_prop:s0 tclass=file permissive=1 app=com.tencent.android.qqdownloader
08-22 16:42:12.609 29457 29457 I auditd : type=1400 audit(0.0:58755): avc: denied { getattr } for comm="getprop" path="/dev/__properties__/u:object_r:adbd_prop:s0" dev="tmpfs" ino=12121 scontext=u:r:untrusted_app_27:s0:c512,c768 tcontext=u:object_r:adbd_prop:s0 tclass=file permissive=1 app=com.tencent.android.qqdownloader
08-22 16:42:12.858 1542 1542 I notification_enqueue: [10104,28151,com.tencent.android.qqdownloader,127,NULL,0,Notification(channel=channel_id_default_silent shortcut=null contentView=com.tencent.android.qqdownloader/0x7f0a01c2 vibrate=null sound=null defaults=0x0 flags=0x2a2 color=0x00000000 groupKey=com.tencent.android.qqdownloader vis=PRIVATE),1]
08-22 16:42:13.825 28203 28203 I auditd : type=1400 audit(0.0:59420): avc: granted { execute } for comm="temporary-9" path="/data/user/0/com.tencent.android.qqdownloader/files/res_hub/yyb/online/wx_sdk_so_3_64_20/arm64-v8a/libc++_shared.so" dev="dm-10" ino=375378 scontext=u:r:untrusted_app_27:s0:c512,c768 tcontext=u:object_r:app_data_file:s0:c512,c768 tclass=file app=com.tencent.android.qqdownloader
08-22 16:42:13.833 28203 28203 I auditd : type=1400 audit(0.0:59421): avc: granted { execute } for comm="temporary-9" path="/data/user/0/com.tencent.android.qqdownloader/files/res_hub/yyb/online/wx_sdk_so_3_64_20/arm64-v8a/libwechatxlog.so" dev="dm-10" ino=375381 scontext=u:r:untrusted_app_27:s0:c512,c768 tcontext=u:object_r:app_data_file:s0:c512,c768 tclass=file app=com.tencent.android.qqdownloader
08-22 16:42:13.862 1542 1542 I notification_enqueue: [10104,28151,com.tencent.android.qqdownloader,127,NULL,0,Notification(channel=channel_id_default_silent shortcut=null contentView=com.tencent.android.qqdownloader/0x7f0a01c2 vibrate=null sound=null defaults=0x0 flags=0x2a2 color=0x00000000 groupKey=com.tencent.android.qqdownloader vis=PRIVATE),1]
08-22 16:42:13.901 28203 28203 I auditd : type=1400 audit(0.0:59422): avc: granted { execute } for comm="kcsdk_temporary" path="/data/user/0/com.tencent.android.qqdownloader/files/plugin/com.tencent.plugin.dawangka/arm64-v8a/libKcsdk-2.0.9.so" dev="dm-10" ino=762470 scontext=u:r:untrusted_app_27:s0:c512,c768 tcontext=u:object_r:app_data_file:s0:c512,c768 tclass=file app=com.tencent.android.qqdownloader
08-22 16:42:14.029 29799 29799 I auditd : type=1400 audit(0.0:59423): avc: denied { open } for comm="getprop" path="/dev/__properties__/u:object_r:apexd_prop:s0" dev="tmpfs" ino=12123 scontext=u:r:untrusted_app_27:s0:c512,c768 tcontext=u:object_r:apexd_prop:s0 tclass=file permissive=1 app=com.tencent.android.qqdownloader
08-22 16:42:14.029 29799 29799 I auditd : type=1400 audit(0.0:59424): avc: denied { getattr } for comm="getprop" path="/dev/__properties__/u:object_r:apexd_prop:s0" dev="tmpfs" ino=12123 scontext=u:r:untrusted_app_27:s0:c512,c768 tcontext=u:object_r:apexd_prop:s0 tclass=file permissive=1 app=com.tencent.android.qqdownloader
08-22 16:42:14.873 1542 1542 I notification_enqueue: [10104,28151,com.tencent.android.qqdownloader,127,NULL,0,Notification(channel=channel_id_default_silent shortcut=null contentView=com.tencent.android.qqdownloader/0x7f0a01c2 vibrate=null sound=null defaults=0x0 flags=0x2a2 color=0x00000000 groupKey=com.tencent.android.qqdownloader vis=PRIVATE),1]
08-22 16:42:14.889 28203 28203 I auditd : type=1400 audit(0.0:59835): avc: denied { open } for comm="qimei-s-thread-" path="/proc/uptime" dev="proc" ino=4026532246 scontext=u:r:untrusted_app_27:s0:c512,c768 tcontext=u:object_r:proc_uptime:s0 tclass=file permissive=1 app=com.tencent.android.qqdownloader
08-22 16:42:14.897 28203 28203 I auditd : type=1400 audit(0.0:59836): avc: denied { read } for comm="qimei-s-thread-" name="ioports" dev="proc" ino=4026532282 scontext=u:r:untrusted_app_27:s0:c512,c768 tcontext=u:object_r:proc:s0 tclass=file permissive=1 app=com.tencent.android.qqdownloader
08-22 16:42:14.897 28203 28203 I auditd : type=1400 audit(0.0:59837): avc: denied { open } for comm="qimei-s-thread-" path="/proc/ioports" dev="proc" ino=4026532282 scontext=u:r:untrusted_app_27:s0:c512,c768 tcontext=u:object_r:proc:s0 tclass=file permissive=1 app=com.tencent.android.qqdownloader
08-22 16:42:14.915 1542 1843 I input_interaction: Interaction with: 7696002 com.tencent.mobileqq/com.tencent.mobileqq.activity.SplashActivity (server), edge-swipe (server), swipe-up (server), PointerEventDispatcher0 (server),
08-22 16:42:14.924 1542 8817 I wm_task_moved: [1,0,0]
08-22 16:42:14.924 1542 8817 I wm_task_moved: [1,0,5]
08-22 16:42:14.937 853 853 I auditd : type=1400 audit(0.0:59838): avc: denied { add_name } for comm="perf@2.2-servic" name="cpu_min_freq" scontext=u:r:vendor_hal_perf_default:s0 tcontext=u:object_r:vendor_sysfs_msm_perf:s0 tclass=dir permissive=1
08-22 16:42:14.937 28203 28203 I auditd : type=1400 audit(0.0:59839): avc: granted { nlmsg_readpriv } for comm="qimei-s-thread-" scontext=u:r:untrusted_app_27:s0:c512,c768 tcontext=u:r:untrusted_app_27:s0:c512,c768 tclass=netlink_route_socket app=com.tencent.android.qqdownloader
08-22 16:42:14.948 2577 2577 I wm_on_restart_called: [214579854,com.android.launcher3.uioverrides.QuickstepLauncher,performRestartActivity]
08-22 16:42:15.027 2577 2577 I wm_on_start_called: [214579854,com.android.launcher3.uioverrides.QuickstepLauncher,handleStartActivity]
08-22 16:42:15.028 6739 6739 I view_enqueue_input_event: [Motion - Cancel,com.tencent.mobileqq/com.tencent.mobileqq.activity.SplashActivity]
08-22 16:42:15.030 1542 1662 I input_focus: [Focus request recents_animation_input_consumer,reason=UpdateInputWindows]
08-22 16:42:15.043 1542 1843 I input_focus: [Focus leaving 7696002 com.tencent.mobileqq/com.tencent.mobileqq.activity.SplashActivity (server),reason=NOT_FOCUSABLE]
08-22 16:42:15.043 1542 1843 I input_focus: [Focus entering recents_animation_input_consumer (server),reason=setFocusedWindow]
08-22 16:42:15.044 2577 2577 I sysui_latency: [1,131]
08-22 16:42:15.047 1542 1843 I input_interaction: Interaction with: edge-swipe (server), swipe-up (server), PointerEventDispatcher0 (server),
08-22 16:42:15.069 1542 1657 I sysui_multi_action: [319,14,322,131,325,9344,757,761,758,9,759,5,806,com.android.launcher3,871,com.android.launcher3.uioverrides.QuickstepLauncher,905,0,1320,8,1321,5]
08-22 16:42:15.230 1542 1833 I commit_sys_config_file: [settings-1-0,3]
08-22 16:42:15.357 1542 1693 I sysui_latency: [8,135]
08-22 16:42:15.663 1542 4822 I wm_task_moved: [1,1,6]
08-22 16:42:15.664 1542 4822 I wm_focused_root_task: [0,0,1,76340,RecentsAnimation.onAnimationFinished()]
08-22 16:42:15.665 6739 6739 I wm_on_top_resumed_lost_called: [78130619,com.tencent.mobileqq.activity.SplashActivity,topStateChangedWhenResumed]
08-22 16:42:15.670 1542 4822 I wm_pause_activity: [0,78130619,com.tencent.mobileqq/.activity.SplashActivity,userLeaving=false,pauseBackTasks]
08-22 16:42:15.673 1542 4822 I wm_set_resumed_activity: [0,com.android.launcher3/.uioverrides.QuickstepLauncher,resumeTopActivityInnerLocked]
08-22 16:42:15.674 1542 4822 I wm_resume_activity: [0,214579854,76211,com.android.launcher3/.uioverrides.QuickstepLauncher]
08-22 16:42:15.675 2577 2577 I wm_on_resume_called: [214579854,com.android.launcher3.uioverrides.QuickstepLauncher,RESUME_ACTIVITY]
08-22 16:42:15.675 1542 4822 I wm_add_to_stopping: [0,78130619,com.tencent.mobileqq/.activity.SplashActivity,makeInvisible]
08-22 16:42:15.681 1542 1662 I input_focus: [Focus request ca710ad com.android.launcher3/com.android.launcher3.uioverrides.QuickstepLauncher,reason=UpdateInputWindows]
08-22 16:42:15.689 1542 1660 I sysui_multi_action: [757,803,799,window_time_0,802,165]
08-22 16:42:15.695 1542 1660 I wm_stop_activity: [0,78130619,com.tencent.mobileqq/.activity.SplashActivity]
08-22 16:42:15.696 1542 1660 I am_uid_running: 10028
08-22 16:42:15.697 1542 1843 I input_focus: [Focus leaving recents_animation_input_consumer (server),reason=NOT_VISIBLE]
08-22 16:42:15.698 1542 1843 I input_focus: [Focus entering ca710ad com.android.launcher3/com.android.launcher3.uioverrides.QuickstepLauncher (server),reason=setFocusedWindow]
08-22 16:42:15.700 6739 6739 I wm_on_paused_called: [78130619,com.tencent.mobileqq.activity.SplashActivity,performPause]
08-22 16:42:15.701 1542 1660 I am_uid_running: 10037
08-22 16:42:15.702 1542 1660 I sysui_multi_action: [757,803,799,window_time_0,802,0]
08-22 16:42:15.713 1542 1697 I am_proc_start: [0,30209,10028,com.autonavi.minimap,NULL,]
08-22 16:42:15.714 2577 2577 I wm_on_top_resumed_gained_called: [214579854,com.android.launcher3.uioverrides.QuickstepLauncher,topStateChangedWhenResumed]
08-22 16:42:15.720 1542 1697 I am_proc_start: [0,30212,10037,com.microsoft.emmx,NULL,]
08-22 16:42:15.739 1542 10447 I am_proc_bound: [0,30209,com.autonavi.minimap]
08-22 16:42:15.740 1542 1693 I am_pss : [28151,10104,com.tencent.android.qqdownloader:daemon,128582656,90173440,45056,293502976,0,4,16]
08-22 16:42:15.744 6739 6739 I wm_on_stop_called: [78130619,com.tencent.mobileqq.activity.SplashActivity,STOP_ACTIVITY_ITEM]
08-22 16:42:15.747 1542 1811 I am_proc_bound: [0,30212,com.microsoft.emmx]
08-22 16:42:15.761 1542 3021 I am_kill : [0,30209,com.autonavi.minimap,915,empty #2]
08-22 16:42:15.765 1542 3021 I am_uid_running: 10071
08-22 16:42:15.772 1542 1697 I am_proc_start: [0,30249,10071,com.thundercomm.gamemode.provider,content provider,{com.thundercomm.gamemode.provider/com.thundercomm.gamemode.provider.SettingsProvider}]
08-22 16:42:15.799 1542 10447 I am_proc_bound: [0,30249,com.thundercomm.gamemode.provider]
08-22 16:42:15.804 1542 10447 I am_uid_active: 10071
08-22 16:42:15.819 1542 10447 I am_proc_died: [0,30209,com.autonavi.minimap,915,19]
08-22 16:42:15.819 1542 10447 I am_uid_stopped: 10028
08-22 16:42:15.877 1542 1542 I notification_enqueue: [10104,28151,com.tencent.android.qqdownloader,127,NULL,0,Notification(channel=channel_id_default_silent shortcut=null contentView=com.tencent.android.qqdownloader/0x7f0a01c2 vibrate=null sound=null defaults=0x0 flags=0x2a2 color=0x00000000 groupKey=com.tencent.android.qqdownloader vis=PRIVATE),1]
08-22 16:42:15.917 1542 1833 I commit_sys_config_file: [settings-1-0,3]
08-22 16:42:16.318 1542 1843 I input_interaction: Interaction with: ca710ad com.android.launcher3/com.android.launcher3.uioverrides.QuickstepLauncher (server), e1aaae8 com.android.systemui.ImageWallpaper (server), edge-swipe (server), swipe-up (server), PointerEventDispatcher0 (server),
08-22 16:42:16.468 1542 1583 I wm_resume_activity: [0,78130619,76340,com.tencent.mobileqq/.activity.SplashActivity]
08-22 16:42:16.469 1542 1583 I wm_task_moved: [1,1,6]
08-22 16:42:16.470 1542 1583 I wm_set_resumed_activity: [0,com.android.launcher3/.uioverrides.QuickstepLauncher,positionChildAt]
08-22 16:42:16.470 1542 1583 I wm_task_moved: [76340,1,6]
08-22 16:42:16.471 1542 1583 I wm_set_resumed_activity: [0,com.tencent.mobileqq/.activity.SplashActivity,positionChildAt]
08-22 16:42:16.471 1542 1583 I wm_focused_root_task: [0,0,76340,1,moveTaskToFront findTaskToMoveToFront]
08-22 16:42:16.471 1542 1583 I wm_set_resumed_activity: [0,com.tencent.mobileqq/.activity.SplashActivity,moveTaskToFront findTaskToMoveToFront]
08-22 16:42:16.481 2577 2577 I wm_on_top_resumed_lost_called: [214579854,com.android.launcher3.uioverrides.QuickstepLauncher,topStateChangedWhenResumed]
08-22 16:42:16.532 6739 6739 I wm_on_destroy_called: [0,com.tencent.biz.qqcircle.activity.QCircleFolderActivity,performDestroy]
08-22 16:42:16.540 6739 6739 I wm_on_create_called: [0,com.tencent.biz.qqcircle.activity.QCircleFolderActivity,performCreate]
08-22 16:42:16.545 6739 6739 I wm_on_start_called: [0,com.tencent.biz.qqcircle.activity.QCircleFolderActivity,handleStartActivity]
08-22 16:42:16.549 6739 6739 I wm_on_resume_called: [0,com.tencent.biz.qqcircle.activity.QCircleFolderActivity,moveToState-STARTED]
08-22 16:42:16.552 6739 6739 I wm_on_paused_called: [0,com.tencent.biz.qqcircle.activity.QCircleFolderActivity,performPause]
08-22 16:42:16.554 6739 6739 I wm_on_stop_called: [0,com.tencent.biz.qqcircle.activity.QCircleFolderActivity,moveToState-STARTED]
08-22 16:42:16.570 6739 6739 I wm_on_restart_called: [78130619,com.tencent.mobileqq.activity.SplashActivity,performRestartActivity]
08-22 16:42:16.573 6739 6739 I wm_on_start_called: [78130619,com.tencent.mobileqq.activity.SplashActivity,handleStartActivity]
08-22 16:42:16.576 6739 6739 I wm_on_resume_called: [78130619,com.tencent.mobileqq.activity.SplashActivity,RESUME_ACTIVITY]
08-22 16:42:16.590 6739 6739 I wm_on_top_resumed_gained_called: [78130619,com.tencent.mobileqq.activity.SplashActivity,topStateChangedWhenResumed]
08-22 16:42:16.601 1542 1662 I input_focus: [Focus request 7696002 com.tencent.mobileqq/com.tencent.mobileqq.activity.SplashActivity,reason=UpdateInputWindows]
08-22 16:42:16.614 1542 1843 I input_focus: [Focus leaving ca710ad com.android.launcher3/com.android.launcher3.uioverrides.QuickstepLauncher (server),reason=Waiting for window because NOT_VISIBLE]
08-22 16:42:16.652 1542 1843 I input_focus: [Focus entering 7696002 com.tencent.mobileqq/com.tencent.mobileqq.activity.SplashActivity (server),reason=Window became focusable. Previous reason: NOT_VISIBLE]
08-22 16:42:16.671 1542 1657 I sysui_multi_action: [319,168,322,167,325,9346,757,761,758,9,759,2,806,com.tencent.mobileqq,871,com.tencent.mobileqq.activity.SplashActivity,904,com.tencent.mobileqq,905,0,1320,4,1321,4]
08-22 16:42:16.949 6739 6739 I auditd : type=1400 audit(0.0:59849): avc: granted { execute } for comm="QQ_SUB" path="/data/user/0/com.tencent.mobileqq/app_lib/QzoneVideoPlugin/3169e3114bac528f453c68f25ec4dc0e_66" dev="dm-10" ino=395646 scontext=u:r:untrusted_app_27:s0:c512,c768 tcontext=u:object_r:app_data_file:s0:c512,c768 tclass=file app=com.tencent.mobileqq
08-22 16:42:16.957 28203 28203 I auditd : type=1400 audit(0.0:59850): avc: denied { read } for comm="Shark-Looper-Ma" name="version" dev="proc" ino=4026532247 scontext=u:r:untrusted_app_27:s0:c512,c768 tcontext=u:object_r:proc_version:s0 tclass=file permissive=1 app=com.tencent.android.qqdownloader
08-22 16:42:16.957 28203 28203 I auditd : type=1400 audit(0.0:59851): avc: denied { open } for comm="Shark-Looper-Ma" path="/proc/version" dev="proc" ino=4026532247 scontext=u:r:untrusted_app_27:s0:c512,c768 tcontext=u:object_r:proc_version:s0 tclass=file permissive=1 app=com.tencent.android.qqdownloader
08-22 16:42:16.957 28203 28203 I auditd : type=1400 audit(0.0:59852): avc: denied { getattr } for comm="Shark-Looper-Ma" path="/proc/version" dev="proc" ino=4026532247 scontext=u:r:untrusted_app_27:s0:c512,c768 tcontext=u:object_r:proc_version:s0 tclass=file permissive=1 app=com.tencent.android.qqdownloader
08-22 16:42:17.153 6739 6739 I auditd : type=1400 audit(0.0:59853): avc: denied { read } for comm="TuringFdCore_77" name="tcp" dev="proc" ino=4026532265 scontext=u:r:untrusted_app_27:s0:c512,c768 tcontext=u:object_r:proc_net_tcp_udp:s0 tclass=file permissive=1 app=com.tencent.mobileqq
08-22 16:42:17.396 2577 2577 I view_enqueue_input_event: [Motion - Cancel,com.android.launcher3/com.android.launcher3.uioverrides.QuickstepLauncher]
08-22 16:42:17.403 1542 1843 I input_interaction: Interaction with: edge-swipe (server), swipe-up (server), PointerEventDispatcher0 (server),
08-22 16:42:17.555 1542 1833 I commit_sys_config_file: [settings-1-0,6]
08-22 16:42:17.889 1542 1833 I commit_sys_config_file: [settings-1-0,4]
08-22 16:42:18.242 1542 1843 I input_interaction: Interaction with: ca710ad com.android.launcher3/com.android.launcher3.uioverrides.QuickstepLauncher (server), e1aaae8 com.android.systemui.ImageWallpaper (server), edge-swipe (server), swipe-up (server), PointerEventDispatcher0 (server),
08-22 16:42:18.429 853 853 I auditd : type=1400 audit(0.0:59864): avc: denied { add_name } for comm="perf@2.2-servic" name="cpu_max_freq" scontext=u:r:vendor_hal_perf_default:s0 tcontext=u:object_r:vendor_sysfs_msm_perf:s0 tclass=dir permissive=1
08-22 16:42:18.437 1542 25637 I wm_task_created: [76341,-1]
08-22 16:42:18.440 1542 25637 I wm_task_moved: [76341,1,7]
08-22 16:42:18.440 1542 25637 I wm_task_to_front: [0,76341]
08-22 16:42:18.440 1542 25637 I wm_create_task: [0,76341]
08-22 16:42:18.440 1542 25637 I wm_create_activity: [0,207450652,76341,com.ss.android.lark/.main.app.MainActivity,android.intent.action.MAIN,NULL,NULL,270532608]
08-22 16:42:18.440 1542 25637 I wm_task_moved: [76341,1,7]
08-22 16:42:18.440 6739 6739 I wm_on_top_resumed_lost_called: [78130619,com.tencent.mobileqq.activity.SplashActivity,topStateChangedWhenResumed]
08-22 16:42:18.442 1542 25637 I wm_pause_activity: [0,214579854,com.android.launcher3/.uioverrides.QuickstepLauncher,userLeaving=true,pauseBackTasks]
08-22 16:42:18.444 2577 2577 I wm_on_paused_called: [214579854,com.android.launcher3.uioverrides.QuickstepLauncher,performPause]
08-22 16:42:18.446 1542 20554 I wm_add_to_stopping: [0,214579854,com.android.launcher3/.uioverrides.QuickstepLauncher,makeInvisible]
08-22 16:42:18.448 1542 1660 I am_uid_running: 10119
08-22 16:42:18.450 1542 1660 I sysui_multi_action: [757,803,799,window_time_0,802,3]
08-22 16:42:18.455 1542 1697 I am_proc_start: [0,30420,10119,com.ss.android.lark,pre-top-activity,{com.ss.android.lark/com.ss.android.lark.main.app.MainActivity}]
08-22 16:42:18.461 30420 30420 I auditd : type=1400 audit(0.0:59865): avc: denied { connectto } for comm=4144422D4A44575020436F6E6E6563 path=006A6477702D636F6E74726F6C scontext=u:r:untrusted_app:s0:c119,c256,c512,c768 tcontext=u:r:su:s0 tclass=unix_stream_socket permissive=1 app=com.ss.android.lark
08-22 16:42:18.475 1542 11710 I am_proc_bound: [0,30420,com.ss.android.lark]
08-22 16:42:18.478 1542 11710 I wm_restart_activity: [0,207450652,76341,com.ss.android.lark/.main.app.MainActivity]
08-22 16:42:18.479 1542 11710 I wm_set_resumed_activity: [0,com.ss.android.lark/.main.app.MainActivity,minimalResumeActivityLocked]
08-22 16:42:18.480 1542 1660 I am_uid_active: 10119
08-22 16:42:18.757 1542 1861 I netstats_mobile_sample: [0,0,0,0,0,0,0,0,0,0,0,0,1692693794330]
08-22 16:42:18.758 1542 1861 I netstats_wifi_sample: [27773637,66233,26048428,49795,27773637,66233,26048428,49795,109058438,154979,20744360,45029,1692693794330]
08-22 16:42:18.753 684 684 I auditd : type=1400 audit(0.0:59866): avc: denied { add_name } for comm="Binder:684_1" name="globalAlert" scontext=u:r:netd:s0 tcontext=u:object_r:proc_net:s0 tclass=dir permissive=1
08-22 16:42:18.762 1542 1934 I sync : [com.tencent.android.qqdownloader.YYBLiveAccountProvider,0,3,24220937]
08-22 16:42:18.791 1542 1934 I sync : [com.tencent.android.qqdownloader.YYBLiveAccountProvider,1,3,24220937]
08-22 16:42:18.814 1542 1934 I commit_sys_config_file: [sync-status,9334591]
08-22 16:42:18.815 1542 1934 I commit_sys_config_file: [sync-stats,7534538]
08-22 16:42:18.822 1542 1934 I sync : [com.tencent.android.qqdownloader.YYBLiveAccountProvider,0,3,24220937]
08-22 16:42:18.838 1542 1934 I sync : [com.tencent.android.qqdownloader.YYBLiveAccountProvider,1,3,24220937]
08-22 16:42:18.842 1542 1934 I commit_sys_config_file: [sync-status,9334619]
08-22 16:42:18.955 1542 1542 I notification_cancel_all: [1000,1542,com.ss.android.lark,0,0,0,20,NULL]
08-22 16:42:18.955 1542 1542 I notification_cancel_all: [1000,1542,com.ss.android.lark,0,0,0,20,NULL]
08-22 16:42:18.956 1542 1542 I notification_cancel_all: [1000,1542,com.ss.android.lark,0,0,0,20,NULL]
08-22 16:42:18.956 1542 1542 I notification_cancel_all: [1000,1542,com.ss.android.lark,0,0,0,20,NULL]
08-22 16:42:18.973 28203 28203 I auditd : type=1400 audit(0.0:59867): avc: granted { execute } for comm="gatherer-1-thre" path="/data/user/0/com.tencent.android.qqdownloader/app_e_qq_com_plugin_new_84e5596443427f53efca4e1d48972f33/libturingga.so" dev="dm-10" ino=2580 scontext=u:r:untrusted_app_27:s0:c512,c768 tcontext=u:object_r:app_data_file:s0:c512,c768 tclass=file app=com.tencent.android.qqdownloader
08-22 16:42:19.053 1542 1693 I am_pss : [29243,99034,com.android.webview:sandboxed_process0:org.chromium.content.app.SandboxedProcessService0:0,63905792,50671616,306176,125108224,0,4,9]
08-22 16:42:19.182 30420 30420 I wm_on_create_called: [207450652,com.ss.android.lark.main.app.MainActivity,performCreate]
08-22 16:42:19.198 30420 30420 I wm_on_start_called: [207450652,com.ss.android.lark.main.app.MainActivity,handleStartActivity]
