08-22 16:49:40.654 1542 15389 D PowerManagerService: updateDisplayPowerStateLocked: displayReady=true, groupId=0, policy=BRIGHT, mWakefulness=Awake, mWakeLockSummary=0x23, mUserActivitySummary=0x1, mBootCompleted=true, screenBrightnessOverride=NaN, useAutoBrightness=false, mScreenBrightnessBoostInProgress=false, mIsVrModeEnabled= false, sQuiescent=false
08-22 16:49:40.655 900 1409 W AudioFlinger: session id 1217 not found for pid 30420
08-22 16:49:40.656 1299 6394 I C2SoftMp3Dec: Reconfiguring decoder: 0->44100 Hz, 0->2 channels
08-22 16:49:40.657 1542 15389 D PowerManagerService: acquireWakeLockInternal: lock=152079464, flags=0x1, tag="AudioIn", ws=null, uid=1041, pid=0
08-22 16:49:40.657 900 6393 D AudioFlinger: ThreadBase::updateWakeLockUids_l() st
08-22 16:49:40.657 900 6393 D AudioFlinger: updateWakeLockUids_l() AudioIn_32E status 0
08-22 16:49:40.657 900 6393 D AudioFlinger: ThreadBase::updateWakeLockUids_l() ed
08-22 16:49:40.657 1542 15389 D PowerManagerService: updateWakeLockSummaryLocked: mWakefulness=Awake, mWakeLockSummary=0x23
08-22 16:49:40.657 1542 15389 D PowerManagerService: updateUserActivitySummaryLocked: groupId=0, mWakefulness=Awake, mUserActivitySummary=0x1, nextTimeout=10388873 (in 598401 ms)
08-22 16:49:40.657 1542 15389 D PowerManagerNotifier: onScreenPolicyUpdate: newPolicy=3
08-22 16:49:40.657 1542 15389 D PowerManagerService: updateDisplayPowerStateLocked: displayReady=true, groupId=0, policy=BRIGHT, mWakefulness=Awake, mWakeLockSummary=0x23, mUserActivitySummary=0x1, mBootCompleted=true, screenBrightnessOverride=NaN, useAutoBrightness=false, mScreenBrightnessBoostInProgress=false, mIsVrModeEnabled= false, sQuiescent=false
08-22 16:49:40.657 1542 15389 D PowerManagerNotifier: onWakeLockAcquired: flags=1, tag="AudioIn", packageName=audioserver, ownerUid=1041, ownerPid=0, workSource=null
08-22 16:49:40.657 808 808 D audio_hw_primary: adev_close_input_stream: enter:stream_handle(0xf20c70f0)
08-22 16:49:40.657 808 808 D audio_hw_primary: io_streams_map_remove: Removed stream with handle 814
08-22 16:49:40.657 808 808 D soundtrigger: audio_extn_sound_trigger_check_ec_ref_enable: EC Reference is disabled
08-22 16:49:40.657 808 808 D sound_trigger_hw: handle_audio_ec_ref_enabled: Enter
08-22 16:49:40.657 808 808 D sound_trigger_hw: handle_audio_ec_ref_enabled: Exit audio ec ref=0
08-22 16:49:40.657 808 808 D soundtrigger: audio_extn_sound_trigger_update_ec_ref_status: update audio echo ref status false
08-22 16:49:40.657 808 808 D audio_hw_primary: in_standby: enter: stream (0xf20c70f0) usecase(34: audio-record-voip)
08-22 16:49:40.657 1542 15389 D PowerManagerService: updateWakeLockWorkSourceInternal: lock=152079464 [AudioIn], ws=null
08-22 16:49:40.657 1542 15389 D PowerManagerService: releaseWakeLockInternal: lock=152079464 [AudioIn], flags=0x0
08-22 16:49:40.657 1542 15389 D PowerManagerNotifier: onWakeLockReleased: flags=1, tag="AudioIn", packageName=audioserver, ownerUid=1041, ownerPid=0, workSource=null
08-22 16:49:40.657 1542 15389 D PowerManagerService: updateWakeLockSummaryLocked: mWakefulness=Awake, mWakeLockSummary=0x23
08-22 16:49:40.657 1542 15389 D PowerManagerService: updateUserActivitySummaryLocked: groupId=0, mWakefulness=Awake, mUserActivitySummary=0x1, nextTimeout=10388873 (in 598401 ms)
08-22 16:49:40.657 1542 15389 D PowerManagerNotifier: onScreenPolicyUpdate: newPolicy=3
08-22 16:49:40.657 1542 15389 D PowerManagerService: updateDisplayPowerStateLocked: displayReady=true, groupId=0, policy=BRIGHT, mWakefulness=Awake, mWakeLockSummary=0x23, mUserActivitySummary=0x1, mBootCompleted=true, screenBrightnessOverride=NaN, useAutoBrightness=false, mScreenBrightnessBoostInProgress=false, mIsVrModeEnabled= false, sQuiescent=false
08-22 16:49:40.658 1542 15389 I SoundTriggerMiddlewareLogging: setCaptureState[this=com.android.server.soundtrigger_middleware.SoundTriggerMiddlewareImpl@94cc0e, client=null](false)
08-22 16:49:40.658 900 1409 E power : power acquire_wake_lock enter!
08-22 16:49:40.658 900 1409 E power : power acquire_wake_lock exit!
08-22 16:49:40.658 580 580 E android.system.suspend@1.0-service: SystemSuspend::acquireWakeLock enter!pid = 900: Success
08-22 16:49:40.658 580 580 E android.system.suspend@1.0-service: SystemSuspend::acquireWakeLock exit!: Success
08-22 16:49:40.669 808 30862 D audio_hw_primary: adev_open_input_stream: enter: sample_rate(16000) channel_mask(0x10) devices(0x80000080) stream_handle(0xf20c5e90) io_handle(822) source(7) format 1
08-22 16:49:40.669 808 30862 D audio_hw_primary: io_streams_map_insert: Added stream in io_streams_map with handle 822
08-22 16:49:40.669 808 30862 E device_utils: update_device_list: Invalid device: 0
08-22 16:49:40.671 900 6398 I AudioFlinger: AudioFlinger's thread 0xb4000073b21290c0 tid=6398 ready to run
08-22 16:49:40.671 900 1409 E power : power acquire_wake_lock enter!
08-22 16:49:40.671 900 1409 E power : power acquire_wake_lock exit!
08-22 16:49:40.671 580 580 E android.system.suspend@1.0-service: SystemSuspend::acquireWakeLock enter!pid = 900: Success
08-22 16:49:40.671 580 580 E android.system.suspend@1.0-service: SystemSuspend::acquireWakeLock exit!: Success
08-22 16:49:40.672 808 10249 I EffectsFactory: EffectCreate() create_effect
08-22 16:49:40.672 808 10258 D audio_hw_primary: in_standby: enter: stream (0xf20c5e90) usecase(34: audio-record-voip)
08-22 16:49:40.673 808 865 W EffectHAL: Effect 0xf136b2f0 command SET_CONFIG returned status: Invalid argument
08-22 16:49:40.675 900 6398 D AudioFlinger: ThreadBase::updateWakeLockUids_l() st
08-22 16:49:40.675 1542 3091 D PowerManagerService: acquireWakeLockInternal: lock=94096743, flags=0x1, tag="AudioIn", ws=null, uid=1041, pid=0
08-22 16:49:40.675 900 6398 D AudioFlinger: updateWakeLockUids_l() AudioIn_336 status 0
08-22 16:49:40.675 900 6398 D AudioFlinger: ThreadBase::updateWakeLockUids_l() ed
08-22 16:49:40.675 1542 3091 D PowerManagerService: updateWakeLockSummaryLocked: mWakefulness=Awake, mWakeLockSummary=0x23
08-22 16:49:40.675 1542 3091 D PowerManagerService: updateUserActivitySummaryLocked: groupId=0, mWakefulness=Awake, mUserActivitySummary=0x1, nextTimeout=10388873 (in 598383 ms)
08-22 16:49:40.675 1542 3091 D PowerManagerNotifier: onScreenPolicyUpdate: newPolicy=3
08-22 16:49:40.675 808 30862 D audio_hw_primary: in_standby: enter: stream (0xf20c5e90) usecase(34: audio-record-voip)
08-22 16:49:40.675 1542 3091 D PowerManagerService: updateDisplayPowerStateLocked: displayReady=true, groupId=0, policy=BRIGHT, mWakefulness=Awake, mWakeLockSummary=0x23, mUserActivitySummary=0x1, mBootCompleted=true, screenBrightnessOverride=NaN, useAutoBrightness=false, mScreenBrightnessBoostInProgress=false, mIsVrModeEnabled= false, sQuiescent=false
08-22 16:49:40.675 1542 3091 D PowerManagerNotifier: onWakeLockAcquired: flags=1, tag="AudioIn", packageName=audioserver, ownerUid=1041, ownerPid=0, workSource=null
08-22 16:49:40.675 808 30862 I EffectsFactory: EffectCreate() create_effect
08-22 16:49:40.675 1542 3091 D PowerManagerService: updateWakeLockWorkSourceInternal: lock=94096743 [AudioIn], ws=null
08-22 16:49:40.675 1542 3091 D PowerManagerService: releaseWakeLockInternal: lock=94096743 [AudioIn], flags=0x0
08-22 16:49:40.675 1542 3091 D PowerManagerNotifier: onWakeLockReleased: flags=1, tag="AudioIn", packageName=audioserver, ownerUid=1041, ownerPid=0, workSource=null
08-22 16:49:40.675 1542 3091 D PowerManagerService: updateWakeLockSummaryLocked: mWakefulness=Awake, mWakeLockSummary=0x23
08-22 16:49:40.675 1542 3091 D PowerManagerService: updateUserActivitySummaryLocked: groupId=0, mWakefulness=Awake, mUserActivitySummary=0x1, nextTimeout=10388873 (in 598383 ms)
08-22 16:49:40.675 1542 3091 D PowerManagerNotifier: onScreenPolicyUpdate: newPolicy=3
08-22 16:49:40.675 1542 3091 D PowerManagerService: updateDisplayPowerStateLocked: displayReady=true, groupId=0, policy=BRIGHT, mWakefulness=Awake, mWakeLockSummary=0x23, mUserActivitySummary=0x1, mBootCompleted=true, screenBrightnessOverride=NaN, useAutoBrightness=false, mScreenBrightnessBoostInProgress=false, mIsVrModeEnabled= false, sQuiescent=false
08-22 16:49:40.676 808 10249 W EffectHAL: Effect 0xf136b2f0 command SET_CONFIG returned status: Invalid argument
08-22 16:49:40.676 808 865 W EffectHAL: Effect 0xf136c930 command SET_CONFIG returned status: Invalid argument
08-22 16:49:40.682 30420 6376 I AudioManager: In isSpeakerphoneOn(), calling application: com.ss.android.lark
08-22 16:49:40.682 30420 6376 I AudioManager: In isBluetoothScoOn(), calling application: com.ss.android.lark
08-22 16:49:40.684 1212 22713 I MMParserExtractor: Created(0xb40000725beea9b0)
08-22 16:49:40.685 900 10139 D APM_AudioPolicyManager: startInput portId 381
08-22 16:49:40.685 900 10139 E power : power acquire_wake_lock enter!
08-22 16:49:40.685 900 10139 E power : power acquire_wake_lock exit!
08-22 16:49:40.685 580 580 E android.system.suspend@1.0-service: SystemSuspend::acquireWakeLock enter!pid = 900: Success
08-22 16:49:40.685 580 580 E android.system.suspend@1.0-service: SystemSuspend::acquireWakeLock exit!: Success
08-22 16:49:40.686 900 6398 D AudioFlinger: ThreadBase::updateWakeLockUids_l() st
08-22 16:49:40.686 900 6398 D AudioFlinger: updateWakeLockUids_l() AudioIn_336 status 0
08-22 16:49:40.686 900 6398 D AudioFlinger: ThreadBase::updateWakeLockUids_l() ed
08-22 16:49:40.686 1542 3091 D PowerManagerService: acquireWakeLockInternal: lock=72287666, flags=0x1, tag="AudioIn", ws=null, uid=1041, pid=0
08-22 16:49:40.686 30420 6373 D MediaCodecList: codecHandlesFormat: no format, so no extra checks
08-22 16:49:40.686 30420 6373 D MediaCodecList: codecHandlesFormat: no format, so no extra checks
08-22 16:49:40.686 1542 3091 D PowerManagerService: updateWakeLockSummaryLocked: mWakefulness=Awake, mWakeLockSummary=0x23
08-22 16:49:40.686 1542 3091 D PowerManagerService: updateUserActivitySummaryLocked: groupId=0, mWakefulness=Awake, mUserActivitySummary=0x1, nextTimeout=10388873 (in 598372 ms)
08-22 16:49:40.686 1542 3091 D PowerManagerNotifier: onScreenPolicyUpdate: newPolicy=3
08-22 16:49:40.687 1542 3091 D PowerManagerService: updateDisplayPowerStateLocked: displayReady=true, groupId=0, policy=BRIGHT, mWakefulness=Awake, mWakeLockSummary=0x23, mUserActivitySummary=0x1, mBootCompleted=true, screenBrightnessOverride=NaN, useAutoBrightness=false, mScreenBrightnessBoostInProgress=false, mIsVrModeEnabled= false, sQuiescent=false
08-22 16:49:40.687 1542 3091 D PowerManagerNotifier: onWakeLockAcquired: flags=1, tag="AudioIn", packageName=audioserver, ownerUid=1041, ownerPid=0, workSource=null
08-22 16:49:40.687 30420 6402 D CCodec : allocate(c2.android.mp3.decoder)
08-22 16:49:40.687 1542 3091 D PowerManagerService: updateWakeLockWorkSourceInternal: lock=72287666 [AudioIn], ws=WorkSource{10119}
08-22 16:49:40.687 1542 3091 D PowerManagerNotifier: onWakeLockReleased: flags=1, tag="AudioIn", packageName=audioserver, ownerUid=1041, ownerPid=0, workSource=null
08-22 16:49:40.687 808 10258 D audio_hw_primary: adev_create_audio_patch: enter: num sources 1, num_sinks 1, handle 0
08-22 16:49:40.687 1542 3091 D PowerManagerNotifier: onWakeLockAcquired: flags=1, tag="AudioIn", packageName=audioserver, ownerUid=1041, ownerPid=0, workSource=WorkSource{10119}
08-22 16:49:40.687 808 10258 D audio_hw_primary: adev_create_audio_patch: Capture patch from device 80000080 to mix 822
08-22 16:49:40.687 808 10258 D audio_hw_primary: update_patch: enter
08-22 16:49:40.687 808 10258 D audio_hw_primary: route_input_stream: exit: status(0)
08-22 16:49:40.687 808 10258 D audio_hw_primary: adev_create_audio_patch: Added a new patch with handle 58
08-22 16:49:40.688 808 10249 E device_utils: update_device_list: Invalid device: 0
08-22 16:49:40.688 900 10139 E power : power acquire_wake_lock enter!
08-22 16:49:40.688 900 10139 E power : power acquire_wake_lock exit!
08-22 16:49:40.688 580 580 E android.system.suspend@1.0-service: SystemSuspend::acquireWakeLock enter!pid = 900: Success
08-22 16:49:40.688 580 580 E android.system.suspend@1.0-service: SystemSuspend::acquireWakeLock exit!: Success
08-22 16:49:40.688 900 10139 E power : power acquire_wake_lock enter!
08-22 16:49:40.689 900 10139 E power : power acquire_wake_lock exit!
08-22 16:49:40.689 30420 6402 I CCodec : setting up 'default' as default (vendor) store
08-22 16:49:40.689 1542 15389 I SoundTriggerMiddlewareLogging: setCaptureState[this=com.android.server.soundtrigger_middleware.SoundTriggerMiddlewareImpl@94cc0e, client=null](true)
08-22 16:49:40.690 808 10249 D audio_hw_primary: AEC enable 1
08-22 16:49:40.690 808 10249 D audio_hw_primary: select_devices for use case (low-latency-playback)
08-22 16:49:40.690 808 10249 D audio_hw_primary: select_devices: changing use case low-latency-playback output device from(2: speaker, acdb 15) to (27: voice-speaker-stereo, acdb 15)
08-22 16:49:40.690 808 10249 D audio_hw_primary: disable_audio_route: reset and update mixer path: low-latency-playback
08-22 16:49:40.690 30420 6376 I AudioManager: In isSpeakerphoneOn(), calling application: com.ss.android.lark
08-22 16:49:40.690 30420 6376 I AudioManager: In isBluetoothScoOn(), calling application: com.ss.android.lark
08-22 16:49:40.691 30420 6402 I CCodec : Created component [c2.android.mp3.decoder]
08-22 16:49:40.691 30420 6402 D CCodecConfig: read media type: audio/mpeg
08-22 16:49:40.693 30420 6402 D ReflectedParamUpdater: extent() != 1 for single value type: algo.buffers.max-count.values
08-22 16:49:40.693 30420 6402 D ReflectedParamUpdater: extent() != 1 for single value type: output.subscribed-indices.values
08-22 16:49:40.693 30420 6402 D ReflectedParamUpdater: extent() != 1 for single value type: input.buffers.allocator-ids.values
08-22 16:49:40.694 30420 6376 I AudioManager: In isSpeakerphoneOn(), calling application: com.ss.android.lark
08-22 16:49:40.694 30420 6376 I AudioManager: In isBluetoothScoOn(), calling application: com.ss.android.lark
08-22 16:49:40.695 30420 6402 D ReflectedParamUpdater: extent() != 1 for single value type: output.buffers.allocator-ids.values
08-22 16:49:40.695 30420 6402 D ReflectedParamUpdater: extent() != 1 for single value type: algo.buffers.allocator-ids.values
08-22 16:49:40.695 30420 6402 D ReflectedParamUpdater: extent() != 1 for single value type: output.buffers.pool-ids.values
08-22 16:49:40.695 30420 6402 D ReflectedParamUpdater: extent() != 1 for single value type: algo.buffers.pool-ids.values
08-22 16:49:40.696 30420 6402 I CCodecConfig: query failed after returning 7 values (BAD_INDEX)
08-22 16:49:40.696 30420 6402 D CCodecConfig: c2 config diff is Dict {
08-22 16:49:40.696 30420 6402 D CCodecConfig: c2::u32 coded.bitrate.value = 64000
08-22 16:49:40.696 30420 6402 D CCodecConfig: c2::u32 input.buffers.max-size.value = 8192
08-22 16:49:40.696 30420 6402 D CCodecConfig: c2::u32 input.delay.value = 0
08-22 16:49:40.696 30420 6402 D CCodecConfig: string input.media-type.value = "audio/mpeg"
08-22 16:49:40.696 30420 6402 D CCodecConfig: string output.media-type.value = "audio/raw"
08-22 16:49:40.696 30420 6402 D CCodecConfig: c2::u32 raw.channel-count.value = 2
08-22 16:49:40.696 30420 6402 D CCodecConfig: c2::u32 raw.sample-rate.value = 44100
08-22 16:49:40.696 30420 6402 D CCodecConfig: }
08-22 16:49:40.696 30420 6402 D CCodec : [c2.android.mp3.decoder] buffers are bound to CCodec for this session
08-22 16:49:40.696 30420 6402 D CCodecConfig: no c2 equivalents for encoder-delay
08-22 16:49:40.696 30420 6402 D CCodecConfig: no c2 equivalents for track-id
08-22 16:49:40.696 30420 6402 D CCodecConfig: no c2 equivalents for file-format
08-22 16:49:40.696 30420 6402 D CCodecConfig: no c2 equivalents for durationUs
08-22 16:49:40.696 30420 6402 D CCodecConfig: no c2 equivalents for language
08-22 16:49:40.696 30420 6402 D CCodecConfig: no c2 equivalents for encoder-padding
08-22 16:49:40.696 30420 6402 D CCodecConfig: no c2 equivalents for flags
08-22 16:49:40.696 30420 6402 D CCodecConfig: config failed => CORRUPTED
08-22 16:49:40.696 0 0 I [ 9790.510519] afe_close: port_id = 0x9000
08-22 16:49:40.696 30420 6402 D CCodecConfig: c2 config diff is c2::u32 coded.bitrate.value = 128000
08-22 16:49:40.697 30420 6402 W Codec2Client: query -- param skipped: index = 1107298332.
08-22 16:49:40.697 30420 6402 D CCodec : client requested max input size 3000, which is smaller than what component recommended (8192); overriding with component recommendation.
08-22 16:49:40.697 30420 6402 W CCodec : This behavior is subject to change. It is recommended that app developers double check whether the requested max input size is in reasonable range.
08-22 16:49:40.697 30420 6402 D CCodec : setup formats input: AMessage(what = 0x00000000) = {
08-22 16:49:40.697 30420 6402 D CCodec : int32_t bitrate = 128000
08-22 16:49:40.697 30420 6402 D CCodec : int32_t channel-count = 2
08-22 16:49:40.697 30420 6402 D CCodec : int32_t max-input-size = 8192
08-22 16:49:40.697 30420 6402 D CCodec : string mime = "audio/mpeg"
08-22 16:49:40.697 30420 6402 D CCodec : int32_t sample-rate = 44100
08-22 16:49:40.697 30420 6402 D CCodec : }
08-22 16:49:40.697 30420 6402 D CCodec : setup formats output: AMessage(what = 0x00000000) = {
08-22 16:49:40.697 30420 6402 D CCodec : int32_t channel-count = 2
08-22 16:49:40.697 30420 6402 D CCodec : string mime = "audio/raw"
08-22 16:49:40.697 30420 6402 D CCodec : int32_t sample-rate = 44100
08-22 16:49:40.697 30420 6402 D CCodec : int32_t encoder-delay = 576
08-22 16:49:40.697 30420 6402 D CCodec : int32_t encoder-padding = 576
08-22 16:49:40.697 30420 6402 D CCodec : int32_t android._config-pcm-encoding = 2
08-22 16:49:40.697 30420 6402 D CCodec : }
08-22 16:49:40.697 30420 6402 I CCodecConfig: query failed after returning 7 values (BAD_INDEX)
08-22 16:49:40.697 30420 6402 W Codec2Client: query -- param skipped: index = 1342179345.
08-22 16:49:40.697 30420 6402 W Codec2Client: query -- param skipped: index = 2415921170.
08-22 16:49:40.698 30420 6402 D CCodecBufferChannel: [c2.android.mp3.decoder#232] Created input block pool with allocatorID 16 => poolID 26 - OK (0)
08-22 16:49:40.698 30420 6402 I CCodecBufferChannel: [c2.android.mp3.decoder#232] Created output block pool with allocatorID 16 => poolID 72 - OK
08-22 16:49:40.699 30420 6402 D CCodecBufferChannel: [c2.android.mp3.decoder#232] Configured output block pool ids 72 => OK
08-22 16:49:40.699 30420 6402 D CCodecBufferChannel: [c2.android.mp3.decoder#232] start: updating output delay 0
08-22 16:49:40.699 30420 6402 I CCodecBufferChannel: pipelineRoom(3) is <= numClientBuffers(3). Not signalling any more buffers to client
08-22 16:49:40.699 1299 6403 D SimpleC2Component: Using output block pool with poolID 72 => got 72 - 0
08-22 16:49:40.700 1936 1936 D InsetsSourceConsumer: Call hide for ITYPE_IME on StatusBar
08-22 16:49:40.700 1936 1936 D InsetsSourceConsumer: applyLocalVisibilityOverride: No control in StatusBar requestedVisible false
08-22 16:49:40.702 808 10249 E soundtrigger: audio_extn_sound_trigger_update_stream_status: invalid input device 0x0, for event 2
08-22 16:49:40.702 1299 6403 I C2SoftMp3Dec: Reconfiguring decoder: 0->44100 Hz, 0->2 channels
08-22 16:49:40.702 808 10249 D soundtrigger: audio_extn_sound_trigger_update_stream_status: uc_info->id 1 of type 0 for Event 2, with Raise=0
08-22 16:49:40.702 808 10249 D msm8974_platform: platform_split_snd_device: snd_device(2) num devices(0) new_snd_devices(0)
08-22 16:49:40.702 808 10249 I msm8974_platform: platform_get_custom_mtmx_params: no matching param with id 0 ip_ch 2 op_ch 2 uc_id 1 snd_dev 2
08-22 16:49:40.702 808 10249 D hardware_info: hw_info_append_hw_type : device_name = speaker
08-22 16:49:40.702 808 10249 D audio_hw_primary: disable_snd_device: snd_device(2: speaker)
08-22 16:49:40.702 808 10249 D msm8974_platform: platform_split_snd_device: snd_device(2) num devices(0) new_snd_devices(0)
08-22 16:49:40.702 808 10249 I soundtrigger: audio_extn_sound_trigger_update_device_status: device 0x2 of type 0 for Event 0, with Raise=0
08-22 16:49:40.702 808 10249 I msm8974_platform: platform_check_and_set_codec_backend_cfg:becf: afe: bitwidth 16, samplerate 48000 channels 2, backend_idx 0 usecase = 1 device (voice-speaker-stereo)
08-22 16:49:40.702 808 10249 D msm8974_platform: platform_split_snd_device: snd_device(27) num devices(1) new_snd_devices(0)
08-22 16:49:40.702 808 10249 I msm8974_platform: platform_check_and_set_codec_backend_cfg: new_snd_devices[0] is 27
08-22 16:49:40.702 808 10249 I msm8974_platform: platform_check_codec_backend_cfg:becf: afe: bitwidth 16, samplerate 48000 channels 2, backend_idx 0 usecase = 1 device (voice-speaker-stereo)
08-22 16:49:40.703 808 10249 D audio_hw_extn: audio_extn_enable_hifi_filter: mixer_value set 0
08-22 16:49:40.703 808 10249 D msm8974_platform: platform_check_codec_backend_cfg:becf: updated afe: bitwidth 16, samplerate 48000 channels 2,backend_idx 0 usecase = 1 device (voice-speaker-stereo)
08-22 16:49:40.703 808 10249 D msm8974_platform: platform_check_codec_backend_cfg:becf: afe: playback on codec device not supporting native playback set default Sample Rate(48k)
08-22 16:49:40.703 808 10249 I msm8974_platform: platform_check_codec_backend_cfg:becf: afe: Codec selected backend: 0 updated bit width: 16 and sample rate: 48000
08-22 16:49:40.703 808 10249 D audio_hw_primary: check_usecases_codec_backend:becf: force routing 0
08-22 16:49:40.703 808 10249 D audio_hw_primary: check_usecases_codec_backend:becf: (78) check_usecases curr device: voice-speaker-stereo, usecase device:speaker backends match 1
08-22 16:49:40.703 808 10249 D audio_hw_primary: check_usecases_codec_backend:becf: check_usecases num.of Usecases to switch 0
08-22 16:49:40.703 808 10249 D hardware_info: hw_info_append_hw_type : device_name = voice-speaker-stereo
08-22 16:49:40.703 808 10249 D msm8974_platform: platform_split_snd_device: snd_device(27) num devices(0) new_snd_devices(0)
08-22 16:49:40.703 808 10249 D audio_hw_primary: enable_snd_device: snd_device(27: voice-speaker-stereo)
08-22 16:49:40.703 808 10249 D msm8974_platform: platform_get_island_cfg_on_device:island cfg status on snd_device = (voice-speaker-stereo 0)
08-22 16:49:40.703 808 10249 I soundtrigger: audio_extn_sound_trigger_update_device_status: device 0x1b of type 0 for Event 1, with Raise=0
08-22 16:49:40.703 808 10249 D audio_route: Apply path: voice-speaker-stereo
08-22 16:49:40.703 808 10249 I audio_hw_utils: audio_extn_utils_update_stream_output_app_type_cfg Allowing 24 and above bits playback on speaker ONLY at default sampling rate
08-22 16:49:40.703 808 10249 E soundtrigger: audio_extn_sound_trigger_update_stream_status: invalid input device 0x0, for event 3
08-22 16:49:40.703 808 10249 D soundtrigger: audio_extn_sound_trigger_update_stream_status: uc_info->id 1 of type 0 for Event 3, with Raise=0
08-22 16:49:40.703 808 10249 D audio_hw_utils: audio_extn_utils_send_app_type_cfg: usecase->out_snd_device voice-speaker-stereo
08-22 16:49:40.703 808 10249 D msm8974_platform: platform_split_snd_device: snd_device(27) num devices(0) new_snd_devices(0)
08-22 16:49:40.704 808 10249 D audio_hw_utils: audio_extn_btsco_get_sample_rate:Not a BT SCO device, need not update sampling rate
08-22 16:49:40.704 808 10249 I audio_hw_utils: send_app_type_cfg_for_device PLAYBACK app_type 69937, acdb_dev_id 15, sample_rate 48000, snd_device_be_idx 55
08-22 16:49:40.704 808 10249 D msm8974_platform: platform_split_snd_device: snd_device(27) num devices(1) new_snd_devices(0)
08-22 16:49:40.704 808 10249 D audio_hw_utils: audio_extn_btsco_get_sample_rate:Not a BT SCO device, need not update sampling rate
08-22 16:49:40.704 808 10249 D ACDB-LOADER: ACDB -> send_audio_cal, acdb_id = 15, path = 0, app id = 0x11131, sample rate = 48000, afe_sample_rate = 48000
08-22 16:49:40.704 808 10249 D ACDB-LOADER: ACDB -> send_asm_topology
08-22 16:49:40.704 808 10249 D ACDB-LOADER: ACDB -> ACDB_CMD_GET_AUDPROC_STREAM_TOPOLOGY_ID
08-22 16:49:40.704 808 10249 D ACDB-LOADER: ACDB -> send_adm_topology
08-22 16:49:40.704 808 10249 D ACDB-LOADER: ACDB -> ACDB_CMD_GET_AUDPROC_COMMON_TOPOLOGY_ID
08-22 16:49:40.704 808 10249 D ACDB-LOADER: ACDB -> send_audtable
08-22 16:49:40.704 808 10249 D ACDB-LOADER: ACDB -> ACDB_CMD_GET_AUDPROC_INSTANCE_COMMON_TABLE_SIZE
08-22 16:49:40.704 808 10249 D ACDB-LOADER: ACDB -> ACDB_CMD_GET_AUDPROC_INSTANCE_COMMON_TABLE
08-22 16:49:40.704 808 10249 D ACDB-LOADER: ACDB -> AUDIO_SET_AUDPROC_CAL cal_type[11] acdb_id[15] app_type[69937]
08-22 16:49:40.704 808 10249 D ACDB-LOADER: ACDB -> send_audvoltable
08-22 16:49:40.704 808 10249 D ACDB-LOADER: ACDB -> ACDB_CMD_GET_AUDPROC_INSTANCE_GAIN_DEP_STEP_TABLE_SIZE
08-22 16:49:40.704 808 10249 D ACDB-LOADER: ACDB -> ACDB_CMD_GET_AUDPROC_INSTANCE_GAIN_DEP_STEP_TABLE, vol index 0
08-22 16:49:40.704 808 10249 D ACDB-LOADER: ACDB -> AUDIO_SET_VOL_CAL cal type = 12
08-22 16:49:40.705 808 10249 D ACDB-LOADER: ACDB -> ACDB_CMD_GET_AUDPROC_INSTANCE_STREAM_TABLE_SIZE
08-22 16:49:40.705 808 10249 D ACDB-LOADER: ACDB -> send_audstrmtable
08-22 16:49:40.705 808 10249 D ACDB-LOADER: ACDB -> ACDB_CMD_GET_AUDPROC_INSTANCE_STREAM_TABLE
08-22 16:49:40.705 808 10249 D ACDB-LOADER: ACDB -> audstrm_cal->cal_type.cal_data.cal_size = 20
08-22 16:49:40.705 808 10249 D ACDB-LOADER: ACDB -> send_afe_topology
08-22 16:49:40.705 808 10249 D ACDB-LOADER: ACDB -> ACDB_CMD_GET_AFE_TOPOLOGY_ID
08-22 16:49:40.705 808 10249 D ACDB-LOADER: ACDB -> GET_AFE_TOPOLOGY_ID for adcd_id 15, Topology Id 112fc
08-22 16:49:40.705 808 10249 D ACDB-LOADER: ACDB -> send_afe_cal
08-22 16:49:40.705 808 10249 D ACDB-LOADER: ACDB -> ACDB_CMD_GET_AFE_INSTANCE_COMMON_TABLE_SIZE
08-22 16:49:40.705 808 10249 D android.hardware.audio.service: Failed to fetch the lookup information of the device 0000000F
08-22 16:49:40.705 808 10249 D ACDB-LOADER: Error: ACDB_CMD_GET_AFE_INSTANCE_COMMON_TABLE_SIZE Returned = -19
08-22 16:49:40.705 808 10249 D ACDB-LOADER: ACDB -> ACDB_CMD_GET_AFE_INSTANCE_COMMON_TABLE
08-22 16:49:40.705 808 10249 D android.hardware.audio.service: Failed to fetch the lookup information of the device 0000000F
08-22 16:49:40.705 808 10249 D ACDB-LOADER: Error: ACDB AFE returned = -19
08-22 16:49:40.705 808 10249 D ACDB-LOADER: ACDB -> AUDIO_SET_AFE_CAL cal_type[16] acdb_id[15]
08-22 16:49:40.705 808 10249 D ACDB-LOADER: ACDB -> send_hw_delay : acdb_id = 15 path = 0
08-22 16:49:40.705 808 10249 D ACDB-LOADER: ACDB -> ACDB_AVSYNC_INFO: ACDB_CMD_GET_DEVICE_PROPERTY
08-22 16:49:40.705 808 10249 D msm8974_platform: platform_split_snd_device: snd_device(27) num devices(0) new_snd_devices(0)
08-22 16:49:40.705 808 10249 I msm8974_platform: platform_get_custom_mtmx_params: no matching param with id 0 ip_ch 2 op_ch 2 uc_id 1 snd_dev 27
08-22 16:49:40.705 808 10249 D audio_hw_primary: enable_audio_route: apply mixer and update path: low-latency-playback
08-22 16:49:40.705 808 10249 D audio_route: Apply path: low-latency-playback
08-22 16:49:40.717 0 0 I [ 9790.531093] afe_find_cal_topo_id_by_port: port id: 0x9000, dev_acdb_id: 15
08-22 16:49:40.717 0 0 I [ 9790.531099] afe_find_cal_topo_id_by_port: top_id:112fc acdb_id:15 afe_port_id:0x9000
08-22 16:49:40.717 0 0 I [ 9790.531102] afe_get_cal_topology_id: port_id = 0x9000 acdb_id = 15 topology_id = 0x112fc cal_type_index=8 ret=0
08-22 16:49:40.717 0 0 I [ 9790.531379] afe_send_port_topology_id: AFE set topology id 0x112fc enable for port 0x9000 ret 0
08-22 16:49:40.717 0 0 I [ 9790.531382] send_afe_cal_type: cal_index is 0
08-22 16:49:40.717 0 0 I [ 9790.531385] send_afe_cal_type: dev_acdb_id[55] is 15
08-22 16:49:40.717 0 0 I [ 9790.531387] afe_find_cal: cal_index 0 port_id 0x9000 port_index 55
08-22 16:49:40.717 0 0 I [ 9790.531391] afe_find_cal: acdb_id 15 dev_acdb_id 15 sample_rate 48000 afe_sample_rates 48000
08-22 16:49:40.717 0 0 I [ 9790.531392] afe_find_cal: cal block is a match, size is 0
08-22 16:49:40.717 0 0 I [ 9790.531395] send_afe_cal_type: Sending cal_index cal 0
08-22 16:49:40.717 0 0 E [ 9790.531397] send_afe_cal_type: No cal sent for cal_index 0, port_id = 0x9000! ret -22
08-22 16:49:40.717 0 0 I [ 9790.531641] afe_send_hw_delay: port_id 0x9000 rate 48000 delay_usec 474 status 0
08-22 16:49:40.726 808 10249 D audio_hw_primary: select_devices: done
08-22 16:49:40.726 808 30862 D audio_hw_primary: NS enable 1
08-22 16:49:40.727 808 10155 E FMQ : grantorIdx must be less than 3
08-22 16:49:40.727 808 10155 E FMQ : grantorIdx must be less than 3
08-22 16:49:40.728 808 6405 D audio_hw_primary: start_input_stream: enter: stream(0xf20c5e90)usecase(34: audio-record-voip)
08-22 16:49:40.728 808 6405 D audio_hw_primary: select_devices for use case (audio-record-voip)
08-22 16:49:40.728 808 6405 I msm8974_platform: platform_check_and_set_capture_codec_backend_cfg:txbecf: afe: bitwidth 16, samplerate 16000, channel 1 format 1, backend_idx 8 usecase = 34 device (speaker-mic)
08-22 16:49:40.728 808 6405 I msm8974_platform: platform_check_capture_codec_backend_cfg:txbecf: afe: Codec selected backend: 8 current bit width: 16 and sample rate: 16000, channels 1 format 1
08-22 16:49:40.728 808 6405 W msm8974_platform: platform_check_capture_codec_backend_cfg:txbecf: afe: Use default bw and sr for voice/voip calls and for unprocessed/camera source
08-22 16:49:40.728 808 6405 I msm8974_platform: platform_check_capture_codec_backend_cfg:txbecf: afe: current backend bit_width 16 sample_rate 48000 channels 1, format 0
08-22 16:49:40.728 808 6405 I msm8974_platform: platform_check_capture_codec_backend_cfg:txbecf: afe: Codec backend needs to be updated. new bit width: 16 new sample rate: 48000 new channel: 1 new format: 1
08-22 16:49:40.728 808 6405 I msm8974_platform: platform_set_codec_backend_cfg:becf: afe: bitwidth 16, samplerate 48000 channels 1 format 1, backend_idx 8 device (speaker-mic)
08-22 16:49:40.728 808 6405 D audio_hw_primary: check_usecases_capture_codec_backend:becf: force routing 0
08-22 16:49:40.728 808 6405 D hardware_info: hw_info_append_hw_type : device_name = speaker-mic
08-22 16:49:40.728 808 6405 D msm8974_platform: platform_split_snd_device: snd_device(144) num devices(0) new_snd_devices(0)
08-22 16:49:40.728 808 6405 D audio_hw_primary: enable_snd_device: snd_device(144: speaker-mic)
08-22 16:49:40.728 808 6405 D msm8974_platform: platform_get_island_cfg_on_device:island cfg status on snd_device = (speaker-mic 0)
08-22 16:49:40.728 808 6405 D soundtrigger: audio HAL using same device 144 as ST
08-22 16:49:40.728 808 6405 I soundtrigger: audio_extn_sound_trigger_update_device_status: device 0x90 of type 1 for Event 1, with Raise=1
08-22 16:49:40.728 808 6405 I sound_trigger_platform: platform_stdev_check_and_update_concurrency: Received DEVICE event, event type 1, usecase type 3
08-22 16:49:40.728 808 6405 D sound_trigger_platform: platform_stdev_get_capture_device: Device = 0x80000004
08-22 16:49:40.728 808 6405 D sound_trigger_platform: platform_stdev_get_capture_device: Available device = 0x80000004
08-22 16:49:40.728 808 6405 D sound_trigger_platform: platform_stdev_check_and_update_concurrency: dedicated path 1, reset backend 1, tx 1, rx 0, concurrency session not allowed
08-22 16:49:40.729 808 6405 D audio_route: Apply path: speaker-mic
08-22 16:49:40.729 808 6405 D sound_trigger_hw: handle_audio_ec_ref_enabled: Enter
08-22 16:49:40.729 808 6405 D sound_trigger_hw: handle_audio_ec_ref_enabled: Exit audio ec ref=1
08-22 16:49:40.729 808 6405 D soundtrigger: audio_extn_sound_trigger_update_ec_ref_status: update audio echo ref status true
08-22 16:49:40.729 808 6405 D audio_route: Apply path: echo-reference-voip
08-22 16:49:40.730 808 6405 D msm8974_platform: platform_set_echo_reference: enabling echo-reference-voip
08-22 16:49:40.730 808 6405 D soundtrigger: audio HAL using same device 144 as ST
08-22 16:49:40.730 808 6405 D soundtrigger: audio_extn_sound_trigger_update_stream_status: uc_info->id 34 of type 1 for Event 3, with Raise=1
08-22 16:49:40.730 808 6405 D soundtrigger: audio_extn_sound_trigger_update_stream_status: send event 13: usecase id 34, type 1
08-22 16:49:40.730 808 6405 I sound_trigger_platform: platform_stdev_check_and_update_concurrency: Received STREAM event, event type 13, usecase type 3
08-22 16:49:40.730 808 6405 D sound_trigger_platform: platform_stdev_get_capture_device: Device = 0x80000004
08-22 16:49:40.730 808 6405 D sound_trigger_platform: platform_stdev_get_capture_device: Available device = 0x80000004
08-22 16:49:40.730 808 6405 D sound_trigger_platform: platform_stdev_check_and_update_concurrency: dedicated path 1, reset backend 1, tx 1, rx 0, concurrency session not allowed
08-22 16:49:40.730 808 6405 D audio_hw_utils: audio_extn_utils_send_app_type_cfg: usecase->in_snd_device speaker-mic
08-22 16:49:40.730 808 6405 D msm8974_platform: platform_split_snd_device: snd_device(144) num devices(0) new_snd_devices(0)
08-22 16:49:40.730 808 6405 D audio_hw_utils: audio_extn_btsco_get_sample_rate:Not a BT SCO device, need not update sampling rate
08-22 16:49:40.730 808 6405 I audio_hw_utils: send_app_type_cfg_for_device CAPTURE app_type 69946, acdb_dev_id 11, sample_rate 16000, snd_device_be_idx 194
08-22 16:49:40.731 808 6405 D msm8974_platform: platform_split_snd_device: snd_device(144) num devices(1) new_snd_devices(0)
08-22 16:49:40.731 808 6405 D audio_hw_utils: audio_extn_btsco_get_sample_rate:Not a BT SCO device, need not update sampling rate
08-22 16:49:40.731 808 6405 D ACDB-LOADER: ACDB -> send_audio_cal, acdb_id = 11, path = 1, app id = 0x1113a, sample rate = 16000, afe_sample_rate = 48000
08-22 16:49:40.731 808 6405 D ACDB-LOADER: ACDB -> send_asm_topology
08-22 16:49:40.731 808 6405 D ACDB-LOADER: ACDB -> ACDB_CMD_GET_AUDPROC_STREAM_TOPOLOGY_ID
08-22 16:49:40.731 808 6405 D ACDB-LOADER: ACDB -> send_adm_topology
08-22 16:49:40.731 808 6405 D ACDB-LOADER: ACDB -> ACDB_CMD_GET_AUDPROC_COMMON_TOPOLOGY_ID
08-22 16:49:40.731 808 6405 D ACDB-LOADER: ACDB -> send_audtable
08-22 16:49:40.731 808 6405 D ACDB-LOADER: ACDB -> ACDB_CMD_GET_AUDPROC_INSTANCE_COMMON_TABLE_SIZE
08-22 16:49:40.731 808 6405 D ACDB-LOADER: ACDB -> ACDB_CMD_GET_AUDPROC_INSTANCE_COMMON_TABLE
08-22 16:49:40.731 808 6405 D ACDB-LOADER: ACDB -> AUDIO_SET_AUDPROC_CAL cal_type[11] acdb_id[11] app_type[69946]
08-22 16:49:40.731 808 6405 D ACDB-LOADER: ACDB -> ACDB_CMD_GET_PERSISTENT_AUDPROC_INSTANCE_COMMON_TABLE_SIZE
08-22 16:49:40.731 808 6405 D android.hardware.audio.service: ACDBFILE_MGR: Property for the pid 000133B7 not found
08-22 16:49:40.731 808 6405 D android.hardware.audio.service: ACDBFILE_MGR: Property for the pid 000133B7 not found
08-22 16:49:40.731 808 6405 D android.hardware.audio.service: ACDBFILE_MGR: Property for the pid 000133B7 not found
08-22 16:49:40.731 808 6405 D android.hardware.audio.service: ACDBFILE_MGR: Property for the pid 000133B7 not found
08-22 16:49:40.732 808 6405 D android.hardware.audio.service: ACDBFILE_MGR: Property for the pid 000133B7 not found
08-22 16:49:40.732 808 6405 D android.hardware.audio.service: ACDBFILE_MGR: Property for the pid 000133B7 not found
08-22 16:49:40.732 808 6405 D android.hardware.audio.service: ACDBFILE_MGR: Property for the pid 000133B7 not found
08-22 16:49:40.732 808 6405 D android.hardware.audio.service: ACDBFILE_MGR: Property for the pid 000133B7 not found
08-22 16:49:40.732 808 6405 D android.hardware.audio.service: ACDBFILE_MGR: Property for the pid 000133B7 not found
08-22 16:49:40.732 808 6405 D android.hardware.audio.service: ACDBFILE_MGR: Property for the pid 000133B7 not found
08-22 16:49:40.732 808 6405 D android.hardware.audio.service: ACDBFILE_MGR: Property for the pid 000133B7 not found
08-22 16:49:40.732 808 6405 D android.hardware.audio.service: ACDBFILE_MGR: Property for the pid 000133B7 not found
08-22 16:49:40.732 808 6405 D android.hardware.audio.service: ACDBFILE_MGR: Property for the pid 000133B7 not found
08-22 16:49:40.732 808 6405 D android.hardware.audio.service: ACDBFILE_MGR: Property for the pid 000133B7 not found
08-22 16:49:40.732 808 6405 D android.hardware.audio.service: ACDBFILE_MGR: Property for the pid 000133B7 not found
08-22 16:49:40.732 808 6405 D android.hardware.audio.service: ACDBFILE_MGR: Property for the pid 000133B7 not found
08-22 16:49:40.732 808 6405 D android.hardware.audio.service: ACDBFILE_MGR: Property for the pid 000133B7 not found
08-22 16:49:40.732 808 6405 D android.hardware.audio.service: ACDBFILE_MGR: Property for the pid 000133B7 not found
08-22 16:49:40.732 808 6405 D android.hardware.audio.service: ACDBFILE_MGR: Property for the pid 000133B7 not found
08-22 16:49:40.732 808 6405 D android.hardware.audio.service: ACDBFILE_MGR: Property for the pid 000133B7 not found
08-22 16:49:40.732 808 6405 D android.hardware.audio.service: ACDBFILE_MGR: Property for the pid 000133B7 not found
08-22 16:49:40.732 808 6405 D android.hardware.audio.service: ACDBFILE_MGR: Property for the pid 000133B7 not found
08-22 16:49:40.732 808 6405 D android.hardware.audio.service: ACDBFILE_MGR: Property for the pid 000133B7 not found
08-22 16:49:40.732 808 6405 D android.hardware.audio.service: ACDBFILE_MGR: Property for the pid 000133B7 not found
08-22 16:49:40.732 808 6405 D android.hardware.audio.service: ACDBFILE_MGR: Property for the pid 000133B7 not found
08-22 16:49:40.732 808 6405 D android.hardware.audio.service: ACDBFILE_MGR: Property for the pid 000133B7 not found
08-22 16:49:40.732 808 6405 D android.hardware.audio.service: ACDBFILE_MGR: Property for the pid 000133B7 not found
08-22 16:49:40.732 808 6405 D android.hardware.audio.service: ACDBFILE_MGR: Property for the pid 000133B7 not found
08-22 16:49:40.732 808 6405 D android.hardware.audio.service: ACDBFILE_MGR: Property for the pid 000133B7 not found
08-22 16:49:40.732 808 6405 D android.hardware.audio.service: [Data Manager]-> No data found
08-22 16:49:40.732 808 6405 D ACDB-LOADER: Error: ACDB_CMD_GET_PERSISTENT_AUDPROC_INSTANCE_COMMON_TABLE_SIZE returned -18
08-22 16:49:40.732 808 6405 D ACDB-LOADER: ACDB -> send_audproc_persist_table -18
08-22 16:49:40.732 808 6405 D ACDB-LOADER: Error: Invalid Audproc persist size = -18
08-22 16:49:40.732 808 6405 D ACDB-LOADER: ACDB -> ACDB_CMD_GET_AUDPROC_INSTANCE_STREAM_TABLE_SIZE
08-22 16:49:40.732 808 6405 D ACDB-LOADER: ACDB -> send_audstrmtable
08-22 16:49:40.732 808 6405 D ACDB-LOADER: ACDB -> ACDB_CMD_GET_AUDPROC_INSTANCE_STREAM_TABLE
08-22 16:49:40.732 808 6405 D ACDB-LOADER: ACDB -> audstrm_cal->cal_type.cal_data.cal_size = 20
08-22 16:49:40.732 808 6405 D ACDB-LOADER: ACDB -> send_afe_topology
08-22 16:49:40.732 808 6405 D ACDB-LOADER: ACDB -> ACDB_CMD_GET_AFE_TOPOLOGY_ID
08-22 16:49:40.732 808 6405 D ACDB-LOADER: ACDB -> GET_AFE_TOPOLOGY_ID for adcd_id 11, Topology Id 112fb
08-22 16:49:40.732 808 6405 D ACDB-LOADER: ACDB -> send_afe_cal
08-22 16:49:40.732 808 6405 D ACDB-LOADER: ACDB -> ACDB_CMD_GET_AFE_INSTANCE_COMMON_TABLE_SIZE
08-22 16:49:40.732 808 6405 D android.hardware.audio.service: Failed to fetch the lookup information of the device 0000000B
08-22 16:49:40.732 808 6405 D ACDB-LOADER: Error: ACDB_CMD_GET_AFE_INSTANCE_COMMON_TABLE_SIZE Returned = -19
08-22 16:49:40.732 808 6405 D ACDB-LOADER: ACDB -> ACDB_CMD_GET_AFE_INSTANCE_COMMON_TABLE
08-22 16:49:40.732 808 6405 D android.hardware.audio.service: Failed to fetch the lookup information of the device 0000000B
08-22 16:49:40.732 808 6405 D ACDB-LOADER: Error: ACDB AFE returned = -19
08-22 16:49:40.732 808 6405 D ACDB-LOADER: ACDB -> AUDIO_SET_AFE_CAL cal_type[17] acdb_id[11]
08-22 16:49:40.732 808 6405 D ACDB-LOADER: ACDB -> send_hw_delay : acdb_id = 11 path = 1
08-22 16:49:40.732 808 6405 D ACDB-LOADER: ACDB -> ACDB_AVSYNC_INFO: ACDB_CMD_GET_DEVICE_PROPERTY
08-22 16:49:40.732 808 6405 D audio_hw_primary: enable_audio_route: apply mixer and update path: audio-record-voip
08-22 16:49:40.732 1266 1641 I adsprpcd: vendor/qcom/proprietary/adsprpc/src/apps_std_imp.c:848: Successfully opened file /vendor/dsp/adsp/smecns_v2_module_fv9.so.1
08-22 16:49:40.737 0 0 I [ 9790.551623] afe_find_cal_topo_id_by_port: port id: 0x9001, dev_acdb_id: 0
08-22 16:49:40.732 808 6405 D audio_route: Apply path: audio-record-voip
08-22 16:49:40.734 808 6405 D audio_hw_primary: select_devices: done
08-22 16:49:40.737 0 0 I [ 9790.551632] afe_find_cal_topo_id_by_port: top_id:112fb acdb_id:11 afe_port:0x9001
08-22 16:49:40.737 0 0 I [ 9790.551636] afe_get_cal_topology_id: port_id = 0x9001 acdb_id = 11 topology_id = 0x112fb cal_type_index=8 ret=0
08-22 16:49:40.737 0 0 I [ 9790.551816] afe_send_port_topology_id: AFE set topology id 0x112fb enable for port 0x9001 ret 0
08-22 16:49:40.737 0 0 I [ 9790.551825] send_afe_cal_type: cal_index is 1
08-22 16:49:40.737 0 0 I [ 9790.551828] send_afe_cal_type: dev_acdb_id[56] is 0
08-22 16:49:40.737 0 0 I [ 9790.551832] send_afe_cal_type: Sending cal_index cal 1
08-22 16:49:40.737 0 0 E [ 9790.551835] send_afe_cal_type: No cal sent for cal_index 1, port_id = 0x9001! ret -22
08-22 16:49:40.737 0 0 I [ 9790.552019] afe_send_hw_delay: port_id 0x9001 rate 48000 delay_usec 578 status 0
08-22 16:49:40.739 30420 30431 I ss.android.lar: Background concurrent copying GC freed 829571(31MB) AllocSpace objects, 23(1172KB) LOS objects, 31% free, 52MB/76MB, paused 585us,110us total 160.495ms
08-22 16:49:40.765 0 0 E [ 9790.576312] adm_callback: cmd = 0x1035d returned error = 0x3
08-22 16:49:40.765 0 0 E [ 9790.576417] adm_apr_send_pkt: DSP returned error[ADSP_EUNSUPPORTED]
08-22 16:49:40.763 808 6405 D audio_hw_primary: start_input_stream: exit
08-22 16:49:40.803 1542 15389 I NotificationService: cancelToast pkg=com.ss.android.lark token=android.os.BinderProxy@12c8d3f
08-22 16:49:40.803 1542 15389 W NotificationService: Toast already cancelled. pkg=com.ss.android.lark token=android.os.BinderProxy@12c8d3f
08-22 16:49:40.806 30420 30461 D InsetsController: onStateChanged: InsetsState: {mDisplayFrame=Rect(0, 0 - 2560, 1080), mDisplayCutout=DisplayCutout{insets=Rect(0, 0 - 0, 0) waterfall=Insets{left=0, top=0, right=0, bottom=0} boundingRect={Bounds=[Rect(0, 0 - 0, 0), Rect(0, 0 - 0, 0), Rect(0, 0 - 0, 0), Rect(0, 0 - 0, 0)]} cutoutPathParserInfo={CutoutPathParserInfo{displayWidth=0 displayHeight=0 density={0.0} cutoutSpec={} rotation={0} scale={0.0}}}}, mRoundedCorners=RoundedCorners{[RoundedCorner{position=TopLeft, radius=0, center=Point(0, 0)}, RoundedCorner{position=TopRight, radius=0, center=Point(0, 0)}, RoundedCorner{position=BottomRight, radius=0, center=Point(0, 0)}, RoundedCorner{position=BottomLeft, radius=0, center=Point(0, 0)}]}, mPrivacyIndicatorBounds=PrivacyIndicatorBounds {static bounds=Rect(2416, 0 - 2539, 36) rotation=0}, mSources= { InsetsSource: {mType=ITYPE_STATUS_BAR, mFrame=[0,0][2560,36], mVisible=true}, InsetsSource: {mType=ITYPE_NAVIGATION_BAR, mFrame=[0,1034][2560,1080], mVisible=true}, InsetsSource: {mType=ITYPE_LEFT_GESTURES, mFrame=[0,0][0,1080], mVisible=true}, InsetsSource: {mType=ITYPE_RIGHT_GESTURES, mFrame=[2560,0][2560,1080], mVisible=true}, InsetsSource: {mType=ITYPE_TOP_MANDATORY_GESTURES, mFrame=[0,0][2560,36], mVisible=true}, InsetsSource: {mType=ITYPE_BOTTOM_MANDATORY_GESTURES, mFrame=[0,1034][2560,1080], mVisible=true}, InsetsSource: {mType=ITYPE_TOP_TAPPABLE_ELEMENT, mFrame=[0,0][2560,36], mVisible=true}, InsetsSource: {mType=ITYPE_BOTTOM_TAPPABLE_ELEMENT, mFrame=[0,1034][2560,1080], mVisible=true}, InsetsSource: {mType=ITYPE_IME, mFrame=[0,0][0,0], mVisible=false} }
08-22 16:49:40.806 30420 30461 D InsetsSourceConsumer: applyLocalVisibilityOverride: No control in Toast requestedVisible false
08-22 16:49:40.806 30420 30461 D InsetsSourceConsumer: applyLocalVisibilityOverride: No control in Toast requestedVisible true
08-22 16:49:40.806 30420 30461 D InsetsSourceConsumer: applyLocalVisibilityOverride: No control in Toast requestedVisible true
08-22 16:49:40.806 30420 30461 D InsetsSourceConsumer: applyLocalVisibilityOverride: No control in Toast requestedVisible true
08-22 16:49:40.806 30420 30461 D InsetsSourceConsumer: applyLocalVisibilityOverride: No control in Toast requestedVisible true
08-22 16:49:40.806 30420 30461 D InsetsSourceConsumer: applyLocalVisibilityOverride: No control in Toast requestedVisible true
08-22 16:49:40.806 30420 30461 D InsetsSourceConsumer: applyLocalVisibilityOverride: No control in Toast requestedVisible true
08-22 16:49:40.806 30420 30461 D InsetsSourceConsumer: applyLocalVisibilityOverride: No control in Toast requestedVisible true
08-22 16:49:40.806 30420 30461 D InsetsSourceConsumer: applyLocalVisibilityOverride: No control in Toast requestedVisible true
08-22 16:49:40.806 30420 30461 D InsetsController: onStateChanged, notifyInsetsChanged
08-22 16:49:40.806 30420 30461 D InsetsSourceConsumer: Call hide for ITYPE_IME on Toast
08-22 16:49:40.806 30420 30461 D InsetsSourceConsumer: applyLocalVisibilityOverride: No control in Toast requestedVisible false
08-22 16:49:40.816 30420 30461 D InsetsController: onStateChanged: InsetsState: {mDisplayFrame=Rect(0, 0 - 2560, 1080), mDisplayCutout=DisplayCutout{insets=Rect(0, 0 - 0, 0) waterfall=Insets{left=0, top=0, right=0, bottom=0} boundingRect={Bounds=[Rect(0, 0 - 0, 0), Rect(0, 0 - 0, 0), Rect(0, 0 - 0, 0), Rect(0, 0 - 0, 0)]} cutoutPathParserInfo={CutoutPathParserInfo{displayWidth=0 displayHeight=0 density={0.0} cutoutSpec={} rotation={0} scale={0.0}}}}, mRoundedCorners=RoundedCorners{[RoundedCorner{position=TopLeft, radius=0, center=Point(0, 0)}, RoundedCorner{position=TopRight, radius=0, center=Point(0, 0)}, RoundedCorner{position=BottomRight, radius=0, center=Point(0, 0)}, RoundedCorner{position=BottomLeft, radius=0, center=Point(0, 0)}]}, mPrivacyIndicatorBounds=PrivacyIndicatorBounds {static bounds=Rect(2416, 0 - 2539, 36) rotation=0}, mSources= { InsetsSource: {mType=ITYPE_STATUS_BAR, mFrame=[0,0][2560,36], mVisible=true}, InsetsSource: {mType=ITYPE_NAVIGATION_BAR, mFrame=[0,1034][2560,1080], mVisible=true}, InsetsSource: {mType=ITYPE_LEFT_GESTURES, mFrame=[0,0][0,1080], mVisible=true}, InsetsSource: {mType=ITYPE_RIGHT_GESTURES, mFrame=[2560,0][2560,1080], mVisible=true}, InsetsSource: {mType=ITYPE_TOP_MANDATORY_GESTURES, mFrame=[0,0][2560,36], mVisible=true}, InsetsSource: {mType=ITYPE_BOTTOM_MANDATORY_GESTURES, mFrame=[0,1034][2560,1080], mVisible=true}, InsetsSource: {mType=ITYPE_TOP_TAPPABLE_ELEMENT, mFrame=[0,0][2560,36], mVisible=true}, InsetsSource: {mType=ITYPE_BOTTOM_TAPPABLE_ELEMENT, mFrame=[0,1034][2560,1080], mVisible=true} }
08-22 16:49:40.816 30420 30461 D InsetsSourceConsumer: applyLocalVisibilityOverride: No control in Toast requestedVisible false
08-22 16:49:40.816 30420 30461 D InsetsSourceConsumer: applyLocalVisibilityOverride: No control in Toast requestedVisible true
08-22 16:49:40.816 30420 30461 D InsetsSourceConsumer: applyLocalVisibilityOverride: No control in Toast requestedVisible true
08-22 16:49:40.816 30420 30461 D InsetsSourceConsumer: applyLocalVisibilityOverride: No control in Toast requestedVisible true
08-22 16:49:40.816 30420 30461 D InsetsSourceConsumer: applyLocalVisibilityOverride: No control in Toast requestedVisible true
08-22 16:49:40.816 30420 30461 D InsetsSourceConsumer: applyLocalVisibilityOverride: No control in Toast requestedVisible true
08-22 16:49:40.816 30420 30461 D InsetsSourceConsumer: applyLocalVisibilityOverride: No control in Toast requestedVisible true
08-22 16:49:40.816 30420 30461 D InsetsSourceConsumer: applyLocalVisibilityOverride: No control in Toast requestedVisible true
08-22 16:49:40.816 30420 30461 D InsetsSourceConsumer: applyLocalVisibilityOverride: No control in Toast requestedVisible true
08-22 16:49:40.816 30420 30461 D InsetsController: onStateChanged, notifyInsetsChanged
08-22 16:49:40.816 30420 30461 D InsetsSourceConsumer: Call hide for ITYPE_IME on Toast
08-22 16:49:40.816 30420 30461 D InsetsSourceConsumer: applyLocalVisibilityOverride: No control in Toast requestedVisible false
08-22 16:49:41.277 30420 6391 D ByteNN : ByteNN version: 3.1.64.
08-22 16:49:41.308 661 676 I mpu_uart: [MSG-P:RECV]:No message received in 1000 ms
08-22 16:49:41.310 808 10155 D audio_hw_primary: out_set_parameters: enter: usecase(1: low-latency-playback) kvpairs: suspend_playback=false
08-22 16:49:41.310 808 10155 D audio_hw_extn: audio_extn_fm_set_parameters: Enter
08-22 16:49:41.310 808 10160 W audio_hw_primary: out_write: underrun(89) frames_by_time(48225) > out->last_fifo_frames_remaining(384)
08-22 16:49:41.348 808 10155 D audio_hw_primary: out_set_parameters: enter: usecase(1: low-latency-playback) kvpairs: suspend_playback=true
08-22 16:49:41.348 808 10155 D audio_hw_extn: audio_extn_fm_set_parameters: Enter
08-22 16:49:41.441 6416 6416 I auditd : type=1400 audit(0.0:60301): avc: denied { open } for comm="top" path="/proc/sys/kernel/pid_max" dev="proc" ino=2522890 scontext=u:r:untrusted_app_27:s0:c512,c768 tcontext=u:object_r:proc_pid_max:s0 tclass=file permissive=1 app=com.tencent.mobileqq
08-22 16:49:41.441 6416 6416 I top : type=1400 audit(0.0:60301): avc: denied { open } for path="/proc/sys/kernel/pid_max" dev="proc" ino=2522890 scontext=u:r:untrusted_app_27:s0:c512,c768 tcontext=u:object_r:proc_pid_max:s0 tclass=file permissive=1 app=com.tencent.mobileqq
08-22 16:49:41.449 6416 6416 I auditd : type=1400 audit(0.0:60302): avc: denied { open } for comm="top" path="/proc/stat" dev="proc" ino=4026532245 scontext=u:r:untrusted_app_27:s0:c512,c768 tcontext=u:object_r:proc_stat:s0 tclass=file permissive=1 app=com.tencent.mobileqq
08-22 16:49:41.449 6416 6416 I top : type=1400 audit(0.0:60302): avc: denied { open } for path="/proc/stat" dev="proc" ino=4026532245 scontext=u:r:untrusted_app_27:s0:c512,c768 tcontext=u:object_r:proc_stat:s0 tclass=file permissive=1 app=com.tencent.mobileqq
08-22 16:49:41.707 30420 6376 I AudioManager: In isSpeakerphoneOn(), calling application: com.ss.android.lark
08-22 16:49:41.708 30420 6376 I AudioManager: In isBluetoothScoOn(), calling application: com.ss.android.lark
08-22 16:49:41.709 30420 6376 D ss.android.lar: PlayerBase::PlayerBase()
08-22 16:49:41.709 30420 6376 D ss.android.lar: TrackPlayerBase::TrackPlayerBase()
