08-22 16:04:55.209 11069 11392 D TelephonyManager: getCellLocation returning null because telephony is null
08-22 16:05:06.826 11069 11392 D TelephonyManager: getCellLocation returning null because telephony is null
08-22 16:05:16.927 11069 11392 D TelephonyManager: getCellLocation returning null because telephony is null
08-22 16:05:26.992 11069 11392 D TelephonyManager: getCellLocation returning null because telephony is null
08-22 16:05:37.132 11069 11392 D TelephonyManager: getCellLocation returning null because telephony is null
08-22 16:05:47.821 11069 11392 D TelephonyManager: getCellLocation returning null because telephony is null
08-22 16:05:52.985 10962 11242 D TelephonyManager: getCellLocation returning null because telephony is null
08-22 16:05:58.496 11069 11392 D TelephonyManager: getCellLocation returning null because telephony is null
08-22 16:06:06.339 10962 11242 D TelephonyManager: getCellLocation returning null because telephony is null
08-22 16:06:08.895 11069 11392 D TelephonyManager: getCellLocation returning null because telephony is null
08-22 16:06:18.984 11069 11392 D TelephonyManager: getCellLocation returning null because telephony is null
08-22 16:06:29.375 11069 11392 D TelephonyManager: getCellLocation returning null because telephony is null
08-22 16:06:39.497 11069 11392 D TelephonyManager: getCellLocation returning null because telephony is null
08-22 16:06:49.955 11069 11392 D TelephonyManager: getCellLocation returning null because telephony is null
08-22 16:07:00.046 11069 11392 D TelephonyManager: getCellLocation returning null because telephony is null
08-22 16:07:10.967 11069 11392 D TelephonyManager: getCellLocation returning null because telephony is null
08-22 16:07:19.099 10962 11242 D TelephonyManager: getCellLocation returning null because telephony is null
08-22 16:07:22.059 11069 11392 D TelephonyManager: getCellLocation returning null because telephony is null
08-22 16:07:32.643 11069 11392 D TelephonyManager: getCellLocation returning null because telephony is null
08-22 16:07:54.861 11069 11392 D TelephonyManager: getCellLocation returning null because telephony is null
08-22 16:08:04.930 11069 11392 D TelephonyManager: getCellLocation returning null because telephony is null
08-22 16:08:09.849 10962 11242 D TelephonyManager: getCellLocation returning null because telephony is null
08-22 16:08:15.318 11069 11392 D TelephonyManager: getCellLocation returning null because telephony is null
08-22 16:08:25.432 11069 11392 D TelephonyManager: getCellLocation returning null because telephony is null
08-22 16:08:30.837 10962 11242 D TelephonyManager: getCellLocation returning null because telephony is null
08-22 16:08:35.957 11069 11392 D TelephonyManager: getCellLocation returning null because telephony is null
08-22 16:08:46.067 11069 11392 D TelephonyManager: getCellLocation returning null because telephony is null
08-22 16:08:56.469 11069 11392 D TelephonyManager: getCellLocation returning null because telephony is null
08-22 16:09:06.564 11069 11392 D TelephonyManager: getCellLocation returning null because telephony is null
08-22 16:09:17.568 11069 11392 D TelephonyManager: getCellLocation returning null because telephony is null
08-22 16:09:29.604 11069 11392 D TelephonyManager: getCellLocation returning null because telephony is null
08-22 16:09:39.800 10962 11242 D TelephonyManager: getCellLocation returning null because telephony is null
08-22 16:09:40.738 11069 11392 D TelephonyManager: getCellLocation returning null because telephony is null
08-22 16:09:50.838 11069 11392 D TelephonyManager: getCellLocation returning null because telephony is null
08-22 16:10:07.471 11069 11392 D TelephonyManager: getCellLocation returning null because telephony is null
08-22 16:10:17.570 11069 11392 D TelephonyManager: getCellLocation returning null because telephony is null
08-22 16:10:18.076 10962 11242 D TelephonyManager: getCellLocation returning null because telephony is null
08-22 16:10:27.968 11069 11392 D TelephonyManager: getCellLocation returning null because telephony is null
08-22 16:10:32.567 10962 11242 D TelephonyManager: getCellLocation returning null because telephony is null
08-22 16:10:38.342 11069 11392 D TelephonyManager: getCellLocation returning null because telephony is null
08-22 16:10:48.453 11069 11392 D TelephonyManager: getCellLocation returning null because telephony is null
08-22 16:10:52.770 10962 11242 D TelephonyManager: getCellLocation returning null because telephony is null
08-22 16:10:58.624 11069 11392 D TelephonyManager: getCellLocation returning null because telephony is null
08-22 16:11:08.744 11069 11392 D TelephonyManager: getCellLocation returning null because telephony is null
08-22 16:11:18.526 10962 11242 D TelephonyManager: getCellLocation returning null because telephony is null
08-22 16:11:20.974 11069 11392 D TelephonyManager: getCellLocation returning null because telephony is null
08-22 16:11:31.990 11069 11392 D TelephonyManager: getCellLocation returning null because telephony is null
08-22 16:11:41.997 11069 11392 D TelephonyManager: getCellLocation returning null because telephony is null
08-22 16:11:52.663 11069 11392 D TelephonyManager: getCellLocation returning null because telephony is null
08-22 16:12:03.280 10962 11242 D TelephonyManager: getCellLocation returning null because telephony is null
08-22 16:12:03.350 11069 11392 D TelephonyManager: getCellLocation returning null because telephony is null
08-22 16:12:13.757 11069 11392 D TelephonyManager: getCellLocation returning null because telephony is null
08-22 16:12:20.153 10962 11242 D TelephonyManager: getCellLocation returning null because telephony is null
08-22 16:12:24.396 11069 11392 D TelephonyManager: getCellLocation returning null because telephony is null
08-22 16:12:32.319 10962 11242 D TelephonyManager: getCellLocation returning null because telephony is null
08-22 16:12:35.136 11069 11392 D TelephonyManager: getCellLocation returning null because telephony is null
08-22 16:12:42.538 10962 11242 D TelephonyManager: getCellLocation returning null because telephony is null
08-22 16:12:45.473 11069 11392 D TelephonyManager: getCellLocation returning null because telephony is null
08-22 16:12:56.107 11069 11392 D TelephonyManager: getCellLocation returning null because telephony is null
08-22 16:13:00.063 10962 11242 D TelephonyManager: getCellLocation returning null because telephony is null
08-22 16:13:06.724 11069 11392 D TelephonyManager: getCellLocation returning null because telephony is null
08-22 16:13:16.762 11069 11392 D TelephonyManager: getCellLocation returning null because telephony is null
08-22 16:13:27.752 11069 11392 D TelephonyManager: getCellLocation returning null because telephony is null
08-22 16:13:37.939 11069 11392 D TelephonyManager: getCellLocation returning null because telephony is null
08-22 16:13:48.365 11069 11392 D TelephonyManager: getCellLocation returning null because telephony is null
08-22 16:13:58.943 11069 11392 D TelephonyManager: getCellLocation returning null because telephony is null
08-22 16:14:04.329 10962 11242 D TelephonyManager: getCellLocation returning null because telephony is null
08-22 16:14:09.125 11069 11392 D TelephonyManager: getCellLocation returning null because telephony is null
08-22 16:14:19.530 10962 11242 D TelephonyManager: getCellLocation returning null because telephony is null
08-22 16:14:19.797 11069 11392 D TelephonyManager: getCellLocation returning null because telephony is null
08-22 16:14:30.541 11069 11392 D TelephonyManager: getCellLocation returning null because telephony is null
08-22 16:14:41.203 11069 11392 D TelephonyManager: getCellLocation returning null because telephony is null
08-22 16:14:51.943 11069 11392 D TelephonyManager: getCellLocation returning null because telephony is null
08-22 16:15:02.960 11069 11392 D TelephonyManager: getCellLocation returning null because telephony is null
08-22 16:15:13.904 11069 11392 D TelephonyManager: getCellLocation returning null because telephony is null
08-22 16:15:23.979 11069 11392 D TelephonyManager: getCellLocation returning null because telephony is null
08-22 16:15:34.205 11069 11392 D TelephonyManager: getCellLocation returning null because telephony is null
08-22 16:15:52.624 11069 11392 D TelephonyManager: getCellLocation returning null because telephony is null
08-22 16:15:58.508 8624 26101 D SubscriptionManager: [getSubId]- fail
08-22 16:15:58.508 8624 26101 D SubscriptionManager: [getSubId]- fail
08-22 16:16:02.498 8624 26251 D SubscriptionManager: [getSubId]- fail
08-22 16:16:02.525 8624 26101 D SubscriptionManager: [getSubId]- fail
08-22 16:16:02.525 8624 26101 D SubscriptionManager: [getSubId]- fail
08-22 16:16:02.856 11069 11392 D TelephonyManager: getCellLocation returning null because telephony is null
08-22 16:16:13.606 11069 11392 D TelephonyManager: getCellLocation returning null because telephony is null
08-22 16:16:23.579 26417 26417 D SubscriptionManager: [getSubId]- fail
08-22 16:16:23.580 26417 26417 D SubscriptionManager: [getSubId]- fail
08-22 16:16:23.776 26353 26447 D SubscriptionManager: [getSubId]- fail
08-22 16:16:23.777 26353 26447 D SubscriptionManager: [getSubId]- fail
08-22 16:16:27.740 26353 26606 D SubscriptionManager: [getSubId]- fail
08-22 16:16:27.769 26353 26447 D SubscriptionManager: [getSubId]- fail
08-22 16:16:27.770 26353 26447 D SubscriptionManager: [getSubId]- fail
08-22 16:16:28.889 11069 11392 D TelephonyManager: getCellLocation returning null because telephony is null
08-22 16:16:28.900 10962 11242 D TelephonyManager: getCellLocation returning null because telephony is null
08-22 16:16:37.584 26992 26992 D SubscriptionManager: [getSubId]- fail
08-22 16:16:37.585 26992 26992 D SubscriptionManager: [getSubId]- fail
08-22 16:16:37.776 26909 26990 D SubscriptionManager: [getSubId]- fail
08-22 16:16:37.779 26909 26990 D SubscriptionManager: [getSubId]- fail
08-22 16:16:42.230 27287 27359 D TelephonyManager: getCellLocation returning null because telephony is null
08-22 16:16:42.359 27363 27542 D TelephonyManager: getCellLocation returning null because telephony is null
08-22 16:16:44.307 27659 27659 D SubscriptionManager: [getSubId]- fail
08-22 16:16:44.308 27659 27659 D SubscriptionManager: [getSubId]- fail
08-22 16:16:44.487 27601 27657 D SubscriptionManager: [getSubId]- fail
08-22 16:16:44.487 27601 27657 D SubscriptionManager: [getSubId]- fail
08-22 16:16:45.537 27973 28059 D TelephonyManager: getCellLocation returning null because telephony is null
08-22 16:16:48.423 27601 27889 D SubscriptionManager: [getSubId]- fail
08-22 16:16:48.451 27601 27657 D SubscriptionManager: [getSubId]- fail
08-22 16:16:48.451 27601 27657 D SubscriptionManager: [getSubId]- fail
08-22 16:16:51.782 28290 28370 D TelephonyManager: getCellLocation returning null because telephony is null
08-22 16:16:52.265 1542 12009 D TelephonyRegistry: listen oscl: mHasNotifySubscriptionInfoChangedOccurred==false no callback
08-22 16:16:57.404 28619 28619 D SubscriptionManager: [getSubId]- fail
08-22 16:16:57.405 28619 28619 D SubscriptionManager: [getSubId]- fail
08-22 16:16:57.599 28542 28617 D SubscriptionManager: [getSubId]- fail
08-22 16:16:57.599 28542 28617 D SubscriptionManager: [getSubId]- fail
08-22 16:16:58.982 27363 27574 D TelephonyManager: getCellLocation returning null because telephony is null
08-22 16:16:58.982 28290 28948 D TelephonyManager: getCellLocation returning null because telephony is null
08-22 16:16:59.984 28290 29148 D TelephonyManager: getCellLocation returning null because telephony is null
08-22 16:17:01.537 28542 28835 D SubscriptionManager: [getSubId]- fail
08-22 16:17:01.609 28542 28617 D SubscriptionManager: [getSubId]- fail
08-22 16:17:01.610 28542 28617 D SubscriptionManager: [getSubId]- fail
08-22 16:17:02.006 28290 28370 D TelephonyManager: getCellLocation returning null because telephony is null
08-22 16:17:09.607 27363 27574 D TelephonyManager: getCellLocation returning null because telephony is null
08-22 16:17:19.734 28290 28370 D TelephonyManager: getCellLocation returning null because telephony is null
08-22 16:17:20.374 27363 27574 D TelephonyManager: getCellLocation returning null because telephony is null
08-22 16:17:30.596 27363 27574 D TelephonyManager: getCellLocation returning null because telephony is null
08-22 16:17:31.143 28542 29738 D SubscriptionManager: [getSubId]- fail
08-22 16:17:31.144 28542 29738 D SubscriptionManager: [getSubId]- fail
08-22 16:17:35.117 28542 28844 D SubscriptionManager: [getSubId]- fail
08-22 16:17:35.145 28542 29738 D SubscriptionManager: [getSubId]- fail
08-22 16:17:35.146 28542 29738 D SubscriptionManager: [getSubId]- fail
08-22 16:17:40.749 27363 27574 D TelephonyManager: getCellLocation returning null because telephony is null
08-22 16:17:51.218 27363 27574 D TelephonyManager: getCellLocation returning null because telephony is null
08-22 16:18:01.587 27363 27574 D TelephonyManager: getCellLocation returning null because telephony is null
08-22 16:18:12.272 27363 27574 D TelephonyManager: getCellLocation returning null because telephony is null
08-22 16:18:22.923 27363 27574 D TelephonyManager: getCellLocation returning null because telephony is null
08-22 16:18:33.710 27363 27574 D TelephonyManager: getCellLocation returning null because telephony is null
08-22 16:18:44.066 27363 27574 D TelephonyManager: getCellLocation returning null because telephony is null
08-22 16:18:55.014 27363 27574 D TelephonyManager: getCellLocation returning null because telephony is null
08-22 16:19:05.627 27363 27574 D TelephonyManager: getCellLocation returning null because telephony is null
08-22 16:19:16.231 27363 27574 D TelephonyManager: getCellLocation returning null because telephony is null
08-22 16:19:26.966 27363 27574 D TelephonyManager: getCellLocation returning null because telephony is null
08-22 16:19:37.029 27363 27574 D TelephonyManager: getCellLocation returning null because telephony is null
08-22 16:19:47.278 27363 27574 D TelephonyManager: getCellLocation returning null because telephony is null
08-22 16:19:57.509 27363 27574 D TelephonyManager: getCellLocation returning null because telephony is null
08-22 16:20:08.410 27363 27574 D TelephonyManager: getCellLocation returning null because telephony is null
08-22 16:20:19.317 27363 27574 D TelephonyManager: getCellLocation returning null because telephony is null
08-22 16:20:30.292 27363 27574 D TelephonyManager: getCellLocation returning null because telephony is null
08-22 16:20:31.979 28290 28370 D TelephonyManager: getCellLocation returning null because telephony is null
08-22 16:20:40.708 27363 27574 D TelephonyManager: getCellLocation returning null because telephony is null
08-22 16:20:42.129 28290 28370 D TelephonyManager: getCellLocation returning null because telephony is null
08-22 16:20:51.333 27363 27574 D TelephonyManager: getCellLocation returning null because telephony is null
08-22 16:21:38.087 28542 12034 D SubscriptionManager: [getSubId]- fail
08-22 16:21:38.094 28542 12034 D SubscriptionManager: [getSubId]- fail
08-22 16:21:42.065 28542 12125 D SubscriptionManager: [getSubId]- fail
08-22 16:21:42.086 28542 12034 D SubscriptionManager: [getSubId]- fail
08-22 16:21:42.086 28542 12034 D SubscriptionManager: [getSubId]- fail
08-22 16:21:44.323 12196 12196 D SubscriptionManager: [getSubId]- fail
08-22 16:21:44.324 12196 12196 D SubscriptionManager: [getSubId]- fail
08-22 16:22:00.417 12351 12424 D TelephonyManager: getCellLocation returning null because telephony is null
08-22 16:22:04.560 12153 12673 D SubscriptionManager: [getSubId]- fail
08-22 16:22:04.560 12153 12673 D SubscriptionManager: [getSubId]- fail
08-22 16:22:05.656 12895 12971 D TelephonyManager: getCellLocation returning null because telephony is null
08-22 16:22:05.887 12977 13178 D TelephonyManager: getCellLocation returning null because telephony is null
08-22 16:22:08.547 12153 12742 D SubscriptionManager: [getSubId]- fail
08-22 16:22:08.566 12153 12673 D SubscriptionManager: [getSubId]- fail
08-22 16:22:08.567 12153 12673 D SubscriptionManager: [getSubId]- fail
08-22 16:22:16.263 13879 14044 D TelephonyManager: getCellLocation returning null because telephony is null
08-22 16:22:16.965 14126 14254 D TelephonyManager: getCellLocation returning null because telephony is null
08-22 16:23:05.746 14520 14593 D TelephonyManager: getCellLocation returning null because telephony is null
08-22 16:23:16.407 14805 14908 D TelephonyManager: getCellLocation returning null because telephony is null
08-22 16:23:26.412 1542 15389 D TelephonyRegistry: listen oscl: mHasNotifySubscriptionInfoChangedOccurred==false no callback
08-22 16:23:27.093 14933 15035 D TelephonyManager: getCellLocation returning null because telephony is null
08-22 16:23:55.176 15494 15572 D TelephonyManager: getCellLocation returning null because telephony is null
08-22 16:23:55.673 15579 15819 D TelephonyManager: getCellLocation returning null because telephony is null
08-22 16:24:01.490 16286 16434 D TelephonyManager: getCellLocation returning null because telephony is null
08-22 16:24:11.483 1542 22853 D TelephonyRegistry: listen oscl: mHasNotifySubscriptionInfoChangedOccurred==false no callback --------- beginning of events
08-22 16:24:11.885 16722 16722 I auditd : type=1400 audit(0.0:32587): avc: granted { execute } for comm="utonavi.minimap" path="/data/data/com.autonavi.minimap/files/lib_hotfix/12.16.1.2056.121600.32/8/libdice.so" dev="dm-10" ino=1004920 scontext=u:r:untrusted_app:s0:c28,c256,c512,c768 tcontext=u:object_r:app_data_file:s0:c28,c256,c512,c768 tclass=file app=com.autonavi.minimap
08-22 16:24:12.321 16722 16823 D TelephonyManager: getCellLocation returning null because telephony is null
08-22 16:24:12.451 1542 1871 I netstats_mobile_sample: [0,0,0,0,0,0,0,0,0,0,0,0,1692692652466]
08-22 16:24:12.451 1542 1871 I netstats_wifi_sample: [26685408,64543,23064849,44252,26685408,64543,23064849,44252,96979565,136654,18444895,40349,1692692652466]
08-22 16:24:12.642 1542 12437 I am_kill : [0,16286,com.autonavi.minimap:locationservice,915,empty #2]
08-22 16:24:12.697 1542 22853 I am_proc_died: [0,16286,com.autonavi.minimap:locationservice,915,19]
08-22 16:24:12.712 1542 1659 I commit_sys_config_file: [jobs,2]
08-22 16:24:12.734 1542 1693 I am_pss : [15883,10098,com.tencent.mobileqq,176822272,113864704,44032,368828416,0,2,17]
08-22 16:24:12.729 21507 21507 I auditd : type=1400 audit(0.0:32599): avc: granted { nlmsg_readpriv } for comm="halley_2800_Tem" scontext=u:r:untrusted_app_27:s0:c512,c768 tcontext=u:r:untrusted_app_27:s0:c512,c768 tclass=netlink_route_socket app=com.tencent.android.qqdownloader
08-22 16:24:12.733 21507 21507 I auditd : type=1400 audit(0.0:32600): avc: granted { nlmsg_readpriv } for comm="halley_2800_Tem" scontext=u:r:untrusted_app_27:s0:c512,c768 tcontext=u:r:untrusted_app_27:s0:c512,c768 tclass=netlink_route_socket app=com.tencent.android.qqdownloader
08-22 16:24:12.833 21507 21507 I auditd : type=1400 audit(0.0:32601): avc: granted { nlmsg_readpriv } for comm="halley_2800_Tem" scontext=u:r:untrusted_app_27:s0:c512,c768 tcontext=u:r:untrusted_app_27:s0:c512,c768 tclass=netlink_route_socket app=com.tencent.android.qqdownloader
08-22 16:24:12.845 21507 21507 I auditd : type=1400 audit(0.0:32602): avc: granted { nlmsg_readpriv } for comm="halley_2800_Tem" scontext=u:r:untrusted_app_27:s0:c512,c768 tcontext=u:r:untrusted_app_27:s0:c512,c768 tclass=netlink_route_socket app=com.tencent.android.qqdownloader
08-22 16:24:13.301 16992 16992 I auditd : type=1400 audit(0.0:32603): avc: denied { open } for comm="top" path="/proc/sys/kernel/pid_max" dev="proc" ino=1915095 scontext=u:r:untrusted_app_27:s0:c512,c768 tcontext=u:object_r:proc_pid_max:s0 tclass=file permissive=1 app=com.tencent.mobileqq
08-22 16:24:14.375 1542 1542 I notification_enqueue: [10104,21452,com.tencent.android.qqdownloader,127,NULL,0,Notification(channel=channel_id_default_silent shortcut=null contentView=com.tencent.android.qqdownloader/0x7f0a01c2 vibrate=null sound=null defaults=0x0 flags=0x2a2 color=0x00000000 groupKey=com.tencent.android.qqdownloader vis=PRIVATE),1]
08-22 16:24:14.413 1542 1843 I input_interaction: Interaction with: 69996b3 PopupWindow:4099c39 (server), edge-swipe (server), swipe-up (server), PointerEventDispatcher0 (server),
08-22 16:24:15.233 1542 1843 I input_interaction: Interaction with: e7d76c3 com.tencent.mobileqq/com.tencent.mobileqq.activity.LoginPublicFragmentActivity (server), edge-swipe (server), swipe-up (server), PointerEventDispatcher0 (server),
08-22 16:24:15.377 1542 1542 I notification_enqueue: [10104,21452,com.tencent.android.qqdownloader,127,NULL,0,Notification(channel=channel_id_default_silent shortcut=null contentView=com.tencent.android.qqdownloader/0x7f0a01c2 vibrate=null sound=null defaults=0x0 flags=0x2a2 color=0x00000000 groupKey=com.tencent.android.qqdownloader vis=PRIVATE),1]
08-22 16:24:15.903 1542 1662 I input_focus: [Focus request 2d66533 com.tencent.mobileqq/com.tencent.mobileqq.activity.LoginPublicFragmentActivity,reason=UpdateInputWindows]
08-22 16:24:15.909 15969 15969 I auditd : type=1400 audit(0.0:32605): avc: denied { read } for comm="Wtlogin_GetStWi" name="version" dev="proc" ino=4026532247 scontext=u:r:untrusted_app_27:s0:c512,c768 tcontext=u:object_r:proc_version:s0 tclass=file permissive=1 app=com.tencent.mobileqq
08-22 16:24:15.909 15969 15969 I auditd : type=1400 audit(0.0:32606): avc: denied { open } for comm="Wtlogin_GetStWi" path="/proc/version" dev="proc" ino=4026532247 scontext=u:r:untrusted_app_27:s0:c512,c768 tcontext=u:object_r:proc_version:s0 tclass=file permissive=1 app=com.tencent.mobileqq
08-22 16:24:15.909 15969 15969 I auditd : type=1400 audit(0.0:32607): avc: denied { getattr } for comm="Wtlogin_GetStWi" path="/proc/version" dev="proc" ino=4026532247 scontext=u:r:untrusted_app_27:s0:c512,c768 tcontext=u:object_r:proc_version:s0 tclass=file permissive=1 app=com.tencent.mobileqq
08-22 16:24:15.929 1542 1843 I input_focus: [Focus leaving e7d76c3 com.tencent.mobileqq/com.tencent.mobileqq.activity.LoginPublicFragmentActivity (server),reason=setFocusedWindow]
08-22 16:24:15.929 1542 1843 I input_focus: [Focus entering 2d66533 com.tencent.mobileqq/com.tencent.mobileqq.activity.LoginPublicFragmentActivity (server),reason=setFocusedWindow]
08-22 16:24:16.387 1542 1542 I notification_enqueue: [10104,21452,com.tencent.android.qqdownloader,127,NULL,0,Notification(channel=channel_id_default_silent shortcut=null contentView=com.tencent.android.qqdownloader/0x7f0a01c2 vibrate=null sound=null defaults=0x0 flags=0x2a2 color=0x00000000 groupKey=com.tencent.android.qqdownloader vis=PRIVATE),1]
08-22 16:24:17.395 1542 1542 I notification_enqueue: [10104,21452,com.tencent.android.qqdownloader,127,NULL,0,Notification(channel=channel_id_default_silent shortcut=null contentView=com.tencent.android.qqdownloader/0x7f0a01c2 vibrate=null sound=null defaults=0x0 flags=0x2a2 color=0x00000000 groupKey=com.tencent.android.qqdownloader vis=PRIVATE),1]
08-22 16:24:18.297 853 853 I auditd : type=1400 audit(0.0:32608): avc: denied { add_name } for comm="perf@2.2-servic" name="cpu_max_freq" scontext=u:r:vendor_hal_perf_default:s0 tcontext=u:object_r:vendor_sysfs_msm_perf:s0 tclass=dir permissive=1
08-22 16:24:18.303 1542 8817 I wm_task_moved: [76328,1,7]
08-22 16:24:18.303 1542 8817 I wm_set_resumed_activity: [0,com.tencent.mobileqq/.activity.LoginPublicFragmentActivity,positionChildAt]
08-22 16:24:18.303 1542 8817 I wm_create_activity: [0,263631948,76328,com.tencent.mobileqq/.activity.QQBrowserActivity,NULL,NULL,NULL,8388608]
08-22 16:24:18.304 1542 8817 I wm_pause_activity: [0,13385925,com.tencent.mobileqq/.activity.LoginPublicFragmentActivity,userLeaving=true,resumeTopActivityInnerLocked]
08-22 16:24:18.306 15883 15883 I wm_on_top_resumed_lost_called: [13385925,com.tencent.mobileqq.activity.LoginPublicFragmentActivity,topStateChangedWhenResumed]
08-22 16:24:18.308 15883 15883 I wm_on_paused_called: [13385925,com.tencent.mobileqq.activity.LoginPublicFragmentActivity,performPause]
08-22 16:24:18.310 1542 1660 I sysui_multi_action: [757,803,799,window_time_2,802,15]
08-22 16:24:18.312 1542 1697 I am_proc_start: [0,17075,10098,com.tencent.mobileqq:tool,pre-top-activity,{com.tencent.mobileqq/com.tencent.mobileqq.activity.QQBrowserActivity}]
08-22 16:24:18.326 1542 1584 I am_proc_bound: [0,17075,com.tencent.mobileqq:tool]
08-22 16:24:18.329 1542 1584 I wm_restart_activity: [0,263631948,76328,com.tencent.mobileqq/.activity.QQBrowserActivity]
08-22 16:24:18.330 1542 1584 I wm_set_resumed_activity: [0,com.tencent.mobileqq/.activity.QQBrowserActivity,minimalResumeActivityLocked]
08-22 16:24:18.398 1542 1542 I notification_enqueue: [10104,21452,com.tencent.android.qqdownloader,127,NULL,0,Notification(channel=channel_id_default_silent shortcut=null contentView=com.tencent.android.qqdownloader/0x7f0a01c2 vibrate=null sound=null defaults=0x0 flags=0x2a2 color=0x00000000 groupKey=com.tencent.android.qqdownloader vis=PRIVATE),1]
08-22 16:24:18.481 17075 17075 I auditd : type=1400 audit(0.0:32609): avc: granted { nlmsg_readpriv } for comm="halley_10_TempT" scontext=u:r:untrusted_app_27:s0:c512,c768 tcontext=u:r:untrusted_app_27:s0:c512,c768 tclass=netlink_route_socket app=com.tencent.mobileqq
08-22 16:24:18.507 17075 17075 I wm_on_create_called: [263631948,com.tencent.mobileqq.activity.QQBrowserActivity,performCreate]
08-22 16:24:18.523 17075 17075 I wm_on_start_called: [263631948,com.tencent.mobileqq.activity.QQBrowserActivity,handleStartActivity]
08-22 16:24:18.530 17075 17075 I wm_on_resume_called: [263631948,com.tencent.mobileqq.activity.QQBrowserActivity,RESUME_ACTIVITY]
08-22 16:24:18.561 1542 4822 I am_uid_running: 99017
08-22 16:24:18.565 1542 1697 I am_proc_start: [0,17207,99017,com.android.webview:sandboxed_process0:org.chromium.content.app.SandboxedProcessService0:0,,{com.tencent.mobileqq/org.chromium.content.app.SandboxedProcessService0:0}]
08-22 16:24:18.575 1542 17121 I am_proc_bound: [0,17207,com.android.webview:sandboxed_process0:org.chromium.content.app.SandboxedProcessService0:0]
08-22 16:24:18.576 1542 17121 I am_uid_active: 99017
08-22 16:24:18.599 1542 8817 I am_kill : [0,16722,com.autonavi.minimap,905,empty #2]
08-22 16:24:18.600 1542 8817 I am_kill : [0,21574,com.tencent.android.qqdownloader:cloud,925,empty #3]
08-22 16:24:18.615 1542 1697 I am_proc_start: [0,17243,10070,com.android.webview:webview_apk,service,{com.android.webview/org.chromium.android_webview.nonembedded.AwComponentUpdateService}]
08-22 16:24:18.623 17075 17075 I wm_on_top_resumed_gained_called: [263631948,com.tencent.mobileqq.activity.QQBrowserActivity,topStateChangedWhenResumed]
08-22 16:24:18.625 17075 17075 I auditd : type=1400 audit(0.0:32610): avc: granted { nlmsg_readpriv } for comm="halley_10_TempT" scontext=u:r:untrusted_app_27:s0:c512,c768 tcontext=u:r:untrusted_app_27:s0:c512,c768 tclass=netlink_route_socket app=com.tencent.mobileqq
08-22 16:24:18.639 1542 12437 I am_proc_bound: [0,17243,com.android.webview:webview_apk]
08-22 16:24:18.648 1542 22853 I am_proc_died: [0,21574,com.tencent.android.qqdownloader:cloud,925,19]
08-22 16:24:18.648 1542 22853 I am_schedule_service_restart: [0,com.tencent.android.qqdownloader/com.live.watermelon.service.SentryAlphaService,1000]
08-22 16:24:18.655 1542 17121 I am_kill : [0,21467,com.tencent.android.qqdownloader:live,100,stop com.tencent.android.qqdownloader due to start instr]
08-22 16:24:18.656 1542 17121 I am_kill : [0,21507,com.tencent.android.qqdownloader,0,stop com.tencent.android.qqdownloader due to start instr]
08-22 16:24:18.659 1542 17121 I am_kill : [0,23687,com.tencent.ilink.ServiceProcess,0,stop com.tencent.android.qqdownloader due to start instr]
08-22 16:24:18.660 1542 17121 I am_uid_stopped: 10104
08-22 16:24:18.661 1542 17121 I am_kill : [0,21452,com.tencent.android.qqdownloader:daemon,0,stop com.tencent.android.qqdownloader due to start instr]
08-22 16:24:18.662 1542 17121 I am_kill : [0,22685,com.android.webview:sandboxed_process0:org.chromium.content.app.SandboxedProcessService0:0,0,isolated not needed]
08-22 16:24:18.669 1542 17121 I am_uid_running: 10104
08-22 16:24:18.675 1542 2127 I am_proc_died: [0,16722,com.autonavi.minimap,905,19]
08-22 16:24:18.675 1542 2127 I am_uid_stopped: 10028
08-22 16:24:18.678 1542 1697 I am_proc_start: [0,17267,10104,com.tencent.android.qqdownloader:daemon,added application,com.tencent.android.qqdownloader:daemon]
08-22 16:24:18.690 1542 1662 I input_focus: [Focus request dd129be com.tencent.mobileqq/com.tencent.mobileqq.activity.QQBrowserActivity,reason=UpdateInputWindows]
08-22 16:24:18.690 1542 2127 I am_proc_bound: [0,17267,com.tencent.android.qqdownloader:daemon]
08-22 16:24:18.691 1542 2127 I am_uid_active: 10104
08-22 16:24:18.711 1542 2127 I am_proc_died: [0,22685,com.android.webview:sandboxed_process0:org.chromium.content.app.SandboxedProcessService0:0,0,10]
08-22 16:24:18.711 1542 2127 I am_uid_stopped: 99016
08-22 16:24:18.717 1542 1843 I input_focus: [Focus leaving 2d66533 com.tencent.mobileqq/com.tencent.mobileqq.activity.LoginPublicFragmentActivity (server),reason=Waiting for window because NOT_VISIBLE]
08-22 16:24:18.725 1542 1697 I am_proc_start: [0,17291,10104,com.tencent.android.qqdownloader:live,service,{com.tencent.android.qqdownloader/com.tencent.assistant.syscomponent.MediaRouteProviderService2}]
08-22 16:24:18.741 1542 1657 I sysui_multi_action: [319,430,322,430,325,8212,757,761,758,7,759,2,806,com.tencent.mobileqq,871,com.tencent.mobileqq.activity.QQBrowserActivity,904,com.tencent.mobileqq,905,0,945,28,1320,4,1321,4]
08-22 16:24:18.741 1542 1657 I wm_activity_launch_time: [0,263631948,com.tencent.mobileqq/.activity.QQBrowserActivity,430]
08-22 16:24:18.742 1542 1812 I am_proc_bound: [0,17291,com.tencent.android.qqdownloader:live]
08-22 16:24:18.753 1542 1843 I input_focus: [Focus entering dd129be com.tencent.mobileqq/com.tencent.mobileqq.activity.QQBrowserActivity (server),reason=Window became focusable. Previous reason: NOT_VISIBLE]
08-22 16:24:18.855 1542 1697 I am_proc_start: [0,17378,10104,com.tencent.android.qqdownloader,content provider,{com.tencent.android.qqdownloader/com.tencent.assistant.db.contentprovider.WallpaperProvider}]
08-22 16:24:18.859 1542 1885 I am_uid_running: 10105
08-22 16:24:18.867 1542 1697 I am_proc_start: [0,17396,10105,com.tencent.mm,content provider,{com.tencent.mm/com.tencent.mm.plugin.base.stub.MMPluginProvider}]
08-22 16:24:18.875 1542 2605 I am_proc_bound: [0,17378,com.tencent.android.qqdownloader]
08-22 16:24:18.882 1542 1697 I am_proc_start: [0,17431,10104,com.tencent.android.qqdownloader:cloud,service,{com.tencent.android.qqdownloader/com.live.watermelon.service.SentryAlphaService}]
08-22 16:24:18.887 1542 3020 I am_proc_bound: [0,17396,com.tencent.mm]
08-22 16:24:18.892 1542 3020 I am_uid_active: 10105
08-22 16:24:18.897 17462 17462 I auditd : type=1400 audit(0.0:32611): avc: granted { execute } for comm="Thread-4" name="daemon2_64_v2.2.2" dev="dm-10" ino=90473 scontext=u:r:untrusted_app_27:s0:c512,c768 tcontext=u:object_r:app_data_file:s0:c512,c768 tclass=file app=com.tencent.android.qqdownloader
08-22 16:24:18.897 17462 17462 I auditd : type=1400 audit(0.0:32612): avc: granted { execute_no_trans } for comm="Thread-4" path="/data/user/0/com.tencent.android.qqdownloader/app_bin/daemon2_64_v2.2.2" dev="dm-10" ino=90473 scontext=u:r:untrusted_app_27:s0:c512,c768 tcontext=u:object_r:app_data_file:s0:c512,c768 tclass=file app=com.tencent.android.qqdownloader
08-22 16:24:18.904 1542 3020 I am_proc_bound: [0,17431,com.tencent.android.qqdownloader:cloud]
08-22 16:24:18.905 17462 17462 I auditd : type=1400 audit(0.0:32613): avc: granted { execute } for comm="daemon2_64_v2.2" path="/data/user/0/com.tencent.android.qqdownloader/app_bin/daemon2_64_v2.2.2" dev="dm-10" ino=90473 scontext=u:r:untrusted_app_27:s0:c512,c768 tcontext=u:object_r:app_data_file:s0:c512,c768 tclass=file app=com.tencent.android.qqdownloader
08-22 16:24:18.909 17462 17462 I auditd : type=1400 audit(0.0:32614): avc: denied { getattr } for comm="daemon2_64_v2.2" path="/postinstall" dev="dm-5" ino=44 scontext=u:r:untrusted_app_27:s0:c512,c768 tcontext=u:object_r:postinstall_mnt_dir:s0 tclass=dir permissive=1 app=com.tencent.android.qqdownloader
08-22 16:24:19.191 1542 3020 I am_wtf : [0,17396,com.tencent.mm,949501508,FirebaseApp,Remote stack trace:
08-22 16:24:19.191 1542 3020 I am_wtf : at com.android.server.content.ContentService.registerContentObserver(ContentService.java:357)
08-22 16:24:19.191 1542 3020 I am_wtf : at android.content.IContentService$Stub.onTransact(IContentService.java:484)
08-22 16:24:19.191 1542 3020 I am_wtf : at android.os.Binder.execTransactInternal(Binder.java:1179)
08-22 16:24:19.191 1542 3020 I am_wtf : at android.os.Binder.execTransact(Binder.java:1143)
08-22 16:24:19.191 1542 3020 I am_wtf : ]
08-22 16:24:19.475 1542 2605 I service_manager_stats: [100,132,10084]
08-22 16:24:19.572 1542 2605 I netstats_mobile_sample: [0,0,0,0,0,0,0,0,0,0,0,0,1692692659588]
08-22 16:24:19.573 1542 2605 I netstats_wifi_sample: [26697376,64563,23091491,44299,26697376,64563,23091491,44299,97124390,136871,18463847,40386,1692692659588]
08-22 16:24:20.637 17075 17075 I auditd : type=1400 audit(0.0:33514): avc: granted { nlmsg_readpriv } for comm="halley_10_TempT" scontext=u:r:untrusted_app_27:s0:c512,c768 tcontext=u:r:untrusted_app_27:s0:c512,c768 tclass=netlink_route_socket app=com.tencent.mobileqq
08-22 16:24:21.189 17378 17378 I auditd : type=1400 audit(0.0:33515): avc: granted { nlmsg_readpriv } for comm="halley_2800_Tem" scontext=u:r:untrusted_app_27:s0:c512,c768 tcontext=u:r:untrusted_app_27:s0:c512,c768 tclass=netlink_route_socket app=com.tencent.android.qqdownloader
08-22 16:24:22.030 1542 5785 I am_uid_running: 99018
08-22 16:24:22.050 1542 1697 I am_proc_start: [0,18562,99018,com.android.webview:sandboxed_process0:org.chromium.content.app.SandboxedProcessService0:0,,{com.tencent.android.qqdownloader/org.chromium.content.app.SandboxedProcessService0:0}]
08-22 16:24:22.076 1542 20554 I am_proc_bound: [0,18562,com.android.webview:sandboxed_process0:org.chromium.content.app.SandboxedProcessService0:0]
08-22 16:24:22.081 1542 20554 I am_uid_active: 99018
08-22 16:24:23.556 1542 1693 I am_pss : [15883,10098,com.tencent.mobileqq,213798912,168734720,43008,390475776,0,2,22]
08-22 16:24:23.901 17267 17267 I auditd : type=1400 audit(0.0:33516): avc: denied { read } for comm="StartThread-52" name="drivers" dev="proc" ino=4026531852 scontext=u:r:untrusted_app_27:s0:c512,c768 tcontext=u:object_r:proc_tty_drivers:s0 tclass=file permissive=1 app=com.tencent.android.qqdownloader
08-22 16:24:23.901 17267 17267 I auditd : type=1400 audit(0.0:33517): avc: denied { open } for comm="StartThread-52" path="/proc/tty/drivers" dev="proc" ino=4026531852 scontext=u:r:untrusted_app_27:s0:c512,c768 tcontext=u:object_r:proc_tty_drivers:s0 tclass=file permissive=1 app=com.tencent.android.qqdownloader
08-22 16:24:23.901 17267 17267 I auditd : type=1400 audit(0.0:33518): avc: denied { getattr } for comm="StartThread-52" path="/proc/tty/drivers" dev="proc" ino=4026531852 scontext=u:r:untrusted_app_27:s0:c512,c768 tcontext=u:object_r:proc_tty_drivers:s0 tclass=file permissive=1 app=com.tencent.android.qqdownloader
08-22 16:24:23.921 1542 1542 I sysui_multi_action: [757,128,758,5,759,8,793,978878,794,80232,795,5523,796,127,806,com.tencent.android.qqdownloader,857,channel_id_default_silent,858,3,946,com.tencent.android.qqdownloader,947,1,1500,5523,1688,1]
08-22 16:24:23.921 1542 1542 I notification_canceled: [0|com.tencent.android.qqdownloader|127|null|10104,8,978878,5523,80232,-1,-1,NULL]
08-22 16:24:23.961 17267 17267 I auditd : type=1400 audit(0.0:33519): avc: denied { open } for comm="qimei-thread-1" path="/" dev="dm-5" ino=2 scontext=u:r:untrusted_app_27:s0:c512,c768 tcontext=u:object_r:rootfs:s0 tclass=dir permissive=1 app=com.tencent.android.qqdownloader
08-22 16:24:23.970 1542 5785 I sysui_multi_action: [757,1513,758,4,805,1692692663970,1514,10104,1515,com.tencent.android.qqdownloader,1516,1003,1517,0,1518,10104,1519,1003,1520,0,1526,com.tencent.android.qqdownloader/com.tencent.qqdownloader.backgroundstart.BackgroundSupportActivity,1527,0,1529,com.tencent.android.qqdownloader:daemon,1530,1003,1531,0,1532,0,1533,0,1534,0,1535,0,1536,0,1538,5278]
08-22 16:24:23.969 17267 17267 I auditd : type=1400 audit(0.0:33520): avc: granted { nlmsg_readpriv } for comm="qimei-thread-2" scontext=u:r:untrusted_app_27:s0:c512,c768 tcontext=u:r:untrusted_app_27:s0:c512,c768 tclass=netlink_route_socket app=com.tencent.android.qqdownloader
08-22 16:24:23.984 1542 1542 I notification_enqueue: [10104,17267,com.tencent.android.qqdownloader,127,NULL,0,Notification(channel=channel_id_default_silent shortcut=null contentView=com.tencent.android.qqdownloader/0x7f0a01c2 vibrate=null sound=null defaults=0x0 flags=0x2a2 color=0x00000000 groupKey=com.tencent.android.qqdownloader vis=PRIVATE),0]
08-22 16:24:23.985 1542 1542 I sysui_multi_action: [757,128,758,5,759,8,793,3,794,0,795,3,796,127,806,com.tencent.android.qqdownloader,857,channel_id_default_silent,858,3,946,com.tencent.android.qqdownloader,947,1,1500,3]
08-22 16:24:23.986 1542 1542 I notification_canceled: [0|com.tencent.android.qqdownloader|127|null|10104,8,3,3,0,-1,-1,NULL]
08-22 16:24:23.985 17267 17267 I auditd : type=1400 audit(0.0:33521): avc: granted { execute } for comm="StartThread-52" path="/data/user/0/com.tencent.android.qqdownloader/files/plugin/com.tencent.assistant.plugin.ionia/arm64-v8a/libionia.so" dev="dm-10" ino=859934 scontext=u:r:untrusted_app_27:s0:c512,c768 tcontext=u:object_r:app_data_file:s0:c512,c768 tclass=file app=com.tencent.android.qqdownloader
08-22 16:24:24.113 17378 17378 I auditd : type=1400 audit(0.0:33522): avc: granted { nlmsg_readpriv } for comm="qimei-thread-2" scontext=u:r:untrusted_app_27:s0:c512,c768 tcontext=u:r:untrusted_app_27:s0:c512,c768 tclass=netlink_route_socket app=com.tencent.android.qqdownloader
08-22 16:24:24.197 17378 17378 I auditd : type=1400 audit(0.0:33523): avc: denied { read } for comm="beacon-thread-1" name="ioports" dev="proc" ino=4026532282 scontext=u:r:untrusted_app_27:s0:c512,c768 tcontext=u:object_r:proc:s0 tclass=file permissive=1 app=com.tencent.android.qqdownloader
08-22 16:24:24.989 1542 1542 I notification_enqueue: [10104,17267,com.tencent.android.qqdownloader,127,NULL,0,Notification(channel=channel_id_default_silent shortcut=null contentView=com.tencent.android.qqdownloader/0x7f0a01c2 vibrate=null sound=null defaults=0x0 flags=0x2a2 color=0x00000000 groupKey=com.tencent.android.qqdownloader vis=PRIVATE),0]
08-22 16:24:25.995 1542 1542 I notification_enqueue: [10104,17267,com.tencent.android.qqdownloader,127,NULL,0,Notification(channel=channel_id_default_silent shortcut=null contentView=com.tencent.android.qqdownloader/0x7f0a01c2 vibrate=null sound=null defaults=0x0 flags=0x2a2 color=0x00000000 groupKey=com.tencent.android.qqdownloader vis=PRIVATE),1]
08-22 16:24:26.088 1542 1696 I am_wtf : [0,1542,system_server,-1,ActivityManager,Sending non-protected broadcast com.thundercomm.active.state from system 2164:com.thundercomm.microsettings/1000 pkg com.thundercomm.microsettings]
08-22 16:24:27.003 1542 1542 I notification_enqueue: [10104,17267,com.tencent.android.qqdownloader,127,NULL,0,Notification(channel=channel_id_default_silent shortcut=null contentView=com.tencent.android.qqdownloader/0x7f0a01c2 vibrate=null sound=null defaults=0x0 flags=0x2a2 color=0x00000000 groupKey=com.tencent.android.qqdownloader vis=PRIVATE),1]
08-22 16:24:27.081 17378 17378 I auditd : type=1400 audit(0.0:33534): avc: granted { execute } for comm="temporary-6" path="/data/user/0/com.tencent.android.qqdownloader/files/res_hub/yyb/online/wx_sdk_so_3_64_20/arm64-v8a/libc++_shared.so" dev="dm-10" ino=375378 scontext=u:r:untrusted_app_27:s0:c512,c768 tcontext=u:object_r:app_data_file:s0:c512,c768 tclass=file app=com.tencent.android.qqdownloader
08-22 16:24:27.097 17378 17378 I auditd : type=1400 audit(0.0:33535): avc: granted { execute } for comm="temporary-6" path="/data/user/0/com.tencent.android.qqdownloader/files/res_hub/yyb/online/wx_sdk_so_3_64_20/arm64-v8a/libwechatxlog.so" dev="dm-10" ino=375381 scontext=u:r:untrusted_app_27:s0:c512,c768 tcontext=u:object_r:app_data_file:s0:c512,c768 tclass=file app=com.tencent.android.qqdownloader
08-22 16:24:27.185 17378 17378 I auditd : type=1400 audit(0.0:33536): avc: granted { execute } for comm="kcsdk_temporary" path="/data/user/0/com.tencent.android.qqdownloader/files/plugin/com.tencent.plugin.dawangka/arm64-v8a/libKcsdk-2.0.9.so" dev="dm-10" ino=762470 scontext=u:r:untrusted_app_27:s0:c512,c768 tcontext=u:object_r:app_data_file:s0:c512,c768 tclass=file app=com.tencent.android.qqdownloader
08-22 16:24:27.301 19052 19052 I auditd : type=1400 audit(0.0:33537): avc: denied { open } for comm="getprop" path="/dev/__properties__/u:object_r:ab_update_gki_prop:s0" dev="tmpfs" ino=12119 scontext=u:r:untrusted_app_27:s0:c512,c768 tcontext=u:object_r:ab_update_gki_prop:s0 tclass=file permissive=1 app=com.tencent.android.qqdownloader
08-22 16:24:27.301 19052 19052 I auditd : type=1400 audit(0.0:33538): avc: denied { getattr } for comm="getprop" path="/dev/__properties__/u:object_r:ab_update_gki_prop:s0" dev="tmpfs" ino=12119 scontext=u:r:untrusted_app_27:s0:c512,c768 tcontext=u:object_r:ab_update_gki_prop:s0 tclass=file permissive=1 app=com.tencent.android.qqdownloader
08-22 16:24:28.277 17378 17378 I auditd : type=1400 audit(0.0:34213): avc: denied { read } for comm="pool-14-thread-" name="version" dev="proc" ino=4026532247 scontext=u:r:untrusted_app_27:s0:c512,c768 tcontext=u:object_r:proc_version:s0 tclass=file permissive=1 app=com.tencent.android.qqdownloader
08-22 16:24:28.277 17378 17378 I auditd : type=1400 audit(0.0:34214): avc: denied { open } for comm="pool-14-thread-" path="/proc/version" dev="proc" ino=4026532247 scontext=u:r:untrusted_app_27:s0:c512,c768 tcontext=u:object_r:proc_version:s0 tclass=file permissive=1 app=com.tencent.android.qqdownloader
08-22 16:24:28.277 17378 17378 I auditd : type=1400 audit(0.0:34215): avc: denied { getattr } for comm="pool-14-thread-" path="/proc/version" dev="proc" ino=4026532247 scontext=u:r:untrusted_app_27:s0:c512,c768 tcontext=u:object_r:proc_version:s0 tclass=file permissive=1 app=com.tencent.android.qqdownloader
08-22 16:24:32.189 17378 17378 I auditd : type=1400 audit(0.0:34216): avc: granted { execute } for comm="gatherer-1-thre" path="/data/user/0/com.tencent.android.qqdownloader/app_e_qq_com_plugin_new_84e5596443427f53efca4e1d48972f33/libturingga.so" dev="dm-10" ino=2580 scontext=u:r:untrusted_app_27:s0:c512,c768 tcontext=u:object_r:app_data_file:s0:c512,c768 tclass=file app=com.tencent.android.qqdownloader
08-22 16:24:32.625 17378 17378 I auditd : type=1400 audit(0.0:34217): avc: granted { nlmsg_readpriv } for comm="pool-10-thread-" scontext=u:r:untrusted_app_27:s0:c512,c768 tcontext=u:r:untrusted_app_27:s0:c512,c768 tclass=netlink_route_socket app=com.tencent.android.qqdownloader
08-22 16:24:32.697 17378 17378 I auditd : type=1400 audit(0.0:34218): avc: denied { open } for comm="qimei-s-thread-" path="/proc/uptime" dev="proc" ino=4026532246 scontext=u:r:untrusted_app_27:s0:c512,c768 tcontext=u:object_r:proc_uptime:s0 tclass=file permissive=1 app=com.tencent.android.qqdownloader
08-22 16:24:32.701 17378 17378 I auditd : type=1400 audit(0.0:34219): avc: denied { read } for comm="qimei-s-thread-" name="ioports" dev="proc" ino=4026532282 scontext=u:r:untrusted_app_27:s0:c512,c768 tcontext=u:object_r:proc:s0 tclass=file permissive=1 app=com.tencent.android.qqdownloader
08-22 16:24:32.701 17378 17378 I auditd : type=1400 audit(0.0:34220): avc: denied { open } for comm="qimei-s-thread-" path="/proc/ioports" dev="proc" ino=4026532282 scontext=u:r:untrusted_app_27:s0:c512,c768 tcontext=u:object_r:proc:s0 tclass=file permissive=1 app=com.tencent.android.qqdownloader
08-22 16:24:32.703 1542 1693 I am_pss : [15969,10098,com.tencent.mobileqq:MSF,64945152,36868096,44032,208179200,0,3,13]
08-22 16:24:32.709 17378 17378 I auditd : type=1400 audit(0.0:34221): avc: granted { nlmsg_readpriv } for comm="qimei-s-thread-" scontext=u:r:untrusted_app_27:s0:c512,c768 tcontext=u:r:untrusted_app_27:s0:c512,c768 tclass=netlink_route_socket app=com.tencent.android.qqdownloader
08-22 16:24:32.719 1542 1693 I am_pss : [17075,10098,com.tencent.mobileqq:tool,128481280,71712768,43008,331780096,0,2,14]
08-22 16:24:32.734 1542 1693 I am_pss : [17267,10104,com.tencent.android.qqdownloader:daemon,93448192,59215872,43008,258461696,0,4,13]
08-22 16:24:32.742 1542 1693 I am_pss : [18562,99018,com.android.webview:sandboxed_process0:org.chromium.content.app.SandboxedProcessService0:0,35004416,12234752,261120,116957184,0,4,7]
08-22 16:24:32.836 1542 3020 I am_kill : [0,17431,com.tencent.android.qqdownloader:cloud,905,empty #2]
08-22 16:24:32.842 1542 3020 I am_kill : [0,17291,com.tencent.android.qqdownloader:live,100,stop com.tencent.android.qqdownloader due to start instr]
08-22 16:24:32.845 1542 3020 I am_kill : [0,17378,com.tencent.android.qqdownloader,0,stop com.tencent.android.qqdownloader due to start instr]
08-22 16:24:32.852 1542 3020 I am_uid_stopped: 10104
08-22 16:24:32.852 1542 3020 I am_kill : [0,17267,com.tencent.android.qqdownloader:daemon,0,stop com.tencent.android.qqdownloader due to start instr]
08-22 16:24:32.855 1542 3020 I am_kill : [0,18562,com.android.webview:sandboxed_process0:org.chromium.content.app.SandboxedProcessService0:0,0,isolated not needed]
08-22 16:24:32.856 1542 3020 I am_kill : [0,15413,com.thundercomm.gamemode.provider,915,empty #2]
08-22 16:24:32.858 1542 3020 I am_uid_running: 10104
08-22 16:24:32.865 1542 1693 I am_pss : [15413,10071,com.thundercomm.gamemode.provider,7805952,5619712,43008,90374144,0,19,5]
08-22 16:24:32.865 1542 1697 I am_proc_start: [0,19194,10104,com.tencent.android.qqdownloader:daemon,added application,com.tencent.android.qqdownloader:daemon]
08-22 16:24:32.885 1542 3020 I am_proc_bound: [0,19194,com.tencent.android.qqdownloader:daemon]
08-22 16:24:32.887 1542 3020 I am_uid_active: 10104
08-22 16:24:32.909 1542 3020 I am_proc_died: [0,15413,com.thundercomm.gamemode.provider,915,19]
08-22 16:24:32.910 1542 3020 I am_uid_stopped: 10071
08-22 16:24:32.928 1542 3020 I am_proc_died: [0,18562,com.android.webview:sandboxed_process0:org.chromium.content.app.SandboxedProcessService0:0,0,10]
08-22 16:24:32.928 1542 3020 I am_uid_stopped: 99018
08-22 16:24:32.985 1542 1697 I am_proc_start: [0,19239,10104,com.tencent.android.qqdownloader:live,service,{com.tencent.android.qqdownloader/com.tencent.assistant.syscomponent.MediaRouteProviderService2}]
08-22 16:24:32.990 1542 1697 I am_proc_start: [0,19240,10104,com.tencent.android.qqdownloader,content provider,{com.tencent.android.qqdownloader/com.tencent.assistant.db.contentprovider.WallpaperProvider}]
08-22 16:24:33.001 1542 1697 I am_proc_start: [0,19269,10104,com.tencent.android.qqdownloader:cloud,service,{com.tencent.android.qqdownloader/com.live.watermelon.service.SentryAlphaService}]
08-22 16:24:33.001 1542 3021 I am_proc_bound: [0,19239,com.tencent.android.qqdownloader:live]
08-22 16:24:33.010 1542 3021 I am_proc_bound: [0,19240,com.tencent.android.qqdownloader]
08-22 16:24:33.009 19276 19276 I auditd : type=1400 audit(0.0:34222): avc: granted { execute } for comm="Thread-5" name="daemon2_64_v2.2.2" dev="dm-10" ino=90473 scontext=u:r:untrusted_app_27:s0:c512,c768 tcontext=u:object_r:app_data_file:s0:c512,c768 tclass=file app=com.tencent.android.qqdownloader
08-22 16:24:33.025 1542 3020 I am_proc_bound: [0,19269,com.tencent.android.qqdownloader:cloud]
08-22 16:24:33.128 1542 4747 I am_kill : [0,17243,com.android.webview:webview_apk,905,empty #2]
08-22 16:24:33.235 1542 3020 I am_proc_died: [0,17243,com.android.webview:webview_apk,905,19]
08-22 16:24:34.305 17075 17075 I auditd : type=1400 audit(0.0:34919): avc: granted { nlmsg_readpriv } for comm="ThreadPoolForeg" scontext=u:r:untrusted_app_27:s0:c512,c768 tcontext=u:r:untrusted_app_27:s0:c512,c768 tclass=netlink_route_socket app=com.tencent.mobileqq
08-22 16:24:34.344 1542 1861 I netstats_mobile_sample: [0,0,0,0,0,0,0,0,0,0,0,0,1692692674358]
08-22 16:24:34.344 1542 1861 I netstats_wifi_sample: [26711618,64577,23140941,44379,26711618,64577,23140941,44379,97306031,137049,18502387,40456,1692692674358]
08-22 16:24:34.341 684 684 I auditd : type=1400 audit(0.0:34920): avc: denied { add_name } for comm="Binder:684_1" name="globalAlert" scontext=u:r:netd:s0 tcontext=u:object_r:proc_net:s0 tclass=dir permissive=1
08-22 16:24:35.325 19240 19240 I auditd : type=1400 audit(0.0:34921): avc: granted { nlmsg_readpriv } for comm="halley_2800_Tem" scontext=u:r:untrusted_app_27:s0:c512,c768 tcontext=u:r:untrusted_app_27:s0:c512,c768 tclass=netlink_route_socket app=com.tencent.android.qqdownloader
08-22 16:24:36.233 1542 3020 I am_uid_running: 99019
08-22 16:24:36.251 1542 1697 I am_proc_start: [0,20299,99019,com.android.webview:sandboxed_process0:org.chromium.content.app.SandboxedProcessService0:0,,{com.tencent.android.qqdownloader/org.chromium.content.app.SandboxedProcessService0:0}]
08-22 16:24:36.278 1542 3020 I am_proc_bound: [0,20299,com.android.webview:sandboxed_process0:org.chromium.content.app.SandboxedProcessService0:0]
08-22 16:24:36.285 1542 3020 I am_uid_active: 99019
08-22 16:24:38.064 1542 1542 I sysui_multi_action: [757,128,758,5,759,8,793,13077,794,0,795,11064,796,127,806,com.tencent.android.qqdownloader,857,channel_id_default_silent,858,3,946,com.tencent.android.qqdownloader,947,1,1500,11064,1688,1]
08-22 16:24:38.064 1542 1542 I notification_canceled: [0|com.tencent.android.qqdownloader|127|null|10104,8,13077,11064,0,-1,-1,NULL]
