08-22 16:25:18.636 1542 1542 I sysui_multi_action: [757,128,758,5,759,8,793,9,794,0,795,9,796,109,806,com.tencent.android.qqdownloader,857,channel_id_default_silent,858,3,946,com.tencent.android.qqdownloader,947,1,1500,9,1688,1]
08-22 16:25:18.636 1542 1542 I notification_canceled: [0|com.tencent.android.qqdownloader|109|null|10104,8,9,9,0,-1,-1,NULL]
08-22 16:25:18.660 1542 1862 I service_manager_stats: [100,159,59185]
08-22 16:25:18.669 1542 1693 I am_pss : [21877,10104,com.tencent.android.qqdownloader,108922880,95211520,44032,232804352,0,4,13]
08-22 16:25:18.678 1542 1693 I am_pss : [21954,10104,com.tencent.android.qqdownloader:cloud,29503488,20561920,45056,137842688,0,4,8]
08-22 16:25:19.607 1542 3472 I netstats_mobile_sample: [0,0,0,0,0,0,0,0,0,0,0,0,1692692719622]
08-22 16:25:19.607 1542 3472 I netstats_wifi_sample: [26758876,64648,23286327,44650,26758876,64648,23286327,44650,97805743,137667,18616905,40689,1692692719622]
08-22 16:25:20.077 21808 21808 I auditd : type=1400 audit(0.0:38733): avc: granted { execute } for comm="gatherer-1-thre" path="/data/user/0/com.tencent.android.qqdownloader/app_e_qq_com_plugin_new_b11baa871a179485a20599a8c8554089/libturingga.so" dev="dm-10" ino=373783 scontext=u:r:untrusted_app_27:s0:c512,c768 tcontext=u:object_r:app_data_file:s0:c512,c768 tclass=file app=com.tencent.android.qqdownloader
08-22 16:25:20.545 21640 21640 I auditd : type=1400 audit(0.0:38734): avc: granted { nlmsg_readpriv } for comm="halley_10_TempT" scontext=u:r:untrusted_app_27:s0:c512,c768 tcontext=u:r:untrusted_app_27:s0:c512,c768 tclass=netlink_route_socket app=com.tencent.mobileqq
08-22 16:25:20.549 21640 21640 I auditd : type=1400 audit(0.0:38735): avc: granted { nlmsg_readpriv } for comm="halley_10_TempT" scontext=u:r:untrusted_app_27:s0:c512,c768 tcontext=u:r:untrusted_app_27:s0:c512,c768 tclass=netlink_route_socket app=com.tencent.mobileqq
08-22 16:25:20.557 21877 21877 I auditd : type=1400 audit(0.0:38736): avc: granted { nlmsg_readpriv } for comm="halley_2800_Tem" scontext=u:r:untrusted_app_27:s0:c512,c768 tcontext=u:r:untrusted_app_27:s0:c512,c768 tclass=netlink_route_socket app=com.tencent.android.qqdownloader
08-22 16:25:20.565 21877 21877 I auditd : type=1400 audit(0.0:38737): avc: granted { nlmsg_readpriv } for comm="halley_2800_Tem" scontext=u:r:untrusted_app_27:s0:c512,c768 tcontext=u:r:untrusted_app_27:s0:c512,c768 tclass=netlink_route_socket app=com.tencent.android.qqdownloader
08-22 16:25:24.042 1542 1871 I netstats_mobile_sample: [0,0,0,0,0,0,0,0,0,0,0,0,1692692724057]
08-22 16:25:24.042 1542 1871 I netstats_wifi_sample: [26767812,64666,23305940,44693,26767812,64666,23305940,44693,97914386,137915,18631132,40722,1692692724057]
08-22 16:25:24.073 21877 21877 I auditd : type=1400 audit(0.0:38742): avc: granted { nlmsg_readpriv } for comm="halley_2800_Tem" scontext=u:r:untrusted_app_27:s0:c512,c768 tcontext=u:r:untrusted_app_27:s0:c512,c768 tclass=netlink_route_socket app=com.tencent.android.qqdownloader
08-22 16:25:24.073 21640 21640 I auditd : type=1400 audit(0.0:38743): avc: granted { nlmsg_readpriv } for comm="halley_10_TempT" scontext=u:r:untrusted_app_27:s0:c512,c768 tcontext=u:r:untrusted_app_27:s0:c512,c768 tclass=netlink_route_socket app=com.tencent.mobileqq
08-22 16:25:24.080 1542 1871 I netstats_mobile_sample: [0,0,0,0,0,0,0,0,0,0,0,0,1692692724095]
08-22 16:25:24.080 1542 1871 I netstats_wifi_sample: [26767812,64666,23308913,44702,26767812,64666,23308913,44702,97914386,137915,18634029,40730,1692692724095]
08-22 16:25:24.096 1542 1934 I sync : [com.tencent.android.qqdownloader.YYBLiveAccountProvider,0,3,24220937]
08-22 16:25:24.101 21640 21640 I auditd : type=1400 audit(0.0:38744): avc: granted { nlmsg_readpriv } for comm="halley_10_TempT" scontext=u:r:untrusted_app_27:s0:c512,c768 tcontext=u:r:untrusted_app_27:s0:c512,c768 tclass=netlink_route_socket app=com.tencent.mobileqq
08-22 16:25:24.105 21877 21877 I auditd : type=1400 audit(0.0:38745): avc: granted { nlmsg_readpriv } for comm="halley_2800_Tem" scontext=u:r:untrusted_app_27:s0:c512,c768 tcontext=u:r:untrusted_app_27:s0:c512,c768 tclass=netlink_route_socket app=com.tencent.android.qqdownloader
08-22 16:25:24.128 1542 1871 I netstats_mobile_sample: [0,0,0,0,0,0,0,0,0,0,0,0,1692692724143]
08-22 16:25:24.128 1542 1871 I netstats_wifi_sample: [26767812,64666,23308980,44703,26767812,64666,23308980,44703,97914386,137915,18634172,40732,1692692724143]
08-22 16:25:24.136 1542 1934 I sync : [com.tencent.android.qqdownloader.YYBLiveAccountProvider,1,3,24220937]
08-22 16:25:24.140 1542 1934 I commit_sys_config_file: [sync-status,8264359]
08-22 16:25:24.148 1542 1934 I sync : [com.tencent.android.qqdownloader.YYBLiveAccountProvider,0,3,24220937]
08-22 16:25:24.154 1542 1871 I netstats_mobile_sample: [0,0,0,0,0,0,0,0,0,0,0,0,1692692724169]
08-22 16:25:24.154 1542 1871 I netstats_wifi_sample: [26767812,64666,23309162,44706,26767812,64666,23309162,44706,97914386,137915,18634354,40735,1692692724169]
08-22 16:25:24.173 21877 21877 I auditd : type=1400 audit(0.0:38746): avc: granted { nlmsg_readpriv } for comm="halley_2800_Tem" scontext=u:r:untrusted_app_27:s0:c512,c768 tcontext=u:r:untrusted_app_27:s0:c512,c768 tclass=netlink_route_socket app=com.tencent.android.qqdownloader
08-22 16:25:24.196 1542 1934 I sync : [com.tencent.android.qqdownloader.YYBLiveAccountProvider,1,3,24220937]
08-22 16:25:24.210 1542 1542 I notification_enqueue: [10104,21877,com.tencent.android.qqdownloader,109,NULL,0,Notification(channel=channel_id_default_silent shortcut=null contentView=null vibrate=null sound=null tick defaults=0x0 flags=0x210 color=0x00000000 groupKey=com.tencent.android.qqdownloader vis=PRIVATE),0]
08-22 16:25:24.214 1542 1934 I commit_sys_config_file: [sync-status,8264433]
08-22 16:25:24.222 1542 1934 I sync : [com.tencent.android.qqdownloader.YYBLiveAccountProvider,0,3,24220937]
08-22 16:25:24.240 1542 1934 I sync : [com.tencent.android.qqdownloader.YYBLiveAccountProvider,1,3,24220937]
08-22 16:25:24.241 1542 1934 I commit_sys_config_file: [sync-status,8264460]
08-22 16:25:24.704 1542 1542 I notification_enqueue: [10104,21808,com.tencent.android.qqdownloader,127,NULL,0,Notification(channel=channel_id_default_silent shortcut=null contentView=com.tencent.android.qqdownloader/0x7f0a01c2 vibrate=null sound=null defaults=0x0 flags=0x2a2 color=0x00000000 groupKey=com.tencent.android.qqdownloader vis=PRIVATE),1]
08-22 16:25:25.433 1542 1693 I am_pss : [15883,10098,com.tencent.mobileqq,187987968,142290944,44032,366505984,0,2,23]
08-22 16:25:25.714 1542 1542 I notification_enqueue: [10104,21808,com.tencent.android.qqdownloader,127,NULL,0,Notification(channel=channel_id_default_silent shortcut=null contentView=com.tencent.android.qqdownloader/0x7f0a01c2 vibrate=null sound=null defaults=0x0 flags=0x2a2 color=0x00000000 groupKey=com.tencent.android.qqdownloader vis=PRIVATE),1]
08-22 16:25:25.862 1542 1871 I netstats_mobile_sample: [0,0,0,0,0,0,0,0,0,0,0,0,1692692725877]
08-22 16:25:25.862 1542 1871 I netstats_wifi_sample: [26775866,64692,23319506,44743,26775866,64692,23319506,44743,98007965,138238,18639564,40754,1692692725877]
08-22 16:25:26.097 21640 21640 I auditd : type=1400 audit(0.0:38750): avc: granted { nlmsg_readpriv } for comm="halley_10_TempT" scontext=u:r:untrusted_app_27:s0:c512,c768 tcontext=u:r:untrusted_app_27:s0:c512,c768 tclass=netlink_route_socket app=com.tencent.mobileqq
08-22 16:25:26.117 21877 21877 I auditd : type=1400 audit(0.0:38751): avc: granted { nlmsg_readpriv } for comm="halley_2800_Tem" scontext=u:r:untrusted_app_27:s0:c512,c768 tcontext=u:r:untrusted_app_27:s0:c512,c768 tclass=netlink_route_socket app=com.tencent.android.qqdownloader
08-22 16:25:26.121 21640 21640 I auditd : type=1400 audit(0.0:38752): avc: granted { nlmsg_readpriv } for comm="halley_10_TempT" scontext=u:r:untrusted_app_27:s0:c512,c768 tcontext=u:r:untrusted_app_27:s0:c512,c768 tclass=netlink_route_socket app=com.tencent.mobileqq
08-22 16:25:26.125 21877 21877 I auditd : type=1400 audit(0.0:38753): avc: granted { nlmsg_readpriv } for comm="halley_2800_Tem" scontext=u:r:untrusted_app_27:s0:c512,c768 tcontext=u:r:untrusted_app_27:s0:c512,c768 tclass=netlink_route_socket app=com.tencent.android.qqdownloader
08-22 16:25:26.140 1542 1659 I commit_sys_config_file: [jobs,5]
08-22 16:25:26.142 1542 1696 I am_wtf : [0,1542,system_server,-1,ActivityManager,Sending non-protected broadcast com.thundercomm.active.state from system 2164:com.thundercomm.microsettings/1000 pkg com.thundercomm.microsettings]
08-22 16:25:26.185 21640 21640 I auditd : type=1400 audit(0.0:38754): avc: granted { nlmsg_readpriv } for comm="halley_10_TempT" scontext=u:r:untrusted_app_27:s0:c512,c768 tcontext=u:r:untrusted_app_27:s0:c512,c768 tclass=netlink_route_socket app=com.tencent.mobileqq
08-22 16:25:26.720 1542 1542 I notification_enqueue: [10104,21808,com.tencent.android.qqdownloader,127,NULL,0,Notification(channel=channel_id_default_silent shortcut=null contentView=com.tencent.android.qqdownloader/0x7f0a01c2 vibrate=null sound=null defaults=0x0 flags=0x2a2 color=0x00000000 groupKey=com.tencent.android.qqdownloader vis=PRIVATE),1]
08-22 16:25:27.727 1542 1542 I notification_enqueue: [10104,21808,com.tencent.android.qqdownloader,127,NULL,0,Notification(channel=channel_id_default_silent shortcut=null contentView=com.tencent.android.qqdownloader/0x7f0a01c2 vibrate=null sound=null defaults=0x0 flags=0x2a2 color=0x00000000 groupKey=com.tencent.android.qqdownloader vis=PRIVATE),1]
08-22 16:25:28.738 1542 1542 I notification_enqueue: [10104,21808,com.tencent.android.qqdownloader,127,NULL,0,Notification(channel=channel_id_default_silent shortcut=null contentView=com.tencent.android.qqdownloader/0x7f0a01c2 vibrate=null sound=null defaults=0x0 flags=0x2a2 color=0x00000000 groupKey=com.tencent.android.qqdownloader vis=PRIVATE),1]
08-22 16:25:30.867 2272 2272 I force_gc: mem
08-22 16:25:32.992 1542 1697 I am_proc_start: [0,24155,10104,com.tencent.ilink.ServiceProcess,service,{com.tencent.android.qqdownloader/com.tencent.luggage.services.WxaStartUpService}]
08-22 16:25:33.032 1542 2605 I am_proc_bound: [0,24155,com.tencent.ilink.ServiceProcess]
08-22 16:25:33.067 1542 1693 I am_pss : [21640,10098,com.tencent.mobileqq:tool,139880448,76091392,43008,349614080,0,2,20]
08-22 16:25:33.077 1542 1693 I am_pss : [21829,10104,com.tencent.android.qqdownloader:live,31190016,21983232,44032,143093760,0,5,9]
08-22 16:25:33.092 1542 1693 I am_pss : [21877,10104,com.tencent.android.qqdownloader,101003264,87719936,43008,226222080,0,4,14]
08-22 16:25:33.109 1542 1693 I am_pss : [21808,10104,com.tencent.android.qqdownloader:daemon,108431360,68407296,43008,281776128,0,4,16]
08-22 16:25:33.119 1542 1693 I am_pss : [22966,99021,com.android.webview:sandboxed_process0:org.chromium.content.app.SandboxedProcessService0:0,49206272,15847424,305152,133160960,0,4,9]
08-22 16:25:33.128 1542 1693 I am_pss : [21954,10104,com.tencent.android.qqdownloader:cloud,30176256,22175744,44032,139575296,0,4,9]
08-22 16:25:33.145 24155 24155 I auditd : type=1400 audit(0.0:38758): avc: granted { execute } for comm=".ServiceProcess" path="/data/user/0/com.tencent.android.qqdownloader/files/res_hub/yyb/online/wx_sdk_so_3_64_20/arm64-v8a/libc++_shared.so" dev="dm-10" ino=375378 scontext=u:r:untrusted_app_27:s0:c512,c768 tcontext=u:object_r:app_data_file:s0:c512,c768 tclass=file app=com.tencent.android.qqdownloader
08-22 16:25:33.153 24155 24155 I auditd : type=1400 audit(0.0:38759): avc: granted { execute } for comm=".ServiceProcess" path="/data/user/0/com.tencent.android.qqdownloader/files/res_hub/yyb/online/wx_sdk_so_3_64_20/arm64-v8a/libwechatxlog.so" dev="dm-10" ino=375381 scontext=u:r:untrusted_app_27:s0:c512,c768 tcontext=u:object_r:app_data_file:s0:c512,c768 tclass=file app=com.tencent.android.qqdownloader
08-22 16:25:33.545 24155 24155 I auditd : type=1400 audit(0.0:38760): avc: granted { execute } for comm=4173796E635461736B202331 path="/data/user/0/com.tencent.android.qqdownloader/files/res_hub/yyb/online/wx_sdk_so_3_64_20/arm64-v8a/libwxaopenruntimejni.so" dev="dm-10" ino=375383 scontext=u:r:untrusted_app_27:s0:c512,c768 tcontext=u:object_r:app_data_file:s0:c512,c768 tclass=file app=com.tencent.android.qqdownloader
08-22 16:25:33.657 24155 24155 I auditd : type=1400 audit(0.0:38761): avc: granted { execute } for comm="Binder:24155_2" path="/data/user/0/com.tencent.android.qqdownloader/app_wxa_sdk_plugin/587202817/wxa_libs/libmmkv.so" dev="dm-10" ino=375719 scontext=u:r:untrusted_app_27:s0:c512,c768 tcontext=u:object_r:app_data_file:s0:c512,c768 tclass=file app=com.tencent.android.qqdownloader
08-22 16:25:33.661 24155 24155 I auditd : type=1400 audit(0.0:38762): avc: granted { execute } for comm="Binder:24155_2" path="/data/user/0/com.tencent.android.qqdownloader/app_wxa_sdk_plugin/587202817/wxa_libs/libc++_shared.so" dev="dm-10" ino=375694 scontext=u:r:untrusted_app_27:s0:c512,c768 tcontext=u:object_r:app_data_file:s0:c512,c768 tclass=file app=com.tencent.android.qqdownloader
08-22 16:25:33.819 1542 1697 I am_proc_start: [0,24269,10104,com.tencent.android.qqdownloader:wxa_container0,service,{com.tencent.android.qqdownloader/com.tencent.luggage.services.WxaProxy_WxaIPCContainerService0}]
08-22 16:25:33.846 1542 3021 I am_proc_bound: [0,24269,com.tencent.android.qqdownloader:wxa_container0]
08-22 16:25:34.153 24269 24269 I auditd : type=1400 audit(0.0:38787): avc: granted { execute } for comm=":wxa_container0" path="/data/user/0/com.tencent.android.qqdownloader/app_wxa_sdk_plugin/587202817/wxa_libs/libmmkv.so" dev="dm-10" ino=375719 scontext=u:r:untrusted_app_27:s0:c512,c768 tcontext=u:object_r:app_data_file:s0:c512,c768 tclass=file app=com.tencent.android.qqdownloader
08-22 16:25:34.153 24269 24269 I auditd : type=1400 audit(0.0:38788): avc: granted { execute } for comm=":wxa_container0" path="/data/user/0/com.tencent.android.qqdownloader/app_wxa_sdk_plugin/587202817/wxa_libs/libc++_shared.so" dev="dm-10" ino=375694 scontext=u:r:untrusted_app_27:s0:c512,c768 tcontext=u:object_r:app_data_file:s0:c512,c768 tclass=file app=com.tencent.android.qqdownloader
08-22 16:25:34.153 24269 24269 I auditd : type=1400 audit(0.0:38789): avc: granted { execute } for comm=":wxa_container0" path="/data/user/0/com.tencent.android.qqdownloader/app_wxa_sdk_plugin/587202817/wxa_libs/libwechatxlog.so" dev="dm-10" ino=375765 scontext=u:r:untrusted_app_27:s0:c512,c768 tcontext=u:object_r:app_data_file:s0:c512,c768 tclass=file app=com.tencent.android.qqdownloader
08-22 16:25:34.157 24269 24269 I auditd : type=1400 audit(0.0:38790): avc: granted { execute } for comm=":wxa_container0" path="/data/user/0/com.tencent.android.qqdownloader/app_wxa_sdk_plugin/587202817/wxa_libs/libstlport_shared.so" dev="dm-10" ino=375750 scontext=u:r:untrusted_app_27:s0:c512,c768 tcontext=u:object_r:app_data_file:s0:c512,c768 tclass=file app=com.tencent.android.qqdownloader
08-22 16:25:34.169 24269 24269 I auditd : type=1400 audit(0.0:38791): avc: granted { execute } for comm=":wxa_container0" path="/data/user/0/com.tencent.android.qqdownloader/app_wxa_sdk_plugin/587202817/wxa_libs/libwechatcrash.so" dev="dm-10" ino=375762 scontext=u:r:untrusted_app_27:s0:c512,c768 tcontext=u:object_r:app_data_file:s0:c512,c768 tclass=file app=com.tencent.android.qqdownloader
08-22 16:25:35.309 24269 24269 I auditd : type=1400 audit(0.0:38808): avc: granted { execute } for comm="JSRuntimeLooper" path="/data/user/0/com.tencent.android.qqdownloader/app_wxa_sdk_plugin/587202817/wxa_libs/libmmj2v8.so" dev="dm-10" ino=375718 scontext=u:r:untrusted_app_27:s0:c512,c768 tcontext=u:object_r:app_data_file:s0:c512,c768 tclass=file app=com.tencent.android.qqdownloader
08-22 16:25:35.501 24269 24269 I auditd : type=1400 audit(0.0:38809): avc: granted { execute } for comm="[GT]ColdPool#0" path="/data/user/0/com.tencent.android.qqdownloader/app_wxa_sdk_plugin/587202817/wxa_libs/libmmudp.so" dev="dm-10" ino=375729 scontext=u:r:untrusted_app_27:s0:c512,c768 tcontext=u:object_r:app_data_file:s0:c512,c768 tclass=file app=com.tencent.android.qqdownloader
08-22 16:25:35.509 24269 24269 I auditd : type=1400 audit(0.0:38810): avc: granted { execute } for comm="[GT]ColdPool#0" path="/data/user/0/com.tencent.android.qqdownloader/app_wxa_sdk_plugin/587202817/wxa_libs/libmmtcp.so" dev="dm-10" ino=375728 scontext=u:r:untrusted_app_27:s0:c512,c768 tcontext=u:object_r:app_data_file:s0:c512,c768 tclass=file app=com.tencent.android.qqdownloader
08-22 16:25:35.517 24269 24269 I auditd : type=1400 audit(0.0:38811): avc: granted { execute } for comm="[GT]ColdPool#0" path="/data/user/0/com.tencent.android.qqdownloader/app_wxa_sdk_plugin/587202817/wxa_libs/libmmlockstep.so" dev="dm-10" ino=375720 scontext=u:r:untrusted_app_27:s0:c512,c768 tcontext=u:object_r:app_data_file:s0:c512,c768 tclass=file app=com.tencent.android.qqdownloader
08-22 16:25:35.529 24269 24269 I auditd : type=1400 audit(0.0:38812): avc: granted { execute } for comm="[GT]ColdPool#0" path="/data/user/0/com.tencent.android.qqdownloader/app_wxa_sdk_plugin/587202817/wxa_libs/libowl.so" dev="dm-10" ino=375740 scontext=u:r:untrusted_app_27:s0:c512,c768 tcontext=u:object_r:app_data_file:s0:c512,c768 tclass=file app=com.tencent.android.qqdownloader
08-22 16:25:38.751 1542 1861 I netstats_mobile_sample: [0,0,0,0,0,0,0,0,0,0,0,0,1692692738766]
08-22 16:25:38.751 1542 1861 I netstats_wifi_sample: [26791876,64712,23362363,44821,26791876,64712,23362363,44821,98188496,138475,18672227,40820,1692692738766]
08-22 16:25:38.953 1542 1871 I netstats_mobile_sample: [0,0,0,0,0,0,0,0,0,0,0,0,1692692738968]
08-22 16:25:38.953 1542 1871 I netstats_wifi_sample: [26791876,64712,23362439,44822,26791876,64712,23362439,44822,98188496,138475,18672303,40821,1692692738968]
08-22 16:25:38.977 21640 21640 I auditd : type=1400 audit(0.0:38820): avc: granted { nlmsg_readpriv } for comm="halley_10_TempT" scontext=u:r:untrusted_app_27:s0:c512,c768 tcontext=u:r:untrusted_app_27:s0:c512,c768 tclass=netlink_route_socket app=com.tencent.mobileqq
08-22 16:25:38.994 1542 1542 I sysui_multi_action: [757,128,758,5,759,8,793,14784,794,0,795,14784,796,109,806,com.tencent.android.qqdownloader,857,channel_id_default_silent,858,3,946,com.tencent.android.qqdownloader,947,1,1500,14784,1688,1]
08-22 16:25:38.994 1542 1542 I notification_canceled: [0|com.tencent.android.qqdownloader|109|null|10104,8,14784,14784,0,-1,-1,NULL]
08-22 16:25:38.995 1542 1871 I netstats_mobile_sample: [0,0,0,0,0,0,0,0,0,0,0,0,1692692739010]
08-22 16:25:38.995 1542 1871 I netstats_wifi_sample: [26791876,64712,23362515,44823,26791876,64712,23362515,44823,98188496,138475,18672379,40822,1692692739010]
08-22 16:25:38.993 21877 21877 I auditd : type=1400 audit(0.0:38821): avc: granted { nlmsg_readpriv } for comm="halley_2800_Tem" scontext=u:r:untrusted_app_27:s0:c512,c768 tcontext=u:r:untrusted_app_27:s0:c512,c768 tclass=netlink_route_socket app=com.tencent.android.qqdownloader
08-22 16:25:39.021 21640 21640 I auditd : type=1400 audit(0.0:38822): avc: granted { nlmsg_readpriv } for comm="halley_10_TempT" scontext=u:r:untrusted_app_27:s0:c512,c768 tcontext=u:r:untrusted_app_27:s0:c512,c768 tclass=netlink_route_socket app=com.tencent.mobileqq
08-22 16:25:39.041 21877 21877 I auditd : type=1400 audit(0.0:38823): avc: granted { nlmsg_readpriv } for comm="halley_2800_Tem" scontext=u:r:untrusted_app_27:s0:c512,c768 tcontext=u:r:untrusted_app_27:s0:c512,c768 tclass=netlink_route_socket app=com.tencent.android.qqdownloader
08-22 16:25:39.063 1542 1871 I netstats_mobile_sample: [0,0,0,0,0,0,0,0,0,0,0,0,1692692739078]
08-22 16:25:39.063 1542 1871 I netstats_wifi_sample: [26792072,64715,23363086,44832,26792072,64715,23363086,44832,98188692,138478,18672950,40831,1692692739078]
08-22 16:25:39.065 1542 1542 I notification_enqueue: [10104,21877,com.tencent.android.qqdownloader,101,NULL,0,Notification(channel=channel_id_default_silent shortcut=null contentView=null vibrate=null sound=null tick defaults=0x0 flags=0x240 color=0x00000000 groupKey=com.tencent.android.qqdownloader vis=PRIVATE),0]
08-22 16:25:39.082 1542 1871 I netstats_mobile_sample: [0,0,0,0,0,0,0,0,0,0,0,0,1692692739097]
08-22 16:25:39.082 1542 1871 I netstats_wifi_sample: [26792884,64728,23363523,44839,26792884,64728,23363523,44839,98189191,138486,18673387,40838,1692692739097]
08-22 16:25:39.101 21640 21640 I auditd : type=1400 audit(0.0:38824): avc: granted { nlmsg_readpriv } for comm="halley_10_TempT" scontext=u:r:untrusted_app_27:s0:c512,c768 tcontext=u:r:untrusted_app_27:s0:c512,c768 tclass=netlink_route_socket app=com.tencent.mobileqq
08-22 16:25:39.129 1542 1542 I notification_enqueue: [10104,21877,com.tencent.android.qqdownloader,109,NULL,0,Notification(channel=channel_id_default_silent shortcut=null contentView=null vibrate=null sound=null tick defaults=0x0 flags=0x210 color=0x00000000 groupKey=com.tencent.android.qqdownloader vis=PRIVATE),0]
08-22 16:25:39.130 1542 1542 I sysui_multi_action: [757,128,758,5,759,8,793,2,794,0,795,2,796,109,806,com.tencent.android.qqdownloader,857,channel_id_default_silent,858,3,946,com.tencent.android.qqdownloader,947,1,1500,2]
08-22 16:25:39.130 1542 1542 I notification_canceled: [0|com.tencent.android.qqdownloader|109|null|10104,8,2,2,0,-1,-1,NULL]
08-22 16:25:39.137 1542 1542 I sysui_multi_action: [757,128,758,5,759,8,793,72,794,0,795,72,796,101,806,com.tencent.android.qqdownloader,857,channel_id_default_silent,858,3,946,com.tencent.android.qqdownloader,947,1,1500,72,1688,1]
08-22 16:25:39.137 1542 1542 I notification_canceled: [0|com.tencent.android.qqdownloader|101|null|10104,8,72,72,0,-1,-1,NULL]
08-22 16:25:40.134 1542 1542 I notification_enqueue: [10104,21877,com.tencent.android.qqdownloader,109,NULL,0,Notification(channel=channel_id_default_silent shortcut=null contentView=null vibrate=null sound=null tick defaults=0x0 flags=0x210 color=0x00000000 groupKey=com.tencent.android.qqdownloader vis=PRIVATE),0]
08-22 16:25:40.997 21640 21640 I auditd : type=1400 audit(0.0:38826): avc: granted { nlmsg_readpriv } for comm="halley_10_TempT" scontext=u:r:untrusted_app_27:s0:c512,c768 tcontext=u:r:untrusted_app_27:s0:c512,c768 tclass=netlink_route_socket app=com.tencent.mobileqq
08-22 16:25:41.053 21640 21640 I auditd : type=1400 audit(0.0:38827): avc: granted { nlmsg_readpriv } for comm="halley_10_TempT" scontext=u:r:untrusted_app_27:s0:c512,c768 tcontext=u:r:untrusted_app_27:s0:c512,c768 tclass=netlink_route_socket app=com.tencent.mobileqq
08-22 16:25:41.105 21640 21640 I auditd : type=1400 audit(0.0:38828): avc: granted { nlmsg_readpriv } for comm="halley_10_TempT" scontext=u:r:untrusted_app_27:s0:c512,c768 tcontext=u:r:untrusted_app_27:s0:c512,c768 tclass=netlink_route_socket app=com.tencent.mobileqq
08-22 16:25:41.113 21640 21640 I auditd : type=1400 audit(0.0:38829): avc: granted { nlmsg_readpriv } for comm="halley_10_TempT" scontext=u:r:untrusted_app_27:s0:c512,c768 tcontext=u:r:untrusted_app_27:s0:c512,c768 tclass=netlink_route_socket app=com.tencent.mobileqq
08-22 16:25:43.369 24516 24516 I auditd : type=1400 audit(0.0:38830): avc: denied { open } for comm="top" path="/proc/sys/kernel/pid_max" dev="proc" ino=1956014 scontext=u:r:untrusted_app_27:s0:c512,c768 tcontext=u:object_r:proc_pid_max:s0 tclass=file permissive=1 app=com.tencent.mobileqq
08-22 16:25:43.373 24516 24516 I auditd : type=1400 audit(0.0:38831): avc: denied { open } for comm="top" path="/proc/stat" dev="proc" ino=4026532245 scontext=u:r:untrusted_app_27:s0:c512,c768 tcontext=u:object_r:proc_stat:s0 tclass=file permissive=1 app=com.tencent.mobileqq
08-22 16:25:43.945 1542 1871 I netstats_mobile_sample: [0,0,0,0,0,0,0,0,0,0,0,0,1692692743960]
08-22 16:25:43.946 1542 1871 I netstats_wifi_sample: [26803268,64754,23387581,44894,26803268,64754,23387581,44894,98310981,138799,18690971,40878,1692692743960]
08-22 16:25:43.983 1542 1542 I sysui_multi_action: [757,128,758,5,759,8,793,3850,794,0,795,3850,796,109,806,com.tencent.android.qqdownloader,857,channel_id_default_silent,858,3,946,com.tencent.android.qqdownloader,947,1,1500,3850,1688,1]
08-22 16:25:43.983 1542 1542 I notification_canceled: [0|com.tencent.android.qqdownloader|109|null|10104,8,3850,3850,0,-1,-1,NULL]
08-22 16:25:43.991 1542 1871 I netstats_mobile_sample: [0,0,0,0,0,0,0,0,0,0,0,0,1692692744006]
08-22 16:25:43.991 1542 1871 I netstats_wifi_sample: [26803268,64754,23387987,44900,26803268,64754,23387987,44900,98310981,138799,18691453,40885,1692692744006]
08-22 16:25:44.013 21640 21640 I auditd : type=1400 audit(0.0:38832): avc: granted { nlmsg_readpriv } for comm="halley_10_TempT" scontext=u:r:untrusted_app_27:s0:c512,c768 tcontext=u:r:untrusted_app_27:s0:c512,c768 tclass=netlink_route_socket app=com.tencent.mobileqq
08-22 16:25:44.025 1542 1693 I am_pss : [24155,10104,com.tencent.ilink.ServiceProcess,68241408,57131008,43008,192610304,0,4,11]
08-22 16:25:44.038 1542 1862 I service_manager_slow: [11,alarm]
08-22 16:25:44.038 1542 1871 I netstats_mobile_sample: [0,0,0,0,0,0,0,0,0,0,0,0,1692692744053]
08-22 16:25:44.038 1542 1871 I netstats_wifi_sample: [26803268,64754,23388113,44902,26803268,64754,23388113,44902,98310981,138799,18691515,40886,1692692744053]
08-22 16:25:44.053 1542 1871 I netstats_mobile_sample: [0,0,0,0,0,0,0,0,0,0,0,0,1692692744068]
08-22 16:25:44.053 1542 1871 I netstats_wifi_sample: [26803268,64754,23388364,44906,26803268,64754,23388364,44906,98310981,138799,18691830,40891,1692692744068]
08-22 16:25:44.061 21640 21640 I auditd : type=1400 audit(0.0:38833): avc: granted { nlmsg_readpriv } for comm="halley_10_TempT" scontext=u:r:untrusted_app_27:s0:c512,c768 tcontext=u:r:untrusted_app_27:s0:c512,c768 tclass=netlink_route_socket app=com.tencent.mobileqq
08-22 16:25:44.059 1542 1542 I notification_enqueue: [10104,21877,com.tencent.android.qqdownloader,101,NULL,0,Notification(channel=channel_id_default_silent shortcut=null contentView=null vibrate=null sound=null tick defaults=0x0 flags=0x240 color=0x00000000 groupKey=com.tencent.android.qqdownloader vis=PRIVATE),0]
08-22 16:25:44.081 21640 21640 I auditd : type=1400 audit(0.0:38834): avc: granted { nlmsg_readpriv } for comm="halley_10_TempT" scontext=u:r:untrusted_app_27:s0:c512,c768 tcontext=u:r:untrusted_app_27:s0:c512,c768 tclass=netlink_route_socket app=com.tencent.mobileqq
08-22 16:25:44.093 1542 1862 I service_manager_stats: [100,182,25433]
08-22 16:25:44.098 1542 1542 I notification_enqueue: [10104,21877,com.tencent.android.qqdownloader,109,NULL,0,Notification(channel=channel_id_default_silent shortcut=null contentView=null vibrate=null sound=null tick defaults=0x0 flags=0x210 color=0x00000000 groupKey=com.tencent.android.qqdownloader vis=PRIVATE),0]
08-22 16:25:44.100 1542 1542 I sysui_multi_action: [757,128,758,5,759,8,793,43,794,0,795,43,796,101,806,com.tencent.android.qqdownloader,857,channel_id_default_silent,858,3,946,com.tencent.android.qqdownloader,947,1,1500,43,1688,1]
08-22 16:25:44.100 1542 1542 I notification_canceled: [0|com.tencent.android.qqdownloader|101|null|10104,8,43,43,0,-1,-1,NULL]
08-22 16:25:44.117 21877 21877 I auditd : type=1400 audit(0.0:38835): avc: granted { nlmsg_readpriv } for comm="halley_2800_Tem" scontext=u:r:untrusted_app_27:s0:c512,c768 tcontext=u:r:untrusted_app_27:s0:c512,c768 tclass=netlink_route_socket app=com.tencent.android.qqdownloader
08-22 16:25:45.881 1542 1871 I netstats_mobile_sample: [0,0,0,0,0,0,0,0,0,0,0,0,1692692745896]
08-22 16:25:45.882 1542 1871 I netstats_wifi_sample: [26810678,64774,23403186,44939,26810678,64774,23403186,44939,98395060,139031,18702042,40914,1692692745896]
08-22 16:25:46.033 21640 21640 I auditd : type=1400 audit(0.0:38843): avc: granted { nlmsg_readpriv } for comm="halley_10_TempT" scontext=u:r:untrusted_app_27:s0:c512,c768 tcontext=u:r:untrusted_app_27:s0:c512,c768 tclass=netlink_route_socket app=com.tencent.mobileqq
08-22 16:25:46.043 1542 1542 I notification_enqueue: [10104,21808,com.tencent.android.qqdownloader,127,NULL,0,Notification(channel=channel_id_default_silent shortcut=null contentView=com.tencent.android.qqdownloader/0x7f0a01c2 vibrate=null sound=null defaults=0x0 flags=0x2a2 color=0x00000000 groupKey=com.tencent.android.qqdownloader vis=PRIVATE),1]
08-22 16:25:46.065 21640 21640 I auditd : type=1400 audit(0.0:38844): avc: granted { nlmsg_readpriv } for comm="halley_10_TempT" scontext=u:r:untrusted_app_27:s0:c512,c768 tcontext=u:r:untrusted_app_27:s0:c512,c768 tclass=netlink_route_socket app=com.tencent.mobileqq
08-22 16:25:46.085 21640 21640 I auditd : type=1400 audit(0.0:38845): avc: granted { nlmsg_readpriv } for comm="halley_10_TempT" scontext=u:r:untrusted_app_27:s0:c512,c768 tcontext=u:r:untrusted_app_27:s0:c512,c768 tclass=netlink_route_socket app=com.tencent.mobileqq
08-22 16:25:46.125 21877 21877 I auditd : type=1400 audit(0.0:38846): avc: granted { nlmsg_readpriv } for comm="halley_2800_Tem" scontext=u:r:untrusted_app_27:s0:c512,c768 tcontext=u:r:untrusted_app_27:s0:c512,c768 tclass=netlink_route_socket app=com.tencent.android.qqdownloader
08-22 16:25:46.129 21877 21877 I auditd : type=1400 audit(0.0:38847): avc: granted { nlmsg_readpriv } for comm="halley_2800_Tem" scontext=u:r:untrusted_app_27:s0:c512,c768 tcontext=u:r:untrusted_app_27:s0:c512,c768 tclass=netlink_route_socket app=com.tencent.android.qqdownloader
08-22 16:25:47.049 1542 1542 I notification_enqueue: [10104,21808,com.tencent.android.qqdownloader,127,NULL,0,Notification(channel=channel_id_default_silent shortcut=null contentView=com.tencent.android.qqdownloader/0x7f0a01c2 vibrate=null sound=null defaults=0x0 flags=0x2a2 color=0x00000000 groupKey=com.tencent.android.qqdownloader vis=PRIVATE),1]
08-22 16:25:48.063 1542 1542 I notification_enqueue: [10104,21808,com.tencent.android.qqdownloader,127,NULL,0,Notification(channel=channel_id_default_silent shortcut=null contentView=com.tencent.android.qqdownloader/0x7f0a01c2 vibrate=null sound=null defaults=0x0 flags=0x2a2 color=0x00000000 groupKey=com.tencent.android.qqdownloader vis=PRIVATE),1]
08-22 16:25:49.501 24613 24613 I auditd : type=1400 audit(0.0:38852): avc: denied { open } for comm="top" path="/proc/sys/kernel/pid_max" dev="proc" ino=1956014 scontext=u:r:untrusted_app_27:s0:c512,c768 tcontext=u:object_r:proc_pid_max:s0 tclass=file permissive=1 app=com.tencent.mobileqq
08-22 16:25:49.501 24613 24613 I auditd : type=1400 audit(0.0:38853): avc: denied { open } for comm="top" path="/proc/stat" dev="proc" ino=4026532245 scontext=u:r:untrusted_app_27:s0:c512,c768 tcontext=u:object_r:proc_stat:s0 tclass=file permissive=1 app=com.tencent.mobileqq
08-22 16:25:49.537 24614 24614 I auditd : type=1400 audit(0.0:38854): avc: denied { open } for comm="getprop" path="/dev/__properties__/u:object_r:ab_update_gki_prop:s0" dev="tmpfs" ino=12119 scontext=u:r:untrusted_app_27:s0:c512,c768 tcontext=u:object_r:ab_update_gki_prop:s0 tclass=file permissive=1 app=com.tencent.android.qqdownloader
08-22 16:25:49.537 24614 24614 I auditd : type=1400 audit(0.0:38855): avc: denied { getattr } for comm="getprop" path="/dev/__properties__/u:object_r:ab_update_gki_prop:s0" dev="tmpfs" ino=12119 scontext=u:r:untrusted_app_27:s0:c512,c768 tcontext=u:object_r:ab_update_gki_prop:s0 tclass=file permissive=1 app=com.tencent.android.qqdownloader
08-22 16:25:49.537 24614 24614 I auditd : type=1400 audit(0.0:38856): avc: denied { map } for comm="getprop" path="/dev/__properties__/u:object_r:ab_update_gki_prop:s0" dev="tmpfs" ino=12119 scontext=u:r:untrusted_app_27:s0:c512,c768 tcontext=u:object_r:ab_update_gki_prop:s0 tclass=file permissive=1 app=com.tencent.android.qqdownloader
08-22 16:25:50.884 2295 2295 I sqlite_mem_released: 0
08-22 16:25:50.884 2295 2295 I force_gc: mem
08-22 16:25:53.642 1542 1693 I am_pss : [21829,10104,com.tencent.android.qqdownloader:live,31328256,24178688,43008,145297408,0,5,11]
08-22 16:25:56.177 1542 1696 I am_wtf : [0,1542,system_server,-1,ActivityManager,Sending non-protected broadcast com.thundercomm.active.state from system 2164:com.thundercomm.microsettings/1000 pkg com.thundercomm.microsettings]
08-22 16:25:58.643 2248 2248 I force_gc: mem
08-22 16:26:05.008 2303 2303 I sqlite_mem_released: 0
08-22 16:26:05.008 2303 2303 I force_gc: mem
08-22 16:26:09.566 1542 1843 I input_interaction: Interaction with: f3996d8 com.tencent.mobileqq/com.tencent.mobileqq.activity.QQBrowserActivity (server), edge-swipe (server), swipe-up (server), PointerEventDispatcher0 (server),
08-22 16:26:09.577 1542 7812 I wm_task_moved: [1,0,0]
08-22 16:26:09.577 1542 7812 I wm_task_moved: [1,0,5]
08-22 16:26:09.603 2577 2577 I wm_on_restart_called: [214579854,com.android.launcher3.uioverrides.QuickstepLauncher,performRestartActivity]
08-22 16:26:09.606 1542 1693 I am_pss : [24269,10104,com.tencent.android.qqdownloader:wxa_container0,123405312,111796224,43008,251760640,0,19,19]
08-22 16:26:09.673 2577 2577 I wm_on_start_called: [214579854,com.android.launcher3.uioverrides.QuickstepLauncher,handleStartActivity]
08-22 16:26:09.674 21640 21640 I view_enqueue_input_event: [Motion - Cancel,com.tencent.mobileqq/com.tencent.mobileqq.activity.QQBrowserActivity]
08-22 16:26:09.674 1542 1843 I input_interaction: Interaction with: edge-swipe (server), swipe-up (server), PointerEventDispatcher0 (server),
08-22 16:26:09.678 2577 2577 I sysui_latency: [1,114]
08-22 16:26:09.710 1542 1657 I sysui_multi_action: [319,16,322,125,325,8323,757,761,758,9,759,5,806,com.android.launcher3,871,com.android.launcher3.uioverrides.QuickstepLauncher,905,0,1320,8,1321,5]
08-22 16:26:09.877 1542 1833 I commit_sys_config_file: [settings-1-0,4]
08-22 16:26:10.004 1542 1693 I sysui_latency: [8,133]
08-22 16:26:10.089 853 853 I auditd : type=1400 audit(0.0:39533): avc: denied { add_name } for comm="perf@2.2-servic" name="min_freq" scontext=u:r:vendor_hal_perf_default:s0 tcontext=u:object_r:vendor_sysfs_devfreq:s0 tclass=dir permissive=1
08-22 16:26:10.089 853 853 I auditd : type=1400 audit(0.0:39534): avc: denied { add_name } for comm="perf@2.2-servic" name="cpu_min_freq" scontext=u:r:vendor_hal_perf_default:s0 tcontext=u:object_r:vendor_sysfs_msm_perf:s0 tclass=dir permissive=1
08-22 16:26:10.324 1542 20554 I wm_task_moved: [1,1,7]
08-22 16:26:10.325 1542 20554 I wm_focused_root_task: [0,0,1,76328,RecentsAnimation.onAnimationFinished()]
08-22 16:26:10.325 21640 21640 I wm_on_top_resumed_lost_called: [16660569,com.tencent.mobileqq.activity.QQBrowserActivity,topStateChangedWhenResumed]
08-22 16:26:10.329 1542 20554 I wm_pause_activity: [0,47462117,com.ss.android.lark/.main.app.MainActivity,userLeaving=false,pauseBackTasks]
08-22 16:26:10.332 13299 13299 I wm_on_paused_called: [47462117,com.ss.android.lark.main.app.MainActivity,performPause]
08-22 16:26:10.333 1542 20554 I wm_set_resumed_activity: [0,com.android.launcher3/.uioverrides.QuickstepLauncher,resumeTopActivityInnerLocked]
08-22 16:26:10.335 1542 20554 I wm_resume_activity: [0,214579854,76211,com.android.launcher3/.uioverrides.QuickstepLauncher]
08-22 16:26:10.336 2577 2577 I wm_on_resume_called: [214579854,com.android.launcher3.uioverrides.QuickstepLauncher,RESUME_ACTIVITY]
08-22 16:26:10.336 1542 20554 I wm_add_to_stopping: [0,47462117,com.ss.android.lark/.main.app.MainActivity,makeInvisible]
08-22 16:26:10.343 1542 1662 I input_focus: [Focus request ca710ad com.android.launcher3/com.android.launcher3.uioverrides.QuickstepLauncher,reason=UpdateInputWindows]
08-22 16:26:10.353 1542 4747 I wm_task_created: [76331,-1]
08-22 16:26:10.355 1542 4747 I wm_task_created: [76332,-1]
08-22 16:26:10.355 1542 4747 I wm_task_moved: [76332,0,-2147483648]
08-22 16:26:10.355 1542 1843 I input_focus: [Focus leaving f3996d8 com.tencent.mobileqq/com.tencent.mobileqq.activity.QQBrowserActivity (server),reason=setFocusedWindow]
08-22 16:26:10.355 1542 1843 I input_focus: [Focus entering ca710ad com.android.launcher3/com.android.launcher3.uioverrides.QuickstepLauncher (server),reason=setFocusedWindow]
08-22 16:26:10.356 1542 4747 I wm_create_task: [0,76332]
08-22 16:26:10.356 1542 4747 I wm_create_activity: [0,58719123,76332,com.android.launcher3/com.android.quickstep.RecentsActivity,NULL,NULL,NULL,276889600]
08-22 16:26:10.356 1542 4747 I wm_task_moved: [76331,0,0]
08-22 16:26:10.356 1542 4747 I wm_task_moved: [76331,0,7]
08-22 16:26:10.358 1542 4747 I wm_restart_activity: [0,58719123,76332,com.android.launcher3/com.android.quickstep.RecentsActivity]
08-22 16:26:10.361 1542 1660 I sysui_multi_action: [757,803,799,window_time_2,802,66]
08-22 16:26:10.363 1542 8548 I wm_stop_activity: [0,47462117,com.ss.android.lark/.main.app.MainActivity]
08-22 16:26:10.365 2577 2577 I wm_on_top_resumed_gained_called: [214579854,com.android.launcher3.uioverrides.QuickstepLauncher,topStateChangedWhenResumed]
08-22 16:26:10.370 1542 8548 I wm_add_to_stopping: [0,58719123,com.android.launcher3/com.android.quickstep.RecentsActivity,makeInvisible]
08-22 16:26:10.372 1542 8548 I wm_add_to_stopping: [0,16660569,com.tencent.mobileqq/.activity.QQBrowserActivity,makeInvisible]
08-22 16:26:10.372 1542 8548 I wm_add_to_stopping: [0,13385925,com.tencent.mobileqq/.activity.LoginPublicFragmentActivity,makeInvisible]
08-22 16:26:10.372 1542 8548 I wm_add_to_stopping: [0,99617722,com.tencent.mobileqq/.activity.LoginActivity,makeInvisible]
08-22 16:26:10.388 1542 1660 I am_uid_running: 10028
08-22 16:26:10.390 1542 1660 I wm_stop_activity: [0,99617722,com.tencent.mobileqq/.activity.LoginActivity]
08-22 16:26:10.390 1542 1660 I wm_stop_activity: [0,13385925,com.tencent.mobileqq/.activity.LoginPublicFragmentActivity]
08-22 16:26:10.390 1542 1660 I wm_stop_activity: [0,16660569,com.tencent.mobileqq/.activity.QQBrowserActivity]
08-22 16:26:10.390 1542 1660 I wm_stop_activity: [0,58719123,com.android.launcher3/com.android.quickstep.RecentsActivity]
08-22 16:26:10.391 1542 20554 I wm_task_moved: [76331,1,8]
08-22 16:26:10.391 1542 20554 I wm_focused_root_task: [0,0,76331,1,RecentsAnimation.onAnimationFinished()]
08-22 16:26:10.392 1542 20554 I wm_pause_activity: [0,214579854,com.android.launcher3/.uioverrides.QuickstepLauncher,userLeaving=false,pauseBackTasks]
08-22 16:26:10.393 1542 20554 I wm_set_resumed_activity: [0,com.android.launcher3/com.android.quickstep.RecentsActivity,resumeTopActivityInnerLocked]
08-22 16:26:10.393 1542 20554 I wm_resume_activity: [0,58719123,76332,com.android.launcher3/com.android.quickstep.RecentsActivity]
08-22 16:26:10.393 1542 1697 I am_proc_start: [0,24663,10028,com.autonavi.minimap,NULL,]
08-22 16:26:10.399 21640 21640 I wm_on_paused_called: [16660569,com.tencent.mobileqq.activity.QQBrowserActivity,performPause]
08-22 16:26:10.399 1542 1660 I sysui_multi_action: [757,803,799,window_time_0,802,0]
08-22 16:26:10.400 1542 4747 I wm_finish_activity: [0,58719123,76332,com.android.launcher3/com.android.quickstep.RecentsActivity,app-request]
08-22 16:26:10.400 1542 4747 I wm_task_moved: [1,1,8]
08-22 16:26:10.400 1542 4747 I wm_task_moved: [76211,1,2147483647]
08-22 16:26:10.400 1542 4747 I wm_task_to_front: [0,76211]
08-22 16:26:10.400 1542 4747 I wm_focused_root_task: [0,0,1,-1,finish-top adjustFocusToNextFocusableTask]
08-22 16:26:10.400 1542 4747 I wm_pause_activity: [0,58719123,com.android.launcher3/com.android.quickstep.RecentsActivity,userLeaving=false,finish]
08-22 16:26:10.401 2577 2577 I wm_on_create_called: [58719123,com.android.quickstep.RecentsActivity,performCreate]
08-22 16:26:10.403 1542 1662 I input_focus: [Focus request ca710ad com.android.launcher3/com.android.launcher3.uioverrides.QuickstepLauncher,reason=UpdateInputWindows]
08-22 16:26:10.405 13299 13299 I wm_on_stop_called: [47462117,com.ss.android.lark.main.app.MainActivity,STOP_ACTIVITY_ITEM]
08-22 16:26:10.406 2577 2577 I wm_on_top_resumed_lost_called: [214579854,com.android.launcher3.uioverrides.QuickstepLauncher,topStateChangedWhenResumed]
08-22 16:26:10.408 2577 2577 I wm_on_paused_called: [214579854,com.android.launcher3.uioverrides.QuickstepLauncher,performPause]
08-22 16:26:10.410 1542 1660 I am_kill : [0,24269,com.tencent.android.qqdownloader:wxa_container0,100,empty #2]
08-22 16:26:10.412 1542 12437 I netstats_mobile_sample: [0,0,0,0,0,0,0,0,0,0,0,0,1692692770428]
08-22 16:26:10.413 15883 15883 I wm_on_stop_called: [99617722,com.tencent.mobileqq.activity.LoginActivity,STOP_ACTIVITY_ITEM]
08-22 16:26:10.414 1542 12010 I wm_set_resumed_activity: [0,com.android.launcher3/.uioverrides.QuickstepLauncher,resumeTopActivityInnerLocked]
08-22 16:26:10.414 21640 21640 I wm_on_stop_called: [16660569,com.tencent.mobileqq.activity.QQBrowserActivity,STOP_ACTIVITY_ITEM]
08-22 16:26:10.415 1542 12010 I wm_resume_activity: [0,214579854,76211,com.android.launcher3/.uioverrides.QuickstepLauncher]
08-22 16:26:10.415 1542 12437 I netstats_wifi_sample: [26841810,64817,23485359,45087,26841810,64817,23485359,45087,98722692,139432,18765615,41042,1692692770428]
08-22 16:26:10.419 2577 2577 I wm_on_resume_called: [214579854,com.android.launcher3.uioverrides.QuickstepLauncher,RESUME_ACTIVITY]
08-22 16:26:10.419 2577 2577 I wm_on_top_resumed_gained_called: [214579854,com.android.launcher3.uioverrides.QuickstepLauncher,topWhenResuming]
08-22 16:26:10.420 1542 1660 I sysui_multi_action: [757,803,799,window_time_0,802,0]
08-22 16:26:10.424 1542 7812 I am_proc_bound: [0,24663,com.autonavi.minimap]
08-22 16:26:10.427 15883 15883 I wm_on_stop_called: [13385925,com.tencent.mobileqq.activity.LoginPublicFragmentActivity,STOP_ACTIVITY_ITEM]
08-22 16:26:10.429 1542 1660 I am_kill : [0,17396,com.tencent.mm,915,empty #2]
08-22 16:26:10.432 1542 1660 I sysui_multi_action: [757,803,799,window_time_0,802,0]
08-22 16:26:10.437 1542 12437 I am_uid_running: 10071
08-22 16:26:10.446 1542 7812 I wm_destroy_activity: [0,58719123,76332,com.android.launcher3/com.android.quickstep.RecentsActivity,finish-idle]
08-22 16:26:10.446 2577 2577 I wm_on_destroy_called: [58719123,com.android.quickstep.RecentsActivity,performDestroy]
08-22 16:26:10.448 1542 1697 I am_proc_start: [0,24686,10071,com.thundercomm.gamemode.provider,content provider,{com.thundercomm.gamemode.provider/com.thundercomm.gamemode.provider.SettingsProvider}]
08-22 16:26:10.448 1542 7812 I wm_task_removed: [76332,cleanUpResourcesForDestroy]
08-22 16:26:10.448 1542 7812 I wm_task_removed: [76331,removeChild:removeChild last r=Task{2d717d0 #76332 type=recents I=com.android.launcher3/com.android.quickstep.RecentsActivity U=0 visible=false mode=fullscreen translucent=true sz=0 visible freeform task=true rootAffinity=null isMini=false} in t=Task{7bf5394 #76331 type=recents ?? U=0 visible=false mode=fullscreen translucent=true sz=0 visible freeform task=true rootAffinity=null isMini=false}]
08-22 16:26:10.448 1542 7812 I wm_task_removed: [76331,removeChild]
08-22 16:26:10.448 1542 7812 I wm_task_removed: [76332,removeChild:removeChild last r=ActivityRecord{37ffb93 u0 com.android.launcher3/com.android.quickstep.RecentsActivity taskAffinity=null t-1 f}} in t=Task{2d717d0 #76332 type=recents I=com.android.launcher3/com.android.quickstep.RecentsActivity U=0 visible=false mode=fullscreen translucent=true sz=0 visible freeform task=true rootAffinity=null isMini=false}]
08-22 16:26:10.448 1542 7812 I wm_task_removed: [76332,removeChild]
08-22 16:26:10.466 1542 7812 I am_proc_bound: [0,24686,com.thundercomm.gamemode.provider]
08-22 16:26:10.470 1542 7812 I am_uid_active: 10071
08-22 16:26:10.496 1542 7812 I am_proc_died: [0,17396,com.tencent.mm,915,19]
08-22 16:26:10.496 1542 1693 I am_pss : [17396,10105,com.tencent.mm,165714944,161099776,43008,272650240,0,19,66]
08-22 16:26:10.496 1542 7812 I am_uid_stopped: 10105
08-22 16:26:10.537 1542 7812 I am_proc_died: [0,24269,com.tencent.android.qqdownloader:wxa_container0,100,19]
08-22 16:26:10.538 1542 7812 I am_schedule_service_restart: [0,com.tencent.android.qqdownloader/com.tencent.luggage.services.WxaProxy_WxaIPCContainerService0,1000]
08-22 16:26:10.563 1542 1833 I commit_sys_config_file: [settings-1-0,1]
08-22 16:26:10.693 1542 1697 I am_proc_start: [0,24771,10028,com.autonavi.minimap:locationservice,content provider,{com.autonavi.minimap/com.autonavi.minimap.adiu.storage.AdiuContentProvider}]
08-22 16:26:10.703 1542 12010 I am_proc_bound: [0,24771,com.autonavi.minimap:locationservice]
08-22 16:26:10.725 24663 24663 I auditd : type=1400 audit(0.0:39535): avc: granted { execute } for comm="utonavi.minimap" path="/data/data/com.autonavi.minimap/files/lib_hotfix/12.16.1.2056.121600.32/8/libdice.so" dev="dm-10" ino=1004920 scontext=u:r:untrusted_app:s0:c28,c256,c512,c768 tcontext=u:object_r:app_data_file:s0:c28,c256,c512,c768 tclass=file app=com.autonavi.minimap
08-22 16:26:10.786 1542 12010 I am_kill : [0,24663,com.autonavi.minimap,925,empty #2]
08-22 16:26:10.815 1542 12010 I am_proc_died: [0,24663,com.autonavi.minimap,925,19]
08-22 16:26:11.042 24771 24889 D TelephonyManager: getCellLocation returning null because telephony is null
08-22 16:26:11.203 1542 1843 I input_interaction: Interaction with: ca710ad com.android.launcher3/com.android.launcher3.uioverrides.QuickstepLauncher (server), e1aaae8 com.android.systemui.ImageWallpaper (server), edge-swipe (server), swipe-up (server), PointerEventDispatcher0 (server),
08-22 16:26:11.987 1542 12010 I wm_finish_activity: [0,99617722,76328,com.tencent.mobileqq/.activity.LoginActivity,remove-task]
08-22 16:26:11.988 1542 12010 I wm_destroy_activity: [0,99617722,76328,com.tencent.mobileqq/.activity.LoginActivity,finish-imm:finishIfPossible]
08-22 16:26:11.988 1542 12010 I wm_finish_activity: [0,13385925,76328,com.tencent.mobileqq/.activity.LoginPublicFragmentActivity,remove-task]
08-22 16:26:11.988 1542 12010 I wm_destroy_activity: [0,13385925,76328,com.tencent.mobileqq/.activity.LoginPublicFragmentActivity,finish-imm:finishIfPossible]
08-22 16:26:11.988 1542 12010 I wm_finish_activity: [0,16660569,76328,com.tencent.mobileqq/.activity.QQBrowserActivity,remove-task]
08-22 16:26:11.989 1542 12010 I wm_destroy_activity: [0,16660569,76328,com.tencent.mobileqq/.activity.QQBrowserActivity,finish-imm:finishIfPossible]
08-22 16:26:11.989 1542 1660 I am_kill : [0,21640,com.tencent.mobileqq:tool,925,empty #2]
08-22 16:26:11.990 1542 1660 I am_kill : [0,24771,com.autonavi.minimap:locationservice,925,empty #3]
08-22 16:26:11.992 1542 1660 I am_kill : [0,21773,com.android.webview:sandboxed_process0:org.chromium.content.app.SandboxedProcessService0:0,915,remove task]
08-22 16:26:11.992 1542 1660 I sysui_multi_action: [757,803,799,window_time_0,802,2]
08-22 16:26:11.995 15883 15883 I wm_on_destroy_called: [99617722,com.tencent.mobileqq.activity.LoginActivity,performDestroy]
08-22 16:26:12.000 15883 15883 I wm_on_destroy_called: [13385925,com.tencent.mobileqq.activity.LoginPublicFragmentActivity,performDestroy]
08-22 16:26:12.003 1542 4747 I am_kill : [0,15883,com.tencent.mobileqq,1001,remove task]
08-22 16:26:12.027 1542 12010 I am_proc_died: [0,21773,com.android.webview:sandboxed_process0:org.chromium.content.app.SandboxedProcessService0:0,915,19]
08-22 16:26:12.028 1542 12010 I am_schedule_service_restart: [0,com.tencent.mobileqq/org.chromium.content.app.SandboxedProcessService0:0,1000]
08-22 16:26:12.028 1542 12010 I am_uid_stopped: 99020
08-22 16:26:12.028 1542 12010 I am_kill : [0,15969,com.tencent.mobileqq:MSF,500,remove task]
08-22 16:26:12.029 1542 22853 I am_proc_died: [0,15883,com.tencent.mobileqq,1001,10]
08-22 16:26:12.030 1542 22853 I am_schedule_service_restart: [0,com.tencent.mobileqq/.emosm.web.MessengerService,10998]
08-22 16:26:12.030 1542 22853 I am_schedule_service_restart: [0,com.tencent.mobileqq/.app.CoreService,20998]
08-22 16:26:12.030 1542 22853 I am_schedule_service_restart: [0,com.tencent.mobileqq/com.tencent.biz.troop.TroopMemberApiService,30998]
08-22 16:26:12.034 1542 4747 I am_proc_died: [0,24771,com.autonavi.minimap:locationservice,925,19]
08-22 16:26:12.036 1542 1697 I am_proc_start: [0,24913,10028,com.autonavi.minimap,NULL,]
08-22 16:26:12.046 1542 20554 I am_proc_died: [0,15969,com.tencent.mobileqq:MSF,500,10]
08-22 16:26:12.046 1542 20554 I am_schedule_service_restart: [0,com.tencent.mobileqq/.msf.service.MsfService,40982]
08-22 16:26:12.047 1542 11710 I am_proc_bound: [0,24913,com.autonavi.minimap]
08-22 16:26:12.065 1542 11710 I am_proc_died: [0,21640,com.tencent.mobileqq:tool,925,19]
08-22 16:26:12.068 1542 11710 I am_uid_stopped: 10098
08-22 16:26:12.068 1542 11710 I wm_task_removed: [76328,removeChild:removeChild last r=ActivityRecord{fe3859 u0 com.tencent.mobileqq/.activity.QQBrowserActivity taskAffinity=10098:com.tencent.mobileqq t-1 f}} in t=Task{94fac93 #76328 type=standard A=10098:com.tencent.mobileqq U=0 visible=false mode=freeform translucent=true sz=0 visible freeform task=false rootAffinity=10098:com.tencent.mobileqq isMini=false}]
08-22 16:26:12.068 1542 11710 I wm_task_removed: [76328,removeChild]
08-22 16:26:12.289 1542 1697 I am_proc_start: [0,24993,10028,com.autonavi.minimap:locationservice,content provider,{com.autonavi.minimap/com.autonavi.minimap.adiu.storage.AdiuContentProvider}]
08-22 16:26:12.310 1542 20554 I am_proc_bound: [0,24993,com.autonavi.minimap:locationservice]
08-22 16:26:12.313 24913 24913 I auditd : type=1400 audit(0.0:39536): avc: granted { execute } for comm="utonavi.minimap" path="/data/data/com.autonavi.minimap/files/lib_hotfix/12.16.1.2056.121600.32/8/libdice.so" dev="dm-10" ino=1004920 scontext=u:r:untrusted_app:s0:c28,c256,c512,c768 tcontext=u:object_r:app_data_file:s0:c28,c256,c512,c768 tclass=file app=com.autonavi.minimap
08-22 16:26:12.373 24913 24913 I auditd : type=1400 audit(0.0:39537): avc: granted { execute } for comm="utonavi.minimap" path="/data/data/com.autonavi.minimap/files/lib_hotfix/12.16.1.2056.121600.32/8/libamaptbt.so" dev="dm-10" ino=1004933 scontext=u:r:untrusted_app:s0:c28,c256,c512,c768 tcontext=u:object_r:app_data_file:s0:c28,c256,c512,c768 tclass=file app=com.autonavi.minimap
