11-11 00:00:40.441 16103 16103 I auditd : type=1400 audit(0.0:49950): avc: denied { read } for comm="pool-9-thread-6" name="u:object_r:serialno_prop:s0" dev="tmpfs" ino=14349 scontext=u:r:untrusted_app_29:s0:c106,c256,c512,c768 tcontext=u:object_r:serialno_prop:s0 tclass=file permissive=1 app=com.smile.gifmaker
11-11 00:00:40.445 16103 16103 I auditd : type=1400 audit(0.0:49951): avc: denied { open } for comm="pool-9-thread-6" path="/dev/__properties__/u:object_r:serialno_prop:s0" dev="tmpfs" ino=14349 scontext=u:r:untrusted_app_29:s0:c106,c256,c512,c768 tcontext=u:object_r:serialno_prop:s0 tclass=file permissive=1 app=com.smile.gifmaker
11-11 00:00:40.725 1542 1697 I am_proc_start: [0,16307,10106,com.smile.gifmaker:push_v3,service,{com.smile.gifmaker/com.kwai.android.dispatcher.PushV3ProcessLauncherService}]
11-11 00:00:40.756 1542 17121 I am_proc_bound: [0,16307,com.smile.gifmaker:push_v3]
11-11 00:00:40.824 1542 1696 I am_wtf : [0,1542,system_server,-1,ActivityManager,Sending non-protected broadcast com.thundercomm.active.state from system 2164:com.thundercomm.microsettings/1000 pkg com.thundercomm.microsettings]
11-11 00:00:41.035 1542 1542 I notification_enqueue: [10104,14638,com.tencent.android.qqdownloader,127,NULL,0,Notification(channel=channel_id_default_silent shortcut=null contentView=com.tencent.android.qqdownloader/0x7f0a01c2 vibrate=null sound=null defaults=0x0 flags=0x2a2 color=0x00000000 groupKey=com.tencent.android.qqdownloader vis=PRIVATE),1]
11-11 00:00:41.621 1542 2127 I am_kill : [0,16103,com.smile.gifmaker,915,empty #2]
11-11 00:00:41.758 1542 2605 I am_proc_died: [0,16103,com.smile.gifmaker,915,19]
11-11 00:00:41.961 14701 14701 I auditd : type=1400 audit(0.0:49957): avc: granted { execute } for comm="temporary-6" path="/data/user/0/com.tencent.android.qqdownloader/files/res_hub/yyb/online/wx_sdk_so_3_64_20/arm64-v8a/libc++_shared.so" dev="dm-10" ino=375378 scontext=u:r:untrusted_app_27:s0:c512,c768 tcontext=u:object_r:app_data_file:s0:c512,c768 tclass=file app=com.tencent.android.qqdownloader
11-11 00:00:41.969 14701 14701 I auditd : type=1400 audit(0.0:49958): avc: granted { execute } for comm="temporary-6" path="/data/user/0/com.tencent.android.qqdownloader/files/res_hub/yyb/online/wx_sdk_so_3_64_20/arm64-v8a/libwechatxlog.so" dev="dm-10" ino=375381 scontext=u:r:untrusted_app_27:s0:c512,c768 tcontext=u:object_r:app_data_file:s0:c512,c768 tclass=file app=com.tencent.android.qqdownloader
11-11 00:00:42.025 14701 14701 I auditd : type=1400 audit(0.0:49959): avc: granted { execute } for comm="kcsdk_temporary" path="/data/user/0/com.tencent.android.qqdownloader/files/plugin/com.tencent.plugin.dawangka/arm64-v8a/libKcsdk-2.0.9.so" dev="dm-10" ino=762470 scontext=u:r:untrusted_app_27:s0:c512,c768 tcontext=u:object_r:app_data_file:s0:c512,c768 tclass=file app=com.tencent.android.qqdownloader
11-11 00:00:42.043 1542 1542 I notification_enqueue: [10104,14638,com.tencent.android.qqdownloader,127,NULL,0,Notification(channel=channel_id_default_silent shortcut=null contentView=com.tencent.android.qqdownloader/0x7f0a01c2 vibrate=null sound=null defaults=0x0 flags=0x2a2 color=0x00000000 groupKey=com.tencent.android.qqdownloader vis=PRIVATE),1]
11-11 00:00:42.073 16307 16307 I auditd : type=1400 audit(0.0:49960): avc: denied { read } for comm="pool-9-thread-6" name="tcp" dev="proc" ino=4026532265 scontext=u:r:untrusted_app_29:s0:c106,c256,c512,c768 tcontext=u:object_r:proc_net_tcp_udp:s0 tclass=file permissive=1 app=com.smile.gifmaker
11-11 00:00:42.073 16307 16307 I auditd : type=1400 audit(0.0:49961): avc: denied { open } for comm="pool-9-thread-6" path="/proc/16307/net/tcp" dev="proc" ino=4026532265 scontext=u:r:untrusted_app_29:s0:c106,c256,c512,c768 tcontext=u:object_r:proc_net_tcp_udp:s0 tclass=file permissive=1 app=com.smile.gifmaker
11-11 00:00:43.041 14701 14701 I auditd : type=1400 audit(0.0:50649): avc: denied { open } for comm="qimei-s-thread-" path="/proc/uptime" dev="proc" ino=4026532246 scontext=u:r:untrusted_app_27:s0:c512,c768 tcontext=u:object_r:proc_uptime:s0 tclass=file permissive=1 app=com.tencent.android.qqdownloader
11-11 00:00:43.049 14701 14701 I auditd : type=1400 audit(0.0:50650): avc: denied { read } for comm="qimei-s-thread-" name="ioports" dev="proc" ino=4026532282 scontext=u:r:untrusted_app_27:s0:c512,c768 tcontext=u:object_r:proc:s0 tclass=file permissive=1 app=com.tencent.android.qqdownloader
11-11 00:00:43.049 14701 14701 I auditd : type=1400 audit(0.0:50651): avc: denied { open } for comm="qimei-s-thread-" path="/proc/ioports" dev="proc" ino=4026532282 scontext=u:r:untrusted_app_27:s0:c512,c768 tcontext=u:object_r:proc:s0 tclass=file permissive=1 app=com.tencent.android.qqdownloader
11-11 00:00:43.089 14701 14701 I auditd : type=1400 audit(0.0:50652): avc: denied { read } for comm="pool-14-thread-" name="version" dev="proc" ino=4026532247 scontext=u:r:untrusted_app_27:s0:c512,c768 tcontext=u:object_r:proc_version:s0 tclass=file permissive=1 app=com.tencent.android.qqdownloader
11-11 00:00:43.089 14701 14701 I auditd : type=1400 audit(0.0:50653): avc: denied { open } for comm="pool-14-thread-" path="/proc/version" dev="proc" ino=4026532247 scontext=u:r:untrusted_app_27:s0:c512,c768 tcontext=u:object_r:proc_version:s0 tclass=file permissive=1 app=com.tencent.android.qqdownloader
11-11 00:00:44.029 1542 1693 I am_pss : [14638,10104,com.tencent.android.qqdownloader:daemon,70467584,57393152,44032,191860736,0,4,13]
11-11 00:00:44.045 1542 1693 I am_pss : [14701,10104,com.tencent.android.qqdownloader,98745344,85536768,44032,219508736,0,4,14]
11-11 00:00:44.054 1542 1693 I am_pss : [14760,10104,com.tencent.android.qqdownloader:cloud,27322368,18542592,44032,135249920,0,4,9]
11-11 00:00:47.021 14701 14701 I auditd : type=1400 audit(0.0:50656): avc: granted { execute } for comm="gatherer-1-thre" path="/data/user/0/com.tencent.android.qqdownloader/app_e_qq_com_plugin_new_84e5596443427f53efca4e1d48972f33/libturingga.so" dev="dm-10" ino=2580 scontext=u:r:untrusted_app_27:s0:c512,c768 tcontext=u:object_r:app_data_file:s0:c512,c768 tclass=file app=com.tencent.android.qqdownloader
11-11 00:00:47.081 14701 14701 I auditd : type=1400 audit(0.0:50657): avc: denied { read } for comm="TuringFdCore_77" name="tcp" dev="proc" ino=4026532265 scontext=u:r:untrusted_app_27:s0:c512,c768 tcontext=u:object_r:proc_net_tcp_udp:s0 tclass=file permissive=1 app=com.tencent.android.qqdownloader
11-11 00:00:47.081 14701 14701 I auditd : type=1400 audit(0.0:50658): avc: denied { open } for comm="TuringFdCore_77" path="/proc/14701/net/tcp" dev="proc" ino=4026532265 scontext=u:r:untrusted_app_27:s0:c512,c768 tcontext=u:object_r:proc_net_tcp_udp:s0 tclass=file permissive=1 app=com.tencent.android.qqdownloader
11-11 00:00:47.081 14701 14701 I auditd : type=1400 audit(0.0:50659): avc: denied { getattr } for comm="TuringFdCore_77" path="/proc/14701/net/tcp" dev="proc" ino=4026532265 scontext=u:r:untrusted_app_27:s0:c512,c768 tcontext=u:object_r:proc_net_tcp_udp:s0 tclass=file permissive=1 app=com.tencent.android.qqdownloader
11-11 00:00:47.109 14701 14701 I auditd : type=1400 audit(0.0:50660): avc: granted { nlmsg_readpriv } for comm="TuringFdCore_77" scontext=u:r:untrusted_app_27:s0:c512,c768 tcontext=u:r:untrusted_app_27:s0:c512,c768 tclass=netlink_route_socket app=com.tencent.android.qqdownloader
11-11 00:00:48.981 1542 2127 I am_uid_running: 99029
11-11 00:00:48.999 1542 1697 I am_proc_start: [0,17249,99029,com.android.webview:sandboxed_process0:org.chromium.content.app.SandboxedProcessService0:0,,{com.tencent.android.qqdownloader/org.chromium.content.app.SandboxedProcessService0:0}]
11-11 00:00:49.021 1542 2127 I am_proc_bound: [0,17249,com.android.webview:sandboxed_process0:org.chromium.content.app.SandboxedProcessService0:0]
11-11 00:00:49.024 1542 2127 I am_uid_active: 99029
11-11 00:00:49.038 1542 2127 I am_kill : [0,16307,com.smile.gifmaker:push_v3,905,empty #2]
11-11 00:00:49.067 1542 1693 I am_pss : [15729,10123,com.tencent.mobileqq:tool,152278016,93999104,43008,366723072,0,2,20]
11-11 00:00:49.079 1542 1693 I am_pss : [14093,10122,com.qiyi.video.pad:downloader,57154560,25276416,44032,179163136,0,10,11]
11-11 00:00:49.101 14638 14638 I auditd : type=1400 audit(0.0:51649): avc: granted { execute } for comm="gatherer-1-thre" path="/data/user/0/com.tencent.android.qqdownloader/app_e_qq_com_plugin_new_b11baa871a179485a20599a8c8554089/libturingga.so" dev="dm-10" ino=373783 scontext=u:r:untrusted_app_27:s0:c512,c768 tcontext=u:object_r:app_data_file:s0:c512,c768 tclass=file app=com.tencent.android.qqdownloader
11-11 00:00:49.138 1542 10447 I am_proc_died: [0,16307,com.smile.gifmaker:push_v3,905,19]
11-11 00:00:49.139 1542 10447 I am_uid_stopped: 10106
11-11 00:00:49.669 17333 17333 I auditd : type=1400 audit(0.0:51650): avc: denied { open } for comm="top" path="/proc/sys/kernel/pid_max" dev="proc" ino=2295181 scontext=u:r:untrusted_app_27:s0:c512,c768 tcontext=u:object_r:proc_pid_max:s0 tclass=file permissive=1 app=com.tencent.mobileqq
11-11 00:00:49.677 17333 17333 I auditd : type=1400 audit(0.0:51651): avc: denied { open } for comm="top" path="/proc/stat" dev="proc" ino=4026532245 scontext=u:r:untrusted_app_27:s0:c512,c768 tcontext=u:object_r:proc_stat:s0 tclass=file permissive=1 app=com.tencent.mobileqq
11-11 00:00:52.297 14701 14701 I auditd : type=1400 audit(0.0:51652): avc: denied { read } for comm="TuringFdCore_77" name="tcp" dev="proc" ino=4026532265 scontext=u:r:untrusted_app_27:s0:c512,c768 tcontext=u:object_r:proc_net_tcp_udp:s0 tclass=file permissive=1 app=com.tencent.android.qqdownloader
11-11 00:00:52.297 14701 14701 I auditd : type=1400 audit(0.0:51653): avc: denied { open } for comm="TuringFdCore_77" path="/proc/14701/net/tcp" dev="proc" ino=4026532265 scontext=u:r:untrusted_app_27:s0:c512,c768 tcontext=u:object_r:proc_net_tcp_udp:s0 tclass=file permissive=1 app=com.tencent.android.qqdownloader
11-11 00:00:52.297 14701 14701 I auditd : type=1400 audit(0.0:51654): avc: denied { getattr } for comm="TuringFdCore_77" path="/proc/14701/net/tcp" dev="proc" ino=4026532265 scontext=u:r:untrusted_app_27:s0:c512,c768 tcontext=u:object_r:proc_net_tcp_udp:s0 tclass=file permissive=1 app=com.tencent.android.qqdownloader
11-11 00:00:52.385 14701 14701 I auditd : type=1400 audit(0.0:51655): avc: granted { nlmsg_readpriv } for comm="TuringFdCore_77" scontext=u:r:untrusted_app_27:s0:c512,c768 tcontext=u:r:untrusted_app_27:s0:c512,c768 tclass=netlink_route_socket app=com.tencent.android.qqdownloader
11-11 00:00:52.393 14701 14701 I auditd : type=1400 audit(0.0:51656): avc: denied { read } for comm="TuringFdCore_77" name="version" dev="proc" ino=4026532247 scontext=u:r:untrusted_app_27:s0:c512,c768 tcontext=u:object_r:proc_version:s0 tclass=file permissive=1 app=com.tencent.android.qqdownloader
11-11 00:00:52.393 14701 14701 I auditd : type=1400 audit(0.0:51657): avc: denied { open } for comm="TuringFdCore_77" path="/proc/version" dev="proc" ino=4026532247 scontext=u:r:untrusted_app_27:s0:c512,c768 tcontext=u:object_r:proc_version:s0 tclass=file permissive=1 app=com.tencent.android.qqdownloader
11-11 00:00:52.417 17342 17342 I auditd : type=1400 audit(0.0:51658): avc: denied { search } for comm="df" name="vendor" dev="tmpfs" ino=13460 scontext=u:r:untrusted_app_27:s0:c512,c768 tcontext=u:object_r:mnt_vendor_file:s0 tclass=dir permissive=1 app=com.tencent.android.qqdownloader
11-11 00:00:54.153 17375 17375 I auditd : type=1400 audit(0.0:51679): avc: denied { open } for comm="getprop" path="/dev/__properties__/u:object_r:ab_update_gki_prop:s0" dev="tmpfs" ino=12119 scontext=u:r:untrusted_app_27:s0:c512,c768 tcontext=u:object_r:ab_update_gki_prop:s0 tclass=file permissive=1 app=com.tencent.android.qqdownloader
11-11 00:00:54.153 17375 17375 I auditd : type=1400 audit(0.0:51680): avc: denied { getattr } for comm="getprop" path="/dev/__properties__/u:object_r:ab_update_gki_prop:s0" dev="tmpfs" ino=12119 scontext=u:r:untrusted_app_27:s0:c512,c768 tcontext=u:object_r:ab_update_gki_prop:s0 tclass=file permissive=1 app=com.tencent.android.qqdownloader
11-11 00:00:54.153 17375 17375 I auditd : type=1400 audit(0.0:51681): avc: denied { map } for comm="getprop" path="/dev/__properties__/u:object_r:ab_update_gki_prop:s0" dev="tmpfs" ino=12119 scontext=u:r:untrusted_app_27:s0:c512,c768 tcontext=u:object_r:ab_update_gki_prop:s0 tclass=file permissive=1 app=com.tencent.android.qqdownloader
11-11 00:00:54.153 17375 17375 I auditd : type=1400 audit(0.0:51682): avc: denied { open } for comm="getprop" path="/dev/__properties__/u:object_r:adbd_prop:s0" dev="tmpfs" ino=12121 scontext=u:r:untrusted_app_27:s0:c512,c768 tcontext=u:object_r:adbd_prop:s0 tclass=file permissive=1 app=com.tencent.android.qqdownloader
11-11 00:00:54.153 17375 17375 I auditd : type=1400 audit(0.0:51683): avc: denied { getattr } for comm="getprop" path="/dev/__properties__/u:object_r:adbd_prop:s0" dev="tmpfs" ino=12121 scontext=u:r:untrusted_app_27:s0:c512,c768 tcontext=u:object_r:adbd_prop:s0 tclass=file permissive=1 app=com.tencent.android.qqdownloader
11-11 00:00:55.628 1542 1693 I am_pss : [6739,10123,com.tencent.mobileqq,149874688,104382464,44032,330600448,0,3,33]
11-11 00:00:57.056 1542 1934 I sync : [com.tencent.android.qqdownloader.YYBLiveAccountProvider,0,3,24220937]
11-11 00:00:57.058 1542 1693 I am_pss : [9186,10070,com.android.webview:webview_service,15343616,5681152,260096,79994880,0,3,7]
11-11 00:00:57.081 1542 1693 I am_pss : [14638,10104,com.tencent.android.qqdownloader:daemon,102836224,70307840,44032,275128320,0,4,16]
11-11 00:00:57.084 1542 1934 I sync : [com.tencent.android.qqdownloader.YYBLiveAccountProvider,1,3,24220937]
11-11 00:00:57.086 1542 1934 I commit_sys_config_file: [sync-status,9116565]
11-11 00:00:57.091 1542 1693 I am_pss : [14658,10104,com.tencent.android.qqdownloader:live,30563328,21065728,45056,142082048,0,5,9]
11-11 00:00:57.094 1542 1934 I sync : [com.tencent.android.qqdownloader.YYBLiveAccountProvider,0,3,24220937]
11-11 00:00:57.095 1542 1693 I commit_sys_config_file: [procstats,15]
11-11 00:00:57.112 1542 1934 I sync : [com.tencent.android.qqdownloader.YYBLiveAccountProvider,1,3,24220937]
11-11 00:00:57.114 1542 1934 I commit_sys_config_file: [sync-status,9116593]
11-11 00:00:59.044 1542 1693 I am_pss : [15868,99028,com.android.webview:sandboxed_process0:org.chromium.content.app.SandboxedProcessService0:0,59214848,32911360,260096,139431936,0,3,14]
11-11 00:00:59.054 1542 1693 I am_pss : [17249,99029,com.android.webview:sandboxed_process0:org.chromium.content.app.SandboxedProcessService0:0,40892416,15257600,260096,119271424,0,4,9]
11-11 00:00:59.078 1542 1693 I am_pss : [10419,10122,com.qiyi.video.pad,142777344,95621120,41984,315310080,0,10,23]
11-11 00:00:59.085 1542 1693 I am_pss : [10894,99026,com.android.webview:sandboxed_process0:org.chromium.content.app.SandboxedProcessService0:0,12296192,3035136,262144,72241152,0,10,6]
11-11 00:00:59.090 1542 1659 I commit_sys_config_file: [jobs,3]
11-11 00:00:59.109 1542 1693 I am_pss : [15729,10123,com.tencent.mobileqq:tool,163551232,101945344,44032,382763008,0,2,22]
11-11 00:01:00.243 1542 1693 I am_pss : [7867,10105,com.tencent.mm,186019840,181301248,45056,290533376,0,19,20]
11-11 00:01:02.042 1542 1697 I am_proc_start: [0,17386,10104,com.tencent.ilink.ServiceProcess,service,{com.tencent.android.qqdownloader/com.tencent.luggage.services.WxaStartUpService}]
11-11 00:01:02.077 1542 3472 I am_proc_bound: [0,17386,com.tencent.ilink.ServiceProcess]
11-11 00:01:02.217 17386 17386 I auditd : type=1400 audit(0.0:52336): avc: granted { execute } for comm=".ServiceProcess" path="/data/user/0/com.tencent.android.qqdownloader/files/res_hub/yyb/online/wx_sdk_so_3_64_20/arm64-v8a/libc++_shared.so" dev="dm-10" ino=375378 scontext=u:r:untrusted_app_27:s0:c512,c768 tcontext=u:object_r:app_data_file:s0:c512,c768 tclass=file app=com.tencent.android.qqdownloader
11-11 00:01:02.225 17386 17386 I auditd : type=1400 audit(0.0:52337): avc: granted { execute } for comm=".ServiceProcess" path="/data/user/0/com.tencent.android.qqdownloader/files/res_hub/yyb/online/wx_sdk_so_3_64_20/arm64-v8a/libwechatxlog.so" dev="dm-10" ino=375381 scontext=u:r:untrusted_app_27:s0:c512,c768 tcontext=u:object_r:app_data_file:s0:c512,c768 tclass=file app=com.tencent.android.qqdownloader
11-11 00:01:02.609 17386 17386 I auditd : type=1400 audit(0.0:52338): avc: granted { execute } for comm=4173796E635461736B202331 path="/data/user/0/com.tencent.android.qqdownloader/files/res_hub/yyb/online/wx_sdk_so_3_64_20/arm64-v8a/libwxaopenruntimejni.so" dev="dm-10" ino=375383 scontext=u:r:untrusted_app_27:s0:c512,c768 tcontext=u:object_r:app_data_file:s0:c512,c768 tclass=file app=com.tencent.android.qqdownloader
11-11 00:01:02.721 17386 17386 I auditd : type=1400 audit(0.0:52339): avc: granted { execute } for comm="Binder:17386_2" path="/data/user/0/com.tencent.android.qqdownloader/app_wxa_sdk_plugin/587202817/wxa_libs/libmmkv.so" dev="dm-10" ino=375719 scontext=u:r:untrusted_app_27:s0:c512,c768 tcontext=u:object_r:app_data_file:s0:c512,c768 tclass=file app=com.tencent.android.qqdownloader
11-11 00:01:02.725 17386 17386 I auditd : type=1400 audit(0.0:52340): avc: granted { execute } for comm="Binder:17386_2" path="/data/user/0/com.tencent.android.qqdownloader/app_wxa_sdk_plugin/587202817/wxa_libs/libc++_shared.so" dev="dm-10" ino=375694 scontext=u:r:untrusted_app_27:s0:c512,c768 tcontext=u:object_r:app_data_file:s0:c512,c768 tclass=file app=com.tencent.android.qqdownloader
11-11 00:01:02.900 1542 1697 I am_proc_start: [0,17492,10104,com.tencent.android.qqdownloader:wxa_container0,service,{com.tencent.android.qqdownloader/com.tencent.luggage.services.WxaProxy_WxaIPCContainerService0}]
11-11 00:01:02.925 1542 4747 I am_proc_bound: [0,17492,com.tencent.android.qqdownloader:wxa_container0]
11-11 00:01:03.373 17386 17386 I auditd : type=1400 audit(0.0:52371): avc: granted { bind } for comm="mars::17552" scontext=u:r:untrusted_app_27:s0:c512,c768 tcontext=u:r:untrusted_app_27:s0:c512,c768 tclass=netlink_route_socket app=com.tencent.android.qqdownloader
11-11 00:01:03.373 17386 17386 I auditd : type=1400 audit(0.0:52372): avc: granted { nlmsg_readpriv } for comm="mars::17552" scontext=u:r:untrusted_app_27:s0:c512,c768 tcontext=u:r:untrusted_app_27:s0:c512,c768 tclass=netlink_route_socket app=com.tencent.android.qqdownloader
11-11 00:01:03.373 17386 17386 I auditd : type=1400 audit(0.0:52373): avc: granted { bind } for comm="mars::17552" scontext=u:r:untrusted_app_27:s0:c512,c768 tcontext=u:r:untrusted_app_27:s0:c512,c768 tclass=netlink_route_socket app=com.tencent.android.qqdownloader
11-11 00:01:03.373 17386 17386 I auditd : type=1400 audit(0.0:52374): avc: granted { nlmsg_readpriv } for comm="mars::17552" scontext=u:r:untrusted_app_27:s0:c512,c768 tcontext=u:r:untrusted_app_27:s0:c512,c768 tclass=netlink_route_socket app=com.tencent.android.qqdownloader
11-11 00:01:03.397 17636 17636 I auditd : type=1400 audit(0.0:52375): avc: granted { bind } for comm="ip" scontext=u:r:untrusted_app_27:s0:c512,c768 tcontext=u:r:untrusted_app_27:s0:c512,c768 tclass=netlink_route_socket app=com.tencent.android.qqdownloader
11-11 00:01:04.525 17492 17492 I auditd : type=1400 audit(0.0:52386): avc: granted { execute } for comm="[GT]ColdPool#0" path="/data/user/0/com.tencent.android.qqdownloader/app_wxa_sdk_plugin/587202817/wxa_libs/libmmj2v8.so" dev="dm-10" ino=375718 scontext=u:r:untrusted_app_27:s0:c512,c768 tcontext=u:object_r:app_data_file:s0:c512,c768 tclass=file app=com.tencent.android.qqdownloader
11-11 00:01:04.569 17492 17492 I auditd : type=1400 audit(0.0:52387): avc: granted { execute } for comm="[GT]ColdPool#0" path="/data/user/0/com.tencent.android.qqdownloader/app_wxa_sdk_plugin/587202817/wxa_libs/libmmudp.so" dev="dm-10" ino=375729 scontext=u:r:untrusted_app_27:s0:c512,c768 tcontext=u:object_r:app_data_file:s0:c512,c768 tclass=file app=com.tencent.android.qqdownloader
11-11 00:01:04.577 17492 17492 I auditd : type=1400 audit(0.0:52388): avc: granted { execute } for comm="[GT]ColdPool#0" path="/data/user/0/com.tencent.android.qqdownloader/app_wxa_sdk_plugin/587202817/wxa_libs/libmmtcp.so" dev="dm-10" ino=375728 scontext=u:r:untrusted_app_27:s0:c512,c768 tcontext=u:object_r:app_data_file:s0:c512,c768 tclass=file app=com.tencent.android.qqdownloader
11-11 00:01:04.585 17492 17492 I auditd : type=1400 audit(0.0:52389): avc: granted { execute } for comm="[GT]ColdPool#0" path="/data/user/0/com.tencent.android.qqdownloader/app_wxa_sdk_plugin/587202817/wxa_libs/libmmlockstep.so" dev="dm-10" ino=375720 scontext=u:r:untrusted_app_27:s0:c512,c768 tcontext=u:object_r:app_data_file:s0:c512,c768 tclass=file app=com.tencent.android.qqdownloader
11-11 00:01:04.597 17492 17492 I auditd : type=1400 audit(0.0:52390): avc: granted { execute } for comm="[GT]ColdPool#0" path="/data/user/0/com.tencent.android.qqdownloader/app_wxa_sdk_plugin/587202817/wxa_libs/libowl.so" dev="dm-10" ino=375740 scontext=u:r:untrusted_app_27:s0:c512,c768 tcontext=u:object_r:app_data_file:s0:c512,c768 tclass=file app=com.tencent.android.qqdownloader
11-11 00:01:09.076 1542 1693 I am_pss : [17249,99029,com.android.webview:sandboxed_process0:org.chromium.content.app.SandboxedProcessService0:0,39709696,14123008,260096,118026240,0,4,10]
11-11 00:01:09.090 1542 1693 I am_pss : [14093,10122,com.qiyi.video.pad:downloader,57021440,25280512,43008,179068928,0,10,13]
11-11 00:01:10.869 1542 1696 I am_wtf : [0,1542,system_server,-1,ActivityManager,Sending non-protected broadcast com.thundercomm.active.state from system 2164:com.thundercomm.microsettings/1000 pkg com.thundercomm.microsettings]
11-11 00:01:19.673 17687 17687 I auditd : type=1400 audit(0.0:52398): avc: denied { open } for comm="top" path="/proc/sys/kernel/pid_max" dev="proc" ino=2290926 scontext=u:r:untrusted_app_27:s0:c512,c768 tcontext=u:object_r:proc_pid_max:s0 tclass=file permissive=1 app=com.tencent.mobileqq
11-11 00:01:19.677 17687 17687 I auditd : type=1400 audit(0.0:52399): avc: denied { open } for comm="top" path="/proc/stat" dev="proc" ino=4026532245 scontext=u:r:untrusted_app_27:s0:c512,c768 tcontext=u:object_r:proc_stat:s0 tclass=file permissive=1 app=com.tencent.mobileqq
11-11 00:01:21.997 1542 1843 I input_interaction: Interaction with: beda300 com.tencent.mobileqq/com.tencent.mobileqq.activity.QQBrowserActivity (server), edge-swipe (server), swipe-up (server), PointerEventDispatcher0 (server),
11-11 00:01:22.125 853 853 I auditd : type=1400 audit(0.0:52400): avc: denied { add_name } for comm="perf@2.2-servic" name="cpu_min_freq" scontext=u:r:vendor_hal_perf_default:s0 tcontext=u:object_r:vendor_sysfs_msm_perf:s0 tclass=dir permissive=1
11-11 00:01:22.209 853 853 I auditd : type=1400 audit(0.0:52401): avc: denied { add_name } for comm="perf@2.2-servic" name="min_freq" scontext=u:r:vendor_hal_perf_default:s0 tcontext=u:object_r:vendor_sysfs_devfreq:s0 tclass=dir permissive=1
11-11 00:01:27.080 1542 3472 I wm_finish_activity: [0,105963087,76340,com.tencent.mobileqq/.activity.QQBrowserActivity,app-request]
11-11 00:01:27.093 1542 3472 I wm_pause_activity: [0,105963087,com.tencent.mobileqq/.activity.QQBrowserActivity,userLeaving=false,finish]
11-11 00:01:27.098 15729 15729 I wm_on_top_resumed_lost_called: [105963087,com.tencent.mobileqq.activity.QQBrowserActivity,topStateChangedWhenResumed]
11-11 00:01:27.115 15729 15729 I wm_on_paused_called: [105963087,com.tencent.mobileqq.activity.QQBrowserActivity,performPause]
11-11 00:01:27.116 1542 15389 I wm_add_to_stopping: [0,105963087,com.tencent.mobileqq/.activity.QQBrowserActivity,completeFinishing]
11-11 00:01:27.116 1542 1843 I input_focus: [Focus leaving beda300 com.tencent.mobileqq/com.tencent.mobileqq.activity.QQBrowserActivity (server),reason=NO_WINDOW]
11-11 00:01:27.120 1542 15389 I wm_set_resumed_activity: [0,com.tencent.mobileqq/.activity.LoginPublicFragmentActivity,resumeTopActivityInnerLocked]
11-11 00:01:27.120 1542 15389 I wm_resume_activity: [0,245027043,76340,com.tencent.mobileqq/.activity.LoginPublicFragmentActivity]
11-11 00:01:27.122 1542 1660 I sysui_multi_action: [757,803,799,window_time_0,802,52]
11-11 00:01:27.138 1542 1662 I input_focus: [Focus request c9ebb8f com.tencent.mobileqq/com.tencent.mobileqq.activity.LoginPublicFragmentActivity,reason=UpdateInputWindows]
11-11 00:01:27.142 6739 6739 I wm_on_activity_result_called: [245027043,com.tencent.mobileqq.activity.LoginPublicFragmentActivity,ACTIVITY_RESULT]
11-11 00:01:27.142 6739 6739 I wm_on_restart_called: [245027043,com.tencent.mobileqq.activity.LoginPublicFragmentActivity,performRestartActivity]
11-11 00:01:27.145 6739 6739 I wm_on_start_called: [245027043,com.tencent.mobileqq.activity.LoginPublicFragmentActivity,handleStartActivity]
11-11 00:01:27.151 6739 6739 I wm_on_resume_called: [245027043,com.tencent.mobileqq.activity.LoginPublicFragmentActivity,RESUME_ACTIVITY]
11-11 00:01:27.152 6739 6739 I wm_on_top_resumed_gained_called: [245027043,com.tencent.mobileqq.activity.LoginPublicFragmentActivity,topWhenResuming]
11-11 00:01:27.184 1542 1843 I input_focus: [Focus entering c9ebb8f com.tencent.mobileqq/com.tencent.mobileqq.activity.LoginPublicFragmentActivity (server),reason=Window became focusable. Previous reason: NOT_VISIBLE]
11-11 00:01:27.236 1542 1660 I am_kill : [0,17492,com.tencent.android.qqdownloader:wxa_container0,0,empty #2]
11-11 00:01:27.236 1542 1660 I am_kill : [0,10383,com.android.providers.calendar,935,empty #3]
11-11 00:01:27.260 1542 1693 I am_pss : [17386,10104,com.tencent.ilink.ServiceProcess,69648384,58417152,43008,193019904,0,4,11]
11-11 00:01:27.262 1542 1693 I am_pss : [17492,10104,com.tencent.android.qqdownloader:wxa_container0,393216,393216,0,393216,0,19,0]
11-11 00:01:27.270 1542 1693 I am_pss : [14658,10104,com.tencent.android.qqdownloader:live,27031552,19795968,43008,140677120,0,5,8]
11-11 00:01:27.292 1542 15389 I am_proc_died: [0,10383,com.android.providers.calendar,935,19]
11-11 00:01:27.292 1542 15389 I am_uid_stopped: 10025
11-11 00:01:27.328 1542 15389 I am_proc_died: [0,17492,com.tencent.android.qqdownloader:wxa_container0,0,19]
11-11 00:01:27.329 1542 15389 I am_schedule_service_restart: [0,com.tencent.android.qqdownloader/com.tencent.luggage.services.WxaProxy_WxaIPCContainerService0,1000]
11-11 00:01:27.389 1542 1660 I wm_destroy_activity: [0,105963087,76340,com.tencent.mobileqq/.activity.QQBrowserActivity,finish-imm:idle]
11-11 00:01:27.391 1542 1660 I am_kill : [0,15729,com.tencent.mobileqq:tool,915,empty #2]
11-11 00:01:27.504 1542 2127 I am_proc_died: [0,15729,com.tencent.mobileqq:tool,915,19]
11-11 00:01:27.509 1542 2127 I am_kill : [0,15868,com.android.webview:sandboxed_process0:org.chromium.content.app.SandboxedProcessService0:0,0,isolated not needed]
11-11 00:01:27.541 1542 2127 I am_proc_died: [0,15868,com.android.webview:sandboxed_process0:org.chromium.content.app.SandboxedProcessService0:0,0,10]
11-11 00:01:27.542 1542 2127 I am_uid_stopped: 99028
11-11 00:01:27.597 853 853 I auditd : type=1400 audit(0.0:52402): avc: denied { add_name } for comm="perf@2.2-servic" name="cpu_max_freq" scontext=u:r:vendor_hal_perf_default:s0 tcontext=u:object_r:vendor_sysfs_msm_perf:s0 tclass=dir permissive=1
11-11 00:01:27.601 1542 2127 I wm_task_moved: [76340,1,6]
11-11 00:01:27.601 1542 2127 I wm_set_resumed_activity: [0,com.tencent.mobileqq/.activity.LoginPublicFragmentActivity,positionChildAt]
11-11 00:01:27.601 1542 2127 I wm_create_activity: [0,50185871,76340,com.tencent.mobileqq/.activity.LoginPublicFragmentActivity,NULL,NULL,NULL,262144]
11-11 00:01:27.602 1542 2127 I wm_pause_activity: [0,245027043,com.tencent.mobileqq/.activity.LoginPublicFragmentActivity,userLeaving=false,resumeTopActivityInnerLocked]
11-11 00:01:27.604 6739 6739 I wm_on_top_resumed_lost_called: [245027043,com.tencent.mobileqq.activity.LoginPublicFragmentActivity,topStateChangedWhenResumed]
11-11 00:01:27.605 6739 6739 I wm_on_paused_called: [245027043,com.tencent.mobileqq.activity.LoginPublicFragmentActivity,performPause]
11-11 00:01:27.606 1542 20554 I wm_add_to_stopping: [0,245027043,com.tencent.mobileqq/.activity.LoginPublicFragmentActivity,makeInvisible]
11-11 00:01:27.607 1542 20554 I wm_restart_activity: [0,50185871,76340,com.tencent.mobileqq/.activity.LoginPublicFragmentActivity]
11-11 00:01:27.609 1542 20554 I wm_set_resumed_activity: [0,com.tencent.mobileqq/.activity.LoginPublicFragmentActivity,minimalResumeActivityLocked]
11-11 00:01:27.610 1542 1660 I sysui_multi_action: [757,803,799,window_time_0,802,1]
11-11 00:01:27.621 6739 6739 I wm_on_create_called: [50185871,com.tencent.mobileqq.activity.LoginPublicFragmentActivity,performCreate]
11-11 00:01:27.629 6739 6739 I wm_on_start_called: [50185871,com.tencent.mobileqq.activity.LoginPublicFragmentActivity,handleStartActivity]
11-11 00:01:27.631 6739 6739 I wm_on_resume_called: [50185871,com.tencent.mobileqq.activity.LoginPublicFragmentActivity,RESUME_ACTIVITY]
11-11 00:01:27.633 1542 1843 I input_focus: [Focus leaving c9ebb8f com.tencent.mobileqq/com.tencent.mobileqq.activity.LoginPublicFragmentActivity (server),reason=NO_WINDOW]
11-11 00:01:27.634 6739 6739 I wm_on_top_resumed_gained_called: [50185871,com.tencent.mobileqq.activity.LoginPublicFragmentActivity,topStateChangedWhenResumed]
11-11 00:01:27.639 1542 1662 I input_focus: [Focus request 2363bdd com.tencent.mobileqq/com.tencent.mobileqq.activity.LoginPublicFragmentActivity,reason=UpdateInputWindows]
11-11 00:01:27.654 1542 1657 I wm_activity_launch_time: [0,50185871,com.tencent.mobileqq/.activity.LoginPublicFragmentActivity,58]
11-11 00:01:27.669 1542 1843 I input_focus: [Focus entering 2363bdd com.tencent.mobileqq/com.tencent.mobileqq.activity.LoginPublicFragmentActivity (server),reason=setFocusedWindow]
11-11 00:01:27.853 1542 1660 I wm_stop_activity: [0,245027043,com.tencent.mobileqq/.activity.LoginPublicFragmentActivity]
11-11 00:01:27.877 6739 6739 I wm_on_stop_called: [245027043,com.tencent.mobileqq.activity.LoginPublicFragmentActivity,STOP_ACTIVITY_ITEM]
11-11 00:01:28.076 1542 2127 I netstats_mobile_sample: [0,0,0,0,0,0,0,0,0,0,0,0,1692693607351]
11-11 00:01:28.077 1542 2127 I netstats_wifi_sample: [0,0,0,0,0,0,0,0,0,0,0,0,1692693607351]
11-11 00:01:29.541 1542 1843 I input_interaction: Interaction with: 2363bdd com.tencent.mobileqq/com.tencent.mobileqq.activity.LoginPublicFragmentActivity (server), edge-swipe (server), swipe-up (server), PointerEventDispatcher0 (server),
11-11 00:01:29.811 1542 1662 I input_focus: [Focus request ebcfa26 com.tencent.mobileqq/com.tencent.mobileqq.activity.LoginPublicFragmentActivity,reason=UpdateInputWindows]
11-11 00:01:29.824 1542 1843 I input_focus: [Focus leaving 2363bdd com.tencent.mobileqq/com.tencent.mobileqq.activity.LoginPublicFragmentActivity (server),reason=setFocusedWindow]
11-11 00:01:29.824 1542 1843 I input_focus: [Focus entering ebcfa26 com.tencent.mobileqq/com.tencent.mobileqq.activity.LoginPublicFragmentActivity (server),reason=setFocusedWindow]
11-11 00:01:30.088 1542 1662 I input_focus: [Focus request 2363bdd com.tencent.mobileqq/com.tencent.mobileqq.activity.LoginPublicFragmentActivity,reason=UpdateInputWindows]
11-11 00:01:30.109 1542 1843 I input_focus: [Focus entering 2363bdd com.tencent.mobileqq/com.tencent.mobileqq.activity.LoginPublicFragmentActivity (server),reason=setFocusedWindow]
11-11 00:01:40.384 1542 1542 I notification_enqueue: [10104,14638,com.tencent.android.qqdownloader,127,NULL,0,Notification(channel=channel_id_default_silent shortcut=null contentView=com.tencent.android.qqdownloader/0x7f0a01c2 vibrate=null sound=null defaults=0x0 flags=0x2a2 color=0x00000000 groupKey=com.tencent.android.qqdownloader vis=PRIVATE),1]
11-11 00:01:40.908 1542 1696 I am_wtf : [0,1542,system_server,-1,ActivityManager,Sending non-protected broadcast com.thundercomm.active.state from system 2164:com.thundercomm.microsettings/1000 pkg com.thundercomm.microsettings]
11-11 00:01:42.564 1542 1843 I input_interaction: Interaction with: 8630447 PopupWindow:4099c39 (server), edge-swipe (server), swipe-up (server), PointerEventDispatcher0 (server),
11-11 00:01:45.267 1542 1662 I input_focus: [Focus request d7ada36 com.tencent.mobileqq/com.tencent.mobileqq.activity.LoginPublicFragmentActivity,reason=UpdateInputWindows]
11-11 00:01:45.294 1542 1843 I input_focus: [Focus leaving 2363bdd com.tencent.mobileqq/com.tencent.mobileqq.activity.LoginPublicFragmentActivity (server),reason=setFocusedWindow]
11-11 00:01:45.294 1542 1843 I input_focus: [Focus entering d7ada36 com.tencent.mobileqq/com.tencent.mobileqq.activity.LoginPublicFragmentActivity (server),reason=setFocusedWindow]
11-11 00:01:45.332 1542 1693 I am_pss : [17386,10104,com.tencent.ilink.ServiceProcess,72482816,61202432,46080,191643648,0,4,13]
11-11 00:01:45.528 1542 3472 I wm_finish_activity: [0,50185871,76340,com.tencent.mobileqq/.activity.LoginPublicFragmentActivity,app-request]
11-11 00:01:45.541 1542 3472 I wm_pause_activity: [0,50185871,com.tencent.mobileqq/.activity.LoginPublicFragmentActivity,userLeaving=false,finish]
11-11 00:01:45.561 1542 1843 I input_focus: [Focus leaving d7ada36 com.tencent.mobileqq/com.tencent.mobileqq.activity.LoginPublicFragmentActivity (server),reason=NO_WINDOW]
11-11 00:01:45.682 1542 3021 I sysui_multi_action: [757,859,758,6,806,com.tencent.mobileqq,860,GROUP_ID_TOP]
11-11 00:01:45.683 1542 3021 I sysui_multi_action: [757,856,758,1,806,com.tencent.mobileqq,857,CHANNEL_ID_SHOW_BADGE,858,4]
11-11 00:01:45.683 1542 3021 I sysui_multi_action: [757,856,758,1,806,com.tencent.mobileqq,857,CHANNEL_ID_OTHER,858,4]
11-11 00:01:45.684 1542 3021 I sysui_multi_action: [757,856,758,1,806,com.tencent.mobileqq,857,CHANNEL_ID_HIDE_BADGE,858,2]
11-11 00:01:45.707 6739 6739 I wm_on_top_resumed_lost_called: [50185871,com.tencent.mobileqq.activity.LoginPublicFragmentActivity,topStateChangedWhenResumed]
11-11 00:01:45.712 6739 6739 I wm_on_paused_called: [50185871,com.tencent.mobileqq.activity.LoginPublicFragmentActivity,performPause]
11-11 00:01:45.712 1542 20554 I wm_add_to_stopping: [0,50185871,com.tencent.mobileqq/.activity.LoginPublicFragmentActivity,completeFinishing]
11-11 00:01:45.713 1542 20554 I wm_set_resumed_activity: [0,com.tencent.mobileqq/.activity.LoginPublicFragmentActivity,resumeTopActivityInnerLocked]
11-11 00:01:45.714 1542 20554 I wm_resume_activity: [0,245027043,76340,com.tencent.mobileqq/.activity.LoginPublicFragmentActivity]
11-11 00:01:45.717 1542 1660 I sysui_multi_action: [757,803,799,window_time_0,802,18]
11-11 00:01:45.750 6739 6739 I wm_on_activity_result_called: [245027043,com.tencent.mobileqq.activity.LoginPublicFragmentActivity,ACTIVITY_RESULT]
11-11 00:01:45.750 6739 6739 I wm_on_restart_called: [245027043,com.tencent.mobileqq.activity.LoginPublicFragmentActivity,performRestartActivity]
11-11 00:01:45.751 6739 6739 I wm_on_start_called: [245027043,com.tencent.mobileqq.activity.LoginPublicFragmentActivity,handleStartActivity]
11-11 00:01:45.753 6739 6739 I wm_on_resume_called: [245027043,com.tencent.mobileqq.activity.LoginPublicFragmentActivity,RESUME_ACTIVITY]
11-11 00:01:45.754 6739 6739 I wm_on_top_resumed_gained_called: [245027043,com.tencent.mobileqq.activity.LoginPublicFragmentActivity,topWhenResuming]
11-11 00:01:45.768 1542 1662 I input_focus: [Focus request fc56e55 com.tencent.mobileqq/com.tencent.mobileqq.activity.LoginPublicFragmentActivity,reason=UpdateInputWindows]
11-11 00:01:45.786 1542 1662 I input_focus: [Focus request c9ebb8f com.tencent.mobileqq/com.tencent.mobileqq.activity.LoginPublicFragmentActivity,reason=UpdateInputWindows]
11-11 00:01:45.811 1542 1843 I input_focus: [Focus entering c9ebb8f com.tencent.mobileqq/com.tencent.mobileqq.activity.LoginPublicFragmentActivity (server),reason=Window became focusable. Previous reason: NOT_VISIBLE]
11-11 00:01:45.936 1542 1659 I commit_sys_config_file: [notification-policy,9169614]
11-11 00:01:46.000 1542 1660 I wm_destroy_activity: [0,50185871,76340,com.tencent.mobileqq/.activity.LoginPublicFragmentActivity,finish-imm:idle]
11-11 00:01:46.018 6739 6739 I wm_on_stop_called: [50185871,com.tencent.mobileqq.activity.LoginPublicFragmentActivity,LIFECYCLER_STOP_ACTIVITY]
11-11 00:01:46.024 6739 6739 I wm_on_destroy_called: [50185871,com.tencent.mobileqq.activity.LoginPublicFragmentActivity,performDestroy]
11-11 00:01:46.388 1542 1542 I notification_enqueue: [10123,6739,com.tencent.mobileqq,513,NULL,0,Notification(channel=CHANNEL_ID_SHOW_BADGE shortcut=null contentView=null vibrate=null sound=null tick defaults=0x0 flags=0x11 color=0x00000000 vis=PRIVATE),0]
11-11 00:01:46.507 1542 3022 I wm_task_moved: [76340,1,6]
11-11 00:01:46.507 1542 3022 I wm_set_resumed_activity: [0,com.tencent.mobileqq/.activity.LoginPublicFragmentActivity,positionChildAt]
11-11 00:01:46.507 1542 3022 I wm_create_activity: [0,78130619,76340,com.tencent.mobileqq/.activity.SplashActivity,NULL,NULL,NULL,67371008]
11-11 00:01:46.508 1542 3022 I wm_pause_activity: [0,245027043,com.tencent.mobileqq/.activity.LoginPublicFragmentActivity,userLeaving=false,resumeTopActivityInnerLocked]
11-11 00:01:46.519 1542 1662 I input_focus: [Focus request fc56e55 com.tencent.mobileqq/com.tencent.mobileqq.activity.LoginPublicFragmentActivity,reason=UpdateInputWindows]
11-11 00:01:46.519 1542 3022 I wm_finish_activity: [0,81036864,76340,com.tencent.mobileqq/.activity.LoginActivity,app-request]
11-11 00:01:46.519 1542 3022 I wm_destroy_activity: [0,81036864,76340,com.tencent.mobileqq/.activity.LoginActivity,finish-imm:finishIfPossible]
11-11 00:01:46.520 1542 3022 I wm_finish_activity: [0,245027043,76340,com.tencent.mobileqq/.activity.LoginPublicFragmentActivity,app-request]
11-11 00:01:46.520 6739 6739 I wm_on_top_resumed_lost_called: [245027043,com.tencent.mobileqq.activity.LoginPublicFragmentActivity,topStateChangedWhenResumed]
11-11 00:01:46.517 6739 6739 I auditd : type=1400 audit(0.0:52403): avc: denied { open } for comm="thread_sp_net_1" path="/sys/devices/soc0/serial_number" dev="sysfs" ino=67078 scontext=u:r:untrusted_app_27:s0:c512,c768 tcontext=u:object_r:vendor_sysfs_soc:s0 tclass=file permissive=1 app=com.tencent.mobileqq
11-11 00:01:46.517 6739 6739 I auditd : type=1400 audit(0.0:52404): avc: denied { getattr } for comm="thread_sp_net_1" path="/sys/devices/soc0/serial_number" dev="sysfs" ino=67078 scontext=u:r:untrusted_app_27:s0:c512,c768 tcontext=u:object_r:vendor_sysfs_soc:s0 tclass=file permissive=1 app=com.tencent.mobileqq
11-11 00:01:46.522 6739 6739 I wm_on_paused_called: [245027043,com.tencent.mobileqq.activity.LoginPublicFragmentActivity,performPause]
11-11 00:01:46.522 1542 3022 I wm_add_to_stopping: [0,245027043,com.tencent.mobileqq/.activity.LoginPublicFragmentActivity,completeFinishing]
11-11 00:01:46.523 1542 3022 I wm_restart_activity: [0,78130619,76340,com.tencent.mobileqq/.activity.SplashActivity]
11-11 00:01:46.524 1542 3022 I wm_set_resumed_activity: [0,com.tencent.mobileqq/.activity.SplashActivity,minimalResumeActivityLocked]
11-11 00:01:46.525 1542 1660 I sysui_multi_action: [757,803,799,window_time_0,802,1]
11-11 00:01:46.528 6739 6739 I wm_on_destroy_called: [81036864,com.tencent.mobileqq.activity.LoginActivity,performDestroy]
11-11 00:01:46.530 1542 1843 I input_focus: [Focus entering fc56e55 com.tencent.mobileqq/com.tencent.mobileqq.activity.LoginPublicFragmentActivity (server),reason=setFocusedWindow]
11-11 00:01:46.541 6739 6739 I wm_on_create_called: [78130619,com.tencent.mobileqq.activity.SplashActivity,performCreate]
11-11 00:01:46.548 1542 1843 I input_focus: [Focus leaving fc56e55 com.tencent.mobileqq/com.tencent.mobileqq.activity.LoginPublicFragmentActivity (server),reason=NO_WINDOW]
11-11 00:01:46.589 1542 1542 I sysui_multi_action: [757,1501,758,1,793,202,794,0,795,202,796,513,806,com.tencent.mobileqq,857,CHANNEL_ID_SHOW_BADGE,858,4,947,0,1500,0,1688,1]
11-11 00:01:46.589 1542 1542 I sysui_multi_action: [757,804,799,note_interruptive,801,0,802,1]
11-11 00:01:46.589 1542 1542 I sysui_multi_action: [757,1501,758,1,793,202,794,0,795,202,796,513,806,com.tencent.mobileqq,857,CHANNEL_ID_SHOW_BADGE,858,4,947,0,1500,0,1688,1]
11-11 00:01:46.589 1542 1542 I sysui_multi_action: [757,804,799,note_interruptive,801,0,802,1]
11-11 00:01:46.589 1542 1542 I sysui_multi_action: [757,199,758,1,759,1,793,202,794,0,795,202,796,513,806,com.tencent.mobileqq,857,CHANNEL_ID_SHOW_BADGE,858,4,947,0,1500,0,1688,1]
11-11 00:01:46.589 1542 1542 I notification_alert: [0|com.tencent.mobileqq|513|null|10123,1,0,0]
11-11 00:01:46.679 1936 1936 I sysui_multi_action: [757,803,799,note_peek,802,1]
11-11 00:01:46.681 1936 1936 I sysui_heads_up_status: [0|com.tencent.mobileqq|513|null|10123,1]
11-11 00:01:46.686 1542 3472 I sysui_multi_action: [757,127,758,1]
11-11 00:01:46.686 1542 3472 I sysui_multi_action: [757,804,799,note_load,801,1,802,1]
11-11 00:01:46.686 1542 3472 I notification_panel_revealed: 1
11-11 00:01:46.693 6739 6739 I wm_on_start_called: [78130619,com.tencent.mobileqq.activity.SplashActivity,handleStartActivity]
11-11 00:01:46.703 6739 6739 I wm_on_resume_called: [78130619,com.tencent.mobileqq.activity.SplashActivity,RESUME_ACTIVITY]
11-11 00:01:46.739 6739 6739 I wm_on_top_resumed_gained_called: [78130619,com.tencent.mobileqq.activity.SplashActivity,topStateChangedWhenResumed]
11-11 00:01:46.778 1542 1662 I input_focus: [Focus request 7696002 com.tencent.mobileqq/com.tencent.mobileqq.activity.SplashActivity,reason=UpdateInputWindows]
11-11 00:01:46.934 1542 1657 I wm_activity_launch_time: [0,78130619,com.tencent.mobileqq/.activity.SplashActivity,429]
11-11 00:01:46.933 853 853 I auditd : type=1400 audit(0.0:52405): avc: denied { add_name } for comm="perf@2.2-servic" name="force_rail_on" scontext=u:r:vendor_hal_perf_default:s0 tcontext=u:object_r:vendor_sysfs_kgsl:s0 tclass=dir permissive=1
11-11 00:01:46.933 853 853 I auditd : type=1400 audit(0.0:52406): avc: denied { add_name } for comm="perf@2.2-servic" name="min_freq" scontext=u:r:vendor_hal_perf_default:s0 tcontext=u:object_r:vendor_sysfs_devfreq:s0 tclass=dir permissive=1
11-11 00:01:46.933 853 853 I auditd : type=1400 audit(0.0:52407): avc: denied { add_name } for comm="perf@2.2-servic" name="clkscale_enable" scontext=u:r:vendor_hal_perf_default:s0 tcontext=u:object_r:sysfs:s0 tclass=dir permissive=1
11-11 00:01:46.947 1542 1843 I input_focus: [Focus entering 7696002 com.tencent.mobileqq/com.tencent.mobileqq.activity.SplashActivity (server),reason=Window became focusable. Previous reason: NOT_VISIBLE]
11-11 00:01:46.975 1542 1542 I sysui_multi_action: [757,128,758,5,759,8,793,588,794,0,795,588,796,513,806,com.tencent.mobileqq,857,CHANNEL_ID_SHOW_BADGE,858,4,947,0,1500,386,1688,1]
11-11 00:01:46.975 1542 1542 I notification_canceled: [0|com.tencent.mobileqq|513|null|10123,8,588,588,0,-1,-1,NULL]
11-11 00:01:47.093 6739 6739 I wm_on_create_called: [0,com.tencent.biz.qqcircle.activity.QCircleFolderActivity,performCreate]
11-11 00:01:47.106 6739 6739 I wm_on_start_called: [0,com.tencent.biz.qqcircle.activity.QCircleFolderActivity,handleStartActivity]
11-11 00:01:47.108 6739 6739 I wm_on_resume_called: [0,com.tencent.biz.qqcircle.activity.QCircleFolderActivity,moveToState-STARTED]
11-11 00:01:47.114 6739 6739 I wm_on_paused_called: [0,com.tencent.biz.qqcircle.activity.QCircleFolderActivity,performPause]
11-11 00:01:47.115 6739 6739 I wm_on_stop_called: [0,com.tencent.biz.qqcircle.activity.QCircleFolderActivity,moveToState-STARTED]
11-11 00:01:47.133 1542 1660 I wm_destroy_activity: [0,245027043,76340,com.tencent.mobileqq/.activity.LoginPublicFragmentActivity,finish-imm:idle]
11-11 00:01:47.144 6739 6739 I wm_on_stop_called: [245027043,com.tencent.mobileqq.activity.LoginPublicFragmentActivity,LIFECYCLER_STOP_ACTIVITY]
11-11 00:01:47.150 6739 6739 I wm_on_destroy_called: [245027043,com.tencent.mobileqq.activity.LoginPublicFragmentActivity,performDestroy]
11-11 00:01:47.922 1542 1861 I netstats_mobile_sample: [0,0,0,0,0,0,0,0,0,0,0,0,1692693627196]
11-11 00:01:47.922 1542 1861 I netstats_wifi_sample: [0,0,0,0,0,0,0,0,0,0,0,0,1692693627196]
11-11 00:01:47.921 684 684 I auditd : type=1400 audit(0.0:52427): avc: denied { add_name } for comm="Binder:684_1" name="globalAlert" scontext=u:r:netd:s0 tcontext=u:object_r:proc_net:s0 tclass=dir permissive=1
11-11 00:01:48.689 1936 1936 I sysui_heads_up_status: [0|com.tencent.mobileqq|513|null|10123,0]
11-11 00:01:48.982 1542 1697 I am_proc_start: [0,18318,10123,com.tencent.mobileqq:tool,broadcast,{com.tencent.mobileqq/com.tencent.mobileqq.webprocess.WebProcessReceiver}]
11-11 00:01:49.005 1542 20554 I am_proc_bound: [0,18318,com.tencent.mobileqq:tool]
11-11 00:01:49.124 1542 2127 I sysui_multi_action: [757,127,758,2]
11-11 00:01:49.124 1542 2127 I notification_panel_hidden:
11-11 00:01:49.513 18318 18318 I auditd : type=1400 audit(0.0:52428): avc: granted { nlmsg_readpriv } for comm="halley_10_TempT" scontext=u:r:untrusted_app_27:s0:c512,c768 tcontext=u:r:untrusted_app_27:s0:c512,c768 tclass=netlink_route_socket app=com.tencent.mobileqq
11-11 00:01:49.520 1542 3021 I am_kill : [0,7867,com.tencent.mm,915,empty #2]
11-11 00:01:49.609 1542 12010 I am_uid_running: 99030
11-11 00:01:49.618 1542 1697 I am_proc_start: [0,18464,99030,com.android.webview:sandboxed_process0:org.chromium.content.app.SandboxedProcessService0:0,,{com.tencent.mobileqq/org.chromium.content.app.SandboxedProcessService0:0}]
11-11 00:01:49.627 1542 20554 I am_proc_died: [0,7867,com.tencent.mm,915,19]
11-11 00:01:49.628 1542 20554 I am_uid_stopped: 10105
11-11 00:01:49.640 1542 8548 I am_proc_bound: [0,18464,com.android.webview:sandboxed_process0:org.chromium.content.app.SandboxedProcessService0:0]
11-11 00:01:49.687 1542 5785 I am_kill : [0,18318,com.tencent.mobileqq:tool,905,empty #2]
11-11 00:01:49.689 1542 5785 I am_kill : [0,17386,com.tencent.ilink.ServiceProcess,905,empty #2]
11-11 00:01:49.691 1542 5785 I am_kill : [0,14760,com.tencent.android.qqdownloader:cloud,915,empty #3]
11-11 00:01:49.769 1542 5785 I am_proc_died: [0,14760,com.tencent.android.qqdownloader:cloud,915,19]
11-11 00:01:49.771 1542 5785 I am_schedule_service_restart: [0,com.tencent.android.qqdownloader/com.live.watermelon.service.SentryAlphaService,1000]
11-11 00:01:49.774 1542 8548 I am_kill : [0,14658,com.tencent.android.qqdownloader:live,100,stop com.tencent.android.qqdownloader due to start instr]
11-11 00:01:49.776 1542 8548 I am_kill : [0,14701,com.tencent.android.qqdownloader,0,stop com.tencent.android.qqdownloader due to start instr]
11-11 00:01:49.783 1542 8548 I am_uid_stopped: 10104
11-11 00:01:49.783 1542 8548 I am_kill : [0,14638,com.tencent.android.qqdownloader:daemon,0,stop com.tencent.android.qqdownloader due to start instr]
11-11 00:01:49.787 1542 8548 I am_kill : [0,17249,com.android.webview:sandboxed_process0:org.chromium.content.app.SandboxedProcessService0:0,0,isolated not needed]
11-11 00:01:49.791 1542 8548 I am_uid_running: 10104
11-11 00:01:49.794 1542 1660 I am_uid_active: 10104
11-11 00:01:49.802 1542 1660 I am_uid_running: 10035
11-11 00:01:49.803 1542 1697 I am_proc_start: [0,18498,10104,com.tencent.android.qqdownloader:daemon,added application,com.tencent.android.qqdownloader:daemon]
11-11 00:01:49.808 1542 1934 I sync : [com.tencent.android.qqdownloader.YYBLiveAccountProvider,0,3,24220937]
11-11 00:01:49.812 1542 8548 I am_proc_died: [0,18318,com.tencent.mobileqq:tool,905,19]
11-11 00:01:49.817 1542 8548 I am_kill : [0,18464,com.android.webview:sandboxed_process0:org.chromium.content.app.SandboxedProcessService0:0,0,isolated not needed]
11-11 00:01:49.825 1542 20554 I am_proc_bound: [0,18498,com.tencent.android.qqdownloader:daemon]
11-11 00:01:49.838 1542 20554 I am_proc_died: [0,18464,com.android.webview:sandboxed_process0:org.chromium.content.app.SandboxedProcessService0:0,0,10]
11-11 00:01:49.839 1542 20554 I am_uid_stopped: 99030
11-11 00:01:49.861 1542 1583 I am_proc_died: [0,17249,com.android.webview:sandboxed_process0:org.chromium.content.app.SandboxedProcessService0:0,0,10]
11-11 00:01:49.861 1542 1583 I am_uid_stopped: 99029
11-11 00:01:49.870 1542 1697 I am_proc_start: [0,18518,10104,com.tencent.android.qqdownloader:live,service,{com.tencent.android.qqdownloader/com.tencent.assistant.syscomponent.MediaRouteProviderService2}]
11-11 00:01:49.875 1542 1697 I am_proc_start: [0,18519,10035,com.lizhi.smartlife.lzbk.car,NULL,]
11-11 00:01:49.883 1542 2098 I am_proc_bound: [0,18518,com.tencent.android.qqdownloader:live]
11-11 00:01:49.896 1542 8548 I am_proc_bound: [0,18519,com.lizhi.smartlife.lzbk.car]
11-11 00:01:49.964 1542 1697 I am_proc_start: [0,18586,10104,com.tencent.android.qqdownloader,content provider,{com.tencent.android.qqdownloader/com.tencent.assistant.db.contentprovider.WallpaperProvider}]
11-11 00:01:49.981 1542 2098 I am_proc_bound: [0,18586,com.tencent.android.qqdownloader]
11-11 00:01:49.989 1542 11710 I am_uid_running: 10105
11-11 00:01:50.001 1542 1697 I am_proc_start: [0,18635,10105,com.tencent.mm,content provider,{com.tencent.mm/com.tencent.mm.plugin.base.stub.MMPluginProvider}]
11-11 00:01:50.019 1542 1697 I am_proc_start: [0,18662,10104,com.tencent.android.qqdownloader:cloud,service,{com.tencent.android.qqdownloader/com.live.watermelon.service.SentryAlphaService}]
11-11 00:01:50.038 1542 1812 I am_proc_bound: [0,18662,com.tencent.android.qqdownloader:cloud]
11-11 00:01:50.037 18707 18707 I auditd : type=1400 audit(0.0:52429): avc: granted { execute } for comm="Thread-5" name="daemon2_64_v2.2.2" dev="dm-10" ino=90473 scontext=u:r:untrusted_app_27:s0:c512,c768 tcontext=u:object_r:app_data_file:s0:c512,c768 tclass=file app=com.tencent.android.qqdownloader
11-11 00:01:50.037 18707 18707 I auditd : type=1400 audit(0.0:52430): avc: granted { execute_no_trans } for comm="Thread-5" path="/data/user/0/com.tencent.android.qqdownloader/app_bin/daemon2_64_v2.2.2" dev="dm-10" ino=90473 scontext=u:r:untrusted_app_27:s0:c512,c768 tcontext=u:object_r:app_data_file:s0:c512,c768 tclass=file app=com.tencent.android.qqdownloader
