08-22 16:35:49.389 1542 1843 I input_interaction: Interaction with: 18165b1 com.tencent.android.qqdownloader/com.tencent.pangu.activity.DownloadActivity (server), edge-swipe (server), swipe-up (server), PointerEventDispatcher0 (server),
08-22 16:35:49.576 1542 1662 I input_focus: [Focus request f0d8694 com.tencent.android.qqdownloader/com.tencent.pangu.activity.DownloadActivity,reason=UpdateInputWindows]
08-22 16:35:49.596 1542 1843 I input_focus: [Focus entering f0d8694 com.tencent.android.qqdownloader/com.tencent.pangu.activity.DownloadActivity (server),reason=setFocusedWindow]
08-22 16:35:49.626 1542 1542 I sysui_multi_action: [757,128,758,5,759,8,793,3975,794,0,795,3975,796,109,806,com.tencent.android.qqdownloader,857,channel_id_default_silent,858,3,946,com.tencent.android.qqdownloader,947,1,1500,3975,1688,1]
08-22 16:35:49.626 1542 1542 I notification_canceled: [0|com.tencent.android.qqdownloader|109|null|10104,8,3975,3975,0,-1,-1,NULL]
08-22 16:35:49.650 1542 1542 I notification_enqueue: [10104,27508,com.tencent.android.qqdownloader,101,NULL,0,Notification(channel=channel_id_default_silent shortcut=null contentView=null vibrate=null sound=null tick defaults=0x0 flags=0x240 color=0x00000000 groupKey=com.tencent.android.qqdownloader vis=PRIVATE),0]
08-22 16:35:50.006 1542 1542 I notification_enqueue: [10104,27465,com.tencent.android.qqdownloader,127,NULL,0,Notification(channel=channel_id_default_silent shortcut=null contentView=com.tencent.android.qqdownloader/0x7f0a01c2 vibrate=null sound=null defaults=0x0 flags=0x2a2 color=0x00000000 groupKey=com.tencent.android.qqdownloader vis=PRIVATE),1]
08-22 16:35:51.015 1542 1542 I notification_enqueue: [10104,27465,com.tencent.android.qqdownloader,127,NULL,0,Notification(channel=channel_id_default_silent shortcut=null contentView=com.tencent.android.qqdownloader/0x7f0a01c2 vibrate=null sound=null defaults=0x0 flags=0x2a2 color=0x00000000 groupKey=com.tencent.android.qqdownloader vis=PRIVATE),1]
08-22 16:35:52.612 1542 1861 I netstats_mobile_sample: [0,0,0,0,0,0,0,0,0,0,0,0,1692693352627]
08-22 16:35:52.612 1542 1861 I netstats_wifi_sample: [27532584,65781,25438890,48570,27532584,65781,25438890,48570,106348532,150066,20284256,44036,1692693352627]
08-22 16:35:52.613 684 684 I auditd : type=1400 audit(0.0:43079): avc: denied { add_name } for comm="Binder:684_6" name="globalAlert" scontext=u:r:netd:s0 tcontext=u:object_r:proc_net:s0 tclass=dir permissive=1
08-22 16:35:56.592 1542 1696 I am_wtf : [0,1542,system_server,-1,ActivityManager,Sending non-protected broadcast com.thundercomm.active.state from system 2164:com.thundercomm.microsettings/1000 pkg com.thundercomm.microsettings]
08-22 16:35:58.900 1542 1871 I netstats_mobile_sample: [0,0,0,0,0,0,0,0,0,0,0,0,1692693358915]
08-22 16:35:58.900 1542 1871 I netstats_wifi_sample: [27541818,65791,25461822,48607,27541818,65791,25461822,48607,106450045,150180,20301210,44066,1692693358915]
08-22 16:35:58.925 27508 27508 I auditd : type=1400 audit(0.0:43080): avc: granted { nlmsg_readpriv } for comm="halley_2800_Tem" scontext=u:r:untrusted_app_27:s0:c512,c768 tcontext=u:r:untrusted_app_27:s0:c512,c768 tclass=netlink_route_socket app=com.tencent.android.qqdownloader
08-22 16:35:58.934 1542 1871 I service_manager_stats: [100,122,58693]
08-22 16:35:58.934 1542 1871 I netstats_mobile_sample: [0,0,0,0,0,0,0,0,0,0,0,0,1692693358949]
08-22 16:35:58.934 1542 1871 I netstats_wifi_sample: [27541818,65791,25461898,48608,27541818,65791,25461898,48608,106450045,150180,20301362,44068,1692693358949]
08-22 16:35:58.961 27508 27508 I auditd : type=1400 audit(0.0:43081): avc: granted { nlmsg_readpriv } for comm="halley_2800_Tem" scontext=u:r:untrusted_app_27:s0:c512,c768 tcontext=u:r:untrusted_app_27:s0:c512,c768 tclass=netlink_route_socket app=com.tencent.android.qqdownloader
08-22 16:35:58.979 1542 1542 I notification_enqueue: [10104,27508,com.tencent.android.qqdownloader,101,NULL,0,Notification(channel=channel_id_default_silent shortcut=null contentView=null vibrate=null sound=null tick defaults=0x0 flags=0x240 color=0x00000000 groupKey=com.tencent.android.qqdownloader vis=PRIVATE),1]
08-22 16:35:58.988 1542 1871 I netstats_mobile_sample: [0,0,0,0,0,0,0,0,0,0,0,0,1692693359003]
08-22 16:35:58.988 1542 1871 I netstats_wifi_sample: [27542141,65796,25462751,48621,27542141,65796,25462691,48620,106450108,150181,20302155,44080,1692693359003]
08-22 16:35:59.015 1542 1871 I netstats_mobile_sample: [0,0,0,0,0,0,0,0,0,0,0,0,1692693359030]
08-22 16:35:59.015 1542 1871 I netstats_wifi_sample: [27543120,65811,25463398,48631,27543120,65811,25463398,48631,106451347,150200,20302862,44091,1692693359030]
08-22 16:35:59.033 27508 27508 I auditd : type=1400 audit(0.0:43082): avc: granted { nlmsg_readpriv } for comm="halley_2800_Tem" scontext=u:r:untrusted_app_27:s0:c512,c768 tcontext=u:r:untrusted_app_27:s0:c512,c768 tclass=netlink_route_socket app=com.tencent.android.qqdownloader
08-22 16:35:59.048 1542 1542 I notification_enqueue: [10104,27508,com.tencent.android.qqdownloader,101,NULL,0,Notification(channel=channel_id_default_silent shortcut=null contentView=null vibrate=null sound=null tick defaults=0x0 flags=0x240 color=0x00000000 groupKey=com.tencent.android.qqdownloader vis=PRIVATE),1]
08-22 16:35:59.041 27508 27508 I auditd : type=1400 audit(0.0:43083): avc: granted { nlmsg_readpriv } for comm="halley_2800_Tem" scontext=u:r:untrusted_app_27:s0:c512,c768 tcontext=u:r:untrusted_app_27:s0:c512,c768 tclass=netlink_route_socket app=com.tencent.android.qqdownloader
08-22 16:35:59.072 1542 1542 I notification_enqueue: [10104,27508,com.tencent.android.qqdownloader,109,NULL,0,Notification(channel=channel_id_default_silent shortcut=null contentView=null vibrate=null sound=null tick defaults=0x0 flags=0x210 color=0x00000000 groupKey=com.tencent.android.qqdownloader vis=PRIVATE),0]
08-22 16:35:59.073 1542 1542 I sysui_multi_action: [757,128,758,5,759,8,793,2,794,0,795,2,796,109,806,com.tencent.android.qqdownloader,857,channel_id_default_silent,858,3,946,com.tencent.android.qqdownloader,947,1,1500,2]
08-22 16:35:59.073 1542 1542 I notification_canceled: [0|com.tencent.android.qqdownloader|109|null|10104,8,2,2,0,-1,-1,NULL]
08-22 16:35:59.077 1542 1542 I notification_enqueue: [10104,27508,com.tencent.android.qqdownloader,101,NULL,0,Notification(channel=channel_id_default_silent shortcut=null contentView=null vibrate=null sound=null tick defaults=0x0 flags=0x240 color=0x00000000 groupKey=com.tencent.android.qqdownloader vis=PRIVATE),1]
08-22 16:35:59.112 1542 1542 I sysui_multi_action: [757,128,758,5,759,8,793,9463,794,0,795,9463,796,101,806,com.tencent.android.qqdownloader,857,channel_id_default_silent,858,3,946,com.tencent.android.qqdownloader,947,1,1500,9463,1688,1]
08-22 16:35:59.112 1542 1542 I notification_canceled: [0|com.tencent.android.qqdownloader|101|null|10104,8,9463,9463,0,-1,-1,NULL]
08-22 16:36:00.969 27508 27508 I auditd : type=1400 audit(0.0:43084): avc: granted { nlmsg_readpriv } for comm="halley_2800_Tem" scontext=u:r:untrusted_app_27:s0:c512,c768 tcontext=u:r:untrusted_app_27:s0:c512,c768 tclass=netlink_route_socket app=com.tencent.android.qqdownloader
08-22 16:36:01.017 27508 27508 I auditd : type=1400 audit(0.0:43085): avc: granted { nlmsg_readpriv } for comm="halley_2800_Tem" scontext=u:r:untrusted_app_27:s0:c512,c768 tcontext=u:r:untrusted_app_27:s0:c512,c768 tclass=netlink_route_socket app=com.tencent.android.qqdownloader
08-22 16:36:01.065 27508 27508 I auditd : type=1400 audit(0.0:43086): avc: granted { nlmsg_readpriv } for comm="halley_2800_Tem" scontext=u:r:untrusted_app_27:s0:c512,c768 tcontext=u:r:untrusted_app_27:s0:c512,c768 tclass=netlink_route_socket app=com.tencent.android.qqdownloader
08-22 16:36:01.073 27508 27508 I auditd : type=1400 audit(0.0:43087): avc: granted { nlmsg_readpriv } for comm="halley_2800_Tem" scontext=u:r:untrusted_app_27:s0:c512,c768 tcontext=u:r:untrusted_app_27:s0:c512,c768 tclass=netlink_route_socket app=com.tencent.android.qqdownloader
08-22 16:36:01.527 1542 1843 I input_interaction: Interaction with: f0d8694 com.tencent.android.qqdownloader/com.tencent.pangu.activity.DownloadActivity (server), edge-swipe (server), swipe-up (server), PointerEventDispatcher0 (server),
08-22 16:36:01.883 1542 1662 I input_focus: [Focus request 2b79d5f com.tencent.android.qqdownloader/com.tencent.pangu.activity.DownloadActivity,reason=UpdateInputWindows]
08-22 16:36:01.909 1542 1843 I input_focus: [Focus leaving f0d8694 com.tencent.android.qqdownloader/com.tencent.pangu.activity.DownloadActivity (server),reason=setFocusedWindow]
08-22 16:36:01.909 1542 1843 I input_focus: [Focus entering 2b79d5f com.tencent.android.qqdownloader/com.tencent.pangu.activity.DownloadActivity (server),reason=setFocusedWindow]
08-22 16:36:02.792 1542 1843 I input_interaction: Interaction with: 2b79d5f com.tencent.android.qqdownloader/com.tencent.pangu.activity.DownloadActivity (server), edge-swipe (server), swipe-up (server), PointerEventDispatcher0 (server),
08-22 16:36:03.669 1542 1662 I input_focus: [Focus request f0d8694 com.tencent.android.qqdownloader/com.tencent.pangu.activity.DownloadActivity,reason=UpdateInputWindows]
08-22 16:36:03.697 1542 1843 I input_focus: [Focus entering f0d8694 com.tencent.android.qqdownloader/com.tencent.pangu.activity.DownloadActivity (server),reason=setFocusedWindow]
08-22 16:36:11.262 1542 1871 I netstats_mobile_sample: [0,0,0,0,0,0,0,0,0,0,0,0,1692693371277]
08-22 16:36:11.262 1542 1871 I netstats_wifi_sample: [27560946,65845,25510254,48721,27560946,65845,25510254,48721,106668965,150605,20337342,44160,1692693371277]
08-22 16:36:11.285 27508 27508 I auditd : type=1400 audit(0.0:43088): avc: granted { nlmsg_readpriv } for comm="halley_2800_Tem" scontext=u:r:untrusted_app_27:s0:c512,c768 tcontext=u:r:untrusted_app_27:s0:c512,c768 tclass=netlink_route_socket app=com.tencent.android.qqdownloader
08-22 16:36:11.285 2221 2284 I service_manager_slow: [11,phone]
08-22 16:36:11.287 1542 1871 I netstats_mobile_sample: [0,0,0,0,0,0,0,0,0,0,0,0,1692693371302]
08-22 16:36:11.287 1542 1871 I netstats_wifi_sample: [27560946,65845,25510330,48722,27560946,65845,25510330,48722,106668965,150605,20337494,44162,1692693371302]
08-22 16:36:11.298 1542 1697 I am_proc_start: [0,3602,10106,com.smile.gifmaker,service,{com.smile.gifmaker/androidx.work.impl.background.systemjob.SystemJobService}]
08-22 16:36:11.313 27508 27508 I auditd : type=1400 audit(0.0:43089): avc: granted { nlmsg_readpriv } for comm="halley_2800_Tem" scontext=u:r:untrusted_app_27:s0:c512,c768 tcontext=u:r:untrusted_app_27:s0:c512,c768 tclass=netlink_route_socket app=com.tencent.android.qqdownloader
08-22 16:36:11.353 1542 4747 I am_proc_bound: [0,3602,com.smile.gifmaker]
08-22 16:36:11.368 1542 1542 I notification_enqueue: [10104,27508,com.tencent.android.qqdownloader,101,NULL,0,Notification(channel=channel_id_default_silent shortcut=null contentView=null vibrate=null sound=null tick defaults=0x0 flags=0x240 color=0x00000000 groupKey=com.tencent.android.qqdownloader vis=PRIVATE),0]
08-22 16:36:11.371 1542 1871 I netstats_mobile_sample: [0,0,0,0,0,0,0,0,0,0,0,0,1692693371386]
08-22 16:36:11.372 1542 1871 I netstats_wifi_sample: [27560946,65845,25510527,48725,27560946,65845,25510527,48725,106668965,150605,20337623,44164,1692693371386]
08-22 16:36:11.387 1542 1871 I netstats_mobile_sample: [0,0,0,0,0,0,0,0,0,0,0,0,1692693371402]
08-22 16:36:11.387 1542 1871 I netstats_wifi_sample: [27560946,65845,25510591,48726,27560946,65845,25510591,48726,106668965,150605,20337755,44166,1692693371402]
08-22 16:36:11.401 27508 27508 I auditd : type=1400 audit(0.0:43090): avc: granted { nlmsg_readpriv } for comm="halley_2800_Tem" scontext=u:r:untrusted_app_27:s0:c512,c768 tcontext=u:r:untrusted_app_27:s0:c512,c768 tclass=netlink_route_socket app=com.tencent.android.qqdownloader
08-22 16:36:11.405 27508 27508 I auditd : type=1400 audit(0.0:43091): avc: granted { nlmsg_readpriv } for comm="halley_2800_Tem" scontext=u:r:untrusted_app_27:s0:c512,c768 tcontext=u:r:untrusted_app_27:s0:c512,c768 tclass=netlink_route_socket app=com.tencent.android.qqdownloader
08-22 16:36:11.441 1542 1542 I notification_enqueue: [10104,27508,com.tencent.android.qqdownloader,109,NULL,0,Notification(channel=channel_id_default_silent shortcut=null contentView=null vibrate=null sound=null tick defaults=0x0 flags=0x210 color=0x00000000 groupKey=com.tencent.android.qqdownloader vis=PRIVATE),0]
08-22 16:36:11.441 1542 1542 I sysui_multi_action: [757,128,758,5,759,8,793,73,794,0,795,73,796,101,806,com.tencent.android.qqdownloader,857,channel_id_default_silent,858,3,946,com.tencent.android.qqdownloader,947,1,1500,73,1688,1]
08-22 16:36:11.441 1542 1542 I notification_canceled: [0|com.tencent.android.qqdownloader|101|null|10104,8,73,73,0,-1,-1,NULL]
08-22 16:36:11.476 1542 1542 I sysui_multi_action: [757,128,758,5,759,8,793,37,794,0,795,37,796,109,806,com.tencent.android.qqdownloader,857,channel_id_default_silent,858,3,946,com.tencent.android.qqdownloader,947,1,1500,37,1688,1]
08-22 16:36:11.476 1542 1542 I notification_canceled: [0|com.tencent.android.qqdownloader|109|null|10104,8,37,37,0,-1,-1,NULL]
08-22 16:36:11.541 3602 3602 I auditd : type=1400 audit(0.0:43092): avc: denied { open } for comm="dfp_oaid_thread" path="/dev/__properties__/u:object_r:vendor_default_prop:s0" dev="tmpfs" ino=14420 scontext=u:r:untrusted_app_29:s0:c106,c256,c512,c768 tcontext=u:object_r:vendor_default_prop:s0 tclass=file permissive=1 app=com.smile.gifmaker
08-22 16:36:11.541 3602 3602 I auditd : type=1400 audit(0.0:43093): avc: denied { getattr } for comm="dfp_oaid_thread" path="/dev/__properties__/u:object_r:vendor_default_prop:s0" dev="tmpfs" ino=14420 scontext=u:r:untrusted_app_29:s0:c106,c256,c512,c768 tcontext=u:object_r:vendor_default_prop:s0 tclass=file permissive=1 app=com.smile.gifmaker
08-22 16:36:11.541 3602 3602 I auditd : type=1400 audit(0.0:43094): avc: denied { map } for comm="dfp_oaid_thread" path="/dev/__properties__/u:object_r:vendor_default_prop:s0" dev="tmpfs" ino=14420 scontext=u:r:untrusted_app_29:s0:c106,c256,c512,c768 tcontext=u:object_r:vendor_default_prop:s0 tclass=file permissive=1 app=com.smile.gifmaker
08-22 16:36:11.812 1542 1584 I am_kill : [0,2429,com.smile.gifmaker:push_v3,905,empty #2]
08-22 16:36:11.872 1542 1584 I am_proc_died: [0,2429,com.smile.gifmaker:push_v3,905,19]
08-22 16:36:12.153 1542 1693 I am_pss : [27508,10104,com.tencent.android.qqdownloader,604348416,583172096,48128,750800896,0,2,39]
08-22 16:36:12.354 1542 1697 I am_proc_start: [0,3794,10106,com.smile.gifmaker:push_v3,service,{com.smile.gifmaker/com.kwai.android.dispatcher.PushV3ProcessLauncherService}]
08-22 16:36:12.377 1542 17121 I am_proc_bound: [0,3794,com.smile.gifmaker:push_v3]
08-22 16:36:12.513 3602 3602 I auditd : type=1400 audit(0.0:43095): avc: denied { read } for comm="pool-9-thread-6" name="tcp" dev="proc" ino=4026532265 scontext=u:r:untrusted_app_29:s0:c106,c256,c512,c768 tcontext=u:object_r:proc_net_tcp_udp:s0 tclass=file permissive=1 app=com.smile.gifmaker
08-22 16:36:12.513 3602 3602 I auditd : type=1400 audit(0.0:43096): avc: denied { open } for comm="pool-9-thread-6" path="/proc/3602/net/tcp" dev="proc" ino=4026532265 scontext=u:r:untrusted_app_29:s0:c106,c256,c512,c768 tcontext=u:object_r:proc_net_tcp_udp:s0 tclass=file permissive=1 app=com.smile.gifmaker
08-22 16:36:12.513 3602 3602 I auditd : type=1400 audit(0.0:43097): avc: denied { getattr } for comm="pool-9-thread-6" path="/proc/3602/net/tcp" dev="proc" ino=4026532265 scontext=u:r:untrusted_app_29:s0:c106,c256,c512,c768 tcontext=u:object_r:proc_net_tcp_udp:s0 tclass=file permissive=1 app=com.smile.gifmaker
08-22 16:36:12.609 3602 3602 I auditd : type=1400 audit(0.0:43098): avc: denied { open } for comm="pool-9-thread-6" path="/dev/__properties__/u:object_r:serialno_prop:s0" dev="tmpfs" ino=14349 scontext=u:r:untrusted_app_29:s0:c106,c256,c512,c768 tcontext=u:object_r:serialno_prop:s0 tclass=file permissive=1 app=com.smile.gifmaker
08-22 16:36:12.609 3602 3602 I auditd : type=1400 audit(0.0:43099): avc: denied { getattr } for comm="pool-9-thread-6" path="/dev/__properties__/u:object_r:serialno_prop:s0" dev="tmpfs" ino=14349 scontext=u:r:untrusted_app_29:s0:c106,c256,c512,c768 tcontext=u:object_r:serialno_prop:s0 tclass=file permissive=1 app=com.smile.gifmaker
08-22 16:36:12.923 1542 1871 I netstats_mobile_sample: [0,0,0,0,0,0,0,0,0,0,0,0,1692693372938]
08-22 16:36:12.923 1542 1871 I netstats_wifi_sample: [27564720,65860,25520405,48755,27564720,65860,25520405,48755,106716210,150796,20345463,44187,1692693372938]
08-22 16:36:13.478 1542 1584 I am_kill : [0,3602,com.smile.gifmaker,915,empty #2]
08-22 16:36:13.762 1542 1583 I am_proc_died: [0,3602,com.smile.gifmaker,915,19]
08-22 16:36:13.777 3794 3794 I auditd : type=1400 audit(0.0:43107): avc: denied { read } for comm="pool-9-thread-6" name="tcp" dev="proc" ino=4026532265 scontext=u:r:untrusted_app_29:s0:c106,c256,c512,c768 tcontext=u:object_r:proc_net_tcp_udp:s0 tclass=file permissive=1 app=com.smile.gifmaker
08-22 16:36:13.777 3794 3794 I auditd : type=1400 audit(0.0:43108): avc: denied { open } for comm="pool-9-thread-6" path="/proc/3794/net/tcp" dev="proc" ino=4026532265 scontext=u:r:untrusted_app_29:s0:c106,c256,c512,c768 tcontext=u:object_r:proc_net_tcp_udp:s0 tclass=file permissive=1 app=com.smile.gifmaker
08-22 16:36:13.777 3794 3794 I auditd : type=1400 audit(0.0:43109): avc: denied { getattr } for comm="pool-9-thread-6" path="/proc/3794/net/tcp" dev="proc" ino=4026532265 scontext=u:r:untrusted_app_29:s0:c106,c256,c512,c768 tcontext=u:object_r:proc_net_tcp_udp:s0 tclass=file permissive=1 app=com.smile.gifmaker
08-22 16:36:13.797 3794 3794 I auditd : type=1400 audit(0.0:43110): avc: denied { open } for comm="pool-9-thread-6" path="/dev/__properties__/u:object_r:vendor_default_prop:s0" dev="tmpfs" ino=14420 scontext=u:r:untrusted_app_29:s0:c106,c256,c512,c768 tcontext=u:object_r:vendor_default_prop:s0 tclass=file permissive=1 app=com.smile.gifmaker
08-22 16:36:13.797 3794 3794 I auditd : type=1400 audit(0.0:43111): avc: denied { getattr } for comm="pool-9-thread-6" path="/dev/__properties__/u:object_r:vendor_default_prop:s0" dev="tmpfs" ino=14420 scontext=u:r:untrusted_app_29:s0:c106,c256,c512,c768 tcontext=u:object_r:vendor_default_prop:s0 tclass=file permissive=1 app=com.smile.gifmaker
08-22 16:36:14.913 1542 1843 I input_interaction: Interaction with: f0d8694 com.tencent.android.qqdownloader/com.tencent.pangu.activity.DownloadActivity (server), edge-swipe (server), swipe-up (server), PointerEventDispatcher0 (server),
08-22 16:36:14.997 1542 1542 I notification_enqueue: [10104,27465,com.tencent.android.qqdownloader,127,NULL,0,Notification(channel=channel_id_default_silent shortcut=null contentView=com.tencent.android.qqdownloader/0x7f0a01c2 vibrate=null sound=null defaults=0x0 flags=0x2a2 color=0x00000000 groupKey=com.tencent.android.qqdownloader vis=PRIVATE),1]
08-22 16:36:15.227 1542 1662 I input_focus: [Focus request 165af7b com.tencent.android.qqdownloader/com.tencent.pangu.activity.DownloadActivity,reason=UpdateInputWindows]
08-22 16:36:15.241 1542 1843 I input_focus: [Focus leaving f0d8694 com.tencent.android.qqdownloader/com.tencent.pangu.activity.DownloadActivity (server),reason=setFocusedWindow]
08-22 16:36:15.241 1542 1843 I input_focus: [Focus entering 165af7b com.tencent.android.qqdownloader/com.tencent.pangu.activity.DownloadActivity (server),reason=setFocusedWindow]
08-22 16:36:16.003 1542 1542 I notification_enqueue: [10104,27465,com.tencent.android.qqdownloader,127,NULL,0,Notification(channel=channel_id_default_silent shortcut=null contentView=com.tencent.android.qqdownloader/0x7f0a01c2 vibrate=null sound=null defaults=0x0 flags=0x2a2 color=0x00000000 groupKey=com.tencent.android.qqdownloader vis=PRIVATE),1]
08-22 16:36:16.184 1542 1843 I input_interaction: Interaction with: 165af7b com.tencent.android.qqdownloader/com.tencent.pangu.activity.DownloadActivity (server), edge-swipe (server), swipe-up (server), PointerEventDispatcher0 (server),
08-22 16:36:17.009 1542 1542 I notification_enqueue: [10104,27465,com.tencent.android.qqdownloader,127,NULL,0,Notification(channel=channel_id_default_silent shortcut=null contentView=com.tencent.android.qqdownloader/0x7f0a01c2 vibrate=null sound=null defaults=0x0 flags=0x2a2 color=0x00000000 groupKey=com.tencent.android.qqdownloader vis=PRIVATE),1]
08-22 16:36:17.515 1542 1662 I input_focus: [Focus request f0d8694 com.tencent.android.qqdownloader/com.tencent.pangu.activity.DownloadActivity,reason=UpdateInputWindows]
08-22 16:36:17.546 1542 1843 I input_focus: [Focus entering f0d8694 com.tencent.android.qqdownloader/com.tencent.pangu.activity.DownloadActivity (server),reason=setFocusedWindow]
08-22 16:36:17.580 1542 1542 I notification_enqueue: [10104,27508,com.tencent.android.qqdownloader,101,NULL,0,Notification(channel=channel_id_default_silent shortcut=null contentView=null vibrate=null sound=null tick defaults=0x0 flags=0x240 color=0x00000000 groupKey=com.tencent.android.qqdownloader vis=PRIVATE),0]
08-22 16:36:17.966 1542 1934 I sync : [com.tencent.android.qqdownloader.YYBLiveAccountProvider,0,3,24220937]
08-22 16:36:17.991 1542 1934 I sync : [com.tencent.android.qqdownloader.YYBLiveAccountProvider,1,3,24220937]
08-22 16:36:17.993 1542 1934 I commit_sys_config_file: [sync-status,8918212]
08-22 16:36:18.000 1542 1934 I sync : [com.tencent.android.qqdownloader.YYBLiveAccountProvider,0,3,24220937]
08-22 16:36:18.017 1542 1542 I notification_enqueue: [10104,27465,com.tencent.android.qqdownloader,127,NULL,0,Notification(channel=channel_id_default_silent shortcut=null contentView=com.tencent.android.qqdownloader/0x7f0a01c2 vibrate=null sound=null defaults=0x0 flags=0x2a2 color=0x00000000 groupKey=com.tencent.android.qqdownloader vis=PRIVATE),1]
08-22 16:36:18.029 1542 1934 I sync : [com.tencent.android.qqdownloader.YYBLiveAccountProvider,1,3,24220937]
08-22 16:36:18.034 1542 1934 I commit_sys_config_file: [sync-status,8918253]
08-22 16:36:18.950 1542 1861 I netstats_mobile_sample: [0,0,0,0,0,0,0,0,0,0,0,0,1692693378965]
08-22 16:36:18.950 1542 1861 I netstats_wifi_sample: [27575365,65876,25545310,48799,27575365,65876,25545310,48799,106829345,150939,20363572,44223,1692693378965]
08-22 16:36:19.022 1542 1542 I notification_enqueue: [10104,27465,com.tencent.android.qqdownloader,127,NULL,0,Notification(channel=channel_id_default_silent shortcut=null contentView=com.tencent.android.qqdownloader/0x7f0a01c2 vibrate=null sound=null defaults=0x0 flags=0x2a2 color=0x00000000 groupKey=com.tencent.android.qqdownloader vis=PRIVATE),1]
08-22 16:36:20.001 1542 1659 I commit_sys_config_file: [jobs,6]
08-22 16:36:20.797 1542 1861 I netstats_mobile_sample: [0,0,0,0,0,0,0,0,0,0,0,0,1692693380812]
08-22 16:36:20.798 1542 1861 I netstats_wifi_sample: [27577087,65880,25547098,48803,27577087,65880,25547098,48803,106850730,150989,20364466,44225,1692693380812]
08-22 16:36:22.396 1542 1861 I netstats_mobile_sample: [0,0,0,0,0,0,0,0,0,0,0,0,1692693382411]
08-22 16:36:22.396 1542 1861 I netstats_wifi_sample: [27580843,65883,25557632,48819,27580843,65883,25557632,48819,106890794,151021,20372496,44239,1692693382411]
08-22 16:36:24.042 1542 1861 I netstats_mobile_sample: [0,0,0,0,0,0,0,0,0,0,0,0,1692693384057]
08-22 16:36:24.043 1542 1861 I netstats_wifi_sample: [27580843,65883,25557632,48819,27580843,65883,25557632,48819,106890794,151021,20372496,44239,1692693384057]
08-22 16:36:25.652 1542 1861 I netstats_mobile_sample: [0,0,0,0,0,0,0,0,0,0,0,0,1692693385667]
08-22 16:36:25.653 1542 1861 I netstats_wifi_sample: [27580843,65883,25563158,48831,27580843,65883,25563158,48831,106890794,151021,20378022,44251,1692693385667]
08-22 16:36:25.653 684 684 I auditd : type=1400 audit(0.0:43113): avc: denied { add_name } for comm="Binder:684_6" name="globalAlert" scontext=u:r:netd:s0 tcontext=u:object_r:proc_net:s0 tclass=dir permissive=1
08-22 16:36:25.743 1542 1542 I sysui_multi_action: [757,128,758,5,759,8,793,8164,794,0,795,8164,796,101,806,com.tencent.android.qqdownloader,857,channel_id_default_silent,858,3,946,com.tencent.android.qqdownloader,947,1,1500,8164,1688,1]
08-22 16:36:25.743 1542 1542 I notification_canceled: [0|com.tencent.android.qqdownloader|101|null|10104,8,8164,8164,0,-1,-1,NULL]
08-22 16:36:25.757 27465 27465 I auditd : type=1400 audit(0.0:43114): avc: granted { nlmsg_readpriv } for comm="wnloader:daemon" scontext=u:r:untrusted_app_27:s0:c512,c768 tcontext=u:r:untrusted_app_27:s0:c512,c768 tclass=netlink_route_socket app=com.tencent.android.qqdownloader
08-22 16:36:25.773 27465 27465 I auditd : type=1400 audit(0.0:43115): avc: granted { execute } for comm="wnloader:daemon" path="/data/user/0/com.tencent.android.qqdownloader/app_lib/libbs-sec.so" dev="dm-10" ino=363809 scontext=u:r:untrusted_app_27:s0:c512,c768 tcontext=u:object_r:app_data_file:s0:c512,c768 tclass=file app=com.tencent.android.qqdownloader
08-22 16:36:25.773 27465 27465 I auditd : type=1400 audit(0.0:43116): avc: granted { execute } for comm="wnloader:daemon" path="/data/user/0/com.tencent.android.qqdownloader/app_lib/libbs-sec.so" dev="dm-10" ino=363809 scontext=u:r:untrusted_app_27:s0:c512,c768 tcontext=u:object_r:app_data_file:s0:c512,c768 tclass=file app=com.tencent.android.qqdownloader
08-22 16:36:25.833 27465 27465 I auditd : type=1400 audit(0.0:43117): avc: granted { nlmsg_readpriv } for comm="wnloader:daemon" scontext=u:r:untrusted_app_27:s0:c512,c768 tcontext=u:r:untrusted_app_27:s0:c512,c768 tclass=netlink_route_socket app=com.tencent.android.qqdownloader
08-22 16:36:26.163 1542 1542 I notification_enqueue: [10104,27465,com.tencent.android.qqdownloader,127,NULL,0,Notification(channel=channel_id_default_silent shortcut=null contentView=com.tencent.android.qqdownloader/0x7f0a01c2 vibrate=null sound=null defaults=0x0 flags=0x2a2 color=0x00000000 groupKey=com.tencent.android.qqdownloader vis=PRIVATE),1]
08-22 16:36:26.230 1542 1583 I wm_task_moved: [76335,1,7]
08-22 16:36:26.230 1542 1583 I wm_set_resumed_activity: [0,com.tencent.android.qqdownloader/com.tencent.pangu.activity.DownloadActivity,positionChildAt]
08-22 16:36:26.230 1542 1583 I wm_create_activity: [0,154447561,76335,com.tencent.android.qqdownloader/com.tencent.pangu.activity.InstallerListenerActivity,NULL,NULL,NULL,268435456]
08-22 16:36:26.231 1542 1583 I wm_pause_activity: [0,117506946,com.tencent.android.qqdownloader/com.tencent.pangu.activity.DownloadActivity,userLeaving=true,resumeTopActivityInnerLocked]
08-22 16:36:26.231 27508 27508 I wm_on_top_resumed_lost_called: [117506946,com.tencent.pangu.activity.DownloadActivity,topStateChangedWhenResumed]
08-22 16:36:26.234 27508 27508 I wm_on_paused_called: [117506946,com.tencent.pangu.activity.DownloadActivity,performPause]
08-22 16:36:26.236 1542 1583 I wm_restart_activity: [0,154447561,76335,com.tencent.android.qqdownloader/com.tencent.pangu.activity.InstallerListenerActivity]
08-22 16:36:26.237 1542 1583 I wm_set_resumed_activity: [0,com.tencent.android.qqdownloader/com.tencent.pangu.activity.InstallerListenerActivity,minimalResumeActivityLocked]
08-22 16:36:26.239 1542 1660 I sysui_multi_action: [757,803,799,window_time_2,802,457]
08-22 16:36:26.245 27508 27508 I wm_on_create_called: [154447561,com.tencent.pangu.activity.InstallerListenerActivity,performCreate]
08-22 16:36:26.246 27508 27508 I wm_on_start_called: [154447561,com.tencent.pangu.activity.InstallerListenerActivity,handleStartActivity]
08-22 16:36:26.248 27508 27508 I wm_on_resume_called: [154447561,com.tencent.pangu.activity.InstallerListenerActivity,RESUME_ACTIVITY]
08-22 16:36:26.250 27508 27508 I wm_on_top_resumed_gained_called: [154447561,com.tencent.pangu.activity.InstallerListenerActivity,topStateChangedWhenResumed]
08-22 16:36:26.253 1542 1662 I input_focus: [Focus request d7f6d0b com.tencent.android.qqdownloader/com.tencent.pangu.activity.InstallerListenerActivity,reason=UpdateInputWindows]
08-22 16:36:26.256 1542 2098 I wm_task_created: [76336,-1]
08-22 16:36:26.258 1542 2098 I wm_task_moved: [76336,1,8]
08-22 16:36:26.258 1542 2098 I wm_task_to_front: [0,76336]
08-22 16:36:26.259 1542 2098 I wm_create_task: [0,76336]
08-22 16:36:26.259 1542 2098 I wm_create_activity: [0,163860155,76336,com.android.packageinstaller/.InstallStart,android.intent.action.VIEW,application/vnd.android.package-archive,content://com.tencent.pangu.fileprovider/files_path/tassistant/apk/com.tencent.mobileqq_4484.apk,276824065]
08-22 16:36:26.259 1542 2098 I wm_task_moved: [76336,1,8]
08-22 16:36:26.260 1542 2098 I wm_pause_activity: [0,214579854,com.android.launcher3/.uioverrides.QuickstepLauncher,userLeaving=true,pauseBackTasks]
08-22 16:36:26.260 2577 2577 I wm_on_paused_called: [214579854,com.android.launcher3.uioverrides.QuickstepLauncher,performPause]
08-22 16:36:26.264 1542 1843 I input_focus: [Focus leaving f0d8694 com.tencent.android.qqdownloader/com.tencent.pangu.activity.DownloadActivity (server),reason=NOT_FOCUSABLE]
08-22 16:36:26.265 1542 1660 I am_uid_running: 10023
08-22 16:36:26.266 1542 1660 I sysui_multi_action: [757,803,799,window_time_2,802,0]
08-22 16:36:26.275 1542 1697 I am_proc_start: [0,4052,10023,com.android.packageinstaller,pre-top-activity,{com.android.packageinstaller/com.android.packageinstaller.InstallStart}]
08-22 16:36:26.279 27508 27508 I wm_on_paused_called: [154447561,com.tencent.pangu.activity.InstallerListenerActivity,performPause]
08-22 16:36:26.281 27508 27508 I wm_on_activity_result_called: [154447561,com.tencent.pangu.activity.InstallerListenerActivity,ACTIVITY_RESULT]
08-22 16:36:26.282 27508 27508 I wm_on_resume_called: [154447561,com.tencent.pangu.activity.InstallerListenerActivity,ACTIVITY_RESULT]
08-22 16:36:26.282 27508 27508 I wm_on_top_resumed_lost_called: [154447561,com.tencent.pangu.activity.InstallerListenerActivity,topStateChangedWhenResumed]
08-22 16:36:26.293 1542 1583 I am_proc_bound: [0,4052,com.android.packageinstaller]
08-22 16:36:26.296 1542 1583 I wm_restart_activity: [0,163860155,76336,com.android.packageinstaller/.InstallStart]
08-22 16:36:26.297 1542 1583 I wm_set_resumed_activity: [0,com.android.packageinstaller/.InstallStart,minimalResumeActivityLocked]
08-22 16:36:26.299 1542 1660 I am_uid_active: 10023
08-22 16:36:26.305 1542 4747 I am_uid_running: 10071
08-22 16:36:26.310 1542 1697 I am_proc_start: [0,4072,10071,com.thundercomm.gamemode.provider,content provider,{com.thundercomm.gamemode.provider/com.thundercomm.gamemode.provider.SettingsProvider}]
08-22 16:36:26.320 1542 1583 I am_proc_bound: [0,4072,com.thundercomm.gamemode.provider]
08-22 16:36:26.322 1542 1583 I am_uid_active: 10071
08-22 16:36:26.325 1542 1583 I service_manager_stats: [100,96,27391]
08-22 16:36:26.334 1542 1583 I wm_task_moved: [76336,1,8]
08-22 16:36:26.335 1542 1583 I wm_set_resumed_activity: [0,com.android.packageinstaller/.InstallStart,positionChildAt]
08-22 16:36:26.335 1542 1583 I wm_create_activity: [0,107197987,76336,com.android.packageinstaller/.InstallStaging,android.intent.action.VIEW,application/vnd.android.package-archive,content://com.tencent.pangu.fileprovider/files_path/tassistant/apk/com.tencent.mobileqq_4484.apk,33554433]
08-22 16:36:26.335 1542 1583 I wm_pause_activity: [0,163860155,com.android.packageinstaller/.InstallStart,userLeaving=true,resumeTopActivityInnerLocked]
08-22 16:36:26.337 1542 1583 I wm_finish_activity: [0,163860155,76336,com.android.packageinstaller/.InstallStart,app-request]
08-22 16:36:26.337 4052 4052 I wm_on_create_called: [163860155,com.android.packageinstaller.InstallStart,performCreate]
08-22 16:36:26.340 1542 1584 I wm_add_to_stopping: [0,163860155,com.android.packageinstaller/.InstallStart,completeFinishing]
08-22 16:36:26.341 1542 1584 I wm_restart_activity: [0,107197987,76336,com.android.packageinstaller/.InstallStaging]
08-22 16:36:26.341 1542 1584 I wm_set_resumed_activity: [0,com.android.packageinstaller/.InstallStaging,minimalResumeActivityLocked]
08-22 16:36:26.343 1542 1660 I sysui_multi_action: [757,803,799,window_time_0,802,0]
08-22 16:36:26.353 4052 4052 I wm_on_create_called: [107197987,com.android.packageinstaller.InstallStaging,performCreate]
08-22 16:36:26.353 4052 4052 I wm_on_start_called: [107197987,com.android.packageinstaller.InstallStaging,handleStartActivity]
08-22 16:36:26.355 4052 4052 I wm_on_resume_called: [107197987,com.android.packageinstaller.InstallStaging,RESUME_ACTIVITY]
08-22 16:36:26.360 4052 4052 I wm_on_top_resumed_gained_called: [107197987,com.android.packageinstaller.InstallStaging,topStateChangedWhenResumed]
08-22 16:36:26.367 1542 1662 I input_focus: [Focus request 544fa38 com.android.packageinstaller/com.android.packageinstaller.InstallStaging,reason=UpdateInputWindows]
08-22 16:36:26.417 1542 1657 I wm_activity_launch_time: [0,154447561,com.tencent.android.qqdownloader/com.tencent.pangu.activity.InstallerListenerActivity,53]
08-22 16:36:26.426 1542 1660 I wm_destroy_activity: [0,163860155,76336,com.android.packageinstaller/.InstallStart,finish-imm:transit]
08-22 16:36:26.426 1542 1657 I sysui_multi_action: [319,163,322,162,325,8940,757,761,758,7,759,2,806,com.android.packageinstaller,871,com.android.packageinstaller.InstallStaging,904,com.android.packageinstaller,905,0,945,41,1320,4,1321,1]
08-22 16:36:26.427 1542 1657 I wm_activity_launch_time: [0,107197987,com.android.packageinstaller/.InstallStaging,162]
08-22 16:36:26.432 4052 4052 I wm_on_destroy_called: [163860155,com.android.packageinstaller.InstallStart,performDestroy]
08-22 16:36:26.432 1542 1843 I input_focus: [Focus entering 544fa38 com.android.packageinstaller/com.android.packageinstaller.InstallStaging (server),reason=Window became focusable. Previous reason: NOT_VISIBLE]
08-22 16:36:26.561 1542 17121 I wm_task_moved: [76336,1,8]
08-22 16:36:26.561 1542 17121 I wm_set_resumed_activity: [0,com.android.packageinstaller/.InstallStaging,positionChildAt]
08-22 16:36:26.561 1542 17121 I wm_create_activity: [0,118792709,76336,com.android.packageinstaller/.DeleteStagedFileOnResult,android.intent.action.VIEW,NULL,file:///data/user_de/0/com.android.packageinstaller/no_backup/package5184529638404952213.apk,33619969]
08-22 16:36:26.562 1542 17121 I wm_pause_activity: [0,107197987,com.android.packageinstaller/.InstallStaging,userLeaving=true,resumeTopActivityInnerLocked]
08-22 16:36:26.563 1542 1584 I wm_finish_activity: [0,107197987,76336,com.android.packageinstaller/.InstallStaging,app-request]
08-22 16:36:26.563 4052 4052 I wm_on_top_resumed_lost_called: [107197987,com.android.packageinstaller.InstallStaging,topStateChangedWhenResumed]
08-22 16:36:26.564 4052 4052 I wm_on_paused_called: [107197987,com.android.packageinstaller.InstallStaging,performPause]
08-22 16:36:26.566 1542 17121 I wm_add_to_stopping: [0,107197987,com.android.packageinstaller/.InstallStaging,completeFinishing]
08-22 16:36:26.566 1542 17121 I wm_restart_activity: [0,118792709,76336,com.android.packageinstaller/.DeleteStagedFileOnResult]
08-22 16:36:26.567 1542 17121 I wm_set_resumed_activity: [0,com.android.packageinstaller/.DeleteStagedFileOnResult,minimalResumeActivityLocked]
08-22 16:36:26.569 1542 1660 I sysui_multi_action: [757,803,799,window_time_0,802,0]
08-22 16:36:26.577 1542 1696 I am_wtf : [0,1542,system_server,-1,ActivityManager,Sending non-protected broadcast com.thundercomm.active.state from system 2164:com.thundercomm.microsettings/1000 pkg com.thundercomm.microsettings]
08-22 16:36:26.580 1542 1885 I wm_task_moved: [76336,1,8]
08-22 16:36:26.580 1542 1885 I wm_set_resumed_activity: [0,com.android.packageinstaller/.DeleteStagedFileOnResult,positionChildAt]
08-22 16:36:26.580 1542 1885 I wm_create_activity: [0,154799293,76336,com.android.packageinstaller/.PackageInstallerActivity,android.intent.action.VIEW,NULL,file:///data/user_de/0/com.android.packageinstaller/no_backup/package5184529638404952213.apk,65536]
08-22 16:36:26.581 1542 1885 I wm_pause_activity: [0,118792709,com.android.packageinstaller/.DeleteStagedFileOnResult,userLeaving=true,resumeTopActivityInnerLocked]
08-22 16:36:26.582 4052 4052 I wm_on_create_called: [118792709,com.android.packageinstaller.DeleteStagedFileOnResult,performCreate]
08-22 16:36:26.583 4052 4052 I wm_on_start_called: [118792709,com.android.packageinstaller.DeleteStagedFileOnResult,handleStartActivity]
08-22 16:36:26.583 4052 4052 I wm_on_resume_called: [118792709,com.android.packageinstaller.DeleteStagedFileOnResult,RESUME_ACTIVITY]
08-22 16:36:26.584 1542 1843 I input_focus: [Focus leaving 544fa38 com.android.packageinstaller/com.android.packageinstaller.InstallStaging (server),reason=NO_WINDOW]
08-22 16:36:26.587 1542 1662 I input_focus: [Focus request 1ffb7b9 com.android.packageinstaller/com.android.packageinstaller.DeleteStagedFileOnResult,reason=UpdateInputWindows]
08-22 16:36:26.588 4052 4052 I wm_on_top_resumed_gained_called: [118792709,com.android.packageinstaller.DeleteStagedFileOnResult,topStateChangedWhenResumed]
08-22 16:36:26.588 4052 4052 I wm_on_top_resumed_lost_called: [118792709,com.android.packageinstaller.DeleteStagedFileOnResult,topStateChangedWhenResumed]
08-22 16:36:26.588 4052 4052 I wm_on_paused_called: [118792709,com.android.packageinstaller.DeleteStagedFileOnResult,performPause]
08-22 16:36:26.591 1542 1584 I wm_restart_activity: [0,154799293,76336,com.android.packageinstaller/.PackageInstallerActivity]
08-22 16:36:26.592 1542 1584 I wm_set_resumed_activity: [0,com.android.packageinstaller/.PackageInstallerActivity,minimalResumeActivityLocked]
08-22 16:36:26.594 1542 1660 I sysui_multi_action: [757,803,799,window_time_0,802,0]
08-22 16:36:26.626 4052 4052 I wm_on_create_called: [154799293,com.android.packageinstaller.PackageInstallerActivity,performCreate]
08-22 16:36:26.627 4052 4052 I wm_on_start_called: [154799293,com.android.packageinstaller.PackageInstallerActivity,handleStartActivity]
08-22 16:36:26.632 4052 4052 I wm_on_resume_called: [154799293,com.android.packageinstaller.PackageInstallerActivity,RESUME_ACTIVITY]
08-22 16:36:26.634 4052 4052 I wm_on_top_resumed_gained_called: [154799293,com.android.packageinstaller.PackageInstallerActivity,topStateChangedWhenResumed]
08-22 16:36:26.639 1542 1662 I input_focus: [Focus request 6c4d8d6 com.android.packageinstaller/com.android.packageinstaller.PackageInstallerActivity,reason=UpdateInputWindows]
08-22 16:36:26.645 1542 1657 I wm_activity_launch_time: [0,154799293,com.android.packageinstaller/.PackageInstallerActivity,85]
08-22 16:36:26.650 1542 1660 I wm_destroy_activity: [0,107197987,76336,com.android.packageinstaller/.InstallStaging,finish-imm:transit]
08-22 16:36:26.664 1542 1843 I input_focus: [Focus entering 6c4d8d6 com.android.packageinstaller/com.android.packageinstaller.PackageInstallerActivity (server),reason=Window became focusable. Previous reason: NOT_VISIBLE]
08-22 16:36:26.667 4052 4052 I wm_on_stop_called: [107197987,com.android.packageinstaller.InstallStaging,LIFECYCLER_STOP_ACTIVITY]
08-22 16:36:26.668 4052 4052 I wm_on_destroy_called: [107197987,com.android.packageinstaller.InstallStaging,performDestroy]
08-22 16:36:26.783 1542 3472 I wm_finish_activity: [0,154447561,76335,com.tencent.android.qqdownloader/com.tencent.pangu.activity.InstallerListenerActivity,app-request]
08-22 16:36:26.793 1542 3472 I wm_pause_activity: [0,154447561,com.tencent.android.qqdownloader/com.tencent.pangu.activity.InstallerListenerActivity,userLeaving=false,finish]
08-22 16:36:26.796 27508 27508 I wm_on_paused_called: [154447561,com.tencent.pangu.activity.InstallerListenerActivity,performPause]
08-22 16:36:26.798 1542 3472 I wm_resume_activity: [0,117506946,76335,com.tencent.android.qqdownloader/com.tencent.pangu.activity.DownloadActivity]
08-22 16:36:26.804 1542 1660 I sysui_multi_action: [757,803,799,window_time_0,802,1]
08-22 16:36:26.813 27508 27508 I wm_on_resume_called: [117506946,com.tencent.pangu.activity.DownloadActivity,RESUME_ACTIVITY]
08-22 16:36:26.836 1542 3472 I wm_destroy_activity: [0,154447561,76335,com.tencent.android.qqdownloader/com.tencent.pangu.activity.InstallerListenerActivity,finish-idle]
08-22 16:36:26.838 27508 27508 I wm_on_stop_called: [154447561,com.tencent.pangu.activity.InstallerListenerActivity,LIFECYCLER_STOP_ACTIVITY]
08-22 16:36:26.839 27508 27508 I wm_on_destroy_called: [154447561,com.tencent.pangu.activity.InstallerListenerActivity,performDestroy]
08-22 16:36:28.557 853 853 I auditd : type=1400 audit(0.0:43121): avc: denied { add_name } for comm="perf@2.2-servic" name="force_rail_on" scontext=u:r:vendor_hal_perf_default:s0 tcontext=u:object_r:vendor_sysfs_kgsl:s0 tclass=dir permissive=1
08-22 16:36:28.557 853 853 I auditd : type=1400 audit(0.0:43122): avc: denied { add_name } for comm="perf@2.2-servic" name="min_freq" scontext=u:r:vendor_hal_perf_default:s0 tcontext=u:object_r:vendor_sysfs_devfreq:s0 tclass=dir permissive=1
08-22 16:36:28.557 853 853 I auditd : type=1400 audit(0.0:43123): avc: denied { add_name } for comm="perf@2.2-servic" name="clkscale_enable" scontext=u:r:vendor_hal_perf_default:s0 tcontext=u:object_r:sysfs:s0 tclass=dir permissive=1
08-22 16:36:28.557 853 853 I auditd : type=1400 audit(0.0:43124): avc: denied { add_name } for comm="perf@2.2-servic" name="cpu_min_freq" scontext=u:r:vendor_hal_perf_default:s0 tcontext=u:object_r:vendor_sysfs_msm_perf:s0 tclass=dir permissive=1
08-22 16:36:28.905 27465 27465 I auditd : type=1400 audit(0.0:43125): avc: granted { nlmsg_readpriv } for comm="REPORT" scontext=u:r:untrusted_app_27:s0:c512,c768 tcontext=u:r:untrusted_app_27:s0:c512,c768 tclass=netlink_route_socket app=com.tencent.android.qqdownloader
08-22 16:36:29.123 1542 1693 I am_pss : [3270,10041,com.baidu.input_hryt,67981312,54181888,45056,187953152,0,7,16]
08-22 16:36:29.131 1542 1693 I am_pss : [2922,10096,com.android.providers.media.module,19835904,17317888,46080,106512384,0,0,7]
08-22 16:36:29.138 1542 1693 I am_pss : [2483,10097,android.ext.services,12565504,10125312,46080,97546240,0,5,6]
08-22 16:36:29.145 1542 1693 I am_pss : [3150,10080,com.qualcomm.location.XT,6191104,4141056,46080,86290432,0,6,5]
08-22 16:36:29.151 1542 1693 I am_pss : [2758,10079,com.qualcomm.location,7584768,5218304,46080,90210304,0,0,5]
08-22 16:36:29.158 1542 1693 I am_pss : [2221,1073,com.android.networkstack.process,13048832,10571776,46080,98398208,0,0,7]
08-22 16:36:29.164 1542 1693 I am_pss : [2165,1001,.dataservices,7884800,5718016,46080,89149440,0,0,5]
08-22 16:36:29.180 1542 1693 I am_pss : [1936,10083,com.android.systemui,200265728,193441792,44032,312500224,0,0,15]
08-22 16:36:29.207 1542 1693 I am_pss : [1542,1000,system,234966016,154529792,43008,519958528,0,0,25]
08-22 16:36:38.361 1542 1843 I input_interaction: Interaction with: 6c4d8d6 com.android.packageinstaller/com.android.packageinstaller.PackageInstallerActivity (server), edge-swipe (server), swipe-up (server), PointerEventDispatcher0 (server),
08-22 16:36:38.586 1542 4747 I wm_task_moved: [76336,1,8]
08-22 16:36:38.586 1542 4747 I wm_set_resumed_activity: [0,com.android.packageinstaller/.PackageInstallerActivity,positionChildAt]
08-22 16:36:38.586 1542 4747 I wm_create_activity: [0,250065572,76336,com.android.packageinstaller/.InstallInstalling,NULL,NULL,file:///data/user_de/0/com.android.packageinstaller/no_backup/package5184529638404952213.apk,33554432]
08-22 16:36:38.587 1542 4747 I wm_pause_activity: [0,154799293,com.android.packageinstaller/.PackageInstallerActivity,userLeaving=true,resumeTopActivityInnerLocked]
08-22 16:36:38.589 1542 3472 I wm_finish_activity: [0,154799293,76336,com.android.packageinstaller/.PackageInstallerActivity,app-request]
08-22 16:36:38.590 4052 4052 I wm_on_top_resumed_lost_called: [154799293,com.android.packageinstaller.PackageInstallerActivity,topStateChangedWhenResumed]
08-22 16:36:38.590 4052 4052 I wm_on_paused_called: [154799293,com.android.packageinstaller.PackageInstallerActivity,performPause]
08-22 16:36:38.590 1542 4747 I wm_add_to_stopping: [0,154799293,com.android.packageinstaller/.PackageInstallerActivity,completeFinishing]
08-22 16:36:38.592 1542 4747 I wm_restart_activity: [0,250065572,76336,com.android.packageinstaller/.InstallInstalling]
08-22 16:36:38.593 1542 4747 I wm_set_resumed_activity: [0,com.android.packageinstaller/.InstallInstalling,minimalResumeActivityLocked]
08-22 16:36:38.596 1542 1660 I sysui_multi_action: [757,803,799,window_time_0,802,11]
08-22 16:36:38.600 1542 1693 I am_pss : [4052,10023,com.android.packageinstaller,27776000,22298624,46080,131112960,0,2,6]
08-22 16:36:38.610 1542 1843 I input_focus: [Focus leaving 6c4d8d6 com.android.packageinstaller/com.android.packageinstaller.PackageInstallerActivity (server),reason=NO_WINDOW]
08-22 16:36:38.679 4052 4052 I wm_on_create_called: [250065572,com.android.packageinstaller.InstallInstalling,performCreate]
08-22 16:36:38.680 4052 4052 I wm_on_start_called: [250065572,com.android.packageinstaller.InstallInstalling,handleStartActivity]
08-22 16:36:38.681 1542 1659 I commit_sys_config_file: [package-session,8943050]
08-22 16:36:38.681 4052 4052 I wm_on_resume_called: [250065572,com.android.packageinstaller.InstallInstalling,RESUME_ACTIVITY]
08-22 16:36:38.685 4052 4052 I wm_on_top_resumed_gained_called: [250065572,com.android.packageinstaller.InstallInstalling,topStateChangedWhenResumed]
08-22 16:36:38.690 1542 1659 I commit_sys_config_file: [package-session,8943059]
08-22 16:36:38.692 1542 1658 I sysui_multi_action: [757,1659,758,4,759,1,1660,2]
08-22 16:36:38.699 1542 1662 I input_focus: [Focus request 5ce3c4b com.android.packageinstaller/com.android.packageinstaller.InstallInstalling,reason=UpdateInputWindows]
08-22 16:36:38.708 1542 1657 I wm_activity_launch_time: [0,250065572,com.android.packageinstaller/.InstallInstalling,125]
08-22 16:36:38.712 1542 1660 I wm_destroy_activity: [0,154799293,76336,com.android.packageinstaller/.PackageInstallerActivity,finish-imm:transit]
08-22 16:36:38.714 4052 4052 I wm_on_stop_called: [154799293,com.android.packageinstaller.PackageInstallerActivity,LIFECYCLER_STOP_ACTIVITY]
08-22 16:36:38.714 4052 4052 I wm_on_destroy_called: [154799293,com.android.packageinstaller.PackageInstallerActivity,performDestroy]
08-22 16:36:38.729 1542 1843 I input_focus: [Focus entering 5ce3c4b com.android.packageinstaller/com.android.packageinstaller.InstallInstalling (server),reason=Window became focusable. Previous reason: NOT_VISIBLE]
08-22 16:36:38.734 1542 1693 I am_pss : [3794,10106,com.smile.gifmaker:push_v3,107780096,103895040,46080,202248192,0,19,12]
08-22 16:36:38.743 1542 1693 I am_pss : [3096,10087,com.hryt.lebotp,90243072,76521472,313344,156778496,0,0,8]
08-22 16:36:38.749 1542 1693 I am_pss : [3087,10090,com.qualcomm.qti.workloadclassifier,6880256,4820992,46080,86745088,0,0,5]
08-22 16:36:38.755 1542 1693 I am_pss : [3048,10088,com.qualcomm.qti.qccnetstat,5892096,3940352,46080,84594688,0,0,5]
08-22 16:36:38.760 1542 1693 I am_pss : [3040,10073,com.qualcomm.qti.services.systemhelper:systemhelper_service,5843968,3903488,46080,84393984,0,0,5]
08-22 16:36:38.766 1542 1693 I am_pss : [3019,10060,.pasr,5475328,3555328,46080,82788352,0,0,5]
08-22 16:36:38.772 1542 1693 I am_pss : [2998,1000,com.hryt.hiphishowfsecontrol,7109632,4915200,46080,89714688,0,0,5]
08-22 16:36:38.777 1542 1693 I am_pss : [2972,10063,ts.car.uart,5585920,3657728,46080,83296256,0,0,6]
08-22 16:36:38.785 1542 1693 I am_pss : [2419,1000,com.qualcomm.qti.qdma,9009152,6377472,46080,95993856,0,0,5]
08-22 16:36:38.791 1542 1693 I am_pss : [4556,10066,com.qualcomm.qti.devicestatisticsservice,5388288,3465216,46080,82546688,0,0,5]
08-22 16:36:38.797 1542 1693 I am_pss : [2377,1000,com.thundercomm.tcservice,7057408,4861952,46080,89751552,0,0,5]
08-22 16:36:38.803 1542 1693 I am_pss : [2342,1000,com.thundercomm.remotecontrolservice,6138880,4141056,46080,85323776,0,0,5]
08-22 16:36:38.811 1542 1693 I am_pss : [2303,1068,com.android.se,5831680,3821568,46080,84717568,0,0,6]
08-22 16:36:38.817 1542 1693 I am_pss : [2248,1000,com.thundercomm.tcsetupwizard,5685248,3772416,46080,83087360,0,0,5]
08-22 16:36:38.822 1542 1693 I am_pss : [2295,10086,com.qti.qualcomm.mstatssystemservice,5553152,3633152,46080,83103744,0,0,5]
08-22 16:36:38.828 1542 1693 I am_pss : [2272,1000,vendor.qti.qesdk.sysservice,5609472,3641344,46080,84234240,0,0,5]
08-22 16:36:38.835 1542 1693 I am_pss : [2211,1000,com.tc.logclient,18664448,14962688,46080,118444032,0,0,6]
08-22 16:36:38.842 1542 1693 I am_pss : [2190,1000,com.thundercomm.tchttpserver,7330816,5152768,46080,88879104,0,0,5]
08-22 16:36:38.848 1542 1693 I am_pss : [2187,10058,.qtidataservices,5688320,3751936,46080,83955712,0,0,5]
08-22 16:36:38.856 1542 1693 I am_pss : [2164,1000,com.thundercomm.microsettings,13348864,6877184,46080,107466752,0,0,5]
08-22 16:36:38.862 1542 1693 I am_pss : [2135,1000,com.thundercomm.microservice,11247616,9162752,46080,91447296,0,0,5]
08-22 16:36:38.871 1542 1693 I am_pss : [2059,1000,com.thundercomm.gamemode,22481920,19505152,45056,112644096,0,0,6]
08-22 16:36:39.601 853 853 I auditd : type=1400 audit(0.0:43126): avc: denied { add_name } for comm="perf@2.2-servic" name="cpu_min_freq" scontext=u:r:vendor_hal_perf_default:s0 tcontext=u:object_r:vendor_sysfs_msm_perf:s0 tclass=dir permissive=1
08-22 16:36:39.609 1542 1809 I commit_sys_config_file: [package-session,8943978]
08-22 16:36:41.090 1542 1794 I commit_sys_config_file: [package-user-0,2]
08-22 16:36:41.090 1542 1794 I commit_sys_config_file: [package,25]
08-22 16:36:47.960 1542 1879 I storage_state: [41217664-9172-527a-b3d5-edabb50a7d69,0,0,39226986496,118610538496]
08-22 16:36:51.725 1542 1542 I am_uid_running: 10095
08-22 16:36:51.727 1542 1794 I unknown_sources_enabled: 1
08-22 16:36:51.738 1542 1809 I commit_sys_config_file: [package-session,8956107]
08-22 16:36:51.749 1542 1810 I commit_sys_config_file: [overlays,8956821]
08-22 16:36:51.758 1542 1697 I am_proc_start: [0,4278,10095,com.android.permissioncontroller,service,{com.android.permissioncontroller/com.android.permissioncontroller.permission.service.PermissionControllerServiceImpl}]
