08-22 16:38:04.598 1542 1542 I notification_enqueue: [10104,27508,com.tencent.android.qqdownloader,109,NULL,0,Notification(channel=channel_id_default_silent shortcut=null contentView=null vibrate=null sound=null tick defaults=0x0 flags=0x210 color=0x00000000 groupKey=com.tencent.android.qqdownloader vis=PRIVATE),0]
08-22 16:38:04.600 27508 27508 I liblog : 24
08-22 16:38:04.600 27508 27508 I liblog : 2
08-22 16:38:04.604 1542 1542 I sysui_multi_action: [757,128,758,5,759,8,793,60,794,0,795,60,796,101,806,com.tencent.android.qqdownloader,857,channel_id_default_silent,858,3,946,com.tencent.android.qqdownloader,947,1,1500,60,1688,1]
08-22 16:38:04.604 1542 1542 I notification_canceled: [0|com.tencent.android.qqdownloader|101|null|10104,8,60,60,0,-1,-1,NULL]
08-22 16:38:04.769 7481 7481 I auditd : type=1400 audit(0.0:44553): avc: denied { open } for comm="dfp_oaid_thread" path="/dev/__properties__/u:object_r:vendor_default_prop:s0" dev="tmpfs" ino=14420 scontext=u:r:untrusted_app_29:s0:c106,c256,c512,c768 tcontext=u:object_r:vendor_default_prop:s0 tclass=file permissive=1 app=com.smile.gifmaker
08-22 16:38:04.769 7481 7481 I auditd : type=1400 audit(0.0:44554): avc: denied { getattr } for comm="dfp_oaid_thread" path="/dev/__properties__/u:object_r:vendor_default_prop:s0" dev="tmpfs" ino=14420 scontext=u:r:untrusted_app_29:s0:c106,c256,c512,c768 tcontext=u:object_r:vendor_default_prop:s0 tclass=file permissive=1 app=com.smile.gifmaker
08-22 16:38:04.769 7481 7481 I auditd : type=1400 audit(0.0:44555): avc: denied { map } for comm="dfp_oaid_thread" path="/dev/__properties__/u:object_r:vendor_default_prop:s0" dev="tmpfs" ino=14420 scontext=u:r:untrusted_app_29:s0:c106,c256,c512,c768 tcontext=u:object_r:vendor_default_prop:s0 tclass=file permissive=1 app=com.smile.gifmaker
08-22 16:38:05.489 1542 1697 I am_proc_start: [0,7643,10106,com.smile.gifmaker:push_v3,service,{com.smile.gifmaker/com.kwai.android.dispatcher.PushV3ProcessLauncherService}]
08-22 16:38:05.515 1542 1583 I am_proc_bound: [0,7643,com.smile.gifmaker:push_v3]
08-22 16:38:05.713 7481 7481 I auditd : type=1400 audit(0.0:44556): avc: granted { execute } for comm="ela_global-io" path="/data/user/0/com.smile.gifmaker/app_DvaPlugin/klp_so/1931020113/so/libklp_pull_client_shared.so" dev="dm-10" ino=997203 scontext=u:r:untrusted_app_29:s0:c106,c256,c512,c768 tcontext=u:object_r:app_data_file:s0:c106,c256,c512,c768 tclass=file app=com.smile.gifmaker
08-22 16:38:05.764 1542 1583 I am_kill : [0,29727,com.tencent.ilink.ServiceProcess,0,remove task]
08-22 16:38:05.777 7481 7481 I auditd : type=1400 audit(0.0:44557): avc: denied { read } for comm="pool-9-thread-6" name="tcp" dev="proc" ino=4026532265 scontext=u:r:untrusted_app_29:s0:c106,c256,c512,c768 tcontext=u:object_r:proc_net_tcp_udp:s0 tclass=file permissive=1 app=com.smile.gifmaker
08-22 16:38:05.781 7481 7481 I auditd : type=1400 audit(0.0:44558): avc: denied { open } for comm="pool-9-thread-6" path="/proc/7481/net/tcp" dev="proc" ino=4026532265 scontext=u:r:untrusted_app_29:s0:c106,c256,c512,c768 tcontext=u:object_r:proc_net_tcp_udp:s0 tclass=file permissive=1 app=com.smile.gifmaker
08-22 16:38:05.781 7481 7481 I auditd : type=1400 audit(0.0:44559): avc: denied { getattr } for comm="pool-9-thread-6" path="/proc/7481/net/tcp" dev="proc" ino=4026532265 scontext=u:r:untrusted_app_29:s0:c106,c256,c512,c768 tcontext=u:object_r:proc_net_tcp_udp:s0 tclass=file permissive=1 app=com.smile.gifmaker
08-22 16:38:05.791 1542 1583 I am_proc_died: [0,29727,com.tencent.ilink.ServiceProcess,0,4]
08-22 16:38:05.792 1542 1583 I am_schedule_service_restart: [0,com.tencent.android.qqdownloader/com.tencent.luggage.services.WxaStartUpService,1000]
08-22 16:38:05.793 1542 1583 I am_kill : [0,4926,com.thundercomm.gamemode.provider,925,empty #2]
08-22 16:38:05.800 1542 1697 I am_proc_start: [0,7706,10104,com.tencent.ilink.ServiceProcess,service,{com.tencent.android.qqdownloader/com.tencent.luggage.services.WxaStartUpService}]
08-22 16:38:05.818 1542 17121 I am_proc_bound: [0,7706,com.tencent.ilink.ServiceProcess]
08-22 16:38:05.821 7481 7481 I auditd : type=1400 audit(0.0:44560): avc: denied { open } for comm="pool-9-thread-6" path="/dev/__properties__/u:object_r:serialno_prop:s0" dev="tmpfs" ino=14349 scontext=u:r:untrusted_app_29:s0:c106,c256,c512,c768 tcontext=u:object_r:serialno_prop:s0 tclass=file permissive=1 app=com.smile.gifmaker
08-22 16:38:05.821 7481 7481 I auditd : type=1400 audit(0.0:44561): avc: denied { getattr } for comm="pool-9-thread-6" path="/dev/__properties__/u:object_r:serialno_prop:s0" dev="tmpfs" ino=14349 scontext=u:r:untrusted_app_29:s0:c106,c256,c512,c768 tcontext=u:object_r:serialno_prop:s0 tclass=file permissive=1 app=com.smile.gifmaker
08-22 16:38:05.821 7481 7481 I auditd : type=1400 audit(0.0:44562): avc: denied { map } for comm="pool-9-thread-6" path="/dev/__properties__/u:object_r:serialno_prop:s0" dev="tmpfs" ino=14349 scontext=u:r:untrusted_app_29:s0:c106,c256,c512,c768 tcontext=u:object_r:serialno_prop:s0 tclass=file permissive=1 app=com.smile.gifmaker
08-22 16:38:05.853 1542 1583 I am_proc_died: [0,4926,com.thundercomm.gamemode.provider,925,19]
08-22 16:38:05.853 1542 1583 I am_uid_stopped: 10071
08-22 16:38:05.878 1542 1693 I am_pss : [7043,10123,com.tencent.mobileqq:MSF,64283648,36192256,47104,205168640,0,3,13]
08-22 16:38:06.206 1542 4747 I am_uid_running: 10105
08-22 16:38:06.212 1542 1697 I am_proc_start: [0,7867,10105,com.tencent.mm,content provider,{com.tencent.mm/com.tencent.mm.plugin.base.stub.MMPluginProvider}]
08-22 16:38:06.224 1542 4747 I am_proc_bound: [0,7867,com.tencent.mm]
08-22 16:38:06.233 1542 4747 I am_uid_active: 10105
08-22 16:38:06.430 1542 1696 I am_kill : [0,27575,com.tencent.android.qqdownloader:cloud,905,remove task]
08-22 16:38:06.431 1542 1696 I am_kill : [0,7481,com.smile.gifmaker,915,empty #2]
08-22 16:38:06.441 1542 1583 I am_kill : [0,27503,com.tencent.android.qqdownloader:live,100,stop com.tencent.android.qqdownloader due to start instr]
08-22 16:38:06.445 1542 1583 I am_kill : [0,27508,com.tencent.android.qqdownloader,0,stop com.tencent.android.qqdownloader due to start instr]
08-22 16:38:06.451 1542 1583 I am_kill : [0,7706,com.tencent.ilink.ServiceProcess,0,stop com.tencent.android.qqdownloader due to start instr]
08-22 16:38:06.452 1542 1583 I am_uid_stopped: 10104
08-22 16:38:06.453 1542 1583 I am_kill : [0,27465,com.tencent.android.qqdownloader:daemon,0,stop com.tencent.android.qqdownloader due to start instr]
08-22 16:38:06.456 1542 1583 I am_kill : [0,28712,com.android.webview:sandboxed_process0:org.chromium.content.app.SandboxedProcessService0:0,0,remove task]
08-22 16:38:06.459 1542 1583 I am_uid_running: 10104
08-22 16:38:06.462 1542 1660 I am_kill : [0,7643,com.smile.gifmaker:push_v3,915,empty #2]
08-22 16:38:06.462 1542 1660 I am_uid_active: 10104
08-22 16:38:06.465 1542 1660 I am_uid_running: 10028
08-22 16:38:06.465 1542 1660 I am_uid_running: 10037
08-22 16:38:06.466 1542 1697 I am_proc_start: [0,7930,10104,com.tencent.android.qqdownloader:daemon,added application,com.tencent.android.qqdownloader:daemon]
08-22 16:38:06.484 1542 10504 I am_proc_bound: [0,7930,com.tencent.android.qqdownloader:daemon]
08-22 16:38:06.510 1542 10504 I am_proc_died: [0,28712,com.android.webview:sandboxed_process0:org.chromium.content.app.SandboxedProcessService0:0,0,10]
08-22 16:38:06.510 1542 10504 I am_uid_stopped: 99024
08-22 16:38:06.576 1542 1697 I am_proc_start: [0,7996,10104,com.tencent.android.qqdownloader:live,service,{com.tencent.android.qqdownloader/com.tencent.assistant.syscomponent.MediaRouteProviderService2}]
08-22 16:38:06.581 1542 1697 I am_proc_start: [0,7997,10028,com.autonavi.minimap,NULL,]
08-22 16:38:06.587 1542 1697 I am_proc_start: [0,8012,10037,com.microsoft.emmx,NULL,]
08-22 16:38:06.590 1542 8817 I am_proc_bound: [0,7996,com.tencent.android.qqdownloader:live]
08-22 16:38:06.604 1542 3022 I am_proc_bound: [0,8012,com.microsoft.emmx]
08-22 16:38:06.610 1542 10504 I am_proc_bound: [0,7997,com.autonavi.minimap]
08-22 16:38:06.617 1542 22853 I am_kill : [0,8012,com.microsoft.emmx,905,empty #2]
08-22 16:38:06.621 1542 22853 I am_kill : [0,21422,com.android.webview:webview_service,905,empty #3]
08-22 16:38:06.628 1542 3022 I am_proc_died: [0,7643,com.smile.gifmaker:push_v3,915,19]
08-22 16:38:06.628 1542 3022 I am_schedule_service_restart: [0,com.smile.gifmaker/com.kwai.android.dispatcher.PushV3ProcessLauncherService,1000]
08-22 16:38:06.649 1542 7238 I am_proc_died: [0,21422,com.android.webview:webview_service,905,19]
08-22 16:38:06.660 1542 7238 I am_uid_stopped: 10070
08-22 16:38:06.673 1542 1697 I am_proc_start: [0,8090,10104,com.tencent.android.qqdownloader,content provider,{com.tencent.android.qqdownloader/com.tencent.assistant.db.contentprovider.WallpaperProvider}]
08-22 16:38:06.681 1542 3091 I am_proc_died: [0,8012,com.microsoft.emmx,905,19]
08-22 16:38:06.681 1542 3091 I am_uid_stopped: 10037
08-22 16:38:06.684 1542 1697 I am_proc_start: [0,8093,10104,com.tencent.android.qqdownloader:cloud,service,{com.tencent.android.qqdownloader/com.live.watermelon.service.SentryAlphaService}]
08-22 16:38:06.702 1542 3091 I am_proc_bound: [0,8090,com.tencent.android.qqdownloader]
08-22 16:38:06.712 1542 2127 I am_proc_bound: [0,8093,com.tencent.android.qqdownloader:cloud]
08-22 16:38:06.759 1542 3091 I am_wtf : [0,7867,com.tencent.mm,949501508,FirebaseApp,Remote stack trace:
08-22 16:38:06.759 1542 3091 I am_wtf : at com.android.server.content.ContentService.registerContentObserver(ContentService.java:357)
08-22 16:38:06.759 1542 3091 I am_wtf : at android.content.IContentService$Stub.onTransact(IContentService.java:484)
08-22 16:38:06.759 1542 3091 I am_wtf : at android.os.Binder.execTransactInternal(Binder.java:1179)
08-22 16:38:06.759 1542 3091 I am_wtf : at android.os.Binder.execTransact(Binder.java:1143)
08-22 16:38:06.759 1542 3091 I am_wtf : ]
08-22 16:38:06.793 8354 8354 I auditd : type=1400 audit(0.0:44595): avc: denied { open } for comm="getprop" path="/dev/__properties__/u:object_r:ab_update_gki_prop:s0" dev="tmpfs" ino=12119 scontext=u:r:untrusted_app_27:s0:c512,c768 tcontext=u:object_r:ab_update_gki_prop:s0 tclass=file permissive=1 app=com.tencent.android.qqdownloader
08-22 16:38:06.793 8354 8354 I auditd : type=1400 audit(0.0:44596): avc: denied { getattr } for comm="getprop" path="/dev/__properties__/u:object_r:ab_update_gki_prop:s0" dev="tmpfs" ino=12119 scontext=u:r:untrusted_app_27:s0:c512,c768 tcontext=u:object_r:ab_update_gki_prop:s0 tclass=file permissive=1 app=com.tencent.android.qqdownloader
08-22 16:38:06.793 8354 8354 I auditd : type=1400 audit(0.0:44597): avc: denied { map } for comm="getprop" path="/dev/__properties__/u:object_r:ab_update_gki_prop:s0" dev="tmpfs" ino=12119 scontext=u:r:untrusted_app_27:s0:c512,c768 tcontext=u:object_r:ab_update_gki_prop:s0 tclass=file permissive=1 app=com.tencent.android.qqdownloader
08-22 16:38:06.793 8354 8354 I auditd : type=1400 audit(0.0:44598): avc: denied { open } for comm="getprop" path="/dev/__properties__/u:object_r:adbd_prop:s0" dev="tmpfs" ino=12121 scontext=u:r:untrusted_app_27:s0:c512,c768 tcontext=u:object_r:adbd_prop:s0 tclass=file permissive=1 app=com.tencent.android.qqdownloader
08-22 16:38:06.793 8354 8354 I auditd : type=1400 audit(0.0:44599): avc: denied { getattr } for comm="getprop" path="/dev/__properties__/u:object_r:adbd_prop:s0" dev="tmpfs" ino=12121 scontext=u:r:untrusted_app_27:s0:c512,c768 tcontext=u:object_r:adbd_prop:s0 tclass=file permissive=1 app=com.tencent.android.qqdownloader
08-22 16:38:06.888 1542 2127 I am_proc_died: [0,7481,com.smile.gifmaker,915,19]
08-22 16:38:06.889 1542 2127 I am_uid_stopped: 10106
08-22 16:38:07.014 1542 17121 I am_kill : [0,7997,com.autonavi.minimap,915,empty #2]
08-22 16:38:07.068 1542 5785 I am_proc_died: [0,7997,com.autonavi.minimap,915,19]
08-22 16:38:07.069 1542 5785 I am_uid_stopped: 10028
08-22 16:38:07.303 1542 5785 I netstats_mobile_sample: [0,0,0,0,0,0,0,0,0,0,0,0,1692693487318]
08-22 16:38:07.303 1542 5785 I netstats_wifi_sample: [27730397,66152,25932760,49539,27730397,66152,25932760,49539,108565191,154037,20658076,44829,1692693487318]
08-22 16:38:07.315 1542 5785 I service_manager_slow: [10,phone]
08-22 16:38:07.698 1542 1861 I netstats_mobile_sample: [0,0,0,0,0,0,0,0,0,0,0,0,1692693487713]
08-22 16:38:07.698 1542 1861 I netstats_wifi_sample: [27730397,66152,25932760,49539,27730397,66152,25932760,49539,108565191,154037,20658076,44829,1692693487713]
08-22 16:38:07.816 1542 1871 I netstats_mobile_sample: [0,0,0,0,0,0,0,0,0,0,0,0,1692693487831]
08-22 16:38:07.816 1542 1871 I netstats_wifi_sample: [27730397,66152,25932836,49540,27730397,66152,25932836,49540,108565191,154037,20658152,44830,1692693487831]
08-22 16:38:07.848 1542 1542 I sysui_multi_action: [757,128,758,5,759,8,793,3250,794,0,795,3250,796,109,806,com.tencent.android.qqdownloader,857,channel_id_default_silent,858,3,946,com.tencent.android.qqdownloader,947,1,1500,3250,1688,1]
08-22 16:38:07.848 1542 1542 I notification_canceled: [0|com.tencent.android.qqdownloader|109|null|10104,8,3250,3250,0,-1,-1,NULL]
08-22 16:38:07.849 1542 1871 I netstats_mobile_sample: [0,0,0,0,0,0,0,0,0,0,0,0,1692693487864]
08-22 16:38:07.849 1542 1871 I netstats_wifi_sample: [27730397,66152,25932912,49541,27730397,66152,25932912,49541,108565191,154037,20658228,44831,1692693487864]
08-22 16:38:07.849 8090 8090 I auditd : type=1400 audit(0.0:46270): avc: granted { nlmsg_readpriv } for comm="halley_2800_Tem" scontext=u:r:untrusted_app_27:s0:c512,c768 tcontext=u:r:untrusted_app_27:s0:c512,c768 tclass=netlink_route_socket app=com.tencent.android.qqdownloader
08-22 16:38:07.861 8090 8090 I auditd : type=1400 audit(0.0:46271): avc: granted { nlmsg_readpriv } for comm="halley_2800_Tem" scontext=u:r:untrusted_app_27:s0:c512,c768 tcontext=u:r:untrusted_app_27:s0:c512,c768 tclass=netlink_route_socket app=com.tencent.android.qqdownloader
08-22 16:38:07.881 1542 1871 I netstats_mobile_sample: [0,0,0,0,0,0,0,0,0,0,0,0,1692693487896]
08-22 16:38:07.881 1542 1871 I netstats_wifi_sample: [27730397,66152,25932912,49541,27730397,66152,25932912,49541,108565191,154037,20658228,44831,1692693487896]
08-22 16:38:07.896 1542 1871 I netstats_mobile_sample: [0,0,0,0,0,0,0,0,0,0,0,0,1692693487911]
08-22 16:38:07.896 1542 1871 I netstats_wifi_sample: [27730397,66152,25933036,49543,27730397,66152,25933036,49543,108565191,154037,20658352,44833,1692693487911]
08-22 16:38:07.897 8090 8090 I auditd : type=1400 audit(0.0:46272): avc: granted { nlmsg_readpriv } for comm="halley_2800_Tem" scontext=u:r:untrusted_app_27:s0:c512,c768 tcontext=u:r:untrusted_app_27:s0:c512,c768 tclass=netlink_route_socket app=com.tencent.android.qqdownloader
08-22 16:38:07.908 1542 1862 I service_manager_slow: [10,alarm]
08-22 16:38:07.913 8090 8090 I auditd : type=1400 audit(0.0:46273): avc: granted { nlmsg_readpriv } for comm="halley_2800_Tem" scontext=u:r:untrusted_app_27:s0:c512,c768 tcontext=u:r:untrusted_app_27:s0:c512,c768 tclass=netlink_route_socket app=com.tencent.android.qqdownloader
08-22 16:38:09.157 8090 8090 I auditd : type=1400 audit(0.0:46274): avc: granted { nlmsg_readpriv } for comm="halley_2800_Tem" scontext=u:r:untrusted_app_27:s0:c512,c768 tcontext=u:r:untrusted_app_27:s0:c512,c768 tclass=netlink_route_socket app=com.tencent.android.qqdownloader
08-22 16:38:09.580 1542 1871 I netstats_mobile_sample: [0,0,0,0,0,0,0,0,0,0,0,0,1692693489595]
08-22 16:38:09.581 1542 1871 I netstats_wifi_sample: [27734338,66169,25943024,49575,27734338,66169,25943024,49575,108611858,154238,20666234,44857,1692693489595]
08-22 16:38:09.857 8090 8090 I auditd : type=1400 audit(0.0:46275): avc: granted { nlmsg_readpriv } for comm="halley_2800_Tem" scontext=u:r:untrusted_app_27:s0:c512,c768 tcontext=u:r:untrusted_app_27:s0:c512,c768 tclass=netlink_route_socket app=com.tencent.android.qqdownloader
08-22 16:38:09.861 1542 2127 I am_uid_running: 99025
08-22 16:38:09.865 8090 8090 I auditd : type=1400 audit(0.0:46276): avc: granted { nlmsg_readpriv } for comm="halley_2800_Tem" scontext=u:r:untrusted_app_27:s0:c512,c768 tcontext=u:r:untrusted_app_27:s0:c512,c768 tclass=netlink_route_socket app=com.tencent.android.qqdownloader
08-22 16:38:09.882 1542 1697 I am_proc_start: [0,9155,99025,com.android.webview:sandboxed_process0:org.chromium.content.app.SandboxedProcessService0:0,,{com.tencent.android.qqdownloader/org.chromium.content.app.SandboxedProcessService0:0}]
08-22 16:38:09.909 1542 2127 I am_proc_bound: [0,9155,com.android.webview:sandboxed_process0:org.chromium.content.app.SandboxedProcessService0:0]
08-22 16:38:09.913 8090 8090 I auditd : type=1400 audit(0.0:46277): avc: granted { nlmsg_readpriv } for comm="halley_2800_Tem" scontext=u:r:untrusted_app_27:s0:c512,c768 tcontext=u:r:untrusted_app_27:s0:c512,c768 tclass=netlink_route_socket app=com.tencent.android.qqdownloader
08-22 16:38:09.915 1542 2127 I am_uid_active: 99025
08-22 16:38:09.917 8090 8090 I auditd : type=1400 audit(0.0:46278): avc: granted { nlmsg_readpriv } for comm="halley_2800_Tem" scontext=u:r:untrusted_app_27:s0:c512,c768 tcontext=u:r:untrusted_app_27:s0:c512,c768 tclass=netlink_route_socket app=com.tencent.android.qqdownloader
08-22 16:38:09.922 1542 7238 I am_uid_running: 10070
08-22 16:38:09.936 1542 1697 I am_proc_start: [0,9186,10070,com.android.webview:webview_service,service,{com.android.webview/org.chromium.android_webview.services.ComponentsProviderService}]
08-22 16:38:09.965 1542 7238 I am_proc_bound: [0,9186,com.android.webview:webview_service]
08-22 16:38:09.972 1542 7238 I am_uid_active: 10070
08-22 16:38:11.681 7930 7930 I auditd : type=1400 audit(0.0:46279): avc: denied { read } for comm="StartThread-44" name="drivers" dev="proc" ino=4026531852 scontext=u:r:untrusted_app_27:s0:c512,c768 tcontext=u:object_r:proc_tty_drivers:s0 tclass=file permissive=1 app=com.tencent.android.qqdownloader
08-22 16:38:11.681 7930 7930 I auditd : type=1400 audit(0.0:46280): avc: denied { open } for comm="StartThread-44" path="/proc/tty/drivers" dev="proc" ino=4026531852 scontext=u:r:untrusted_app_27:s0:c512,c768 tcontext=u:object_r:proc_tty_drivers:s0 tclass=file permissive=1 app=com.tencent.android.qqdownloader
08-22 16:38:11.681 7930 7930 I auditd : type=1400 audit(0.0:46281): avc: denied { getattr } for comm="StartThread-44" path="/proc/tty/drivers" dev="proc" ino=4026531852 scontext=u:r:untrusted_app_27:s0:c512,c768 tcontext=u:object_r:proc_tty_drivers:s0 tclass=file permissive=1 app=com.tencent.android.qqdownloader
08-22 16:38:11.696 1542 1542 I sysui_multi_action: [757,128,758,5,759,8,793,690362,794,0,795,21211,796,127,806,com.tencent.android.qqdownloader,857,channel_id_default_silent,858,3,946,com.tencent.android.qqdownloader,947,1,1500,21211,1688,1]
08-22 16:38:11.696 1542 1542 I notification_canceled: [0|com.tencent.android.qqdownloader|127|null|10104,8,690362,21211,0,-1,-1,NULL]
08-22 16:38:11.724 1542 7238 I sysui_multi_action: [757,1513,758,4,805,1692693491724,1514,10104,1515,com.tencent.android.qqdownloader,1516,1003,1517,0,1518,10104,1519,1003,1520,0,1526,com.tencent.android.qqdownloader/com.tencent.qqdownloader.backgroundstart.BackgroundSupportActivity,1527,0,1529,com.tencent.android.qqdownloader:daemon,1530,1003,1531,0,1532,0,1533,0,1534,0,1535,0,1536,0,1538,5237]
08-22 16:38:11.725 7930 7930 I auditd : type=1400 audit(0.0:46282): avc: denied { open } for comm="qimei-thread-1" path="/" dev="dm-5" ino=2 scontext=u:r:untrusted_app_27:s0:c512,c768 tcontext=u:object_r:rootfs:s0 tclass=dir permissive=1 app=com.tencent.android.qqdownloader
08-22 16:38:11.729 7930 7930 I auditd : type=1400 audit(0.0:46283): avc: granted { nlmsg_readpriv } for comm="qimei-thread-1" scontext=u:r:untrusted_app_27:s0:c512,c768 tcontext=u:r:untrusted_app_27:s0:c512,c768 tclass=netlink_route_socket app=com.tencent.android.qqdownloader
08-22 16:38:11.741 7930 7930 I auditd : type=1400 audit(0.0:46284): avc: granted { execute } for comm="StartThread-44" path="/data/user/0/com.tencent.android.qqdownloader/files/plugin/com.tencent.assistant.plugin.ionia/arm64-v8a/libionia.so" dev="dm-10" ino=859934 scontext=u:r:untrusted_app_27:s0:c512,c768 tcontext=u:object_r:app_data_file:s0:c512,c768 tclass=file app=com.tencent.android.qqdownloader
08-22 16:38:11.771 1542 1542 I notification_enqueue: [10104,7930,com.tencent.android.qqdownloader,127,NULL,0,Notification(channel=channel_id_default_silent shortcut=null contentView=com.tencent.android.qqdownloader/0x7f0a01c2 vibrate=null sound=null defaults=0x0 flags=0x2a2 color=0x00000000 groupKey=com.tencent.android.qqdownloader vis=PRIVATE),0]
08-22 16:38:11.773 1542 1542 I sysui_multi_action: [757,128,758,5,759,8,793,5,794,0,795,5,796,127,806,com.tencent.android.qqdownloader,857,channel_id_default_silent,858,3,946,com.tencent.android.qqdownloader,947,1,1500,5]
08-22 16:38:11.773 1542 1542 I notification_canceled: [0|com.tencent.android.qqdownloader|127|null|10104,8,5,5,0,-1,-1,NULL]
08-22 16:38:12.779 1542 1542 I notification_enqueue: [10104,7930,com.tencent.android.qqdownloader,127,NULL,0,Notification(channel=channel_id_default_silent shortcut=null contentView=com.tencent.android.qqdownloader/0x7f0a01c2 vibrate=null sound=null defaults=0x0 flags=0x2a2 color=0x00000000 groupKey=com.tencent.android.qqdownloader vis=PRIVATE),0]
08-22 16:38:13.786 1542 1542 I notification_enqueue: [10104,7930,com.tencent.android.qqdownloader,127,NULL,0,Notification(channel=channel_id_default_silent shortcut=null contentView=com.tencent.android.qqdownloader/0x7f0a01c2 vibrate=null sound=null defaults=0x0 flags=0x2a2 color=0x00000000 groupKey=com.tencent.android.qqdownloader vis=PRIVATE),1]
08-22 16:38:14.799 1542 1542 I notification_enqueue: [10104,7930,com.tencent.android.qqdownloader,127,NULL,0,Notification(channel=channel_id_default_silent shortcut=null contentView=com.tencent.android.qqdownloader/0x7f0a01c2 vibrate=null sound=null defaults=0x0 flags=0x2a2 color=0x00000000 groupKey=com.tencent.android.qqdownloader vis=PRIVATE),1]
08-22 16:38:14.881 8090 8090 I auditd : type=1400 audit(0.0:46297): avc: granted { execute } for comm="temporary-5" path="/data/user/0/com.tencent.android.qqdownloader/files/res_hub/yyb/online/wx_sdk_so_3_64_20/arm64-v8a/libc++_shared.so" dev="dm-10" ino=375378 scontext=u:r:untrusted_app_27:s0:c512,c768 tcontext=u:object_r:app_data_file:s0:c512,c768 tclass=file app=com.tencent.android.qqdownloader
08-22 16:38:14.897 8090 8090 I auditd : type=1400 audit(0.0:46298): avc: granted { execute } for comm="temporary-5" path="/data/user/0/com.tencent.android.qqdownloader/files/res_hub/yyb/online/wx_sdk_so_3_64_20/arm64-v8a/libwechatxlog.so" dev="dm-10" ino=375381 scontext=u:r:untrusted_app_27:s0:c512,c768 tcontext=u:object_r:app_data_file:s0:c512,c768 tclass=file app=com.tencent.android.qqdownloader
08-22 16:38:14.973 8090 8090 I auditd : type=1400 audit(0.0:46299): avc: granted { execute } for comm="kcsdk_temporary" path="/data/user/0/com.tencent.android.qqdownloader/files/plugin/com.tencent.plugin.dawangka/arm64-v8a/libKcsdk-2.0.9.so" dev="dm-10" ino=762470 scontext=u:r:untrusted_app_27:s0:c512,c768 tcontext=u:object_r:app_data_file:s0:c512,c768 tclass=file app=com.tencent.android.qqdownloader
08-22 16:38:15.133 9692 9692 I auditd : type=1400 audit(0.0:46300): avc: denied { open } for comm="getprop" path="/dev/__properties__/u:object_r:ab_update_gki_prop:s0" dev="tmpfs" ino=12119 scontext=u:r:untrusted_app_27:s0:c512,c768 tcontext=u:object_r:ab_update_gki_prop:s0 tclass=file permissive=1 app=com.tencent.android.qqdownloader
08-22 16:38:15.133 9692 9692 I auditd : type=1400 audit(0.0:46301): avc: denied { getattr } for comm="getprop" path="/dev/__properties__/u:object_r:ab_update_gki_prop:s0" dev="tmpfs" ino=12119 scontext=u:r:untrusted_app_27:s0:c512,c768 tcontext=u:object_r:ab_update_gki_prop:s0 tclass=file permissive=1 app=com.tencent.android.qqdownloader
08-22 16:38:15.985 8090 8090 I auditd : type=1400 audit(0.0:46979): avc: denied { open } for comm="qimei-s-thread-" path="/proc/uptime" dev="proc" ino=4026532246 scontext=u:r:untrusted_app_27:s0:c512,c768 tcontext=u:object_r:proc_uptime:s0 tclass=file permissive=1 app=com.tencent.android.qqdownloader
08-22 16:38:15.993 8090 8090 I auditd : type=1400 audit(0.0:46980): avc: denied { read } for comm="qimei-s-thread-" name="ioports" dev="proc" ino=4026532282 scontext=u:r:untrusted_app_27:s0:c512,c768 tcontext=u:object_r:proc:s0 tclass=file permissive=1 app=com.tencent.android.qqdownloader
08-22 16:38:15.993 8090 8090 I auditd : type=1400 audit(0.0:46981): avc: denied { open } for comm="qimei-s-thread-" path="/proc/ioports" dev="proc" ino=4026532282 scontext=u:r:untrusted_app_27:s0:c512,c768 tcontext=u:object_r:proc:s0 tclass=file permissive=1 app=com.tencent.android.qqdownloader
08-22 16:38:16.033 8090 8090 I auditd : type=1400 audit(0.0:46982): avc: granted { nlmsg_readpriv } for comm="qimei-s-thread-" scontext=u:r:untrusted_app_27:s0:c512,c768 tcontext=u:r:untrusted_app_27:s0:c512,c768 tclass=netlink_route_socket app=com.tencent.android.qqdownloader
08-22 16:38:16.041 8090 8090 I auditd : type=1400 audit(0.0:46983): avc: denied { read } for comm="pool-12-thread-" name="version" dev="proc" ino=4026532247 scontext=u:r:untrusted_app_27:s0:c512,c768 tcontext=u:object_r:proc_version:s0 tclass=file permissive=1 app=com.tencent.android.qqdownloader
08-22 16:38:16.783 1542 1693 I am_pss : [7930,10104,com.tencent.android.qqdownloader:daemon,123459584,97341440,49152,270733312,0,4,19]
08-22 16:38:19.989 8090 8090 I auditd : type=1400 audit(0.0:46986): avc: granted { execute } for comm="gatherer-1-thre" path="/data/user/0/com.tencent.android.qqdownloader/app_e_qq_com_plugin_new_84e5596443427f53efca4e1d48972f33/libturingga.so" dev="dm-10" ino=2580 scontext=u:r:untrusted_app_27:s0:c512,c768 tcontext=u:object_r:app_data_file:s0:c512,c768 tclass=file app=com.tencent.android.qqdownloader
08-22 16:38:20.139 1542 1693 I am_pss : [9155,99025,com.android.webview:sandboxed_process0:org.chromium.content.app.SandboxedProcessService0:0,65274880,46977024,368640,125104128,0,4,11]
08-22 16:38:20.149 1542 1693 I am_pss : [9186,10070,com.android.webview:webview_service,25403392,7831552,367616,87810048,0,4,8]
08-22 16:38:20.685 9804 9804 I auditd : type=1400 audit(0.0:46987): avc: denied { open } for comm="top" path="/proc/sys/kernel/pid_max" dev="proc" ino=2230132 scontext=u:r:untrusted_app_27:s0:c512,c768 tcontext=u:object_r:proc_pid_max:s0 tclass=file permissive=1 app=com.tencent.mobileqq
08-22 16:38:20.689 9804 9804 I auditd : type=1400 audit(0.0:46988): avc: denied { open } for comm="top" path="/proc/stat" dev="proc" ino=4026532245 scontext=u:r:untrusted_app_27:s0:c512,c768 tcontext=u:object_r:proc_stat:s0 tclass=file permissive=1 app=com.tencent.mobileqq
08-22 16:38:21.881 7930 7930 I auditd : type=1400 audit(0.0:46989): avc: granted { execute } for comm="gatherer-1-thre" path="/data/user/0/com.tencent.android.qqdownloader/app_e_qq_com_plugin_new_b11baa871a179485a20599a8c8554089/libturingga.so" dev="dm-10" ino=373783 scontext=u:r:untrusted_app_27:s0:c512,c768 tcontext=u:object_r:app_data_file:s0:c512,c768 tclass=file app=com.tencent.android.qqdownloader
08-22 16:38:22.339 1542 1861 I netstats_mobile_sample: [0,0,0,0,0,0,0,0,0,0,0,0,1692693502354]
08-22 16:38:22.340 1542 1861 I netstats_wifi_sample: [27754473,66194,25990648,49653,27754473,66194,25990648,49653,108832822,154509,20701160,44921,1692693502354]
08-22 16:38:22.344 1542 1934 I sync : [com.tencent.android.qqdownloader.YYBLiveAccountProvider,0,3,24220937]
08-22 16:38:22.345 1542 1693 I am_pss : [8090,10104,com.tencent.android.qqdownloader,115899392,101269504,49152,238526464,0,4,22]
08-22 16:38:22.337 684 684 I auditd : type=1400 audit(0.0:46990): avc: denied { add_name } for comm="Binder:684_6" name="globalAlert" scontext=u:r:netd:s0 tcontext=u:object_r:proc_net:s0 tclass=dir permissive=1
08-22 16:38:22.358 1542 1693 I am_pss : [8093,10104,com.tencent.android.qqdownloader:cloud,23785472,14417920,50176,129916928,0,4,8]
08-22 16:38:22.370 1542 1934 I sync : [com.tencent.android.qqdownloader.YYBLiveAccountProvider,1,3,24220937]
08-22 16:38:22.372 1542 1934 I commit_sys_config_file: [sync-status,9042591]
08-22 16:38:22.379 1542 1934 I sync : [com.tencent.android.qqdownloader.YYBLiveAccountProvider,0,3,24220937]
08-22 16:38:22.399 1542 1934 I sync : [com.tencent.android.qqdownloader.YYBLiveAccountProvider,1,3,24220937]
08-22 16:38:22.401 1542 1934 I commit_sys_config_file: [sync-status,9042620]
08-22 16:38:24.376 1542 1659 I commit_sys_config_file: [jobs,4]
08-22 16:38:26.718 1542 1696 I am_wtf : [0,1542,system_server,-1,ActivityManager,Sending non-protected broadcast com.thundercomm.active.state from system 2164:com.thundercomm.microsettings/1000 pkg com.thundercomm.microsettings]
08-22 16:38:27.752 1542 1542 I notification_enqueue: [10104,7930,com.tencent.android.qqdownloader,127,NULL,0,Notification(channel=channel_id_default_silent shortcut=null contentView=com.tencent.android.qqdownloader/0x7f0a01c2 vibrate=null sound=null defaults=0x0 flags=0x2a2 color=0x00000000 groupKey=com.tencent.android.qqdownloader vis=PRIVATE),1]
08-22 16:38:34.978 1542 1697 I am_proc_start: [0,9945,10104,com.tencent.ilink.ServiceProcess,service,{com.tencent.android.qqdownloader/com.tencent.luggage.services.WxaStartUpService}]
08-22 16:38:35.017 1542 2127 I am_proc_bound: [0,9945,com.tencent.ilink.ServiceProcess]
08-22 16:38:35.035 1542 1693 I am_pss : [7996,10104,com.tencent.android.qqdownloader:live,24442880,14790656,48128,133455872,0,5,9]
08-22 16:38:35.054 1542 1693 I am_pss : [7930,10104,com.tencent.android.qqdownloader:daemon,131530752,105402368,48128,279195648,0,4,18]
08-22 16:38:35.069 1542 1693 I am_pss : [8090,10104,com.tencent.android.qqdownloader,101185536,86818816,48128,224628736,0,4,14]
08-22 16:38:35.078 1542 1693 I am_pss : [8093,10104,com.tencent.android.qqdownloader:cloud,23676928,15011840,48128,130686976,0,4,8]
08-22 16:38:35.088 1542 1693 I am_pss : [9155,99025,com.android.webview:sandboxed_process0:org.chromium.content.app.SandboxedProcessService0:0,64982016,46776320,368640,124719104,0,4,8]
08-22 16:38:35.095 1542 1693 I am_pss : [9186,10070,com.android.webview:webview_service,25238528,7774208,367616,87535616,0,4,6]
08-22 16:38:35.141 9945 9945 I auditd : type=1400 audit(0.0:46991): avc: granted { execute } for comm=".ServiceProcess" path="/data/user/0/com.tencent.android.qqdownloader/files/res_hub/yyb/online/wx_sdk_so_3_64_20/arm64-v8a/libc++_shared.so" dev="dm-10" ino=375378 scontext=u:r:untrusted_app_27:s0:c512,c768 tcontext=u:object_r:app_data_file:s0:c512,c768 tclass=file app=com.tencent.android.qqdownloader
08-22 16:38:35.145 9945 9945 I auditd : type=1400 audit(0.0:46992): avc: granted { execute } for comm=".ServiceProcess" path="/data/user/0/com.tencent.android.qqdownloader/files/res_hub/yyb/online/wx_sdk_so_3_64_20/arm64-v8a/libwechatxlog.so" dev="dm-10" ino=375381 scontext=u:r:untrusted_app_27:s0:c512,c768 tcontext=u:object_r:app_data_file:s0:c512,c768 tclass=file app=com.tencent.android.qqdownloader
08-22 16:38:35.545 9945 9945 I auditd : type=1400 audit(0.0:46993): avc: granted { execute } for comm=4173796E635461736B202331 path="/data/user/0/com.tencent.android.qqdownloader/files/res_hub/yyb/online/wx_sdk_so_3_64_20/arm64-v8a/libwxaopenruntimejni.so" dev="dm-10" ino=375383 scontext=u:r:untrusted_app_27:s0:c512,c768 tcontext=u:object_r:app_data_file:s0:c512,c768 tclass=file app=com.tencent.android.qqdownloader
08-22 16:38:35.657 9945 9945 I auditd : type=1400 audit(0.0:46994): avc: granted { execute } for comm="Binder:9945_2" path="/data/user/0/com.tencent.android.qqdownloader/app_wxa_sdk_plugin/587202817/wxa_libs/libmmkv.so" dev="dm-10" ino=375719 scontext=u:r:untrusted_app_27:s0:c512,c768 tcontext=u:object_r:app_data_file:s0:c512,c768 tclass=file app=com.tencent.android.qqdownloader
08-22 16:38:35.657 9945 9945 I auditd : type=1400 audit(0.0:46995): avc: granted { execute } for comm="Binder:9945_2" path="/data/user/0/com.tencent.android.qqdownloader/app_wxa_sdk_plugin/587202817/wxa_libs/libwechatxlog.so" dev="dm-10" ino=375765 scontext=u:r:untrusted_app_27:s0:c512,c768 tcontext=u:object_r:app_data_file:s0:c512,c768 tclass=file app=com.tencent.android.qqdownloader
08-22 16:38:35.688 1542 1871 I netstats_mobile_sample: [0,0,0,0,0,0,0,0,0,0,0,0,1692693515703]
08-22 16:38:35.688 1542 1871 I netstats_wifi_sample: [27767463,66207,26029640,49718,27767463,66207,26029640,49718,108974399,154655,20731746,44978,1692693515703]
08-22 16:38:35.723 1542 1871 I netstats_mobile_sample: [0,0,0,0,0,0,0,0,0,0,0,0,1692693515738]
08-22 16:38:35.723 1542 1871 I netstats_wifi_sample: [27767463,66207,26029901,49722,27767463,66207,26029901,49722,108974399,154655,20731822,44979,1692693515738]
08-22 16:38:35.793 1542 1697 I am_proc_start: [0,10087,10104,com.tencent.android.qqdownloader:wxa_container0,service,{com.tencent.android.qqdownloader/com.tencent.luggage.services.WxaProxy_WxaIPCContainerService0}]
08-22 16:38:35.806 1542 3020 I am_proc_bound: [0,10087,com.tencent.android.qqdownloader:wxa_container0]
08-22 16:38:35.846 1542 1542 I notification_enqueue: [10104,8090,com.tencent.android.qqdownloader,101,NULL,0,Notification(channel=channel_id_default_silent shortcut=null contentView=null vibrate=null sound=null tick defaults=0x0 flags=0x240 color=0x00000000 groupKey=com.tencent.android.qqdownloader vis=PRIVATE),0]
08-22 16:38:36.277 9945 9945 I auditd : type=1400 audit(0.0:47028): avc: granted { execute } for comm="Binder:9945_2" path="/data/user/0/com.tencent.android.qqdownloader/app_wxa_sdk_plugin/587202817/wxa_libs/libwcdb.so" dev="dm-10" ino=375756 scontext=u:r:untrusted_app_27:s0:c512,c768 tcontext=u:object_r:app_data_file:s0:c512,c768 tclass=file app=com.tencent.android.qqdownloader
08-22 16:38:36.389 10087 10087 I auditd : type=1400 audit(0.0:47029): avc: granted { execute } for comm="[GT]ColdPool#0" path="/data/user/0/com.tencent.android.qqdownloader/app_wxa_sdk_plugin/587202817/wxa_libs/libandromeda.so" dev="dm-10" ino=375688 scontext=u:r:untrusted_app_27:s0:c512,c768 tcontext=u:object_r:app_data_file:s0:c512,c768 tclass=file app=com.tencent.android.qqdownloader
08-22 16:38:36.545 10087 10087 I auditd : type=1400 audit(0.0:47030): avc: granted { execute } for comm="[GT]ColdPool#0" path="/data/user/0/com.tencent.android.qqdownloader/app_wxa_sdk_plugin/587202817/wxa_libs/libmmv8.so" dev="dm-10" ino=375730 scontext=u:r:untrusted_app_27:s0:c512,c768 tcontext=u:object_r:app_data_file:s0:c512,c768 tclass=file app=com.tencent.android.qqdownloader
08-22 16:38:36.609 10087 10087 I auditd : type=1400 audit(0.0:47031): avc: granted { execute } for comm="[GT]ColdPool#0" path="/data/user/0/com.tencent.android.qqdownloader/app_wxa_sdk_plugin/587202817/wxa_libs/libmmnode.so" dev="dm-10" ino=375721 scontext=u:r:untrusted_app_27:s0:c512,c768 tcontext=u:object_r:app_data_file:s0:c512,c768 tclass=file app=com.tencent.android.qqdownloader
08-22 16:38:36.625 10087 10087 I auditd : type=1400 audit(0.0:47032): avc: granted { execute } for comm="[GT]ColdPool#0" path="/data/user/0/com.tencent.android.qqdownloader/app_wxa_sdk_plugin/587202817/wxa_libs/libwxa-runtime-binding.so" dev="dm-10" ino=375773 scontext=u:r:untrusted_app_27:s0:c512,c768 tcontext=u:object_r:app_data_file:s0:c512,c768 tclass=file app=com.tencent.android.qqdownloader
08-22 16:38:36.717 1542 1871 I netstats_mobile_sample: [0,0,0,0,0,0,0,0,0,0,0,0,1692693516731]
08-22 16:38:36.717 1542 1871 I netstats_wifi_sample: [27768523,66215,26037972,49756,27768523,66215,26037972,49756,108986309,154747,20739018,45008,1692693516731]
08-22 16:38:36.740 1542 1871 I service_manager_stats: [100,147,32231]
08-22 16:38:36.740 1542 1871 I netstats_mobile_sample: [0,0,0,0,0,0,0,0,0,0,0,0,1692693516755]
08-22 16:38:36.740 1542 1871 I netstats_wifi_sample: [27768523,66215,26037972,49756,27768523,66215,26037972,49756,108986309,154747,20739018,45008,1692693516755]
08-22 16:38:36.781 1542 1542 I notification_enqueue: [10104,8090,com.tencent.android.qqdownloader,109,NULL,0,Notification(channel=channel_id_default_silent shortcut=null contentView=null vibrate=null sound=null tick defaults=0x0 flags=0x210 color=0x00000000 groupKey=com.tencent.android.qqdownloader vis=PRIVATE),0]
08-22 16:38:36.782 1542 1542 I sysui_multi_action: [757,128,758,5,759,8,793,941,794,0,795,941,796,101,806,com.tencent.android.qqdownloader,857,channel_id_default_silent,858,3,946,com.tencent.android.qqdownloader,947,1,1500,941,1688,1]
08-22 16:38:36.782 1542 1542 I notification_canceled: [0|com.tencent.android.qqdownloader|101|null|10104,8,941,941,0,-1,-1,NULL]
08-22 16:38:37.293 10087 10087 I auditd : type=1400 audit(0.0:47040): avc: granted { execute } for comm="JSRuntimeLooper" path="/data/user/0/com.tencent.android.qqdownloader/app_wxa_sdk_plugin/587202817/wxa_libs/libmmj2v8.so" dev="dm-10" ino=375718 scontext=u:r:untrusted_app_27:s0:c512,c768 tcontext=u:object_r:app_data_file:s0:c512,c768 tclass=file app=com.tencent.android.qqdownloader
08-22 16:38:37.489 10087 10087 I auditd : type=1400 audit(0.0:47041): avc: granted { execute } for comm="[GT]ColdPool#0" path="/data/user/0/com.tencent.android.qqdownloader/app_wxa_sdk_plugin/587202817/wxa_libs/libmmudp.so" dev="dm-10" ino=375729 scontext=u:r:untrusted_app_27:s0:c512,c768 tcontext=u:object_r:app_data_file:s0:c512,c768 tclass=file app=com.tencent.android.qqdownloader
08-22 16:38:37.501 10087 10087 I auditd : type=1400 audit(0.0:47042): avc: granted { execute } for comm="[GT]ColdPool#0" path="/data/user/0/com.tencent.android.qqdownloader/app_wxa_sdk_plugin/587202817/wxa_libs/libmmtcp.so" dev="dm-10" ino=375728 scontext=u:r:untrusted_app_27:s0:c512,c768 tcontext=u:object_r:app_data_file:s0:c512,c768 tclass=file app=com.tencent.android.qqdownloader
08-22 16:38:37.517 10087 10087 I auditd : type=1400 audit(0.0:47043): avc: granted { execute } for comm="[GT]ColdPool#0" path="/data/user/0/com.tencent.android.qqdownloader/app_wxa_sdk_plugin/587202817/wxa_libs/libmmlockstep.so" dev="dm-10" ino=375720 scontext=u:r:untrusted_app_27:s0:c512,c768 tcontext=u:object_r:app_data_file:s0:c512,c768 tclass=file app=com.tencent.android.qqdownloader
08-22 16:38:37.529 10087 10087 I auditd : type=1400 audit(0.0:47044): avc: granted { execute } for comm="[GT]ColdPool#0" path="/data/user/0/com.tencent.android.qqdownloader/app_wxa_sdk_plugin/587202817/wxa_libs/libowl.so" dev="dm-10" ino=375740 scontext=u:r:untrusted_app_27:s0:c512,c768 tcontext=u:object_r:app_data_file:s0:c512,c768 tclass=file app=com.tencent.android.qqdownloader
08-22 16:38:37.784 1542 1542 I notification_enqueue: [10104,8090,com.tencent.android.qqdownloader,109,NULL,0,Notification(channel=channel_id_default_silent shortcut=null contentView=null vibrate=null sound=null tick defaults=0x0 flags=0x210 color=0x00000000 groupKey=com.tencent.android.qqdownloader vis=PRIVATE),1]
08-22 16:38:38.809 8090 8090 I auditd : type=1400 audit(0.0:47054): avc: granted { nlmsg_readpriv } for comm="halley_2800_Tem" scontext=u:r:untrusted_app_27:s0:c512,c768 tcontext=u:r:untrusted_app_27:s0:c512,c768 tclass=netlink_route_socket app=com.tencent.android.qqdownloader
08-22 16:38:38.817 8090 8090 I auditd : type=1400 audit(0.0:47055): avc: granted { nlmsg_readpriv } for comm="halley_2800_Tem" scontext=u:r:untrusted_app_27:s0:c512,c768 tcontext=u:r:untrusted_app_27:s0:c512,c768 tclass=netlink_route_socket app=com.tencent.android.qqdownloader
08-22 16:38:38.927 1542 1871 I netstats_mobile_sample: [0,0,0,0,0,0,0,0,0,0,0,0,1692693518942]
08-22 16:38:38.927 1542 1871 I netstats_wifi_sample: [27773637,66233,26048428,49795,27773637,66233,26048428,49795,109058438,154979,20744360,45029,1692693518942]
08-22 16:38:39.889 9945 9945 I auditd : type=1400 audit(0.0:47056): avc: denied { open } for comm="mars::10138" path="/proc/9945/net/route" dev="proc" ino=4026532257 scontext=u:r:untrusted_app_27:s0:c512,c768 tcontext=u:object_r:proc_net:s0 tclass=file permissive=1 app=com.tencent.android.qqdownloader
08-22 16:38:39.889 9945 9945 I auditd : type=1400 audit(0.0:47057): avc: denied { getattr } for comm="mars::10138" path="/proc/9945/net/route" dev="proc" ino=4026532257 scontext=u:r:untrusted_app_27:s0:c512,c768 tcontext=u:object_r:proc_net:s0 tclass=file permissive=1 app=com.tencent.android.qqdownloader
08-22 16:38:39.889 9945 9945 I auditd : type=1400 audit(0.0:47058): avc: granted { bind } for comm="mars::10138" scontext=u:r:untrusted_app_27:s0:c512,c768 tcontext=u:r:untrusted_app_27:s0:c512,c768 tclass=netlink_route_socket app=com.tencent.android.qqdownloader
08-22 16:38:39.889 9945 9945 I auditd : type=1400 audit(0.0:47059): avc: granted { nlmsg_readpriv } for comm="mars::10138" scontext=u:r:untrusted_app_27:s0:c512,c768 tcontext=u:r:untrusted_app_27:s0:c512,c768 tclass=netlink_route_socket app=com.tencent.android.qqdownloader
08-22 16:38:39.889 9945 9945 I auditd : type=1400 audit(0.0:47060): avc: granted { bind } for comm="mars::10138" scontext=u:r:untrusted_app_27:s0:c512,c768 tcontext=u:r:untrusted_app_27:s0:c512,c768 tclass=netlink_route_socket app=com.tencent.android.qqdownloader
08-22 16:38:39.889 9945 9945 I auditd : type=1400 audit(0.0:47061): avc: granted { nlmsg_readpriv } for comm="mars::10138" scontext=u:r:untrusted_app_27:s0:c512,c768 tcontext=u:r:untrusted_app_27:s0:c512,c768 tclass=netlink_route_socket app=com.tencent.android.qqdownloader
08-22 16:38:39.921 10281 10281 I auditd : type=1400 audit(0.0:47062): avc: granted { bind } for comm="ip" scontext=u:r:untrusted_app_27:s0:c512,c768 tcontext=u:r:untrusted_app_27:s0:c512,c768 tclass=netlink_route_socket app=com.tencent.android.qqdownloader
08-22 16:38:40.406 1403 10277 I liblog : 44
08-22 16:38:40.410 1403 10277 I liblog : 26
08-22 16:38:40.720 1542 1662 I input_focus: [Focus request fc56e55 com.tencent.mobileqq/com.tencent.mobileqq.activity.LoginPublicFragmentActivity,reason=UpdateInputWindows]
08-22 16:38:40.737 1542 1843 I input_focus: [Focus entering fc56e55 com.tencent.mobileqq/com.tencent.mobileqq.activity.LoginPublicFragmentActivity (server),reason=setFocusedWindow]
08-22 16:38:40.935 1542 1871 I netstats_mobile_sample: [0,0,0,0,0,0,0,0,0,0,0,0,1692693520950]
08-22 16:38:40.935 1542 1871 I netstats_wifi_sample: [27773637,66233,26048428,49795,27773637,66233,26048428,49795,109058438,154979,20744360,45029,1692693520950]
08-22 16:38:40.979 1542 1871 I netstats_mobile_sample: [0,0,0,0,0,0,0,0,0,0,0,0,1692693520994]
08-22 16:38:40.979 1542 1871 I netstats_wifi_sample: [27773637,66233,26048428,49795,27773637,66233,26048428,49795,109058438,154979,20744360,45029,1692693520994]
08-22 16:38:40.985 1542 1871 I netstats_mobile_sample: [0,0,0,0,0,0,0,0,0,0,0,0,1692693521000]
08-22 16:38:40.985 1542 1871 I netstats_wifi_sample: [27773637,66233,26048428,49795,27773637,66233,26048428,49795,109058438,154979,20744360,45029,1692693521000]
08-22 16:38:41.001 8090 8090 I auditd : type=1400 audit(0.0:47063): avc: granted { nlmsg_readpriv } for comm="halley_2800_Tem" scontext=u:r:untrusted_app_27:s0:c512,c768 tcontext=u:r:untrusted_app_27:s0:c512,c768 tclass=netlink_route_socket app=com.tencent.android.qqdownloader
08-22 16:38:41.016 1542 1934 I sync : [com.tencent.android.qqdownloader.YYBLiveAccountProvider,0,3,24220937]
08-22 16:38:41.026 1542 1934 I sync : [com.tencent.android.qqdownloader.YYBLiveAccountProvider,1,3,24220937]
08-22 16:38:41.028 1542 1934 I commit_sys_config_file: [sync-status,9061247]
08-22 16:38:41.032 1542 1934 I sync : [com.tencent.android.qqdownloader.YYBLiveAccountProvider,0,3,24220937]
08-22 16:38:41.045 1542 1934 I sync : [com.tencent.android.qqdownloader.YYBLiveAccountProvider,1,3,24220937]
08-22 16:38:41.048 1542 1934 I commit_sys_config_file: [sync-status,9061267]
08-22 16:38:43.007 1542 1659 I commit_sys_config_file: [jobs,6]
08-22 16:38:43.017 8090 8090 I auditd : type=1400 audit(0.0:47064): avc: granted { nlmsg_readpriv } for comm="halley_2800_Tem" scontext=u:r:untrusted_app_27:s0:c512,c768 tcontext=u:r:untrusted_app_27:s0:c512,c768 tclass=netlink_route_socket app=com.tencent.android.qqdownloader
08-22 16:38:50.697 10366 10366 I auditd : type=1400 audit(0.0:47065): avc: denied { open } for comm="top" path="/proc/sys/kernel/pid_max" dev="proc" ino=2235752 scontext=u:r:untrusted_app_27:s0:c512,c768 tcontext=u:object_r:proc_pid_max:s0 tclass=file permissive=1 app=com.tencent.mobileqq
08-22 16:38:50.697 10366 10366 I auditd : type=1400 audit(0.0:47066): avc: denied { open } for comm="top" path="/proc/stat" dev="proc" ino=4026532245 scontext=u:r:untrusted_app_27:s0:c512,c768 tcontext=u:object_r:proc_stat:s0 tclass=file permissive=1 app=com.tencent.mobileqq
11-11 00:00:14.006 1542 1696 I am_wtf : [0,1542,system_server,-1,LazyAlarmStore,Removed TIME_TICK alarm]
11-11 00:00:14.006 1542 1542 I auditd : type=1400 audit(0.0:47067): avc: denied { unlink } for comm="ActivityManager" name="drop29.tmp" dev="dm-10" ino=314550 scontext=u:r:system_server:s0 tcontext=u:object_r:tlog_data_file:s0 tclass=file permissive=1
11-11 00:00:14.021 1542 1696 I am_uid_running: 10062
11-11 00:00:14.030 1542 1877 I am_uid_running: 10025
11-11 00:00:14.031 1542 1542 I sysui_multi_action: [757,803,799,dnd_mode_0,802,9078733]
11-11 00:00:14.031 1542 1542 I sysui_multi_action: [757,803,799,dnd_rule_count,802,0]
11-11 00:00:14.031 1542 1542 I sysui_multi_action: [757,803,799,dnd_type_0,802,9078733]
11-11 00:00:14.032 1542 1697 I am_proc_start: [0,10381,10062,com.qualcomm.timeservice,broadcast,{com.qualcomm.timeservice/com.qualcomm.timeservice.TimeServiceBroadcastReceiver}]
11-11 00:00:14.041 1542 1697 I am_proc_start: [0,10383,10025,com.android.providers.calendar,content provider,{com.android.providers.calendar/com.android.providers.calendar.CalendarProvider2}]
11-11 00:00:14.051 1542 1693 I am_pss : [7043,10123,com.tencent.mobileqq:MSF,79386624,43958272,45056,209444864,0,3,15]
11-11 00:00:14.055 1542 22853 I am_proc_bound: [0,10381,com.qualcomm.timeservice]
11-11 00:00:14.061 1542 22853 I am_uid_active: 10062
11-11 00:00:14.063 1542 5785 I am_proc_bound: [0,10383,com.android.providers.calendar]
11-11 00:00:14.064 1542 1693 I am_pss : [9945,10104,com.tencent.ilink.ServiceProcess,66101248,54800384,45056,188506112,0,4,12]
11-11 00:00:14.068 1542 5785 I am_uid_active: 10025
11-11 00:00:14.115 1542 5785 I am_uid_running: 10122
11-11 00:00:14.116 1542 5785 I am_kill : [0,10087,com.tencent.android.qqdownloader:wxa_container0,100,empty #2]
11-11 00:00:14.123 1542 1697 I am_proc_start: [0,10419,10122,com.qiyi.video.pad,broadcast,{com.qiyi.video.pad/androidx.work.impl.background.systemalarm.RescheduleReceiver}]
11-11 00:00:14.146 1542 5785 I am_proc_bound: [0,10419,com.qiyi.video.pad]
11-11 00:00:14.151 1542 5785 I am_uid_active: 10122
11-11 00:00:14.182 1542 5785 I am_proc_died: [0,10087,com.tencent.android.qqdownloader:wxa_container0,100,19]
11-11 00:00:14.185 1542 5785 I am_schedule_service_restart: [0,com.tencent.android.qqdownloader/com.tencent.luggage.services.WxaProxy_WxaIPCContainerService0,1000]
11-11 00:00:14.341 1542 1659 I commit_sys_config_file: [notification-policy,9078792]
11-11 00:00:14.341 1542 1833 I commit_sys_config_file: [settings-0-0,108]
11-11 00:00:15.059 1542 1693 I am_pss : [7996,10104,com.tencent.android.qqdownloader:live,24101888,15962112,45056,136081408,0,5,9]
11-11 00:00:15.174 1542 15389 I am_uid_running: 10106
11-11 00:00:15.183 1542 1697 I am_proc_start: [0,10583,10106,com.smile.gifmaker,broadcast,{com.smile.gifmaker/androidx.work.impl.background.systemalarm.RescheduleReceiver}]
11-11 00:00:15.207 1542 15389 I am_proc_bound: [0,10583,com.smile.gifmaker]
11-11 00:00:15.211 1542 15389 I am_uid_active: 10106
11-11 00:00:15.386 10419 10419 I auditd : type=1400 audit(0.0:47068): avc: denied { open } for comm="AutoName_org/qi" path="/dev/__properties__/u:object_r:vendor_default_prop:s0" dev="tmpfs" ino=14420 scontext=u:r:untrusted_app:s0:c122,c256,c512,c768 tcontext=u:object_r:vendor_default_prop:s0 tclass=file permissive=1 app=com.qiyi.video.pad
11-11 00:00:15.386 10419 10419 I auditd : type=1400 audit(0.0:47069): avc: denied { getattr } for comm="AutoName_org/qi" path="/dev/__properties__/u:object_r:vendor_default_prop:s0" dev="tmpfs" ino=14420 scontext=u:r:untrusted_app:s0:c122,c256,c512,c768 tcontext=u:object_r:vendor_default_prop:s0 tclass=file permissive=1 app=com.qiyi.video.pad
11-11 00:00:15.386 10419 10419 I auditd : type=1400 audit(0.0:47070): avc: denied { map } for comm="AutoName_org/qi" path="/dev/__properties__/u:object_r:vendor_default_prop:s0" dev="tmpfs" ino=14420 scontext=u:r:untrusted_app:s0:c122,c256,c512,c768 tcontext=u:object_r:vendor_default_prop:s0 tclass=file permissive=1 app=com.qiyi.video.pad
11-11 00:00:15.390 10419 10419 I auditd : type=1400 audit(0.0:47071): avc: denied { read } for comm="PlayerLoadLib" name="sdcard" dev="tmpfs" ino=15588 scontext=u:r:untrusted_app:s0:c122,c256,c512,c768 tcontext=u:object_r:mnt_sdcard_file:s0 tclass=lnk_file permissive=1 app=com.qiyi.video.pad
11-11 00:00:15.558 10419 10419 I auditd : type=1400 audit(0.0:47072): avc: granted { execute } for comm="AutoName_com/qq" path="/data/data/com.qiyi.video.pad/app_e_qq_com_plugin_ca0ffe0316f03d1c1d53c9e09ab32d88/libyaqpro.7fcace71.so" dev="dm-10" ino=1012457 scontext=u:r:untrusted_app:s0:c122,c256,c512,c768 tcontext=u:object_r:app_data_file:s0:c122,c256,c512,c768 tclass=file app=com.qiyi.video.pad
11-11 00:00:15.590 10419 10419 I auditd : type=1400 audit(0.0:47073): avc: granted { execute } for comm="AutoName_com/qq" path="/data/data/com.qiyi.video.pad/app_e_qq_com_plugin_ca0ffe0316f03d1c1d53c9e09ab32d88/libyaqbasic.7fcace71.so" dev="dm-10" ino=1012458 scontext=u:r:untrusted_app:s0:c122,c256,c512,c768 tcontext=u:object_r:app_data_file:s0:c122,c256,c512,c768 tclass=file app=com.qiyi.video.pad
11-11 00:00:15.847 1936 2574 I sysui_multi_action: [757,210,758,4,759,3]
11-11 00:00:15.861 1936 1936 I sysui_multi_action: [757,207,758,1]
11-11 00:00:15.861 1936 1936 I sysui_multi_action: [757,804,799,volume_from_keyguard,801,0,802,1]
11-11 00:00:15.884 1936 1936 I sysui_multi_action: [757,207,758,1]
