08-22 16:50:19.015 1542 1885 D ActivityTaskManager: TaskLaunchParamsModifier:task=Task{a364e25 #76341 type=standard A=10119:com.ss.android.lark U=0 visible=false mode=fullscreen translucent=true sz=2 visible freeform task=true rootAffinity=10119:com.ss.android.lark isMini=false} activity=ActivityRecord{b5f3599 u0 com.ss.android.lark/com.ss.android.vc.meeting.module.base.MeetingShadowActivity taskAffinity=10119:com.ss.android.lark t-1} display-from-task=0 display-id=0 display-windowing-mode=1 suggested-display-area=DefaultTaskDisplayArea@129244260 non-freeform-display display-area=DefaultTaskDisplayArea@129244260
08-22 16:50:19.015 1542 1885 D FreeFormWindowHelper: recentTask : null
08-22 16:50:19.015 1542 1885 I wm_task_moved: [76341,1,8]
08-22 16:50:19.015 1542 1885 I wm_task_to_front: [0,76341]
08-22 16:50:19.016 1542 1885 I wm_focused_root_task: [0,0,76341,76347,bringingFoundTaskToFront]
08-22 16:50:19.016 1542 1885 I wm_set_resumed_activity: [0,com.ss.android.lark/.chatwindow.ChatWindowActivity,bringingFoundTaskToFront]
08-22 16:50:19.016 1542 3091 I MediaFocusControl: abandonAudioFocus() from uid/pid 10119/30420 clientId=android.media.AudioManager@21298becom.ss.android.vc.meeting.utils.-$$Lambda$l$0BYOOaOD3fVBhynQjIU-8MAkc7I@d691d1f
08-22 16:50:19.017 30420 6392 I hw-BpHwBinder: onLastStrongRef automatically unlinking death recipients
08-22 16:50:19.018 30420 6392 D BufferPoolAccessor2.0: bufferpool2 0x744e6ba8a8 : 0(0 size) total buffers - 0(0 size) used buffers - 1/5 (recycle/alloc) - 4/54 (fetch/transfer)
08-22 16:50:19.018 1299 2630 D BufferPoolAccessor2.0: bufferpool2 0xb40000758f9df2b8 : 0(0 size) total buffers - 0(0 size) used buffers - 25/28 (recycle/alloc) - 3/28 (fetch/transfer)
08-22 16:50:19.018 30420 6402 D CCodecBufferChannel: [c2.android.mp3.decoder#232] MediaCodec discarded an unknown buffer
08-22 16:50:19.018 30420 6402 D CCodecBufferChannel: [c2.android.mp3.decoder#232] MediaCodec discarded an unknown buffer
08-22 16:50:19.019 1542 1885 I wm_task_moved: [76341,1,8]
08-22 16:50:19.019 1542 1885 I wm_create_activity: [0,190789017,76341,com.ss.android.lark/com.ss.android.vc.meeting.module.base.MeetingShadowActivity,NULL,NULL,NULL,272629760]
08-22 16:50:19.019 1542 1885 D CompatibilityInfo: mCompatibilityFlags - 4
08-22 16:50:19.019 1542 1885 D CompatibilityInfo: applicationDensity - 240
08-22 16:50:19.019 1542 1885 D CompatibilityInfo: applicationScale - 1.0
08-22 16:50:19.019 1542 1885 I ActivityTaskManager: addStartingWindow startWindow type:0
08-22 16:50:19.019 1542 1885 D ActivityTrigger: ActivityTrigger activityPauseTrigger
08-22 16:50:19.019 1542 1885 I wm_pause_activity: [0,203084540,com.ss.android.lark/com.ss.android.vc.meeting.module.multi.ByteRTCMeetingActivityInstance,userLeaving=true,pauseBackTasks]
08-22 16:50:19.020 1542 1885 D PowerManagerService: acquireWakeLockInternal: lock=30186974, flags=0x1, tag="*launch*", ws=WorkSource{10119}, uid=1000, pid=1542
08-22 16:50:19.020 1542 1885 D PowerManagerService: updateWakeLockSummaryLocked: mWakefulness=Awake, mWakeLockSummary=0x23
08-22 16:50:19.020 1542 1885 D PowerManagerService: updateUserActivitySummaryLocked: groupId=0, mWakefulness=Awake, mUserActivitySummary=0x1, nextTimeout=10428730 (in 599895 ms)
08-22 16:50:19.020 1542 1885 D PowerManagerNotifier: onScreenPolicyUpdate: newPolicy=3
08-22 16:50:19.020 1542 1885 D PowerManagerService: updateDisplayPowerStateLocked: displayReady=true, groupId=0, policy=BRIGHT, mWakefulness=Awake, mWakeLockSummary=0x23, mUserActivitySummary=0x1, mBootCompleted=true, screenBrightnessOverride=NaN, useAutoBrightness=false, mScreenBrightnessBoostInProgress=false, mIsVrModeEnabled= false, sQuiescent=false
08-22 16:50:19.020 1542 1885 D PowerManagerNotifier: onWakeLockAcquired: flags=1, tag="*launch*", packageName=android, ownerUid=1000, ownerPid=1542, workSource=WorkSource{10119}
08-22 16:50:19.021 851 3206 E ANDR-IOP: io prefetch is disabled
08-22 16:50:19.024 1542 3091 I wm_finish_activity: [0,203084540,76347,com.ss.android.lark/com.ss.android.vc.meeting.module.multi.ByteRTCMeetingActivityInstance,finish-activity]
08-22 16:50:19.024 30420 6402 D BufferPoolAccessor2.0: bufferpool2 0x744e5ffce8 : 0(0 size) total buffers - 0(0 size) used buffers - 1/5 (recycle/alloc) - 4/84 (fetch/transfer)
08-22 16:50:19.025 1299 2673 D BufferPoolAccessor2.0: bufferpool2 0xb40000758f9e5188 : 0(0 size) total buffers - 0(0 size) used buffers - 38/43 (recycle/alloc) - 5/43 (fetch/transfer)
08-22 16:50:19.027 30420 6456 I hw-BpHwBinder: onLastStrongRef automatically unlinking death recipients
08-22 16:50:19.027 1299 2630 I hw-BpHwBinder: onLastStrongRef automatically unlinking death recipients
08-22 16:50:19.027 1299 2630 V C2Store : in ~ComponentModule
08-22 16:50:19.027 1299 2630 V C2Store : unloading dll
08-22 16:50:19.028 1542 1660 I EventSequenceValidator: dec AccIntentStartedEvents to 1
08-22 16:50:19.028 1542 1660 W ProcessStats: Tracking association SourceState{11802b0 com.tencent.android.qqdownloader:live/10104 BTopFgs #27268} whose proc state 2 is better than process ProcessState{c2af529 com.tencent.android.qqdownloader:daemon/10104 pkg=com.tencent.android.qqdownloader} proc state 3 (1 skipped)
08-22 16:50:19.029 1542 1660 I sysui_multi_action: [757,803,799,window_time_0,802,42]
08-22 16:50:19.032 30420 30420 I wm_on_top_resumed_lost_called: [203084540,com.ss.android.vc.meeting.module.multi.ByteRTCMeetingActivityInstance,topStateChangedWhenResumed]
08-22 16:50:19.034 30420 30420 I wm_on_paused_called: [203084540,com.ss.android.vc.meeting.module.multi.ByteRTCMeetingActivityInstance,performPause]
08-22 16:50:19.035 1542 1885 I wm_add_to_stopping: [0,203084540,com.ss.android.lark/com.ss.android.vc.meeting.module.multi.ByteRTCMeetingActivityInstance,completeFinishing]
08-22 16:50:19.035 1542 1885 I ActivityTaskManager: FOREGROUND_APPLICATION_CHANGED to com.ss.android.vc.meeting.module.base.MeetingShadowActivity
08-22 16:50:19.036 1542 1885 I ActivityTaskManager: The Process com.ss.android.lark Already Exists in BG. So sending its PID: 30420
08-22 16:50:19.036 1542 1885 W ActivityTaskManager: Tried to set launchTime (0) < mLastActivityLaunchTime (9786774)
08-22 16:50:19.037 900 6398 D AudioFlinger: ThreadBase::updateWakeLockUids_l() st
08-22 16:50:19.037 900 6398 D AudioFlinger: updateWakeLockUids_l() AudioIn_336 status 0
08-22 16:50:19.037 900 6398 D AudioFlinger: ThreadBase::updateWakeLockUids_l() ed
08-22 16:50:19.037 1936 1966 D KeyguardViewMediator: setOccluded false
08-22 16:50:19.037 1542 2098 D PowerManagerService: updateWakeLockWorkSourceInternal: lock=72287666 [AudioIn], ws=null
08-22 16:50:19.037 1542 2098 D PowerManagerNotifier: onWakeLockReleased: flags=1, tag="AudioIn", packageName=audioserver, ownerUid=1041, ownerPid=0, workSource=WorkSource{10119}
08-22 16:50:19.037 808 10249 D audio_hw_primary: in_standby: enter: stream (0xf20c5e90) usecase(34: audio-record-voip)
08-22 16:50:19.037 1542 2098 D PowerManagerNotifier: onWakeLockAcquired: flags=1, tag="AudioIn", packageName=audioserver, ownerUid=1041, ownerPid=0, workSource=null
08-22 16:50:19.037 1542 1885 I wm_restart_activity: [0,190789017,76341,com.ss.android.lark/com.ss.android.vc.meeting.module.base.MeetingShadowActivity]
08-22 16:50:19.037 1542 1885 D CompatibilityInfo: mCompatibilityFlags - 4
08-22 16:50:19.037 1542 1885 D CompatibilityInfo: applicationDensity - 240
08-22 16:50:19.037 1542 1885 D CompatibilityInfo: applicationScale - 1.0
08-22 16:50:19.037 1542 1885 I wm_set_resumed_activity: [0,com.ss.android.lark/com.ss.android.vc.meeting.module.base.MeetingShadowActivity,minimalResumeActivityLocked]
08-22 16:50:19.038 1542 1885 D FreeFormWindowHelper: handleFreeformTask : Task{a364e25 #76341 type=standard A=10119:com.ss.android.lark U=0 visible=true mode=fullscreen translucent=false sz=3 visible freeform task=true rootAffinity=10119:com.ss.android.lark isMini=false}
08-22 16:50:19.038 1542 1885 D FreeFormWindowHelper: mFreeFormTask : Task{a68f32d #76340 type=standard A=10123:com.tencent.mobileqq U=0 visible=true mode=freeform translucent=false sz=1 visible freeform task=true rootAffinity=10123:com.tencent.mobileqq isMini=false}
08-22 16:50:19.038 1542 1885 D FreeFormWindowHelper: mInRecent : false
08-22 16:50:19.038 1542 1885 D FreeFormWindowHelper:
08-22 16:50:19.038 1936 1936 D KeyguardViewMediator: adjustStatusBarLocked: mShowing=false mOccluded=false isSecure=false force=false --> flags=0x0
08-22 16:50:19.040 1542 1660 I sysui_multi_action: [757,803,799,window_time_0,802,0]
08-22 16:50:19.041 0 0 I [ 9828.855262] event_handler: reclaimed all bufs
08-22 16:50:19.044 0 0 I [ 9828.859279] afe_close: port_id = 0x9001
08-22 16:50:19.045 2135 4109 I MicroService: Receive message: SocketMessageBean{businessData='21930', srcService='IDCM_CarAudioService', destService='FSEM_AudioService', messageType='1', uuid='1692694219005374059', payloadData={"srcService":"IDCM_CarAudioService","dstService":"FSEM_AudioService","methodName":"abandonAudioFocus","messageType":1,"uuid":1692694219005374059,"parameters":{"functionInfo":{"IDCM_AudioFocus":"AudioFocus_VoiceCall","IDCM_AudioFocus_Result":"AUDIOFOCUS_REQUEST_GRANTED"}}}}
08-22 16:50:19.045 2135 4109 I MicroService: onResponse(abandonAudioFocus): {"functionInfo":{"IDCM_AudioFocus":"AudioFocus_VoiceCall","IDCM_AudioFocus_Result":"AUDIOFOCUS_REQUEST_GRANTED"}}
08-22 16:50:19.045 1542 15389 D AudioIDCMicroNegotiator: idcm_common:response from IDCM method = abandonAudioFocus parameters = {"functionInfo":{"IDCM_AudioFocus":"AudioFocus_VoiceCall","IDCM_AudioFocus_Result":"AUDIOFOCUS_REQUEST_GRANTED"}}
08-22 16:50:19.046 2135 4109 D MicroService: handleHeartBeat:365
08-22 16:50:19.048 1542 3091 D PowerManagerService: acquireWakeLockInternal: lock=28543976, flags=0x1, tag="NetworkStats", ws=null, uid=1000, pid=1542
08-22 16:50:19.048 1542 3091 D PowerManagerService: updateWakeLockSummaryLocked: mWakefulness=Awake, mWakeLockSummary=0x23
08-22 16:50:19.048 1542 3091 D PowerManagerService: updateUserActivitySummaryLocked: groupId=0, mWakefulness=Awake, mUserActivitySummary=0x1, nextTimeout=10428730 (in 599867 ms)
08-22 16:50:19.048 1542 3091 D PowerManagerNotifier: onScreenPolicyUpdate: newPolicy=3
08-22 16:50:19.048 1542 3091 D PowerManagerService: updateDisplayPowerStateLocked: displayReady=true, groupId=0, policy=BRIGHT, mWakefulness=Awake, mWakeLockSummary=0x23, mUserActivitySummary=0x1, mBootCompleted=true, screenBrightnessOverride=NaN, useAutoBrightness=false, mScreenBrightnessBoostInProgress=false, mIsVrModeEnabled= false, sQuiescent=false
08-22 16:50:19.048 1542 3091 D PowerManagerNotifier: onWakeLockAcquired: flags=1, tag="NetworkStats", packageName=android, ownerUid=1000, ownerPid=1542, workSource=null
08-22 16:50:19.049 808 10249 D audio_hw_primary: disable_audio_route: reset and update mixer path: audio-record-voip
08-22 16:50:19.049 808 10249 D sound_trigger_hw: handle_audio_ec_ref_enabled: Enter
08-22 16:50:19.050 808 10249 D sound_trigger_hw: handle_audio_ec_ref_enabled: Exit audio ec ref=0
08-22 16:50:19.050 808 10249 D soundtrigger: audio_extn_sound_trigger_update_ec_ref_status: update audio echo ref status false
08-22 16:50:19.050 808 10249 D soundtrigger: audio HAL using same device 144 as ST
08-22 16:50:19.050 808 10249 D soundtrigger: audio_extn_sound_trigger_update_stream_status: uc_info->id 34 of type 1 for Event 2, with Raise=1
08-22 16:50:19.050 808 10249 D soundtrigger: audio_extn_sound_trigger_update_stream_status: send event 12: usecase id 34, type 1
08-22 16:50:19.050 808 10249 I sound_trigger_platform: platform_stdev_check_and_update_concurrency: Received STREAM event, event type 12, usecase type 3
08-22 16:50:19.050 808 10249 D sound_trigger_platform: platform_stdev_get_capture_device: Device = 0x80000004
08-22 16:50:19.050 808 10249 D sound_trigger_platform: platform_stdev_get_capture_device: Available device = 0x80000004
08-22 16:50:19.050 808 10249 D sound_trigger_platform: platform_stdev_check_and_update_concurrency: dedicated path 1, reset backend 1, tx 1, rx 0, concurrency session not allowed
08-22 16:50:19.050 808 10249 D hardware_info: hw_info_append_hw_type : device_name = speaker-mic
08-22 16:50:19.050 808 10249 D audio_hw_primary: disable_snd_device: snd_device(144: speaker-mic)
08-22 16:50:19.050 808 10249 D msm8974_platform: platform_split_snd_device: snd_device(144) num devices(0) new_snd_devices(0)
08-22 16:50:19.050 808 10249 D soundtrigger: audio HAL using same device 144 as ST
08-22 16:50:19.050 808 10249 I soundtrigger: audio_extn_sound_trigger_update_device_status: device 0x90 of type 1 for Event 0, with Raise=1
08-22 16:50:19.050 808 10249 I sound_trigger_platform: platform_stdev_check_and_update_concurrency: Received DEVICE event, event type 0, usecase type 3
08-22 16:50:19.050 808 10249 D sound_trigger_platform: platform_stdev_get_capture_device: Device = 0x80000004
08-22 16:50:19.050 808 10249 D sound_trigger_platform: platform_stdev_get_capture_device: Available device = 0x80000004
08-22 16:50:19.050 808 10249 D sound_trigger_platform: platform_stdev_check_and_update_concurrency: dedicated path 1, reset backend 1, tx 0, rx 0, concurrency session allowed
08-22 16:50:19.050 808 10249 D sound_trigger_platform: platform_stdev_get_capture_device: Device = 0x80000004
08-22 16:50:19.050 808 10249 D sound_trigger_platform: platform_stdev_get_capture_device: Available device = 0x80000004
08-22 16:50:19.051 1542 3091 I netstats_mobile_sample: [0,0,0,0,0,0,0,0,0,0,0,0,1692694274624]
08-22 16:50:19.051 1542 3091 I netstats_wifi_sample: [27773637,66233,26048428,49795,27773637,66233,26048428,49795,109058438,154979,20744360,45029,1692694274624]
08-22 16:50:19.051 1542 3091 D PowerManagerService: releaseWakeLockInternal: lock=28543976 [NetworkStats], flags=0x0
08-22 16:50:19.051 1542 3091 D PowerManagerNotifier: onWakeLockReleased: flags=1, tag="NetworkStats", packageName=android, ownerUid=1000, ownerPid=1542, workSource=null
08-22 16:50:19.051 1542 3091 D PowerManagerService: updateWakeLockSummaryLocked: mWakefulness=Awake, mWakeLockSummary=0x23
08-22 16:50:19.051 1542 3091 D PowerManagerService: updateUserActivitySummaryLocked: groupId=0, mWakefulness=Awake, mUserActivitySummary=0x1, nextTimeout=10428730 (in 599864 ms)
08-22 16:50:19.051 1542 3091 D PowerManagerNotifier: onScreenPolicyUpdate: newPolicy=3
08-22 16:50:19.051 1542 3091 D PowerManagerService: updateDisplayPowerStateLocked: displayReady=true, groupId=0, policy=BRIGHT, mWakefulness=Awake, mWakeLockSummary=0x23, mUserActivitySummary=0x1, mBootCompleted=true, screenBrightnessOverride=NaN, useAutoBrightness=false, mScreenBrightnessBoostInProgress=false, mIsVrModeEnabled= false, sQuiescent=false
08-22 16:50:19.055 808 10258 D audio_hw_primary: adev_create_audio_patch: enter: num sources 1, num_sinks 1, handle 1
08-22 16:50:19.055 808 10258 D audio_hw_primary: adev_create_audio_patch: Playback patch from mix handle 13 to device 2
08-22 16:50:19.055 808 10258 D audio_hw_primary: update_patch: enter
08-22 16:50:19.055 808 10258 D audio_hw_primary: route_output_stream: enter: usecase(1: low-latency-playback) devices 2
08-22 16:50:19.055 1542 1843 I input_focus: [Focus leaving fe1bd01 com.ss.android.lark/com.ss.android.vc.meeting.module.multi.ByteRTCMeetingActivityInstance (server),reason=NO_WINDOW]
08-22 16:50:19.055 1542 3091 D PowerManagerService: releaseWakeLockInternal: lock=72287666 [AudioIn], flags=0x0
08-22 16:50:19.055 1542 3091 D PowerManagerNotifier: onWakeLockReleased: flags=1, tag="AudioIn", packageName=audioserver, ownerUid=1041, ownerPid=0, workSource=null
08-22 16:50:19.055 1542 3091 D PowerManagerService: updateWakeLockSummaryLocked: mWakefulness=Awake, mWakeLockSummary=0x23
08-22 16:50:19.055 1542 3091 D PowerManagerService: updateUserActivitySummaryLocked: groupId=0, mWakefulness=Awake, mUserActivitySummary=0x1, nextTimeout=10428730 (in 599860 ms)
08-22 16:50:19.055 1542 3091 D PowerManagerNotifier: onScreenPolicyUpdate: newPolicy=3
08-22 16:50:19.055 1542 3091 D PowerManagerService: updateDisplayPowerStateLocked: displayReady=true, groupId=0, policy=BRIGHT, mWakefulness=Awake, mWakeLockSummary=0x23, mUserActivitySummary=0x1, mBootCompleted=true, screenBrightnessOverride=NaN, useAutoBrightness=false, mScreenBrightnessBoostInProgress=false, mIsVrModeEnabled= false, sQuiescent=false
08-22 16:50:19.056 808 10258 D audio_hw_primary: select_devices for use case (low-latency-playback)
08-22 16:50:19.057 900 10139 E power : power acquire_wake_lock enter!
08-22 16:50:19.057 900 10139 E power : power acquire_wake_lock exit!
08-22 16:50:19.057 580 580 E android.system.suspend@1.0-service: SystemSuspend::acquireWakeLock enter!pid = 900: Success
08-22 16:50:19.057 580 580 E android.system.suspend@1.0-service: SystemSuspend::acquireWakeLock exit!: Success
08-22 16:50:19.057 900 10139 D APM_AudioPolicyManager: setOutputDevices changing device to {type:0x2,@:}
08-22 16:50:19.057 900 10139 E power : power acquire_wake_lock enter!
08-22 16:50:19.057 900 10139 E power : power acquire_wake_lock exit!
08-22 16:50:19.057 580 580 E android.system.suspend@1.0-service: SystemSuspend::acquireWakeLock enter!pid = 900: Success
08-22 16:50:19.058 580 580 E android.system.suspend@1.0-service: SystemSuspend::acquireWakeLock exit!: Success
08-22 16:50:19.074 1542 1693 I am_pss : [30420,10119,com.ss.android.lark,437763072,355033088,41984,687210496,0,2,32]
08-22 16:50:19.076 30420 30420 I AppCompatDelegate: The Activity's LayoutInflater already has a Factory installed so we can not install AppCompat's
08-22 16:50:19.080 1542 1693 I am_pss : [20794,10070,com.android.webview:webview_service,22384640,7413760,366592,81633280,0,4,5]
08-22 16:50:19.082 30420 30420 I wm_on_create_called: [190789017,com.ss.android.vc.meeting.module.base.MeetingShadowActivity,performCreate]
08-22 16:50:19.084 30420 30420 I wm_on_start_called: [190789017,com.ss.android.vc.meeting.module.base.MeetingShadowActivity,handleStartActivity]
08-22 16:50:19.087 1542 5785 I wm_finish_activity: [0,190789017,76341,com.ss.android.lark/com.ss.android.vc.meeting.module.base.MeetingShadowActivity,app-request]
08-22 16:50:19.087 1542 5785 D ActivityTrigger: ActivityTrigger activityPauseTrigger
08-22 16:50:19.087 1542 5785 I wm_pause_activity: [0,190789017,com.ss.android.lark/com.ss.android.vc.meeting.module.base.MeetingShadowActivity,userLeaving=false,finish]
08-22 16:50:19.087 1542 5785 D PowerManagerService: acquireWakeLockInternal: lock=30186974, flags=0x1, tag="*launch*", ws=WorkSource{10119}, uid=1000, pid=1542
08-22 16:50:19.087 1542 5785 D PowerManagerService: updateWakeLockSummaryLocked: mWakefulness=Awake, mWakeLockSummary=0x23
08-22 16:50:19.087 1542 5785 D PowerManagerService: updateUserActivitySummaryLocked: groupId=0, mWakefulness=Awake, mUserActivitySummary=0x1, nextTimeout=10428730 (in 599828 ms)
08-22 16:50:19.087 1542 5785 D PowerManagerNotifier: onScreenPolicyUpdate: newPolicy=3
08-22 16:50:19.087 1542 5785 D PowerManagerService: updateDisplayPowerStateLocked: displayReady=true, groupId=0, policy=BRIGHT, mWakefulness=Awake, mWakeLockSummary=0x23, mUserActivitySummary=0x1, mBootCompleted=true, screenBrightnessOverride=NaN, useAutoBrightness=false, mScreenBrightnessBoostInProgress=false, mIsVrModeEnabled= false, sQuiescent=false
08-22 16:50:19.088 30420 30420 I wm_on_resume_called: [190789017,com.ss.android.vc.meeting.module.base.MeetingShadowActivity,RESUME_ACTIVITY]
08-22 16:50:19.089 30420 30420 I wm_on_top_resumed_gained_called: [190789017,com.ss.android.vc.meeting.module.base.MeetingShadowActivity,topStateChangedWhenResumed]
08-22 16:50:19.089 2577 2577 D ActivityChangeReceiver: onReceive
08-22 16:50:19.089 2577 6533 D MCUUtil : saveLastActivity activityName=com.ss.android.vc.meeting.module.base.MeetingShadowActivity packageName=com.ss.android.lark
08-22 16:50:19.089 30420 30420 I wm_on_restart_called: [222566718,com.ss.android.lark.chatwindow.ChatWindowActivity,performRestartActivity]
08-22 16:50:19.092 1542 1693 I am_pss : [6180,10106,com.smile.gifmaker:push_v3,104020992,100737024,44032,199217152,0,19,11]
08-22 16:50:19.092 30420 30420 I wm_on_start_called: [222566718,com.ss.android.lark.chatwindow.ChatWindowActivity,handleStartActivity]
08-22 16:50:19.095 808 10155 D audio_hw_primary: adev_create_audio_patch: enter: num sources 1, num_sinks 1, handle 1
08-22 16:50:19.095 808 10155 D audio_hw_primary: adev_create_audio_patch: Playback patch from mix handle 13 to device 2
08-22 16:50:19.095 808 10155 D audio_hw_primary: update_patch: enter
08-22 16:50:19.095 808 10155 D audio_hw_primary: route_output_stream: enter: usecase(1: low-latency-playback) devices 2
08-22 16:50:19.096 30420 30420 D InsetsSourceConsumer: Call hide for ITYPE_IME on com.ss.android.lark/com.ss.android.lark.chatwindow.ChatWindowActivity
08-22 16:50:19.096 30420 30420 D InsetsSourceConsumer: applyLocalVisibilityOverride: No control in com.ss.android.lark/com.ss.android.lark.chatwindow.ChatWindowActivity requestedVisible false
08-22 16:50:19.096 808 10155 D audio_hw_primary: select_devices for use case (low-latency-playback)
08-22 16:50:19.097 900 10139 E power : power acquire_wake_lock enter!
08-22 16:50:19.097 900 10139 E power : power acquire_wake_lock exit!
08-22 16:50:19.097 580 580 E android.system.suspend@1.0-service: SystemSuspend::acquireWakeLock enter!pid = 900: Success
08-22 16:50:19.097 580 580 E android.system.suspend@1.0-service: SystemSuspend::acquireWakeLock exit!: Success
08-22 16:50:19.098 900 10139 D APM_AudioPolicyManager: setOutputDevices changing device to AUDIO_DEVICE_NONE
08-22 16:50:19.099 900 7805 D APM_AudioPolicyManager: stopInput portId 381
08-22 16:50:19.099 900 7805 E power : power acquire_wake_lock enter!
08-22 16:50:19.099 900 7805 E power : power acquire_wake_lock exit!
08-22 16:50:19.099 580 580 E android.system.suspend@1.0-service: SystemSuspend::acquireWakeLock enter!pid = 900: Success
08-22 16:50:19.099 580 580 E android.system.suspend@1.0-service: SystemSuspend::acquireWakeLock exit!: Success
08-22 16:50:19.100 900 6398 D AudioFlinger: ThreadBase::updateWakeLockUids_l() st
08-22 16:50:19.100 900 6398 D AudioFlinger: updateWakeLockUids_l() AudioIn_336 status 0
08-22 16:50:19.100 900 6398 D AudioFlinger: ThreadBase::updateWakeLockUids_l() ed
08-22 16:50:19.100 1542 5785 D PowerManagerService: acquireWakeLockInternal: lock=96361782, flags=0x1, tag="AudioIn", ws=null, uid=1041, pid=0
08-22 16:50:19.100 808 10258 D audio_hw_primary: adev_release_audio_patch: Remove patch with handle 58
08-22 16:50:19.100 808 10258 D audio_hw_primary: route_input_stream: exit: status(0)
08-22 16:50:19.100 1542 5785 D PowerManagerService: updateWakeLockSummaryLocked: mWakefulness=Awake, mWakeLockSummary=0x23
08-22 16:50:19.100 1542 5785 D PowerManagerService: updateUserActivitySummaryLocked: groupId=0, mWakefulness=Awake, mUserActivitySummary=0x1, nextTimeout=10428730 (in 599815 ms)
08-22 16:50:19.100 1542 5785 D PowerManagerNotifier: onScreenPolicyUpdate: newPolicy=3
08-22 16:50:19.100 1542 5785 D PowerManagerService: updateDisplayPowerStateLocked: displayReady=true, groupId=0, policy=BRIGHT, mWakefulness=Awake, mWakeLockSummary=0x23, mUserActivitySummary=0x1, mBootCompleted=true, screenBrightnessOverride=NaN, useAutoBrightness=false, mScreenBrightnessBoostInProgress=false, mIsVrModeEnabled= false, sQuiescent=false
08-22 16:50:19.100 900 7805 E power : power acquire_wake_lock enter!
08-22 16:50:19.100 900 7805 E power : power acquire_wake_lock exit!
08-22 16:50:19.100 1542 5785 D PowerManagerNotifier: onWakeLockAcquired: flags=1, tag="AudioIn", packageName=audioserver, ownerUid=1041, ownerPid=0, workSource=null
08-22 16:50:19.100 580 580 E android.system.suspend@1.0-service: SystemSuspend::acquireWakeLock enter!pid = 900: Success
08-22 16:50:19.100 580 580 E android.system.suspend@1.0-service: SystemSuspend::acquireWakeLock exit!: Success
08-22 16:50:19.100 1542 5785 D PowerManagerService: updateWakeLockWorkSourceInternal: lock=96361782 [AudioIn], ws=null
08-22 16:50:19.100 1542 2098 I SoundTriggerMiddlewareLogging: setCaptureState[this=com.android.server.soundtrigger_middleware.SoundTriggerMiddlewareImpl@94cc0e, client=null](false)
08-22 16:50:19.101 1542 5785 D PowerManagerService: releaseWakeLockInternal: lock=96361782 [AudioIn], flags=0x0
08-22 16:50:19.101 1542 5785 D PowerManagerNotifier: onWakeLockReleased: flags=1, tag="AudioIn", packageName=audioserver, ownerUid=1041, ownerPid=0, workSource=null
08-22 16:50:19.101 1542 5785 D PowerManagerService: updateWakeLockSummaryLocked: mWakefulness=Awake, mWakeLockSummary=0x23
08-22 16:50:19.101 1542 5785 D PowerManagerService: updateUserActivitySummaryLocked: groupId=0, mWakefulness=Awake, mUserActivitySummary=0x1, nextTimeout=10428730 (in 599814 ms)
08-22 16:50:19.101 1542 5785 D PowerManagerNotifier: onScreenPolicyUpdate: newPolicy=3
08-22 16:50:19.101 1542 5785 D PowerManagerService: updateDisplayPowerStateLocked: displayReady=true, groupId=0, policy=BRIGHT, mWakefulness=Awake, mWakeLockSummary=0x23, mUserActivitySummary=0x1, mBootCompleted=true, screenBrightnessOverride=NaN, useAutoBrightness=false, mScreenBrightnessBoostInProgress=false, mIsVrModeEnabled= false, sQuiescent=false
08-22 16:50:19.102 808 10155 D audio_hw_primary: AEC enable 0
08-22 16:50:19.102 808 10155 D audio_hw_primary: select_devices for use case (low-latency-playback)
08-22 16:50:19.102 808 10155 D audio_hw_primary: select_devices: changing use case low-latency-playback output device from(27: voice-speaker-stereo, acdb 15) to (2: speaker, acdb 15)
08-22 16:50:19.102 808 10155 D audio_hw_primary: disable_audio_route: reset and update mixer path: low-latency-playback
08-22 16:50:19.104 30420 30420 I wm_on_top_resumed_lost_called: [190789017,com.ss.android.vc.meeting.module.base.MeetingShadowActivity,topStateChangedWhenResumed]
08-22 16:50:19.108 0 0 I [ 9828.923009] afe_close: port_id = 0x9000
08-22 16:50:19.109 30420 30420 I wm_on_paused_called: [190789017,com.ss.android.vc.meeting.module.base.MeetingShadowActivity,performPause]
08-22 16:50:19.109 1542 5785 I wm_add_to_stopping: [0,190789017,com.ss.android.lark/com.ss.android.vc.meeting.module.base.MeetingShadowActivity,completeFinishing]
08-22 16:50:19.109 1542 5785 I ActivityTaskManager: FOREGROUND_APPLICATION_CHANGED to com.ss.android.lark.chatwindow.ChatWindowActivity
08-22 16:50:19.110 1542 5785 I wm_set_resumed_activity: [0,com.ss.android.lark/.chatwindow.ChatWindowActivity,resumeTopActivityInnerLocked]
08-22 16:50:19.111 1542 5785 I wm_resume_activity: [0,222566718,76341,com.ss.android.lark/.chatwindow.ChatWindowActivity]
08-22 16:50:19.111 1542 5785 D FreeFormWindowHelper: handleFreeformTask : Task{a364e25 #76341 type=standard A=10119:com.ss.android.lark U=0 visible=true mode=fullscreen translucent=false sz=3 visible freeform task=true rootAffinity=10119:com.ss.android.lark isMini=false}
08-22 16:50:19.111 1542 5785 D FreeFormWindowHelper: mFreeFormTask : Task{a68f32d #76340 type=standard A=10123:com.tencent.mobileqq U=0 visible=true mode=freeform translucent=false sz=1 visible freeform task=true rootAffinity=10123:com.tencent.mobileqq isMini=false}
08-22 16:50:19.111 1542 5785 D FreeFormWindowHelper: mInRecent : false
08-22 16:50:19.111 1542 5785 D FreeFormWindowHelper:
08-22 16:50:19.114 808 10155 E soundtrigger: audio_extn_sound_trigger_update_stream_status: invalid input device 0x0, for event 2
08-22 16:50:19.114 808 10155 D soundtrigger: audio_extn_sound_trigger_update_stream_status: uc_info->id 1 of type 0 for Event 2, with Raise=0
08-22 16:50:19.114 808 10155 D msm8974_platform: platform_split_snd_device: snd_device(27) num devices(0) new_snd_devices(0)
08-22 16:50:19.114 808 10155 I msm8974_platform: platform_get_custom_mtmx_params: no matching param with id 0 ip_ch 2 op_ch 2 uc_id 1 snd_dev 27
08-22 16:50:19.114 808 10155 D hardware_info: hw_info_append_hw_type : device_name = voice-speaker-stereo
08-22 16:50:19.114 808 10155 D audio_hw_primary: disable_snd_device: snd_device(27: voice-speaker-stereo)
08-22 16:50:19.114 808 10155 D msm8974_platform: platform_split_snd_device: snd_device(27) num devices(0) new_snd_devices(0)
08-22 16:50:19.114 808 10155 I soundtrigger: audio_extn_sound_trigger_update_device_status: device 0x1b of type 0 for Event 0, with Raise=0
08-22 16:50:19.114 808 10155 I msm8974_platform: platform_check_and_set_codec_backend_cfg:becf: afe: bitwidth 16, samplerate 48000 channels 2, backend_idx 0 usecase = 1 device (speaker)
08-22 16:50:19.114 808 10155 D msm8974_platform: platform_split_snd_device: snd_device(2) num devices(1) new_snd_devices(0)
08-22 16:50:19.114 808 10155 I msm8974_platform: platform_check_and_set_codec_backend_cfg: new_snd_devices[0] is 2
08-22 16:50:19.114 808 10155 I msm8974_platform: platform_check_codec_backend_cfg:becf: afe: bitwidth 16, samplerate 48000 channels 2, backend_idx 0 usecase = 1 device (speaker)
08-22 16:50:19.115 808 10155 D audio_hw_extn: audio_extn_enable_hifi_filter: mixer_value set 0
08-22 16:50:19.115 808 10155 D msm8974_platform: platform_check_codec_backend_cfg:becf: updated afe: bitwidth 16, samplerate 48000 channels 2,backend_idx 0 usecase = 1 device (speaker)
08-22 16:50:19.115 808 10155 D msm8974_platform: platform_check_codec_backend_cfg:becf: afe: playback on codec device not supporting native playback set default Sample Rate(48k)
08-22 16:50:19.115 808 10155 I msm8974_platform: platform_check_codec_backend_cfg:becf: afe: Codec selected backend: 0 updated bit width: 16 and sample rate: 48000
08-22 16:50:19.115 808 10155 D audio_hw_primary: check_usecases_codec_backend:becf: force routing 0
08-22 16:50:19.115 808 10155 D audio_hw_primary: check_usecases_codec_backend:becf: (78) check_usecases curr device: speaker, usecase device:voice-speaker-stereo backends match 1
08-22 16:50:19.115 808 10155 D audio_hw_primary: check_usecases_codec_backend:becf: check_usecases num.of Usecases to switch 0
08-22 16:50:19.115 808 10155 D hardware_info: hw_info_append_hw_type : device_name = speaker
08-22 16:50:19.115 808 10155 D msm8974_platform: platform_split_snd_device: snd_device(2) num devices(0) new_snd_devices(0)
08-22 16:50:19.115 808 10155 D audio_hw_primary: enable_snd_device: snd_device(2: speaker)
08-22 16:50:19.115 808 10155 D msm8974_platform: platform_get_island_cfg_on_device:island cfg status on snd_device = (speaker 0)
08-22 16:50:19.115 808 10155 I soundtrigger: audio_extn_sound_trigger_update_device_status: device 0x2 of type 0 for Event 1, with Raise=0
08-22 16:50:19.115 808 10155 D audio_route: Apply path: speaker
08-22 16:50:19.115 808 10155 I audio_hw_utils: audio_extn_utils_update_stream_output_app_type_cfg Allowing 24 and above bits playback on speaker ONLY at default sampling rate
08-22 16:50:19.115 808 10155 E soundtrigger: audio_extn_sound_trigger_update_stream_status: invalid input device 0x0, for event 3
08-22 16:50:19.115 808 10155 D soundtrigger: audio_extn_sound_trigger_update_stream_status: uc_info->id 1 of type 0 for Event 3, with Raise=0
08-22 16:50:19.115 808 10155 D audio_hw_utils: audio_extn_utils_send_app_type_cfg: usecase->out_snd_device speaker
08-22 16:50:19.115 808 10155 D msm8974_platform: platform_split_snd_device: snd_device(2) num devices(0) new_snd_devices(0)
08-22 16:50:19.115 808 10155 D audio_hw_utils: audio_extn_btsco_get_sample_rate:Not a BT SCO device, need not update sampling rate
08-22 16:50:19.115 808 10155 I audio_hw_utils: send_app_type_cfg_for_device PLAYBACK app_type 69937, acdb_dev_id 15, sample_rate 48000, snd_device_be_idx 55
08-22 16:50:19.115 808 10155 D msm8974_platform: platform_split_snd_device: snd_device(2) num devices(1) new_snd_devices(0)
08-22 16:50:19.115 808 10155 D audio_hw_utils: audio_extn_btsco_get_sample_rate:Not a BT SCO device, need not update sampling rate
08-22 16:50:19.115 808 10155 D ACDB-LOADER: ACDB -> send_audio_cal, acdb_id = 15, path = 0, app id = 0x11131, sample rate = 48000, afe_sample_rate = 48000
08-22 16:50:19.115 808 10155 D ACDB-LOADER: ACDB -> send_asm_topology
08-22 16:50:19.115 808 10155 D ACDB-LOADER: ACDB -> ACDB_CMD_GET_AUDPROC_STREAM_TOPOLOGY_ID
08-22 16:50:19.115 808 10155 D ACDB-LOADER: ACDB -> send_adm_topology
08-22 16:50:19.115 808 10155 D ACDB-LOADER: ACDB -> ACDB_CMD_GET_AUDPROC_COMMON_TOPOLOGY_ID
08-22 16:50:19.115 808 10155 D ACDB-LOADER: ACDB -> send_audtable
08-22 16:50:19.115 808 10155 D ACDB-LOADER: ACDB -> ACDB_CMD_GET_AUDPROC_INSTANCE_COMMON_TABLE_SIZE
08-22 16:50:19.115 808 10155 D ACDB-LOADER: ACDB -> ACDB_CMD_GET_AUDPROC_INSTANCE_COMMON_TABLE
08-22 16:50:19.115 808 10155 D ACDB-LOADER: ACDB -> AUDIO_SET_AUDPROC_CAL cal_type[11] acdb_id[15] app_type[69937]
08-22 16:50:19.115 808 10155 D ACDB-LOADER: ACDB -> send_audvoltable
08-22 16:50:19.115 808 10155 D ACDB-LOADER: ACDB -> ACDB_CMD_GET_AUDPROC_INSTANCE_GAIN_DEP_STEP_TABLE_SIZE
08-22 16:50:19.115 808 10155 D ACDB-LOADER: ACDB -> ACDB_CMD_GET_AUDPROC_INSTANCE_GAIN_DEP_STEP_TABLE, vol index 5
08-22 16:50:19.115 808 10155 D ACDB-LOADER: ACDB -> AUDIO_SET_VOL_CAL cal type = 12
08-22 16:50:19.115 808 10155 D ACDB-LOADER: ACDB -> ACDB_CMD_GET_AUDPROC_INSTANCE_STREAM_TABLE_SIZE
08-22 16:50:19.115 808 10155 D ACDB-LOADER: ACDB -> send_audstrmtable
08-22 16:50:19.115 808 10155 D ACDB-LOADER: ACDB -> ACDB_CMD_GET_AUDPROC_INSTANCE_STREAM_TABLE
08-22 16:50:19.115 808 10155 D ACDB-LOADER: ACDB -> audstrm_cal->cal_type.cal_data.cal_size = 20
08-22 16:50:19.115 808 10155 D ACDB-LOADER: ACDB -> send_afe_topology
08-22 16:50:19.115 808 10155 D ACDB-LOADER: ACDB -> ACDB_CMD_GET_AFE_TOPOLOGY_ID
08-22 16:50:19.115 808 10155 D ACDB-LOADER: ACDB -> GET_AFE_TOPOLOGY_ID for adcd_id 15, Topology Id 112fc
08-22 16:50:19.115 808 10155 D ACDB-LOADER: ACDB -> send_afe_cal
08-22 16:50:19.115 808 10155 D ACDB-LOADER: ACDB -> ACDB_CMD_GET_AFE_INSTANCE_COMMON_TABLE_SIZE
08-22 16:50:19.115 808 10155 D android.hardware.audio.service: Failed to fetch the lookup information of the device 0000000F
08-22 16:50:19.115 808 10155 D ACDB-LOADER: Error: ACDB_CMD_GET_AFE_INSTANCE_COMMON_TABLE_SIZE Returned = -19
08-22 16:50:19.115 808 10155 D ACDB-LOADER: ACDB -> ACDB_CMD_GET_AFE_INSTANCE_COMMON_TABLE
08-22 16:50:19.115 808 10155 D android.hardware.audio.service: Failed to fetch the lookup information of the device 0000000F
08-22 16:50:19.115 808 10155 D ACDB-LOADER: Error: ACDB AFE returned = -19
08-22 16:50:19.115 808 10155 D ACDB-LOADER: ACDB -> AUDIO_SET_AFE_CAL cal_type[16] acdb_id[15]
08-22 16:50:19.115 808 10155 D ACDB-LOADER: ACDB -> send_hw_delay : acdb_id = 15 path = 0
08-22 16:50:19.115 808 10155 D ACDB-LOADER: ACDB -> ACDB_AVSYNC_INFO: ACDB_CMD_GET_DEVICE_PROPERTY
08-22 16:50:19.115 808 10155 D msm8974_platform: platform_split_snd_device: snd_device(2) num devices(0) new_snd_devices(0)
08-22 16:50:19.115 808 10155 I msm8974_platform: platform_get_custom_mtmx_params: no matching param with id 0 ip_ch 2 op_ch 2 uc_id 1 snd_dev 2
08-22 16:50:19.115 808 10155 D audio_hw_primary: enable_audio_route: apply mixer and update path: low-latency-playback
08-22 16:50:19.115 808 10155 D audio_route: Apply path: low-latency-playback
08-22 16:50:19.116 808 10258 D audio_hw_primary: adev_set_parameters: enter: BT_SCO=off
08-22 16:50:19.119 1542 5785 D WindowManager: mTopFullscreenOpaqueOrDimmingWindowState.mAttrs.insetsFlags.appearance=24
08-22 16:50:19.119 1936 25192 D CommandQueue: onSystemBarAttributesChanged
08-22 16:50:19.128 0 0 I [ 9828.941561] afe_find_cal_topo_id_by_port: port id: 0x9000, dev_acdb_id: 15
08-22 16:50:19.129 0 0 I [ 9828.941564] afe_find_cal_topo_id_by_port: top_id:112fc acdb_id:15 afe_port_id:0x9000
08-22 16:50:19.129 0 0 I [ 9828.941566] afe_get_cal_topology_id: port_id = 0x9000 acdb_id = 15 topology_id = 0x112fc cal_type_index=8 ret=0
08-22 16:50:19.129 0 0 I [ 9828.941774] afe_send_port_topology_id: AFE set topology id 0x112fc enable for port 0x9000 ret 0
08-22 16:50:19.129 0 0 I [ 9828.941775] send_afe_cal_type: cal_index is 0
08-22 16:50:19.129 0 0 I [ 9828.941777] send_afe_cal_type: dev_acdb_id[55] is 15
08-22 16:50:19.129 0 0 I [ 9828.941778] afe_find_cal: cal_index 0 port_id 0x9000 port_index 55
08-22 16:50:19.129 0 0 I [ 9828.941780] afe_find_cal: acdb_id 15 dev_acdb_id 15 sample_rate 48000 afe_sample_rates 48000
08-22 16:50:19.129 0 0 I [ 9828.941780] afe_find_cal: cal block is a match, size is 0
08-22 16:50:19.129 0 0 I [ 9828.941781] send_afe_cal_type: Sending cal_index cal 0
08-22 16:50:19.129 0 0 E [ 9828.941782] send_afe_cal_type: No cal sent for cal_index 0, port_id = 0x9000! ret -22
08-22 16:50:19.129 0 0 I [ 9828.941979] afe_send_hw_delay: port_id 0x9000 rate 48000 delay_usec 474 status 0
08-22 16:50:19.131 1542 1660 I sysui_multi_action: [757,1144,758,8,806,com.ss.android.lark,871,com.ss.android.vc.meeting.module.base.MeetingShadowActivity]
08-22 16:50:19.131 1542 1662 I input_focus: [Focus request 937bbd8 com.ss.android.lark/com.ss.android.lark.chatwindow.ChatWindowActivity,reason=UpdateInputWindows]
08-22 16:50:19.133 1542 1660 I sysui_multi_action: [757,803,799,window_time_0,802,0]
08-22 16:50:19.135 30420 30420 D InsetsSourceConsumer: Call hide for ITYPE_IME on com.ss.android.lark/com.ss.android.lark.chatwindow.ChatWindowActivity
08-22 16:50:19.135 30420 30420 D InsetsSourceConsumer: applyLocalVisibilityOverride: No control in com.ss.android.lark/com.ss.android.lark.chatwindow.ChatWindowActivity requestedVisible false
08-22 16:50:19.135 30420 30420 D InsetsSourceConsumer: setControl -> ITYPE_NAVIGATION_BAR on com.ss.android.lark/com.ss.android.lark.chatwindow.ChatWindowActivity
08-22 16:50:19.135 30420 30420 D InsetsSourceConsumer: applyHiddenToControl: true
08-22 16:50:19.135 1542 1660 I EventSequenceValidator: dec AccIntentStartedEvents to 0
08-22 16:50:19.136 808 10155 D audio_hw_primary: select_devices: done
08-22 16:50:19.136 808 10258 D audio_hw_hfp: hfp_set_parameters: enter
08-22 16:50:19.136 808 10258 D audio_hw_extn: audio_extn_fm_set_parameters: Enter
08-22 16:50:19.136 1542 1886 I AS.AudioDeviceInventory: setPreferredDevicesForStrategySync, strategy: 15 devices: [AudioDeviceAttributes: role:output type:speaker addr:]
08-22 16:50:19.137 808 10249 D audio_hw_primary: NS enable 0
08-22 16:50:19.138 900 10140 E power : power acquire_wake_lock enter!
08-22 16:50:19.138 900 10140 E power : power acquire_wake_lock exit!
08-22 16:50:19.139 580 580 E android.system.suspend@1.0-service: SystemSuspend::acquireWakeLock enter!pid = 900: Success
08-22 16:50:19.139 580 580 E android.system.suspend@1.0-service: SystemSuspend::acquireWakeLock exit!: Success
08-22 16:50:19.139 1542 1843 I input_focus: [Focus entering 937bbd8 com.ss.android.lark/com.ss.android.lark.chatwindow.ChatWindowActivity (server),reason=setFocusedWindow]
08-22 16:50:19.141 900 10140 D APM_AudioPolicyManager: setOutputDevices changing device to {type:0x2,@:}
08-22 16:50:19.141 900 10140 E power : power acquire_wake_lock enter!
08-22 16:50:19.141 900 10140 E power : power acquire_wake_lock exit!
08-22 16:50:19.142 580 580 E android.system.suspend@1.0-service: SystemSuspend::acquireWakeLock enter!pid = 900: Success
08-22 16:50:19.142 580 580 E android.system.suspend@1.0-service: SystemSuspend::acquireWakeLock exit!: Success
08-22 16:50:19.144 30420 30439 W ss.android.lar: Profile data size exceeds 500000 bytes. It has 765633 bytes.
08-22 16:50:19.145 30420 30420 W View : requestLayout() improperly called by com.ss.android.lark.chat.chatwindow.biz.component.keyboard.coordinate.MessageListAnimationContainer{c832bc3 V.E...... ......I. 0,0-2560,842 #7f0b2511 app:id/msg_lis_anim_container} during layout: running second layout pass
08-22 16:50:19.150 30420 30420 I wm_on_resume_called: [222566718,com.ss.android.lark.chatwindow.ChatWindowActivity,RESUME_ACTIVITY]
08-22 16:50:19.150 1542 1542 I notification_cancel_all: [10119,30420,com.ss.android.lark,0,0,64,9,NULL]
08-22 16:50:19.151 30420 30420 I wm_on_top_resumed_gained_called: [222566718,com.ss.android.lark.chatwindow.ChatWindowActivity,topWhenResuming]
08-22 16:50:19.151 30420 30420 D InsetsSourceConsumer: applyLocalVisibilityOverride: No control in com.ss.android.lark/com.ss.android.vc.meeting.module.multi.ByteRTCMeetingActivityInstance requestedVisible true
08-22 16:50:19.152 30420 30420 D InsetsSourceConsumer: Call hide for ITYPE_IME on com.ss.android.lark/com.ss.android.lark.chatwindow.ChatWindowActivity
08-22 16:50:19.152 30420 30420 D InsetsSourceConsumer: applyLocalVisibilityOverride: No control in com.ss.android.lark/com.ss.android.lark.chatwindow.ChatWindowActivity requestedVisible false
08-22 16:50:19.152 2577 2577 D ActivityChangeReceiver: onReceive
08-22 16:50:19.152 2577 3263 D MCUUtil : saveLastActivity activityName=com.ss.android.lark.chatwindow.ChatWindowActivity packageName=com.ss.android.lark
08-22 16:50:19.156 30420 30420 D InsetsSourceConsumer: Call hide for ITYPE_IME on com.ss.android.lark/com.ss.android.lark.chatwindow.ChatWindowActivity
08-22 16:50:19.156 30420 30420 D InsetsSourceConsumer: applyLocalVisibilityOverride: No control in com.ss.android.lark/com.ss.android.lark.chatwindow.ChatWindowActivity requestedVisible false
08-22 16:50:19.159 30420 6376 D ss.android.lar: PlayerBase::stop() from IPlayer
08-22 16:50:19.159 30420 6376 D AudioTrack: stop(383): called with 1792128 frames delivered
08-22 16:50:19.160 1542 5785 D AudioService.PlaybackActivityMonitor: idcm_af:requestAudioFocusToIDCM: event=4(PLAYER_STATE_STOPPED)apc =AudioPlaybackConfiguration piid:1351 deviceId:3 type:OpenSL ES AudioPlayer (Buffer Queue) u/pid:10119/30420 state:started attr:AudioAttributes: usage=USAGE_VOICE_COMMUNICATION content=CONTENT_TYPE_UNKNOWN flags=0x0 tags= bundle=null sessionId:1225
08-22 16:50:19.163 30420 30420 V ImeFocusController: onWindowFocus: DecorView@826d256[ChatWindowActivity] softInputMode=STATE_UNSPECIFIED|ADJUST_RESIZE|IS_FORWARD_NAVIGATION
08-22 16:50:19.163 30420 30420 D ImeFocusController: onViewFocusChanged, view=DecorView@826d256[ChatWindowActivity], mServedView=DecorView@826d256[ChatWindowActivity]
08-22 16:50:19.163 30420 30420 V ImeFocusController: checkFocus: view=DecorView@826d256[ChatWindowActivity] next=DecorView@826d256[ChatWindowActivity] force=true package=com.ss.android.lark
08-22 16:50:19.164 3270 3270 V InputMethod: startInput(): editor=android.view.inputmethod.EditorInfo@1912d0a
08-22 16:50:19.164 3270 3270 V InputMethodService: CALL: doFinishInput
08-22 16:50:19.164 3270 3270 D InlineSuggestionSessionController: notifyOnFinishInput
08-22 16:50:19.164 3270 3270 V InputMethodService: CALL: onFinishInput
08-22 16:50:19.164 3270 3270 I ImeService: ImeService(com.baidu.input_hryt.ImeService@71480ac) life called >>> onFinishInput
08-22 16:50:19.164 3270 3270 D ImeService: onFinishInput
08-22 16:50:19.164 3270 3270 D InlineSuggestionSessionController: notifyOnStartInput: com.ss.android.lark, 3
08-22 16:50:19.164 3270 3270 V InputMethodService: CALL: onStartInput
08-22 16:50:19.164 3270 3270 I ImeService: ImeService(com.baidu.input_hryt.ImeService@71480ac) life called >>> onStartInput false 10.6.1003.20
08-22 16:50:19.164 3270 3270 D ImeService: current version:10.6.1003.20
08-22 16:50:19.164 3270 3270 D ImeService: onStartInput:packageName:com.ss.android.lark inputType:0 restarting:false,fieldId:-1,imeOptions:0
08-22 16:50:19.166 3270 6554 E CarAuth : check ok
08-22 16:50:19.167 3270 3270 I ColorPicker: invalidatePickedColors: oldFloatColor=fff5f7fa
08-22 16:50:19.168 30420 31058 W JavaCalls: Meet exception when call getField 'extraNotification' in Notification(channel=vc_foreground shortcut=null contentView=null vibrate=null sound=null defaults=0x0 flags=0x62 color=0x00000000 vis=PRIVATE), java.lang.NoSuchFieldException
08-22 16:50:19.172 30420 30420 D InsetsSourceConsumer: applyLocalVisibilityOverride: No control in com.ss.android.lark/com.ss.android.vc.meeting.module.multi.ByteRTCMeetingActivityInstance requestedVisible false
08-22 16:50:19.173 30420 30420 D InsetsSourceConsumer: Call hide for ITYPE_IME on com.ss.android.lark/com.ss.android.vc.meeting.module.multi.ByteRTCMeetingActivityInstance
08-22 16:50:19.173 30420 30420 D InsetsSourceConsumer: applyLocalVisibilityOverride: No control in com.ss.android.lark/com.ss.android.vc.meeting.module.multi.ByteRTCMeetingActivityInstance requestedVisible false
08-22 16:50:19.173 30420 30420 D InsetsSourceConsumer: setControl -> ITYPE_IME on com.ss.android.lark/com.ss.android.lark.chatwindow.ChatWindowActivity
08-22 16:50:19.173 30420 30420 D InsetsSourceConsumer: applyHiddenToControl: false
08-22 16:50:19.173 1542 3091 I InputMethodManagerService: shouldShowImeSwitcherLocked: visibility=0
08-22 16:50:19.173 1542 3091 I InputMethodManagerService: Return: no IME_ACTIVE or IME_INVISIBLE.
08-22 16:50:19.173 1542 3091 I InputMethodManagerService: updateSystemUiLocked: needsToShow=false
08-22 16:50:19.199 1936 1958 W System : A resource failed to call close.
08-22 16:50:19.200 1936 1958 W System : A resource failed to call close.
08-22 16:50:19.203 1936 1958 W System : A resource failed to call release.
08-22 16:50:19.210 1542 1542 I sysui_multi_action: [757,128,758,5,759,8,793,42149,794,0,795,42149,796,490554242,806,com.ss.android.lark,857,vc_foreground,858,3,947,0,1500,42149,1688,1]
08-22 16:50:19.210 1542 1542 I notification_canceled: [0|com.ss.android.lark|490554242|null|10119,8,42149,42149,0,-1,-1,NULL]
08-22 16:50:19.211 1542 15389 D PowerManagerService: releaseWakeLockInternal: lock=30186974 [*launch*], flags=0x0
08-22 16:50:19.211 1542 15389 D PowerManagerNotifier: onWakeLockReleased: flags=1, tag="*launch*", packageName=android, ownerUid=1000, ownerPid=1542, workSource=WorkSource{10119}
08-22 16:50:19.211 1542 15389 D PowerManagerService: updateWakeLockSummaryLocked: mWakefulness=Awake, mWakeLockSummary=0x23
08-22 16:50:19.211 1542 15389 D PowerManagerService: updateUserActivitySummaryLocked: groupId=0, mWakefulness=Awake, mUserActivitySummary=0x1, nextTimeout=10428730 (in 599704 ms)
08-22 16:50:19.211 1542 15389 D PowerManagerNotifier: onScreenPolicyUpdate: newPolicy=3
08-22 16:50:19.211 1936 1936 W ShadeListBuilder: (Build 959) Duplicate summary for group "0|com.tencent.android.qqdownloader|g:com.tencent.android.qqdownloader": "0|com.tencent.android.qqdownloader|127|null|10104" vs. "0|com.tencent.android.qqdownloader|109|null|10104"
08-22 16:50:19.211 1936 1936 W ShadeListBuilder: (Build 959) Duplicate summary for group "0|com.tencent.android.qqdownloader|g:com.tencent.android.qqdownloader": "0|com.tencent.android.qqdownloader|127|null|10104" vs. "0|com.tencent.android.qqdownloader|6633|null|10104"
08-22 16:50:19.211 1542 15389 D PowerManagerService: updateDisplayPowerStateLocked: displayReady=true, groupId=0, policy=BRIGHT, mWakefulness=Awake, mWakeLockSummary=0x23, mUserActivitySummary=0x1, mBootCompleted=true, screenBrightnessOverride=NaN, useAutoBrightness=false, mScreenBrightnessBoostInProgress=false, mIsVrModeEnabled= false, sQuiescent=false
08-22 16:50:19.216 1936 2367 D PeopleSpaceWidgetMgr: Sbn doesn't contain valid PeopleTileKey: null/0/com.ss.android.lark
08-22 16:50:19.219 30420 6376 I AudioManager: In isBluetoothScoOn(), calling application: com.ss.android.lark
08-22 16:50:19.226 900 1755 E power : power acquire_wake_lock enter!
08-22 16:50:19.226 900 1755 E power : power acquire_wake_lock exit!
08-22 16:50:19.226 580 580 E android.system.suspend@1.0-service: SystemSuspend::acquireWakeLock enter!pid = 900: Success
08-22 16:50:19.226 580 580 E android.system.suspend@1.0-service: SystemSuspend::acquireWakeLock exit!: Success
08-22 16:50:19.226 900 1755 E power : power acquire_wake_lock enter!
08-22 16:50:19.226 900 1755 E power : power acquire_wake_lock exit!
08-22 16:50:19.226 900 1755 D AudioFlinger: ThreadBase::updateWakeLockUids_l() st
08-22 16:50:19.226 900 1755 D AudioFlinger: updateWakeLockUids_l() AudioOut_D status 0
08-22 16:50:19.226 900 1755 D AudioFlinger: ThreadBase::updateWakeLockUids_l() ed
08-22 16:50:19.226 1542 3091 D PowerManagerService: updateWakeLockWorkSourceInternal: lock=234382347 [AudioMix], ws=null
08-22 16:50:19.226 1542 3091 D PowerManagerNotifier: onWakeLockReleased: flags=1, tag="AudioMix", packageName=audioserver, ownerUid=1041, ownerPid=0, workSource=WorkSource{10119}
08-22 16:50:19.226 1542 3091 D PowerManagerNotifier: onWakeLockAcquired: flags=1, tag="AudioMix", packageName=audioserver, ownerUid=1041, ownerPid=0, workSource=null
08-22 16:50:19.228 30420 31903 D libEGL : MSAA-->msaa:0 gamemode:0 4x_msaa:0
08-22 16:50:19.254 808 10249 D audio_hw_primary: out_set_parameters: enter: usecase(1: low-latency-playback) kvpairs: suspend_playback=true
08-22 16:50:19.254 808 10249 D audio_hw_extn: audio_extn_fm_set_parameters: Enter
08-22 16:50:19.266 808 10249 D audio_hw_primary: out_set_parameters: enter: usecase(1: low-latency-playback) kvpairs: suspend_playback=false
08-22 16:50:19.266 808 10249 D audio_hw_extn: audio_extn_fm_set_parameters: Enter
08-22 16:50:19.266 808 10155 D audio_hw_primary: adev_create_audio_patch: enter: num sources 1, num_sinks 1, handle 1
08-22 16:50:19.266 808 10155 D audio_hw_primary: adev_create_audio_patch: Playback patch from mix handle 13 to device 2
08-22 16:50:19.266 808 10155 D audio_hw_primary: update_patch: enter
08-22 16:50:19.266 808 10155 D audio_hw_primary: route_output_stream: enter: usecase(1: low-latency-playback) devices 2
08-22 16:50:19.266 808 10155 D audio_hw_primary: select_devices for use case (low-latency-playback)
08-22 16:50:19.266 808 10160 W audio_hw_primary: out_write: underrun(92) frames_by_time(638) > out->last_fifo_frames_remaining(384)
08-22 16:50:19.266 900 10140 E power : power acquire_wake_lock enter!
08-22 16:50:19.266 900 10140 E power : power acquire_wake_lock exit!
08-22 16:50:19.266 580 580 E android.system.suspend@1.0-service: SystemSuspend::acquireWakeLock enter!pid = 900: Success
08-22 16:50:19.266 580 580 E android.system.suspend@1.0-service: SystemSuspend::acquireWakeLock exit!: Success
08-22 16:50:19.293 900 10140 E power : power acquire_wake_lock enter!
