08-22 16:29:31.087 1542 1843 I input_focus: [Focus leaving f0d8694 com.tencent.android.qqdownloader/com.tencent.pangu.activity.DownloadActivity (server),reason=setFocusedWindow]
08-22 16:29:31.087 1542 1843 I input_focus: [Focus entering 622303f com.tencent.android.qqdownloader/com.tencent.pangu.activity.DownloadActivity (server),reason=setFocusedWindow]
08-22 16:29:31.241 1542 1871 I netstats_mobile_sample: [0,0,0,0,0,0,0,0,0,0,0,0,1692692971255]
08-22 16:29:31.241 1542 1871 I netstats_wifi_sample: [27080612,65145,24156713,46271,27080612,65145,24156713,46271,101361996,143167,19289251,42079,1692692971255]
08-22 16:29:31.950 1542 1542 I notification_enqueue: [10104,27465,com.tencent.android.qqdownloader,127,NULL,0,Notification(channel=channel_id_default_silent shortcut=null contentView=com.tencent.android.qqdownloader/0x7f0a01c2 vibrate=null sound=null defaults=0x0 flags=0x2a2 color=0x00000000 groupKey=com.tencent.android.qqdownloader vis=PRIVATE),1]
08-22 16:29:32.113 1542 1843 I input_interaction: Interaction with: 622303f com.tencent.android.qqdownloader/com.tencent.pangu.activity.DownloadActivity (server), edge-swipe (server), swipe-up (server), PointerEventDispatcher0 (server),
08-22 16:29:32.371 1542 1662 I input_focus: [Focus request f0d8694 com.tencent.android.qqdownloader/com.tencent.pangu.activity.DownloadActivity,reason=UpdateInputWindows]
08-22 16:29:32.389 1542 1843 I input_focus: [Focus entering f0d8694 com.tencent.android.qqdownloader/com.tencent.pangu.activity.DownloadActivity (server),reason=setFocusedWindow]
08-22 16:29:32.420 1542 1542 I sysui_multi_action: [757,128,758,5,759,8,793,6826,794,0,795,6826,796,109,806,com.tencent.android.qqdownloader,857,channel_id_default_silent,858,3,946,com.tencent.android.qqdownloader,947,1,1500,6826,1688,1]
08-22 16:29:32.420 1542 1542 I notification_canceled: [0|com.tencent.android.qqdownloader|109|null|10104,8,6826,6826,0,-1,-1,NULL]
08-22 16:29:32.452 1542 1542 I notification_enqueue: [10104,27508,com.tencent.android.qqdownloader,101,NULL,0,Notification(channel=channel_id_default_silent shortcut=null contentView=null vibrate=null sound=null tick defaults=0x0 flags=0x240 color=0x00000000 groupKey=com.tencent.android.qqdownloader vis=PRIVATE),0]
08-22 16:29:32.960 1542 1542 I notification_enqueue: [10104,27465,com.tencent.android.qqdownloader,127,NULL,0,Notification(channel=channel_id_default_silent shortcut=null contentView=com.tencent.android.qqdownloader/0x7f0a01c2 vibrate=null sound=null defaults=0x0 flags=0x2a2 color=0x00000000 groupKey=com.tencent.android.qqdownloader vis=PRIVATE),1]
08-22 16:29:33.968 1542 1542 I notification_enqueue: [10104,27465,com.tencent.android.qqdownloader,127,NULL,0,Notification(channel=channel_id_default_silent shortcut=null contentView=com.tencent.android.qqdownloader/0x7f0a01c2 vibrate=null sound=null defaults=0x0 flags=0x2a2 color=0x00000000 groupKey=com.tencent.android.qqdownloader vis=PRIVATE),1]
08-22 16:29:36.248 2577 2577 I sqlite_mem_released: 771720
08-22 16:29:36.255 2577 2577 I force_gc: mem
08-22 16:29:41.249 4686 4686 I force_gc: mem
08-22 16:29:42.192 1542 1871 I netstats_mobile_sample: [0,0,0,0,0,0,0,0,0,0,0,0,1692692982207]
08-22 16:29:42.192 1542 1871 I netstats_wifi_sample: [27095220,65163,24192095,46330,27095220,65163,24192095,46330,101521462,143356,19315333,42128,1692692982207]
08-22 16:29:42.221 27508 27508 I auditd : type=1400 audit(0.0:42977): avc: granted { nlmsg_readpriv } for comm="halley_2800_Tem" scontext=u:r:untrusted_app_27:s0:c512,c768 tcontext=u:r:untrusted_app_27:s0:c512,c768 tclass=netlink_route_socket app=com.tencent.android.qqdownloader
08-22 16:29:42.226 1542 1871 I netstats_mobile_sample: [0,0,0,0,0,0,0,0,0,0,0,0,1692692982241]
08-22 16:29:42.226 1542 1871 I netstats_wifi_sample: [27095220,65163,24192171,46331,27095220,65163,24192171,46331,101521462,143356,19315409,42129,1692692982241]
08-22 16:29:42.229 1542 1862 I service_manager_stats: [100,142,46056]
08-22 16:29:42.237 1542 1934 I sync : [com.tencent.android.qqdownloader.YYBLiveAccountProvider,0,3,24220937]
08-22 16:29:42.257 27508 27508 I auditd : type=1400 audit(0.0:42978): avc: granted { nlmsg_readpriv } for comm="halley_2800_Tem" scontext=u:r:untrusted_app_27:s0:c512,c768 tcontext=u:r:untrusted_app_27:s0:c512,c768 tclass=netlink_route_socket app=com.tencent.android.qqdownloader
08-22 16:29:42.269 1542 1871 I netstats_mobile_sample: [0,0,0,0,0,0,0,0,0,0,0,0,1692692982284]
08-22 16:29:42.269 1542 1871 I netstats_wifi_sample: [27095220,65163,24192171,46331,27095220,65163,24192171,46331,101521462,143356,19315409,42129,1692692982284]
08-22 16:29:42.288 1542 1934 I sync : [com.tencent.android.qqdownloader.YYBLiveAccountProvider,1,3,24220937]
08-22 16:29:42.291 1542 1934 I commit_sys_config_file: [sync-status,8522510]
08-22 16:29:42.292 1542 1542 I notification_enqueue: [10104,27508,com.tencent.android.qqdownloader,101,NULL,0,Notification(channel=channel_id_default_silent shortcut=null contentView=null vibrate=null sound=null tick defaults=0x0 flags=0x240 color=0x00000000 groupKey=com.tencent.android.qqdownloader vis=PRIVATE),1]
08-22 16:29:42.299 1542 1934 I sync : [com.tencent.android.qqdownloader.YYBLiveAccountProvider,0,3,24220937]
08-22 16:29:42.329 27508 27508 I auditd : type=1400 audit(0.0:42979): avc: granted { nlmsg_readpriv } for comm="halley_2800_Tem" scontext=u:r:untrusted_app_27:s0:c512,c768 tcontext=u:r:untrusted_app_27:s0:c512,c768 tclass=netlink_route_socket app=com.tencent.android.qqdownloader
08-22 16:29:42.322 1542 1871 I service_manager_slow: [10,alarm]
08-22 16:29:42.322 1542 1871 I netstats_mobile_sample: [0,0,0,0,0,0,0,0,0,0,0,0,1692692982338]
08-22 16:29:42.323 1542 1871 I netstats_wifi_sample: [27095220,65163,24192171,46331,27095220,65163,24192171,46331,101521462,143356,19315409,42129,1692692982338]
08-22 16:29:42.324 1542 1934 I sync : [com.tencent.android.qqdownloader.YYBLiveAccountProvider,1,3,24220937]
08-22 16:29:42.326 1542 1934 I commit_sys_config_file: [sync-status,8522545]
08-22 16:29:42.353 27508 27508 I auditd : type=1400 audit(0.0:42980): avc: granted { nlmsg_readpriv } for comm="halley_2800_Tem" scontext=u:r:untrusted_app_27:s0:c512,c768 tcontext=u:r:untrusted_app_27:s0:c512,c768 tclass=netlink_route_socket app=com.tencent.android.qqdownloader
08-22 16:29:42.357 1542 1542 I notification_enqueue: [10104,27508,com.tencent.android.qqdownloader,101,NULL,0,Notification(channel=channel_id_default_silent shortcut=null contentView=null vibrate=null sound=null tick defaults=0x0 flags=0x240 color=0x00000000 groupKey=com.tencent.android.qqdownloader vis=PRIVATE),1]
08-22 16:29:42.372 1542 1542 I notification_enqueue: [10104,27508,com.tencent.android.qqdownloader,109,NULL,0,Notification(channel=channel_id_default_silent shortcut=null contentView=null vibrate=null sound=null tick defaults=0x0 flags=0x210 color=0x00000000 groupKey=com.tencent.android.qqdownloader vis=PRIVATE),0]
08-22 16:29:42.394 1542 1542 I sysui_multi_action: [757,128,758,5,759,8,793,9943,794,0,795,9943,796,101,806,com.tencent.android.qqdownloader,857,channel_id_default_silent,858,3,946,com.tencent.android.qqdownloader,947,1,1500,9943,1688,1]
08-22 16:29:42.394 1542 1542 I notification_canceled: [0|com.tencent.android.qqdownloader|101|null|10104,8,9943,9943,0,-1,-1,NULL]
08-22 16:29:44.269 27508 27508 I auditd : type=1400 audit(0.0:42981): avc: granted { nlmsg_readpriv } for comm="halley_2800_Tem" scontext=u:r:untrusted_app_27:s0:c512,c768 tcontext=u:r:untrusted_app_27:s0:c512,c768 tclass=netlink_route_socket app=com.tencent.android.qqdownloader
08-22 16:29:44.277 27508 27508 I auditd : type=1400 audit(0.0:42982): avc: granted { nlmsg_readpriv } for comm="halley_2800_Tem" scontext=u:r:untrusted_app_27:s0:c512,c768 tcontext=u:r:untrusted_app_27:s0:c512,c768 tclass=netlink_route_socket app=com.tencent.android.qqdownloader
08-22 16:29:44.296 1542 1659 I commit_sys_config_file: [jobs,9]
08-22 16:29:44.377 27508 27508 I auditd : type=1400 audit(0.0:42983): avc: granted { nlmsg_readpriv } for comm="halley_2800_Tem" scontext=u:r:untrusted_app_27:s0:c512,c768 tcontext=u:r:untrusted_app_27:s0:c512,c768 tclass=netlink_route_socket app=com.tencent.android.qqdownloader
08-22 16:29:44.381 27508 27508 I auditd : type=1400 audit(0.0:42984): avc: granted { nlmsg_readpriv } for comm="halley_2800_Tem" scontext=u:r:untrusted_app_27:s0:c512,c768 tcontext=u:r:untrusted_app_27:s0:c512,c768 tclass=netlink_route_socket app=com.tencent.android.qqdownloader
08-22 16:29:47.869 1542 1871 I netstats_mobile_sample: [0,0,0,0,0,0,0,0,0,0,0,0,1692692987884]
08-22 16:29:47.869 1542 1871 I netstats_wifi_sample: [27107058,65199,24217143,46400,27107058,65199,24217143,46400,101660711,143796,19333459,42176,1692692987884]
08-22 16:29:47.893 27508 27508 I auditd : type=1400 audit(0.0:42985): avc: granted { nlmsg_readpriv } for comm="halley_2800_Tem" scontext=u:r:untrusted_app_27:s0:c512,c768 tcontext=u:r:untrusted_app_27:s0:c512,c768 tclass=netlink_route_socket app=com.tencent.android.qqdownloader
08-22 16:29:47.911 1542 1542 I sysui_multi_action: [757,128,758,5,759,8,793,5539,794,0,795,5539,796,109,806,com.tencent.android.qqdownloader,857,channel_id_default_silent,858,3,946,com.tencent.android.qqdownloader,947,1,1500,5539,1688,1]
08-22 16:29:47.911 1542 1542 I notification_canceled: [0|com.tencent.android.qqdownloader|109|null|10104,8,5539,5539,0,-1,-1,NULL]
08-22 16:29:47.920 1542 1871 I netstats_mobile_sample: [0,0,0,0,0,0,0,0,0,0,0,0,1692692987935]
08-22 16:29:47.920 1542 1871 I netstats_wifi_sample: [27107058,65199,24217295,46402,27107058,65199,24217295,46402,101660711,143796,19333611,42178,1692692987935]
08-22 16:29:47.933 27508 27508 I auditd : type=1400 audit(0.0:42986): avc: granted { nlmsg_readpriv } for comm="halley_2800_Tem" scontext=u:r:untrusted_app_27:s0:c512,c768 tcontext=u:r:untrusted_app_27:s0:c512,c768 tclass=netlink_route_socket app=com.tencent.android.qqdownloader
08-22 16:29:47.963 1542 1871 I netstats_mobile_sample: [0,0,0,0,0,0,0,0,0,0,0,0,1692692987978]
08-22 16:29:47.963 1542 1871 I netstats_wifi_sample: [27107058,65199,24217471,46405,27107058,65199,24217471,46405,101660711,143796,19333787,42181,1692692987978]
08-22 16:29:47.986 1542 1871 I netstats_mobile_sample: [0,0,0,0,0,0,0,0,0,0,0,0,1692692988001]
08-22 16:29:47.986 1542 1871 I netstats_wifi_sample: [27107058,65199,24217539,46406,27107058,65199,24217539,46406,101660711,143796,19333855,42182,1692692988001]
08-22 16:29:47.997 27508 27508 I auditd : type=1400 audit(0.0:42987): avc: granted { nlmsg_readpriv } for comm="halley_2800_Tem" scontext=u:r:untrusted_app_27:s0:c512,c768 tcontext=u:r:untrusted_app_27:s0:c512,c768 tclass=netlink_route_socket app=com.tencent.android.qqdownloader
08-22 16:29:48.023 1542 1542 I notification_enqueue: [10104,27508,com.tencent.android.qqdownloader,101,NULL,0,Notification(channel=channel_id_default_silent shortcut=null contentView=null vibrate=null sound=null tick defaults=0x0 flags=0x240 color=0x00000000 groupKey=com.tencent.android.qqdownloader vis=PRIVATE),0]
08-22 16:29:48.028 1542 1542 I notification_enqueue: [10104,27508,com.tencent.android.qqdownloader,101,NULL,0,Notification(channel=channel_id_default_silent shortcut=null contentView=null vibrate=null sound=null tick defaults=0x0 flags=0x240 color=0x00000000 groupKey=com.tencent.android.qqdownloader vis=PRIVATE),0]
08-22 16:29:48.029 27508 27508 I auditd : type=1400 audit(0.0:42988): avc: granted { nlmsg_readpriv } for comm="halley_2800_Tem" scontext=u:r:untrusted_app_27:s0:c512,c768 tcontext=u:r:untrusted_app_27:s0:c512,c768 tclass=netlink_route_socket app=com.tencent.android.qqdownloader
08-22 16:29:48.039 27465 27497 I service_manager_stats: [200,390,8542296]
08-22 16:29:48.067 1542 1542 I notification_enqueue: [10104,27508,com.tencent.android.qqdownloader,109,NULL,0,Notification(channel=channel_id_default_silent shortcut=null contentView=null vibrate=null sound=null tick defaults=0x0 flags=0x210 color=0x00000000 groupKey=com.tencent.android.qqdownloader vis=PRIVATE),0]
08-22 16:29:48.078 1542 1542 I sysui_multi_action: [757,128,758,5,759,8,793,56,794,0,795,56,796,101,806,com.tencent.android.qqdownloader,857,channel_id_default_silent,858,3,946,com.tencent.android.qqdownloader,947,1,1500,56,1688,1]
08-22 16:29:48.078 1542 1542 I notification_canceled: [0|com.tencent.android.qqdownloader|101|null|10104,8,56,56,0,-1,-1,NULL]
08-22 16:29:49.623 1542 1542 I notification_enqueue: [10104,27465,com.tencent.android.qqdownloader,127,NULL,0,Notification(channel=channel_id_default_silent shortcut=null contentView=com.tencent.android.qqdownloader/0x7f0a01c2 vibrate=null sound=null defaults=0x0 flags=0x2a2 color=0x00000000 groupKey=com.tencent.android.qqdownloader vis=PRIVATE),1]
08-22 16:29:49.913 27508 27508 I auditd : type=1400 audit(0.0:42989): avc: granted { nlmsg_readpriv } for comm="halley_2800_Tem" scontext=u:r:untrusted_app_27:s0:c512,c768 tcontext=u:r:untrusted_app_27:s0:c512,c768 tclass=netlink_route_socket app=com.tencent.android.qqdownloader
08-22 16:29:49.973 27508 27508 I auditd : type=1400 audit(0.0:42990): avc: granted { nlmsg_readpriv } for comm="halley_2800_Tem" scontext=u:r:untrusted_app_27:s0:c512,c768 tcontext=u:r:untrusted_app_27:s0:c512,c768 tclass=netlink_route_socket app=com.tencent.android.qqdownloader
08-22 16:29:50.045 27508 27508 I auditd : type=1400 audit(0.0:42991): avc: granted { nlmsg_readpriv } for comm="halley_2800_Tem" scontext=u:r:untrusted_app_27:s0:c512,c768 tcontext=u:r:untrusted_app_27:s0:c512,c768 tclass=netlink_route_socket app=com.tencent.android.qqdownloader
08-22 16:29:50.057 27508 27508 I auditd : type=1400 audit(0.0:42992): avc: granted { nlmsg_readpriv } for comm="halley_2800_Tem" scontext=u:r:untrusted_app_27:s0:c512,c768 tcontext=u:r:untrusted_app_27:s0:c512,c768 tclass=netlink_route_socket app=com.tencent.android.qqdownloader
08-22 16:29:50.630 1542 1542 I notification_enqueue: [10104,27465,com.tencent.android.qqdownloader,127,NULL,0,Notification(channel=channel_id_default_silent shortcut=null contentView=com.tencent.android.qqdownloader/0x7f0a01c2 vibrate=null sound=null defaults=0x0 flags=0x2a2 color=0x00000000 groupKey=com.tencent.android.qqdownloader vis=PRIVATE),1]
08-22 16:29:50.704 1542 1871 I netstats_mobile_sample: [0,0,0,0,0,0,0,0,0,0,0,0,1692692990719]
08-22 16:29:50.705 1542 1871 I netstats_wifi_sample: [27116640,65224,24234149,46443,27116640,65224,24234149,46443,101772830,144103,19344961,42207,1692692990719]
08-22 16:29:52.470 1542 1542 I notification_enqueue: [10104,27465,com.tencent.android.qqdownloader,127,NULL,0,Notification(channel=channel_id_default_silent shortcut=null contentView=com.tencent.android.qqdownloader/0x7f0a01c2 vibrate=null sound=null defaults=0x0 flags=0x2a2 color=0x00000000 groupKey=com.tencent.android.qqdownloader vis=PRIVATE),1]
08-22 16:29:54.568 1542 1542 I notification_enqueue: [10104,27465,com.tencent.android.qqdownloader,127,NULL,0,Notification(channel=channel_id_default_silent shortcut=null contentView=com.tencent.android.qqdownloader/0x7f0a01c2 vibrate=null sound=null defaults=0x0 flags=0x2a2 color=0x00000000 groupKey=com.tencent.android.qqdownloader vis=PRIVATE),1]
08-22 16:29:56.309 1542 1696 I am_wtf : [0,1542,system_server,-1,ActivityManager,Sending non-protected broadcast com.thundercomm.active.state from system 2164:com.thundercomm.microsettings/1000 pkg com.thundercomm.microsettings]
08-22 16:30:06.943 1542 1861 I netstats_mobile_sample: [0,0,0,0,0,0,0,0,0,0,0,0,1692693006958]
08-22 16:30:06.943 1542 1861 I netstats_wifi_sample: [27137329,65251,24292945,46547,27137329,65251,24292945,46547,101997740,144384,19391059,42297,1692693006958]
08-22 16:30:23.024 1542 1934 I sync : [com.tencent.android.qqdownloader.YYBLiveAccountProvider,0,3,24220937]
08-22 16:30:23.046 1542 1934 I sync : [com.tencent.android.qqdownloader.YYBLiveAccountProvider,1,3,24220937]
08-22 16:30:23.048 1542 1934 I commit_sys_config_file: [sync-status,8563267]
08-22 16:30:23.049 1542 1693 I am_pss : [27508,10104,com.tencent.android.qqdownloader,312152064,291868672,48128,460857344,0,2,26]
08-22 16:30:23.057 1542 1934 I sync : [com.tencent.android.qqdownloader.YYBLiveAccountProvider,0,3,24220937]
08-22 16:30:23.084 1542 1934 I sync : [com.tencent.android.qqdownloader.YYBLiveAccountProvider,1,3,24220937]
08-22 16:30:23.086 1542 1934 I commit_sys_config_file: [sync-status,8563305]
08-22 16:30:25.053 1542 1659 I commit_sys_config_file: [jobs,5]
08-22 16:30:26.324 1542 1696 I am_wtf : [0,1542,system_server,-1,ActivityManager,Sending non-protected broadcast com.thundercomm.active.state from system 2164:com.thundercomm.microsettings/1000 pkg com.thundercomm.microsettings]
08-22 16:30:27.385 1542 1843 I input_interaction: Interaction with: f0d8694 com.tencent.android.qqdownloader/com.tencent.pangu.activity.DownloadActivity (server), edge-swipe (server), swipe-up (server), PointerEventDispatcher0 (server),
08-22 16:30:27.715 1542 1662 I input_focus: [Focus request 43ebdc0 com.tencent.android.qqdownloader/com.tencent.pangu.activity.DownloadActivity,reason=UpdateInputWindows]
08-22 16:30:27.741 1542 1843 I input_focus: [Focus leaving f0d8694 com.tencent.android.qqdownloader/com.tencent.pangu.activity.DownloadActivity (server),reason=setFocusedWindow]
08-22 16:30:27.741 1542 1843 I input_focus: [Focus entering 43ebdc0 com.tencent.android.qqdownloader/com.tencent.pangu.activity.DownloadActivity (server),reason=setFocusedWindow]
08-22 16:30:28.640 1542 1843 I input_interaction: Interaction with: 43ebdc0 com.tencent.android.qqdownloader/com.tencent.pangu.activity.DownloadActivity (server), edge-swipe (server), swipe-up (server), PointerEventDispatcher0 (server),
08-22 16:30:29.484 1542 1662 I input_focus: [Focus request f0d8694 com.tencent.android.qqdownloader/com.tencent.pangu.activity.DownloadActivity,reason=UpdateInputWindows]
08-22 16:30:29.512 1542 1843 I input_focus: [Focus entering f0d8694 com.tencent.android.qqdownloader/com.tencent.pangu.activity.DownloadActivity (server),reason=setFocusedWindow]
08-22 16:30:29.539 1542 1542 I sysui_multi_action: [757,128,758,5,759,8,793,41478,794,0,795,41478,796,109,806,com.tencent.android.qqdownloader,857,channel_id_default_silent,858,3,946,com.tencent.android.qqdownloader,947,1,1500,41478,1688,1]
08-22 16:30:29.539 1542 1542 I notification_canceled: [0|com.tencent.android.qqdownloader|109|null|10104,8,41478,41478,0,-1,-1,NULL]
08-22 16:30:29.564 1542 1542 I notification_enqueue: [10104,27508,com.tencent.android.qqdownloader,101,NULL,0,Notification(channel=channel_id_default_silent shortcut=null contentView=null vibrate=null sound=null tick defaults=0x0 flags=0x240 color=0x00000000 groupKey=com.tencent.android.qqdownloader vis=PRIVATE),0]
08-22 16:30:31.989 1542 1861 I netstats_mobile_sample: [0,0,0,0,0,0,0,0,0,0,0,0,1692693032004]
08-22 16:30:31.989 1542 1861 I netstats_wifi_sample: [27161587,65273,24368989,46671,27161587,65273,24368989,46671,102259509,144626,19451185,42407,1692693032004]
08-22 16:30:34.026 1542 1861 I netstats_mobile_sample: [0,0,0,0,0,0,0,0,0,0,0,0,1692693034041]
08-22 16:30:34.026 1542 1861 I netstats_wifi_sample: [27165343,65276,24379523,46687,27165343,65276,24379523,46687,102299573,144658,19459215,42421,1692693034041]
08-22 16:30:36.231 1542 1861 I netstats_mobile_sample: [0,0,0,0,0,0,0,0,0,0,0,0,1692693036246]
08-22 16:30:36.232 1542 1861 I netstats_wifi_sample: [27165343,65276,24379523,46687,27165343,65276,24379523,46687,102299573,144658,19459215,42421,1692693036246]
08-22 16:30:38.341 1542 1861 I netstats_mobile_sample: [0,0,0,0,0,0,0,0,0,0,0,0,1692693038356]
08-22 16:30:38.341 1542 1861 I netstats_wifi_sample: [27169099,65279,24390057,46703,27169099,65279,24390057,46703,102339637,144690,19467245,42435,1692693038356]
08-22 16:30:40.218 1542 1861 I netstats_mobile_sample: [0,0,0,0,0,0,0,0,0,0,0,0,1692693040233]
08-22 16:30:40.219 1542 1861 I netstats_wifi_sample: [27169099,65279,24395583,46715,27169099,65279,24395583,46715,102339637,144690,19472771,42447,1692693040233]
08-22 16:30:42.048 1542 1861 I netstats_mobile_sample: [0,0,0,0,0,0,0,0,0,0,0,0,1692693042063]
08-22 16:30:42.048 1542 1861 I netstats_wifi_sample: [27172855,65282,24400591,46719,27172855,65282,24400591,46719,102379701,144722,19475275,42449,1692693042063]
08-22 16:30:44.029 1542 1861 I netstats_mobile_sample: [0,0,0,0,0,0,0,0,0,0,0,0,1692693044044]
08-22 16:30:44.030 1542 1861 I netstats_wifi_sample: [27172855,65282,24406117,46731,27172855,65282,24406117,46731,102379701,144722,19480801,42461,1692693044044]
08-22 16:30:45.856 1542 1861 I netstats_mobile_sample: [0,0,0,0,0,0,0,0,0,0,0,0,1692693045871]
08-22 16:30:45.856 1542 1861 I netstats_wifi_sample: [27172855,65282,24411643,46743,27172855,65282,24411643,46743,102379701,144722,19486327,42473,1692693045871]
08-22 16:30:45.861 1542 1862 I service_manager_stats: [100,98,63632]
08-22 16:30:47.590 1542 1861 I netstats_mobile_sample: [0,0,0,0,0,0,0,0,0,0,0,0,1692693047605]
08-22 16:30:47.591 1542 1861 I netstats_wifi_sample: [27176611,65285,24416651,46747,27176611,65285,24416651,46747,102419765,144754,19488831,42475,1692693047605]
08-22 16:30:49.143 1542 1861 I netstats_mobile_sample: [0,0,0,0,0,0,0,0,0,0,0,0,1692693049157]
08-22 16:30:49.143 1542 1861 I netstats_wifi_sample: [27176611,65285,24422177,46759,27176611,65285,24422177,46759,102419765,144754,19494357,42487,1692693049157]
08-22 16:30:50.961 1542 1861 I netstats_mobile_sample: [0,0,0,0,0,0,0,0,0,0,0,0,1692693050976]
08-22 16:30:50.962 1542 1861 I netstats_wifi_sample: [27180367,65288,24427185,46763,27180367,65288,24427185,46763,102459829,144786,19496861,42489,1692693050976]
08-22 16:30:52.899 1542 1861 I netstats_mobile_sample: [0,0,0,0,0,0,0,0,0,0,0,0,1692693052914]
08-22 16:30:52.899 1542 1861 I netstats_wifi_sample: [27181665,65291,24434499,46779,27181665,65291,24434499,46779,102477398,144827,19503281,42503,1692693052914]
08-22 16:30:54.504 1542 1861 I netstats_mobile_sample: [0,0,0,0,0,0,0,0,0,0,0,0,1692693054519]
08-22 16:30:54.504 1542 1861 I netstats_wifi_sample: [27185421,65294,24445033,46795,27185421,65294,24445033,46795,102517462,144859,19511311,42517,1692693054519]
08-22 16:30:55.276 1542 1542 I notification_enqueue: [10104,27465,com.tencent.android.qqdownloader,127,NULL,0,Notification(channel=channel_id_default_silent shortcut=null contentView=com.tencent.android.qqdownloader/0x7f0a01c2 vibrate=null sound=null defaults=0x0 flags=0x2a2 color=0x00000000 groupKey=com.tencent.android.qqdownloader vis=PRIVATE),1]
08-22 16:30:56.211 1542 1861 I netstats_mobile_sample: [0,0,0,0,0,0,0,0,0,0,0,0,1692693056226]
08-22 16:30:56.212 1542 1861 I netstats_wifi_sample: [27185421,65294,24445033,46795,27185421,65294,24445033,46795,102517462,144859,19511311,42517,1692693056226]
08-22 16:30:56.347 1542 1696 I am_wtf : [0,1542,system_server,-1,ActivityManager,Sending non-protected broadcast com.thundercomm.active.state from system 2164:com.thundercomm.microsettings/1000 pkg com.thundercomm.microsettings]
08-22 16:30:57.738 1542 1861 I netstats_mobile_sample: [0,0,0,0,0,0,0,0,0,0,0,0,1692693057753]
08-22 16:30:57.738 1542 1861 I netstats_wifi_sample: [27185421,65294,24450559,46807,27185421,65294,24450559,46807,102517462,144859,19516837,42529,1692693057753]
08-22 16:30:58.028 1542 1934 I sync : [com.tencent.android.qqdownloader.YYBLiveAccountProvider,0,3,24220937]
08-22 16:30:58.053 1542 1934 I sync : [com.tencent.android.qqdownloader.YYBLiveAccountProvider,1,3,24220937]
08-22 16:30:58.056 1542 1934 I commit_sys_config_file: [sync-status,8598275]
08-22 16:30:58.069 1542 1934 I sync : [com.tencent.android.qqdownloader.YYBLiveAccountProvider,0,3,24220937]
08-22 16:30:58.092 1542 1934 I sync : [com.tencent.android.qqdownloader.YYBLiveAccountProvider,1,3,24220937]
08-22 16:30:58.098 1542 1934 I commit_sys_config_file: [sync-status,8598317]
08-22 16:30:59.663 1542 1861 I netstats_mobile_sample: [0,0,0,0,0,0,0,0,0,0,0,0,1692693059678]
08-22 16:30:59.663 1542 1861 I netstats_wifi_sample: [27189177,65297,24455567,46811,27189177,65297,24455567,46811,102557526,144891,19519341,42531,1692693059678]
08-22 16:31:00.128 1542 1659 I commit_sys_config_file: [jobs,72]
08-22 16:31:01.516 1542 1861 I netstats_mobile_sample: [0,0,0,0,0,0,0,0,0,0,0,0,1692693061531]
08-22 16:31:01.516 1542 1861 I netstats_wifi_sample: [27189177,65297,24461093,46823,27189177,65297,24461093,46823,102557526,144891,19524867,42543,1692693061531]
08-22 16:31:03.765 1542 1861 I netstats_mobile_sample: [0,0,0,0,0,0,0,0,0,0,0,0,1692693063780]
08-22 16:31:03.765 1542 1861 I netstats_wifi_sample: [27192933,65300,24471627,46839,27192933,65300,24471627,46839,102597590,144923,19532897,42557,1692693063780]
08-22 16:31:06.019 1542 1861 I netstats_mobile_sample: [0,0,0,0,0,0,0,0,0,0,0,0,1692693066034]
08-22 16:31:06.020 1542 1861 I netstats_wifi_sample: [27195437,65302,24476635,46843,27195437,65302,24476635,46843,102637654,144955,19535401,42559,1692693066034]
08-22 16:31:26.367 1542 1696 I am_wtf : [0,1542,system_server,-1,ActivityManager,Sending non-protected broadcast com.thundercomm.active.state from system 2164:com.thundercomm.microsettings/1000 pkg com.thundercomm.microsettings]
08-22 16:31:32.042 1542 1871 I netstats_mobile_sample: [0,0,0,0,0,0,0,0,0,0,0,0,1692693092057]
08-22 16:31:32.042 1542 1871 I netstats_wifi_sample: [27219225,65321,24556493,46976,27219225,65321,24556493,46976,102878038,145147,19600235,42680,1692693092057]
08-22 16:31:32.077 27508 27508 I auditd : type=1400 audit(0.0:42993): avc: granted { nlmsg_readpriv } for comm="halley_2800_Tem" scontext=u:r:untrusted_app_27:s0:c512,c768 tcontext=u:r:untrusted_app_27:s0:c512,c768 tclass=netlink_route_socket app=com.tencent.android.qqdownloader
08-22 16:31:32.095 1542 1871 I netstats_mobile_sample: [0,0,0,0,0,0,0,0,0,0,0,0,1692693092110]
08-22 16:31:32.095 1542 1871 I netstats_wifi_sample: [27219225,65321,24556569,46977,27219225,65321,24556569,46977,102878038,145147,19600311,42681,1692693092110]
08-22 16:31:32.113 1542 1934 I sync : [com.tencent.android.qqdownloader.YYBLiveAccountProvider,0,3,24220937]
08-22 16:31:32.140 1542 1934 I sync : [com.tencent.android.qqdownloader.YYBLiveAccountProvider,1,3,24220937]
08-22 16:31:32.137 27508 27508 I auditd : type=1400 audit(0.0:42994): avc: granted { nlmsg_readpriv } for comm="halley_2800_Tem" scontext=u:r:untrusted_app_27:s0:c512,c768 tcontext=u:r:untrusted_app_27:s0:c512,c768 tclass=netlink_route_socket app=com.tencent.android.qqdownloader
08-22 16:31:32.147 1542 1934 I commit_sys_config_file: [sync-status,8632366]
08-22 16:31:32.157 1542 1542 I notification_enqueue: [10104,27508,com.tencent.android.qqdownloader,101,NULL,0,Notification(channel=channel_id_default_silent shortcut=null contentView=null vibrate=null sound=null tick defaults=0x0 flags=0x240 color=0x00000000 groupKey=com.tencent.android.qqdownloader vis=PRIVATE),1]
08-22 16:31:32.161 1542 1934 I sync : [com.tencent.android.qqdownloader.YYBLiveAccountProvider,0,3,24220937]
08-22 16:31:32.185 1542 1871 I netstats_mobile_sample: [0,0,0,0,0,0,0,0,0,0,0,0,1692693092200]
08-22 16:31:32.185 1542 1871 I netstats_wifi_sample: [27219597,65327,24556941,46983,27219597,65327,24556941,46983,102878230,145150,19600625,42686,1692693092200]
08-22 16:31:32.195 1542 1934 I sync : [com.tencent.android.qqdownloader.YYBLiveAccountProvider,1,3,24220937]
08-22 16:31:32.201 1542 1934 I commit_sys_config_file: [sync-status,8632420]
08-22 16:31:32.213 1542 1871 I netstats_mobile_sample: [0,0,0,0,0,0,0,0,0,0,0,0,1692693092228]
08-22 16:31:32.213 1542 1871 I netstats_wifi_sample: [27219897,65332,24557425,46991,27219897,65332,24557425,46991,102878526,145155,19600983,42692,1692693092228]
08-22 16:31:32.234 1542 1542 I notification_enqueue: [10104,27508,com.tencent.android.qqdownloader,101,NULL,0,Notification(channel=channel_id_default_silent shortcut=null contentView=null vibrate=null sound=null tick defaults=0x0 flags=0x240 color=0x00000000 groupKey=com.tencent.android.qqdownloader vis=PRIVATE),1]
08-22 16:31:32.236 1542 1862 I service_manager_slow: [15,alarm]
08-22 16:31:32.237 27508 27508 I auditd : type=1400 audit(0.0:42995): avc: granted { nlmsg_readpriv } for comm="halley_2800_Tem" scontext=u:r:untrusted_app_27:s0:c512,c768 tcontext=u:r:untrusted_app_27:s0:c512,c768 tclass=netlink_route_socket app=com.tencent.android.qqdownloader
08-22 16:31:32.249 27508 27508 I auditd : type=1400 audit(0.0:42996): avc: granted { nlmsg_readpriv } for comm="halley_2800_Tem" scontext=u:r:untrusted_app_27:s0:c512,c768 tcontext=u:r:untrusted_app_27:s0:c512,c768 tclass=netlink_route_socket app=com.tencent.android.qqdownloader
08-22 16:31:32.279 1542 1542 I notification_enqueue: [10104,27508,com.tencent.android.qqdownloader,109,NULL,0,Notification(channel=channel_id_default_silent shortcut=null contentView=null vibrate=null sound=null tick defaults=0x0 flags=0x210 color=0x00000000 groupKey=com.tencent.android.qqdownloader vis=PRIVATE),0]
08-22 16:31:32.323 1542 1542 I sysui_multi_action: [757,128,758,5,759,8,793,62760,794,0,795,62760,796,101,806,com.tencent.android.qqdownloader,857,channel_id_default_silent,858,3,946,com.tencent.android.qqdownloader,947,1,1500,62760,1688,1]
08-22 16:31:32.323 1542 1542 I notification_canceled: [0|com.tencent.android.qqdownloader|101|null|10104,8,62760,62760,0,-1,-1,NULL]
08-22 16:31:34.121 27508 27508 I auditd : type=1400 audit(0.0:42997): avc: granted { nlmsg_readpriv } for comm="halley_2800_Tem" scontext=u:r:untrusted_app_27:s0:c512,c768 tcontext=u:r:untrusted_app_27:s0:c512,c768 tclass=netlink_route_socket app=com.tencent.android.qqdownloader
08-22 16:31:34.139 1542 1659 I commit_sys_config_file: [jobs,4]
08-22 16:31:34.165 27508 27508 I auditd : type=1400 audit(0.0:42998): avc: granted { nlmsg_readpriv } for comm="halley_2800_Tem" scontext=u:r:untrusted_app_27:s0:c512,c768 tcontext=u:r:untrusted_app_27:s0:c512,c768 tclass=netlink_route_socket app=com.tencent.android.qqdownloader
08-22 16:31:34.273 27508 27508 I auditd : type=1400 audit(0.0:42999): avc: granted { nlmsg_readpriv } for comm="halley_2800_Tem" scontext=u:r:untrusted_app_27:s0:c512,c768 tcontext=u:r:untrusted_app_27:s0:c512,c768 tclass=netlink_route_socket app=com.tencent.android.qqdownloader
08-22 16:31:34.281 27508 27508 I auditd : type=1400 audit(0.0:43000): avc: granted { nlmsg_readpriv } for comm="halley_2800_Tem" scontext=u:r:untrusted_app_27:s0:c512,c768 tcontext=u:r:untrusted_app_27:s0:c512,c768 tclass=netlink_route_socket app=com.tencent.android.qqdownloader
08-22 16:31:39.260 1542 1871 I netstats_mobile_sample: [0,0,0,0,0,0,0,0,0,0,0,0,1692693099275]
08-22 16:31:39.261 1542 1871 I netstats_wifi_sample: [27234991,65365,24591959,47061,27234991,65365,24591959,47061,103050657,145525,19626799,42749,1692693099275]
08-22 16:31:39.301 27508 27508 I auditd : type=1400 audit(0.0:43001): avc: granted { nlmsg_readpriv } for comm="halley_2800_Tem" scontext=u:r:untrusted_app_27:s0:c512,c768 tcontext=u:r:untrusted_app_27:s0:c512,c768 tclass=netlink_route_socket app=com.tencent.android.qqdownloader
08-22 16:31:39.304 1542 1871 I netstats_mobile_sample: [0,0,0,0,0,0,0,0,0,0,0,0,1692693099319]
08-22 16:31:39.304 1542 1871 I netstats_wifi_sample: [27235107,65367,24592035,47062,27235107,65367,24592035,47062,103050657,145525,19626875,42750,1692693099319]
08-22 16:31:39.312 1542 1542 I sysui_multi_action: [757,128,758,5,759,8,793,7033,794,0,795,7033,796,109,806,com.tencent.android.qqdownloader,857,channel_id_default_silent,858,3,946,com.tencent.android.qqdownloader,947,1,1500,7033,1688,1]
08-22 16:31:39.312 1542 1542 I notification_canceled: [0|com.tencent.android.qqdownloader|109|null|10104,8,7033,7033,0,-1,-1,NULL]
08-22 16:31:39.337 27508 27508 I auditd : type=1400 audit(0.0:43002): avc: granted { nlmsg_readpriv } for comm="halley_2800_Tem" scontext=u:r:untrusted_app_27:s0:c512,c768 tcontext=u:r:untrusted_app_27:s0:c512,c768 tclass=netlink_route_socket app=com.tencent.android.qqdownloader
08-22 16:31:39.344 1542 1871 I netstats_mobile_sample: [0,0,0,0,0,0,0,0,0,0,0,0,1692693099359]
08-22 16:31:39.344 1542 1871 I netstats_wifi_sample: [27235107,65367,24592161,47064,27235107,65367,24592161,47064,103050657,145525,19626875,42750,1692693099359]
08-22 16:31:39.360 1542 1862 I service_manager_slow: [14,alarm]
08-22 16:31:39.374 1542 1871 I netstats_mobile_sample: [0,0,0,0,0,0,0,0,0,0,0,0,1692693099389]
08-22 16:31:39.374 1542 1871 I netstats_wifi_sample: [27235107,65367,24592161,47064,27235107,65367,24592161,47064,103050657,145525,19627001,42752,1692693099389]
08-22 16:31:39.383 1542 1657 I service_manager_stats: [100,124,53522]
08-22 16:31:39.401 27508 27508 I auditd : type=1400 audit(0.0:43003): avc: granted { nlmsg_readpriv } for comm="halley_2800_Tem" scontext=u:r:untrusted_app_27:s0:c512,c768 tcontext=u:r:untrusted_app_27:s0:c512,c768 tclass=netlink_route_socket app=com.tencent.android.qqdownloader
08-22 16:31:39.417 27508 27508 I auditd : type=1400 audit(0.0:43004): avc: granted { nlmsg_readpriv } for comm="halley_2800_Tem" scontext=u:r:untrusted_app_27:s0:c512,c768 tcontext=u:r:untrusted_app_27:s0:c512,c768 tclass=netlink_route_socket app=com.tencent.android.qqdownloader
08-22 16:31:39.472 1542 1542 I notification_enqueue: [10104,27508,com.tencent.android.qqdownloader,109,NULL,0,Notification(channel=channel_id_default_silent shortcut=null contentView=null vibrate=null sound=null tick defaults=0x0 flags=0x210 color=0x00000000 groupKey=com.tencent.android.qqdownloader vis=PRIVATE),0]
08-22 16:31:39.480 1542 1542 I sysui_multi_action: [757,128,758,5,759,8,793,8,794,0,795,8,796,109,806,com.tencent.android.qqdownloader,857,channel_id_default_silent,858,3,946,com.tencent.android.qqdownloader,947,1,1500,8,1688,1]
08-22 16:31:39.480 1542 1542 I notification_canceled: [0|com.tencent.android.qqdownloader|109|null|10104,8,8,8,0,-1,-1,NULL]
08-22 16:31:40.480 1542 1542 I notification_enqueue: [10104,27508,com.tencent.android.qqdownloader,109,NULL,0,Notification(channel=channel_id_default_silent shortcut=null contentView=null vibrate=null sound=null tick defaults=0x0 flags=0x210 color=0x00000000 groupKey=com.tencent.android.qqdownloader vis=PRIVATE),0]
08-22 16:31:41.345 27508 27508 I auditd : type=1400 audit(0.0:43005): avc: granted { nlmsg_readpriv } for comm="halley_2800_Tem" scontext=u:r:untrusted_app_27:s0:c512,c768 tcontext=u:r:untrusted_app_27:s0:c512,c768 tclass=netlink_route_socket app=com.tencent.android.qqdownloader
08-22 16:31:41.349 27508 27508 I auditd : type=1400 audit(0.0:43006): avc: granted { nlmsg_readpriv } for comm="halley_2800_Tem" scontext=u:r:untrusted_app_27:s0:c512,c768 tcontext=u:r:untrusted_app_27:s0:c512,c768 tclass=netlink_route_socket app=com.tencent.android.qqdownloader
08-22 16:31:41.445 27508 27508 I auditd : type=1400 audit(0.0:43007): avc: granted { nlmsg_readpriv } for comm="halley_2800_Tem" scontext=u:r:untrusted_app_27:s0:c512,c768 tcontext=u:r:untrusted_app_27:s0:c512,c768 tclass=netlink_route_socket app=com.tencent.android.qqdownloader
08-22 16:31:41.449 27508 27508 I auditd : type=1400 audit(0.0:43008): avc: granted { nlmsg_readpriv } for comm="halley_2800_Tem" scontext=u:r:untrusted_app_27:s0:c512,c768 tcontext=u:r:untrusted_app_27:s0:c512,c768 tclass=netlink_route_socket app=com.tencent.android.qqdownloader
08-22 16:31:41.940 1542 1542 I sysui_multi_action: [757,128,758,5,759,8,793,1461,794,0,795,1461,796,109,806,com.tencent.android.qqdownloader,857,channel_id_default_silent,858,3,946,com.tencent.android.qqdownloader,947,1,1500,1461,1688,1]
08-22 16:31:41.940 1542 1542 I notification_canceled: [0|com.tencent.android.qqdownloader|109|null|10104,8,1461,1461,0,-1,-1,NULL]
08-22 16:31:42.777 1542 1871 I netstats_mobile_sample: [0,0,0,0,0,0,0,0,0,0,0,0,1692693102792]
08-22 16:31:42.778 1542 1871 I netstats_wifi_sample: [27244459,65391,24608771,47101,27244459,65391,24608771,47101,103160706,145823,19638107,42777,1692693102792]
08-22 16:31:43.091 1542 1861 I netstats_mobile_sample: [0,0,0,0,0,0,0,0,0,0,0,0,1692693103106]
08-22 16:31:43.091 1542 1861 I netstats_wifi_sample: [27244459,65391,24608771,47101,27244459,65391,24608771,47101,103160706,145823,19638107,42777,1692693103106]
08-22 16:31:43.610 1542 1542 I notification_enqueue: [10104,27465,com.tencent.android.qqdownloader,127,NULL,0,Notification(channel=channel_id_default_silent shortcut=null contentView=com.tencent.android.qqdownloader/0x7f0a01c2 vibrate=null sound=null defaults=0x0 flags=0x2a2 color=0x00000000 groupKey=com.tencent.android.qqdownloader vis=PRIVATE),1]
08-22 16:31:44.618 1542 1542 I notification_enqueue: [10104,27465,com.tencent.android.qqdownloader,127,NULL,0,Notification(channel=channel_id_default_silent shortcut=null contentView=com.tencent.android.qqdownloader/0x7f0a01c2 vibrate=null sound=null defaults=0x0 flags=0x2a2 color=0x00000000 groupKey=com.tencent.android.qqdownloader vis=PRIVATE),1]
08-22 16:31:45.625 1542 1542 I notification_enqueue: [10104,27465,com.tencent.android.qqdownloader,127,NULL,0,Notification(channel=channel_id_default_silent shortcut=null contentView=com.tencent.android.qqdownloader/0x7f0a01c2 vibrate=null sound=null defaults=0x0 flags=0x2a2 color=0x00000000 groupKey=com.tencent.android.qqdownloader vis=PRIVATE),1]
08-22 16:31:47.496 1542 1879 I storage_state: [41217664-9172-527a-b3d5-edabb50a7d69,0,0,40632037376,118610538496]
08-22 16:31:56.399 1542 1696 I am_wtf : [0,1542,system_server,-1,ActivityManager,Sending non-protected broadcast com.thundercomm.active.state from system 2164:com.thundercomm.microsettings/1000 pkg com.thundercomm.microsettings]
08-22 16:32:00.222 1542 1843 I input_interaction: Interaction with: f0d8694 com.tencent.android.qqdownloader/com.tencent.pangu.activity.DownloadActivity (server), edge-swipe (server), swipe-up (server), PointerEventDispatcher0 (server),
08-22 16:32:00.488 1542 1662 I input_focus: [Focus request dac6bb8 com.tencent.android.qqdownloader/com.tencent.pangu.activity.DownloadActivity,reason=UpdateInputWindows]
08-22 16:32:00.513 1542 1843 I input_focus: [Focus leaving f0d8694 com.tencent.android.qqdownloader/com.tencent.pangu.activity.DownloadActivity (server),reason=setFocusedWindow]
08-22 16:32:00.513 1542 1843 I input_focus: [Focus entering dac6bb8 com.tencent.android.qqdownloader/com.tencent.pangu.activity.DownloadActivity (server),reason=setFocusedWindow]
08-22 16:32:01.190 1542 1843 I input_interaction: Interaction with: dac6bb8 com.tencent.android.qqdownloader/com.tencent.pangu.activity.DownloadActivity (server), edge-swipe (server), swipe-up (server), PointerEventDispatcher0 (server),
08-22 16:32:01.351 1542 1662 I input_focus: [Focus request f0d8694 com.tencent.android.qqdownloader/com.tencent.pangu.activity.DownloadActivity,reason=UpdateInputWindows]
08-22 16:32:01.380 1542 1843 I input_focus: [Focus entering f0d8694 com.tencent.android.qqdownloader/com.tencent.pangu.activity.DownloadActivity (server),reason=setFocusedWindow]
08-22 16:32:05.685 1542 1861 I netstats_mobile_sample: [0,0,0,0,0,0,0,0,0,0,0,0,1692693125700]
08-22 16:32:05.685 1542 1861 I netstats_wifi_sample: [27269989,65428,24677983,47219,27269989,65428,24677983,47219,103458441,146259,19692117,42879,1692693125700]
08-22 16:32:08.011 1542 1861 I netstats_mobile_sample: [0,0,0,0,0,0,0,0,0,0,0,0,1692693128026]
08-22 16:32:08.012 1542 1861 I netstats_wifi_sample: [27273745,65431,24688517,47235,27273745,65431,24688517,47235,103498505,146291,19700147,42893,1692693128026]
08-22 16:32:10.072 1542 1861 I netstats_mobile_sample: [0,0,0,0,0,0,0,0,0,0,0,0,1692693130087]
08-22 16:32:10.073 1542 1861 I netstats_wifi_sample: [27277501,65434,24699051,47251,27277501,65434,24699051,47251,103538569,146323,19708177,42907,1692693130087]
08-22 16:32:11.413 1542 1542 I notification_enqueue: [10104,27508,com.tencent.android.qqdownloader,101,NULL,0,Notification(channel=channel_id_default_silent shortcut=null contentView=null vibrate=null sound=null tick defaults=0x0 flags=0x240 color=0x00000000 groupKey=com.tencent.android.qqdownloader vis=PRIVATE),0]
08-22 16:32:11.962 1542 1861 I netstats_mobile_sample: [0,0,0,0,0,0,0,0,0,0,0,0,1692693131977]
08-22 16:32:11.963 1542 1861 I netstats_wifi_sample: [27278395,65436,24700839,47255,27278395,65436,24700839,47255,103549674,146348,19709071,42909,1692693131977]
08-22 16:32:13.597 1542 1861 I netstats_mobile_sample: [0,0,0,0,0,0,0,0,0,0,0,0,1692693133612]
08-22 16:32:13.597 1542 1861 I netstats_wifi_sample: [27278395,65436,24706365,47267,27278395,65436,24706365,47267,103549674,146348,19714597,42921,1692693133612]
08-22 16:32:14.394 1542 1934 I sync : [com.tencent.android.qqdownloader.YYBLiveAccountProvider,0,3,24220937]
08-22 16:32:14.414 1542 1934 I sync : [com.tencent.android.qqdownloader.YYBLiveAccountProvider,1,3,24220937]
08-22 16:32:14.417 1542 1934 I commit_sys_config_file: [sync-status,8674636]
08-22 16:32:14.424 1542 1934 I sync : [com.tencent.android.qqdownloader.YYBLiveAccountProvider,0,3,24220937]
08-22 16:32:14.447 1542 1934 I sync : [com.tencent.android.qqdownloader.YYBLiveAccountProvider,1,3,24220937]
08-22 16:32:14.449 1542 1934 I commit_sys_config_file: [sync-status,8674668]
08-22 16:32:15.320 1542 1861 I netstats_mobile_sample: [0,0,0,0,0,0,0,0,0,0,0,0,1692693135335]
08-22 16:32:15.321 1542 1861 I netstats_wifi_sample: [27282151,65439,24716899,47283,27282151,65439,24716899,47283,103589738,146380,19722627,42935,1692693135335]
08-22 16:32:16.422 1542 1659 I commit_sys_config_file: [jobs,5]
08-22 16:32:16.876 1542 1861 I netstats_mobile_sample: [0,0,0,0,0,0,0,0,0,0,0,0,1692693136891]
08-22 16:32:16.876 1542 1861 I netstats_wifi_sample: [27282151,65439,24716899,47283,27282151,65439,24716899,47283,103589738,146380,19722627,42935,1692693136891]
08-22 16:32:19.109 1542 1861 I netstats_mobile_sample: [0,0,0,0,0,0,0,0,0,0,0,0,1692693139124]
08-22 16:32:19.109 1542 1861 I netstats_wifi_sample: [27286735,65444,24727433,47299,27286735,65444,24727433,47299,103640082,146437,19730657,42949,1692693139124]
08-22 16:32:21.598 1542 1861 I netstats_mobile_sample: [0,0,0,0,0,0,0,0,0,0,0,0,1692693141613]
08-22 16:32:21.598 1542 1861 I netstats_wifi_sample: [27286735,65444,24732959,47311,27286735,65444,24732959,47311,103640082,146437,19736183,42961,1692693141613]
08-22 16:32:23.165 1542 1861 I netstats_mobile_sample: [0,0,0,0,0,0,0,0,0,0,0,0,1692693143180]
08-22 16:32:23.166 1542 1861 I netstats_wifi_sample: [27290491,65447,24737967,47315,27290491,65447,24737967,47315,103680146,146469,19738687,42963,1692693143180]
08-22 16:32:24.917 1542 1861 I netstats_mobile_sample: [0,0,0,0,0,0,0,0,0,0,0,0,1692693144932]
08-22 16:32:24.917 1542 1861 I netstats_wifi_sample: [27290491,65447,24743493,47327,27290491,65447,24743493,47327,103680146,146469,19744213,42975,1692693144932]
08-22 16:32:26.426 1542 1696 I am_wtf : [0,1542,system_server,-1,ActivityManager,Sending non-protected broadcast com.thundercomm.active.state from system 2164:com.thundercomm.microsettings/1000 pkg com.thundercomm.microsettings]
08-22 16:32:26.731 1542 1861 I netstats_mobile_sample: [0,0,0,0,0,0,0,0,0,0,0,0,1692693146746]
08-22 16:32:26.731 1542 1861 I netstats_wifi_sample: [27294247,65450,24748501,47331,27294247,65450,24748501,47331,103720210,146501,19746717,42977,1692693146746]
08-22 16:32:28.335 1542 1861 I netstats_mobile_sample: [0,0,0,0,0,0,0,0,0,0,0,0,1692693148350]
08-22 16:32:28.335 1542 1861 I netstats_wifi_sample: [27294247,65450,24754027,47343,27294247,65450,24754027,47343,103720210,146501,19752243,42989,1692693148350]
08-22 16:32:30.312 1542 1861 I netstats_mobile_sample: [0,0,0,0,0,0,0,0,0,0,0,0,1692693150327]
08-22 16:32:30.312 1542 1861 I netstats_wifi_sample: [27298003,65453,24759035,47347,27298003,65453,24759035,47347,103760274,146533,19754747,42991,1692693150327]
08-22 16:32:32.094 1542 1861 I netstats_mobile_sample: [0,0,0,0,0,0,0,0,0,0,0,0,1692693152109]
08-22 16:32:32.094 1542 1861 I netstats_wifi_sample: [27298003,65453,24764561,47359,27298003,65453,24764561,47359,103760274,146533,19760273,43003,1692693152109]
08-22 16:32:34.237 1542 1861 I netstats_mobile_sample: [0,0,0,0,0,0,0,0,0,0,0,0,1692693154252]
08-22 16:32:34.237 1542 1861 I netstats_wifi_sample: [27301759,65456,24775095,47375,27301759,65456,24775095,47375,103800338,146565,19768303,43017,1692693154252]
08-22 16:32:35.719 1542 1861 I netstats_mobile_sample: [0,0,0,0,0,0,0,0,0,0,0,0,1692693155734]
08-22 16:32:35.720 1542 1861 I netstats_wifi_sample: [27301759,65456,24775095,47375,27301759,65456,24775095,47375,103800338,146565,19768303,43017,1692693155734]
08-22 16:32:37.356 1542 1861 I netstats_mobile_sample: [0,0,0,0,0,0,0,0,0,0,0,0,1692693157371]
08-22 16:32:37.357 1542 1861 I netstats_wifi_sample: [27301759,65456,24780621,47387,27301759,65456,24780621,47387,103800338,146565,19773829,43029,1692693157371]
08-22 16:32:38.926 1542 1861 I netstats_mobile_sample: [0,0,0,0,0,0,0,0,0,0,0,0,1692693158941]
08-22 16:32:38.926 1542 1861 I netstats_wifi_sample: [27305515,65459,24785629,47391,27305515,65459,24785629,47391,103840402,146597,19776333,43031,1692693158941]
08-22 16:32:38.931 1542 1862 I service_manager_stats: [100,81,59548]
08-22 16:32:39.158 1542 5785 I netstats_mobile_sample: [0,0,0,0,0,0,0,0,0,0,0,0,1692693159173]
08-22 16:32:39.158 1542 5785 I netstats_wifi_sample: [27305515,65459,24785629,47391,27305515,65459,24785629,47391,103840402,146597,19776333,43031,1692693159173]
08-22 16:32:40.641 1542 1861 I netstats_mobile_sample: [0,0,0,0,0,0,0,0,0,0,0,0,1692693160656]
08-22 16:32:40.641 1542 1861 I netstats_wifi_sample: [27305515,65459,24791155,47403,27305515,65459,24791155,47403,103840402,146597,19781859,43043,1692693160656]
08-22 16:32:42.581 1542 1861 I netstats_mobile_sample: [0,0,0,0,0,0,0,0,0,0,0,0,1692693162596]
08-22 16:32:42.581 1542 1861 I netstats_wifi_sample: [27309271,65462,24801689,47419,27309271,65462,24801689,47419,103880466,146629,19789889,43057,1692693162596]
08-22 16:32:44.425 1542 1861 I netstats_mobile_sample: [0,0,0,0,0,0,0,0,0,0,0,0,1692693164440]
08-22 16:32:44.425 1542 1861 I netstats_wifi_sample: [27310165,65464,24803477,47423,27310165,65464,24803477,47423,103891571,146654,19790783,43059,1692693164440]
08-22 16:32:44.771 1542 1542 I notification_enqueue: [10104,27465,com.tencent.android.qqdownloader,127,NULL,0,Notification(channel=channel_id_default_silent shortcut=null contentView=com.tencent.android.qqdownloader/0x7f0a01c2 vibrate=null sound=null defaults=0x0 flags=0x2a2 color=0x00000000 groupKey=com.tencent.android.qqdownloader vis=PRIVATE),1]
08-22 16:32:46.401 1542 1861 I netstats_mobile_sample: [0,0,0,0,0,0,0,0,0,0,0,0,1692693166416]
08-22 16:32:46.402 1542 1861 I netstats_wifi_sample: [27313921,65467,24814011,47439,27313921,65467,24814011,47439,103931635,146686,19798813,43073,1692693166416]
08-22 16:32:47.573 1542 1879 I storage_state: [41217664-9172-527a-b3d5-edabb50a7d69,0,0,40527585280,118610538496]
08-22 16:32:47.954 1542 1861 I netstats_mobile_sample: [0,0,0,0,0,0,0,0,0,0,0,0,1692693167969]
08-22 16:32:47.954 1542 1861 I netstats_wifi_sample: [27313921,65467,24814011,47439,27313921,65467,24814011,47439,103931635,146686,19798813,43073,1692693167969]
08-22 16:32:49.410 1542 1934 I sync : [com.tencent.android.qqdownloader.YYBLiveAccountProvider,0,3,24220937]
08-22 16:32:49.435 1542 1934 I sync : [com.tencent.android.qqdownloader.YYBLiveAccountProvider,1,3,24220937]
08-22 16:32:49.437 1542 1934 I commit_sys_config_file: [sync-status,8709656]
08-22 16:32:49.445 1542 1934 I sync : [com.tencent.android.qqdownloader.YYBLiveAccountProvider,0,3,24220937]
08-22 16:32:49.447 1542 1693 I am_pss : [27508,10104,com.tencent.android.qqdownloader,612193280,591294464,48128,758243328,0,2,43]
08-22 16:32:49.469 1542 1934 I sync : [com.tencent.android.qqdownloader.YYBLiveAccountProvider,1,3,24220937]
08-22 16:32:49.472 1542 1934 I commit_sys_config_file: [sync-status,8709691]
08-22 16:32:49.700 1542 1861 I netstats_mobile_sample: [0,0,0,0,0,0,0,0,0,0,0,0,1692693169715]
08-22 16:32:49.701 1542 1861 I netstats_wifi_sample: [27314749,65469,24819537,47451,27314749,65469,24819537,47451,103941915,146711,19804339,43085,1692693169715]
08-22 16:32:51.448 1542 1659 I commit_sys_config_file: [jobs,12]
08-22 16:32:51.643 1542 1861 I netstats_mobile_sample: [0,0,0,0,0,0,0,0,0,0,0,0,1692693171658]
08-22 16:32:51.644 1542 1861 I netstats_wifi_sample: [27318505,65472,24830071,47467,27318505,65472,24830071,47467,103981979,146743,19812369,43099,1692693171658]
08-22 16:32:53.397 1542 1861 I netstats_mobile_sample: [0,0,0,0,0,0,0,0,0,0,0,0,1692693173412]
08-22 16:32:53.398 1542 1861 I netstats_wifi_sample: [27318505,65472,24830071,47467,27318505,65472,24830071,47467,103981979,146743,19812369,43099,1692693173412]
08-22 16:32:55.237 1542 1861 I netstats_mobile_sample: [0,0,0,0,0,0,0,0,0,0,0,0,1692693175252]
08-22 16:32:55.237 1542 1861 I netstats_wifi_sample: [27322261,65475,24840605,47483,27322261,65475,24840605,47483,104022043,146775,19820399,43113,1692693175252]
08-22 16:32:56.447 1542 1696 I am_wtf : [0,1542,system_server,-1,ActivityManager,Sending non-protected broadcast com.thundercomm.active.state from system 2164:com.thundercomm.microsettings/1000 pkg com.thundercomm.microsettings]
08-22 16:32:56.778 1542 1861 I netstats_mobile_sample: [0,0,0,0,0,0,0,0,0,0,0,0,1692693176793]
08-22 16:32:56.778 1542 1861 I netstats_wifi_sample: [27322261,65475,24840605,47483,27322261,65475,24840605,47483,104022043,146775,19820399,43113,1692693176793]
08-22 16:32:58.411 1542 1861 I netstats_mobile_sample: [0,0,0,0,0,0,0,0,0,0,0,0,1692693178426]
08-22 16:32:58.411 1542 1861 I netstats_wifi_sample: [27326017,65478,24851139,47499,27326017,65478,24851139,47499,104062107,146807,19828429,43127,1692693178426]
08-22 16:33:00.107 1542 1861 I netstats_mobile_sample: [0,0,0,0,0,0,0,0,0,0,0,0,1692693180122]
08-22 16:33:00.107 1542 1861 I netstats_wifi_sample: [27326017,65478,24851139,47499,27326017,65478,24851139,47499,104062107,146807,19828429,43127,1692693180122]
08-22 16:33:00.109 684 684 I auditd : type=1400 audit(0.0:43009): avc: denied { add_name } for comm="Binder:684_6" name="globalAlert" scontext=u:r:netd:s0 tcontext=u:object_r:proc_net:s0 tclass=dir permissive=1
