10-19 02:07:30.111 1546 1813 D StorageManagerService: Thinking about reset, mBootCompleted=false, mDaemonConnected=true
10-19 02:07:30.111 1546 1634 D PinnerService: pinRangeStream: null
10-19 02:07:30.111 1546 1546 I SystemServerTiming: StartStorageStatsService
10-19 02:07:30.111 1546 1546 I SystemServiceManager: Starting com.android.server.usage.StorageStatsService$Lifecycle
10-19 02:07:30.113 1546 1634 D PinnerService: pinRangeStream: null
10-19 02:07:30.113 1546 1634 D PinnerService: pinRangeStream: null
10-19 02:07:30.114 1546 1546 I SystemServerTiming: StartUiModeManager
10-19 02:07:30.114 1546 1634 E PinnerService: Could not pin file /system/lib64/libsurfaceflinger.so
10-19 02:07:30.114 1546 1634 E PinnerService: android.system.ErrnoException: open failed: ENOENT (No such file or directory)
10-19 02:07:30.114 1546 1634 E PinnerService: at libcore.io.Linux.open(Native Method)
10-19 02:07:30.114 1546 1634 E PinnerService: at libcore.io.ForwardingOs.open(ForwardingOs.java:567)
10-19 02:07:30.114 1546 1634 E PinnerService: at libcore.io.BlockGuardOs.open(BlockGuardOs.java:273)
10-19 02:07:30.114 1546 1634 E PinnerService: at android.system.Os.open(Os.java:501)
10-19 02:07:30.114 1546 1634 E PinnerService: at com.android.server.PinnerService.pinFileRanges(PinnerService.java:939)
10-19 02:07:30.114 1546 1634 E PinnerService: at com.android.server.PinnerService.pinFile(PinnerService.java:814)
10-19 02:07:30.114 1546 1634 E PinnerService: at com.android.server.PinnerService.handlePinOnStart(PinnerService.java:273)
10-19 02:07:30.114 1546 1634 E PinnerService: at com.android.server.PinnerService.access$1600(PinnerService.java:91)
10-19 02:07:30.114 1546 1634 E PinnerService: at com.android.server.PinnerService$PinnerHandler.handleMessage(PinnerService.java:1183)
10-19 02:07:30.114 1546 1634 E PinnerService: at android.os.Handler.dispatchMessage(Handler.java:106)
10-19 02:07:30.114 1546 1634 E PinnerService: at android.os.Looper.loopOnce(Looper.java:201)
10-19 02:07:30.114 1546 1634 E PinnerService: at android.os.Looper.loop(Looper.java:288)
10-19 02:07:30.114 1546 1634 E PinnerService: at android.os.HandlerThread.run(HandlerThread.java:67)
10-19 02:07:30.114 1546 1634 E PinnerService: Failed to pin file = /system/lib64/libsurfaceflinger.so
10-19 02:07:30.114 1546 1546 I SystemServiceManager: Starting com.android.server.UiModeManagerService
10-19 02:07:30.114 1546 1546 I SystemServerTiming: UpdatePackagesIfNeeded
10-19 02:07:30.114 1546 1546 I Watchdog: Pausing HandlerChecker: main thread for reason: dexopt. Pause count: 1
10-19 02:07:30.114 1546 1546 I Watchdog: Resuming HandlerChecker: main thread for reason: dexopt. Pause count: 0
10-19 02:07:30.114 1546 1546 I SystemServerTiming: PerformFstrimIfNeeded
10-19 02:07:30.115 1546 1814 I SystemServerTimingAsync: InitThreadPoolExec:UiModeManager.onStart
10-19 02:07:30.116 1546 1546 I SystemServerTiming: StartLockSettingsService
10-19 02:07:30.116 1546 1546 I SystemServiceManager: Starting com.android.server.locksettings.LockSettingsService$Lifecycle
10-19 02:07:30.125 1546 1546 I SystemServerTiming: StartPersistentDataBlock
10-19 02:07:30.125 1546 1546 I SystemServiceManager: Starting com.android.server.PersistentDataBlockService
10-19 02:07:30.126 1546 1546 I SystemServerTiming: StartTestHarnessMode
10-19 02:07:30.126 1546 1546 I SystemServiceManager: Starting com.android.server.testharness.TestHarnessModeService
10-19 02:07:30.126 1546 1816 I SystemServerTimingAsync: InitThreadPoolExec:PersistentDataBlockService.onStart
10-19 02:07:30.126 1546 1546 I SystemServerTiming: StartOemLockService
10-19 02:07:30.126 1546 1546 I SystemServiceManager: Starting com.android.server.oemlock.OemLockService
10-19 02:07:30.127 1546 1546 I OemLock : OemLock HAL not present on device
10-19 02:07:30.127 1546 1546 I OemLock : Using persistent data block based lock
10-19 02:07:30.127 1546 1546 I SystemServerTiming: StartDeviceIdleController
10-19 02:07:30.127 1546 1546 I SystemServiceManager: Starting com.android.server.DeviceIdleController
10-19 02:07:30.128 1546 1816 E PersistentDataBlockService: not able to find package com.google.android.gms
10-19 02:07:30.128 1546 1816 E PersistentDataBlockService: android.content.pm.PackageManager$NameNotFoundException: com.google.android.gms
10-19 02:07:30.128 1546 1816 E PersistentDataBlockService: at android.app.ApplicationPackageManager.getPackageUidAsUser(ApplicationPackageManager.java:364)
10-19 02:07:30.128 1546 1816 E PersistentDataBlockService: at com.android.server.PersistentDataBlockService.getAllowedUid(PersistentDataBlockService.java:162)
10-19 02:07:30.128 1546 1816 E PersistentDataBlockService: at com.android.server.PersistentDataBlockService.lambda$onStart$0$PersistentDataBlockService(PersistentDataBlockService.java:176)
10-19 02:07:30.128 1546 1816 E PersistentDataBlockService: at com.android.server.PersistentDataBlockService$$ExternalSyntheticLambda0.run(Unknown Source:2)
10-19 02:07:30.128 1546 1816 E PersistentDataBlockService: at com.android.server.SystemServerInitThreadPool.lambda$submitTask$0$SystemServerInitThreadPool(SystemServerInitThreadPool.java:105)
10-19 02:07:30.128 1546 1816 E PersistentDataBlockService: at com.android.server.SystemServerInitThreadPool$$ExternalSyntheticLambda0.run(Unknown Source:6)
10-19 02:07:30.128 1546 1816 E PersistentDataBlockService: at java.util.concurrent.Executors$RunnableAdapter.call(Executors.java:462)
10-19 02:07:30.128 1546 1816 E PersistentDataBlockService: at java.util.concurrent.FutureTask.run(FutureTask.java:266)
10-19 02:07:30.128 1546 1816 E PersistentDataBlockService: at java.util.concurrent.ThreadPoolExecutor.runWorker(ThreadPoolExecutor.java:1167)
10-19 02:07:30.128 1546 1816 E PersistentDataBlockService: at java.util.concurrent.ThreadPoolExecutor$Worker.run(ThreadPoolExecutor.java:641)
10-19 02:07:30.128 1546 1816 E PersistentDataBlockService: at com.android.internal.util.ConcurrentUtils$1$1.run(ConcurrentUtils.java:65)
10-19 02:07:30.129 1546 1546 I SystemServerTiming: StartDevicePolicyManager
10-19 02:07:30.129 1546 1546 I SystemServiceManager: Starting com.android.server.devicepolicy.DevicePolicyManagerService$Lifecycle
10-19 02:07:30.132 1546 1546 I DevicePolicyManager: Set ro.organization_owned property to false
10-19 02:07:30.132 1546 1546 I SystemServerTiming: StartStatusBarManagerService
10-19 02:07:30.133 1546 1546 D SystemServer: MusicRecognitionManagerService not defined by OEM or disabled by flag
10-19 02:07:30.133 1546 1546 D SystemServer: ContentCaptureService disabled because resource is not overlaid
10-19 02:07:30.133 1546 1546 D SystemServer: AttentionService is not configured on this device
10-19 02:07:30.133 1546 1546 D SystemServer: RotationResolverService is not configured on this device
10-19 02:07:30.133 1546 1546 D SystemServer: SystemCaptionsManagerService disabled because resource is not overlaid
10-19 02:07:30.133 1546 1546 I SystemServerTiming: StartTextToSpeechManagerService
10-19 02:07:30.133 1546 1546 I SystemServiceManager: Starting com.android.server.texttospeech.TextToSpeechManagerService
10-19 02:07:30.134 1546 1546 I SystemServerTiming: StartSpeechRecognitionManagerService
10-19 02:07:30.134 1546 1546 I SystemServiceManager: Starting com.android.server.speech.SpeechRecognitionManagerService
10-19 02:07:30.137 1546 1546 D SystemServer: AppPredictionService not defined by OEM
10-19 02:07:30.137 1546 1546 D SystemServer: ContentSuggestionsService not defined by OEM
10-19 02:07:30.137 1546 1546 I SystemServerTiming: StartSearchUiService
10-19 02:07:30.137 1546 1546 I SystemServiceManager: Starting com.android.server.searchui.SearchUiManagerService
10-19 02:07:30.138 1546 1546 I SystemServerTiming: StartSmartspaceService
10-19 02:07:30.138 1546 1546 I SystemServiceManager: Starting com.android.server.smartspace.SmartspaceManagerService
10-19 02:07:30.139 1546 1546 I SystemServerTiming: InitConnectivityModuleConnector
10-19 02:07:30.139 1546 1546 D ConnectivityModuleConnector: Network stack init
10-19 02:07:30.139 1546 1546 I SystemServerTiming: InitNetworkStackClient
10-19 02:07:30.139 1546 1546 I SystemServerTiming: StartNetworkManagementService
10-19 02:07:30.144 1546 1546 I SystemServerTiming: StartIpSecService
10-19 02:07:30.144 1546 1546 I SystemServerTiming: StartFontManagerService
10-19 02:07:30.219 1546 1546 I SystemServerTiming: StartTextServicesManager
10-19 02:07:30.219 1546 1546 I SystemServiceManager: Starting com.android.server.textservices.TextServicesManagerService$Lifecycle
10-19 02:07:30.219 1546 1546 I SystemServerTiming: StartTextClassificationManagerService
10-19 02:07:30.220 1546 1546 I SystemServiceManager: Starting com.android.server.textclassifier.TextClassificationManagerService$Lifecycle
10-19 02:07:30.220 1546 1546 I SystemServerTiming: StartNetworkScoreService
10-19 02:07:30.220 1546 1546 I SystemServiceManager: Starting com.android.server.NetworkScoreService$Lifecycle
10-19 02:07:30.221 1546 1546 I SystemServerTiming: StartNetworkStatsService
10-19 02:07:30.223 1546 1546 I SystemServerTiming: StartNetworkPolicyManagerService
10-19 02:07:30.225 1546 1546 I SystemServerTiming: StartWifi
10-19 02:07:30.253 1546 1546 I SystemServiceManager: Starting com.android.server.wifi.WifiService --------- beginning of radio
10-19 02:07:30.312 1546 1546 D TelephonyRegistry: listen oscl: mHasNotifySubscriptionInfoChangedOccurred==false no callback
10-19 02:07:30.326 1213 1213 I wificond: New wificond event callback registered
10-19 02:07:30.328 1546 1546 V HistoricalRegistry: Interaction before persistence initialized
10-19 02:07:30.331 1546 1546 I SystemServerTiming: StartWifiScanning
10-19 02:07:30.331 1546 1546 I SystemServiceManager: Starting com.android.server.wifi.scanner.WifiScanningService
10-19 02:07:30.333 1546 1546 I SystemServerTiming: StartRttService
10-19 02:07:30.333 1546 1546 I SystemServiceManager: Starting com.android.server.wifi.rtt.RttService
10-19 02:07:30.334 1546 1546 I SystemServerTiming: StartWifiAware
10-19 02:07:30.334 1546 1546 I SystemServiceManager: Starting com.android.server.wifi.aware.WifiAwareService
10-19 02:07:30.334 1546 1546 I SystemServerTiming: StartWifiP2P
10-19 02:07:30.334 1546 1546 I SystemServiceManager: Starting com.android.server.wifi.p2p.WifiP2pService
10-19 02:07:30.336 1546 1546 I SystemServerTiming: StartEthernet
10-19 02:07:30.336 1546 1546 I SystemServiceManager: Starting com.android.server.ethernet.EthernetService
10-19 02:07:30.337 1546 1546 I SystemServerTiming: StartPacProxyService
10-19 02:07:30.337 1546 1546 I SystemServerTiming: StartConnectivityService
10-19 02:07:30.348 1546 1546 I SystemServiceManager: Starting com.android.server.ConnectivityServiceInitializer
10-19 02:07:30.367 1546 1546 D CompatibilityChangeReporter: Compat change id reported: 182478738; UID 1000; state: ENABLED
10-19 02:07:30.370 1546 1546 I SystemServerTiming: StartVpnManagerService
10-19 02:07:30.371 1546 1546 I SystemServerTiming: StartVcnManagementService
10-19 02:07:30.373 1546 1546 I SystemServerTiming: StartNsdService
10-19 02:07:30.373 1546 1546 D NsdService: Network service discovery is enabled
10-19 02:07:30.374 1546 1546 I SystemServerTiming: StartSystemUpdateManagerService
10-19 02:07:30.374 1546 1546 I SystemUpdateManagerService: No existing info file /data/system/system-update-info.xml
10-19 02:07:30.375 1546 1546 I SystemServerTiming: StartUpdateLockService
10-19 02:07:30.375 1546 1546 I SystemServerTiming: StartNotificationManager
10-19 02:07:30.375 1546 1546 I SystemServiceManager: Starting com.android.server.notification.NotificationManagerService
10-19 02:07:30.379 1546 1546 D ConditionProviders.SCP: new ScheduleConditionProvider()
10-19 02:07:30.386 1546 1546 I NotificationAssistants: Read notification assistant permissions from xml
10-19 02:07:30.386 1546 1546 I ConditionProviders: Read condition provider permissions from xml
10-19 02:07:30.386 1546 1546 I ConditionProviders: Read condition provider permissions from xml
10-19 02:07:30.386 1546 1546 D NotificationAssistants: Approving default notification assistant for user 0
10-19 02:07:30.386 1546 1546 I ConditionProviders: Allowing condition provider android.ext.services/android.ext.services.notification.Assistant (userSet: true)
10-19 02:07:30.387 1546 1546 I GameModeConfig: isGameModeOn cache is null
10-19 02:07:30.387 1546 1546 I GameModeConfig: isGameModeOn = false
10-19 02:07:30.388 1546 1546 D CompatibilityChangeReporter: Compat change id reported: 157233955; UID 1000; state: ENABLED
10-19 02:07:30.392 1546 1546 I SystemServerTiming: StartDeviceMonitor
10-19 02:07:30.392 1546 1546 I SystemServiceManager: Starting com.android.server.storage.DeviceStorageMonitorService
10-19 02:07:30.392 1546 1546 I SystemServerTiming: StartLocationManagerService
10-19 02:07:30.392 1546 1546 I SystemServiceManager: Starting com.android.server.location.LocationManagerService$Lifecycle
10-19 02:07:30.393 1546 1838 I storage_state: [41217664-9172-527a-b3d5-edabb50a7d69,0,0,113844985856,118610538496]
10-19 02:07:30.394 1546 1546 I SystemServerTiming: StartCountryDetectorService
10-19 02:07:30.394 1546 1546 I SystemServerTiming: StartTimeDetectorService
10-19 02:07:30.395 1546 1546 I SystemServiceManager: Starting com.android.server.timedetector.TimeDetectorService$Lifecycle
10-19 02:07:30.395 1546 1546 I SystemServerTiming: StartTimeZoneDetectorService
10-19 02:07:30.395 1546 1546 I SystemServiceManager: Starting com.android.server.timezonedetector.TimeZoneDetectorService$Lifecycle
10-19 02:07:30.396 1546 1546 I SystemServerTiming: StartLocationTimeZoneManagerService
10-19 02:07:30.396 1546 1546 I SystemServiceManager: Starting com.android.server.timezonedetector.location.LocationTimeZoneManagerService$Lifecycle
10-19 02:07:30.396 1546 1546 I SystemServerTiming: StartSearchManagerService
10-19 02:07:30.396 1546 1546 I SystemServiceManager: Starting com.android.server.search.SearchManagerService$Lifecycle
10-19 02:07:30.397 1546 1546 I SystemServerTiming: StartWallpaperManagerService
10-19 02:07:30.397 1546 1546 I SystemServiceManager: Starting com.android.server.wallpaper.WallpaperManagerService$Lifecycle
10-19 02:07:30.397 1546 1546 I SystemServerTiming: StartAudioService
10-19 02:07:30.397 1546 1546 I SystemServiceManager: Starting com.android.server.audio.AudioService$Lifecycle
10-19 02:07:30.411 1546 1546 I MicroServiceManager: Init MicroServiceManager: FSEM_AudioService
10-19 02:07:30.411 1546 1546 I MicroServiceManager: addCommonCallbackListener add listener: FSEM_AudioService
10-19 02:07:30.411 1546 1546 I MicroServiceManager: Bind and register callback to MicroService: FSEM_AudioService
10-19 02:07:30.411 1546 1546 I MicroServiceManager: Bind and register callback to MicroService: FSEM_AudioService, result: failure, retry after 3s.
10-19 02:07:30.412 1546 1546 I MicroServiceManager: addConnectChangedListener add listener: FSEM_AudioService
10-19 02:07:30.412 1546 1546 I HiCarServiceManager: Bind and register callback to HiCarService.
10-19 02:07:30.412 1546 1546 I HiCarServiceManager: getService exception: No service published for: com.hryt.hicar.hicarlauncher.service.HiCarService
10-19 02:07:30.412 1546 1546 I HiCarServiceManager: Bind and register callback to HiCarService, result: failure, retry after 3s.
10-19 02:07:30.412 1546 1546 I HiCarServiceManager: addCommonCallbackListener: com.android.server.audio.AudioService(81ae9d7), current: 1
10-19 02:07:30.414 1546 1546 D PowerManagerService: acquireWakeLockInternal: lock=262100397, flags=0x1, tag="handleAudioEvent", ws=null, uid=1000, pid=1546
10-19 02:07:30.414 1546 1546 I SystemServerTiming: StartSoundTriggerMiddlewareService
10-19 02:07:30.414 1546 1546 I SystemServiceManager: Starting com.android.server.soundtrigger_middleware.SoundTriggerMiddlewareService$Lifecycle
10-19 02:07:30.417 1546 1546 I SystemServerTiming: StartDockObserver
10-19 02:07:30.417 1546 1546 I SystemServiceManager: Starting com.android.server.DockObserver
10-19 02:07:30.417 1546 1546 W DockObserver: This kernel does not have dock station support
10-19 02:07:30.417 1546 1546 I SystemServerTiming: StartWiredAccessoryManager
10-19 02:07:30.418 1546 1546 W WiredAccessoryManager: This kernel does not have usb audio support
10-19 02:07:30.418 1546 1546 W WiredAccessoryManager: This kernel does not have HDMI audio support
10-19 02:07:30.418 1546 1546 E WiredAccessoryManager: file /sys/devices/platform/soc/soc:qcom,msm-ext-disp/extcon/extcon3/name not found
10-19 02:07:30.418 1546 1546 W WiredAccessoryManager: Conn soc:qcom,msm-ext-disp/3/0 does not have DP audio support
10-19 02:07:30.418 1546 1546 E WiredAccessoryManager: file /sys/devices/platform/soc/soc:qcom,msm-ext-disp/extcon/extcon2/name not found
10-19 02:07:30.418 1546 1546 W WiredAccessoryManager: Conn soc:qcom,msm-ext-disp/2/0 does not have DP audio support
10-19 02:07:30.418 1546 1546 E WiredAccessoryManager: set dev_index 1
10-19 02:07:30.419 1546 1546 W WiredAccessoryManager: checkCableIndex set cable 0
10-19 02:07:30.419 1546 1546 E WiredAccessoryManager: set dev_index 0
10-19 02:07:30.419 1546 1546 W WiredAccessoryManager: checkCableIndex set cable 0
10-19 02:07:30.419 1546 1546 I SystemServerTiming: StartMidiManager
10-19 02:07:30.419 1546 1546 I SystemServiceManager: Starting com.android.server.midi.MidiService$Lifecycle
10-19 02:07:30.422 1546 1546 I SystemServerTiming: StartAdbService
10-19 02:07:30.422 1546 1546 I SystemServiceManager: Starting com.android.server.adb.AdbService$Lifecycle
10-19 02:07:30.423 1546 1546 I SystemServerTiming: StartUsbService
10-19 02:07:30.423 1546 1546 I SystemServiceManager: Starting com.android.server.usb.UsbService$Lifecycle
10-19 02:07:30.423 1546 1546 I SystemServerTiming: StartSerialService
10-19 02:07:30.423 1546 1626 I SystemServerTimingAsync: InitThreadPoolExec:UsbService$Lifecycle#onStart
10-19 02:07:30.423 1546 1546 I SystemServerTiming: StartHardwarePropertiesManagerService
10-19 02:07:30.424 1546 1626 E UsbDeviceManager: failed to write to /sys/class/android_usb/android0/f_rndis/ethaddr
10-19 02:07:30.425 1546 1626 I UsbDeviceManager: USB GADGET HAL not present in the device
10-19 02:07:30.425 1546 1626 I UsbDeviceManager: java.util.NoSuchElementException
10-19 02:07:30.425 1546 1626 I UsbDeviceManager: at android.os.HwBinder.getService(Native Method)
10-19 02:07:30.425 1546 1626 I UsbDeviceManager: at android.hardware.usb.gadget.V1_0.IUsbGadget.getService(IUsbGadget.java:57)
10-19 02:07:30.425 1546 1626 I UsbDeviceManager: at android.hardware.usb.gadget.V1_0.IUsbGadget.getService(IUsbGadget.java:64)
10-19 02:07:30.425 1546 1626 I UsbDeviceManager: at com.android.server.usb.UsbDeviceManager.(UsbDeviceManager.java:293)
10-19 02:07:30.425 1546 1626 I UsbDeviceManager: at com.android.server.usb.UsbService.(UsbService.java:178)
10-19 02:07:30.425 1546 1626 I UsbDeviceManager: at com.android.server.usb.UsbService$Lifecycle.lambda$onStart$0$UsbService$Lifecycle(UsbService.java:92)
10-19 02:07:30.425 1546 1626 I UsbDeviceManager: at com.android.server.usb.UsbService$Lifecycle$$ExternalSyntheticLambda1.run(Unknown Source:2)
10-19 02:07:30.425 1546 1626 I UsbDeviceManager: at com.android.server.SystemServerInitThreadPool.lambda$submitTask$0$SystemServerInitThreadPool(SystemServerInitThreadPool.java:105)
10-19 02:07:30.425 1546 1626 I UsbDeviceManager: at com.android.server.SystemServerInitThreadPool$$ExternalSyntheticLambda0.run(Unknown Source:6)
10-19 02:07:30.425 1546 1626 I UsbDeviceManager: at java.util.concurrent.Executors$RunnableAdapter.call(Executors.java:462)
10-19 02:07:30.425 1546 1626 I UsbDeviceManager: at java.util.concurrent.FutureTask.run(FutureTask.java:266)
10-19 02:07:30.425 1546 1626 I UsbDeviceManager: at java.util.concurrent.ThreadPoolExecutor.runWorker(ThreadPoolExecutor.java:1167)
10-19 02:07:30.425 1546 1626 I UsbDeviceManager: at java.util.concurrent.ThreadPoolExecutor$Worker.run(ThreadPoolExecutor.java:641)
10-19 02:07:30.425 1546 1626 I UsbDeviceManager: at com.android.internal.util.ConcurrentUtils$1$1.run(ConcurrentUtils.java:65)
10-19 02:07:30.425 1546 1626 E UsbDeviceManager: Failed to open control for mtp
10-19 02:07:30.425 1546 1626 E UsbDeviceManager: Failed to open control for ptp
10-19 02:07:30.426 1546 1546 I SystemServerTiming: StartTwilightService
10-19 02:07:30.426 1546 1546 I SystemServiceManager: Starting com.android.server.twilight.TwilightService
10-19 02:07:30.426 1546 1546 I SystemServerTiming: StartColorDisplay
10-19 02:07:30.426 1546 1546 I SystemServiceManager: Starting com.android.server.display.color.ColorDisplayService
10-19 02:07:30.427 1546 1626 W StorageManagerService: No primary storage defined yet; hacking together a stub
10-19 02:07:30.427 1546 1546 I SystemServerTiming: StartJobScheduler
10-19 02:07:30.427 1546 1546 I SystemServiceManager: Starting com.android.server.job.JobSchedulerService
10-19 02:07:30.429 0 0 I : [ 8.776147] acc_open
10-19 02:07:30.429 0 0 I : [ 8.776155] acc_release
10-19 02:07:30.430 1546 1804 I UsbPortManager: Usb hal service started android.hardware.usb@1.0::IUsb default
10-19 02:07:30.433 1546 1546 D JobStore: Start tag: job-info
10-19 02:07:30.436 1546 1546 W JobStore: Periodic job for uid='1000' persisted run-time is too big [24:00:08, 48:00:08]. Clamping to [24:00:08,48:00:08]
10-19 02:07:30.436 1546 1546 I JobStore: Read 7 jobs
10-19 02:07:30.436 1546 1804 I UsbPortManager: USB HAL version: 12
10-19 02:07:30.440 1546 1546 V HistoricalRegistry: Interaction before persistence initialized
10-19 02:07:30.440 1546 1546 V HistoricalRegistry: Interaction before persistence initialized
10-19 02:07:30.441 1546 1546 W JobScheduler: !!! RTC not yet good; tracking time updates for job scheduling
10-19 02:07:30.441 1546 1546 I SystemServerTiming: StartSoundTrigger
10-19 02:07:30.441 1546 1546 I SystemServiceManager: Starting com.android.server.soundtrigger.SoundTriggerService
10-19 02:07:30.441 1546 1546 I SystemServerTiming: StartTrustManager
10-19 02:07:30.441 1546 1546 I SystemServiceManager: Starting com.android.server.trust.TrustManagerService
10-19 02:07:30.442 1546 1546 I SystemServerTiming: StartBackupManager
10-19 02:07:30.442 1546 1546 I SystemServiceManager: Starting com.android.server.backup.BackupManagerService$Lifecycle
10-19 02:07:30.443 1546 1546 I SystemServerTiming: StartAppWidgetService
10-19 02:07:30.443 1546 1546 I SystemServiceManager: Starting com.android.server.appwidget.AppWidgetService
10-19 02:07:30.444 1546 1546 I SystemServerTiming: StartVoiceRecognitionManager
10-19 02:07:30.444 1546 1546 I SystemServiceManager: Starting com.android.server.voiceinteraction.VoiceInteractionManagerService
10-19 02:07:30.454 1546 1546 I SystemServerTiming: StartAppHibernationService
10-19 02:07:30.454 1546 1546 I SystemServiceManager: Starting com.android.server.apphibernation.AppHibernationService
10-19 02:07:30.463 1546 1546 I SystemServerTiming: StartSensorNotification
10-19 02:07:30.463 1546 1546 I SystemServiceManager: Starting com.android.server.SensorNotificationService
10-19 02:07:30.463 1546 1546 I SystemServerTiming: StartDiskStatsService
10-19 02:07:30.465 1546 1546 I SystemServerTiming: RuntimeService
10-19 02:07:30.466 1546 1546 I SystemServerTiming: StartNetworkTimeUpdateService
10-19 02:07:30.469 1546 1546 I SystemServerTiming: CertBlacklister
10-19 02:07:30.469 1546 1546 I SystemServerTiming: StartEmergencyAffordanceService
10-19 02:07:30.469 1546 1546 I SystemServiceManager: Starting com.android.server.emergency.EmergencyAffordanceService
10-19 02:07:30.471 1546 1546 I SystemServerTiming: startBlobStoreManagerService
10-19 02:07:30.471 1546 1546 I SystemServiceManager: Starting com.android.server.blob.BlobStoreManagerService
10-19 02:07:30.474 1546 1546 I SystemServerTiming: StartDreamManager
10-19 02:07:30.475 1546 1546 I SystemServiceManager: Starting com.android.server.dreams.DreamManagerService
10-19 02:07:30.475 1546 1546 I SystemServerTiming: AddGraphicsStatsService
10-19 02:07:30.480 1546 1546 I SystemServerTiming: StartCompanionDeviceManager
10-19 02:07:30.481 1546 1546 I SystemServiceManager: Starting com.android.server.companion.CompanionDeviceManagerService
10-19 02:07:30.482 1546 1546 I SystemServerTiming: StartRestrictionManager
10-19 02:07:30.482 1546 1546 I SystemServiceManager: Starting com.android.server.restrictions.RestrictionsManagerService
10-19 02:07:30.484 1546 1546 I SystemServerTiming: StartMediaSessionService
10-19 02:07:30.484 1546 1546 I SystemServiceManager: Starting com.android.server.media.MediaSessionService
10-19 02:07:30.485 1546 1546 I SystemServerTiming: StartMediaResourceMonitor
10-19 02:07:30.485 1546 1546 I SystemServiceManager: Starting com.android.server.media.MediaResourceMonitorService
10-19 02:07:30.487 1546 1546 I SystemServerTiming: StartMediaRouterService
10-19 02:07:30.487 1546 1546 V HistoricalRegistry: Interaction before persistence initialized
10-19 02:07:30.488 1546 1546 I SystemServerTiming: StartFingerprintSensor
10-19 02:07:30.488 1546 1546 I SystemServiceManager: Starting com.android.server.biometrics.sensors.fingerprint.FingerprintService
10-19 02:07:30.488 1546 1546 I SystemServerTiming: StartBiometricService
10-19 02:07:30.488 1546 1546 I SystemServiceManager: Starting com.android.server.biometrics.BiometricService
10-19 02:07:30.489 1546 1546 I SystemServerTiming: StartAuthService
10-19 02:07:30.489 1546 1546 I SystemServiceManager: Starting com.android.server.biometrics.AuthService
10-19 02:07:30.491 1546 1546 D AuthService: Registering HIDL ID: 0 Modality: 2 Strength: 15
10-19 02:07:30.491 1546 1546 D AuthService: Registering HIDL ID: 1 Modality: 8 Strength: 15
10-19 02:07:30.492 1546 1546 E AuthService: HIDL face configuration exists, but FaceService is null.
10-19 02:07:30.493 1546 1546 I SystemServerTiming: StartBackgroundDexOptService
10-19 02:07:30.493 1546 1546 W BackgroundDexOptService: SysProp pm.dexopt.downgrade_after_inactive_days not set
10-19 02:07:30.493 1546 1546 I SystemServerTiming: StartDynamicCodeLoggingService
10-19 02:07:30.494 1546 1546 I SystemServerTiming: StartPruneInstantAppsJobService
10-19 02:07:30.494 1546 1546 I SystemServerTiming: StartShortcutServiceLifecycle
10-19 02:07:30.494 1546 1546 I SystemServiceManager: Starting com.android.server.pm.ShortcutService$Lifecycle
10-19 02:07:30.494 1546 1546 V HistoricalRegistry: Interaction before persistence initialized
10-19 02:07:30.495 1546 1546 I SystemServerTiming: StartLauncherAppsService
10-19 02:07:30.495 1546 1546 I SystemServiceManager: Starting com.android.server.pm.LauncherAppsService
10-19 02:07:30.496 1546 1546 I SystemServerTiming: StartCrossProfileAppsService
10-19 02:07:30.496 1546 1546 I SystemServiceManager: Starting com.android.server.pm.CrossProfileAppsService
10-19 02:07:30.496 1546 1546 I SystemServerTiming: StartPeopleService
10-19 02:07:30.496 1546 1546 I SystemServiceManager: Starting com.android.server.people.PeopleService
10-19 02:07:30.496 1546 1546 I SystemServerTiming: StartMediaMetricsManager
10-19 02:07:30.497 1546 1546 I SystemServiceManager: Starting com.android.server.media.metrics.MediaMetricsManagerService
10-19 02:07:30.498 1546 1546 I SystemServerTiming: StartMediaProjectionManager
10-19 02:07:30.498 1546 1546 I SystemServiceManager: Starting com.android.server.media.projection.MediaProjectionManagerService
10-19 02:07:30.498 1546 1863 D BiometricService: Registering ID: 0 Modality: 2 Strength: 15
10-19 02:07:30.499 1546 1863 D BiometricStrengthController: updateStrengths: revert sensorId=0 to oemStrength=15
10-19 02:07:30.499 1546 1863 D BiometricService/Sensor: updateStrength: Before(ID(0), oemStrength: 15, updatedStrength: 15, modality 2, state: 0, cookie: 0, props: ID: 0, Strength: 2, Type: 1) After(ID(0), oemStrength: 15, updatedStrength: 15, modality 2, state: 0, cookie: 0, props: ID: 0, Strength: 2, Type: 1)
10-19 02:07:30.499 1546 1546 I SystemServerTiming: StartSliceManagerService
10-19 02:07:30.499 1546 1546 I SystemServiceManager: Starting com.android.server.slice.SliceManagerService$Lifecycle
10-19 02:07:30.500 1546 1546 I SystemServerTiming: StartStatsCompanion
10-19 02:07:30.506 1546 1546 I SystemServiceManager: Starting com.android.server.stats.StatsCompanion$Lifecycle
10-19 02:07:30.507 1546 1546 I SystemServerTiming: StartRebootReadinessManagerService
10-19 02:07:30.512 1546 1546 I SystemServiceManager: Starting com.android.server.scheduling.RebootReadinessManagerService$Lifecycle
10-19 02:07:30.515 1546 1546 I SystemServerTiming: StartStatsPullAtomService
10-19 02:07:30.515 1546 1546 I SystemServiceManager: Starting com.android.server.stats.pull.StatsPullAtomService
10-19 02:07:30.515 1546 1546 I SystemServerTiming: StartIncidentCompanionService
10-19 02:07:30.515 1546 1546 I SystemServiceManager: Starting com.android.server.incident.IncidentCompanionService
10-19 02:07:30.516 1546 1546 I SystemServerTiming: StartMmsService
10-19 02:07:30.516 1546 1546 I SystemServiceManager: Starting com.android.server.MmsServiceBroker
10-19 02:07:30.517 1546 1546 I SystemServerTiming: StartAutoFillService
10-19 02:07:30.517 1546 1546 I SystemServiceManager: Starting com.android.server.autofill.AutofillManagerService
10-19 02:07:30.520 1546 1546 D SystemServer: TranslationService not defined by OEM
10-19 02:07:30.520 1546 1546 I SystemServerTiming: StartClipboardService
10-19 02:07:30.520 1546 1546 I SystemServiceManager: Starting com.android.server.clipboard.ClipboardService
10-19 02:07:30.521 1546 1546 I SystemServerTiming: AppServiceManager
10-19 02:07:30.521 1546 1546 I SystemServiceManager: Starting com.android.server.appbinding.AppBindingService$Lifecycle
10-19 02:07:30.521 1546 1546 I SystemServerTiming: startTracingServiceProxy
10-19 02:07:30.521 1546 1546 I SystemServiceManager: Starting com.android.server.tracing.TracingServiceProxy
10-19 02:07:30.522 1546 1546 I SystemServerTiming: MakeLockSettingsServiceReady
10-19 02:07:30.525 1546 1546 I SyntheticPasswordManager: Device does not support weaver
10-19 02:07:30.526 1546 1546 I LockSettingsService: Device doesn't implement AuthSecret HAL
10-19 02:07:30.526 1546 1546 I SystemServerTiming: StartBootPhaseLockSettingsReady
10-19 02:07:30.526 1546 1546 I SystemServiceManager: Starting phase 480
10-19 02:07:30.526 1546 1546 I SystemServerTiming: OnBootPhase_480
10-19 02:07:30.526 1546 1546 I SystemServerTiming: OnBootPhase_480_com.android.server.security.FileIntegrityService
10-19 02:07:30.526 1546 1546 I SystemServerTiming: OnBootPhase_480_com.android.server.pm.Installer
10-19 02:07:30.526 1546 1546 I SystemServerTiming: OnBootPhase_480_com.android.server.os.DeviceIdentifiersPolicyService
10-19 02:07:30.526 1546 1546 I SystemServerTiming: OnBootPhase_480_com.android.server.uri.UriGrantsManagerService$Lifecycle
10-19 02:07:30.526 1546 1546 I SystemServerTiming: OnBootPhase_480_com.android.server.powerstats.PowerStatsService
10-19 02:07:30.526 1546 1546 I SystemServerTiming: OnBootPhase_480_com.android.server.wm.ActivityTaskManagerService$Lifecycle
10-19 02:07:30.526 1546 1546 I SystemServerTiming: OnBootPhase_480_com.android.server.am.ActivityManagerService$Lifecycle
10-19 02:07:30.526 1546 1546 I SystemServerTiming: OnBootPhase_480_com.android.server.pm.DataLoaderManagerService
10-19 02:07:30.526 1546 1546 I SystemServerTiming: OnBootPhase_480_com.android.server.power.PowerManagerService
10-19 02:07:30.526 1546 1546 I SystemServerTiming: OnBootPhase_480_com.android.server.power.ThermalManagerService
10-19 02:07:30.526 1546 1546 I SystemServerTiming: OnBootPhase_480_com.android.server.power.hint.HintManagerService
10-19 02:07:30.526 1546 1546 I SystemServerTiming: OnBootPhase_480_com.android.server.recoverysystem.RecoverySystemService$Lifecycle
10-19 02:07:30.526 1546 1546 I SystemServerTiming: OnBootPhase_480_com.android.server.lights.LightsService
10-19 02:07:30.526 1546 1546 I SystemServerTiming: OnBootPhase_480_com.android.server.display.DisplayManagerService
10-19 02:07:30.526 1546 1546 I SystemServerTiming: OnBootPhase_480_com.android.server.pm.verify.domain.DomainVerificationService
10-19 02:07:30.526 1546 1546 I SystemServerTiming: OnBootPhase_480_com.android.server.pm.PackageInstallerService$Lifecycle
10-19 02:07:30.526 1546 1546 I SystemServerTiming: OnBootPhase_480_com.android.server.pm.UserManagerService$LifeCycle
10-19 02:07:30.526 1546 1546 I SystemServerTiming: OnBootPhase_480_com.android.server.om.OverlayManagerService
10-19 02:07:30.526 1546 1546 I SystemServerTiming: OnBootPhase_480_com.android.server.SensorPrivacyService
10-19 02:07:30.526 1546 1546 I SystemServerTiming: OnBootPhase_480_com.android.server.thunderperf.ThunderBoostPerfService
10-19 02:07:30.526 1546 1546 I SystemServerTiming: OnBootPhase_480_com.android.server.sensors.SensorService
10-19 02:07:30.526 1546 1546 I SystemServerTiming: OnBootPhase_480_com.android.server.SystemConfigService
10-19 02:07:30.526 1546 1546 I SystemServerTiming: OnBootPhase_480_com.android.server.BatteryService
10-19 02:07:30.526 1546 1546 I SystemServerTiming: OnBootPhase_480_com.android.server.usage.UsageStatsService
10-19 02:07:30.526 1546 1546 I SystemServerTiming: OnBootPhase_480_com.android.server.webkit.WebViewUpdateService
10-19 02:07:30.526 1546 1546 I SystemServerTiming: OnBootPhase_480_com.android.server.CachedDeviceStateService
10-19 02:07:30.526 1546 1546 I SystemServerTiming: OnBootPhase_480_com.android.server.BinderCallsStatsService$LifeCycle
10-19 02:07:30.526 1546 1546 I SystemServerTiming: OnBootPhase_480_com.android.server.LooperStatsService$Lifecycle
10-19 02:07:30.527 1546 1546 I SystemServerTiming: OnBootPhase_480_com.android.server.rollback.RollbackManagerService
10-19 02:07:30.527 1546 1546 I SystemServerTiming: OnBootPhase_480_com.android.server.os.NativeTombstoneManagerService
10-19 02:07:30.527 1546 1546 I SystemServerTiming: OnBootPhase_480_com.android.server.os.BugreportManagerService
10-19 02:07:30.527 1546 1546 I SystemServerTiming: OnBootPhase_480_com.android.server.gpu.GpuService
10-19 02:07:30.527 1546 1546 I SystemServerTiming: OnBootPhase_480_com.android.server.security.KeyChainSystemService
10-19 02:07:30.527 1546 1546 I SystemServerTiming: OnBootPhase_480_com.android.server.telecom.TelecomLoaderService
10-19 02:07:30.527 1546 1546 I SystemServerTiming: OnBootPhase_480_com.android.server.accounts.AccountManagerService$Lifecycle
10-19 02:07:30.527 1546 1546 I SystemServerTiming: OnBootPhase_480_com.android.server.content.ContentService$Lifecycle
10-19 02:07:30.527 1546 1546 I SystemServerTiming: OnBootPhase_480_com.android.server.DropBoxManagerService
10-19 02:07:30.527 1546 1546 I SystemServerTiming: OnBootPhase_480_com.android.role.RoleService
10-19 02:07:30.527 1546 1546 I SystemServerTiming: OnBootPhase_480_com.android.server.vibrator.VibratorManagerService$Lifecycle
10-19 02:07:30.527 1546 1546 I SystemServerTiming: OnBootPhase_480_com.android.server.alarm.AlarmManagerService
10-19 02:07:30.527 1546 1546 I SystemServerTiming: OnBootPhase_480_com.android.server.devicestate.DeviceStateManagerService
10-19 02:07:30.527 1546 1546 I SystemServerTiming: OnBootPhase_480_com.android.server.BluetoothService
10-19 02:07:30.527 1546 1546 I SystemServerTiming: OnBootPhase_480_com.android.server.connectivity.IpConnectivityMetrics
10-19 02:07:30.527 1546 1546 I SystemServerTiming: OnBootPhase_480_com.android.server.net.watchlist.NetworkWatchlistService$Lifecycle
10-19 02:07:30.527 1546 1546 I SystemServerTiming: OnBootPhase_480_com.android.server.PinnerService
10-19 02:07:30.527 1546 1546 I SystemServerTiming: OnBootPhase_480_com.google.android.startop.iorap.IorapForwardingService
10-19 02:07:30.527 1546 1546 I SystemServerTiming: OnBootPhase_480_com.android.server.ActivityTriggerService
10-19 02:07:30.527 1546 1546 I SystemServerTiming: OnBootPhase_480_com.android.server.integrity.AppIntegrityManagerService
10-19 02:07:30.527 1546 1546 I SystemServerTiming: OnBootPhase_480_com.android.server.inputmethod.InputMethodManagerService$Lifecycle
10-19 02:07:30.527 1546 1546 I SystemServerTiming: OnBootPhase_480_com.android.server.accessibility.AccessibilityManagerService$Lifecycle
10-19 02:07:30.527 1546 1546 I SystemServerTiming: OnBootPhase_480_com.android.server.StorageManagerService$Lifecycle
10-19 02:07:30.527 1546 1546 I SystemServerTiming: OnBootPhase_480_com.android.server.usage.StorageStatsService$Lifecycle
10-19 02:07:30.527 1546 1546 I SystemServerTiming: OnBootPhase_480_com.android.server.UiModeManagerService
10-19 02:07:30.527 1546 1546 I SystemServerTiming: OnBootPhase_480_com.android.server.locksettings.LockSettingsService$Lifecycle
10-19 02:07:30.527 1546 1546 I SystemServerTiming: OnBootPhase_480_com.android.server.PersistentDataBlockService
10-19 02:07:30.527 1546 1546 I SystemServerTiming: OnBootPhase_480_com.android.server.testharness.TestHarnessModeService
10-19 02:07:30.527 1546 1546 I SystemServerTiming: OnBootPhase_480_com.android.server.oemlock.OemLockService
10-19 02:07:30.527 1546 1546 I SystemServerTiming: OnBootPhase_480_com.android.server.DeviceIdleController
10-19 02:07:30.527 1546 1546 I SystemServerTiming: OnBootPhase_480_com.android.server.devicepolicy.DevicePolicyManagerService$Lifecycle
10-19 02:07:30.531 1546 1841 I stream_devices_changed: [3,0,2]
10-19 02:07:30.532 1546 1841 I stream_devices_changed: [0,0,1]
10-19 02:07:30.532 1546 1546 I DevicePolicyManager: Current version 2, latest version 2, not upgrading.
10-19 02:07:30.535 1546 1841 D PowerManagerService: releaseWakeLockInternal: lock=262100397 [handleAudioEvent], flags=0x0
10-19 02:07:30.536 1546 1546 I SystemServerTiming: OnBootPhase_480_com.android.server.texttospeech.TextToSpeechManagerService
10-19 02:07:30.536 1546 1546 I SystemServerTiming: OnBootPhase_480_com.android.server.speech.SpeechRecognitionManagerService
10-19 02:07:30.536 1546 1546 I SystemServerTiming: OnBootPhase_480_com.android.server.searchui.SearchUiManagerService
10-19 02:07:30.536 1546 1546 I SystemServerTiming: OnBootPhase_480_com.android.server.smartspace.SmartspaceManagerService
10-19 02:07:30.536 1546 1546 I SystemServerTiming: OnBootPhase_480_com.android.server.graphics.fonts.FontManagerService$Lifecycle
10-19 02:07:30.536 1546 1546 I SystemServerTiming: OnBootPhase_480_com.android.server.textservices.TextServicesManagerService$Lifecycle
10-19 02:07:30.536 1546 1546 I SystemServerTiming: OnBootPhase_480_com.android.server.textclassifier.TextClassificationManagerService$Lifecycle
10-19 02:07:30.536 1546 1546 I SystemServerTiming: OnBootPhase_480_com.android.server.NetworkScoreService$Lifecycle
10-19 02:07:30.536 1546 1546 I SystemServerTiming: OnBootPhase_480_com.android.server.wifi.WifiService
10-19 02:07:30.536 1546 1546 I SystemServerTiming: OnBootPhase_480_com.android.server.wifi.scanner.WifiScanningService
10-19 02:07:30.536 1546 1546 I SystemServerTiming: OnBootPhase_480_com.android.server.wifi.rtt.RttService
10-19 02:07:30.536 1546 1546 I SystemServerTiming: OnBootPhase_480_com.android.server.wifi.aware.WifiAwareService
10-19 02:07:30.536 1546 1546 I SystemServerTiming: OnBootPhase_480_com.android.server.wifi.p2p.WifiP2pService
10-19 02:07:30.536 1546 1776 I SystemServerTimingAsync: InitThreadPoolExec:DevicePolicyManager
10-19 02:07:30.536 1546 1546 I SystemServerTiming: OnBootPhase_480_com.android.server.ethernet.EthernetService
10-19 02:07:30.536 1546 1546 I SystemServerTiming: OnBootPhase_480_com.android.server.ConnectivityServiceInitializer
10-19 02:07:30.536 1546 1546 I SystemServerTiming: OnBootPhase_480_com.android.server.notification.NotificationManagerService
10-19 02:07:30.536 1546 1546 I SystemServerTiming: OnBootPhase_480_com.android.server.storage.DeviceStorageMonitorService
10-19 02:07:30.536 1546 1546 I SystemServerTiming: OnBootPhase_480_com.android.server.location.LocationManagerService$Lifecycle
10-19 02:07:30.536 1546 1546 I SystemServerTiming: OnBootPhase_480_com.android.server.timedetector.TimeDetectorService$Lifecycle
10-19 02:07:30.536 1546 1546 I SystemServerTiming: OnBootPhase_480_com.android.server.timezonedetector.TimeZoneDetectorService$Lifecycle
10-19 02:07:30.536 1546 1546 I SystemServerTiming: OnBootPhase_480_com.android.server.timezonedetector.location.LocationTimeZoneManagerService$Lifecycle
10-19 02:07:30.536 1546 1546 I SystemServerTiming: OnBootPhase_480_com.android.server.search.SearchManagerService$Lifecycle
10-19 02:07:30.536 1546 1546 I SystemServerTiming: OnBootPhase_480_com.android.server.wallpaper.WallpaperManagerService$Lifecycle
10-19 02:07:30.536 1546 1546 I SystemServerTiming: OnBootPhase_480_com.android.server.audio.AudioService$Lifecycle
10-19 02:07:30.536 1546 1546 I SystemServerTiming: OnBootPhase_480_com.android.server.soundtrigger_middleware.SoundTriggerMiddlewareService$Lifecycle
10-19 02:07:30.536 1546 1546 I SystemServerTiming: OnBootPhase_480_com.android.server.DockObserver
10-19 02:07:30.536 1546 1546 I SystemServerTiming: OnBootPhase_480_com.android.server.midi.MidiService$Lifecycle
10-19 02:07:30.536 1546 1546 I SystemServerTiming: OnBootPhase_480_com.android.server.adb.AdbService$Lifecycle
10-19 02:07:30.536 1546 1546 I SystemServerTiming: OnBootPhase_480_com.android.server.usb.UsbService$Lifecycle
10-19 02:07:30.536 1546 1546 I SystemServerTiming: OnBootPhase_480_com.android.server.twilight.TwilightService
10-19 02:07:30.536 1546 1546 I SystemServerTiming: OnBootPhase_480_com.android.server.display.color.ColorDisplayService
10-19 02:07:30.536 1546 1546 I SystemServerTiming: OnBootPhase_480_com.android.server.job.JobSchedulerService
10-19 02:07:30.536 1546 1546 I SystemServerTiming: OnBootPhase_480_com.android.server.soundtrigger.SoundTriggerService
10-19 02:07:30.537 1546 1546 D SoundTriggerService: onBootPhase: 480 : false
10-19 02:07:30.537 1546 1546 I SystemServerTiming: OnBootPhase_480_com.android.server.trust.TrustManagerService
10-19 02:07:30.537 1546 1546 I SystemServerTiming: OnBootPhase_480_com.android.server.backup.BackupManagerService$Lifecycle
10-19 02:07:30.537 1546 1546 I SystemServerTiming: OnBootPhase_480_com.android.server.appwidget.AppWidgetService
10-19 02:07:30.537 1546 1546 I SystemServerTiming: OnBootPhase_480_com.android.server.voiceinteraction.VoiceInteractionManagerService
10-19 02:07:30.537 1546 1546 I SystemServerTiming: OnBootPhase_480_com.android.server.apphibernation.AppHibernationService
10-19 02:07:30.537 1546 1546 I SystemServerTiming: OnBootPhase_480_com.android.server.SensorNotificationService
10-19 02:07:30.537 1546 1546 I SystemServerTiming: OnBootPhase_480_com.android.server.emergency.EmergencyAffordanceService
10-19 02:07:30.537 1546 1546 I SystemServerTiming: OnBootPhase_480_com.android.server.blob.BlobStoreManagerService
10-19 02:07:30.537 1546 1546 I SystemServerTiming: OnBootPhase_480_com.android.server.dreams.DreamManagerService
10-19 02:07:30.537 1546 1546 I SystemServerTiming: OnBootPhase_480_com.android.server.companion.CompanionDeviceManagerService
10-19 02:07:30.537 1546 1546 I SystemServerTiming: OnBootPhase_480_com.android.server.restrictions.RestrictionsManagerService
10-19 02:07:30.537 1546 1546 I SystemServerTiming: OnBootPhase_480_com.android.server.media.MediaSessionService
10-19 02:07:30.537 1546 1546 I SystemServerTiming: OnBootPhase_480_com.android.server.media.MediaResourceMonitorService
10-19 02:07:30.537 1546 1546 I SystemServerTiming: OnBootPhase_480_com.android.server.biometrics.sensors.fingerprint.FingerprintService
10-19 02:07:30.537 1546 1546 I SystemServerTiming: OnBootPhase_480_com.android.server.biometrics.BiometricService
10-19 02:07:30.537 1546 1546 I SystemServerTiming: OnBootPhase_480_com.android.server.biometrics.AuthService
10-19 02:07:30.537 1546 1546 I SystemServerTiming: OnBootPhase_480_com.android.server.pm.ShortcutService$Lifecycle
10-19 02:07:30.538 1546 1546 I SystemServerTiming: OnBootPhase_480_com.android.server.pm.LauncherAppsService
10-19 02:07:30.538 1546 1546 I SystemServerTiming: OnBootPhase_480_com.android.server.pm.CrossProfileAppsService
10-19 02:07:30.538 1546 1546 I SystemServerTiming: OnBootPhase_480_com.android.server.people.PeopleService
10-19 02:07:30.538 1546 1546 I SystemServerTiming: OnBootPhase_480_com.android.server.media.metrics.MediaMetricsManagerService
10-19 02:07:30.538 1546 1546 I SystemServerTiming: OnBootPhase_480_com.android.server.media.projection.MediaProjectionManagerService
10-19 02:07:30.538 1546 1546 I SystemServerTiming: OnBootPhase_480_com.android.server.slice.SliceManagerService$Lifecycle
10-19 02:07:30.538 1546 1546 I SystemServerTiming: OnBootPhase_480_com.android.server.stats.StatsCompanion$Lifecycle
10-19 02:07:30.538 1546 1546 I SystemServerTiming: OnBootPhase_480_com.android.server.scheduling.RebootReadinessManagerService$Lifecycle
10-19 02:07:30.538 1546 1546 I SystemServerTiming: OnBootPhase_480_com.android.server.stats.pull.StatsPullAtomService
10-19 02:07:30.538 1546 1546 I SystemServerTiming: OnBootPhase_480_com.android.server.incident.IncidentCompanionService
10-19 02:07:30.538 1546 1546 I SystemServerTiming: OnBootPhase_480_com.android.server.MmsServiceBroker
10-19 02:07:30.538 1546 1546 I SystemServerTiming: OnBootPhase_480_com.android.server.autofill.AutofillManagerService
10-19 02:07:30.538 1546 1546 I SystemServerTiming: OnBootPhase_480_com.android.server.clipboard.ClipboardService
10-19 02:07:30.538 1546 1546 I SystemServerTiming: OnBootPhase_480_com.android.server.appbinding.AppBindingService$Lifecycle
10-19 02:07:30.538 1546 1546 I SystemServerTiming: OnBootPhase_480_com.android.server.tracing.TracingServiceProxy
10-19 02:07:30.538 1546 1546 I SystemServerTiming: StartBootPhaseSystemServicesReady
10-19 02:07:30.538 1546 1546 I SystemServiceManager: Starting phase 500
10-19 02:07:30.538 1546 1546 I SystemServerTiming: OnBootPhase_500
10-19 02:07:30.539 1546 1546 I SystemServerTiming: OnBootPhase_500_com.android.server.security.FileIntegrityService
10-19 02:07:30.539 1546 1546 I SystemServerTiming: OnBootPhase_500_com.android.server.pm.Installer
10-19 02:07:30.539 1546 1546 I SystemServerTiming: OnBootPhase_500_com.android.server.os.DeviceIdentifiersPolicyService
10-19 02:07:30.539 1546 1546 I SystemServerTiming: OnBootPhase_500_com.android.server.uri.UriGrantsManagerService$Lifecycle
10-19 02:07:30.539 1546 1546 I SystemServerTiming: OnBootPhase_500_com.android.server.powerstats.PowerStatsService
10-19 02:07:30.539 1546 1546 E StatsPullAtomCallbackImpl: Failed to start PowerStatsService statsd pullers
10-19 02:07:30.539 1546 1546 I SystemServerTiming: OnBootPhase_500_com.android.server.wm.ActivityTaskManagerService$Lifecycle
10-19 02:07:30.539 1546 1546 I SystemServerTiming: OnBootPhase_500_com.android.server.am.ActivityManagerService$Lifecycle
10-19 02:07:30.543 1546 1546 E BatteryStatsService: Could not register PowerStatsInternal
10-19 02:07:30.544 1546 1546 I SystemServerTiming: OnBootPhase_500_com.android.server.pm.DataLoaderManagerService
10-19 02:07:30.544 1546 1546 I SystemServerTiming: OnBootPhase_500_com.android.server.power.PowerManagerService
10-19 02:07:30.545 1546 1546 I SystemServerTiming: OnBootPhase_500_com.android.server.power.ThermalManagerService
10-19 02:07:30.545 1546 1546 I SystemServerTiming: OnBootPhase_500_com.android.server.power.hint.HintManagerService
10-19 02:07:30.545 1546 1546 V HintManagerService: Initializing HintManager service...
10-19 02:07:30.545 1546 1546 V HistoricalRegistry: Interaction before persistence initialized
10-19 02:07:30.545 1546 1546 I SystemServerTiming: OnBootPhase_500_com.android.server.recoverysystem.RecoverySystemService$Lifecycle
10-19 02:07:30.545 1546 1546 I SystemServerTiming: OnBootPhase_500_com.android.server.lights.LightsService
10-19 02:07:30.545 1546 1546 I SystemServerTiming: OnBootPhase_500_com.android.server.display.DisplayManagerService
10-19 02:07:30.545 1546 1546 I SystemServerTiming: OnBootPhase_500_com.android.server.pm.verify.domain.DomainVerificationService
10-19 02:07:30.545 1546 1546 I SystemServerTiming: OnBootPhase_500_com.android.server.pm.PackageInstallerService$Lifecycle
10-19 02:07:30.545 1546 1546 I SystemServerTiming: OnBootPhase_500_com.android.server.pm.UserManagerService$LifeCycle
10-19 02:07:30.545 1546 1546 I SystemServerTiming: OnBootPhase_500_com.android.server.om.OverlayManagerService
10-19 02:07:30.545 1546 1546 I SystemServerTiming: OnBootPhase_500_com.android.server.SensorPrivacyService
10-19 02:07:30.545 1546 1546 I SystemServerTiming: OnBootPhase_500_com.android.server.thunderperf.ThunderBoostPerfService
10-19 02:07:30.545 1546 1546 I SystemServerTiming: OnBootPhase_500_com.android.server.sensors.SensorService
10-19 02:07:30.545 1546 1546 I SystemServerTiming: OnBootPhase_500_com.android.server.SystemConfigService
10-19 02:07:30.545 1546 1546 I SystemServerTiming: OnBootPhase_500_com.android.server.BatteryService
10-19 02:07:30.545 1546 1546 I SystemServerTiming: OnBootPhase_500_com.android.server.usage.UsageStatsService
10-19 02:07:30.546 1546 1546 D AppStandbyController: Setting app idle enabled state
10-19 02:07:30.547 1546 1546 V HistoricalRegistry: Interaction before persistence initialized
10-19 02:07:30.547 1546 1546 I SystemServerTiming: OnBootPhase_500_com.android.server.webkit.WebViewUpdateService
10-19 02:07:30.547 1546 1546 I SystemServerTiming: OnBootPhase_500_com.android.server.CachedDeviceStateService
10-19 02:07:30.547 1546 1546 I SystemServerTiming: OnBootPhase_500_com.android.server.BinderCallsStatsService$LifeCycle
10-19 02:07:30.548 1546 1546 I SystemServerTiming: OnBootPhase_500_com.android.server.LooperStatsService$Lifecycle
10-19 02:07:30.548 1546 1546 I SystemServerTiming: OnBootPhase_500_com.android.server.rollback.RollbackManagerService
10-19 02:07:30.548 1546 1546 I SystemServerTiming: OnBootPhase_500_com.android.server.os.NativeTombstoneManagerService
10-19 02:07:30.548 1546 1546 I SystemServerTiming: OnBootPhase_500_com.android.server.os.BugreportManagerService
10-19 02:07:30.548 1546 1546 I SystemServerTiming: OnBootPhase_500_com.android.server.gpu.GpuService
