10-19 02:07:36.571 1546 1825 D WifiGbk : adding bss - Bss("Linksys_5GHz-访客":32:23:03:c2:af:d4, isGbk=false, security=NONE, level=-83, frequency=5825)
10-19 02:07:36.571 1546 1825 D WifiGbk : adding bss - Bss("186******46的Mate 30":ee:3e:f8:1c:12:31, isGbk=false, security=PSK, level=-66, frequency=2452)
10-19 02:07:36.572 2957 2957 I hpplay : [main]:Utils:getIPAddress: 192.168.4.16
10-19 02:07:36.572 2957 2957 I hpplay : [main]:Utils:getIPAddress: 192.168.8.16
10-19 02:07:36.572 2957 2957 I hpplay : [main]:Utils:getIPAddress: 192.168.11.16
10-19 02:07:36.572 2957 2957 I hpplay : [main]:Utils:getIPAddress: 192.168.0.16
10-19 02:07:36.572 2957 2957 I hpplay : [main]:Utils:getIPAddress: 192.168.2.16
10-19 02:07:36.572 2957 2957 I hpplay : [main]:Utils:getIPAddress: 192.168.1.16
10-19 02:07:36.572 2957 2957 I hpplay : [main]:Utils:ip: 16
10-19 02:07:36.572 2957 2957 I hpplay : [main]:Utils:createDeviceName: 高合娱乐副屏
10-19 02:07:36.573 2957 2957 I hpplay : [main]:CastService:SDK:lecast-release-60057
10-19 02:07:36.573 2957 2957 I hpplay : null
10-19 02:07:36.573 2957 2957 I hpplay : [main]:CastService:registerNetworkChangedReceiver
10-19 02:07:36.575 1546 1830 D ConnectivityService: NetReassign [no changes]
10-19 02:07:36.578 2957 3942 I hpplay-java: [P:loadClass:1]:ModuleLoader:getVersionCode version:1
10-19 02:07:36.580 3940 3940 E com.qti.ltebc: Not starting debugger since process cannot load the jdwp agent.
10-19 02:07:36.581 3940 3940 D ProcessState: Binder ioctl to enable oneway spam detection failed: Invalid argument
10-19 02:07:36.583 0 0 I [ 14.929496] binder: 3940:3940 ioctl 40046210 7fd6808274 returned -22
10-19 02:07:36.586 671 671 I Zygote : Process 3903 exited due to signal 9 (Killed)
10-19 02:07:36.586 1546 2102 I am_proc_died: [0,3903,com.android.settings,905,19]
10-19 02:07:36.588 2986 3169 E MediaProvider: Creating a non-default top level directory or deleting an existing one is not allowed!
10-19 02:07:36.588 1546 2102 I am_uid_active: 10078
10-19 02:07:36.589 1546 3322 I am_proc_bound: [0,3940,com.qti.ltebc]
10-19 02:07:36.590 1546 3322 D CompatibilityChangeReporter: Compat change id reported: 168419799; UID 10078; state: DISABLED
10-19 02:07:36.590 1546 3322 D CompatibilityInfo: mCompatibilityFlags - 4
10-19 02:07:36.590 1546 3322 D CompatibilityInfo: applicationDensity - 240
10-19 02:07:36.590 1546 3322 D CompatibilityInfo: applicationScale - 1.0
10-19 02:07:36.590 2986 3169 E MediaProvider: Creating a non-default top level directory or deleting an existing one is not allowed!
10-19 02:07:36.592 1546 3322 D CompatibilityInfo: mCompatibilityFlags - 4
10-19 02:07:36.592 1546 3322 D CompatibilityInfo: applicationDensity - 240
10-19 02:07:36.592 1546 3322 D CompatibilityInfo: applicationScale - 1.0
10-19 02:07:36.593 3940 3940 D CompatibilityChangeReporter: Compat change id reported: 171979766; UID 10078; state: ENABLED
10-19 02:07:36.593 2957 3942 I hpplay-java: [P:loadClass:1]:ModuleLoader:cleanUpdateFolders info.getAbsolutePath():/data/user/0/com.hryt.lebotp/files/hpplay/hpdata/60057/28112
10-19 02:07:36.594 2957 3942 I hpplay-java: [P:loadClass:1]:ModuleLoader:cleanUpdateFolders version:28112,BU_VERSION_CODE:28112
10-19 02:07:36.595 2957 3942 I hpplay-java: [P:loadClass:1]:APIFileUtil:api:60057
10-19 02:07:36.595 2957 3942 I hpplay-java: bu:28112
10-19 02:07:36.595 2957 3942 I hpplay-java: bu.dat:812db4527f575bbf58d5a380008b6a85
10-19 02:07:36.595 2957 3942 I hpplay-java: [P:loadClass:1]:APIFileUtil:getMd5ByFile: /data/user/0/com.hryt.lebotp/files/hpplay/hpdata/60057/28112/bu.dex
10-19 02:07:36.600 651 666 I mpu_uart: [MSG-P:RECV]:No message received in 1000 ms
10-19 02:07:36.602 1546 1821 D PasspointManager: ANQP entry not found for: b2:2c:72:49:9b:a2:
10-19 02:07:36.603 1546 1821 D PasspointManager: ANQP entry not found for: a6:b7:49:58:ad:f1:
10-19 02:07:36.603 1546 1821 D PasspointManager: ANQP entry not found for: e2:dd:86:73:a0:16:
10-19 02:07:36.604 1546 1821 D PasspointManager: ANQP entry not found for: b2:d3:8d:49:9b:a2:
10-19 02:07:36.607 801 2457 D vendor.qti.bluetooth@1.0-wake_lock: Release wakelock is released
10-19 02:07:36.611 2957 3942 I hpplay-java: [P:loadClass:1]:APIFileUtil:getMd5ByFile: 812db4527f575bbf58d5a380008b6a85
10-19 02:07:36.611 2957 3942 I hpplay-java: [P:loadClass:1]:APIFileUtil:getMd5ByFile: /data/user/0/com.hryt.lebotp/files/hpplay/hpdata/60057/28112/liblelink.so
10-19 02:07:36.612 2957 3942 I hpplay-java: [P:loadClass:1]:APIFileUtil:api:60057
10-19 02:07:36.612 2957 3942 I hpplay-java: bu:28112
10-19 02:07:36.612 2957 3942 I hpplay-java: bu.dat:812db4527f575bbf58d5a380008b6a85
10-19 02:07:36.612 2957 3942 I hpplay-java: [P:loadClass:1]:APIFileUtil:getMd5ByFile: /data/user/0/com.hryt.lebotp/files/hpplay/hpdata/60057/28112/bu.dex
10-19 02:07:36.621 3940 3940 I Perf : Connecting to perf service.
10-19 02:07:36.622 2957 3942 I hpplay-java: [P:loadClass:1]:APIFileUtil:getMd5ByFile: 812db4527f575bbf58d5a380008b6a85
10-19 02:07:36.622 2957 3942 I hpplay-java: [P:loadClass:1]:APIFileUtil:getMd5ByFile: /data/user/0/com.hryt.lebotp/files/hpplay/hpdata/60057/28112/liblelink.so
10-19 02:07:36.622 2957 3942 I hpplay-java: [P:loadClass:1]:ModuleLoader:checkDex cleanedFolders size:1
10-19 02:07:36.626 3940 3940 V GraphicsEnvironment: ANGLE Developer option for 'com.qti.ltebc' set to: 'default'
10-19 02:07:36.626 3940 3940 V GraphicsEnvironment: ANGLE GameManagerService for com.qti.ltebc: false
10-19 02:07:36.627 3940 3940 D NetworkSecurityConfig: Using Network Security Config from resource network_security_config debugBuild: false
10-19 02:07:36.628 3940 3940 D NetworkSecurityConfig: Using Network Security Config from resource network_security_config debugBuild: false
10-19 02:07:36.630 2986 3169 E MediaProvider: Creating a non-default top level directory or deleting an existing one is not allowed!
10-19 02:07:36.631 2986 3169 E MediaProvider: Creating a non-default top level directory or deleting an existing one is not allowed!
10-19 02:07:36.632 1546 1546 I notification_enqueue: [1000,1546,android,17303299,com.android.wifi,0,Notification(channel=NETWORK_AVAILABLE shortcut=null contentView=null vibrate=null sound=null tick defaults=0x0 flags=0x100 color=0x00000000 actions=2 vis=PRIVATE),0]
10-19 02:07:36.632 3940 3940 D LTE Application: getLibraryName = msp
10-19 02:07:36.633 2957 3942 W hpplay-java: [P:loadClass:1]:APIFileUtil:java.io.FileNotFoundException: /storage/emulated/0/com.hryt.lebotp/sink/sdk/hpdata/60057/28112/bu.dex: open failed: ENOENT (No such file or directory)
10-19 02:07:36.633 2957 3942 W hpplay-java: at libcore.io.IoBridge.open(IoBridge.java:575)
10-19 02:07:36.633 2957 3942 W hpplay-java: at java.io.FileOutputStream.(FileOutputStream.java:236)
10-19 02:07:36.633 2957 3942 W hpplay-java: at java.io.FileOutputStream.(FileOutputStream.java:186)
10-19 02:07:36.633 2957 3942 W hpplay-java: at com.hpplay.sdk.sink.util.APIFileUtil.a(SourceFile:3)
10-19 02:07:36.633 2957 3942 W hpplay-java: at com.hpplay.sdk.sink.util.APIFileUtil.a(SourceFile:28)
10-19 02:07:36.633 2957 3942 W hpplay-java: at com.hpplay.sdk.sink.proxy.ModuleLoader.c(SourceFile:12)
10-19 02:07:36.633 2957 3942 W hpplay-java: at com.hpplay.sdk.sink.proxy.ModuleLoader.d(SourceFile:14)
10-19 02:07:36.633 2957 3942 W hpplay-java: at com.hpplay.sdk.sink.proxy.ModuleLoader.c(SourceFile:1)
10-19 02:07:36.633 2957 3942 W hpplay-java: at com.hpplay.sdk.sink.proxy.ModuleLoader$2.call(SourceFile:1)
10-19 02:07:36.633 2957 3942 W hpplay-java: at com.hpplay.common.asyncmanager.jobs.AsyncCallableJob.run(SourceFile:2)
10-19 02:07:36.633 2957 3942 W hpplay-java: at java.lang.Thread.run(Thread.java:920)
10-19 02:07:36.633 2957 3942 W hpplay-java: Caused by: android.system.ErrnoException: open failed: ENOENT (No such file or directory)
10-19 02:07:36.633 2957 3942 W hpplay-java: at libcore.io.Linux.open(Native Method)
10-19 02:07:36.633 2957 3942 W hpplay-java: at libcore.io.ForwardingOs.open(ForwardingOs.java:567)
10-19 02:07:36.633 2957 3942 W hpplay-java: at libcore.io.BlockGuardOs.open(BlockGuardOs.java:273)
10-19 02:07:36.633 2957 3942 W hpplay-java: at libcore.io.ForwardingOs.open(ForwardingOs.java:567)
10-19 02:07:36.633 2957 3942 W hpplay-java: at android.app.ActivityThread$AndroidOs.open(ActivityThread.java:7766)
10-19 02:07:36.633 2957 3942 W hpplay-java: at libcore.io.IoBridge.open(IoBridge.java:561)
10-19 02:07:36.633 2957 3942 W hpplay-java: ... 10 more
10-19 02:07:36.633 2957 3942 W hpplay-java: [P:loadClass:1]:APIFileUtil:java.io.FileNotFoundException: /storage/emulated/0/com.hryt.lebotp/sink/sdk/hpdata/60057/28112/config.dat: open failed: ENOENT (No such file or directory)
10-19 02:07:36.633 2957 3942 W hpplay-java: at libcore.io.IoBridge.open(IoBridge.java:575)
10-19 02:07:36.633 2957 3942 W hpplay-java: at java.io.FileOutputStream.(FileOutputStream.java:236)
10-19 02:07:36.633 2957 3942 W hpplay-java: at java.io.FileOutputStream.(FileOutputStream.java:186)
10-19 02:07:36.633 2957 3942 W hpplay-java: at com.hpplay.sdk.sink.util.APIFileUtil.a(SourceFile:3)
10-19 02:07:36.633 2957 3942 W hpplay-java: at com.hpplay.sdk.sink.util.APIFileUtil.a(SourceFile:28)
10-19 02:07:36.633 2957 3942 W hpplay-java: at com.hpplay.sdk.sink.proxy.ModuleLoader.c(SourceFile:12)
10-19 02:07:36.633 2957 3942 W hpplay-java: at com.hpplay.sdk.sink.proxy.ModuleLoader.d(SourceFile:14)
10-19 02:07:36.633 2957 3942 W hpplay-java: at com.hpplay.sdk.sink.proxy.ModuleLoader.c(SourceFile:1)
10-19 02:07:36.633 2957 3942 W hpplay-java: at com.hpplay.sdk.sink.proxy.ModuleLoader$2.call(SourceFile:1)
10-19 02:07:36.633 2957 3942 W hpplay-java: at com.hpplay.common.asyncmanager.jobs.AsyncCallableJob.run(SourceFile:2)
10-19 02:07:36.633 2957 3942 W hpplay-java: at java.lang.Thread.run(Thread.java:920)
10-19 02:07:36.633 2957 3942 W hpplay-java: Caused by: android.system.ErrnoException: open failed: ENOENT (No such file or directory)
10-19 02:07:36.633 2957 3942 W hpplay-java: at libcore.io.Linux.open(Native Method)
10-19 02:07:36.633 2957 3942 W hpplay-java: at libcore.io.ForwardingOs.open(ForwardingOs.java:567)
10-19 02:07:36.633 2957 3942 W hpplay-java: at libcore.io.BlockGuardOs.open(BlockGuardOs.java:273)
10-19 02:07:36.633 2957 3942 W hpplay-java: at libcore.io.ForwardingOs.open(ForwardingOs.java:567)
10-19 02:07:36.633 2957 3942 W hpplay-java: at android.app.ActivityThread$AndroidOs.open(ActivityThread.java:7766)
10-19 02:07:36.633 2957 3942 W hpplay-java: at libcore.io.IoBridge.open(IoBridge.java:561)
10-19 02:07:36.633 2957 3942 W hpplay-java: ... 10 more
10-19 02:07:36.639 2986 3169 E MediaProvider: Creating a non-default top level directory or deleting an existing one is not allowed!
10-19 02:07:36.640 2986 3169 E MediaProvider: Creating a non-default top level directory or deleting an existing one is not allowed!
10-19 02:07:36.645 2986 3166 E MediaProvider: Creating a non-default top level directory or deleting an existing one is not allowed!
10-19 02:07:36.646 2986 3166 E MediaProvider: Creating a non-default top level directory or deleting an existing one is not allowed!
10-19 02:07:36.647 2957 3942 W hpplay-java: [P:loadClass:1]:APIFileUtil:java.io.FileNotFoundException: /storage/emulated/0/com.hryt.lebotp/sink/sdk/hpdata/60057/28112/oat/bu.dex.cur.prof: open failed: ENOENT (No such file or directory)
10-19 02:07:36.647 2957 3942 W hpplay-java: at libcore.io.IoBridge.open(IoBridge.java:575)
10-19 02:07:36.647 2957 3942 W hpplay-java: at java.io.FileOutputStream.(FileOutputStream.java:236)
10-19 02:07:36.647 2957 3942 W hpplay-java: at java.io.FileOutputStream.(FileOutputStream.java:186)
10-19 02:07:36.647 2957 3942 W hpplay-java: at com.hpplay.sdk.sink.util.APIFileUtil.a(SourceFile:3)
10-19 02:07:36.647 2957 3942 W hpplay-java: at com.hpplay.sdk.sink.util.APIFileUtil.a(SourceFile:28)
10-19 02:07:36.647 2957 3942 W hpplay-java: at com.hpplay.sdk.sink.util.APIFileUtil.a(SourceFile:32)
10-19 02:07:36.647 2957 3942 W hpplay-java: at com.hpplay.sdk.sink.proxy.ModuleLoader.c(SourceFile:12)
10-19 02:07:36.647 2957 3942 W hpplay-java: at com.hpplay.sdk.sink.proxy.ModuleLoader.d(SourceFile:14)
10-19 02:07:36.647 2957 3942 W hpplay-java: at com.hpplay.sdk.sink.proxy.ModuleLoader.c(SourceFile:1)
10-19 02:07:36.647 2957 3942 W hpplay-java: at com.hpplay.sdk.sink.proxy.ModuleLoader$2.call(SourceFile:1)
10-19 02:07:36.647 2957 3942 W hpplay-java: at com.hpplay.common.asyncmanager.jobs.AsyncCallableJob.run(SourceFile:2)
10-19 02:07:36.647 2957 3942 W hpplay-java: at java.lang.Thread.run(Thread.java:920)
10-19 02:07:36.647 2957 3942 W hpplay-java: Caused by: android.system.ErrnoException: open failed: ENOENT (No such file or directory)
10-19 02:07:36.647 2957 3942 W hpplay-java: at libcore.io.Linux.open(Native Method)
10-19 02:07:36.647 2957 3942 W hpplay-java: at libcore.io.ForwardingOs.open(ForwardingOs.java:567)
10-19 02:07:36.647 2957 3942 W hpplay-java: at libcore.io.BlockGuardOs.open(BlockGuardOs.java:273)
10-19 02:07:36.647 2957 3942 W hpplay-java: at libcore.io.ForwardingOs.open(ForwardingOs.java:567)
10-19 02:07:36.647 2957 3942 W hpplay-java: at android.app.ActivityThread$AndroidOs.open(ActivityThread.java:7766)
10-19 02:07:36.647 2957 3942 W hpplay-java: at libcore.io.IoBridge.open(IoBridge.java:561)
10-19 02:07:36.647 2957 3942 W hpplay-java: ... 11 more
10-19 02:07:36.649 2326 2326 W WifiDebugService: Can not find target wifi network : hht_test_wifi_fc4318c9
10-19 02:07:36.651 2986 3169 E MediaProvider: Creating a non-default top level directory or deleting an existing one is not allowed!
10-19 02:07:36.652 2986 3169 E MediaProvider: Creating a non-default top level directory or deleting an existing one is not allowed!
10-19 02:07:36.653 2957 3942 W hpplay-java: [P:loadClass:1]:APIFileUtil:java.io.FileNotFoundException: /storage/emulated/0/com.hryt.lebotp/sink/sdk/hpdata/60057/28112/oat/arm/bu.vdex: open failed: ENOENT (No such file or directory)
10-19 02:07:36.653 2957 3942 W hpplay-java: at libcore.io.IoBridge.open(IoBridge.java:575)
10-19 02:07:36.653 2957 3942 W hpplay-java: at java.io.FileOutputStream.(FileOutputStream.java:236)
10-19 02:07:36.653 2957 3942 W hpplay-java: at java.io.FileOutputStream.(FileOutputStream.java:186)
10-19 02:07:36.653 2957 3942 W hpplay-java: at com.hpplay.sdk.sink.util.APIFileUtil.a(SourceFile:3)
10-19 02:07:36.653 2957 3942 W hpplay-java: at com.hpplay.sdk.sink.util.APIFileUtil.a(SourceFile:28)
10-19 02:07:36.653 2957 3942 W hpplay-java: at com.hpplay.sdk.sink.util.APIFileUtil.a(SourceFile:32)
10-19 02:07:36.653 2957 3942 W hpplay-java: at com.hpplay.sdk.sink.util.APIFileUtil.a(SourceFile:32)
10-19 02:07:36.653 2957 3942 W hpplay-java: at com.hpplay.sdk.sink.proxy.ModuleLoader.c(SourceFile:12)
10-19 02:07:36.653 2957 3942 W hpplay-java: at com.hpplay.sdk.sink.proxy.ModuleLoader.d(SourceFile:14)
10-19 02:07:36.653 2957 3942 W hpplay-java: at com.hpplay.sdk.sink.proxy.ModuleLoader.c(SourceFile:1)
10-19 02:07:36.653 2957 3942 W hpplay-java: at com.hpplay.sdk.sink.proxy.ModuleLoader$2.call(SourceFile:1)
10-19 02:07:36.653 2957 3942 W hpplay-java: at com.hpplay.common.asyncmanager.jobs.AsyncCallableJob.run(SourceFile:2)
10-19 02:07:36.653 2957 3942 W hpplay-java: at java.lang.Thread.run(Thread.java:920)
10-19 02:07:36.653 2957 3942 W hpplay-java: Caused by: android.system.ErrnoException: open failed: ENOENT (No such file or directory)
10-19 02:07:36.653 2957 3942 W hpplay-java: at libcore.io.Linux.open(Native Method)
10-19 02:07:36.653 2957 3942 W hpplay-java: at libcore.io.ForwardingOs.open(ForwardingOs.java:567)
10-19 02:07:36.653 2957 3942 W hpplay-java: at libcore.io.BlockGuardOs.open(BlockGuardOs.java:273)
10-19 02:07:36.653 2957 3942 W hpplay-java: at libcore.io.ForwardingOs.open(ForwardingOs.java:567)
10-19 02:07:36.653 2957 3942 W hpplay-java: at android.app.ActivityThread$AndroidOs.open(ActivityThread.java:7766)
10-19 02:07:36.653 2957 3942 W hpplay-java: at libcore.io.IoBridge.open(IoBridge.java:561)
10-19 02:07:36.653 2957 3942 W hpplay-java: ... 12 more
10-19 02:07:36.653 2957 3942 I hpplay-java: [P:loadClass:1]:ModuleLoader:checkDex preparedFolder:/data/user/0/com.hryt.lebotp/files/hpplay/hpdata/60057/28112
10-19 02:07:36.653 2957 3942 I hpplay-java: [P:loadClass:1]:BaseRunnable:P:loadClass:1 onCompletion change name ...
10-19 02:07:36.654 2957 2957 I hpplay-java: [main]:ModuleLoader:handleMessage what: 1
10-19 02:07:36.654 2957 2957 I hpplay-java: [main]:ModuleLoader:loadBu,isFirstLoadBuDex:true
10-19 02:07:36.654 2957 3961 I hpplay-java: [thread-pool-145181184]:BaseRunnable:P:Mloder:2 start running ...
10-19 02:07:36.655 2957 3961 I hpplay-java: [P:Mloder:1]:ModuleLoader:loadDex path: /data/user/0/com.hryt.lebotp/files/hpplay/hpdata/60057/28112/bu.dex library: /data/user/0/com.hryt.lebotp/lib
10-19 02:07:36.657 2957 3961 I ModuleLinkerImp: =====>set DEFAULT_PATH
10-19 02:07:36.661 2957 3961 I PatchUtils: system abis -----> arm64-v8a,armeabi-v7a,armeabi,
10-19 02:07:36.661 2957 3961 I PatchParser: no new patch
10-19 02:07:36.661 2957 3961 I LinkerInfosManager: start find external classloader dex
10-19 02:07:36.662 2957 3961 D SystemHookUtils: dex path /data/user/0/com.hryt.lebotp/files/hpplay/hpdata/60057/28112/bu.dex
10-19 02:07:36.662 2957 3961 W com.hryt.lebot: Opening an oat file without a class loader. Are you using the deprecated DexFile APIs?
10-19 02:07:36.682 2957 3961 I SystemHookUtils: android high version sdk find dex file size 1
10-19 02:07:36.688 2957 3961 I LinkerInfosManager: ================= not patch classloader
10-19 02:07:36.688 2957 3961 I LinkerInfosManager: ================= external path /data/user/0/com.hryt.lebotp/files/hpplay/hpdata/60057/28112/bu.dex
10-19 02:07:36.688 2957 3961 W com.hryt.lebot: Opening an oat file without a class loader. Are you using the deprecated DexFile APIs?
10-19 02:07:36.700 2957 3961 I LinkerInfosManager: =======use local path ==========
10-19 02:07:36.700 2957 3961 I LinkerInfosManager: ================= com.hpplay.component.common.utils.ModuleInfos
10-19 02:07:36.700 2957 3961 I ModuleLoadUtils: main dex find class failed
10-19 02:07:36.700 2957 3961 I SystemHookUtils: parent find class failed
10-19 02:07:36.700 2957 3961 I ModuleLoadUtils: component find class failed
10-19 02:07:36.700 2957 3961 I ModuleLoadUtils: .ModuleInfos not find ...
10-19 02:07:36.700 2957 3961 I ModuleLinkerImp: init time 43
10-19 02:07:36.700 2957 3961 I ModuleLinkerImp: =====> 0
10-19 02:07:36.702 2957 3961 I hpplay-java: [P:Mloder:1]:LBHandler:create name: LelinkCastImpl looper:Looper (main, tid 2) {6fd707e}
10-19 02:07:36.702 2957 3961 I hpplay-java: [P:Mloder:1]:BaseRunnable:P:Mloder:2 onCompletion change name ...
10-19 02:07:36.702 2957 2957 I hpplay-java: [main]:ModuleLoader:handleMessage what: 3
10-19 02:07:36.702 2957 2957 I hpplay-java: [main]:ModuleLoader:mSoPath: null
10-19 02:07:36.702 2957 2957 I hpplay-java: [main]:ModuleLoader:liblelink commit id api:0cfc1d1340f8dba7fba7cd1b7f1733a877d89bb8
10-19 02:07:36.702 2957 3962 I hpplay-java: [setPath]:BaseRunnable:P:setPath:3 start running ...
10-19 02:07:36.707 2957 3962 I hpplay-java: [P:setPath:1]:BuildConfigSupport:isDEBUG DEBUG:false
10-19 02:07:36.708 2957 3962 I hpplay-java: [P:setPath:1]:BuildConfigSupport:getBuVersionCode BU_VERSION_CODE: 28112
10-19 02:07:36.709 2957 3962 I hpplay-java: [P:setPath:1]:BuildConfigSupport:getVersionCode VERSION_CODE:60057
10-19 02:07:36.709 2957 3962 I hpplay-java: [P:setPath:1]:BuildConfigSupport:getBuVersionName BU_VERSION_NAME:2.81.12-2023-10-12-16-20
10-19 02:07:36.709 2957 3962 I hpplay-java: [P:setPath:1]:Utils:getApplication in sub thread
10-19 02:07:36.710 2957 3962 I hpplay-java: [P:setPath:1]:Utils:getApplication in sub thread 3
10-19 02:07:36.711 0 0 I : [ 15.056695] IRQ 5: no longer affine to CPU6
10-19 02:07:36.712 2957 2957 I hpplay-java: [main]:Utils:getApplication in sub thread 2
10-19 02:07:36.712 2957 3962 I hpplay-java: [P:setPath:1]:Utils:getApplication in sub thread 4
10-19 02:07:36.713 2957 3962 I hpplay-java: [P:setPath:1]:LelinkCastImpl:liblelink commit id bu:0cfc1d1340f8dba7fba7cd1b7f1733a877d89bb8
10-19 02:07:36.713 2957 3963 I hpplay-java: [thread-pool-53937708]:BaseRunnable:P:cltType:4 start running ...
10-19 02:07:36.713 2957 3962 I hpplay-java: [P:setPath:1]:LelinkLoader:no external so file found
10-19 02:07:36.714 2957 3962 I hpplay-java: [P:setPath:1]:LelinkLoader:loadSo BU_VERSION_CODE:28112, PackageName:com.hryt.lebotp,loadFile /data/user/0/com.hryt.lebotp/lib/liblelink.so
10-19 02:07:36.716 2957 3963 E ActivityThread: Failed to find provider info for com.tcl.xian.StartandroidService.MyContentProvider
10-19 02:07:36.716 2957 3963 I hpplay-java: [P:cltType:1]:BaseRunnable:P:cltType:4 onCompletion change name ...
10-19 02:07:36.719 2957 3964 I hpplay-java: [thread-pool-251401866]:BaseRunnable:P:buDlod:5 start running ...
10-19 02:07:36.720 2957 3962 I hpplay-java: [P:setPath:1]:LibLoader:loadSo mDefaultPath:/data/user/0/com.hryt.lebotp/lib
10-19 02:07:36.720 2957 3964 I hpplay-java: [P:buDlod:1]:FileRequest:mURL, https://openplat.hpplay.cn/common-conf/img/so/dlnaxmlnew-20210817102523161.xml downloadedSize, 0
10-19 02:07:36.720 2957 3962 I hpplay-java: [P:setPath:1]:LibLoader:getValidPath nativeLibraryDir:/system_ext/app/TCCast/lib/arm
10-19 02:07:36.720 2957 3962 I hpplay-java: [P:setPath:1]:LelinkLoader:getAbiType type:0, lelink64:ee391a5c32ddb23370b8f5e567b7efcb,isSupportArm64:true
10-19 02:07:36.720 2957 3962 I hpplay-java: [P:setPath:1]:LelinkLoader:getAbiType type:0, lelink64:ee391a5c32ddb23370b8f5e567b7efcb,isSupportArm64:true
10-19 02:07:36.721 2957 3962 I hpplay-java: [P:setPath:1]:LibLoader:getValidPath check path:/data/user/0/com.hryt.lebotp/lib/liblelink.so
10-19 02:07:36.721 2957 3962 I hpplay-java: [P:setPath:1]:LibLoader:getValidPath check path:/system_ext/app/TCCast/lib/arm/liblelink.so
10-19 02:07:36.721 2957 3962 I hpplay-java: [P:setPath:1]:LibLoader:getValidPath check path:/data/user/0/com.hryt.lebotp/files/hpplay/file/liblelink.so
10-19 02:07:36.721 2957 3962 I hpplay-java: [P:setPath:1]:LibLoader:getValidPath check path:/system_ext/app/TCCast/lib/arm/liblelink.so
10-19 02:07:36.721 2957 3962 I hpplay-java: [P:setPath:1]:LibLoader:getValidPath check path:/system/app/com.hryt.lebotp/lib/arm/liblelink.so
10-19 02:07:36.721 2957 3962 I hpplay-java: [P:setPath:1]:LibLoader:getValidPath check path:/system/lib/com.hryt.lebotp/liblelink.so
10-19 02:07:36.721 2957 3962 I hpplay-java: [P:setPath:1]:LibLoader:getValidPath check path:/system/etc/liblelink.so
10-19 02:07:36.722 2957 3962 I hpplay-java: [P:setPath:1]:LibLoader:getValidPath check path:/system/lib/liblelink.so
10-19 02:07:36.722 2957 3962 I hpplay-java: [P:setPath:1]:LibLoader:getValidPath check path:/data/app-lib/com.hryt.lebotp/liblelink.so
10-19 02:07:36.722 2957 3962 I hpplay-java: [P:setPath:1]:LibLoader:getValidPath check path:/product/lib/liblelink.so
10-19 02:07:36.722 2957 3962 I hpplay-java: [P:setPath:1]:LibLoader:getValidPath check path:/system/private-app/com.hryt.lebotp/lib/arm/liblelink.so
10-19 02:07:36.722 2957 3962 I hpplay-java: [P:setPath:1]:LibLoader:getValidPath check path:/system_ext/app/TCCast/lib/arm/liblelink.so
10-19 02:07:36.722 2957 3964 I DpmTcmClient: RegisterTcmMonitor from: $Proxy2
10-19 02:07:36.722 2957 3962 I hpplay-java: [P:setPath:1]:LibLoader:getValidPath check path:/data/user/0/com.hryt.lebotp/files/hpplay/common/liblelink.so
10-19 02:07:36.723 2957 3962 I hpplay-java: [P:setPath:1]:LelinkLoader:getAbiType type:0, lelink64:ee391a5c32ddb23370b8f5e567b7efcb,isSupportArm64:true
10-19 02:07:36.726 2957 3964 I hpplay-java: [P:buDlod:1]:FileRequest:totalSize, -1
10-19 02:07:36.726 2957 3964 I hpplay-java: [P:buDlod:1]:BaseRunnable:P:buDlod:5 onCompletion change name ...
10-19 02:07:36.762 2957 3962 I hpplay-java: [P:setPath:1]:BPIFileUtil:getMd5ByFile: 7743D096E8B5915A7C486711255316BA, filePath:/data/user/0/com.hryt.lebotp/files/hpplay/common/liblelink.so
10-19 02:07:36.762 2957 3962 W hpplay-java: [P:setPath:1]:LelinkLoader:error,liblelink.so wrong MD5 7743d096e8b5915a7c486711255316ba, newSoMd5:7743D096E8B5915A7C486711255316BA
10-19 02:07:36.762 2957 3962 I hpplay-java: [P:setPath:1]:LibLoader:getValidPath soPath:/data/user/0/com.hryt.lebotp/files/hpplay/common/liblelink.so
10-19 02:07:36.764 2957 3962 I hpplay-base: liblelink ver: 28112 (Oct 12 2023 16:18:45)
10-19 02:07:36.765 2957 3962 I hpplay-base: liblelink commit id: 0cfc1d1340f8dba7fba7cd1b7f1733a877d89bb8
10-19 02:07:36.765 2957 3962 I hpplay-java: [P:setPath:1]:LibLoader:loadSo lelink true
10-19 02:07:36.765 2957 3962 I hpplay-java: [P:setPath:1]:LelinkLoader:load so from assets java.lang.NumberFormatException: For input string: "lib"
10-19 02:07:36.765 2957 3962 I hpplay-java: [P:setPath:1]:BaseRunnable:P:setPath:3 onCompletion change name ...
10-19 02:07:36.765 2957 2957 I hpplay-java: [main]:ModuleLoader:handleMessage what: 2
10-19 02:07:36.765 2957 2957 I hpplay-java: [main]:LelinkCastWrapper:onLoad isSuccess:true
10-19 02:07:36.825 1546 2639 D BufferPoolAccessor2.0: bufferpool2 0xb400006fa5bd60e8 : 0(0 size) total buffers - 0(0 size) used buffers - 1/7 (recycle/alloc) - 9/24 (fetch/transfer)
10-19 02:07:36.825 1546 2639 D BufferPoolAccessor2.0: evictor expired: 1, evicted: 1
10-19 02:07:36.825 1307 2549 D BufferPoolAccessor2.0: bufferpool2 0xb400007ab428d288 : 0(0 size) total buffers - 0(0 size) used buffers - 5/10 (recycle/alloc) - 5/9 (fetch/transfer)
10-19 02:07:36.825 1307 2549 D BufferPoolAccessor2.0: evictor expired: 1, evicted: 1
10-19 02:07:36.829 1889 2641 D BufferPoolAccessor2.0: bufferpool2 0xb400006fa5bbd328 : 0(0 size) total buffers - 0(0 size) used buffers - 2/7 (recycle/alloc) - 6/36 (fetch/transfer)
10-19 02:07:36.829 1889 2641 D BufferPoolAccessor2.0: evictor expired: 1, evicted: 1
10-19 02:07:36.833 1546 1546 I sysui_multi_action: [757,1501,758,1,793,202,794,0,795,202,796,17303299,797,com.android.wifi,806,android,857,NETWORK_AVAILABLE,858,2,947,0,1500,0,1688,1]
10-19 02:07:36.834 1546 1546 I sysui_multi_action: [757,804,799,note_interruptive,801,0,802,1]
10-19 02:07:36.834 1546 1546 I GameModeConfig: isGameModeOn = true
10-19 02:07:36.834 1546 1546 I GameModeConfig: isGaming = false
10-19 02:07:36.836 1546 1546 W NotificationHistory: Attempted to add notif for locked/gone/disabled user 0
10-19 02:07:36.863 1889 1889 D InterruptionStateProvider: No bubble up: not allowed to bubble: 0|android|17303299|com.android.wifi|1000
10-19 02:07:36.864 1889 1889 D InterruptionStateProvider: No heads up: unimportant notification: 0|android|17303299|com.android.wifi|1000
10-19 02:07:36.864 1889 2275 D PeopleSpaceWidgetMgr: Sbn doesn't contain valid PeopleTileKey: null/0/android
10-19 02:07:36.873 1889 2275 E ndroid.systemu: No package ID 7f found for ID 0x7f030001.
10-19 02:07:36.873 1889 2275 E ContrastColorUtil: Drawable not found: 2130903041
10-19 02:07:36.875 1889 2275 E ndroid.systemu: No package ID 7f found for ID 0x7f030001.
10-19 02:07:36.875 1889 2275 E ContrastColorUtil: Drawable not found: 2130903041
10-19 02:07:36.937 3940 3940 I MSP-JNI : JNI_OnLoad called
10-19 02:07:36.938 3940 3940 E MSP-JNI : Failed to get class in Jload
10-19 02:07:36.938 3940 3940 I MSP-JNI : FindClass - com/qualcomm/ltebc/LTEBroadcastService JNI EXCEPTION CLEARED
10-19 02:07:36.938 3940 3940 I MSP-JNI : JNI_OnLoad: Initializing File Delivery references
10-19 02:07:36.938 3940 3940 I MSP-JNI : FindClass CARRIER_SPECIFIC_CLASS_DEFINITION JNI EXCEPTION CLEARED
10-19 02:07:36.938 3940 3940 I MSP-JNI : JNI_OnLoad: Completed File Delivery initialization
10-19 02:07:36.940 3940 3940 I LTE Application: LTEApplicationCreate
10-19 02:07:36.940 3940 3940 I LTE Application: applicationContext : com.qualcomm.ltebc.LTEQTIApplication@cc7bb2a
10-19 02:07:36.942 3940 3940 I LTE QMI Link: Creating QMI Link
10-19 02:07:36.943 3940 3940 D LTE Application: packageName = com.qti.ltebc versionCode = 5401010 versionName = MSDC_LA_5.4.01.01.0
10-19 02:07:36.943 3940 3940 I LTE Application: LTE Broadcast Library Release Version = MSDC_LA_5.4.01.01.0
10-19 02:07:36.943 3940 3940 D LTE Application: IntentSender : Last intent Status NOT_SENT forcedBroadcast flag = true
10-19 02:07:36.943 3940 3940 D LTE Application: sendBroadcastIntent IntentAction : Sending com.qualcomm.intent.EMBMS_STATUS ACTIVE = false
10-19 02:07:36.944 3940 3940 W SOCKET : ConnectionManager constructor has been initialised
10-19 02:07:36.944 3940 3940 E System : Ignoring attempt to set property "java.net.preferIPv6Addresses" to value "false".
10-19 02:07:36.945 3940 3940 D LTE Application: Android API Version 31
10-19 02:07:36.946 3940 3940 I LTE Application: Package Name : com.qti.ltebc
10-19 02:07:36.947 3940 3940 I LTE Application: app is not whitelisted
10-19 02:07:36.949 3940 3940 I LTE Broadcast Receiver: Broadcast Receiver Received intent : Intent { act=android.intent.action.BOOT_COMPLETED flg=0x89000010 cmp=com.qti.ltebc/com.qualcomm.ltebc.LTEBroadcastBootReceiver (has extras) }
10-19 02:07:36.949 3940 3940 I LTE Broadcast Receiver: Received intent : android.intent.action.BOOT_COMPLETED isBindCalled = false
10-19 02:07:36.949 3940 3940 I LTE Application: startRootServiceASync true
10-19 02:07:36.950 3940 3969 I LTE Application: startRootServiceSync true
10-19 02:07:36.950 3940 3969 I LTE Application: startRootServiceSync initState LTEBC_MSP_NOT_INITIALIZED
10-19 02:07:36.950 3940 3969 I LTE Application: setWakeupMode - mode :WAKEUP_MODE_BG
10-19 02:07:36.950 3940 3969 I LTE Application: startRootServiceSync(): Started from BOOT
10-19 02:07:36.950 3940 3969 I LTE Application: startRootServiceSync(): setting alarm wake up and exit from BOOT 1697652457450
10-19 02:07:36.950 3940 3969 I LTE Application: scheduleNextWakeup appName: null wakeupInFg: false
10-19 02:07:36.950 3940 3969 I LTE Application: wakeupTime is 1697652457450
10-19 02:07:36.950 3940 3969 I LTE Application: Next wakeup will be due to boot
10-19 02:07:36.951 3940 3969 D CompatibilityChangeReporter: Compat change id reported: 160794467; UID 10078; state: ENABLED
10-19 02:07:36.951 1546 2102 I ActivityManager: Killing 3920:com.android.shell/2000 (adj 915): empty #2
10-19 02:07:36.951 1546 2102 I am_kill : [0,3920,com.android.shell,915,empty #2]
10-19 02:07:36.953 1546 3322 D CompatibilityChangeReporter: Compat change id reported: 171306433; UID 10078; state: ENABLED
10-19 02:07:36.954 1546 2102 D CompatibilityChangeReporter: Compat change id reported: 168419799; UID 10061; state: DISABLED
10-19 02:07:36.954 1546 2102 D CompatibilityInfo: mCompatibilityFlags - 4
10-19 02:07:36.954 1546 2102 D CompatibilityInfo: applicationDensity - 240
10-19 02:07:36.954 1546 2102 D CompatibilityInfo: applicationScale - 1.0
10-19 02:07:36.955 2897 2897 D PASRReceiver: Received Intent Intent { act=android.intent.action.BOOT_COMPLETED flg=0x89000010 cmp=com.qti.pasrservice/.PASRReceiver (has extras) }
10-19 02:07:36.955 3940 3969 I LTE Application: Alarm Set to 1697652457450
10-19 02:07:36.956 1546 3322 D CompatibilityInfo: mCompatibilityFlags - 4
10-19 02:07:36.956 1546 3322 D CompatibilityInfo: applicationDensity - 240
10-19 02:07:36.956 1546 3322 D CompatibilityInfo: applicationScale - 1.0
10-19 02:07:36.956 2897 2897 D PASRReceiver: PASRService Auto Boot Started Successfully
10-19 02:07:36.956 2897 2897 E PASRService: onCreate
10-19 02:07:36.956 3940 3969 I com.qti.ltebc: System.exit called, status: 0
10-19 02:07:36.957 3940 3969 I AndroidRuntime: VM exiting with result code 0, cleanup skipped.
10-19 02:07:36.958 2897 2897 D PASRService: PASRService started
10-19 02:07:36.958 1546 1642 I libprocessgroup: Successfully killed process cgroup uid 2000 pid 3920 in 5ms
10-19 02:07:36.958 1546 3322 D CompatibilityInfo: mCompatibilityFlags - 4
10-19 02:07:36.958 1546 3322 D CompatibilityInfo: applicationDensity - 240
10-19 02:07:36.958 1546 3322 D CompatibilityInfo: applicationScale - 1.0
10-19 02:07:36.959 2273 2273 I MStatsReceiver: prop ==
10-19 02:07:36.959 2273 2273 I MStatsReceiver: Received intent but prop is not set.
10-19 02:07:36.960 1546 2102 D CompatibilityChangeReporter: Compat change id reported: 168419799; UID 10082; state: DISABLED
10-19 02:07:36.960 1546 2102 D CompatibilityInfo: mCompatibilityFlags - 4
10-19 02:07:36.960 1546 2102 D CompatibilityInfo: applicationDensity - 240
10-19 02:07:36.960 1546 2102 D CompatibilityInfo: applicationScale - 1.0
10-19 02:07:36.968 1546 2102 D CompatibilityChangeReporter: Compat change id reported: 168419799; UID 10074; state: DISABLED
10-19 02:07:36.968 1546 2102 D CompatibilityInfo: mCompatibilityFlags - 4
10-19 02:07:36.968 1546 2102 D CompatibilityInfo: applicationDensity - 240
10-19 02:07:36.968 1546 2102 D CompatibilityInfo: applicationScale - 1.0
10-19 02:07:36.971 1546 3322 D CompatibilityChangeReporter: Compat change id reported: 168419799; UID 10085; state: DISABLED
10-19 02:07:36.971 1546 3322 D CompatibilityInfo: mCompatibilityFlags - 4
10-19 02:07:36.971 1546 3322 D CompatibilityInfo: applicationDensity - 240
10-19 02:07:36.971 1546 3322 D CompatibilityInfo: applicationScale - 1.0
10-19 02:07:36.971 2594 2594 I QCCAuthMgr: BootReceiver - onReceive
10-19 02:07:36.971 2594 2594 I QCCAuthMgr: android.intent.action.BOOT_COMPLETED intent received
10-19 02:07:36.971 2594 2594 D QCCAuthMgr: SMQContentProvider query uri: content://com.qti.smq.Feedback.provider/smq_settings, selection: key=?, uri_matcher: 1
10-19 02:07:36.972 2594 2594 D QCCAuthMgr: SMQContentProvider query tableName: smq_settings
10-19 02:07:36.972 2594 2594 I QCCAuthMgr: BootReceiver - db is not initial
10-19 02:07:36.973 1546 3322 D CompatibilityChangeReporter: Compat change id reported: 168419799; UID 10090; state: DISABLED
10-19 02:07:36.973 1546 3322 D CompatibilityInfo: mCompatibilityFlags - 4
10-19 02:07:36.973 1546 3322 D CompatibilityInfo: applicationDensity - 240
10-19 02:07:36.973 1546 3322 D CompatibilityInfo: applicationScale - 1.0
10-19 02:07:36.973 1889 2113 I OpenGLRenderer: Davey! duration=9223372021571ms; Flags=0, FrameTimelineVsyncId=498, IntendedVsync=15283198699, Vsync=15283198699, InputEventId=0, HandleInputStart=15292959159, AnimationStart=15292960409, PerformTraversalsStart=15292965513, DrawStart=15312102180, FrameDeadline=15299865365, FrameInterval=15292955930, FrameStartTime=16666666, SyncQueued=15312205409, SyncStart=15312379524, IssueDrawCommandsStart=15312493274, SwapBuffers=15313528794, FrameCompleted=9223372036854775807, DequeueBufferDuration=34844, QueueBufferDuration=788907, GpuCompleted=9223372036854775807, SwapBuffersCompleted=15314832076, DisplayPresentTime=0,
10-19 02:07:36.974 2930 2930 I QCC-Netstat:BootReceiver: android.intent.action.BOOT_COMPLETED received
10-19 02:07:36.975 1546 3322 D CompatibilityInfo: mCompatibilityFlags - 4
10-19 02:07:36.975 1546 3322 D CompatibilityInfo: applicationDensity - 240
10-19 02:07:36.975 1546 3322 D CompatibilityInfo: applicationScale - 1.0
10-19 02:07:36.976 1546 3322 I am_uid_running: 10063
10-19 02:07:36.977 1546 3322 D CompatibilityChangeReporter: Compat change id reported: 135634846; UID 10063; state: DISABLED
10-19 02:07:36.977 1546 1637 D CompatibilityChangeReporter: Compat change id reported: 143937733; UID 10063; state: DISABLED
10-19 02:07:36.982 672 672 D Zygote : Forked child process 3973
10-19 02:07:36.983 1546 1637 I am_proc_start: [0,3973,10063,com.qualcomm.qti.qms.service.connectionsecurity,broadcast,{com.qualcomm.qti.qms.service.connectionsecurity/com.qualcomm.qti.qms.service.connectionsecurity.ConnSecBroadcastReceiver}]
10-19 02:07:36.983 1546 1637 I ActivityManager: Start proc 3973:com.qualcomm.qti.qms.service.connectionsecurity/u0a63 for broadcast {com.qualcomm.qti.qms.service.connectionsecurity/com.qualcomm.qti.qms.service.connectionsecurity.ConnSecBroadcastReceiver}
10-19 02:07:36.988 1546 3322 I ActivityManager: Process com.qti.ltebc (pid 3940) has died: cch+5 CEM
10-19 02:07:36.988 671 671 I Zygote : Process 3940 exited cleanly (0)
10-19 02:07:36.988 1546 3322 I am_proc_died: [0,3940,com.qti.ltebc,905,19]
10-19 02:07:36.989 1546 3322 I am_uid_stopped: 10078
10-19 02:07:36.991 1546 3322 I am_uid_active: 10063
10-19 02:07:36.995 1546 3322 I am_proc_died: [0,3920,com.android.shell,915,19]
10-19 02:07:36.995 671 671 I Zygote : Process 3920 exited due to signal 9 (Killed)
10-19 02:07:36.995 3973 3973 W nectionsecurit: Using default instruction set features for ARM CPU variant (cortex-a9) using conservative defaults
10-19 02:07:36.996 1546 3322 I am_uid_stopped: 2000
10-19 02:07:36.999 3973 3973 E nectionsecurit: Not starting debugger since process cannot load the jdwp agent.
10-19 02:07:36.999 1546 1642 I libprocessgroup: Successfully killed process cgroup uid 10078 pid 3940 in 0ms
10-19 02:07:37.001 3973 3973 D ProcessState: Binder ioctl to enable oneway spam detection failed: Invalid argument
10-19 02:07:37.003 0 0 I [ 15.349882] binder: 3973:3973 ioctl 40046210 fff22a98 returned -22
10-19 02:07:37.007 1546 3322 I am_proc_bound: [0,3973,com.qualcomm.qti.qms.service.connectionsecurity]
10-19 02:07:37.009 1546 3322 D CompatibilityChangeReporter: Compat change id reported: 168419799; UID 10063; state: DISABLED
10-19 02:07:37.009 1546 3322 D CompatibilityInfo: mCompatibilityFlags - 4
10-19 02:07:37.009 1546 3322 D CompatibilityInfo: applicationDensity - 240
10-19 02:07:37.009 1546 3322 D CompatibilityInfo: applicationScale - 1.0
10-19 02:07:37.012 1546 3322 D CompatibilityInfo: mCompatibilityFlags - 4
10-19 02:07:37.012 1546 3322 D CompatibilityInfo: applicationDensity - 240
10-19 02:07:37.012 1546 3322 D CompatibilityInfo: applicationScale - 1.0
10-19 02:07:37.013 3973 3973 D CompatibilityChangeReporter: Compat change id reported: 171979766; UID 10063; state: DISABLED
10-19 02:07:37.018 3973 3973 D ApplicationLoaders: Returning zygote-cached class loader: /system/framework/android.test.base.jar
10-19 02:07:37.032 3973 3973 D nativeloader: classloader namespace configured for unbundled vendor apk. library_path=/vendor/app/ConnectionSecurityService/lib/arm:/vendor/app/ConnectionSecurityService/ConnectionSecurityService.apk!/lib/armeabi-v7a:/vendor/lib
10-19 02:07:37.055 3973 3973 I Perf : Connecting to perf service.
10-19 02:07:37.060 3973 3973 V GraphicsEnvironment: ANGLE Developer option for 'com.qualcomm.qti.qms.service.connectionsecurity' set to: 'default'
10-19 02:07:37.061 3973 3973 V GraphicsEnvironment: ANGLE GameManagerService for com.qualcomm.qti.qms.service.connectionsecurity: false
10-19 02:07:37.061 3973 3973 D NetworkSecurityConfig: No Network Security Config specified, using platform default
10-19 02:07:37.062 3973 3973 D NetworkSecurityConfig: No Network Security Config specified, using platform default
10-19 02:07:37.066 1546 3322 D CompatibilityInfo: mCompatibilityFlags - 4
10-19 02:07:37.066 1546 3322 D CompatibilityInfo: applicationDensity - 240
10-19 02:07:37.066 1546 3322 D CompatibilityInfo: applicationScale - 1.0
10-19 02:07:37.068 2156 2156 D RCSService BC-Receiver: Boot Complete Event Received. Is IMS RCS Single Reg enabled0
10-19 02:07:37.068 2156 2156 D RCSService BC-Receiver: START RCS SERVICE ON BOOTUP
10-19 02:07:37.069 2156 2156 I QRCSService: onStartCommand- Call
10-19 02:07:37.070 2156 3988 I QRCSService: Already HIDL-IUceService is Started
10-19 02:07:37.071 1546 3322 D CompatibilityChangeReporter: Compat change id reported: 168419799; UID 10089; state: DISABLED
10-19 02:07:37.071 1546 3322 D CompatibilityInfo: mCompatibilityFlags - 4
10-19 02:07:37.071 1546 3322 D CompatibilityInfo: applicationDensity - 240
10-19 02:07:37.071 1546 3322 D CompatibilityInfo: applicationScale - 1.0
10-19 02:07:37.072 2951 2951 D hw-ProcessState: Binder ioctl to enable oneway spam detection failed: Invalid argument
10-19 02:07:37.073 0 0 I [ 15.420894] binder: 2951:2951 ioctl 40046210 7fd6807924 returned -22
10-19 02:07:37.074 1546 2102 I am_uid_running: 10086
10-19 02:07:37.074 1546 2102 D CompatibilityChangeReporter: Compat change id reported: 135634846; UID 10086; state: DISABLED
10-19 02:07:37.075 1546 2102 D CompatibilityChangeReporter: Compat change id reported: 177438394; UID 10086; state: DISABLED
10-19 02:07:37.075 1546 2102 D CompatibilityChangeReporter: Compat change id reported: 135772972; UID 10086; state: DISABLED
10-19 02:07:37.075 1546 2102 D CompatibilityChangeReporter: Compat change id reported: 135754954; UID 10086; state: ENABLED
10-19 02:07:37.075 1546 1637 D CompatibilityChangeReporter: Compat change id reported: 143937733; UID 10086; state: ENABLED
10-19 02:07:37.076 1546 3322 D CompatibilityInfo: mCompatibilityFlags - 4
10-19 02:07:37.076 1546 3322 D CompatibilityInfo: applicationDensity - 240
10-19 02:07:37.077 1546 3322 D CompatibilityInfo: applicationScale - 1.0
10-19 02:07:37.082 671 671 D Zygote : Forked child process 3991
10-19 02:07:37.082 1546 1637 I am_proc_start: [0,3991,10086,com.qualcomm.qtil.aptxui,broadcast,{com.qualcomm.qtil.aptxui/com.qualcomm.qtil.aptxui.aptxuiBootReceiver}]
10-19 02:07:37.082 1546 1637 I ActivityManager: Start proc 3991:com.qualcomm.qtil.aptxui/u0a86 for broadcast {com.qualcomm.qtil.aptxui/com.qualcomm.qtil.aptxui.aptxuiBootReceiver}
10-19 02:07:37.092 3991 3991 E omm.qtil.aptxu: Not starting debugger since process cannot load the jdwp agent.
10-19 02:07:37.093 3991 3991 D ProcessState: Binder ioctl to enable oneway spam detection failed: Invalid argument
10-19 02:07:37.095 0 0 I [ 15.441801] binder: 3991:3991 ioctl 40046210 7fd6808274 returned -22
10-19 02:07:37.095 1546 3322 I am_proc_bound: [0,3991,com.qualcomm.qtil.aptxui]
10-19 02:07:37.096 1546 3322 D CompatibilityChangeReporter: Compat change id reported: 168419799; UID 10086; state: DISABLED
10-19 02:07:37.096 1546 3322 D CompatibilityInfo: mCompatibilityFlags - 4
10-19 02:07:37.096 1546 3322 D CompatibilityInfo: applicationDensity - 240
10-19 02:07:37.096 1546 3322 D CompatibilityInfo: applicationScale - 1.0
10-19 02:07:37.099 1546 3322 I am_uid_active: 10086
10-19 02:07:37.101 1546 3322 D CompatibilityInfo: mCompatibilityFlags - 4
10-19 02:07:37.102 1546 3322 D CompatibilityInfo: applicationDensity - 240
10-19 02:07:37.102 1546 3322 D CompatibilityInfo: applicationScale - 1.0
10-19 02:07:37.103 3991 3991 D CompatibilityChangeReporter: Compat change id reported: 171979766; UID 10086; state: ENABLED
10-19 02:07:37.117 2951 2951 I tflite : Initialized TensorFlow Lite runtime.
10-19 02:07:37.119 3991 3991 I Perf : Connecting to perf service.
10-19 02:07:37.122 3991 3991 V GraphicsEnvironment: ANGLE Developer option for 'com.qualcomm.qtil.aptxui' set to: 'default'
10-19 02:07:37.123 3991 3991 V GraphicsEnvironment: ANGLE GameManagerService for com.qualcomm.qtil.aptxui: false
10-19 02:07:37.124 3991 3991 D NetworkSecurityConfig: No Network Security Config specified, using platform default
10-19 02:07:37.124 3991 3991 D NetworkSecurityConfig: No Network Security Config specified, using platform default
10-19 02:07:37.126 3991 3991 I aptxuiApplication: mQssEnabled: false
10-19 02:07:37.126 3991 3991 I aptxuiApplication: aptxui (aptX UI app) Version Name: 4.0.6
10-19 02:07:37.126 3991 3991 I aptxuiApplication: aptxui (aptX UI app) Package Name: com.qualcomm.qtil.aptxui
10-19 02:07:37.126 3991 3991 D aptxuiApplication: creation complete
10-19 02:07:37.129 1546 3322 D CompatibilityInfo: mCompatibilityFlags - 4
10-19 02:07:37.129 1546 3322 D CompatibilityInfo: applicationDensity - 240
10-19 02:07:37.129 1546 3322 D CompatibilityInfo: applicationScale - 1.0
10-19 02:07:37.132 3991 3991 I aptxuiService: onBind: Intent { act=com.qualcomm.qtil.aptxui.aptxuiService cmp=com.qualcomm.qtil.aptxui/.aptxuiService }
10-19 02:07:37.132 1546 3322 D CompatibilityInfo: mCompatibilityFlags - 4
10-19 02:07:37.132 1546 3322 D CompatibilityInfo: applicationDensity - 240
10-19 02:07:37.132 1546 3322 D CompatibilityInfo: applicationScale - 1.0
10-19 02:07:37.134 2175 2175 D TlogClient_BootCompletedReceiver: Receive device boot completed broadcast.
10-19 02:07:37.134 3991 3991 I aptxuiApplication: onServiceConnected: ComponentInfo{com.qualcomm.qtil.aptxui/com.qualcomm.qtil.aptxui.aptxuiService}
10-19 02:07:37.137 2175 2175 D TlogClient_BootCompletedReceiver: starting LogCollectService
10-19 02:07:37.138 1546 3322 D CompatibilityInfo: mCompatibilityFlags - 4
10-19 02:07:37.138 1546 3322 D CompatibilityInfo: applicationDensity - 240
10-19 02:07:37.138 1546 3322 D CompatibilityInfo: applicationScale - 1.0
10-19 02:07:37.138 2175 2175 D TlogClient_BootCompletedReceiver: starting LogCollectService completed.
10-19 02:07:37.140 1546 3322 I ActivityManager: Killing 3973:com.qualcomm.qti.qms.service.connectionsecurity/u0a63 (adj 905): empty #2
10-19 02:07:37.141 1546 3322 I am_kill : [0,3973,com.qualcomm.qti.qms.service.connectionsecurity,905,empty #2]
10-19 02:07:37.143 1546 3322 D CompatibilityInfo: mCompatibilityFlags - 4
10-19 02:07:37.143 1546 3322 D CompatibilityInfo: applicationDensity - 240
10-19 02:07:37.143 1546 3322 D CompatibilityInfo: applicationScale - 1.0
10-19 02:07:37.144 2051 2051 I GameMode_BootCompletedReceiver: Receive device boot completed broadcast, starting ActivityMonitoringService
10-19 02:07:37.145 1546 3322 D CompatibilityInfo: mCompatibilityFlags - 4
10-19 02:07:37.145 1546 3322 D CompatibilityInfo: applicationDensity - 240
10-19 02:07:37.145 1546 3322 D CompatibilityInfo: applicationScale - 1.0
10-19 02:07:37.146 2051 2051 D GameMode_BootCompletedReceiver: starting ActivityMonitoringService completed.
10-19 02:07:37.147 1546 1642 I libprocessgroup: Successfully killed process cgroup uid 10063 pid 3973 in 5ms
10-19 02:07:37.147 1546 2102 D CompatibilityInfo: mCompatibilityFlags - 4
10-19 02:07:37.147 1546 2102 D CompatibilityInfo: applicationDensity - 240
10-19 02:07:37.147 1546 2102 D CompatibilityInfo: applicationScale - 1.0
10-19 02:07:37.148 2173 2173 D TlogServer_DeviceBootReceiver: Receive device boot completed broadcast.
10-19 02:07:37.148 2173 2173 D TlogServer_DeviceBootReceiver: starting CoreService
10-19 02:07:37.149 1546 2102 D CompatibilityInfo: mCompatibilityFlags - 4
10-19 02:07:37.149 1546 2102 D CompatibilityInfo: applicationDensity - 240
10-19 02:07:37.149 1546 2102 D CompatibilityInfo: applicationScale - 1.0
10-19 02:07:37.150 2173 2173 D TlogServer_DeviceBootReceiver: starting CoreService completed.
10-19 02:07:37.151 2173 2173 D TlogServer_CoreService: start Ap Ip Listener
10-19 02:07:37.151 1546 3322 D CompatibilityInfo: mCompatibilityFlags - 4
10-19 02:07:37.151 1546 3322 D CompatibilityInfo: applicationDensity - 240
10-19 02:07:37.151 1546 3322 D CompatibilityInfo: applicationScale - 1.0
10-19 02:07:37.154 2051 2051 I GameMode_ActivityMonitoringService: onActivityLaunch: com.android.launcher3, isGameApp: false
10-19 02:07:37.154 2051 2051 E GameMode_GameModeService: sInstance is null!
10-19 02:07:37.155 2051 2051 D GameMode_GameModeActionUtils: Hide GameMode entry by service!
10-19 02:07:37.155 2051 2051 W ContextImpl: Calling a method in the system process without a qualified user: android.app.ContextImpl.startService:1816 android.content.ContextWrapper.startService:774 com.thundercomm.gamemode.ingame.services.GameModeActionUtils.startGameModeService:118 com.thundercomm.gamemode.ingame.services.GameModeActionUtils.startGameModeEntry:29 com.thundercomm.gamemode.ingame.services.ActivityMonitoringService$1.onActivityLaunch:145
10-19 02:07:37.155 1546 2917 D CompatibilityInfo: mCompatibilityFlags - 4
10-19 02:07:37.155 1546 2917 D CompatibilityInfo: applicationDensity - 240
10-19 02:07:37.155 1546 2917 D CompatibilityInfo: applicationScale - 1.0
10-19 02:07:37.156 1546 2102 D CompatibilityInfo: mCompatibilityFlags - 4
10-19 02:07:37.157 1546 2102 D CompatibilityInfo: applicationDensity - 240
10-19 02:07:37.157 1546 2102 D CompatibilityInfo: applicationScale - 1.0
10-19 02:07:37.157 2051 2051 D GameModeIF_GameModeSettings: getUriFor setting_content_uri_root = content://com.thundercomm.gamemode.api/gamemode_settings , name = gamemode_isgaming
10-19 02:07:37.158 1546 2102 I am_uid_running: 10100
10-19 02:07:37.158 1546 2102 D CompatibilityChangeReporter: Compat change id reported: 135634846; UID 10100; state: DISABLED
10-19 02:07:37.158 1546 2102 D CompatibilityChangeReporter: Compat change id reported: 177438394; UID 10100; state: DISABLED
10-19 02:07:37.158 1546 2102 D CompatibilityChangeReporter: Compat change id reported: 135772972; UID 10100; state: DISABLED
10-19 02:07:37.158 1546 1637 D CompatibilityChangeReporter: Compat change id reported: 143937733; UID 10100; state: DISABLED
10-19 02:07:37.163 0 0 I [ 15.511501] binder: 2051:2051 ioctl 40046210 7fd6806db4 returned -22
10-19 02:07:37.161 1546 1546 I GameModeConfig: Current uri is uri = content://com.thundercomm.gamemode.api/gamemode_settings/gamemode_isgaming
10-19 02:07:37.161 1546 1546 D GameModeIF_GameModeSettings: getUriFor setting_content_uri_root = content://com.thundercomm.gamemode.api/gamemode_settings , name = gamemode_isgaming
10-19 02:07:37.162 2051 2051 D GameModeIF_GameModeSettings: gamemode_isgaming set to 0
10-19 02:07:37.162 2173 2173 D TlogServer_CoreService: Server onStarted: 192.168.4.16
10-19 02:07:37.163 2051 2051 D hw-ProcessState: Binder ioctl to enable oneway spam detection failed: Invalid argument
10-19 02:07:37.164 1546 2917 I am_proc_died: [0,3973,com.qualcomm.qti.qms.service.connectionsecurity,905,19]
10-19 02:07:37.164 672 672 I Zygote : Process 3973 exited due to signal 9 (Killed)
10-19 02:07:37.164 1546 1546 I GameModeConfig: isGameModeOn = true
10-19 02:07:37.164 1546 1546 I GameModeConfig: isGaming = false
10-19 02:07:37.164 1546 2917 I am_uid_stopped: 10063
10-19 02:07:37.164 1546 1546 I GameModeConfig: isGameModeOn = true
10-19 02:07:37.164 1546 1546 I GameModeConfig: isGaming = false
10-19 02:07:37.164 1546 1546 I GameModeConfig: isDisableVoice = true
10-19 02:07:37.165 671 671 D Zygote : Forked child process 4016
10-19 02:07:37.165 884 2924 D AF::TrackHandle: OpPlayAudio: track:55 usage:2 not muted
10-19 02:07:37.166 884 2924 D AF::TrackHandle: OpPlayAudio: track:55 usage:2 not muted
