10-19 02:07:32.457 1546 1636 E DropBoxManagerService: at com.android.server.DropBoxManagerService$2.addData(DropBoxManagerService.java:161)
10-19 02:07:32.457 1546 1636 E DropBoxManagerService: at android.os.DropBoxManager.addData(DropBoxManager.java:333)
10-19 02:07:32.457 1546 1636 E DropBoxManagerService: at android.os.DropBoxManager.addText(DropBoxManager.java:320)
10-19 02:07:32.457 1546 1636 E DropBoxManagerService: at com.android.server.am.ActivityManagerService$16.run(ActivityManagerService.java:8479)
10-19 02:07:32.457 1546 1636 E DropBoxManagerService: at com.android.server.am.ActivityManagerService.addErrorToDropBox(ActivityManagerService.java:8488)
10-19 02:07:32.457 1546 1636 E DropBoxManagerService: at com.android.server.am.ActivityManagerService.handleApplicationWtfInner(ActivityManagerService.java:8221)
10-19 02:07:32.457 1546 1636 E DropBoxManagerService: at com.android.server.am.ActivityManagerService$15.run(ActivityManagerService.java:8187)
10-19 02:07:32.457 1546 1636 E DropBoxManagerService: at android.os.Handler.handleCallback(Handler.java:938)
10-19 02:07:32.457 1546 1636 E DropBoxManagerService: at android.os.Handler.dispatchMessage(Handler.java:99)
10-19 02:07:32.457 1546 1636 E DropBoxManagerService: at android.os.Looper.loopOnce(Looper.java:201)
10-19 02:07:32.457 1546 1636 E DropBoxManagerService: at android.os.Looper.loop(Looper.java:288)
10-19 02:07:32.457 1546 1636 E DropBoxManagerService: at android.os.HandlerThread.run(HandlerThread.java:67)
10-19 02:07:32.457 1546 1636 E DropBoxManagerService: at com.android.server.ServiceThread.run(ServiceThread.java:44)
10-19 02:07:32.457 1546 1636 I am_wtf : [0,1546,system_server,-1,DisplayDeviceConfig,requesting nits when no mapping exists.]
10-19 02:07:32.451 1546 1546 I auditd : type=1400 audit(0.0:97): avc: denied { getattr } for comm="ActivityManager" path="/data/tlog/fatal/dropbox" dev="dm-10" ino=289 scontext=u:r:system_server:s0 tcontext=u:object_r:tlog_data_file:s0 tclass=dir permissive=0
10-19 02:07:32.457 1546 1636 I DropBoxManagerService: add tag=system_server_wtf isTagEnabled=true flags=0x2
10-19 02:07:32.457 1546 1636 E DropBoxManagerService: Can't write: system_server_wtf
10-19 02:07:32.457 1546 1636 E DropBoxManagerService: java.io.IOException: Can't mkdir: /data/tlog/fatal/dropbox
10-19 02:07:32.457 1546 1636 E DropBoxManagerService: at com.android.server.DropBoxManagerService.init(DropBoxManagerService.java:1011)
10-19 02:07:32.457 1546 1636 E DropBoxManagerService: at com.android.server.DropBoxManagerService.addEntry(DropBoxManagerService.java:470)
10-19 02:07:32.457 1546 1636 E DropBoxManagerService: at com.android.server.DropBoxManagerService.addEntry(DropBoxManagerService.java:421)
10-19 02:07:32.457 1546 1636 E DropBoxManagerService: at com.android.server.DropBoxManagerService.addData(DropBoxManagerService.java:392)
10-19 02:07:32.457 1546 1636 E DropBoxManagerService: at com.android.server.DropBoxManagerService$2.addData(DropBoxManagerService.java:161)
10-19 02:07:32.457 1546 1636 E DropBoxManagerService: at android.os.DropBoxManager.addData(DropBoxManager.java:333)
10-19 02:07:32.457 1546 1636 E DropBoxManagerService: at android.os.DropBoxManager.addText(DropBoxManager.java:320)
10-19 02:07:32.457 1546 1636 E DropBoxManagerService: at com.android.server.am.ActivityManagerService$16.run(ActivityManagerService.java:8479)
10-19 02:07:32.457 1546 1636 E DropBoxManagerService: at com.android.server.am.ActivityManagerService.addErrorToDropBox(ActivityManagerService.java:8488)
10-19 02:07:32.457 1546 1636 E DropBoxManagerService: at com.android.server.am.ActivityManagerService.handleApplicationWtfInner(ActivityManagerService.java:8221)
10-19 02:07:32.457 1546 1636 E DropBoxManagerService: at com.android.server.am.ActivityManagerService$15.run(ActivityManagerService.java:8187)
10-19 02:07:32.457 1546 1636 E DropBoxManagerService: at android.os.Handler.handleCallback(Handler.java:938)
10-19 02:07:32.457 1546 1636 E DropBoxManagerService: at android.os.Handler.dispatchMessage(Handler.java:99)
10-19 02:07:32.457 1546 1636 E DropBoxManagerService: at android.os.Looper.loopOnce(Looper.java:201)
10-19 02:07:32.457 1546 1636 E DropBoxManagerService: at android.os.Looper.loop(Looper.java:288)
10-19 02:07:32.457 1546 1636 E DropBoxManagerService: at android.os.HandlerThread.run(HandlerThread.java:67)
10-19 02:07:32.457 1546 1636 E DropBoxManagerService: at com.android.server.ServiceThread.run(ServiceThread.java:44)
10-19 02:07:32.457 1546 1622 I ActivityManagerTiming: OnBootPhase_1000_com.android.server.pm.verify.domain.DomainVerificationService
10-19 02:07:32.458 1546 1622 I ActivityManagerTiming: OnBootPhase_1000_com.android.server.pm.PackageInstallerService$Lifecycle
10-19 02:07:32.458 1546 1622 I ActivityManagerTiming: OnBootPhase_1000_com.android.server.pm.UserManagerService$LifeCycle
10-19 02:07:32.458 1546 1622 I ActivityManagerTiming: OnBootPhase_1000_com.android.server.om.OverlayManagerService
10-19 02:07:32.458 1546 1622 I ActivityManagerTiming: OnBootPhase_1000_com.android.server.SensorPrivacyService
10-19 02:07:32.458 1546 1622 I ActivityManagerTiming: OnBootPhase_1000_com.android.server.thunderperf.ThunderBoostPerfService
10-19 02:07:32.458 1546 1622 I ActivityManagerTiming: OnBootPhase_1000_com.android.server.sensors.SensorService
10-19 02:07:32.458 1546 1622 I ActivityManagerTiming: OnBootPhase_1000_com.android.server.SystemConfigService
10-19 02:07:32.458 1546 1622 I ActivityManagerTiming: OnBootPhase_1000_com.android.server.BatteryService
10-19 02:07:32.458 1546 1622 I ActivityManagerTiming: OnBootPhase_1000_com.android.server.usage.UsageStatsService
10-19 02:07:32.458 1546 1622 I ActivityManagerTiming: OnBootPhase_1000_com.android.server.webkit.WebViewUpdateService
10-19 02:07:32.458 1546 1622 I ActivityManagerTiming: OnBootPhase_1000_com.android.server.CachedDeviceStateService
10-19 02:07:32.458 1546 1622 I ActivityManagerTiming: OnBootPhase_1000_com.android.server.BinderCallsStatsService$LifeCycle
10-19 02:07:32.458 1546 1622 I ActivityManagerTiming: OnBootPhase_1000_com.android.server.LooperStatsService$Lifecycle
10-19 02:07:32.458 1546 1622 I ActivityManagerTiming: OnBootPhase_1000_com.android.server.rollback.RollbackManagerService
10-19 02:07:32.458 1546 1622 I ActivityManagerTiming: OnBootPhase_1000_com.android.server.os.NativeTombstoneManagerService
10-19 02:07:32.458 1546 1622 I ActivityManagerTiming: OnBootPhase_1000_com.android.server.os.BugreportManagerService
10-19 02:07:32.458 1546 1622 I ActivityManagerTiming: OnBootPhase_1000_com.android.server.gpu.GpuService
10-19 02:07:32.458 1546 1782 D RollbackManager: mRollbackLifetimeDurationInMillis=1209600000
10-19 02:07:32.460 1546 1622 I ActivityManagerTiming: OnBootPhase_1000_com.android.server.security.KeyChainSystemService
10-19 02:07:32.460 1546 1622 I ActivityManagerTiming: OnBootPhase_1000_com.android.server.telecom.TelecomLoaderService
10-19 02:07:32.460 1546 1622 I ActivityManagerTiming: OnBootPhase_1000_com.android.server.accounts.AccountManagerService$Lifecycle
10-19 02:07:32.460 1546 1622 I ActivityManagerTiming: OnBootPhase_1000_com.android.server.content.ContentService$Lifecycle
10-19 02:07:32.460 1546 1622 I ActivityManagerTiming: OnBootPhase_1000_com.android.server.DropBoxManagerService
10-19 02:07:32.460 1546 1622 I ActivityManagerTiming: OnBootPhase_1000_com.android.role.RoleService
10-19 02:07:32.460 1546 1622 I ActivityManagerTiming: OnBootPhase_1000_com.android.server.vibrator.VibratorManagerService$Lifecycle
10-19 02:07:32.460 1546 1622 I ActivityManagerTiming: OnBootPhase_1000_com.android.server.alarm.AlarmManagerService
10-19 02:07:32.460 1546 1622 I ActivityManagerTiming: OnBootPhase_1000_com.android.server.devicestate.DeviceStateManagerService
10-19 02:07:32.460 1546 1622 I ActivityManagerTiming: OnBootPhase_1000_com.android.server.BluetoothService
10-19 02:07:32.460 1546 1622 I ActivityManagerTiming: OnBootPhase_1000_com.android.server.connectivity.IpConnectivityMetrics
10-19 02:07:32.460 1546 1622 I ActivityManagerTiming: OnBootPhase_1000_com.android.server.net.watchlist.NetworkWatchlistService$Lifecycle
10-19 02:07:32.460 1546 1622 I ActivityManagerTiming: OnBootPhase_1000_com.android.server.PinnerService
10-19 02:07:32.460 1546 1622 I ActivityManagerTiming: OnBootPhase_1000_com.google.android.startop.iorap.IorapForwardingService
10-19 02:07:32.461 1546 1622 I ActivityManagerTiming: OnBootPhase_1000_com.android.server.ActivityTriggerService
10-19 02:07:32.461 1546 1622 I ActivityManagerTiming: OnBootPhase_1000_com.android.server.integrity.AppIntegrityManagerService
10-19 02:07:32.461 1546 1622 I ActivityManagerTiming: OnBootPhase_1000_com.android.server.inputmethod.InputMethodManagerService$Lifecycle
10-19 02:07:32.461 1546 1622 I ActivityManagerTiming: OnBootPhase_1000_com.android.server.accessibility.AccessibilityManagerService$Lifecycle
10-19 02:07:32.461 1546 1622 I ActivityManagerTiming: OnBootPhase_1000_com.android.server.StorageManagerService$Lifecycle
10-19 02:07:32.461 1546 1622 I ActivityManagerTiming: OnBootPhase_1000_com.android.server.usage.StorageStatsService$Lifecycle
10-19 02:07:32.461 1546 1622 I ActivityManagerTiming: OnBootPhase_1000_com.android.server.UiModeManagerService
10-19 02:07:32.461 1546 1813 D StorageManagerService: Thinking about init, mBootCompleted=true, mDaemonConnected=true
10-19 02:07:32.461 1546 1813 D StorageManagerService: Thinking about reset, mBootCompleted=true, mDaemonConnected=true
10-19 02:07:32.461 1546 1813 I StorageSessionController: Started resetting external storage service...
10-19 02:07:32.461 1546 1813 I StorageSessionController: Finished resetting external storage service
10-19 02:07:32.461 1546 1813 I StorageManagerService: Resetting vold...
10-19 02:07:32.461 1546 1813 I StorageManagerService: Reset vold
10-19 02:07:32.462 1546 1780 D AppStandbyController: Loading headless system app cache. appIdleEnabled=false
10-19 02:07:32.466 526 526 I vold : onUserAdded: 0
10-19 02:07:32.466 1546 1622 I ActivityManagerTiming: OnBootPhase_1000_com.android.server.locksettings.LockSettingsService$Lifecycle
10-19 02:07:32.466 1546 1622 I ActivityManagerTiming: OnBootPhase_1000_com.android.server.PersistentDataBlockService
10-19 02:07:32.466 1546 1622 I ActivityManagerTiming: OnBootPhase_1000_com.android.server.testharness.TestHarnessModeService
10-19 02:07:32.466 1546 1622 D TestHarnessModeService: Completing Test Harness Mode setup.
10-19 02:07:32.473 1546 1622 I ActivityManagerTiming: OnBootPhase_1000_com.android.server.oemlock.OemLockService
10-19 02:07:32.473 1546 1622 I ActivityManagerTiming: OnBootPhase_1000_com.android.server.DeviceIdleController
10-19 02:07:32.473 1546 1622 I ActivityManagerTiming: OnBootPhase_1000_com.android.server.devicepolicy.DevicePolicyManagerService$Lifecycle
10-19 02:07:32.473 1546 1622 I ActivityManagerTiming: OnBootPhase_1000_com.android.server.texttospeech.TextToSpeechManagerService
10-19 02:07:32.473 1546 1622 I ActivityManagerTiming: OnBootPhase_1000_com.android.server.speech.SpeechRecognitionManagerService
10-19 02:07:32.473 1546 1622 I ActivityManagerTiming: OnBootPhase_1000_com.android.server.searchui.SearchUiManagerService
10-19 02:07:32.473 1546 1622 I ActivityManagerTiming: OnBootPhase_1000_com.android.server.smartspace.SmartspaceManagerService
10-19 02:07:32.473 1546 1622 I ActivityManagerTiming: OnBootPhase_1000_com.android.server.graphics.fonts.FontManagerService$Lifecycle
10-19 02:07:32.473 1546 1622 I ActivityManagerTiming: OnBootPhase_1000_com.android.server.textservices.TextServicesManagerService$Lifecycle
10-19 02:07:32.473 1546 1622 I ActivityManagerTiming: OnBootPhase_1000_com.android.server.textclassifier.TextClassificationManagerService$Lifecycle
10-19 02:07:32.473 1546 1622 I ActivityManagerTiming: OnBootPhase_1000_com.android.server.NetworkScoreService$Lifecycle
10-19 02:07:32.473 1546 1622 I ActivityManagerTiming: OnBootPhase_1000_com.android.server.wifi.WifiService
10-19 02:07:32.473 1546 1622 I ActivityManagerTiming: OnBootPhase_1000_com.android.server.wifi.scanner.WifiScanningService
10-19 02:07:32.473 1546 1622 I ActivityManagerTiming: OnBootPhase_1000_com.android.server.wifi.rtt.RttService
10-19 02:07:32.473 1546 1622 I ActivityManagerTiming: OnBootPhase_1000_com.android.server.wifi.aware.WifiAwareService
10-19 02:07:32.473 1546 1622 I ActivityManagerTiming: OnBootPhase_1000_com.android.server.wifi.p2p.WifiP2pService
10-19 02:07:32.473 1546 1622 I ActivityManagerTiming: OnBootPhase_1000_com.android.server.ethernet.EthernetService
10-19 02:07:32.473 1546 1622 I ActivityManagerTiming: OnBootPhase_1000_com.android.server.ConnectivityServiceInitializer
10-19 02:07:32.474 1546 1622 I ActivityManagerTiming: OnBootPhase_1000_com.android.server.notification.NotificationManagerService
10-19 02:07:32.474 1546 1622 I ActivityManagerTiming: OnBootPhase_1000_com.android.server.storage.DeviceStorageMonitorService
10-19 02:07:32.474 1546 1622 I ActivityManagerTiming: OnBootPhase_1000_com.android.server.location.LocationManagerService$Lifecycle
10-19 02:07:32.474 1546 1622 I ActivityManagerTiming: OnBootPhase_1000_com.android.server.timedetector.TimeDetectorService$Lifecycle
10-19 02:07:32.474 1546 1622 I ActivityManagerTiming: OnBootPhase_1000_com.android.server.timezonedetector.TimeZoneDetectorService$Lifecycle
10-19 02:07:32.474 1546 1622 I ActivityManagerTiming: OnBootPhase_1000_com.android.server.timezonedetector.location.LocationTimeZoneManagerService$Lifecycle
10-19 02:07:32.474 1546 1622 I ActivityManagerTiming: OnBootPhase_1000_com.android.server.search.SearchManagerService$Lifecycle
10-19 02:07:32.474 1546 1622 I ActivityManagerTiming: OnBootPhase_1000_com.android.server.wallpaper.WallpaperManagerService$Lifecycle
10-19 02:07:32.474 1546 1622 I ActivityManagerTiming: OnBootPhase_1000_com.android.server.audio.AudioService$Lifecycle
10-19 02:07:32.474 1546 1622 I ActivityManagerTiming: OnBootPhase_1000_com.android.server.soundtrigger_middleware.SoundTriggerMiddlewareService$Lifecycle
10-19 02:07:32.474 1546 1622 I ActivityManagerTiming: OnBootPhase_1000_com.android.server.DockObserver
10-19 02:07:32.474 1546 1622 I ActivityManagerTiming: OnBootPhase_1000_com.android.server.midi.MidiService$Lifecycle
10-19 02:07:32.474 1546 1622 I ActivityManagerTiming: OnBootPhase_1000_com.android.server.adb.AdbService$Lifecycle
10-19 02:07:32.474 1546 1622 I ActivityManagerTiming: OnBootPhase_1000_com.android.server.usb.UsbService$Lifecycle
10-19 02:07:32.474 1546 1622 I ActivityManagerTiming: OnBootPhase_1000_com.android.server.twilight.TwilightService
10-19 02:07:32.474 1546 1622 I ActivityManagerTiming: OnBootPhase_1000_com.android.server.display.color.ColorDisplayService
10-19 02:07:32.474 1546 1622 I ActivityManagerTiming: OnBootPhase_1000_com.android.server.job.JobSchedulerService
10-19 02:07:32.474 1546 1622 I ActivityManagerTiming: OnBootPhase_1000_com.android.server.soundtrigger.SoundTriggerService
10-19 02:07:32.474 1546 1622 D SoundTriggerService: onBootPhase: 1000 : false
10-19 02:07:32.474 1546 1622 I ActivityManagerTiming: OnBootPhase_1000_com.android.server.trust.TrustManagerService
10-19 02:07:32.474 1546 1622 I ActivityManagerTiming: OnBootPhase_1000_com.android.server.backup.BackupManagerService$Lifecycle
10-19 02:07:32.474 1546 1622 I ActivityManagerTiming: OnBootPhase_1000_com.android.server.appwidget.AppWidgetService
10-19 02:07:32.474 1546 1622 I ActivityManagerTiming: OnBootPhase_1000_com.android.server.voiceinteraction.VoiceInteractionManagerService
10-19 02:07:32.474 1546 1622 I ActivityManagerTiming: OnBootPhase_1000_com.android.server.apphibernation.AppHibernationService
10-19 02:07:32.474 1546 1622 I ActivityManagerTiming: OnBootPhase_1000_com.android.server.SensorNotificationService
10-19 02:07:32.475 1546 2719 I HibernationStateDiskStore: No hibernation file on disk for file /data/system/hibernation/states
10-19 02:07:32.475 1546 1622 D CompatibilityChangeReporter: Compat change id reported: 168936375; UID 1000; state: DISABLED
10-19 02:07:32.475 1546 1622 D CompatibilityChangeReporter: Compat change id reported: 168936375; UID 1000; state: ENABLED
10-19 02:07:32.475 1546 1618 E AdbDebuggingManager: Expected keyStore, but got tag=adbKey
10-19 02:07:32.475 1546 1618 E AdbDebuggingManager: Expected keyStore, but got tag=adbKey
10-19 02:07:32.476 1546 1622 D CompatibilityChangeReporter: Compat change id reported: 73144566; UID 1000; state: DISABLED
10-19 02:07:32.476 1546 1622 D CompatibilityChangeReporter: Compat change id reported: 73144566; UID 1000; state: ENABLED
10-19 02:07:32.478 1546 1622 I ActivityManagerTiming: OnBootPhase_1000_com.android.server.emergency.EmergencyAffordanceService
10-19 02:07:32.478 1546 1622 I ActivityManagerTiming: OnBootPhase_1000_com.android.server.blob.BlobStoreManagerService
10-19 02:07:32.478 1546 1622 I ActivityManagerTiming: OnBootPhase_1000_com.android.server.dreams.DreamManagerService
10-19 02:07:32.478 1546 1622 I ActivityManagerTiming: OnBootPhase_1000_com.android.server.companion.CompanionDeviceManagerService
10-19 02:07:32.478 1546 1622 I ActivityManagerTiming: OnBootPhase_1000_com.android.server.restrictions.RestrictionsManagerService
10-19 02:07:32.478 1546 1622 I ActivityManagerTiming: OnBootPhase_1000_com.android.server.media.MediaSessionService
10-19 02:07:32.479 1546 1622 I ActivityManagerTiming: OnBootPhase_1000_com.android.server.media.MediaResourceMonitorService
10-19 02:07:32.479 1546 1622 I ActivityManagerTiming: OnBootPhase_1000_com.android.server.biometrics.sensors.fingerprint.FingerprintService
10-19 02:07:32.479 1546 1622 I ActivityManagerTiming: OnBootPhase_1000_com.android.server.biometrics.BiometricService
10-19 02:07:32.479 1546 1622 I ActivityManagerTiming: OnBootPhase_1000_com.android.server.biometrics.AuthService
10-19 02:07:32.479 1546 1622 I ActivityManagerTiming: OnBootPhase_1000_com.android.server.pm.ShortcutService$Lifecycle
10-19 02:07:32.479 1546 1622 I ActivityManagerTiming: OnBootPhase_1000_com.android.server.pm.LauncherAppsService
10-19 02:07:32.479 1546 1622 I ActivityManagerTiming: OnBootPhase_1000_com.android.server.pm.CrossProfileAppsService
10-19 02:07:32.479 1546 1622 I ActivityManagerTiming: OnBootPhase_1000_com.android.server.people.PeopleService
10-19 02:07:32.479 1546 1622 I ActivityManagerTiming: OnBootPhase_1000_com.android.server.media.metrics.MediaMetricsManagerService
10-19 02:07:32.479 1546 1622 I ActivityManagerTiming: OnBootPhase_1000_com.android.server.media.projection.MediaProjectionManagerService
10-19 02:07:32.479 1546 1622 I ActivityManagerTiming: OnBootPhase_1000_com.android.server.slice.SliceManagerService$Lifecycle
10-19 02:07:32.479 1546 1622 I ActivityManagerTiming: OnBootPhase_1000_com.android.server.stats.StatsCompanion$Lifecycle
10-19 02:07:32.479 1546 1622 I ActivityManagerTiming: OnBootPhase_1000_com.android.server.scheduling.RebootReadinessManagerService$Lifecycle
10-19 02:07:32.479 1546 1622 I ActivityManagerTiming: OnBootPhase_1000_com.android.server.stats.pull.StatsPullAtomService
10-19 02:07:32.479 1546 1622 I ActivityManagerTiming: OnBootPhase_1000_com.android.server.incident.IncidentCompanionService
10-19 02:07:32.479 1546 1622 I ActivityManagerTiming: OnBootPhase_1000_com.android.server.MmsServiceBroker
10-19 02:07:32.479 1546 1622 I ActivityManagerTiming: OnBootPhase_1000_com.android.server.autofill.AutofillManagerService
10-19 02:07:32.479 1546 1622 I ActivityManagerTiming: OnBootPhase_1000_com.android.server.clipboard.ClipboardService
10-19 02:07:32.479 1546 1622 I ActivityManagerTiming: OnBootPhase_1000_com.android.server.appbinding.AppBindingService$Lifecycle
10-19 02:07:32.479 1546 1622 I ActivityManagerTiming: OnBootPhase_1000_com.android.server.tracing.TracingServiceProxy
10-19 02:07:32.479 1546 1622 I ActivityManagerTiming: OnBootPhase_1000_com.android.server.policy.PermissionPolicyService
10-19 02:07:32.479 1546 1622 I ActivityManagerTiming: OnBootPhase_1000_com.android.server.pm.StagingManager$Lifecycle
10-19 02:07:32.479 1546 1622 I ActivityManagerTiming: OnBootPhase_1000_com.android.server.app.GameManagerService$Lifecycle
10-19 02:07:32.479 1546 1622 D GameManagerService: onBootCompleted
10-19 02:07:32.479 1546 1622 I ActivityManagerTiming: OnBootPhase_1000_com.android.server.appsearch.AppSearchManagerService
10-19 02:07:32.480 1546 1622 I ActivityManagerTiming: OnBootPhase_1000_com.android.server.media.MediaCommunicationService
10-19 02:07:32.480 1546 1622 D ActivityManagerTiming: TotalBootTime took to complete: 3759ms
10-19 02:07:32.480 1546 1622 D SystemServerInitThreadPool: Shutdown requested
10-19 02:07:32.480 1546 1622 I SystemServerTiming: WaitInitThreadPoolShutdown
10-19 02:07:32.481 1546 1622 D SystemServerInitThreadPool: Shutdown successful
10-19 02:07:32.483 1546 1622 I uc_finish_user_boot: 0
10-19 02:07:32.483 1546 1622 I ActivityManager: User 0 state changed from BOOTING to RUNNING_LOCKED
10-19 02:07:32.483 1546 1622 I am_user_state_changed: [0,1]
10-19 02:07:32.483 1546 1622 W ActivityManager: UserLifecycleEvent 4 received without an active userJourneySession.
10-19 02:07:32.483 1546 1622 I uc_send_user_broadcast: [0,android.intent.action.LOCKED_BOOT_COMPLETED]
10-19 02:07:32.484 1546 1622 D StorageManagerService: unlockUserKey: 0 isFileEncryptedNativeOrEmulated: true hasToken: false hasSecret: false
10-19 02:07:32.484 526 526 D vold : fscrypt_unlock_user_key 0 serial=0
10-19 02:07:32.486 526 526 D vold : Trying user CE key /data/misc/vold/user_keys/ce/0/current
10-19 02:07:32.494 526 526 D vold : Successfully retrieved key
10-19 02:07:32.500 526 526 D vold : Installed fscrypt key with ref 7aa2613c8844559dde0ace0be954c9bf to /data
10-19 02:07:32.500 526 526 D vold : Added fscrypt-provisioning key for 7aa2613c8844559dde0ace0be954c9bf to session keyring
10-19 02:07:32.500 526 526 D vold : Installed ce key for user 0
10-19 02:07:32.501 1546 1622 I uc_finish_user_unlocking: 0
10-19 02:07:32.501 1546 1622 W ActivityManager: UserLifecycleEvent 5 received without an active userJourneySession.
10-19 02:07:32.501 1546 1622 D ActivityManager: Started unlocking user 0
10-19 02:07:32.501 1546 1622 D ActivityManager: Unlocking user 0 progress 0
10-19 02:07:32.501 1546 1622 D ActivityManager: Unlocking user 0 progress 5
10-19 02:07:32.503 526 526 D vold : fscrypt_prepare_user_storage for volume null, user 0, serial 0, flags 2
10-19 02:07:32.503 526 526 D vold : Preparing: /data/system_ce/0
10-19 02:07:32.503 526 526 D vold : Preparing: /data/misc_ce/0
10-19 02:07:32.503 526 526 D vold : Preparing: /data/vendor_ce/0
10-19 02:07:32.503 526 526 D vold : Preparing: /data/media/0
10-19 02:07:32.503 1546 1622 D ColorDisplayService: setUp: currentUser=0
10-19 02:07:32.504 526 526 D vold : Preparing: /data/data
10-19 02:07:32.504 526 526 I vold : Verified that /data/system_ce/0 has the encryption policy 7aa2613c8844559dde0ace0be954c9bf v2 modes 1/4 flags 0xa
10-19 02:07:32.504 526 526 I vold : Verified that /data/misc_ce/0 has the encryption policy 7aa2613c8844559dde0ace0be954c9bf v2 modes 1/4 flags 0xa
10-19 02:07:32.504 526 526 I vold : Verified that /data/vendor_ce/0 has the encryption policy 7aa2613c8844559dde0ace0be954c9bf v2 modes 1/4 flags 0xa
10-19 02:07:32.504 526 526 I vold : Verified that /data/media/0 has the encryption policy 7aa2613c8844559dde0ace0be954c9bf v2 modes 1/4 flags 0xa
10-19 02:07:32.504 526 526 I vold : Verified that /data/data has the encryption policy 7aa2613c8844559dde0ace0be954c9bf v2 modes 1/4 flags 0xa
10-19 02:07:32.504 526 526 D vold : Starting restorecon of /data/system_ce/0
10-19 02:07:32.505 1546 1636 D CompatibilityChangeReporter: Compat change id reported: 168419799; UID 10088; state: DISABLED
10-19 02:07:32.508 1546 2101 I am_uid_running: 10082
10-19 02:07:32.508 1546 2101 D CompatibilityChangeReporter: Compat change id reported: 135634846; UID 10082; state: DISABLED
10-19 02:07:32.508 1546 2101 D CompatibilityChangeReporter: Compat change id reported: 177438394; UID 10082; state: DISABLED
10-19 02:07:32.508 1546 2101 D CompatibilityChangeReporter: Compat change id reported: 135772972; UID 10082; state: DISABLED
10-19 02:07:32.508 1546 2101 D CompatibilityChangeReporter: Compat change id reported: 135754954; UID 10082; state: ENABLED
10-19 02:07:32.508 1546 1637 D CompatibilityChangeReporter: Compat change id reported: 143937733; UID 10082; state: ENABLED
10-19 02:07:32.511 1546 1622 D ColorDisplayService: onNightDisplayAutoModeChanged: autoMode=0
10-19 02:07:32.511 1546 1622 I ColorDisplayService: Turning off night display
10-19 02:07:32.512 1546 1622 D ColorDisplayService: Setting bright color reduction level: 50
10-19 02:07:32.512 526 526 D vold : Finished restorecon of /data/system_ce/0
10-19 02:07:32.512 526 526 D vold : Starting restorecon of /data/vendor_ce/0
10-19 02:07:32.514 526 526 D vold : Finished restorecon of /data/vendor_ce/0
10-19 02:07:32.514 526 526 D vold : Starting restorecon of /data/misc_ce/0
10-19 02:07:32.514 1546 1674 V DisplayPowerController[0]: Brightness [0.3939394] manual adjustment.
10-19 02:07:32.515 526 526 D vold : Finished restorecon of /data/misc_ce/0
10-19 02:07:32.515 526 526 D vold : /system/bin/vold_prepare_subdirs
10-19 02:07:32.515 526 526 D vold : prepare
10-19 02:07:32.515 526 526 D vold :
10-19 02:07:32.515 526 526 D vold : 0
10-19 02:07:32.515 526 526 D vold : 2
10-19 02:07:32.516 1546 1637 I am_proc_start: [0,2726,10082,com.qualcomm.location,broadcast,{com.qualcomm.location/com.qualcomm.location.LocationServiceReceiver}]
10-19 02:07:32.516 1546 1637 I ActivityManager: Start proc 2726:com.qualcomm.location/u0a82 for broadcast {com.qualcomm.location/com.qualcomm.location.LocationServiceReceiver}
10-19 02:07:32.517 2728 2728 F libc : Fatal signal 6 (SIGABRT), code -1 (SI_QUEUE) in tid 2728 (init), pid 2728 (init)
10-19 02:07:32.528 0 0 W : [ 10.857626] Boot completed
10-19 02:07:32.528 0 0 D [ 10.876463] cnss: MHI status cb is called with reason MISSION_MODE(6)
10-19 02:07:32.528 0 0 I [ 10.876899] binder: 2726:2726 ioctl 40046210 7fd6808274 returned -22
10-19 02:07:32.531 0 0 D [ 10.877861] cnss: Completed event: REGISTER_DRIVER(7), state: 0x10, ret: 0/0
10-19 02:07:32.531 0 0 D [ 10.877866] cnss: PM relax, state: 0x10, count: 0
10-19 02:07:32.531 0 0 E [ 10.878709] register_client_adhoc: find path.src 1 dest 589
10-19 02:07:32.533 0 0 E [ 10.878749] register_client_adhoc: Failed to find path.src 1 dest 589
10-19 02:07:32.533 0 0 E [ 10.879900] [drm: dp_display_init_aux_switch][msm-dp-err][721 ]failed to register notifier (-22)
10-19 02:07:32.535 0 0 E [ 10.882985] register_client_adhoc: find path.src 1 dest 589
10-19 02:07:32.538 0 0 E [ 10.883300] register_client_adhoc: Failed to find path.src 1 dest 589
10-19 02:07:32.538 0 0 E [ 10.884529] [drm: dp_display_init_aux_switch][msm-dp-err][84 ]failed to register notifier (-22)
10-19 02:07:32.539 0 0 E [ 10.887993] register_client_adhoc: find path.src 1 dest 589
10-19 02:07:32.540 1546 2101 I am_proc_bound: [0,2726,com.qualcomm.location]
10-19 02:07:32.541 0 0 E [ 10.888069] register_client_adhoc: Failed to find path.src 1 dest 589
10-19 02:07:32.541 0 0 E [ 10.889190] [drm: dp_display_init_aux_switch][msm-dp-err][54 ]failed to register notifier (-22)
10-19 02:07:32.541 1546 2101 D CompatibilityChangeReporter: Compat change id reported: 168419799; UID 10082; state: DISABLED
10-19 02:07:32.539 2747 2747 I auditd : type=1400 audit(0.0:98): avc: denied { ptrace } for comm="crash_dump64" scontext=u:r:crash_dump:s0 tcontext=u:r:init:s0 tclass=process permissive=0
10-19 02:07:32.544 1546 2101 I am_uid_active: 10082
10-19 02:07:32.547 2728 2728 F libc : crash_dump helper failed to exec, or was killed
10-19 02:07:32.566 1546 1618 V UserDataPreparer: Found /data/user/0 with serial number 0
10-19 02:07:32.566 1546 1618 V UserDataPreparer: Found /data/system_ce/0 with serial number 0
10-19 02:07:32.567 1546 1618 D UserDataPreparer: Setting property: sys.user.0.ce_available=true
10-19 02:07:32.567 1546 1618 V PackageManager: reconcileAppsData for null u0 0x2 migrateAppData=false
10-19 02:07:32.569 1546 2566 D Fingerprint21: Daemon was null, reconnecting, current operation: null
10-19 02:07:32.570 1546 2566 D Fingerprint21: Fingerprint HAL ready, HAL ID: 5326416
10-19 02:07:32.571 1546 1546 D BiometricScheduler/Fingerprint21: [Added] {[0] FingerprintUpdateActiveUserClient, proto=1, owner=android, cookie=0, requestId=-1, userId=0}, new queue size: 1
10-19 02:07:32.571 1546 1546 D BiometricScheduler/Fingerprint21: [Polled] {[0] FingerprintUpdateActiveUserClient, proto=1, owner=android, cookie=0, requestId=-1, userId=0}, State: 0
10-19 02:07:32.571 1546 1546 D BiometricScheduler/Fingerprint21: [Starting] {[0] FingerprintUpdateActiveUserClient, proto=1, owner=android, cookie=0, requestId=-1, userId=0}, State: 0
10-19 02:07:32.571 1546 1546 D BiometricScheduler/Fingerprint21: [Started] {[0] FingerprintUpdateActiveUserClient, proto=1, owner=android, cookie=0, requestId=-1, userId=0}
10-19 02:07:32.577 0 0 D [ 10.925353] qbt: qbt_open: entry minor_no=0 fd_available=1
10-19 02:07:32.577 0 0 D [ 10.925391] qbt: qbt_open: exit : 0 fd_available=0
10-19 02:07:32.577 0 0 D [ 10.925485] qbt: qbt_open: entry minor_no=1 fd_available=0
10-19 02:07:32.577 0 0 D [ 10.925487] qbt: qbt_open: exit : 0 fd_available=0
10-19 02:07:32.579 0 0 D [ 10.925524] qbt: qbt_ioctl: cmd received 107
10-19 02:07:32.579 0 0 D [ 10.925527] qbt: qbt_ioctl: Acquiring wakelock
10-19 02:07:32.589 0 0 W [ 10.934776] QSEECOM: qseecom_load_app: App (fingerpr) does'nt exist, loading apps for first time
10-19 02:07:32.608 1546 2720 W AdbDebuggingManager: Read failed with count -1
10-19 02:07:32.608 1546 2720 E AdbDebuggingManager: Caught an exception opening the socket: java.io.IOException: Connection refused
10-19 02:07:32.611 0 0 E [ 10.958497] bt_ioctl: BT_CMD_PWR_CTRL pwr_cntrl:2
10-19 02:07:32.611 0 0 E [ 10.958509] bt_vreg_unvote: vreg_unvote successful for : qca,bt-vdd-rfa2
10-19 02:07:32.611 0 0 E [ 10.958513] bt_vreg_unvote: vreg_unvote successful for : qca,bt-vdd-rfa1
10-19 02:07:32.611 0 0 E [ 10.958516] bt_vreg_unvote: vreg_unvote successful for : qca,bt-vdd-dig
10-19 02:07:32.611 0 0 E [ 10.958519] bt_vreg_unvote: vreg_unvote successful for : qca,bt-vdd-aon
10-19 02:07:32.634 0 0 I [ 10.981399] binder: 2726:2767 ioctl 40046210 6e4bc97934 returned -22
10-19 02:07:32.634 0 0 D [ 10.982172] cnss: WLFW server arriving: node 7 port 1
10-19 02:07:32.634 0 0 D [ 10.982179] cnss: Posting event: SERVER_ARRIVE(0), state: 0x10 flags: 0x0
10-19 02:07:32.634 0 0 D [ 10.982185] cnss: PM stay awake, state: 0x10, count: 1
10-19 02:07:32.634 0 0 D [ 10.982202] cnss: PM relax, state: 0x10, count: 0
10-19 02:07:32.634 0 0 D [ 10.982209] cnss: PM stay awake, state: 0x10, count: 1
10-19 02:07:32.634 0 0 D [ 10.982213] cnss: Processing driver event: SERVER_ARRIVE(0), state: 0x10
10-19 02:07:32.634 0 0 I [ 10.982219] cnss: QMI WLFW service connected, state: 0x11
10-19 02:07:32.634 0 0 D [ 10.982223] cnss: Sending indication register message, state: 0x11
10-19 02:07:32.638 0 0 D [ 10.985160] cnss: Sending host capability message, state: 0x11
10-19 02:07:32.638 0 0 D [ 10.985168] cnss: Number of clients is 2
10-19 02:07:32.638 0 0 D [ 10.985174] cnss: Assign MSI to user: WAKE, num_vectors: 1, user_base_data: 813, base_vector: 13
10-19 02:07:32.638 0 0 D [ 10.985177] cnss: WAKE MSI base data is 813
10-19 02:07:32.638 0 0 D [ 10.985180] cnss: Calibration done is 1
10-19 02:07:32.638 0 0 D [ 10.985184] cnss: Sending iova starting 0xa0000000 with size 0x10010000
10-19 02:07:32.639 0 0 D [ 10.987448] cnss: PM relax, state: 0x11, count: 0
10-19 02:07:32.646 2380 2380 W ContextImpl: Calling a method in the system process without a qualified user: android.app.ContextImpl.startService:1816 android.content.ContextWrapper.startService:774 android.content.ContextWrapper.startService:774 com.qualcomm.qti.qdma.app.BootReceiver.onBootReceived:115 com.qualcomm.qti.innodme.InnoBootReceiver.onReceive:22
10-19 02:07:32.650 0 0 I [ 10.997566] init: qssi copy & sync /metadata/vold/metadata_encryption/key/encrypted_key to /persist/key/encrypted_key_bak: No such file or directory
10-19 02:07:32.665 0 0 I [ 11.012093] init: qssi copy & sync /metadata/vold/metadata_encryption/key/keymaster_key_blob to /persist/key/keymaster_key_blob_bak: No such file or directory
10-19 02:07:32.665 0 0 I : [ 11.013164] read descriptors
10-19 02:07:32.665 0 0 I : [ 11.013251] read strings
10-19 02:07:32.672 0 0 I [ 11.019962] init: qssi copy & sync /metadata/vold/metadata_encryption/key/secdiscardable to /persist/key/secdiscardable_bak: No such file or directory
10-19 02:07:32.663 1546 2101 I am_uid_running: 10086
10-19 02:07:32.664 1546 2101 D CompatibilityChangeReporter: Compat change id reported: 135634846; UID 10086; state: DISABLED
10-19 02:07:32.664 1546 2101 D CompatibilityChangeReporter: Compat change id reported: 177438394; UID 10086; state: DISABLED
10-19 02:07:32.664 1546 2101 D CompatibilityChangeReporter: Compat change id reported: 135772972; UID 10086; state: DISABLED
10-19 02:07:32.664 1546 2101 D CompatibilityChangeReporter: Compat change id reported: 135754954; UID 10086; state: ENABLED
10-19 02:07:32.664 1546 1637 D CompatibilityChangeReporter: Compat change id reported: 143937733; UID 10086; state: ENABLED
10-19 02:07:32.668 2380 2778 W ContextImpl: Calling a method in the system process without a qualified user: android.app.ContextImpl.startService:1816 android.content.ContextWrapper.startService:774 com.qualcomm.qti.qdma.util.PeriodicCI.run:477 com.qualcomm.qti.qdma.util.PeriodicCI.checkStart:413 com.qualcomm.qti.qdma.util.PeriodicCI.start:396
10-19 02:07:32.670 1546 2561 D PowerManagerService: acquireWakeLockInternal: lock=101426633, flags=0x1, tag="LocationService", ws=null, uid=10082, pid=2726
10-19 02:07:32.670 1546 2561 D PowerManagerService: updateWakeLockSummaryLocked: mWakefulness=Awake, mWakeLockSummary=0x1
10-19 02:07:32.671 1546 2561 D PowerManagerService: updateUserActivitySummaryLocked: groupId=0, mWakefulness=Awake, mUserActivitySummary=0x1, nextTimeout=70803 (in 59784 ms)
10-19 02:07:32.671 1546 2561 D PowerManagerNotifier: onScreenPolicyUpdate: newPolicy=3
10-19 02:07:32.671 1546 2561 D PowerManagerService: updateDisplayPowerStateLocked: displayReady=true, groupId=0, policy=BRIGHT, mWakefulness=Awake, mWakeLockSummary=0x1, mUserActivitySummary=0x1, mBootCompleted=true, screenBrightnessOverride=NaN, useAutoBrightness=true, mScreenBrightnessBoostInProgress=false, mIsVrModeEnabled= false, sQuiescent=false
10-19 02:07:32.671 1546 2561 D PowerManagerService: Acquiring suspend blocker "PowerManagerService.WakeLocks".
10-19 02:07:32.671 1546 2561 D PowerManagerNotifier: onWakeLockAcquired: flags=1, tag="LocationService", packageName=com.qualcomm.location, ownerUid=10082, ownerPid=2726, workSource=null
10-19 02:07:32.673 1546 1637 I am_proc_start: [0,2795,10086,com.qualcomm.qtil.aptxui,broadcast,{com.qualcomm.qtil.aptxui/com.qualcomm.qtil.aptxui.aptxuiBootReceiver}]
10-19 02:07:32.673 1546 1637 I ActivityManager: Start proc 2795:com.qualcomm.qtil.aptxui/u0a86 for broadcast {com.qualcomm.qtil.aptxui/com.qualcomm.qtil.aptxui.aptxuiBootReceiver}
10-19 02:07:32.686 1546 2101 D CompatibilityChangeReporter: Compat change id reported: 182478738; UID 1001; state: DISABLED
10-19 02:07:32.689 1546 2561 D TelephonyRegistry: listen oscl: mHasNotifySubscriptionInfoChangedOccurred==false no callback
10-19 02:07:32.699 0 0 I [ 11.047231] binder: 2795:2795 ioctl 40046210 7fd6808274 returned -22
10-19 02:07:32.698 1546 1621 D BluetoothManagerService: MESSAGE_BLUETOOTH_STATE_CHANGE: BLE_TURNING_ON > BLE_ON
10-19 02:07:32.699 1546 1621 D BluetoothManagerService: Bluetooth is in LE only mode
10-19 02:07:32.699 1546 1621 D BluetoothManagerService: Binding Bluetooth GATT service
10-19 02:07:32.701 1546 2561 I am_proc_bound: [0,2795,com.qualcomm.qtil.aptxui]
10-19 02:07:32.701 1546 1621 D BluetoothManagerService: Sending BLE State Change: BLE_TURNING_ON > BLE_ON
10-19 02:07:32.704 0 0 W [ 11.051548] QSEECOM: qseecom_load_app: App with id 7 (fingerpr) now loaded
10-19 02:07:32.703 1546 2561 D CompatibilityChangeReporter: Compat change id reported: 168419799; UID 10086; state: DISABLED
10-19 02:07:32.706 0 0 I [ 11.054181] init: qssi copy & sync /metadata/vold/metadata_encryption/key/stretching to /persist/key/stretching_bak: No such file or directory
10-19 02:07:32.706 1546 2561 I am_uid_active: 10086
10-19 02:07:32.713 0 0 I [ 11.061083] init: qssi copy & sync /metadata/vold/metadata_encryption/key/version to /persist/key/version_bak: No such file or directory
10-19 02:07:32.729 1546 1618 V PackageManager: reconcileAppsData finished 149 packages
10-19 02:07:32.730 1546 1618 I ActivityManager: User 0 state changed from RUNNING_LOCKED to RUNNING_UNLOCKING
10-19 02:07:32.730 1546 1618 I am_user_state_changed: [0,2]
10-19 02:07:32.731 1546 1618 D ActivityManager: Unlocking user 0 progress 20
10-19 02:07:32.731 1546 1618 W Looper : Slow dispatch took 229ms android.fg h=android.os.Handler c=com.android.server.am.UserController$$ExternalSyntheticLambda3@5b1a75c m=0
10-19 02:07:32.731 1546 1618 W Looper : Slow delivery took 229ms android.fg h=android.os.Handler c=com.android.server.am.UserController$$ExternalSyntheticLambda1@89f133a m=0
10-19 02:07:32.731 1546 1636 I ssm_user_unlocking: 0
10-19 02:07:32.731 1546 1636 I SystemServerTimingAsync: ssm.UnlockingUser-0
10-19 02:07:32.731 1546 1636 I SystemServiceManager: Calling onUnlockingUser 0
10-19 02:07:32.731 1546 1636 I SystemServerTimingAsync: ssm.onUnlockingUser-0_com.android.server.security.FileIntegrityService
10-19 02:07:32.731 1546 1636 I SystemServerTimingAsync: ssm.onUnlockingUser-0_com.android.server.pm.Installer
10-19 02:07:32.731 1546 1636 I SystemServerTimingAsync: ssm.onUnlockingUser-0_com.android.server.os.DeviceIdentifiersPolicyService
10-19 02:07:32.731 1546 1636 I SystemServerTimingAsync: ssm.onUnlockingUser-0_com.android.server.uri.UriGrantsManagerService$Lifecycle
10-19 02:07:32.731 1546 1636 I SystemServerTimingAsync: ssm.onUnlockingUser-0_com.android.server.powerstats.PowerStatsService
10-19 02:07:32.731 1546 1636 I SystemServerTimingAsync: ssm.onUnlockingUser-0_com.android.server.wm.ActivityTaskManagerService$Lifecycle
10-19 02:07:32.731 1546 1636 I SystemServerTimingAsync: ssm.onUnlockingUser-0_com.android.server.am.ActivityManagerService$Lifecycle
10-19 02:07:32.731 1546 1636 I SystemServerTimingAsync: ssm.onUnlockingUser-0_com.android.server.pm.DataLoaderManagerService
10-19 02:07:32.731 1546 1636 I SystemServerTimingAsync: ssm.onUnlockingUser-0_com.android.server.power.PowerManagerService
10-19 02:07:32.731 1546 1636 I SystemServerTimingAsync: ssm.onUnlockingUser-0_com.android.server.power.ThermalManagerService
10-19 02:07:32.731 1546 1636 I SystemServerTimingAsync: ssm.onUnlockingUser-0_com.android.server.power.hint.HintManagerService
10-19 02:07:32.731 1546 1636 I SystemServerTimingAsync: ssm.onUnlockingUser-0_com.android.server.recoverysystem.RecoverySystemService$Lifecycle
10-19 02:07:32.731 1546 1636 I SystemServerTimingAsync: ssm.onUnlockingUser-0_com.android.server.lights.LightsService
10-19 02:07:32.731 1546 1636 I SystemServerTimingAsync: ssm.onUnlockingUser-0_com.android.server.display.DisplayManagerService
10-19 02:07:32.731 1546 1636 I SystemServerTimingAsync: ssm.onUnlockingUser-0_com.android.server.pm.verify.domain.DomainVerificationService
10-19 02:07:32.731 1546 1636 I SystemServerTimingAsync: ssm.onUnlockingUser-0_com.android.server.pm.PackageInstallerService$Lifecycle
10-19 02:07:32.731 1546 1636 I SystemServerTimingAsync: ssm.onUnlockingUser-0_com.android.server.pm.UserManagerService$LifeCycle
10-19 02:07:32.731 1546 1636 I SystemServerTimingAsync: ssm.onUnlockingUser-0_com.android.server.om.OverlayManagerService
10-19 02:07:32.731 1546 1636 I SystemServerTimingAsync: ssm.onUnlockingUser-0_com.android.server.SensorPrivacyService
10-19 02:07:32.731 1546 1636 I SystemServerTimingAsync: ssm.onUnlockingUser-0_com.android.server.thunderperf.ThunderBoostPerfService
10-19 02:07:32.731 1546 1636 I SystemServerTimingAsync: ssm.onUnlockingUser-0_com.android.server.sensors.SensorService
10-19 02:07:32.731 1546 1636 I SystemServerTimingAsync: ssm.onUnlockingUser-0_com.android.server.SystemConfigService
10-19 02:07:32.731 1546 1636 I SystemServerTimingAsync: ssm.onUnlockingUser-0_com.android.server.BatteryService
10-19 02:07:32.731 1546 1636 I SystemServerTimingAsync: ssm.onUnlockingUser-0_com.android.server.usage.UsageStatsService
10-19 02:07:32.731 1546 1636 I SystemServerTimingAsync: ssm.onUnlockingUser-0_com.android.server.webkit.WebViewUpdateService
10-19 02:07:32.731 1546 1636 I SystemServerTimingAsync: ssm.onUnlockingUser-0_com.android.server.CachedDeviceStateService
10-19 02:07:32.731 1546 1636 I SystemServerTimingAsync: ssm.onUnlockingUser-0_com.android.server.BinderCallsStatsService$LifeCycle
10-19 02:07:32.731 1546 1636 I SystemServerTimingAsync: ssm.onUnlockingUser-0_com.android.server.LooperStatsService$Lifecycle
10-19 02:07:32.731 1546 1636 I SystemServerTimingAsync: ssm.onUnlockingUser-0_com.android.server.rollback.RollbackManagerService
10-19 02:07:32.732 1546 1636 I SystemServerTimingAsync: ssm.onUnlockingUser-0_com.android.server.os.NativeTombstoneManagerService
10-19 02:07:32.732 1546 1636 I SystemServerTimingAsync: ssm.onUnlockingUser-0_com.android.server.os.BugreportManagerService
10-19 02:07:32.732 1546 1636 I SystemServerTimingAsync: ssm.onUnlockingUser-0_com.android.server.gpu.GpuService
10-19 02:07:32.732 1546 1636 I SystemServerTimingAsync: ssm.onUnlockingUser-0_com.android.server.security.KeyChainSystemService
10-19 02:07:32.732 1546 1636 I SystemServerTimingAsync: ssm.onUnlockingUser-0_com.android.server.telecom.TelecomLoaderService
10-19 02:07:32.732 1546 1636 I SystemServerTimingAsync: ssm.onUnlockingUser-0_com.android.server.accounts.AccountManagerService$Lifecycle
10-19 02:07:32.732 1546 1636 I SystemServerTimingAsync: ssm.onUnlockingUser-0_com.android.server.content.ContentService$Lifecycle
10-19 02:07:32.732 1546 1636 I SystemServerTimingAsync: ssm.onUnlockingUser-0_com.android.server.DropBoxManagerService
10-19 02:07:32.732 1546 1636 I SystemServerTimingAsync: ssm.onUnlockingUser-0_com.android.role.RoleService
10-19 02:07:32.732 1546 1636 I SystemServerTimingAsync: ssm.onUnlockingUser-0_com.android.server.vibrator.VibratorManagerService$Lifecycle
10-19 02:07:32.732 1546 1636 I SystemServerTimingAsync: ssm.onUnlockingUser-0_com.android.server.alarm.AlarmManagerService
10-19 02:07:32.732 1546 1636 I SystemServerTimingAsync: ssm.onUnlockingUser-0_com.android.server.devicestate.DeviceStateManagerService
10-19 02:07:32.732 1546 1636 I SystemServerTimingAsync: ssm.onUnlockingUser-0_com.android.server.BluetoothService
10-19 02:07:32.732 1546 1636 D BluetoothManagerService: User 0 unlocked
10-19 02:07:32.732 1546 1636 I SystemServerTimingAsync: ssm.onUnlockingUser-0_com.android.server.connectivity.IpConnectivityMetrics
10-19 02:07:32.732 1546 1636 I SystemServerTimingAsync: ssm.onUnlockingUser-0_com.android.server.net.watchlist.NetworkWatchlistService$Lifecycle
10-19 02:07:32.732 1546 1636 I SystemServerTimingAsync: ssm.onUnlockingUser-0_com.android.server.PinnerService
10-19 02:07:32.732 1546 1621 D BluetoothManagerService: MESSAGE_USER_UNLOCKED
10-19 02:07:32.732 1546 1636 I SystemServerTimingAsync: ssm.onUnlockingUser-0_com.google.android.startop.iorap.IorapForwardingService
10-19 02:07:32.732 1546 1636 I SystemServerTimingAsync: ssm.onUnlockingUser-0_com.android.server.ActivityTriggerService
10-19 02:07:32.732 1546 1636 I SystemServerTimingAsync: ssm.onUnlockingUser-0_com.android.server.integrity.AppIntegrityManagerService
10-19 02:07:32.732 1546 1636 I SystemServerTimingAsync: ssm.onUnlockingUser-0_com.android.server.inputmethod.InputMethodManagerService$Lifecycle
10-19 02:07:32.732 1546 1636 I SystemServerTimingAsync: ssm.onUnlockingUser-0_com.android.server.accessibility.AccessibilityManagerService$Lifecycle
10-19 02:07:32.732 1546 1636 I SystemServerTimingAsync: ssm.onUnlockingUser-0_com.android.server.StorageManagerService$Lifecycle
10-19 02:07:32.732 1546 1636 D StorageManagerService: onUnlockUser 0
10-19 02:07:32.733 1546 1636 I StorageSessionController: On user unlock 0
10-19 02:07:32.733 1546 1636 I StorageSessionController: Initialialising...
10-19 02:07:32.733 526 526 I vold : onUserStarted: 0
10-19 02:07:32.735 1546 1636 I SystemServerTimingAsync: ssm.onUnlockingUser-0_com.android.server.usage.StorageStatsService$Lifecycle
10-19 02:07:32.735 1546 1636 I SystemServerTimingAsync: ssm.onUnlockingUser-0_com.android.server.UiModeManagerService
10-19 02:07:32.735 1546 1636 I SystemServerTimingAsync: ssm.onUnlockingUser-0_com.android.server.locksettings.LockSettingsService$Lifecycle
10-19 02:07:32.735 1546 1636 I SystemServerTimingAsync: ssm.onUnlockingUser-0_com.android.server.PersistentDataBlockService
10-19 02:07:32.735 1546 1636 I SystemServerTimingAsync: ssm.onUnlockingUser-0_com.android.server.testharness.TestHarnessModeService
10-19 02:07:32.735 1546 1636 I SystemServerTimingAsync: ssm.onUnlockingUser-0_com.android.server.oemlock.OemLockService
10-19 02:07:32.735 1546 1636 I SystemServerTimingAsync: ssm.onUnlockingUser-0_com.android.server.DeviceIdleController
10-19 02:07:32.735 1546 1636 I SystemServerTimingAsync: ssm.onUnlockingUser-0_com.android.server.devicepolicy.DevicePolicyManagerService$Lifecycle
10-19 02:07:32.735 1546 1636 I SystemServerTimingAsync: ssm.onUnlockingUser-0_com.android.server.texttospeech.TextToSpeechManagerService
10-19 02:07:32.735 1546 2561 V StorageManagerService: Found primary storage at VolumeInfo{emulated;0}:
10-19 02:07:32.735 1546 2561 V StorageManagerService: type=EMULATED diskId=null partGuid= mountFlags=0 mountUserId=0
10-19 02:07:32.735 1546 2561 V StorageManagerService: state=UNMOUNTED
10-19 02:07:32.735 1546 2561 V StorageManagerService: fsType=null fsUuid=null fsLabel=null
10-19 02:07:32.735 1546 2561 V StorageManagerService: path=null internalPath=null
10-19 02:07:32.735 1546 1636 I SystemServerTimingAsync: ssm.onUnlockingUser-0_com.android.server.speech.SpeechRecognitionManagerService
10-19 02:07:32.735 1546 1636 I SystemServerTimingAsync: ssm.onUnlockingUser-0_com.android.server.searchui.SearchUiManagerService
10-19 02:07:32.736 1546 1636 I SystemServerTimingAsync: ssm.onUnlockingUser-0_com.android.server.smartspace.SmartspaceManagerService
10-19 02:07:32.736 1546 1636 I SystemServerTimingAsync: ssm.onUnlockingUser-0_com.android.server.graphics.fonts.FontManagerService$Lifecycle
10-19 02:07:32.736 1546 1813 I StorageManagerService: Mounting volume VolumeInfo{emulated;0}:
10-19 02:07:32.736 1546 1813 I StorageManagerService: type=EMULATED diskId=null partGuid= mountFlags=PRIMARY|VISIBLE
10-19 02:07:32.736 1546 1813 I StorageManagerService: mountUserId=0 state=UNMOUNTED
10-19 02:07:32.736 1546 1813 I StorageManagerService: fsType=null fsUuid=null fsLabel=null
10-19 02:07:32.736 1546 1813 I StorageManagerService: path=null internalPath=null
10-19 02:07:32.736 1546 1636 I SystemServerTimingAsync: ssm.onUnlockingUser-0_com.android.server.textservices.TextServicesManagerService$Lifecycle
10-19 02:07:32.736 526 526 I vold : Executing sdcardfs
10-19 02:07:32.736 1546 1636 W TextServicesManagerService: no available spell checker services found
10-19 02:07:32.736 1546 1636 I SystemServerTimingAsync: ssm.onUnlockingUser-0_com.android.server.textclassifier.TextClassificationManagerService$Lifecycle
10-19 02:07:32.736 1546 1636 I SystemServerTimingAsync: ssm.onUnlockingUser-0_com.android.server.NetworkScoreService$Lifecycle
10-19 02:07:32.736 1546 1636 I SystemServerTimingAsync: ssm.onUnlockingUser-0_com.android.server.wifi.WifiService
10-19 02:07:32.736 526 526 D vold : Waiting for sdcardfs to spin up...
10-19 02:07:32.737 1546 1636 I SystemServerTimingAsync: ssm.onUnlockingUser-0_com.android.server.wifi.scanner.WifiScanningService
10-19 02:07:32.737 1546 1636 I SystemServerTimingAsync: ssm.onUnlockingUser-0_com.android.server.wifi.rtt.RttService
10-19 02:07:32.737 1546 1636 I SystemServerTimingAsync: ssm.onUnlockingUser-0_com.android.server.wifi.aware.WifiAwareService
10-19 02:07:32.737 1546 1636 I SystemServerTimingAsync: ssm.onUnlockingUser-0_com.android.server.wifi.p2p.WifiP2pService
10-19 02:07:32.737 1546 1636 I SystemServerTimingAsync: ssm.onUnlockingUser-0_com.android.server.ethernet.EthernetService
10-19 02:07:32.737 1546 1636 I SystemServerTimingAsync: ssm.onUnlockingUser-0_com.android.server.ConnectivityServiceInitializer
10-19 02:07:32.737 1546 1636 I SystemServerTimingAsync: ssm.onUnlockingUser-0_com.android.server.notification.NotificationManagerService
10-19 02:07:32.737 1546 1636 I SystemServerTimingAsync: ssm.onUnlockingUser-0_com.android.server.storage.DeviceStorageMonitorService
10-19 02:07:32.737 1546 1636 I SystemServerTimingAsync: ssm.onUnlockingUser-0_com.android.server.location.LocationManagerService$Lifecycle
10-19 02:07:32.737 1546 1636 I SystemServerTimingAsync: ssm.onUnlockingUser-0_com.android.server.timedetector.TimeDetectorService$Lifecycle
10-19 02:07:32.737 1546 1636 I SystemServerTimingAsync: ssm.onUnlockingUser-0_com.android.server.timezonedetector.TimeZoneDetectorService$Lifecycle
10-19 02:07:32.737 1546 1636 I SystemServerTimingAsync: ssm.onUnlockingUser-0_com.android.server.timezonedetector.location.LocationTimeZoneManagerService$Lifecycle
10-19 02:07:32.737 1546 1636 I SystemServerTimingAsync: ssm.onUnlockingUser-0_com.android.server.search.SearchManagerService$Lifecycle
10-19 02:07:32.737 1546 1636 I SystemServerTimingAsync: ssm.onUnlockingUser-0_com.android.server.wallpaper.WallpaperManagerService$Lifecycle
10-19 02:07:32.737 1546 1636 I WallpaperManagerService: on-unlock-user-0
10-19 02:07:32.737 1546 1636 I SystemServerTimingAsync: ssm.onUnlockingUser-0_com.android.server.audio.AudioService$Lifecycle
