10-19 02:07:36.521 1422 3576 D LOWI-9.0.0.87.a: [LOWI-Scan] decode_rsn_wpa_ie: LOWI_ENCRYPTION_TYPE_WPA_PSK
10-19 02:07:36.521 1422 3576 D LOWI-9.0.0.87.a: [LOWI-Scan] is_qcom_ie, bss_age: 0
10-19 02:07:36.521 1422 3576 D LOWI-9.0.0.87.a: [LOWI-Scan] BSS 7c:d9:5c:9d:f7:dc LOWI_PHY_MODE_11AC_VHT80(10), Beacon Interval: 100, LOWI_ENCRYPTION_TYPE_WPA_PSK 11mcRanging: Yes, ANQP: No, LCI: No, Civic: No, capability(0x1031): ESS Privacy ShortPreamble
10-19 02:07:36.521 1422 3576 D LOWI-9.0.0.87.a: [LOWI-Scan] BSS 7c:d9:5c:9d:f7:dc FREQ: 5180, cFreq1[40:80:160] = [5190:5210:0] cFreq2 = 0 Country Code = US
10-19 02:07:36.521 1422 3576 D LOWI-9.0.0.87.a: [LOWI-Scan] BSS 7c:d9:5c:9d:f7:dc (wlan0) ASSO: NO AddInfo: 0x0, TSF 0, 00:00:13.706, RSSI: -122, CPL: 127, AGE: 1164, SSID Google nest wifi, TSFDelta: 0x8cf34bca, TXRate: 0
10-19 02:07:36.521 1422 3576 D LOWI-9.0.0.87.a: [LOWI-Scan]
10-19 02:07:36.521 1422 3576 D LOWI-9.0.0.87.a: [LOWI-Scan] print_bss_handler: Report beacon TSF 13712322 as it greater than probe TSF 13706573
10-19 02:07:36.521 1422 3576 D LOWI-9.0.0.87.a: [LOWI-Scan] is_qcom_ie, bss_age: 0
10-19 02:07:36.521 1422 3576 D LOWI-9.0.0.87.a: [LOWI-Scan] BSS 38:a9:1c:35:03:0b LOWI_PHY_MODE_11AC_VHT80(10), Beacon Interval: 100, LOWI_ENCRYPTION_TYPE_OPEN 11mcRanging: No, ANQP: No, LCI: No, Civic: No, capability(0x0101): ESS SpectrumMgmt
10-19 02:07:36.521 1422 3576 D LOWI-9.0.0.87.a: [LOWI-Scan] BSS 38:a9:1c:35:03:0b FREQ: 5180, cFreq1[40:80:160] = [5190:5210:0] cFreq2 = 0 Country Code = US
10-19 02:07:36.521 1546 2917 D WifiNl80211Manager: Scan result ready event
10-19 02:07:36.521 1422 3576 D LOWI-9.0.0.87.a: [LOWI-Scan] BSS 38:a9:1c:35:03:0b (wlan0) ASSO: NO AddInfo: 0x1, TSF 0, 00:00:13.712, RSSI: -104, CPL: 127, AGE: 1156, SSID , TSFDelta: 0xf4898a6e, TXRate: 0
10-19 02:07:36.521 1422 3576 D LOWI-9.0.0.87.a: [LOWI-Scan]
10-19 02:07:36.521 1422 3576 D LOWI-9.0.0.87.a: [LOWI-Scan] print_bss_handler: Report Probe TSF 13706939 as it greater than Beacon TSF 0
10-19 02:07:36.521 1422 3576 D LOWI-9.0.0.87.a: [LOWI-Scan] decode_rsn_wpa_ie: LOWI_ENCRYPTION_TYPE_WPA_PSK
10-19 02:07:36.521 1422 3576 D LOWI-9.0.0.87.a: [LOWI-Scan] is_qcom_ie, bss_age: 0
10-19 02:07:36.521 1422 3576 D LOWI-9.0.0.87.a: [LOWI-Scan] BSS 38:a9:1c:35:03:09 LOWI_PHY_MODE_11AC_VHT80(10), Beacon Interval: 100, LOWI_ENCRYPTION_TYPE_WPA_PSK 11mcRanging: No, ANQP: No, LCI: No, Civic: No, capability(0x0511): ESS Privacy SpectrumMgmt ShortSlotTime
10-19 02:07:36.521 1422 3576 D LOWI-9.0.0.87.a: [LOWI-Scan] BSS 38:a9:1c:35:03:09 FREQ: 5180, cFreq1[40:80:160] = [5190:5210:0] cFreq2 = 0 Country Code = US
10-19 02:07:36.521 1422 3576 D LOWI-9.0.0.87.a: [LOWI-Scan] BSS 38:a9:1c:35:03:09 (wlan0) ASSO: NO AddInfo: 0x0, TSF 0, 00:00:13.706, RSSI: -104, CPL: 127, AGE: 1164, SSID Figure_5G, TSFDelta: 0xf48ce17a, TXRate: 0
10-19 02:07:36.521 1422 3576 D LOWI-9.0.0.87.a: [LOWI-Scan]
10-19 02:07:36.521 1546 2917 D WifiNative: Scan result ready event
10-19 02:07:36.521 1422 3576 D LOWI-9.0.0.87.a: [LOWI-Scan] print_bss_handler: Report beacon TSF 13707207 as it greater than probe TSF 13707207
10-19 02:07:36.521 1422 3576 D LOWI-9.0.0.87.a: [LOWI-Scan] decode_rsn_wpa_ie: LOWI_ENCRYPTION_TYPE_WPA_PSK
10-19 02:07:36.521 1422 3576 D LOWI-9.0.0.87.a: [LOWI-Scan] is_qcom_ie, bss_age: 0
10-19 02:07:36.521 1422 3576 D LOWI-9.0.0.87.a: [LOWI-Scan] BSS 18:6f:2d:81:16:e3 LOWI_PHY_MODE_11NG_HT20(5), Beacon Interval: 100, LOWI_ENCRYPTION_TYPE_WPA_PSK 11mcRanging: No, ANQP: No, LCI: No, Civic: No, capability(0x0531): ESS Privacy ShortPreamble SpectrumMgmt ShortSlotTime
10-19 02:07:36.521 1422 3576 D LOWI-9.0.0.87.a: [LOWI-Scan] BSS 18:6f:2d:81:16:e3 FREQ: 2412, cFreq1[40:80:160] = [2412:0:0] cFreq2 = 0 Country Code = CN
10-19 02:07:36.521 1422 3576 D LOWI-9.0.0.87.a: [LOWI-Scan] BSS 18:6f:2d:81:16:e3 (wlan0) ASSO: NO AddInfo: 0x1, TSF 0, 00:00:13.707, RSSI: -130, CPL: 127, AGE: 1164, SSID ZXHY, TSFDelta: 0xe6a22651, TXRate: 0
10-19 02:07:36.522 1422 3576 D LOWI-9.0.0.87.a: [LOWI-Scan]
10-19 02:07:36.522 1422 3576 D LOWI-9.0.0.87.a: [LOWI-Scan] print_bss_handler: Report Probe TSF 13757183 as it greater than Beacon TSF 13743227
10-19 02:07:36.522 1422 3576 D LOWI-9.0.0.87.a: [LOWI-Scan] decode_rsn_wpa_ie: LOWI_ENCRYPTION_TYPE_WPA_PSK
10-19 02:07:36.522 1422 3576 D LOWI-9.0.0.87.a: [LOWI-Scan] is_qcom_ie, bss_age: 0
10-19 02:07:36.522 1422 3576 D LOWI-9.0.0.87.a: [LOWI-Scan] BSS 7c:d9:5c:9d:f7:e0 LOWI_PHY_MODE_11NG_HT20(5), Beacon Interval: 100, LOWI_ENCRYPTION_TYPE_WPA_PSK 11mcRanging: No, ANQP: No, LCI: No, Civic: No, capability(0x1431): ESS Privacy ShortPreamble ShortSlotTime
10-19 02:07:36.522 1422 3576 D LOWI-9.0.0.87.a: [LOWI-Scan] BSS 7c:d9:5c:9d:f7:e0 FREQ: 2412, cFreq1[40:80:160] = [0:0:0] cFreq2 = 0 Country Code = US
10-19 02:07:36.522 1422 3576 D LOWI-9.0.0.87.a: [LOWI-Scan] BSS 7c:d9:5c:9d:f7:e0 (wlan0) ASSO: NO AddInfo: 0x0, TSF 0, 00:00:13.757, RSSI: -114, CPL: 127, AGE: 1112, SSID Google nest wifi, TSFDelta: 0x8b6eb1a5, TXRate: 0
10-19 02:07:36.522 1422 3576 D LOWI-9.0.0.87.a: [LOWI-Scan]
10-19 02:07:36.522 1422 3576 D LOWI-9.0.0.87.a: [LOWI-Scan] print_bss_handler: Report Probe TSF 13758202 as it greater than Beacon TSF 0
10-19 02:07:36.522 1422 3576 D LOWI-9.0.0.87.a: [LOWI-Scan] decode_rsn_wpa_ie: LOWI_ENCRYPTION_TYPE_WPA_PSK
10-19 02:07:36.522 1422 3576 D LOWI-9.0.0.87.a: [LOWI-Scan] is_qcom_ie, bss_age: 0
10-19 02:07:36.522 1422 3576 D LOWI-9.0.0.87.a: [LOWI-Scan] BSS 18:6f:2d:81:1e:60 LOWI_PHY_MODE_11NG_HT20(5), Beacon Interval: 100, LOWI_ENCRYPTION_TYPE_WPA_PSK 11mcRanging: No, ANQP: No, LCI: No, Civic: No, capability(0x0531): ESS Privacy ShortPreamble SpectrumMgmt ShortSlotTime
10-19 02:07:36.522 1422 3576 D LOWI-9.0.0.87.a: [LOWI-Scan] BSS 18:6f:2d:81:1e:60 FREQ: 2412, cFreq1[40:80:160] = [2412:0:0] cFreq2 = 0 Country Code = CN
10-19 02:07:36.522 1422 3576 D LOWI-9.0.0.87.a: [LOWI-Scan] BSS 18:6f:2d:81:1e:60 (wlan0) ASSO: NO AddInfo: 0x0, TSF 0, 00:00:13.758, RSSI: -92, CPL: 127, AGE: 1112, SSID Testing , TSFDelta: 0xa311b676, TXRate: 0
10-19 02:07:36.522 1422 3576 D LOWI-9.0.0.87.a: [LOWI-Scan]
10-19 02:07:36.522 1422 3576 D LOWI-9.0.0.87.a: [LOWI-Scan] print_bss_handler: Report Probe TSF 13736408 as it greater than Beacon TSF 0
10-19 02:07:36.522 1422 3576 D LOWI-9.0.0.87.a: [LOWI-Scan] is_qcom_ie, bss_age: 0
10-19 02:07:36.522 1422 3576 D LOWI-9.0.0.87.a: [LOWI-Scan] BSS 18:6f:2d:81:1e:61 LOWI_PHY_MODE_11NG_HT20(5), Beacon Interval: 100, LOWI_ENCRYPTION_TYPE_OPEN 11mcRanging: No, ANQP: No, LCI: No, Civic: No, capability(0x0521): ESS ShortPreamble SpectrumMgmt ShortSlotTime
10-19 02:07:36.522 1422 3576 D LOWI-9.0.0.87.a: [LOWI-Scan] BSS 18:6f:2d:81:1e:61 FREQ: 2412, cFreq1[40:80:160] = [2412:0:0] cFreq2 = 0 Country Code = CN
10-19 02:07:36.522 1422 3576 D LOWI-9.0.0.87.a: [LOWI-Scan] BSS 18:6f:2d:81:1e:61 (wlan0) ASSO: NO AddInfo: 0x0, TSF 0, 00:00:13.736, RSSI: -86, CPL: 127, AGE: 1132, SSID Guest_2.4G, TSFDelta: 0xa27316fb, TXRate: 0
10-19 02:07:36.522 1422 3576 D LOWI-9.0.0.87.a: [LOWI-Scan]
10-19 02:07:36.522 1422 3576 D LOWI-9.0.0.87.a: [LOWI-Scan] print_bss_handler: Report Probe TSF 13737558 as it greater than Beacon TSF 0
10-19 02:07:36.522 1422 3576 D LOWI-9.0.0.87.a: [LOWI-Scan] decode_rsn_wpa_ie: LOWI_ENCRYPTION_TYPE_WPA_PSK
10-19 02:07:36.522 1422 3576 D LOWI-9.0.0.87.a: [LOWI-Scan] is_qcom_ie, bss_age: 0
10-19 02:07:36.522 1422 3576 D LOWI-9.0.0.87.a: [LOWI-Scan] BSS 18:6f:2d:81:1e:62 LOWI_PHY_MODE_11NG_HT20(5), Beacon Interval: 100, LOWI_ENCRYPTION_TYPE_WPA_PSK 11mcRanging: No, ANQP: No, LCI: No, Civic: No, capability(0x0531): ESS Privacy ShortPreamble SpectrumMgmt ShortSlotTime
10-19 02:07:36.522 1422 3576 D LOWI-9.0.0.87.a: [LOWI-Scan] BSS 18:6f:2d:81:1e:62 FREQ: 2412, cFreq1[40:80:160] = [2412:0:0] cFreq2 = 0 Country Code = CN
10-19 02:07:36.522 1422 3576 D LOWI-9.0.0.87.a: [LOWI-Scan] BSS 18:6f:2d:81:1e:62 (wlan0) ASSO: NO AddInfo: 0x0, TSF 0, 00:00:13.737, RSSI: -94, CPL: 127, AGE: 1132, SSID ThunderSoft_2.4G, TSFDelta: 0xa27ce539, TXRate: 0
10-19 02:07:36.522 1422 3576 D LOWI-9.0.0.87.a: [LOWI-Scan]
10-19 02:07:36.522 1422 3576 D LOWI-9.0.0.87.a: [LOWI-Scan] print_bss_handler: Report Probe TSF 13738585 as it greater than Beacon TSF 0
10-19 02:07:36.522 1422 3576 D LOWI-9.0.0.87.a: [LOWI-Scan] decode_rsn_wpa_ie: LOWI_ENCRYPTION_TYPE_WPA_PSK
10-19 02:07:36.522 1422 3576 D LOWI-9.0.0.87.a: [LOWI-Scan] is_qcom_ie, bss_age: 0
10-19 02:07:36.522 1422 3576 D LOWI-9.0.0.87.a: [LOWI-Scan] BSS 18:6f:2d:81:1e:63 LOWI_PHY_MODE_11NG_HT20(5), Beacon Interval: 100, LOWI_ENCRYPTION_TYPE_WPA_PSK 11mcRanging: No, ANQP: No, LCI: No, Civic: No, capability(0x0531): ESS Privacy ShortPreamble SpectrumMgmt ShortSlotTime
10-19 02:07:36.522 1422 3576 D LOWI-9.0.0.87.a: [LOWI-Scan] BSS 18:6f:2d:81:1e:63 FREQ: 2412, cFreq1[40:80:160] = [2412:0:0] cFreq2 = 0 Country Code = CN
10-19 02:07:36.522 1422 3576 D LOWI-9.0.0.87.a: [LOWI-Scan] BSS 18:6f:2d:81:1e:63 (wlan0) ASSO: NO AddInfo: 0x0, TSF 0, 00:00:13.738, RSSI: -92, CPL: 127, AGE: 1132, SSID ZXHY, TSFDelta: 0xa28423f7, TXRate: 0
10-19 02:07:36.522 1422 3576 D LOWI-9.0.0.87.a: [LOWI-Scan]
10-19 02:07:36.522 1422 3576 D LOWI-9.0.0.87.a: [LOWI-Scan] print_bss_handler: Report Probe TSF 13771215 as it greater than Beacon TSF 0
10-19 02:07:36.522 1422 3576 D LOWI-9.0.0.87.a: [LOWI-Scan] decode_rsn_wpa_ie: LOWI_ENCRYPTION_TYPE_WPA_PSK
10-19 02:07:36.522 1422 3576 D LOWI-9.0.0.87.a: [LOWI-Scan] is_qcom_ie, bss_age: 0
10-19 02:07:36.522 1422 3576 D LOWI-9.0.0.87.a: [LOWI-Scan] BSS 36:80:9b:cb:a2:74 LOWI_PHY_MODE_11AC_VHT80(10), Beacon Interval: 100, LOWI_ENCRYPTION_TYPE_WPA_PSK 11mcRanging: No, ANQP: No, LCI: No, Civic: No, capability(0x0511): ESS Privacy SpectrumMgmt ShortSlotTime
10-19 02:07:36.522 1422 3576 D LOWI-9.0.0.87.a: [LOWI-Scan] BSS 36:80:9b:cb:a2:74 FREQ: 5200, cFreq1[40:80:160] = [5190:5210:0] cFreq2 = 0 Country Code = US
10-19 02:07:36.522 1422 3576 D LOWI-9.0.0.87.a: [LOWI-Scan] BSS 36:80:9b:cb:a2:74 (wlan0) ASSO: NO AddInfo: 0x0, TSF 0, 00:00:13.771, RSSI: -112, CPL: 127, AGE: 1100, SSID FW-5G, TSFDelta: 0x92ab24db, TXRate: 0
10-19 02:07:36.523 1422 3576 D LOWI-9.0.0.87.a: [LOWI-Scan]
10-19 02:07:36.523 1422 3576 D LOWI-9.0.0.87.a: [LOWI-Scan] print_bss_handler: Report beacon TSF 13743419 as it greater than probe TSF 13743419
10-19 02:07:36.523 1422 3576 D LOWI-9.0.0.87.a: [LOWI-Scan] decode_rsn_wpa_ie: LOWI_ENCRYPTION_TYPE_WPA_PSK
10-19 02:07:36.523 1422 3576 D LOWI-9.0.0.87.a: [LOWI-Scan] is_qcom_ie, bss_age: 0
10-19 02:07:36.523 1422 3576 D LOWI-9.0.0.87.a: [LOWI-Scan] BSS 2e:6d:c1:26:a9:3f LOWI_PHY_MODE_11NG_HT20(5), Beacon Interval: 100, LOWI_ENCRYPTION_TYPE_WPA_PSK 11mcRanging: No, ANQP: No, LCI: No, Civic: No, capability(0x8731): ESS Privacy ShortPreamble SpectrumMgmt QoS ShortSlotTime
10-19 02:07:36.523 1422 3576 D LOWI-9.0.0.87.a: [LOWI-Scan] BSS 2e:6d:c1:26:a9:3f FREQ: 2412, cFreq1[40:80:160] = [0:0:0] cFreq2 = 0 Country Code =
10-19 02:07:36.523 1422 3576 D LOWI-9.0.0.87.a: [LOWI-Scan] BSS 2e:6d:c1:26:a9:3f (wlan0) ASSO: NO AddInfo: 0x1, TSF 0, 00:00:13.743, RSSI: -118, CPL: 127, AGE: 1128, SSID ____________WIFI____________, TSFDelta: 0x53e533cc, TXRate: 0
10-19 02:07:36.523 1422 3576 D LOWI-9.0.0.87.a: [LOWI-Scan]
10-19 02:07:36.523 1422 3576 D LOWI-9.0.0.87.a: [LOWI-Scan] print_bss_handler: Report beacon TSF 13753659 as it greater than probe TSF 13753659
10-19 02:07:36.523 1422 3576 D LOWI-9.0.0.87.a: [LOWI-Scan] is_qcom_ie, bss_age: 0
10-19 02:07:36.523 1422 3576 D LOWI-9.0.0.87.a: [LOWI-Scan] BSS 30:80:9b:cb:a2:74 LOWI_PHY_MODE_11AC_VHT80(10), Beacon Interval: 100, LOWI_ENCRYPTION_TYPE_OPEN 11mcRanging: No, ANQP: No, LCI: No, Civic: No, capability(0x0101): ESS SpectrumMgmt
10-19 02:07:36.523 1422 3576 D LOWI-9.0.0.87.a: [LOWI-Scan] BSS 30:80:9b:cb:a2:74 FREQ: 5200, cFreq1[40:80:160] = [5190:5210:0] cFreq2 = 0 Country Code = US
10-19 02:07:36.523 1422 3576 D LOWI-9.0.0.87.a: [LOWI-Scan] BSS 30:80:9b:cb:a2:74 (wlan0) ASSO: NO AddInfo: 0x1, TSF 0, 00:00:13.753, RSSI: -110, CPL: 127, AGE: 1116, SSID , TSFDelta: 0x9239a68a, TXRate: 0
10-19 02:07:36.523 2864 2864 W ContextImpl: Calling a method in the system process without a qualified user: android.app.ContextImpl.startService:1816 android.content.ContextWrapper.startService:774 com.hryt.hiphishowfsecontrol.mce_app.broadcasts.FseReceiver.onReceive:49 android.app.ActivityThread.handleReceiver:4309 android.app.ActivityThread.access$1600:248
10-19 02:07:36.523 1422 3576 D LOWI-9.0.0.87.a: [LOWI-Scan]
10-19 02:07:36.523 1422 3576 D LOWI-9.0.0.87.a: [LOWI-Scan] print_bss_handler: Report Probe TSF 13814519 as it greater than Beacon TSF 0
10-19 02:07:36.523 1422 3576 D LOWI-9.0.0.87.a: [LOWI-Scan] decode_rsn_wpa_ie: LOWI_ENCRYPTION_TYPE_WPA_PSK
10-19 02:07:36.523 1422 3576 D LOWI-9.0.0.87.a: [LOWI-Scan] is_qcom_ie, bss_age: 0
10-19 02:07:36.523 1422 3576 D LOWI-9.0.0.87.a: [LOWI-Scan] BSS ee:26:5e:57:89:d5 LOWI_PHY_MODE_11AC_VHT80(10), Beacon Interval: 100, LOWI_ENCRYPTION_TYPE_WPA_PSK 11mcRanging: No, ANQP: No, LCI: No, Civic: No, capability(0x1031): ESS Privacy ShortPreamble
10-19 02:07:36.523 1422 3576 D LOWI-9.0.0.87.a: [LOWI-Scan] BSS ee:26:5e:57:89:d5 FREQ: 5220, cFreq1[40:80:160] = [5230:5210:0] cFreq2 = 0 Country Code = CN
10-19 02:07:36.523 1422 3576 D LOWI-9.0.0.87.a: [LOWI-Scan] BSS ee:26:5e:57:89:d5 (wlan0) ASSO: NO AddInfo: 0x0, TSF 0, 00:00:13.814, RSSI: -128, CPL: 127, AGE: 1056, SSID AA AA, TSFDelta: 0xf556b6fa, TXRate: 0
10-19 02:07:36.523 1422 3576 D LOWI-9.0.0.87.a: [LOWI-Scan]
10-19 02:07:36.523 1422 3576 D LOWI-9.0.0.87.a: [LOWI-Scan] print_bss_handler: Report Probe TSF 13814574 as it greater than Beacon TSF 0
10-19 02:07:36.523 1422 3576 D LOWI-9.0.0.87.a: [LOWI-Scan] decode_rsn_wpa_ie: LOWI_ENCRYPTION_TYPE_WPA_PSK
10-19 02:07:36.523 1422 3576 D LOWI-9.0.0.87.a: [LOWI-Scan] is_qcom_ie, bss_age: 0
10-19 02:07:36.523 1422 3576 D LOWI-9.0.0.87.a: [LOWI-Scan] BSS b2:2c:72:49:9b:a2 LOWI_PHY_MODE_11AC_VHT80(10), Beacon Interval: 100, LOWI_ENCRYPTION_TYPE_WPA_PSK 11mcRanging: No, ANQP: Yes, LCI: No, Civic: No, capability(0x1131): ESS Privacy ShortPreamble SpectrumMgmt
10-19 02:07:36.523 1422 3576 D LOWI-9.0.0.87.a: [LOWI-Scan] BSS b2:2c:72:49:9b:a2 FREQ: 5220, cFreq1[40:80:160] = [5230:5210:0] cFreq2 = 0 Country Code = US
10-19 02:07:36.523 1422 3576 D LOWI-9.0.0.87.a: [LOWI-Scan] BSS b2:2c:72:49:9b:a2 (wlan0) ASSO: NO AddInfo: 0x0, TSF 0, 00:00:13.814, RSSI: -164, CPL: 127, AGE: 1056, SSID CHEVROLET_3388, TSFDelta: 0x8eca7e1f, TXRate: 0
10-19 02:07:36.523 1422 3576 D LOWI-9.0.0.87.a: [LOWI-Scan]
10-19 02:07:36.523 1422 3576 D LOWI-9.0.0.87.a: [LOWI-Scan] print_bss_handler: Report beacon TSF 13817610 as it greater than probe TSF 13817610
10-19 02:07:36.523 1422 3576 D LOWI-9.0.0.87.a: [LOWI-Scan] decode_rsn_wpa_ie: LOWI_ENCRYPTION_TYPE_WPA_PSK
10-19 02:07:36.523 1422 3576 D LOWI-9.0.0.87.a: [LOWI-Scan] is_qcom_ie, bss_age: 0
10-19 02:07:36.523 1422 3576 D LOWI-9.0.0.87.a: [LOWI-Scan] BSS 18:6f:2d:31:49:02 LOWI_PHY_MODE_11NG_HT20(5), Beacon Interval: 100, LOWI_ENCRYPTION_TYPE_WPA_PSK 11mcRanging: No, ANQP: No, LCI: No, Civic: No, capability(0x0531): ESS Privacy ShortPreamble SpectrumMgmt ShortSlotTime
10-19 02:07:36.523 1422 3576 D LOWI-9.0.0.87.a: [LOWI-Scan] BSS 18:6f:2d:31:49:02 FREQ: 2417, cFreq1[40:80:160] = [2417:0:0] cFreq2 = 0 Country Code = CN
10-19 02:07:36.523 1422 3576 D LOWI-9.0.0.87.a: [LOWI-Scan] BSS 18:6f:2d:31:49:02 (wlan0) ASSO: NO AddInfo: 0x1, TSF 0, 00:00:13.817, RSSI: -146, CPL: 127, AGE: 1052, SSID ThunderSoft_2.4G, TSFDelta: 0xef73e381, TXRate: 0
10-19 02:07:36.523 1422 3576 D LOWI-9.0.0.87.a: [LOWI-Scan]
10-19 02:07:36.523 1422 3576 D LOWI-9.0.0.87.a: [LOWI-Scan] print_bss_handler: Report Probe TSF 13920177 as it greater than Beacon TSF 13919340
10-19 02:07:36.523 1422 3576 D LOWI-9.0.0.87.a: [LOWI-Scan] decode_rsn_wpa_ie: LOWI_ENCRYPTION_TYPE_WPA_PSK
10-19 02:07:36.523 1422 3576 D LOWI-9.0.0.87.a: [LOWI-Scan] is_qcom_ie, bss_age: 0
10-19 02:07:36.523 1422 3576 D LOWI-9.0.0.87.a: [LOWI-Scan] BSS 1a:51:7e:52:1a:24 LOWI_PHY_MODE_11AC_VHT40(9), Beacon Interval: 100, LOWI_ENCRYPTION_TYPE_WPA_PSK 11mcRanging: No, ANQP: Yes, LCI: No, Civic: No, capability(0x0131): ESS Privacy ShortPreamble SpectrumMgmt
10-19 02:07:36.523 1422 3576 D LOWI-9.0.0.87.a: [LOWI-Scan] BSS 1a:51:7e:52:1a:24 FREQ: 5745, cFreq1[40:80:160] = [5755:0:0] cFreq2 = 0 Country Code = CN
10-19 02:07:36.523 1422 3576 D LOWI-9.0.0.87.a: [LOWI-Scan] BSS 1a:51:7e:52:1a:24 (wlan0) ASSO: NO AddInfo: 0x0, TSF 0, 00:00:13.920, RSSI: -98, CPL: 127, AGE: 948, SSID H3C_EPOCH, TSFDelta: 0x98a1875a, TXRate: 0
10-19 02:07:36.523 1422 3576 D LOWI-9.0.0.87.a: [LOWI-Scan]
10-19 02:07:36.523 1422 3576 D LOWI-9.0.0.87.a: [LOWI-Scan] print_bss_handler: Report beacon TSF 13914529 as it greater than probe TSF 13914529
10-19 02:07:36.523 1422 3576 D LOWI-9.0.0.87.a: [LOWI-Scan] is_qcom_ie, bss_age: 0
10-19 02:07:36.523 1422 3576 D LOWI-9.0.0.87.a: [LOWI-Scan] BSS 14:51:7e:52:1a:24 LOWI_PHY_MODE_11AC_VHT40(9), Beacon Interval: 100, LOWI_ENCRYPTION_TYPE_OPEN 11mcRanging: No, ANQP: Yes, LCI: No, Civic: No, capability(0x0121): ESS ShortPreamble SpectrumMgmt
10-19 02:07:36.523 1422 3576 D LOWI-9.0.0.87.a: [LOWI-Scan] BSS 14:51:7e:52:1a:24 FREQ: 5745, cFreq1[40:80:160] = [5755:0:0] cFreq2 = 0 Country Code = CN
10-19 02:07:36.523 1422 3576 D LOWI-9.0.0.87.a: [LOWI-Scan] BSS 14:51:7e:52:1a:24 (wlan0) ASSO: NO AddInfo: 0x1, TSF 0, 00:00:13.914, RSSI: -98, CPL: 127, AGE: 956, SSID , TSFDelta: 0x987690d1, TXRate: 0
10-19 02:07:36.523 1422 3576 D LOWI-9.0.0.87.a: [LOWI-Scan]
10-19 02:07:36.523 1422 3576 D LOWI-9.0.0.87.a: [LOWI-Scan] print_bss_handler: Report beacon TSF 13966189 as it greater than probe TSF 13961205
10-19 02:07:36.523 1422 3576 D LOWI-9.0.0.87.a: [LOWI-Scan] decode_rsn_wpa_ie: LOWI_ENCRYPTION_TYPE_WPA_PSK
10-19 02:07:36.523 1422 3576 D LOWI-9.0.0.87.a: [LOWI-Scan] is_qcom_ie, bss_age: 0
10-19 02:07:36.523 1422 3576 D LOWI-9.0.0.87.a: [LOWI-Scan] BSS dc:fe:18:77:4e:9c LOWI_PHY_MODE_11AC_VHT80(10), Beacon Interval: 100, LOWI_ENCRYPTION_TYPE_WPA_PSK 11mcRanging: No, ANQP: No, LCI: No, Civic: No, capability(0x0511): ESS Privacy SpectrumMgmt ShortSlotTime
10-19 02:07:36.523 1422 3576 D LOWI-9.0.0.87.a: [LOWI-Scan] BSS dc:fe:18:77:4e:9c FREQ: 5765, cFreq1[40:80:160] = [5755:5775:0] cFreq2 = 0 Country Code =
10-19 02:07:36.523 1422 3576 D LOWI-9.0.0.87.a: [LOWI-Scan] BSS dc:fe:18:77:4e:9c (wlan0) ASSO: NO AddInfo: 0x1, TSF 0, 00:00:13.966, RSSI: -104, CPL: 127, AGE: 904, SSID TP-LINK_5G_4E9A, TSFDelta: 0x844ceebf, TXRate: 0
10-19 02:07:36.524 1422 3576 D LOWI-9.0.0.87.a: [LOWI-Scan]
10-19 02:07:36.524 1422 3576 D LOWI-9.0.0.87.a: [LOWI-Scan] print_bss_handler: Report Probe TSF 13966242 as it greater than Beacon TSF 0
10-19 02:07:36.524 1422 3576 D LOWI-9.0.0.87.a: [LOWI-Scan] decode_rsn_wpa_ie: LOWI_ENCRYPTION_TYPE_WPA_PSK
10-19 02:07:36.524 1546 2917 D CompatibilityInfo: mCompatibilityFlags - 4
10-19 02:07:36.524 1546 2917 D CompatibilityInfo: applicationDensity - 240
10-19 02:07:36.524 1422 3576 D LOWI-9.0.0.87.a: [LOWI-Scan] is_qcom_ie, bss_age: 0
10-19 02:07:36.524 1546 2917 D CompatibilityInfo: applicationScale - 1.0
10-19 02:07:36.524 1422 3576 D LOWI-9.0.0.87.a: [LOWI-Scan] BSS a6:b7:49:58:ad:f1 LOWI_PHY_MODE_11AC_VHT80(10), Beacon Interval: 100, LOWI_ENCRYPTION_TYPE_WPA_PSK 11mcRanging: No, ANQP: Yes, LCI: No, Civic: No, capability(0x1131): ESS Privacy ShortPreamble SpectrumMgmt
10-19 02:07:36.524 1422 3576 D LOWI-9.0.0.87.a: [LOWI-Scan] BSS a6:b7:49:58:ad:f1 FREQ: 5765, cFreq1[40:80:160] = [5755:5775:0] cFreq2 = 0 Country Code = CN
10-19 02:07:36.524 1422 3576 D LOWI-9.0.0.87.a: [LOWI-Scan] BSS a6:b7:49:58:ad:f1 (wlan0) ASSO: NO AddInfo: 0x0, TSF 0, 00:00:13.966, RSSI: -178, CPL: 127, AGE: 904, SSID CADILLAC_7253, TSFDelta: 0xc4089ed4, TXRate: 0
10-19 02:07:36.524 1422 3576 D LOWI-9.0.0.87.a: [LOWI-Scan]
10-19 02:07:36.524 1422 3576 D LOWI-9.0.0.87.a: [LOWI-Scan] print_bss_handler: Report beacon TSF 13994615 as it greater than probe TSF 13994615
10-19 02:07:36.524 1422 3576 D LOWI-9.0.0.87.a: [LOWI-Scan] decode_rsn_wpa_ie: LOWI_ENCRYPTION_TYPE_WPA_PSK
10-19 02:07:36.524 1422 3576 D LOWI-9.0.0.87.a: [LOWI-Scan] is_qcom_ie, bss_age: 0
10-19 02:07:36.524 1422 3576 D LOWI-9.0.0.87.a: [LOWI-Scan] BSS e2:dd:86:73:a0:16 LOWI_PHY_MODE_11AC_VHT80(10), Beacon Interval: 100, LOWI_ENCRYPTION_TYPE_WPA_PSK 11mcRanging: No, ANQP: Yes, LCI: No, Civic: No, capability(0x1131): ESS Privacy ShortPreamble SpectrumMgmt
10-19 02:07:36.524 1422 3576 D LOWI-9.0.0.87.a: [LOWI-Scan] BSS e2:dd:86:73:a0:16 FREQ: 5765, cFreq1[40:80:160] = [5755:5775:0] cFreq2 = 0 Country Code = CN
10-19 02:07:36.524 1422 3576 D LOWI-9.0.0.87.a: [LOWI-Scan] BSS e2:dd:86:73:a0:16 (wlan0) ASSO: NO AddInfo: 0x1, TSF 0, 00:00:13.994, RSSI: -174, CPL: 127, AGE: 876, SSID CADILLAC_6110, TSFDelta: 0xed8d0eca, TXRate: 0
10-19 02:07:36.524 1422 3576 D LOWI-9.0.0.87.a: [LOWI-Scan]
10-19 02:07:36.524 1422 3576 D LOWI-9.0.0.87.a: [LOWI-Scan] print_bss_handler: Report Probe TSF 14053748 as it greater than Beacon TSF 0
10-19 02:07:36.524 1422 3576 D LOWI-9.0.0.87.a: [LOWI-Scan] decode_rsn_wpa_ie: LOWI_ENCRYPTION_TYPE_WPA_PSK
10-19 02:07:36.524 1422 3576 D LOWI-9.0.0.87.a: [LOWI-Scan] is_qcom_ie, bss_age: 0
10-19 02:07:36.524 1422 3576 D LOWI-9.0.0.87.a: [LOWI-Scan] BSS 7c:b5:9b:12:ab:30 LOWI_PHY_MODE_11AC_VHT80(10), Beacon Interval: 100, LOWI_ENCRYPTION_TYPE_WPA_PSK 11mcRanging: No, ANQP: No, LCI: No, Civic: No, capability(0x1011): ESS Privacy
10-19 02:07:36.524 1422 3576 D LOWI-9.0.0.87.a: [LOWI-Scan] BSS 7c:b5:9b:12:ab:30 FREQ: 5785, cFreq1[40:80:160] = [5795:5775:0] cFreq2 = 0 Country Code = CN
10-19 02:07:36.524 1422 3576 D LOWI-9.0.0.87.a: [LOWI-Scan] BSS 7c:b5:9b:12:ab:30 (wlan0) ASSO: NO AddInfo: 0x0, TSF 0, 00:00:14.053, RSSI: -92, CPL: 127, AGE: 816, SSID TP-LINK_AB2E, TSFDelta: 0xf96548bb, TXRate: 0
10-19 02:07:36.524 1422 3576 D LOWI-9.0.0.87.a: [LOWI-Scan]
10-19 02:07:36.524 1422 3576 D LOWI-9.0.0.87.a: [LOWI-Scan] print_bss_handler: Report Probe TSF 14029498 as it greater than Beacon TSF 14015779
10-19 02:07:36.524 1422 3576 D LOWI-9.0.0.87.a: [LOWI-Scan] decode_rsn_wpa_ie: LOWI_ENCRYPTION_TYPE_WPA_PSK
10-19 02:07:36.524 1422 3576 D LOWI-9.0.0.87.a: [LOWI-Scan] is_qcom_ie, bss_age: 0
10-19 02:07:36.524 1422 3576 D LOWI-9.0.0.87.a: [LOWI-Scan] BSS ec:41:18:94:c2:3f LOWI_PHY_MODE_11AC_VHT80(10), Beacon Interval: 100, LOWI_ENCRYPTION_TYPE_WPA_PSK 11mcRanging: No, ANQP: No, LCI: No, Civic: No, capability(0x0031): ESS Privacy ShortPreamble
10-19 02:07:36.524 1422 3576 D LOWI-9.0.0.87.a: [LOWI-Scan] BSS ec:41:18:94:c2:3f FREQ: 5785, cFreq1[40:80:160] = [5795:5775:0] cFreq2 = 0 Country Code = CN
10-19 02:07:36.524 1422 3576 D LOWI-9.0.0.87.a: [LOWI-Scan] BSS ec:41:18:94:c2:3f (wlan0) ASSO: NO AddInfo: 0x0, TSF 0, 00:00:14.029, RSSI: -164, CPL: 127, AGE: 840, SSID _____________5G, TSFDelta: 0x9f874fa4, TXRate: 0
10-19 02:07:36.524 1422 3576 D LOWI-9.0.0.87.a: [LOWI-Scan]
10-19 02:07:36.524 1422 3576 D LOWI-9.0.0.87.a: [LOWI-Scan] print_bss_handler: Report Probe TSF 14029563 as it greater than Beacon TSF 0
10-19 02:07:36.524 1422 3576 D LOWI-9.0.0.87.a: [LOWI-Scan] decode_rsn_wpa_ie: LOWI_ENCRYPTION_TYPE_WPA_PSK
10-19 02:07:36.524 1422 3576 D LOWI-9.0.0.87.a: [LOWI-Scan] is_qcom_ie, bss_age: 0
10-19 02:07:36.524 2864 2864 I hs : FseReceiver-onReceive() -> start FseService
10-19 02:07:36.524 1422 3576 D LOWI-9.0.0.87.a: [LOWI-Scan] BSS a4:1a:3a:00:9f:37 LOWI_PHY_MODE_11AC_VHT80(10), Beacon Interval: 100, LOWI_ENCRYPTION_TYPE_WPA_PSK 11mcRanging: No, ANQP: No, LCI: No, Civic: No, capability(0x1011): ESS Privacy
10-19 02:07:36.524 1422 3576 D LOWI-9.0.0.87.a: [LOWI-Scan] BSS a4:1a:3a:00:9f:37 FREQ: 5785, cFreq1[40:80:160] = [5795:5775:0] cFreq2 = 0 Country Code = CN
10-19 02:07:36.524 1422 3576 D LOWI-9.0.0.87.a: [LOWI-Scan] BSS a4:1a:3a:00:9f:37 (wlan0) ASSO: NO AddInfo: 0x0, TSF 0, 00:00:14.029, RSSI: -154, CPL: 127, AGE: 840, SSID TP-LINK_9F35, TSFDelta: 0x3103caf4, TXRate: 0
10-19 02:07:36.524 1422 3576 D LOWI-9.0.0.87.a: [LOWI-Scan]
10-19 02:07:36.524 1422 3576 D LOWI-9.0.0.87.a: [LOWI-Scan] print_bss_handler: Report beacon TSF 14063436 as it greater than probe TSF 14062860
10-19 02:07:36.524 1422 3576 D LOWI-9.0.0.87.a: [LOWI-Scan] decode_rsn_wpa_ie: LOWI_ENCRYPTION_TYPE_WPA_PSK
10-19 02:07:36.524 1422 3576 D LOWI-9.0.0.87.a: [LOWI-Scan] is_qcom_ie, bss_age: 0
10-19 02:07:36.524 2864 2864 I hs : FseService-onCreate()
10-19 02:07:36.524 2864 2864 I hs : FseService-onStartCommand()
10-19 02:07:36.525 2864 2864 I hs : HttpReceiver-init HttpReceiver
10-19 02:07:36.525 2864 2864 I hs : HHMediaManager-init HHMediaManager
10-19 02:07:36.529 1422 3576 D LOWI-9.0.0.87.a: [LOWI-Scan] BSS 64:6e:97:5a:7e:e2 LOWI_PHY_MODE_11AC_VHT80(10), Beacon Interval: 100, LOWI_ENCRYPTION_TYPE_WPA_PSK 11mcRanging: No, ANQP: No, LCI: No, Civic: No, capability(0x1011): ESS Privacy
10-19 02:07:36.529 1422 3576 D LOWI-9.0.0.87.a: [LOWI-Scan] BSS 64:6e:97:5a:7e:e2 FREQ: 5805, cFreq1[40:80:160] = [5795:5775:0] cFreq2 = 0 Country Code = CN
10-19 02:07:36.529 1422 3576 D LOWI-9.0.0.87.a: [LOWI-Scan] BSS 64:6e:97:5a:7e:e2 (wlan0) ASSO: NO AddInfo: 0x1, TSF 0, 00:00:14.063, RSSI: -100, CPL: 127, AGE: 808, SSID DMC, TSFDelta: 0xbdea8f4a, TXRate: 0
10-19 02:07:36.529 1422 3576 D LOWI-9.0.0.87.a: [LOWI-Scan]
10-19 02:07:36.529 1422 3576 D LOWI-9.0.0.87.a: [LOWI-Scan] print_bss_handler: Report Probe TSF 14118434 as it greater than Beacon TSF 0
10-19 02:07:36.529 1422 3576 D LOWI-9.0.0.87.a: [LOWI-Scan] decode_rsn_wpa_ie: LOWI_ENCRYPTION_TYPE_WPA_PSK
10-19 02:07:36.529 1422 3576 D LOWI-9.0.0.87.a: [LOWI-Scan] is_qcom_ie, bss_age: 0
10-19 02:07:36.529 1422 3576 D LOWI-9.0.0.87.a: [LOWI-Scan] BSS 30:23:03:c2:af:d4 LOWI_PHY_MODE_11AC_VHT20(8), Beacon Interval: 100, LOWI_ENCRYPTION_TYPE_WPA_PSK 11mcRanging: No, ANQP: No, LCI: No, Civic: No, capability(0x0031): ESS Privacy ShortPreamble
10-19 02:07:36.529 1422 3576 D LOWI-9.0.0.87.a: [LOWI-Scan] BSS 30:23:03:c2:af:d4 FREQ: 5825, cFreq1[40:80:160] = [0:0:0] cFreq2 = 0 Country Code = US
10-19 02:07:36.529 1422 3576 D LOWI-9.0.0.87.a: [LOWI-Scan] BSS 30:23:03:c2:af:d4 (wlan0) ASSO: NO AddInfo: 0x0, TSF 0, 00:00:14.118, RSSI: -162, CPL: 127, AGE: 752, SSID Linksys_5G, TSFDelta: 0x29b257c9, TXRate: 0
10-19 02:07:36.529 1422 3576 D LOWI-9.0.0.87.a: [LOWI-Scan]
10-19 02:07:36.529 1422 3576 D LOWI-9.0.0.87.a: [LOWI-Scan] print_bss_handler: Report Probe TSF 14119617 as it greater than Beacon TSF 0
10-19 02:07:36.529 1422 3576 D LOWI-9.0.0.87.a: [LOWI-Scan] decode_rsn_wpa_ie: LOWI_ENCRYPTION_TYPE_WPA_PSK
10-19 02:07:36.529 1422 3576 D LOWI-9.0.0.87.a: [LOWI-Scan] is_qcom_ie, bss_age: 0
10-19 02:07:36.529 1422 3576 D LOWI-9.0.0.87.a: [LOWI-Scan] BSS 18:6f:2d:80:25:b0 LOWI_PHY_MODE_11AC_VHT20(8), Beacon Interval: 100, LOWI_ENCRYPTION_TYPE_WPA_PSK 11mcRanging: No, ANQP: No, LCI: No, Civic: No, capability(0x0111): ESS Privacy SpectrumMgmt
10-19 02:07:36.529 1422 3576 D LOWI-9.0.0.87.a: [LOWI-Scan] BSS 18:6f:2d:80:25:b0 FREQ: 5825, cFreq1[40:80:160] = [5825:0:0] cFreq2 = 0 Country Code = CN
10-19 02:07:36.529 1422 3576 D LOWI-9.0.0.87.a: [LOWI-Scan] BSS 18:6f:2d:80:25:b0 (wlan0) ASSO: NO AddInfo: 0x0, TSF 0, 00:00:14.119, RSSI: -152, CPL: 127, AGE: 752, SSID Testing , TSFDelta: 0xa3dc48b7, TXRate: 0
10-19 02:07:36.529 1422 3576 D LOWI-9.0.0.87.a: [LOWI-Scan]
10-19 02:07:36.529 1422 3576 D LOWI-9.0.0.87.a: [LOWI-Scan] print_bss_handler: Report Probe TSF 14119965 as it greater than Beacon TSF 0
10-19 02:07:36.529 1422 3576 D LOWI-9.0.0.87.a: [LOWI-Scan] is_qcom_ie, bss_age: 0
10-19 02:07:36.529 1422 3576 D LOWI-9.0.0.87.a: [LOWI-Scan] BSS 18:6f:2d:80:25:b1 LOWI_PHY_MODE_11AC_VHT20(8), Beacon Interval: 100, LOWI_ENCRYPTION_TYPE_OPEN 11mcRanging: No, ANQP: No, LCI: No, Civic: No, capability(0x0101): ESS SpectrumMgmt
10-19 02:07:36.529 1422 3576 D LOWI-9.0.0.87.a: [LOWI-Scan] BSS 18:6f:2d:80:25:b1 FREQ: 5825, cFreq1[40:80:160] = [5825:0:0] cFreq2 = 0 Country Code = CN
10-19 02:07:36.529 1422 3576 D LOWI-9.0.0.87.a: [LOWI-Scan] BSS 18:6f:2d:80:25:b1 (wlan0) ASSO: NO AddInfo: 0x0, TSF 0, 00:00:14.119, RSSI: -152, CPL: 127, AGE: 752, SSID Guest, TSFDelta: 0xa3df1bec, TXRate: 0
10-19 02:07:36.529 1422 3576 D LOWI-9.0.0.87.a: [LOWI-Scan]
10-19 02:07:36.529 1422 3576 D LOWI-9.0.0.87.a: [LOWI-Scan] print_bss_handler: Report Probe TSF 14119141 as it greater than Beacon TSF 0
10-19 02:07:36.529 1422 3576 D LOWI-9.0.0.87.a: [LOWI-Scan] is_qcom_ie, bss_age: 0
10-19 02:07:36.529 1422 3576 D LOWI-9.0.0.87.a: [LOWI-Scan] BSS 32:23:03:c2:af:d4 LOWI_PHY_MODE_11AC_VHT20(8), Beacon Interval: 100, LOWI_ENCRYPTION_TYPE_OPEN 11mcRanging: No, ANQP: No, LCI: No, Civic: No, capability(0x0021): ESS ShortPreamble
10-19 02:07:36.529 1422 3576 D LOWI-9.0.0.87.a: [LOWI-Scan] BSS 32:23:03:c2:af:d4 FREQ: 5825, cFreq1[40:80:160] = [0:0:0] cFreq2 = 0 Country Code = US
10-19 02:07:36.529 1422 3576 D LOWI-9.0.0.87.a: [LOWI-Scan] BSS 32:23:03:c2:af:d4 (wlan0) ASSO: NO AddInfo: 0x0, TSF 0, 00:00:14.119, RSSI: -166, CPL: 127, AGE: 752, SSID Linksys_5GHz-______, TSFDelta: 0x29b8c0ea, TXRate: 0
10-19 02:07:36.530 1422 3576 D LOWI-9.0.0.87.a: [LOWI-Scan]
10-19 02:07:36.530 1422 3576 D LOWI-9.0.0.87.a: [LOWI-Scan] print_bss_handler: Report Probe TSF 14120353 as it greater than Beacon TSF 0
10-19 02:07:36.530 1422 3576 D LOWI-9.0.0.87.a: [LOWI-Scan] decode_rsn_wpa_ie: LOWI_ENCRYPTION_TYPE_WPA_PSK
10-19 02:07:36.530 1422 3576 D LOWI-9.0.0.87.a: [LOWI-Scan] is_qcom_ie, bss_age: 0
10-19 02:07:36.530 1422 3576 D LOWI-9.0.0.87.a: [LOWI-Scan] BSS 18:6f:2d:80:25:b2 LOWI_PHY_MODE_11AC_VHT20(8), Beacon Interval: 100, LOWI_ENCRYPTION_TYPE_WPA_PSK 11mcRanging: No, ANQP: No, LCI: No, Civic: No, capability(0x0111): ESS Privacy SpectrumMgmt
10-19 02:07:36.530 1422 3576 D LOWI-9.0.0.87.a: [LOWI-Scan] BSS 18:6f:2d:80:25:b2 FREQ: 5825, cFreq1[40:80:160] = [5825:0:0] cFreq2 = 0 Country Code = CN
10-19 02:07:36.532 1422 3576 I liblog : 70
10-19 02:07:36.532 1422 3576 I liblog : 4
10-19 02:07:36.532 1422 3576 D LOWI-9.0.0.87.a: [LOWI-Scan] BSS 18:6f:2d:81:16:54 LOWI_PHY_MODE_11AC_VHT20(8), Beacon Interval: 100, LOWI_ENCRYPTION_TYPE_WPA_PSK 11mcRanging: No, ANQP: No, LCI: No, Civic: No, capability(0x0111): ESS Privacy SpectrumMgmt
10-19 02:07:36.532 1422 3576 D LOWI-9.0.0.87.a: [LOWI-Scan] BSS 18:6f:2d:81:16:54 FREQ: 5260, cFreq1[40:80:160] = [5260:0:0] cFreq2 = 0 Country Code = CN
10-19 02:07:36.532 1422 3576 D LOWI-9.0.0.87.a: [LOWI-Scan] BSS 18:6f:2d:81:16:54 (wlan0) ASSO: NO AddInfo: 0x0, TSF 0, 00:00:14.207, RSSI: -162, CPL: 127, AGE: 664, SSID ThunderSoft, TSFDelta: 0xfc593c44, TXRate: 0
10-19 02:07:36.532 1422 3576 D LOWI-9.0.0.87.a: [LOWI-Scan]
10-19 02:07:36.532 1422 3576 D LOWI-9.0.0.87.a: [LOWI-Scan] print_bss_handler: Report Probe TSF 14207820 as it greater than Beacon TSF 14171518
10-19 02:07:36.532 1422 3576 D LOWI-9.0.0.87.a: [LOWI-Scan] decode_rsn_wpa_ie: LOWI_ENCRYPTION_TYPE_WPA_PSK
10-19 02:07:36.532 1422 3576 D LOWI-9.0.0.87.a: [LOWI-Scan] is_qcom_ie, bss_age: 0
10-19 02:07:36.532 1422 3576 D LOWI-9.0.0.87.a: [LOWI-Scan] BSS 18:6f:2d:81:16:55 LOWI_PHY_MODE_11AC_VHT20(8), Beacon Interval: 100, LOWI_ENCRYPTION_TYPE_WPA_PSK 11mcRanging: No, ANQP: No, LCI: No, Civic: No, capability(0x0111): ESS Privacy SpectrumMgmt
10-19 02:07:36.532 1422 3576 D LOWI-9.0.0.87.a: [LOWI-Scan] BSS 18:6f:2d:81:16:55 FREQ: 5260, cFreq1[40:80:160] = [5260:0:0] cFreq2 = 0 Country Code = CN
10-19 02:07:36.532 1422 3576 D LOWI-9.0.0.87.a: [LOWI-Scan] BSS 18:6f:2d:81:16:55 (wlan0) ASSO: NO AddInfo: 0x0, TSF 0, 00:00:14.207, RSSI: -160, CPL: 127, AGE: 664, SSID GM, TSFDelta: 0xfc5be422, TXRate: 0
10-19 02:07:36.532 1546 2917 D CompatibilityChangeReporter: Compat change id reported: 168419799; UID 10091; state: DISABLED
10-19 02:07:36.532 1546 2917 D CompatibilityInfo: mCompatibilityFlags - 4
10-19 02:07:36.532 1546 2917 D CompatibilityInfo: applicationDensity - 240
10-19 02:07:36.532 1422 3576 D LOWI-9.0.0.87.a: [LOWI-Scan]
10-19 02:07:36.532 1546 2917 D CompatibilityInfo: applicationScale - 1.0
10-19 02:07:36.532 1422 3576 D LOWI-9.0.0.87.a: [LOWI-Scan] print_bss_handler: Report Probe TSF 14173867 as it greater than Beacon TSF 0
10-19 02:07:36.532 1422 3576 D LOWI-9.0.0.87.a: [LOWI-Scan] decode_rsn_wpa_ie: LOWI_ENCRYPTION_TYPE_WPA_PSK
10-19 02:07:36.532 1422 3576 D LOWI-9.0.0.87.a: [LOWI-Scan] is_qcom_ie, bss_age: 0
10-19 02:07:36.532 1422 3576 D LOWI-9.0.0.87.a: [LOWI-Scan] BSS b2:d3:8d:49:9b:a2 LOWI_PHY_MODE_11NG_HT20(5), Beacon Interval: 100, LOWI_ENCRYPTION_TYPE_WPA_PSK 11mcRanging: No, ANQP: Yes, LCI: No, Civic: No, capability(0x1431): ESS Privacy ShortPreamble ShortSlotTime
10-19 02:07:36.532 1422 3576 D LOWI-9.0.0.87.a: [LOWI-Scan] BSS b2:d3:8d:49:9b:a2 FREQ: 2437, cFreq1[40:80:160] = [0:0:0] cFreq2 = 0 Country Code = US
10-19 02:07:36.532 1422 3576 D LOWI-9.0.0.87.a: [LOWI-Scan] BSS b2:d3:8d:49:9b:a2 (wlan0) ASSO: NO AddInfo: 0x0, TSF 0, 00:00:14.173, RSSI: -114, CPL: 127, AGE: 696, SSID CHEVROLET_3388, TSFDelta: 0x98ec0622, TXRate: 0
10-19 02:07:36.532 1422 3576 D LOWI-9.0.0.87.a: [LOWI-Scan]
10-19 02:07:36.532 1422 3576 D LOWI-9.0.0.87.a: [LOWI-Scan] print_bss_handler: Report Probe TSF 14187919 as it greater than Beacon TSF 0
10-19 02:07:36.532 1422 3576 D LOWI-9.0.0.87.a: [LOWI-Scan] decode_rsn_wpa_ie: LOWI_ENCRYPTION_TYPE_WPA_PSK
10-19 02:07:36.532 1422 3576 D LOWI-9.0.0.87.a: [LOWI-Scan] is_qcom_ie, bss_age: 0
10-19 02:07:36.532 1422 3576 D LOWI-9.0.0.87.a: [LOWI-Scan] BSS 18:6f:2d:81:26:f2 LOWI_PHY_MODE_11AC_VHT20(8), Beacon Interval: 100, LOWI_ENCRYPTION_TYPE_WPA_PSK 11mcRanging: No, ANQP: No, LCI: No, Civic: No, capability(0x0111): ESS Privacy SpectrumMgmt
10-19 02:07:36.532 1422 3576 D LOWI-9.0.0.87.a: [LOWI-Scan] BSS 18:6f:2d:81:26:f2 FREQ: 5260, cFreq1[40:80:160] = [5260:0:0] cFreq2 = 0 Country Code = CN
10-19 02:07:36.532 1422 3576 D LOWI-9.0.0.87.a: [LOWI-Scan] BSS 18:6f:2d:81:26:f2 (wlan0) ASSO: NO AddInfo: 0x0, TSF 0, 00:00:14.187, RSSI: -168, CPL: 127, AGE: 684, SSID ZXHY, TSFDelta: 0xfb8adb7a, TXRate: 0
10-19 02:07:36.532 1422 3576 D LOWI-9.0.0.87.a: [LOWI-Scan]
10-19 02:07:36.532 1422 3576 D LOWI-9.0.0.87.a: [LOWI-Scan] print_bss_handler: Report beacon TSF 14224502 as it greater than probe TSF 14187956
10-19 02:07:36.532 1422 3576 D LOWI-9.0.0.87.a: [LOWI-Scan] decode_rsn_wpa_ie: LOWI_ENCRYPTION_TYPE_WPA_PSK
10-19 02:07:36.532 1422 3576 D LOWI-9.0.0.87.a: [LOWI-Scan] is_qcom_ie, bss_age: 0
10-19 02:07:36.532 1422 3576 D LOWI-9.0.0.87.a: [LOWI-Scan] BSS 18:6f:2d:81:26:f3 LOWI_PHY_MODE_11AC_VHT20(8), Beacon Interval: 100, LOWI_ENCRYPTION_TYPE_WPA_PSK 11mcRanging: No, ANQP: No, LCI: No, Civic: No, capability(0x0111): ESS Privacy SpectrumMgmt
10-19 02:07:36.532 1422 3576 D LOWI-9.0.0.87.a: [LOWI-Scan] BSS 18:6f:2d:81:26:f3 FREQ: 5260, cFreq1[40:80:160] = [5260:0:0] cFreq2 = 0 Country Code = CN
10-19 02:07:36.532 1422 3576 D LOWI-9.0.0.87.a: [LOWI-Scan] BSS 18:6f:2d:81:26:f3 (wlan0) ASSO: NO AddInfo: 0x1, TSF 0, 00:00:14.224, RSSI: -166, CPL: 127, AGE: 644, SSID Fanya, TSFDelta: 0xfb90e816, TXRate: 0
10-19 02:07:36.533 1422 3576 D LOWI-9.0.0.87.a: [LOWI-Scan]
10-19 02:07:36.533 1422 3576 D LOWI-9.0.0.87.a: [LOWI-Scan] print_bss_handler: Report beacon TSF 14224570 as it greater than probe TSF 14206639
10-19 02:07:36.533 1422 3576 D LOWI-9.0.0.87.a: [LOWI-Scan] decode_rsn_wpa_ie: LOWI_ENCRYPTION_TYPE_WPA_PSK
10-19 02:07:36.533 1422 3576 D LOWI-9.0.0.87.a: [LOWI-Scan] is_qcom_ie, bss_age: 0
10-19 02:07:36.533 1422 3576 D LOWI-9.0.0.87.a: [LOWI-Scan] BSS 18:6f:2d:81:26:f4 LOWI_PHY_MODE_11AC_VHT20(8), Beacon Interval: 100, LOWI_ENCRYPTION_TYPE_WPA_PSK 11mcRanging: No, ANQP: No, LCI: No, Civic: No, capability(0x0111): ESS Privacy SpectrumMgmt
10-19 02:07:36.533 1422 3576 D LOWI-9.0.0.87.a: [LOWI-Scan] BSS 18:6f:2d:81:26:f4 FREQ: 5260, cFreq1[40:80:160] = [5260:0:0] cFreq2 = 0 Country Code = CN
10-19 02:07:36.533 1422 3576 D LOWI-9.0.0.87.a: [LOWI-Scan] BSS 18:6f:2d:81:26:f4 (wlan0) ASSO: NO AddInfo: 0x1, TSF 0, 00:00:14.224, RSSI: -164, CPL: 127, AGE: 648, SSID ThunderSoft, TSFDelta: 0xfc2700cd, TXRate: 0
10-19 02:07:36.533 1422 3576 D LOWI-9.0.0.87.a: [LOWI-Scan]
10-19 02:07:36.533 1422 3576 D LOWI-9.0.0.87.a: [LOWI-Scan] print_bss_handler: Report beacon TSF 14224596 as it greater than probe TSF 14206691
10-19 02:07:36.533 1422 3576 D LOWI-9.0.0.87.a: [LOWI-Scan] decode_rsn_wpa_ie: LOWI_ENCRYPTION_TYPE_WPA_PSK
10-19 02:07:36.533 1422 3576 D LOWI-9.0.0.87.a: [LOWI-Scan] is_qcom_ie, bss_age: 0
10-19 02:07:36.533 1422 3576 D LOWI-9.0.0.87.a: [LOWI-Scan] BSS 18:6f:2d:81:26:f5 LOWI_PHY_MODE_11AC_VHT20(8), Beacon Interval: 100, LOWI_ENCRYPTION_TYPE_WPA_PSK 11mcRanging: No, ANQP: No, LCI: No, Civic: No, capability(0x0111): ESS Privacy SpectrumMgmt
10-19 02:07:36.533 1422 3576 D LOWI-9.0.0.87.a: [LOWI-Scan] BSS 18:6f:2d:81:26:f5 FREQ: 5260, cFreq1[40:80:160] = [5260:0:0] cFreq2 = 0 Country Code = CN
10-19 02:07:36.533 1422 3576 D LOWI-9.0.0.87.a: [LOWI-Scan] BSS 18:6f:2d:81:26:f5 (wlan0) ASSO: NO AddInfo: 0x1, TSF 0, 00:00:14.224, RSSI: -166, CPL: 127, AGE: 648, SSID GM, TSFDelta: 0xfc29fcae, TXRate: 0
10-19 02:07:36.533 1422 3576 D LOWI-9.0.0.87.a: [LOWI-Scan]
10-19 02:07:36.533 1422 3576 D LOWI-9.0.0.87.a: [LOWI-Scan] print_bss_handler: Report beacon TSF 14209803 as it greater than probe TSF 14199051
10-19 02:07:36.533 1422 3576 D LOWI-9.0.0.87.a: [LOWI-Scan] decode_rsn_wpa_ie: LOWI_ENCRYPTION_TYPE_WPA_PSK
10-19 02:07:36.533 1422 3576 D LOWI-9.0.0.87.a: [LOWI-Scan] is_qcom_ie, bss_age: 0
10-19 02:07:36.533 1422 3576 D LOWI-9.0.0.87.a: [LOWI-Scan] BSS 18:6f:2d:81:16:f0 LOWI_PHY_MODE_11AC_VHT20(8), Beacon Interval: 100, LOWI_ENCRYPTION_TYPE_WPA_PSK 11mcRanging: No, ANQP: No, LCI: No, Civic: No, capability(0x0111): ESS Privacy SpectrumMgmt
10-19 02:07:36.533 1422 3576 D LOWI-9.0.0.87.a: [LOWI-Scan] BSS 18:6f:2d:81:16:f0 FREQ: 5260, cFreq1[40:80:160] = [5260:0:0] cFreq2 = 0 Country Code = CN
10-19 02:07:36.533 1422 3576 D LOWI-9.0.0.87.a: [LOWI-Scan] BSS 18:6f:2d:81:16:f0 (wlan0) ASSO: NO AddInfo: 0x1, TSF 0, 00:00:14.209, RSSI: -144, CPL: 127, AGE: 664, SSID Testing , TSFDelta: 0xfa5e4e44, TXRate: 0
10-19 02:07:36.533 1422 3576 D LOWI-9.0.0.87.a: [LOWI-Scan]
10-19 02:07:36.533 1422 3576 D LOWI-9.0.0.87.a: [LOWI-Scan] print_bss_handler: Report beacon TSF 14209999 as it greater than probe TSF 14199638
10-19 02:07:36.533 1422 3576 D LOWI-9.0.0.87.a: [LOWI-Scan] is_qcom_ie, bss_age: 0
10-19 02:07:36.533 1422 3576 D LOWI-9.0.0.87.a: [LOWI-Scan] BSS 18:6f:2d:81:16:f1 LOWI_PHY_MODE_11AC_VHT20(8), Beacon Interval: 100, LOWI_ENCRYPTION_TYPE_OPEN 11mcRanging: No, ANQP: No, LCI: No, Civic: No, capability(0x0101): ESS SpectrumMgmt
10-19 02:07:36.533 1422 3576 D LOWI-9.0.0.87.a: [LOWI-Scan] BSS 18:6f:2d:81:16:f1 FREQ: 5260, cFreq1[40:80:160] = [5260:0:0] cFreq2 = 0 Country Code = CN
10-19 02:07:36.533 1422 3576 D LOWI-9.0.0.87.a: [LOWI-Scan] BSS 18:6f:2d:81:16:f1 (wlan0) ASSO: NO AddInfo: 0x1, TSF 0, 00:00:14.209, RSSI: -142, CPL: 127, AGE: 664, SSID Guest, TSFDelta: 0xfa634a79, TXRate: 0
10-19 02:07:36.533 1422 3576 D LOWI-9.0.0.87.a: [LOWI-Scan]
10-19 02:07:36.533 2957 2957 I hpplay : [main]:BootReceiver:onReceive android.intent.action.BOOT_COMPLETED
10-19 02:07:36.534 1422 3576 D LOWI-9.0.0.87.a: [LOWI-Scan] print_bss_handler: Report beacon TSF 14210159 as it greater than probe TSF 14201223
10-19 02:07:36.534 1422 3576 D LOWI-9.0.0.87.a: [LOWI-Scan] decode_rsn_wpa_ie: LOWI_ENCRYPTION_TYPE_WPA_PSK
10-19 02:07:36.534 1422 3576 D LOWI-9.0.0.87.a: [LOWI-Scan] is_qcom_ie, bss_age: 0
10-19 02:07:36.534 1422 3576 D LOWI-9.0.0.87.a: [LOWI-Scan] BSS 18:6f:2d:81:16:f2 LOWI_PHY_MODE_11AC_VHT20(8), Beacon Interval: 100, LOWI_ENCRYPTION_TYPE_WPA_PSK 11mcRanging: No, ANQP: No, LCI: No, Civic: No, capability(0x0111): ESS Privacy SpectrumMgmt
10-19 02:07:36.534 1422 3576 D LOWI-9.0.0.87.a: [LOWI-Scan] BSS 18:6f:2d:81:16:f2 FREQ: 5260, cFreq1[40:80:160] = [5260:0:0] cFreq2 = 0 Country Code = CN
10-19 02:07:36.534 1422 3576 D LOWI-9.0.0.87.a: [LOWI-Scan] BSS 18:6f:2d:81:16:f2 (wlan0) ASSO: NO AddInfo: 0x1, TSF 0, 00:00:14.210, RSSI: -142, CPL: 127, AGE: 664, SSID ZXHY, TSFDelta: 0xfa6a1601, TXRate: 0
10-19 02:07:36.534 1422 3576 D LOWI-9.0.0.87.a: [LOWI-Scan]
10-19 02:07:36.534 1422 3576 D LOWI-9.0.0.87.a: [LOWI-Scan] print_bss_handler: Report beacon TSF 14210539 as it greater than probe TSF 14201252
10-19 02:07:36.534 1422 3576 D LOWI-9.0.0.87.a: [LOWI-Scan] decode_rsn_wpa_ie: LOWI_ENCRYPTION_TYPE_WPA_PSK
10-19 02:07:36.534 1422 3576 D LOWI-9.0.0.87.a: [LOWI-Scan] is_qcom_ie, bss_age: 0
10-19 02:07:36.534 1422 3576 D LOWI-9.0.0.87.a: [LOWI-Scan] BSS 18:6f:2d:81:16:f3 LOWI_PHY_MODE_11AC_VHT20(8), Beacon Interval: 100, LOWI_ENCRYPTION_TYPE_WPA_PSK 11mcRanging: No, ANQP: No, LCI: No, Civic: No, capability(0x0111): ESS Privacy SpectrumMgmt
10-19 02:07:36.534 1422 3576 D LOWI-9.0.0.87.a: [LOWI-Scan] BSS 18:6f:2d:81:16:f3 FREQ: 5260, cFreq1[40:80:160] = [5260:0:0] cFreq2 = 0 Country Code = CN
10-19 02:07:36.534 1422 3576 D LOWI-9.0.0.87.a: [LOWI-Scan] BSS 18:6f:2d:81:16:f3 (wlan0) ASSO: NO AddInfo: 0x1, TSF 0, 00:00:14.210, RSSI: -142, CPL: 127, AGE: 664, SSID Fanya, TSFDelta: 0xfa6ccd1d, TXRate: 0
10-19 02:07:36.534 1422 3576 D LOWI-9.0.0.87.a: [LOWI-Scan]
10-19 02:07:36.534 1422 3576 D LOWI-9.0.0.87.a: [LOWI-Scan] print_bss_handler: Report Probe TSF 14202177 as it greater than Beacon TSF 0
10-19 02:07:36.534 1422 3576 D LOWI-9.0.0.87.a: [LOWI-Scan] decode_rsn_wpa_ie: LOWI_ENCRYPTION_TYPE_WPA_PSK
10-19 02:07:36.534 1422 3576 D LOWI-9.0.0.87.a: [LOWI-Scan] is_qcom_ie, bss_age: 0
10-19 02:07:36.534 1422 3576 D LOWI-9.0.0.87.a: [LOWI-Scan] BSS 56:06:22:05:ed:8f LOWI_PHY_MODE_11AC_VHT20_2G(11), Beacon Interval: 100, LOWI_ENCRYPTION_TYPE_WPA_PSK 11mcRanging: No, ANQP: No, LCI: No, Civic: No, capability(0x1431): ESS Privacy ShortPreamble ShortSlotTime
10-19 02:07:36.534 1422 3576 D LOWI-9.0.0.87.a: [LOWI-Scan] BSS 56:06:22:05:ed:8f FREQ: 2437, cFreq1[40:80:160] = [2437:0:0] cFreq2 = 0 Country Code = CN
10-19 02:07:36.534 1422 3576 D LOWI-9.0.0.87.a: [LOWI-Scan] BSS 56:06:22:05:ed:8f (wlan0) ASSO: NO AddInfo: 0x0, TSF 0, 00:00:14.202, RSSI: -128, CPL: 127, AGE: 672, SSID Ydk-test, TSFDelta: 0xa01d915f, TXRate: 0
10-19 02:07:36.534 1422 3576 D LOWI-9.0.0.87.a: [LOWI-Scan]
10-19 02:07:36.534 1422 3576 D LOWI-9.0.0.87.a: [LOWI-Scan] print_bss_handler: Report beacon TSF 14210839 as it greater than probe TSF 14202971
10-19 02:07:36.534 1422 3576 D LOWI-9.0.0.87.a: [LOWI-Scan] decode_rsn_wpa_ie: LOWI_ENCRYPTION_TYPE_WPA_PSK
10-19 02:07:36.534 1422 3576 D LOWI-9.0.0.87.a: [LOWI-Scan] is_qcom_ie, bss_age: 0
10-19 02:07:36.534 2320 2320 D RemoteControlService: startVlanDispatchThread
10-19 02:07:36.534 1422 3576 D LOWI-9.0.0.87.a: [LOWI-Scan] BSS 18:6f:2d:81:16:f4 LOWI_PHY_MODE_11AC_VHT20(8), Beacon Interval: 100, LOWI_ENCRYPTION_TYPE_WPA_PSK 11mcRanging: No, ANQP: No, LCI: No, Civic: No, capability(0x0111): ESS Privacy SpectrumMgmt
10-19 02:07:36.534 1422 3576 D LOWI-9.0.0.87.a: [LOWI-Scan] BSS 18:6f:2d:81:16:f4 FREQ: 5260, cFreq1[40:80:160] = [5260:0:0] cFreq2 = 0 Country Code = CN
10-19 02:07:36.534 1422 3576 D LOWI-9.0.0.87.a: [LOWI-Scan] BSS 18:6f:2d:81:16:f4 (wlan0) ASSO: NO AddInfo: 0x1, TSF 0, 00:00:14.210, RSSI: -142, CPL: 127, AGE: 664, SSID ThunderSoft, TSFDelta: 0xfa7bd892, TXRate: 0
10-19 02:07:36.534 1422 3576 D LOWI-9.0.0.87.a: [LOWI-Scan]
10-19 02:07:36.534 1422 3576 D LOWI-9.0.0.87.a: [LOWI-Scan] print_bss_handler: Report beacon TSF 14211122 as it greater than probe TSF 14203637
10-19 02:07:36.534 1422 3576 D LOWI-9.0.0.87.a: [LOWI-Scan] decode_rsn_wpa_ie: LOWI_ENCRYPTION_TYPE_WPA_PSK
10-19 02:07:36.534 1422 3576 D LOWI-9.0.0.87.a: [LOWI-Scan] is_qcom_ie, bss_age: 0
10-19 02:07:36.534 1422 3576 D LOWI-9.0.0.87.a: [LOWI-Scan] BSS 18:6f:2d:81:16:f5 LOWI_PHY_MODE_11AC_VHT20(8), Beacon Interval: 100, LOWI_ENCRYPTION_TYPE_WPA_PSK 11mcRanging: No, ANQP: No, LCI: No, Civic: No, capability(0x0111): ESS Privacy SpectrumMgmt
10-19 02:07:36.534 1422 3576 D LOWI-9.0.0.87.a: [LOWI-Scan] BSS 18:6f:2d:81:16:f5 FREQ: 5260, cFreq1[40:80:160] = [5260:0:0] cFreq2 = 0 Country Code = CN
10-19 02:07:36.534 1422 3576 D LOWI-9.0.0.87.a: [LOWI-Scan] BSS 18:6f:2d:81:16:f5 (wlan0) ASSO: NO AddInfo: 0x1, TSF 0, 00:00:14.211, RSSI: -142, CPL: 127, AGE: 664, SSID GM, TSFDelta: 0xfa80f102, TXRate: 0
10-19 02:07:36.535 1422 3576 D LOWI-9.0.0.87.a: [LOWI-Scan]
10-19 02:07:36.535 1422 3576 D LOWI-9.0.0.87.a: [LOWI-Scan] print_bss_handler: Report beacon TSF 14222677 as it greater than probe TSF 14222677
10-19 02:07:36.535 1422 3576 D LOWI-9.0.0.87.a: [LOWI-Scan] decode_rsn_wpa_ie: LOWI_ENCRYPTION_TYPE_WPA_PSK
10-19 02:07:36.535 1422 3576 D LOWI-9.0.0.87.a: [LOWI-Scan] is_qcom_ie, bss_age: 0
10-19 02:07:36.535 1422 3576 D LOWI-9.0.0.87.a: [LOWI-Scan] BSS 18:6f:2d:81:26:f0 LOWI_PHY_MODE_11AC_VHT20(8), Beacon Interval: 100, LOWI_ENCRYPTION_TYPE_WPA_PSK 11mcRanging: No, ANQP: No, LCI: No, Civic: No, capability(0x0111): ESS Privacy SpectrumMgmt
10-19 02:07:36.535 1422 3576 D LOWI-9.0.0.87.a: [LOWI-Scan] BSS 18:6f:2d:81:26:f0 FREQ: 5260, cFreq1[40:80:160] = [5260:0:0] cFreq2 = 0 Country Code = CN
10-19 02:07:36.535 1422 3576 D LOWI-9.0.0.87.a: [LOWI-Scan] BSS 18:6f:2d:81:26:f0 (wlan0) ASSO: NO AddInfo: 0x1, TSF 0, 00:00:14.222, RSSI: -166, CPL: 127, AGE: 652, SSID Testing , TSFDelta: 0xfc9b07a2, TXRate: 0
10-19 02:07:36.535 1546 2102 D CompatibilityInfo: mCompatibilityFlags - 4
10-19 02:07:36.535 1546 2102 D CompatibilityInfo: applicationDensity - 240
10-19 02:07:36.535 1546 2102 D CompatibilityInfo: applicationScale - 1.0
10-19 02:07:36.535 1422 3576 D LOWI-9.0.0.87.a: [LOWI-Scan]
10-19 02:07:36.535 1422 3576 D LOWI-9.0.0.87.a: [LOWI-Scan] print_bss_handler: Report beacon TSF 14226564 as it greater than probe TSF 14226564
10-19 02:07:36.535 1422 3576 D LOWI-9.0.0.87.a: [LOWI-Scan] is_qcom_ie, bss_age: 0
10-19 02:07:36.535 1422 3576 D LOWI-9.0.0.87.a: [LOWI-Scan] BSS 14:51:7e:52:1a:23 LOWI_PHY_MODE_11AC_VHT20_2G(11), Beacon Interval: 100, LOWI_ENCRYPTION_TYPE_OPEN 11mcRanging: No, ANQP: Yes, LCI: No, Civic: No, capability(0x1c21): ESS ShortPreamble ShortSlotTime APSD
10-19 02:07:36.535 1422 3576 D LOWI-9.0.0.87.a: [LOWI-Scan] BSS 14:51:7e:52:1a:23 FREQ: 2437, cFreq1[40:80:160] = [2437:0:0] cFreq2 = 0 Country Code = CN
10-19 02:07:36.535 1422 3576 D LOWI-9.0.0.87.a: [LOWI-Scan] BSS 14:51:7e:52:1a:23 (wlan0) ASSO: NO AddInfo: 0x1, TSF 0, 00:00:14.226, RSSI: -56, CPL: 127, AGE: 648, SSID , TSFDelta: 0xa1268855, TXRate: 0
10-19 02:07:36.535 1422 3576 D LOWI-9.0.0.87.a: [LOWI-Scan]
10-19 02:07:36.535 1422 3576 D LOWI-9.0.0.87.a: [LOWI-Scan] print_bss_handler: Report beacon TSF 14266778 as it greater than probe TSF 14266778
10-19 02:07:36.535 1422 3576 D LOWI-9.0.0.87.a: [LOWI-Scan] decode_rsn_wpa_ie: LOWI_ENCRYPTION_TYPE_WPA_PSK
10-19 02:07:36.535 1422 3576 D LOWI-9.0.0.87.a: [LOWI-Scan] is_qcom_ie, bss_age: 0
10-19 02:07:36.535 1422 3576 D LOWI-9.0.0.87.a: [LOWI-Scan] BSS 18:6f:2d:81:16:42 LOWI_PHY_MODE_11NG_HT20(5), Beacon Interval: 100, LOWI_ENCRYPTION_TYPE_WPA_PSK 11mcRanging: No, ANQP: No, LCI: No, Civic: No, capability(0x0531): ESS Privacy ShortPreamble SpectrumMgmt ShortSlotTime
10-19 02:07:36.535 1422 3576 D LOWI-9.0.0.87.a: [LOWI-Scan] BSS 18:6f:2d:81:16:42 FREQ: 2442, cFreq1[40:80:160] = [2442:0:0] cFreq2 = 0 Country Code = CN
10-19 02:07:36.535 1422 3576 D LOWI-9.0.0.87.a: [LOWI-Scan] BSS 18:6f:2d:81:16:42 (wlan0) ASSO: NO AddInfo: 0x1, TSF 0, 00:00:14.266, RSSI: -126, CPL: 127, AGE: 608, SSID ThunderSoft_2.4G, TSFDelta: 0xecd140a5, TXRate: 0
10-19 02:07:36.535 1422 3576 D LOWI-9.0.0.87.a: [LOWI-Scan]
10-19 02:07:36.535 1422 3576 D LOWI-9.0.0.87.a: [LOWI-Scan] print_bss_handler: Report Probe TSF 14275734 as it greater than Beacon TSF 0
10-19 02:07:36.535 1422 3576 D LOWI-9.0.0.87.a: [LOWI-Scan] decode_rsn_wpa_ie: LOWI_ENCRYPTION_TYPE_WPA_PSK
10-19 02:07:36.535 1422 3576 D LOWI-9.0.0.87.a: [LOWI-Scan] is_qcom_ie, bss_age: 0
10-19 02:07:36.535 1422 3576 D LOWI-9.0.0.87.a: [LOWI-Scan] BSS f0:b4:29:ff:30:57 LOWI_PHY_MODE_11NG_HT20(5), Beacon Interval: 100, LOWI_ENCRYPTION_TYPE_WPA_PSK 11mcRanging: No, ANQP: No, LCI: No, Civic: No, capability(0x0c11): ESS Privacy ShortSlotTime APSD
10-19 02:07:36.535 1422 3576 D LOWI-9.0.0.87.a: [LOWI-Scan] BSS f0:b4:29:ff:30:57 FREQ: 2442, cFreq1[40:80:160] = [0:0:0] cFreq2 = 0 Country Code = CN
10-19 02:07:36.535 1422 3576 D LOWI-9.0.0.87.a: [LOWI-Scan] BSS f0:b4:29:ff:30:57 (wlan0) ASSO: NO AddInfo: 0x0, TSF 0, 00:00:14.275, RSSI: -114, CPL: 127, AGE: 600, SSID Xiaomi_3056, TSFDelta: 0xa850a315, TXRate: 0
10-19 02:07:36.536 1422 3576 D LOWI-9.0.0.87.a: [LOWI-Scan]
10-19 02:07:36.536 1422 3576 D LOWI-9.0.0.87.a: [LOWI-Scan] print_bss_handler: Report Probe TSF 14336910 as it greater than Beacon TSF 14297390
10-19 02:07:36.536 1422 3576 D LOWI-9.0.0.87.a: [LOWI-Scan] decode_rsn_wpa_ie: LOWI_ENCRYPTION_TYPE_WPA_PSK
10-19 02:07:36.536 1422 3576 D LOWI-9.0.0.87.a: [LOWI-Scan] is_qcom_ie, bss_age: 0
10-19 02:07:36.536 1422 3576 D LOWI-9.0.0.87.a: [LOWI-Scan] BSS 18:6f:2d:80:62:f0 LOWI_PHY_MODE_11AC_VHT20(8), Beacon Interval: 100, LOWI_ENCRYPTION_TYPE_WPA_PSK 11mcRanging: No, ANQP: No, LCI: No, Civic: No, capability(0x0111): ESS Privacy SpectrumMgmt
10-19 02:07:36.536 1422 3576 D LOWI-9.0.0.87.a: [LOWI-Scan] BSS 18:6f:2d:80:62:f0 FREQ: 5280, cFreq1[40:80:160] = [5280:0:0] cFreq2 = 0 Country Code = CN
10-19 02:07:36.536 1422 3576 D LOWI-9.0.0.87.a: [LOWI-Scan] BSS 18:6f:2d:80:62:f0 (wlan0) ASSO: NO AddInfo: 0x0, TSF 0, 00:00:14.336, RSSI: -94, CPL: 127, AGE: 536, SSID Testing , TSFDelta: 0xbc56c2ab, TXRate: 0
10-19 02:07:36.536 1422 3576 D LOWI-9.0.0.87.a: [LOWI-Scan]
10-19 02:07:36.536 1422 3576 D LOWI-9.0.0.87.a: [LOWI-Scan] print_bss_handler: Report Probe TSF 14337614 as it greater than Beacon TSF 14297428
10-19 02:07:36.536 1422 3576 D LOWI-9.0.0.87.a: [LOWI-Scan] is_qcom_ie, bss_age: 0
10-19 02:07:36.536 1422 3576 D LOWI-9.0.0.87.a: [LOWI-Scan] BSS 18:6f:2d:80:62:f1 LOWI_PHY_MODE_11AC_VHT20(8), Beacon Interval: 100, LOWI_ENCRYPTION_TYPE_OPEN 11mcRanging: No, ANQP: No, LCI: No, Civic: No, capability(0x0101): ESS SpectrumMgmt
10-19 02:07:36.536 1422 3576 D LOWI-9.0.0.87.a: [LOWI-Scan] BSS 18:6f:2d:80:62:f1 FREQ: 5280, cFreq1[40:80:160] = [5280:0:0] cFreq2 = 0 Country Code = CN
