10-19 02:07:43.679 2119 2429 E MicroService: at libcore.io.IoBridge.connect(IoBridge.java:183)
10-19 02:07:43.679 2119 2429 E MicroService: at java.net.PlainSocketImpl.socketConnect(PlainSocketImpl.java:142)
10-19 02:07:43.679 2119 2429 E MicroService: at java.net.AbstractPlainSocketImpl.doConnect(AbstractPlainSocketImpl.java:390)
10-19 02:07:43.679 2119 2429 E MicroService: at java.net.AbstractPlainSocketImpl.connectToAddress(AbstractPlainSocketImpl.java:230)
10-19 02:07:43.679 2119 2429 E MicroService: at java.net.AbstractPlainSocketImpl.connect(AbstractPlainSocketImpl.java:212)
10-19 02:07:43.679 2119 2429 E MicroService: at java.net.SocksSocketImpl.connect(SocksSocketImpl.java:436)
10-19 02:07:43.679 2119 2429 E MicroService: at java.net.Socket.connect(Socket.java:621)
10-19 02:07:43.679 2119 2429 E MicroService: at java.net.Socket.connect(Socket.java:570)
10-19 02:07:43.679 2119 2429 E MicroService: at java.net.Socket.(Socket.java:450)
10-19 02:07:43.679 2119 2429 E MicroService: at java.net.Socket.(Socket.java:292)
10-19 02:07:43.679 2119 2429 E MicroService: at com.thundercomm.microservice.base.BaseMicroSocketClient.createClientSocket(BaseMicroSocketClient.java:20)
10-19 02:07:43.679 2119 2429 E MicroService: at com.thundercomm.microservice.MicroSocketClient.serialSendMessage(MicroSocketClient.java:100)
10-19 02:07:43.679 2119 2429 E MicroService: at com.thundercomm.microservice.MicroSocketClient.lambda$handShark$2$MicroSocketClient(MicroSocketClient.java:121)
10-19 02:07:43.679 2119 2429 E MicroService: at com.thundercomm.microservice.MicroSocketClient$$ExternalSyntheticLambda0.run(Unknown Source:2)
10-19 02:07:43.679 2119 2429 E MicroService: at java.lang.Thread.run(Thread.java:920)
10-19 02:07:44.152 0 0 E [ 22.496515] link_delay_work_func: DTC_ETH: SQI=0, link=0
10-19 02:07:44.602 651 666 I mpu_uart: [MSG-P:RECV]:No message received in 1000 ms
10-19 02:07:44.631 651 665 I mpu_uart: [MSG-P:R]:recv sync frame timeout
10-19 02:07:44.680 2119 2429 D MicroService: send handshake message, currentTryAccount=5
10-19 02:07:44.991 574 592 I keystore2: keystore2::watchdog: Watchdog thread idle -> terminating. Have a great day.
10-19 02:07:45.508 1546 1836 I GameModeConfig: isGameModeOn = true
10-19 02:07:45.508 1546 1836 I GameModeConfig: isGaming = false
10-19 02:07:45.544 1546 1836 I GameModeConfig: isGameModeOn = true
10-19 02:07:45.544 1546 1836 I GameModeConfig: isGaming = false
10-19 02:07:45.603 651 666 I mpu_uart: [MSG-P:RECV]:No message received in 1000 ms
10-19 02:07:46.554 2320 2320 D RemoteControlService: startVlanDispatchThread
10-19 02:07:46.603 651 666 I mpu_uart: [MSG-P:RECV]:No message received in 1000 ms
10-19 02:07:46.743 2119 2429 E MicroService: DTC_ETH: BaseMicroSocketClient:createClientSocket()
10-19 02:07:46.743 2119 2429 E MicroService: java.net.NoRouteToHostException: Host unreachable
10-19 02:07:46.743 2119 2429 E MicroService: at libcore.io.IoBridge.connect(IoBridge.java:183)
10-19 02:07:46.743 2119 2429 E MicroService: at java.net.PlainSocketImpl.socketConnect(PlainSocketImpl.java:142)
10-19 02:07:46.743 2119 2429 E MicroService: at java.net.AbstractPlainSocketImpl.doConnect(AbstractPlainSocketImpl.java:390)
10-19 02:07:46.743 2119 2429 E MicroService: at java.net.AbstractPlainSocketImpl.connectToAddress(AbstractPlainSocketImpl.java:230)
10-19 02:07:46.743 2119 2429 E MicroService: at java.net.AbstractPlainSocketImpl.connect(AbstractPlainSocketImpl.java:212)
10-19 02:07:46.743 2119 2429 E MicroService: at java.net.SocksSocketImpl.connect(SocksSocketImpl.java:436)
10-19 02:07:46.743 2119 2429 E MicroService: at java.net.Socket.connect(Socket.java:621)
10-19 02:07:46.743 2119 2429 E MicroService: at java.net.Socket.connect(Socket.java:570)
10-19 02:07:46.743 2119 2429 E MicroService: at java.net.Socket.(Socket.java:450)
10-19 02:07:46.743 2119 2429 E MicroService: at java.net.Socket.(Socket.java:292)
10-19 02:07:46.743 2119 2429 E MicroService: at com.thundercomm.microservice.base.BaseMicroSocketClient.createClientSocket(BaseMicroSocketClient.java:20)
10-19 02:07:46.743 2119 2429 E MicroService: at com.thundercomm.microservice.MicroSocketClient.serialSendMessage(MicroSocketClient.java:100)
10-19 02:07:46.743 2119 2429 E MicroService: at com.thundercomm.microservice.MicroSocketClient.lambda$handShark$2$MicroSocketClient(MicroSocketClient.java:121)
10-19 02:07:46.743 2119 2429 E MicroService: at com.thundercomm.microservice.MicroSocketClient$$ExternalSyntheticLambda0.run(Unknown Source:2)
10-19 02:07:46.743 2119 2429 E MicroService: at java.lang.Thread.run(Thread.java:920)
10-19 02:07:47.181 1546 1836 I GameModeConfig: isGameModeOn = true
10-19 02:07:47.182 1546 1836 I GameModeConfig: isGaming = false
10-19 02:07:47.604 651 666 I mpu_uart: [MSG-P:RECV]:No message received in 1000 ms
10-19 02:07:47.634 651 665 I mpu_uart: [MSG-P:R]:recv sync frame timeout
10-19 02:07:47.744 2119 2429 D MicroService: send handshake message, currentTryAccount=6
10-19 02:07:48.583 0 0 I [ 26.929121] init: Untracked pid 4248 exited with status 0
10-19 02:07:48.604 651 666 I mpu_uart: [MSG-P:RECV]:No message received in 1000 ms
10-19 02:07:48.638 1546 1636 I ActivityManager: Waited long enough for: ServiceRecord{101c626 u0 com.qti.diagservices/.QTIDiagServices}
10-19 02:07:49.271 0 0 E [ 27.616518] link_delay_work_func: DTC_ETH: SQI=0, link=0
10-19 02:07:49.523 651 665 D mpu_uart: [MSG-P:R-M]:recved H:38, L:0
10-19 02:07:49.524 651 665 V mpu_uart: recv data buf:[0x3c, 0x26, 0x0, 0x2, 0xd, 0x2, 0x1, 0x1c, 0xd, 0xa, 0x20, 0x42, 0x2d, 0x6d, 0x61, 0x69, 0x6e, 0x5f, 0x6c, 0x6f, 0x6f, 0x70, 0x20, 0x69, 0x73, 0x20, 0x72, 0x75, 0x6e, 0x6e, 0x69, 0x6e, 0x67, 0xd, 0xa, 0x0, 0x0, 0x70, ]
10-19 02:07:49.524 651 665 V mpu_uart:
10-19 02:07:49.524 651 665 V mpu_uart: B-main_loop is running
10-19 02:07:49.524 651 666 D mpu_uart: [SESSION-Distribute]:Message en queue:d
10-19 02:07:49.815 2119 2429 E MicroService: DTC_ETH: BaseMicroSocketClient:createClientSocket()
10-19 02:07:49.815 2119 2429 E MicroService: java.net.NoRouteToHostException: Host unreachable
10-19 02:07:49.815 2119 2429 E MicroService: at libcore.io.IoBridge.connect(IoBridge.java:183)
10-19 02:07:49.815 2119 2429 E MicroService: at java.net.PlainSocketImpl.socketConnect(PlainSocketImpl.java:142)
10-19 02:07:49.815 2119 2429 E MicroService: at java.net.AbstractPlainSocketImpl.doConnect(AbstractPlainSocketImpl.java:390)
10-19 02:07:49.815 2119 2429 E MicroService: at java.net.AbstractPlainSocketImpl.connectToAddress(AbstractPlainSocketImpl.java:230)
10-19 02:07:49.815 2119 2429 E MicroService: at java.net.AbstractPlainSocketImpl.connect(AbstractPlainSocketImpl.java:212)
10-19 02:07:49.815 2119 2429 E MicroService: at java.net.SocksSocketImpl.connect(SocksSocketImpl.java:436)
10-19 02:07:49.815 2119 2429 E MicroService: at java.net.Socket.connect(Socket.java:621)
10-19 02:07:49.815 2119 2429 E MicroService: at java.net.Socket.connect(Socket.java:570)
10-19 02:07:49.815 2119 2429 E MicroService: at java.net.Socket.(Socket.java:450)
10-19 02:07:49.815 2119 2429 E MicroService: at java.net.Socket.(Socket.java:292)
10-19 02:07:49.815 2119 2429 E MicroService: at com.thundercomm.microservice.base.BaseMicroSocketClient.createClientSocket(BaseMicroSocketClient.java:20)
10-19 02:07:49.815 2119 2429 E MicroService: at com.thundercomm.microservice.MicroSocketClient.serialSendMessage(MicroSocketClient.java:100)
10-19 02:07:49.815 2119 2429 E MicroService: at com.thundercomm.microservice.MicroSocketClient.lambda$handShark$2$MicroSocketClient(MicroSocketClient.java:121)
10-19 02:07:49.815 2119 2429 E MicroService: at com.thundercomm.microservice.MicroSocketClient$$ExternalSyntheticLambda0.run(Unknown Source:2)
10-19 02:07:49.815 2119 2429 E MicroService: at java.lang.Thread.run(Thread.java:920)
10-19 02:07:49.858 2175 4188 D TlogClient_LogCollectService: === FINISH to package logs ===
10-19 02:07:50.525 651 666 I mpu_uart: [MSG-P:RECV]:No message received in 1000 ms
10-19 02:07:50.815 2119 2429 D MicroService: send handshake message, currentTryAccount=7
10-19 02:07:51.525 651 666 I mpu_uart: [MSG-P:RECV]:No message received in 1000 ms
10-19 02:07:51.567 2320 2320 D RemoteControlService: startVlanDispatchThread
10-19 02:07:52.525 651 666 I mpu_uart: [MSG-P:RECV]:No message received in 1000 ms
10-19 02:07:52.527 651 665 I mpu_uart: [MSG-P:R]:recv sync frame timeout
10-19 02:07:52.887 2119 2429 E MicroService: DTC_ETH: BaseMicroSocketClient:createClientSocket()
10-19 02:07:52.887 2119 2429 E MicroService: java.net.NoRouteToHostException: Host unreachable
10-19 02:07:52.887 2119 2429 E MicroService: at libcore.io.IoBridge.connect(IoBridge.java:183)
10-19 02:07:52.887 2119 2429 E MicroService: at java.net.PlainSocketImpl.socketConnect(PlainSocketImpl.java:142)
10-19 02:07:52.887 2119 2429 E MicroService: at java.net.AbstractPlainSocketImpl.doConnect(AbstractPlainSocketImpl.java:390)
10-19 02:07:52.887 2119 2429 E MicroService: at java.net.AbstractPlainSocketImpl.connectToAddress(AbstractPlainSocketImpl.java:230)
10-19 02:07:52.887 2119 2429 E MicroService: at java.net.AbstractPlainSocketImpl.connect(AbstractPlainSocketImpl.java:212)
10-19 02:07:52.887 2119 2429 E MicroService: at java.net.SocksSocketImpl.connect(SocksSocketImpl.java:436)
10-19 02:07:52.887 2119 2429 E MicroService: at java.net.Socket.connect(Socket.java:621)
10-19 02:07:52.887 2119 2429 E MicroService: at java.net.Socket.connect(Socket.java:570)
10-19 02:07:52.887 2119 2429 E MicroService: at java.net.Socket.(Socket.java:450)
10-19 02:07:52.887 2119 2429 E MicroService: at java.net.Socket.(Socket.java:292)
10-19 02:07:52.887 2119 2429 E MicroService: at com.thundercomm.microservice.base.BaseMicroSocketClient.createClientSocket(BaseMicroSocketClient.java:20)
10-19 02:07:52.887 2119 2429 E MicroService: at com.thundercomm.microservice.MicroSocketClient.serialSendMessage(MicroSocketClient.java:100)
10-19 02:07:52.887 2119 2429 E MicroService: at com.thundercomm.microservice.MicroSocketClient.lambda$handShark$2$MicroSocketClient(MicroSocketClient.java:121)
10-19 02:07:52.887 2119 2429 E MicroService: at com.thundercomm.microservice.MicroSocketClient$$ExternalSyntheticLambda0.run(Unknown Source:2)
10-19 02:07:52.887 2119 2429 E MicroService: at java.lang.Thread.run(Thread.java:920)
10-19 02:07:53.208 1546 1634 I am_pss : [3025,10074,com.qualcomm.location.XT,6639616,4558848,0,94842880,0,6,13]
10-19 02:07:53.222 1546 1634 I am_pss : [2423,10098,android.ext.services,13395968,5623808,0,126496768,0,5,11]
10-19 02:07:53.368 0 0 I [ 31.712841] display_panel_avdd: disabling
10-19 02:07:53.368 0 0 I [ 31.714143] vdd_tof: disabling
10-19 02:07:53.502 1546 1634 I am_pss : [2557,10076,com.android.launcher3,155695104,140718080,0,289062912,0,2,21]
10-19 02:07:53.526 651 666 I mpu_uart: [MSG-P:RECV]:No message received in 1000 ms
10-19 02:07:53.571 1546 1634 I am_pss : [3307,10036,com.baidu.input_hryt,101001216,84819968,0,231710720,0,7,20]
10-19 02:07:53.888 2119 2429 D MicroService: send handshake message, currentTryAccount=8
10-19 02:07:54.391 0 0 E [ 32.736176] link_delay_work_func: DTC_ETH: SQI=0, link=0
10-19 02:07:54.527 651 666 I mpu_uart: [MSG-P:RECV]:No message received in 1000 ms
10-19 02:07:55.508 1546 1634 I am_pss : [3584,10028,com.huawei.hms.kitframework,12187648,9609216,0,105566208,0,6,13]
10-19 02:07:55.518 1546 1634 I am_pss : [3360,1000,com.qti.diagservices,6459392,4059136,0,96702464,0,10,9]
10-19 02:07:55.527 651 666 I mpu_uart: [MSG-P:RECV]:No message received in 1000 ms
10-19 02:07:55.527 651 665 I mpu_uart: [MSG-P:R]:recv sync frame timeout
10-19 02:07:55.959 2119 2429 E MicroService: DTC_ETH: BaseMicroSocketClient:createClientSocket()
10-19 02:07:55.959 2119 2429 E MicroService: java.net.NoRouteToHostException: Host unreachable
10-19 02:07:55.959 2119 2429 E MicroService: at libcore.io.IoBridge.connect(IoBridge.java:183)
10-19 02:07:55.959 2119 2429 E MicroService: at java.net.PlainSocketImpl.socketConnect(PlainSocketImpl.java:142)
10-19 02:07:55.959 2119 2429 E MicroService: at java.net.AbstractPlainSocketImpl.doConnect(AbstractPlainSocketImpl.java:390)
10-19 02:07:55.959 2119 2429 E MicroService: at java.net.AbstractPlainSocketImpl.connectToAddress(AbstractPlainSocketImpl.java:230)
10-19 02:07:55.959 2119 2429 E MicroService: at java.net.AbstractPlainSocketImpl.connect(AbstractPlainSocketImpl.java:212)
10-19 02:07:55.959 2119 2429 E MicroService: at java.net.SocksSocketImpl.connect(SocksSocketImpl.java:436)
10-19 02:07:55.959 2119 2429 E MicroService: at java.net.Socket.connect(Socket.java:621)
10-19 02:07:55.959 2119 2429 E MicroService: at java.net.Socket.connect(Socket.java:570)
10-19 02:07:55.959 2119 2429 E MicroService: at java.net.Socket.(Socket.java:450)
10-19 02:07:55.959 2119 2429 E MicroService: at java.net.Socket.(Socket.java:292)
10-19 02:07:55.959 2119 2429 E MicroService: at com.thundercomm.microservice.base.BaseMicroSocketClient.createClientSocket(BaseMicroSocketClient.java:20)
10-19 02:07:55.959 2119 2429 E MicroService: at com.thundercomm.microservice.MicroSocketClient.serialSendMessage(MicroSocketClient.java:100)
10-19 02:07:55.959 2119 2429 E MicroService: at com.thundercomm.microservice.MicroSocketClient.lambda$handShark$2$MicroSocketClient(MicroSocketClient.java:121)
10-19 02:07:55.959 2119 2429 E MicroService: at com.thundercomm.microservice.MicroSocketClient$$ExternalSyntheticLambda0.run(Unknown Source:2)
10-19 02:07:55.959 2119 2429 E MicroService: at java.lang.Thread.run(Thread.java:920)
10-19 02:07:56.247 1546 1634 I am_pss : [3732,1000,com.huawei.nearby,9847808,6897664,0,106680320,0,6,10]
10-19 02:07:56.258 1546 1634 I am_pss : [3715,10040,com.huawei.hisight,8846336,6520832,0,99663872,0,6,10]
10-19 02:07:56.527 651 666 I mpu_uart: [MSG-P:RECV]:No message received in 1000 ms
10-19 02:07:56.580 2320 2320 D RemoteControlService: startVlanDispatchThread
10-19 02:07:56.960 2119 2429 D MicroService: send handshake message, currentTryAccount=9
10-19 02:07:57.366 888 965 E GpuMem : Failed to attach bpf program to gpu_mem/gpu_mem_total tracepoint [2(No such file or directory)]
10-19 02:07:57.367 888 965 E GpuMemTracer: Cannot initialize GpuMemTracer before GpuMem
10-19 02:07:57.528 651 666 I mpu_uart: [MSG-P:RECV]:No message received in 1000 ms
10-19 02:07:57.972 1212 1226 E tlogd : [StorageChecker](hasStorageSpace) space: (used: 0M, free: 108572M), path: /data/tlog/logcat/
10-19 02:07:57.975 0 0 I [ 36.323510] init: processing action (sys.tlog.tlogdshc.active=1) from (/system/etc/init/tlogd.rc:198)
10-19 02:07:57.979 0 0 I [ 36.324493] init: starting service 'tlogdshc'...
10-19 02:07:58.091 0 0 I [ 36.438597] init: Service 'tlogdshc' (pid 4269) exited with status 0 oneshot service took 0.108000 seconds in background
10-19 02:07:58.091 0 0 I [ 36.438629] init: Sending signal 9 to service 'tlogdshc' (pid 4269) process group...
10-19 02:07:58.091 0 0 I [ 36.438840] libprocessgroup: Successfully killed process cgroup uid 0 pid 4269 in 0ms
10-19 02:07:58.528 651 666 I mpu_uart: [MSG-P:RECV]:No message received in 1000 ms
10-19 02:07:58.531 651 665 I mpu_uart: [MSG-P:R]:recv sync frame timeout
10-19 02:07:59.031 2119 2429 E MicroService: DTC_ETH: BaseMicroSocketClient:createClientSocket()
10-19 02:07:59.031 2119 2429 E MicroService: java.net.NoRouteToHostException: Host unreachable
10-19 02:07:59.031 2119 2429 E MicroService: at libcore.io.IoBridge.connect(IoBridge.java:183)
10-19 02:07:59.031 2119 2429 E MicroService: at java.net.PlainSocketImpl.socketConnect(PlainSocketImpl.java:142)
10-19 02:07:59.031 2119 2429 E MicroService: at java.net.AbstractPlainSocketImpl.doConnect(AbstractPlainSocketImpl.java:390)
10-19 02:07:59.031 2119 2429 E MicroService: at java.net.AbstractPlainSocketImpl.connectToAddress(AbstractPlainSocketImpl.java:230)
10-19 02:07:59.031 2119 2429 E MicroService: at java.net.AbstractPlainSocketImpl.connect(AbstractPlainSocketImpl.java:212)
10-19 02:07:59.031 2119 2429 E MicroService: at java.net.SocksSocketImpl.connect(SocksSocketImpl.java:436)
10-19 02:07:59.031 2119 2429 E MicroService: at java.net.Socket.connect(Socket.java:621)
10-19 02:07:59.031 2119 2429 E MicroService: at java.net.Socket.connect(Socket.java:570)
10-19 02:07:59.031 2119 2429 E MicroService: at java.net.Socket.(Socket.java:450)
10-19 02:07:59.031 2119 2429 E MicroService: at java.net.Socket.(Socket.java:292)
10-19 02:07:59.031 2119 2429 E MicroService: at com.thundercomm.microservice.base.BaseMicroSocketClient.createClientSocket(BaseMicroSocketClient.java:20)
10-19 02:07:59.031 2119 2429 E MicroService: at com.thundercomm.microservice.MicroSocketClient.serialSendMessage(MicroSocketClient.java:100)
10-19 02:07:59.031 2119 2429 E MicroService: at com.thundercomm.microservice.MicroSocketClient.lambda$handShark$2$MicroSocketClient(MicroSocketClient.java:121)
10-19 02:07:59.031 2119 2429 E MicroService: at com.thundercomm.microservice.MicroSocketClient$$ExternalSyntheticLambda0.run(Unknown Source:2)
10-19 02:07:59.031 2119 2429 E MicroService: at java.lang.Thread.run(Thread.java:920)
10-19 02:07:59.511 0 0 E [ 37.856172] link_delay_work_func: DTC_ETH: SQI=0, link=0
10-19 02:07:59.529 651 666 I mpu_uart: [MSG-P:RECV]:No message received in 1000 ms
10-19 02:08:00.003 1546 1791 D PowerManagerService: acquireWakeLockInternal: lock=213092954, flags=0x1, tag="*alarm*", ws=WorkSource{1000}, uid=1000, pid=1546
10-19 02:08:00.004 1546 1791 D PowerManagerService: updateWakeLockSummaryLocked: mWakefulness=Awake, mWakeLockSummary=0x1
10-19 02:08:00.004 1546 1791 D PowerManagerService: updateUserActivitySummaryLocked: groupId=0, mWakefulness=Awake, mUserActivitySummary=0x1, nextTimeout=71133 (in 32781 ms)
10-19 02:08:00.004 1546 1791 D PowerManagerNotifier: onScreenPolicyUpdate: newPolicy=3
10-19 02:08:00.004 1546 1791 D PowerManagerService: updateDisplayPowerStateLocked: displayReady=true, groupId=0, policy=BRIGHT, mWakefulness=Awake, mWakeLockSummary=0x1, mUserActivitySummary=0x1, mBootCompleted=true, screenBrightnessOverride=NaN, useAutoBrightness=true, mScreenBrightnessBoostInProgress=false, mIsVrModeEnabled= false, sQuiescent=false
10-19 02:08:00.004 1546 1791 D PowerManagerService: Acquiring suspend blocker "PowerManagerService.WakeLocks".
10-19 02:08:00.004 1546 1791 E power : power acquire_wake_lock enter!
10-19 02:08:00.005 1546 1791 E power : power acquire_wake_lock exit!
10-19 02:08:00.006 573 573 E android.system.suspend@1.0-service: SystemSuspend::acquireWakeLock enter!pid = 1546: Success
10-19 02:08:00.006 573 573 E android.system.suspend@1.0-service: SystemSuspend::acquireWakeLock exit!: Success
10-19 02:08:00.006 1889 2633 D Statusbar.Clock: mIntentReceiver:onReceive:
10-19 02:08:00.007 1546 1791 D PowerManagerNotifier: onWakeLockAcquired: flags=1, tag="*alarm*", packageName=android, ownerUid=1000, ownerPid=1546, workSource=WorkSource{1000}
10-19 02:08:00.007 1889 2633 D Statusbar.Clock: mIntentReceiver:onReceive: action:android.intent.action.TIME_TICK
10-19 02:08:00.007 1889 2633 D Statusbar.Clock: mIntentReceiver:onReceive:
10-19 02:08:00.008 1546 1546 D PowerManagerService: releaseWakeLockInternal: lock=213092954 [*alarm*], flags=0x0
10-19 02:08:00.008 1546 1546 D PowerManagerNotifier: onWakeLockReleased: flags=1, tag="*alarm*", packageName=android, ownerUid=1000, ownerPid=1546, workSource=WorkSource{1000}
10-19 02:08:00.008 1889 1889 D KeyguardUpdateMonitor: received broadcast android.intent.action.TIME_TICK
10-19 02:08:00.008 1546 1546 D PowerManagerService: updateWakeLockSummaryLocked: mWakefulness=Awake, mWakeLockSummary=0x0
10-19 02:08:00.008 1546 1546 D PowerManagerService: updateUserActivitySummaryLocked: groupId=0, mWakefulness=Awake, mUserActivitySummary=0x1, nextTimeout=71133 (in 32777 ms)
10-19 02:08:00.008 1546 1546 D PowerManagerNotifier: onScreenPolicyUpdate: newPolicy=3
10-19 02:08:00.008 1546 1546 D PowerManagerService: updateDisplayPowerStateLocked: displayReady=true, groupId=0, policy=BRIGHT, mWakefulness=Awake, mWakeLockSummary=0x0, mUserActivitySummary=0x1, mBootCompleted=true, screenBrightnessOverride=NaN, useAutoBrightness=true, mScreenBrightnessBoostInProgress=false, mIsVrModeEnabled= false, sQuiescent=false
10-19 02:08:00.008 1546 1546 D PowerManagerService: Releasing suspend blocker "PowerManagerService.WakeLocks".
10-19 02:08:00.009 1889 1889 D Statusbar.Clock: updateClock:1697652480009
10-19 02:08:00.009 1889 2633 D Statusbar.Clock: mIntentReceiver:onReceive: action:android.intent.action.TIME_TICK
10-19 02:08:00.013 1889 1889 D KeyguardUpdateMonitor: handleTimeUpdate
10-19 02:08:00.017 1889 1889 D Statusbar.Clock: updateClock:1697652480017
10-19 02:08:00.031 2119 2429 D MicroService: send handshake message, currentTryAccount=10
10-19 02:08:00.147 1546 1621 D CompatibilityInfo: mCompatibilityFlags - 4
10-19 02:08:00.147 1546 1621 D CompatibilityInfo: applicationDensity - 240
10-19 02:08:00.147 1546 1621 D CompatibilityInfo: applicationScale - 1.0
10-19 02:08:00.530 651 666 I mpu_uart: [MSG-P:RECV]:No message received in 1000 ms
10-19 02:08:01.530 651 666 I mpu_uart: [MSG-P:RECV]:No message received in 1000 ms
10-19 02:08:01.534 651 665 I mpu_uart: [MSG-P:R]:recv sync frame timeout
10-19 02:08:01.592 2320 2320 D RemoteControlService: startVlanDispatchThread
10-19 02:08:02.103 2119 2429 E MicroService: DTC_ETH: BaseMicroSocketClient:createClientSocket()
10-19 02:08:02.103 2119 2429 E MicroService: java.net.NoRouteToHostException: Host unreachable
10-19 02:08:02.103 2119 2429 E MicroService: at libcore.io.IoBridge.connect(IoBridge.java:183)
10-19 02:08:02.103 2119 2429 E MicroService: at java.net.PlainSocketImpl.socketConnect(PlainSocketImpl.java:142)
10-19 02:08:02.103 2119 2429 E MicroService: at java.net.AbstractPlainSocketImpl.doConnect(AbstractPlainSocketImpl.java:390)
10-19 02:08:02.103 2119 2429 E MicroService: at java.net.AbstractPlainSocketImpl.connectToAddress(AbstractPlainSocketImpl.java:230)
10-19 02:08:02.103 2119 2429 E MicroService: at java.net.AbstractPlainSocketImpl.connect(AbstractPlainSocketImpl.java:212)
10-19 02:08:02.103 2119 2429 E MicroService: at java.net.SocksSocketImpl.connect(SocksSocketImpl.java:436)
10-19 02:08:02.103 2119 2429 E MicroService: at java.net.Socket.connect(Socket.java:621)
10-19 02:08:02.103 2119 2429 E MicroService: at java.net.Socket.connect(Socket.java:570)
10-19 02:08:02.103 2119 2429 E MicroService: at java.net.Socket.(Socket.java:450)
10-19 02:08:02.103 2119 2429 E MicroService: at java.net.Socket.(Socket.java:292)
10-19 02:08:02.103 2119 2429 E MicroService: at com.thundercomm.microservice.base.BaseMicroSocketClient.createClientSocket(BaseMicroSocketClient.java:20)
10-19 02:08:02.103 2119 2429 E MicroService: at com.thundercomm.microservice.MicroSocketClient.serialSendMessage(MicroSocketClient.java:100)
10-19 02:08:02.103 2119 2429 E MicroService: at com.thundercomm.microservice.MicroSocketClient.lambda$handShark$2$MicroSocketClient(MicroSocketClient.java:121)
10-19 02:08:02.103 2119 2429 E MicroService: at com.thundercomm.microservice.MicroSocketClient$$ExternalSyntheticLambda0.run(Unknown Source:2)
10-19 02:08:02.103 2119 2429 E MicroService: at java.lang.Thread.run(Thread.java:920)
10-19 02:08:02.531 651 666 I mpu_uart: [MSG-P:RECV]:No message received in 1000 ms
10-19 02:08:03.531 651 666 I mpu_uart: [MSG-P:RECV]:No message received in 1000 ms
10-19 02:08:04.532 651 666 I mpu_uart: [MSG-P:RECV]:No message received in 1000 ms
10-19 02:08:04.537 651 665 I mpu_uart: [MSG-P:R]:recv sync frame timeout
10-19 02:08:04.631 0 0 E [ 42.976188] link_delay_work_func: DTC_ETH: SQI=0, link=0
10-19 02:08:05.532 651 666 I mpu_uart: [MSG-P:RECV]:No message received in 1000 ms
10-19 02:08:06.533 651 666 I mpu_uart: [MSG-P:RECV]:No message received in 1000 ms
10-19 02:08:06.603 2320 2320 D RemoteControlService: startVlanDispatchThread
10-19 02:08:07.533 651 666 I mpu_uart: [MSG-P:RECV]:No message received in 1000 ms
10-19 02:08:07.540 651 665 I mpu_uart: [MSG-P:R]:recv sync frame timeout
10-19 02:08:08.535 651 666 I mpu_uart: [MSG-P:RECV]:No message received in 1000 ms
10-19 02:08:09.536 651 666 I mpu_uart: [MSG-P:RECV]:No message received in 1000 ms
10-19 02:08:09.751 0 0 E [ 48.096459] link_delay_work_func: DTC_ETH: SQI=0, link=0
10-19 02:08:10.399 1546 1791 D PowerManagerService: acquireWakeLockInternal: lock=213092954, flags=0x1, tag="*alarm*", ws=WorkSource{1000}, uid=1000, pid=1546
10-19 02:08:10.399 1546 1791 D PowerManagerService: updateWakeLockSummaryLocked: mWakefulness=Awake, mWakeLockSummary=0x1
10-19 02:08:10.400 1546 1791 D PowerManagerService: updateUserActivitySummaryLocked: groupId=0, mWakefulness=Awake, mUserActivitySummary=0x1, nextTimeout=71133 (in 22385 ms)
10-19 02:08:10.400 1546 1791 D PowerManagerNotifier: onScreenPolicyUpdate: newPolicy=3
10-19 02:08:10.400 1546 1791 D PowerManagerService: updateDisplayPowerStateLocked: displayReady=true, groupId=0, policy=BRIGHT, mWakefulness=Awake, mWakeLockSummary=0x1, mUserActivitySummary=0x1, mBootCompleted=true, screenBrightnessOverride=NaN, useAutoBrightness=true, mScreenBrightnessBoostInProgress=false, mIsVrModeEnabled= false, sQuiescent=false
10-19 02:08:10.400 1546 1791 D PowerManagerService: Acquiring suspend blocker "PowerManagerService.WakeLocks".
10-19 02:08:10.400 1546 1791 E power : power acquire_wake_lock enter!
10-19 02:08:10.400 1546 1791 E power : power acquire_wake_lock exit!
10-19 02:08:10.401 573 573 E android.system.suspend@1.0-service: SystemSuspend::acquireWakeLock enter!pid = 1546: Success
10-19 02:08:10.401 573 573 E android.system.suspend@1.0-service: SystemSuspend::acquireWakeLock exit!: Success
10-19 02:08:10.403 1546 1791 D PowerManagerNotifier: onWakeLockAcquired: flags=1, tag="*alarm*", packageName=android, ownerUid=1000, ownerPid=1546, workSource=WorkSource{1000}
10-19 02:08:10.404 1546 1818 D PowerManagerService: acquireWakeLockInternal: lock=96753738, flags=0x1, tag="NetworkStats", ws=null, uid=1000, pid=1546
10-19 02:08:10.404 1546 1818 D PowerManagerService: updateWakeLockSummaryLocked: mWakefulness=Awake, mWakeLockSummary=0x1
10-19 02:08:10.404 1546 1818 D PowerManagerService: updateUserActivitySummaryLocked: groupId=0, mWakefulness=Awake, mUserActivitySummary=0x1, nextTimeout=71133 (in 22381 ms)
10-19 02:08:10.404 1546 1818 D PowerManagerNotifier: onScreenPolicyUpdate: newPolicy=3
10-19 02:08:10.404 1546 1818 D PowerManagerService: updateDisplayPowerStateLocked: displayReady=true, groupId=0, policy=BRIGHT, mWakefulness=Awake, mWakeLockSummary=0x1, mUserActivitySummary=0x1, mBootCompleted=true, screenBrightnessOverride=NaN, useAutoBrightness=true, mScreenBrightnessBoostInProgress=false, mIsVrModeEnabled= false, sQuiescent=false
10-19 02:08:10.404 1546 1818 D PowerManagerNotifier: onWakeLockAcquired: flags=1, tag="NetworkStats", packageName=android, ownerUid=1000, ownerPid=1546, workSource=null
10-19 02:08:10.405 1546 1821 E WifiScoringParams: Invalid frequency(-1), using 5G as default rssi array
10-19 02:08:10.409 1546 1818 W BestClock: java.time.DateTimeException: Missing NTP fix
10-19 02:08:10.410 1546 1821 E WifiHealthMonitor: Hit PackageManager exception
10-19 02:08:10.410 1546 1821 E WifiHealthMonitor: android.content.pm.PackageManager$NameNotFoundException: No module info for package: com.android.wifi
10-19 02:08:10.410 1546 1821 E WifiHealthMonitor: at android.app.ApplicationPackageManager.getModuleInfo(ApplicationPackageManager.java:1079)
10-19 02:08:10.410 1546 1821 E WifiHealthMonitor: at com.android.server.wifi.WifiHealthMonitor.getWifiStackVersion(WifiHealthMonitor.java:365)
10-19 02:08:10.410 1546 1821 E WifiHealthMonitor: at com.android.server.wifi.WifiHealthMonitor.extractCurrentSoftwareBuildInfo(WifiHealthMonitor.java:586)
10-19 02:08:10.410 1546 1821 E WifiHealthMonitor: at com.android.server.wifi.WifiHealthMonitor.postBootSwBuildCheck(WifiHealthMonitor.java:521)
10-19 02:08:10.410 1546 1821 E WifiHealthMonitor: at com.android.server.wifi.WifiHealthMonitor.postBootDetectionHandler(WifiHealthMonitor.java:512)
10-19 02:08:10.410 1546 1821 E WifiHealthMonitor: at com.android.server.wifi.WifiHealthMonitor.access$500(WifiHealthMonitor.java:70)
10-19 02:08:10.410 1546 1821 E WifiHealthMonitor: at com.android.server.wifi.WifiHealthMonitor$2.onAlarm(WifiHealthMonitor.java:189)
10-19 02:08:10.410 1546 1821 E WifiHealthMonitor: at android.app.AlarmManager$ListenerWrapper.run(AlarmManager.java:323)
10-19 02:08:10.410 1546 1821 E WifiHealthMonitor: at android.os.Handler.handleCallback(Handler.java:938)
10-19 02:08:10.410 1546 1821 E WifiHealthMonitor: at android.os.Handler.dispatchMessage(Handler.java:99)
10-19 02:08:10.410 1546 1821 E WifiHealthMonitor: at android.os.Looper.loopOnce(Looper.java:201)
10-19 02:08:10.410 1546 1821 E WifiHealthMonitor: at android.os.Looper.loop(Looper.java:288)
10-19 02:08:10.410 1546 1821 E WifiHealthMonitor: at android.os.HandlerThread.run(HandlerThread.java:67)
10-19 02:08:10.420 1546 1634 I am_pss : [2986,10097,com.android.providers.media.module,16506880,12537856,0,122294272,0,0,14]
10-19 02:08:10.422 1546 1818 W BestClock: java.time.DateTimeException: Missing NTP fix
10-19 02:08:10.422 1546 1818 I netstats_mobile_sample: [0,0,0,0,0,0,0,0,0,0,0,0,1697652490422]
10-19 02:08:10.423 1546 1818 I netstats_wifi_sample: [0,0,0,0,0,0,0,0,0,0,0,0,1697652490422]
10-19 02:08:10.423 1546 1818 D PowerManagerService: releaseWakeLockInternal: lock=96753738 [NetworkStats], flags=0x0
10-19 02:08:10.423 1546 1818 D PowerManagerNotifier: onWakeLockReleased: flags=1, tag="NetworkStats", packageName=android, ownerUid=1000, ownerPid=1546, workSource=null
10-19 02:08:10.423 1546 1818 D PowerManagerService: updateWakeLockSummaryLocked: mWakefulness=Awake, mWakeLockSummary=0x1
10-19 02:08:10.424 1546 1818 D PowerManagerService: updateUserActivitySummaryLocked: groupId=0, mWakefulness=Awake, mUserActivitySummary=0x1, nextTimeout=71133 (in 22361 ms)
10-19 02:08:10.424 1546 1818 D PowerManagerNotifier: onScreenPolicyUpdate: newPolicy=3
10-19 02:08:10.424 1546 1818 D PowerManagerService: updateDisplayPowerStateLocked: displayReady=true, groupId=0, policy=BRIGHT, mWakefulness=Awake, mWakeLockSummary=0x1, mUserActivitySummary=0x1, mBootCompleted=true, screenBrightnessOverride=NaN, useAutoBrightness=true, mScreenBrightnessBoostInProgress=false, mIsVrModeEnabled= false, sQuiescent=false
10-19 02:08:10.425 1422 3576 D LOWI-9.0.0.87.a: [LOWI-Scan] wait_event:Wait done with Cmd 33
10-19 02:08:10.425 1422 3576 D LOWI-9.0.0.87.a: [LOWI-Scan] do_listen_events: Rcvd valid Netlink Cmd 0 Err 0
10-19 02:08:10.428 1546 1819 W BestClock: java.time.DateTimeException: Missing NTP fix
10-19 02:08:10.429 1546 1819 W BestClock: java.time.DateTimeException: Missing NTP fix
10-19 02:08:10.432 1546 1634 I am_pss : [1888,1002,com.android.bluetooth,47406080,40411136,0,161259520,0,0,10]
10-19 02:08:10.433 1546 1821 W UnsafeUtil: platform method missing - proto runtime falling back to safer methods: java.lang.NoSuchMethodException: sun.misc.Unsafe.copyMemory [class java.lang.Object, long, class java.lang.Object, long, long]
10-19 02:08:10.438 1546 1634 I am_pss : [2726,10082,com.qualcomm.location,10191872,7450624,0,103378944,0,0,6]
10-19 02:08:10.441 1546 1821 D PowerManagerService: releaseWakeLockInternal: lock=213092954 [*alarm*], flags=0x0
10-19 02:08:10.441 1546 1821 D PowerManagerNotifier: onWakeLockReleased: flags=1, tag="*alarm*", packageName=android, ownerUid=1000, ownerPid=1546, workSource=WorkSource{1000}
10-19 02:08:10.441 1546 1821 D PowerManagerService: updateWakeLockSummaryLocked: mWakefulness=Awake, mWakeLockSummary=0x0
10-19 02:08:10.441 1546 1821 D PowerManagerService: updateUserActivitySummaryLocked: groupId=0, mWakefulness=Awake, mUserActivitySummary=0x1, nextTimeout=71133 (in 22344 ms)
10-19 02:08:10.441 1546 1821 D PowerManagerNotifier: onScreenPolicyUpdate: newPolicy=3
10-19 02:08:10.441 1546 1821 D PowerManagerService: updateDisplayPowerStateLocked: displayReady=true, groupId=0, policy=BRIGHT, mWakefulness=Awake, mWakeLockSummary=0x0, mUserActivitySummary=0x1, mBootCompleted=true, screenBrightnessOverride=NaN, useAutoBrightness=true, mScreenBrightnessBoostInProgress=false, mIsVrModeEnabled= false, sQuiescent=false
10-19 02:08:10.441 1546 1821 D PowerManagerService: Releasing suspend blocker "PowerManagerService.WakeLocks".
10-19 02:08:10.444 1546 1634 I am_pss : [2156,1001,.dataservices,8122368,6025216,0,95358976,0,0,5]
10-19 02:08:10.450 1546 1634 I am_pss : [2003,1073,com.android.networkstack.process,11548672,8933376,0,106004480,0,0,6]
10-19 02:08:10.464 1546 1634 I am_pss : [1889,10084,com.android.systemui,162921472,141594624,0,320598016,0,0,12]
10-19 02:08:10.475 0 0 I [ 48.823192] [schedu][0x3b17e727][02: 08:10.474835] wlan: [3491:I:OSIF] scan start scan id 40962
10-19 02:08:10.483 1546 1634 I am_pss : [1546,1000,system,239690752,148905984,0,555438080,0,0,19]
10-19 02:08:10.536 651 666 I mpu_uart: [MSG-P:RECV]:No message received in 1000 ms
10-19 02:08:10.543 651 665 I mpu_uart: [MSG-P:R]:recv sync frame timeout
10-19 02:08:10.788 825 3553 I WifiHAL : event received NL80211_CMD_VENDOR, vendor_id = 0x1374, subcmd = 0xa
10-19 02:08:10.788 1422 3576 D LOWI-9.0.0.87.a: [LOWI-Scan] wait_event:Wait done with Cmd 103
10-19 02:08:10.788 1422 3576 D LOWI-9.0.0.87.a: [LOWI-Scan] do_listen_events: Rcvd valid Netlink Cmd 0 Err 0
10-19 02:08:10.788 3569 3569 I wpa_supplicant: wlan0: CTRL-EVENT-AVOID-FREQ ranges=
10-19 02:08:10.789 1310 1310 I cnss-daemon: nl80211 response handler invoked
10-19 02:08:10.789 1310 1310 I cnss-daemon: nl80211_response_handler: cmd 103, vendorID 4980, subcmd 10 received
10-19 02:08:10.790 3569 3569 I wpa_supplicant: wlan0: CTRL-EVENT-REGDOM-CHANGE init=DRIVER type=COUNTRY alpha2=CN
10-19 02:08:10.790 1213 1213 I wificond: Regulatory domain changed to country: CN on wiphy_index: 0
10-19 02:08:10.793 1546 2100 D WifiNl80211Manager: OnRegDomainChanged CN
10-19 02:08:10.794 1546 2100 D WifiNative: onCountryCodeChanged: CN
10-19 02:08:10.796 1213 1213 I wificond: 2.4Ghz frequencies: 2412 2417 2422 2427 2432 2437 2442 2447 2452 2457 2462 2467 2472
10-19 02:08:10.796 1213 1213 I wificond: 5Ghz non-DFS frequencies: 5180 5200 5220 5240 5745 5765 5785 5805 5825
10-19 02:08:10.796 1213 1213 I wificond: 5Ghz DFS frequencies: 5260 5280 5300 5320
10-19 02:08:10.796 1213 1213 I wificond: 6Ghz frequencies:
10-19 02:08:10.796 1213 1213 I wificond: 60Ghz frequencies:
10-19 02:08:11.537 651 666 I mpu_uart: [MSG-P:RECV]:No message received in 1000 ms
10-19 02:08:11.617 2320 2320 D RemoteControlService: startVlanDispatchThread
10-19 02:08:11.668 1422 3576 D LOWI-9.0.0.87.a: [LOWI-Scan] wait_event:Wait done with Cmd 34
10-19 02:08:11.668 1422 3576 D LOWI-9.0.0.87.a: [LOWI-Scan] do_listen_events: Rcvd valid Netlink Cmd 34 Err 0
10-19 02:08:11.672 0 0 I [ 50.018367] [schedu][0x3c760c6b][02: 08:11.669999] wlan: [3491:I:OSIF] vdev 0, scan id 40962 type COMPLETED(1) reason COMPLETED(1) scan found 105 bss
10-19 02:08:11.671 1422 3576 D LOWI-9.0.0.87.a: [LOWI-Scan]
10-19 02:08:11.671 1422 3576 D LOWI-9.0.0.87.a: [LOWI-Scan] print_bss_handler: Report Probe TSF 48908899 as it greater than Beacon TSF 13691925
10-19 02:08:11.671 1422 3576 D LOWI-9.0.0.87.a: [LOWI-Scan] decode_rsn_wpa_ie: LOWI_ENCRYPTION_TYPE_WPA_PSK
10-19 02:08:11.671 1422 3576 D LOWI-9.0.0.87.a: [LOWI-Scan] is_qcom_ie, bss_age: 0
10-19 02:08:11.671 1546 2100 D WifiNl80211Manager: Scan result ready event
10-19 02:08:11.671 1422 3576 D LOWI-9.0.0.87.a: [LOWI-Scan] BSS 18:6f:2d:81:1e:64 LOWI_PHY_MODE_11NG_HT20(5), Beacon Interval: 100, LOWI_ENCRYPTION_TYPE_WPA_PSK 11mcRanging: No, ANQP: No, LCI: No, Civic: No, capability(0x0531): ESS Privacy ShortPreamble SpectrumMgmt ShortSlotTime
10-19 02:08:11.671 1422 3576 D LOWI-9.0.0.87.a: [LOWI-Scan] BSS 18:6f:2d:81:1e:64 FREQ: 2412, cFreq1[40:80:160] = [2412:0:0] cFreq2 = 0 Country Code = CN
10-19 02:08:11.671 1422 3576 D LOWI-9.0.0.87.a: [LOWI-Scan] BSS 18:6f:2d:81:1e:64 (wlan0) ASSO: NO AddInfo: 0x0, TSF 0, 00:00:48.908, RSSI: -90, CPL: 127, AGE: 1108, SSID Fanya, TSFDelta: 0xa0961b98, TXRate: 0
10-19 02:08:11.671 1546 2100 D WifiNative: Scan result ready event
10-19 02:08:11.671 1422 3576 D LOWI-9.0.0.87.a: [LOWI-Scan]
10-19 02:08:11.671 1422 3576 D LOWI-9.0.0.87.a: [LOWI-Scan] print_bss_handler: Report Probe TSF 48886831 as it greater than Beacon TSF 13696833
10-19 02:08:11.671 1422 3576 D LOWI-9.0.0.87.a: [LOWI-Scan] decode_rsn_wpa_ie: LOWI_ENCRYPTION_TYPE_WPA_PSK
10-19 02:08:11.671 1422 3576 D LOWI-9.0.0.87.a: [LOWI-Scan] is_qcom_ie, bss_age: 0
10-19 02:08:11.671 1422 3576 D LOWI-9.0.0.87.a: [LOWI-Scan] BSS 18:6f:2d:81:16:e0 LOWI_PHY_MODE_11NG_HT20(5), Beacon Interval: 100, LOWI_ENCRYPTION_TYPE_WPA_PSK 11mcRanging: No, ANQP: No, LCI: No, Civic: No, capability(0x0531): ESS Privacy ShortPreamble SpectrumMgmt ShortSlotTime
10-19 02:08:11.671 1422 3576 D LOWI-9.0.0.87.a: [LOWI-Scan] BSS 18:6f:2d:81:16:e0 FREQ: 2412, cFreq1[40:80:160] = [2412:0:0] cFreq2 = 0 Country Code = CN
10-19 02:08:11.671 1422 3576 D LOWI-9.0.0.87.a: [LOWI-Scan] BSS 18:6f:2d:81:16:e0 (wlan0) ASSO: NO AddInfo: 0x0, TSF 0, 00:00:48.886, RSSI: -118, CPL: 127, AGE: 1132, SSID Testing , TSFDelta: 0xe4b9e0c5, TXRate: 0
10-19 02:08:11.671 1422 3576 D LOWI-9.0.0.87.a: [LOWI-Scan]
10-19 02:08:11.671 1422 3576 D LOWI-9.0.0.87.a: [LOWI-Scan] print_bss_handler: Report Probe TSF 48887090 as it greater than Beacon TSF 13698235
10-19 02:08:11.671 1422 3576 D LOWI-9.0.0.87.a: [LOWI-Scan] is_qcom_ie, bss_age: 0
10-19 02:08:11.671 1422 3576 D LOWI-9.0.0.87.a: [LOWI-Scan] BSS 18:6f:2d:81:16:e1 LOWI_PHY_MODE_11NG_HT20(5), Beacon Interval: 100, LOWI_ENCRYPTION_TYPE_OPEN 11mcRanging: No, ANQP: No, LCI: No, Civic: No, capability(0x0521): ESS ShortPreamble SpectrumMgmt ShortSlotTime
10-19 02:08:11.671 1422 3576 D LOWI-9.0.0.87.a: [LOWI-Scan] BSS 18:6f:2d:81:16:e1 FREQ: 2412, cFreq1[40:80:160] = [2412:0:0] cFreq2 = 0 Country Code = CN
10-19 02:08:11.671 1422 3576 D LOWI-9.0.0.87.a: [LOWI-Scan] BSS 18:6f:2d:81:16:e1 (wlan0) ASSO: NO AddInfo: 0x0, TSF 0, 00:00:48.887, RSSI: -122, CPL: 127, AGE: 1132, SSID Guest_2.4G, TSFDelta: 0xe4e7bcbc, TXRate: 0
10-19 02:08:11.672 1422 3576 D LOWI-9.0.0.87.a: [LOWI-Scan]
10-19 02:08:11.672 1422 3576 D LOWI-9.0.0.87.a: [LOWI-Scan] print_bss_handler: Report Probe TSF 48871804 as it greater than Beacon TSF 13698551
10-19 02:08:11.672 1422 3576 D LOWI-9.0.0.87.a: [LOWI-Scan] decode_rsn_wpa_ie: LOWI_ENCRYPTION_TYPE_WPA_PSK
10-19 02:08:11.672 1422 3576 D LOWI-9.0.0.87.a: [LOWI-Scan] is_qcom_ie, bss_age: 0
10-19 02:08:11.672 1422 3576 D LOWI-9.0.0.87.a: [LOWI-Scan] BSS ec:60:73:e8:b0:00 LOWI_PHY_MODE_11AC_VHT80(10), Beacon Interval: 100, LOWI_ENCRYPTION_TYPE_WPA_PSK 11mcRanging: No, ANQP: No, LCI: No, Civic: No, capability(0x1011): ESS Privacy
10-19 02:08:11.672 1422 3576 D LOWI-9.0.0.87.a: [LOWI-Scan] BSS ec:60:73:e8:b0:00 FREQ: 5180, cFreq1[40:80:160] = [5190:5210:0] cFreq2 = 0 Country Code = CN
10-19 02:08:11.672 1422 3576 D LOWI-9.0.0.87.a: [LOWI-Scan] BSS ec:60:73:e8:b0:00 (wlan0) ASSO: NO AddInfo: 0x0, TSF 0, 00:00:48.871, RSSI: -108, CPL: 127, AGE: 1148, SSID TP-LINK_AFFE, TSFDelta: 0x1a2627bf, TXRate: 0
10-19 02:08:11.672 1422 3576 D LOWI-9.0.0.87.a: [LOWI-Scan]
10-19 02:08:11.672 1422 3576 D LOWI-9.0.0.87.a: [LOWI-Scan] print_bss_handler: Report Probe TSF 48887142 as it greater than Beacon TSF 13699724
10-19 02:08:11.672 1422 3576 D LOWI-9.0.0.87.a: [LOWI-Scan] decode_rsn_wpa_ie: LOWI_ENCRYPTION_TYPE_WPA_PSK
10-19 02:08:11.672 1422 3576 D LOWI-9.0.0.87.a: [LOWI-Scan] is_qcom_ie, bss_age: 0
10-19 02:08:11.672 1422 3576 D LOWI-9.0.0.87.a: [LOWI-Scan] BSS 18:6f:2d:81:16:e2 LOWI_PHY_MODE_11NG_HT20(5), Beacon Interval: 100, LOWI_ENCRYPTION_TYPE_WPA_PSK 11mcRanging: No, ANQP: No, LCI: No, Civic: No, capability(0x0531): ESS Privacy ShortPreamble SpectrumMgmt ShortSlotTime
10-19 02:08:11.672 1422 3576 D LOWI-9.0.0.87.a: [LOWI-Scan] BSS 18:6f:2d:81:16:e2 FREQ: 2412, cFreq1[40:80:160] = [2412:0:0] cFreq2 = 0 Country Code = CN
10-19 02:08:11.672 1422 3576 D LOWI-9.0.0.87.a: [LOWI-Scan] BSS 18:6f:2d:81:16:e2 (wlan0) ASSO: NO AddInfo: 0x0, TSF 0, 00:00:48.887, RSSI: -122, CPL: 127, AGE: 1132, SSID ThunderSoft_2.4G, TSFDelta: 0xe4f483e5, TXRate: 0
10-19 02:08:11.672 1422 3576 D LOWI-9.0.0.87.a: [LOWI-Scan]
10-19 02:08:11.672 1422 3576 D LOWI-9.0.0.87.a: [LOWI-Scan] print_bss_handler: Report Probe TSF 48869728 as it greater than Beacon TSF 0
10-19 02:08:11.672 1422 3576 D LOWI-9.0.0.87.a: [LOWI-Scan] decode_rsn_wpa_ie: LOWI_ENCRYPTION_TYPE_WPA_PSK
10-19 02:08:11.672 1422 3576 D LOWI-9.0.0.87.a: [LOWI-Scan] is_qcom_ie, bss_age: 0
10-19 02:08:11.672 1422 3576 D LOWI-9.0.0.87.a: [LOWI-Scan] BSS 7c:d9:5c:9d:f7:dc LOWI_PHY_MODE_11AC_VHT80(10), Beacon Interval: 100, LOWI_ENCRYPTION_TYPE_WPA_PSK 11mcRanging: Yes, ANQP: No, LCI: No, Civic: No, capability(0x1031): ESS Privacy ShortPreamble
10-19 02:08:11.672 1422 3576 D LOWI-9.0.0.87.a: [LOWI-Scan] BSS 7c:d9:5c:9d:f7:dc FREQ: 5180, cFreq1[40:80:160] = [5190:5210:0] cFreq2 = 0 Country Code = US
10-19 02:08:11.672 1422 3576 D LOWI-9.0.0.87.a: [LOWI-Scan] BSS 7c:d9:5c:9d:f7:dc (wlan0) ASSO: NO AddInfo: 0x0, TSF 0, 00:00:48.869, RSSI: -122, CPL: 127, AGE: 1148, SSID Google nest wifi, TSFDelta: 0x8ad830ac, TXRate: 0
10-19 02:08:11.672 1422 3576 D LOWI-9.0.0.87.a: [LOWI-Scan]
10-19 02:08:11.672 1422 3576 D LOWI-9.0.0.87.a: [LOWI-Scan] print_bss_handler: Report Probe TSF 48850573 as it greater than Beacon TSF 13712322
10-19 02:08:11.673 1422 3576 D LOWI-9.0.0.87.a: [LOWI-Scan] is_qcom_ie, bss_age: 0
10-19 02:08:11.673 1422 3576 D LOWI-9.0.0.87.a: [LOWI-Scan] BSS 38:a9:1c:35:03:0b LOWI_PHY_MODE_11AC_VHT80(10), Beacon Interval: 100, LOWI_ENCRYPTION_TYPE_OPEN 11mcRanging: No, ANQP: No, LCI: No, Civic: No, capability(0x0501): ESS SpectrumMgmt ShortSlotTime
10-19 02:08:11.673 1422 3576 D LOWI-9.0.0.87.a: [LOWI-Scan] BSS 38:a9:1c:35:03:0b FREQ: 5180, cFreq1[40:80:160] = [5190:5210:0] cFreq2 = 0 Country Code = US
10-19 02:08:11.673 1422 3576 D LOWI-9.0.0.87.a: [LOWI-Scan] BSS 38:a9:1c:35:03:0b (wlan0) ASSO: NO AddInfo: 0x0, TSF 0, 00:00:48.850, RSSI: -98, CPL: 127, AGE: 1168, SSID , TSFDelta: 0xf1d6d5ea, TXRate: 0
10-19 02:08:11.673 1422 3576 D LOWI-9.0.0.87.a: [LOWI-Scan]
10-19 02:08:11.673 1422 3576 D LOWI-9.0.0.87.a: [LOWI-Scan] print_bss_handler: Report Probe TSF 48869244 as it greater than Beacon TSF 0
10-19 02:08:11.673 1422 3576 D LOWI-9.0.0.87.a: [LOWI-Scan] decode_rsn_wpa_ie: LOWI_ENCRYPTION_TYPE_WPA_PSK
10-19 02:08:11.673 1422 3576 D LOWI-9.0.0.87.a: [LOWI-Scan] is_qcom_ie, bss_age: 0
10-19 02:08:11.673 1422 3576 D LOWI-9.0.0.87.a: [LOWI-Scan] BSS 38:a9:1c:35:03:09 LOWI_PHY_MODE_11AC_VHT80(10), Beacon Interval: 100, LOWI_ENCRYPTION_TYPE_WPA_PSK 11mcRanging: No, ANQP: No, LCI: No, Civic: No, capability(0x0511): ESS Privacy SpectrumMgmt ShortSlotTime
10-19 02:08:11.673 1422 3576 D LOWI-9.0.0.87.a: [LOWI-Scan] BSS 38:a9:1c:35:03:09 FREQ: 5180, cFreq1[40:80:160] = [5190:5210:0] cFreq2 = 0 Country Code = US
10-19 02:08:11.673 1422 3576 D LOWI-9.0.0.87.a: [LOWI-Scan] BSS 38:a9:1c:35:03:09 (wlan0) ASSO: NO AddInfo: 0x0, TSF 0, 00:00:48.869, RSSI: -100, CPL: 127, AGE: 1148, SSID Figure_5G, TSFDelta: 0xf26685cc, TXRate: 0
10-19 02:08:11.673 1422 3576 D LOWI-9.0.0.87.a: [LOWI-Scan]
10-19 02:08:11.673 1422 3576 D LOWI-9.0.0.87.a: [LOWI-Scan] print_bss_handler: Report Probe TSF 48888708 as it greater than Beacon TSF 13707207
10-19 02:08:11.673 1422 3576 D LOWI-9.0.0.87.a: [LOWI-Scan] decode_rsn_wpa_ie: LOWI_ENCRYPTION_TYPE_WPA_PSK
10-19 02:08:11.673 1422 3576 D LOWI-9.0.0.87.a: [LOWI-Scan] is_qcom_ie, bss_age: 0
10-19 02:08:11.673 1422 3576 D LOWI-9.0.0.87.a: [LOWI-Scan] BSS 18:6f:2d:81:16:e3 LOWI_PHY_MODE_11NG_HT20(5), Beacon Interval: 100, LOWI_ENCRYPTION_TYPE_WPA_PSK 11mcRanging: No, ANQP: No, LCI: No, Civic: No, capability(0x0531): ESS Privacy ShortPreamble SpectrumMgmt ShortSlotTime
10-19 02:08:11.673 1422 3576 D LOWI-9.0.0.87.a: [LOWI-Scan] BSS 18:6f:2d:81:16:e3 FREQ: 2412, cFreq1[40:80:160] = [2412:0:0] cFreq2 = 0 Country Code = CN
10-19 02:08:11.673 1422 3576 D LOWI-9.0.0.87.a: [LOWI-Scan] BSS 18:6f:2d:81:16:e3 (wlan0) ASSO: NO AddInfo: 0x0, TSF 0, 00:00:48.888, RSSI: -122, CPL: 127, AGE: 1128, SSID ZXHY, TSFDelta: 0xe5034063, TXRate: 0
10-19 02:08:11.673 1422 3576 D LOWI-9.0.0.87.a: [LOWI-Scan]
10-19 02:08:11.673 1422 3576 D LOWI-9.0.0.87.a: [LOWI-Scan] print_bss_handler: Report Probe TSF 48934052 as it greater than Beacon TSF 48866812
10-19 02:08:11.673 1422 3576 D LOWI-9.0.0.87.a: [LOWI-Scan] decode_rsn_wpa_ie: LOWI_ENCRYPTION_TYPE_WPA_PSK
10-19 02:08:11.673 1422 3576 D LOWI-9.0.0.87.a: [LOWI-Scan] is_qcom_ie, bss_age: 0
10-19 02:08:11.673 1422 3576 D LOWI-9.0.0.87.a: [LOWI-Scan] BSS 7c:d9:5c:9d:f7:e0 LOWI_PHY_MODE_11NG_HT20(5), Beacon Interval: 100, LOWI_ENCRYPTION_TYPE_WPA_PSK 11mcRanging: No, ANQP: No, LCI: No, Civic: No, capability(0x1431): ESS Privacy ShortPreamble ShortSlotTime
10-19 02:08:11.673 1422 3576 D LOWI-9.0.0.87.a: [LOWI-Scan] BSS 7c:d9:5c:9d:f7:e0 FREQ: 2412, cFreq1[40:80:160] = [0:0:0] cFreq2 = 0 Country Code = US
10-19 02:08:11.674 1422 3576 D LOWI-9.0.0.87.a: [LOWI-Scan] BSS 7c:d9:5c:9d:f7:e0 (wlan0) ASSO: NO AddInfo: 0x0, TSF 0, 00:00:48.934, RSSI: -114, CPL: 127, AGE: 1084, SSID Google nest wifi, TSFDelta: 0x89333cf5, TXRate: 0
10-19 02:08:11.674 1422 3576 D LOWI-9.0.0.87.a: [LOWI-Scan]
10-19 02:08:11.674 1422 3576 D LOWI-9.0.0.87.a: [LOWI-Scan] print_bss_handler: Report Probe TSF 48901166 as it greater than Beacon TSF 0
10-19 02:08:11.674 1422 3576 D LOWI-9.0.0.87.a: [LOWI-Scan] decode_rsn_wpa_ie: LOWI_ENCRYPTION_TYPE_WPA_PSK
10-19 02:08:11.674 1422 3576 D LOWI-9.0.0.87.a: [LOWI-Scan] is_qcom_ie, bss_age: 0
10-19 02:08:11.674 1422 3576 D LOWI-9.0.0.87.a: [LOWI-Scan] BSS 18:6f:2d:81:1e:60 LOWI_PHY_MODE_11NG_HT20(5), Beacon Interval: 100, LOWI_ENCRYPTION_TYPE_WPA_PSK 11mcRanging: No, ANQP: No, LCI: No, Civic: No, capability(0x0531): ESS Privacy ShortPreamble SpectrumMgmt ShortSlotTime
10-19 02:08:11.674 1422 3576 D LOWI-9.0.0.87.a: [LOWI-Scan] BSS 18:6f:2d:81:1e:60 FREQ: 2412, cFreq1[40:80:160] = [2412:0:0] cFreq2 = 0 Country Code = CN
10-19 02:08:11.674 1422 3576 D LOWI-9.0.0.87.a: [LOWI-Scan] BSS 18:6f:2d:81:1e:60 (wlan0) ASSO: NO AddInfo: 0x0, TSF 0, 00:00:48.901, RSSI: -88, CPL: 127, AGE: 1116, SSID Testing , TSFDelta: 0xa05f86a5, TXRate: 0
10-19 02:08:11.674 1422 3576 D LOWI-9.0.0.87.a: [LOWI-Scan]
10-19 02:08:11.674 1422 3576 D LOWI-9.0.0.87.a: [LOWI-Scan] print_bss_handler: Report Probe TSF 48905223 as it greater than Beacon TSF 0
10-19 02:08:11.674 1422 3576 D LOWI-9.0.0.87.a: [LOWI-Scan] is_qcom_ie, bss_age: 0
10-19 02:08:11.674 1422 3576 D LOWI-9.0.0.87.a: [LOWI-Scan] BSS 18:6f:2d:81:1e:61 LOWI_PHY_MODE_11NG_HT20(5), Beacon Interval: 100, LOWI_ENCRYPTION_TYPE_OPEN 11mcRanging: No, ANQP: No, LCI: No, Civic: No, capability(0x0521): ESS ShortPreamble SpectrumMgmt ShortSlotTime
10-19 02:08:11.674 1422 3576 D LOWI-9.0.0.87.a: [LOWI-Scan] BSS 18:6f:2d:81:1e:61 FREQ: 2412, cFreq1[40:80:160] = [2412:0:0] cFreq2 = 0 Country Code = CN
10-19 02:08:11.674 1422 3576 D LOWI-9.0.0.87.a: [LOWI-Scan] BSS 18:6f:2d:81:1e:61 (wlan0) ASSO: NO AddInfo: 0x0, TSF 0, 00:00:48.905, RSSI: -86, CPL: 127, AGE: 1112, SSID Guest_2.4G, TSFDelta: 0xa07b13d8, TXRate: 0
10-19 02:08:11.674 1422 3576 D LOWI-9.0.0.87.a: [LOWI-Scan]
10-19 02:08:11.674 1422 3576 D LOWI-9.0.0.87.a: [LOWI-Scan] print_bss_handler: Report Probe TSF 48905619 as it greater than Beacon TSF 0
10-19 02:08:11.674 1422 3576 D LOWI-9.0.0.87.a: [LOWI-Scan] decode_rsn_wpa_ie: LOWI_ENCRYPTION_TYPE_WPA_PSK
10-19 02:08:11.674 1422 3576 D LOWI-9.0.0.87.a: [LOWI-Scan] is_qcom_ie, bss_age: 0
10-19 02:08:11.674 1422 3576 D LOWI-9.0.0.87.a: [LOWI-Scan] BSS 18:6f:2d:81:1e:62 LOWI_PHY_MODE_11NG_HT20(5), Beacon Interval: 100, LOWI_ENCRYPTION_TYPE_WPA_PSK 11mcRanging: No, ANQP: No, LCI: No, Civic: No, capability(0x0531): ESS Privacy ShortPreamble SpectrumMgmt ShortSlotTime
10-19 02:08:11.674 1422 3576 D LOWI-9.0.0.87.a: [LOWI-Scan] BSS 18:6f:2d:81:1e:62 FREQ: 2412, cFreq1[40:80:160] = [2412:0:0] cFreq2 = 0 Country Code = CN
10-19 02:08:11.674 1422 3576 D LOWI-9.0.0.87.a: [LOWI-Scan] BSS 18:6f:2d:81:1e:62 (wlan0) ASSO: NO AddInfo: 0x0, TSF 0, 00:00:48.905, RSSI: -94, CPL: 127, AGE: 1112, SSID ThunderSoft_2.4G, TSFDelta: 0xa07ff813, TXRate: 0
10-19 02:08:11.674 1422 3576 D LOWI-9.0.0.87.a: [LOWI-Scan]
10-19 02:08:11.674 1422 3576 D LOWI-9.0.0.87.a: [LOWI-Scan] print_bss_handler: Report Probe TSF 48907304 as it greater than Beacon TSF 0
10-19 02:08:11.674 1422 3576 D LOWI-9.0.0.87.a: [LOWI-Scan] decode_rsn_wpa_ie: LOWI_ENCRYPTION_TYPE_WPA_PSK
10-19 02:08:11.675 1422 3576 D LOWI-9.0.0.87.a: [LOWI-Scan] is_qcom_ie, bss_age: 0
10-19 02:08:11.675 1422 3576 D LOWI-9.0.0.87.a: [LOWI-Scan] BSS 18:6f:2d:81:1e:63 LOWI_PHY_MODE_11NG_HT20(5), Beacon Interval: 100, LOWI_ENCRYPTION_TYPE_WPA_PSK 11mcRanging: No, ANQP: No, LCI: No, Civic: No, capability(0x0531): ESS Privacy ShortPreamble SpectrumMgmt ShortSlotTime
10-19 02:08:11.675 1422 3576 D LOWI-9.0.0.87.a: [LOWI-Scan] BSS 18:6f:2d:81:1e:63 FREQ: 2412, cFreq1[40:80:160] = [2412:0:0] cFreq2 = 0 Country Code = CN
10-19 02:08:11.675 1422 3576 D LOWI-9.0.0.87.a: [LOWI-Scan] BSS 18:6f:2d:81:1e:63 (wlan0) ASSO: NO AddInfo: 0x0, TSF 0, 00:00:48.907, RSSI: -82, CPL: 127, AGE: 1112, SSID ZXHY, TSFDelta: 0xa0852d0f, TXRate: 0
10-19 02:08:11.675 1422 3576 D LOWI-9.0.0.87.a: [LOWI-Scan]
10-19 02:08:11.675 1422 3576 D LOWI-9.0.0.87.a: [LOWI-Scan] print_bss_handler: Report Probe TSF 48915854 as it greater than Beacon TSF 0
10-19 02:08:11.675 1422 3576 D LOWI-9.0.0.87.a: [LOWI-Scan] decode_rsn_wpa_ie: LOWI_ENCRYPTION_TYPE_WPA_PSK
10-19 02:08:11.675 1422 3576 D LOWI-9.0.0.87.a: [LOWI-Scan] is_qcom_ie, bss_age: 0
10-19 02:08:11.675 1422 3576 D LOWI-9.0.0.87.a: [LOWI-Scan] BSS 36:80:9b:cb:a2:74 LOWI_PHY_MODE_11AC_VHT80(10), Beacon Interval: 100, LOWI_ENCRYPTION_TYPE_WPA_PSK 11mcRanging: No, ANQP: No, LCI: No, Civic: No, capability(0x0511): ESS Privacy SpectrumMgmt ShortSlotTime
10-19 02:08:11.675 1422 3576 D LOWI-9.0.0.87.a: [LOWI-Scan] BSS 36:80:9b:cb:a2:74 FREQ: 5200, cFreq1[40:80:160] = [5190:5210:0] cFreq2 = 0 Country Code = US
