10-19 02:08:51.544 4632 4683 V WCDB.JNIHelp: Registering com/tencent/wcdb/repair/RecoverKit natives
10-19 02:08:51.544 4632 4683 I WCDB : Initialize JNI module (5/12) FileUtils...
10-19 02:08:51.544 4632 4683 V WCDB.JNIHelp: Registering com/tencent/wcdb/FileUtils natives
10-19 02:08:51.544 4632 4683 I WCDB : Initialize JNI module (6/12) SQLiteGlobal...
10-19 02:08:51.544 4632 4683 V WCDB.JNIHelp: Registering com/tencent/wcdb/database/SQLiteGlobal natives
10-19 02:08:51.544 4632 4683 I WCDB : Initialize JNI module (7/12) ChunkedCursorWindow...
10-19 02:08:51.544 4632 4683 V WCDB.JNIHelp: Registering com/tencent/wcdb/database/ChunkedCursorWindow natives
10-19 02:08:51.545 4632 4683 V WCDB.JNIHelp: Registering com/tencent/wcdb/database/SQLiteAsyncQuery natives
10-19 02:08:51.545 4632 4683 I WCDB : Initialize JNI module (8/12) DBDumpUtil...
10-19 02:08:51.545 4632 4683 V WCDB.JNIHelp: Registering com/tencent/wcdb/repair/DBDumpUtil natives
10-19 02:08:51.545 4632 4683 I WCDB : Initialize JNI module (9/12) DBRepair...
10-19 02:08:51.545 4632 4683 V WCDB.JNIHelp: Registering com/tencent/wcdb/repair/RepairKit$RepairCursor natives
10-19 02:08:51.546 4632 4683 I WCDB : Initialize JNI module (10/12) CursorWindow...
10-19 02:08:51.546 4632 4683 V WCDB.JNIHelp: Registering com/tencent/wcdb/CursorWindow natives
10-19 02:08:51.546 4632 4683 I WCDB : Initialize JNI module (11/12) SQLiteDirectCursor...
10-19 02:08:51.546 4632 4683 V WCDB.JNIHelp: Registering com/tencent/wcdb/database/SQLiteDirectQuery natives
10-19 02:08:51.546 4632 4683 I WCDB : Initialize JNI module (12/12) SQLiteConnection...
10-19 02:08:51.559 4632 4678 I MicroMsg.UIUtils: [:4678, ]:dancy test, isDarkModeOn!!
10-19 02:08:51.620 4632 4680 E com.tencent.mm: No implementation found for java.util.ArrayList com.tencent.mars.smc.SmcLogic.getLoadLibraries() (tried Java_com_tencent_mars_smc_SmcLogic_getLoadLibraries and Java_com_tencent_mars_smc_SmcLogic_getLoadLibraries__)
10-19 02:08:51.704 4632 4639 I com.tencent.mm: Method exceeds compiler instruction limit: 20877 in wl.d wl.j.a(java.lang.Class)
10-19 02:08:51.707 4632 4689 I chromium: [1019/020851.707638:INFO:com_tencent_mars_cdn_CronetLogic_Java2C.cc(42)] cronet vfs init rv 0
10-19 02:08:51.715 2320 2320 D RemoteControlService: startVlanDispatchThread
10-19 02:08:51.745 651 666 I mpu_uart: [MSG-P:RECV]:No message received in 1000 ms
10-19 02:08:51.763 651 665 I mpu_uart: [MSG-P:R]:recv sync frame timeout
10-19 02:08:51.772 1546 1579 D CompatibilityInfo: mCompatibilityFlags - 4
10-19 02:08:51.772 1546 1579 D CompatibilityInfo: applicationDensity - 240
10-19 02:08:51.772 1546 1579 D CompatibilityInfo: applicationScale - 1.0
10-19 02:08:51.772 1546 1836 I GameModeConfig: isGameModeOn = true
10-19 02:08:51.772 1546 1836 I GameModeConfig: isGaming = false
10-19 02:08:51.772 1546 1836 I GameModeConfig: isGameModeOn = true
10-19 02:08:51.772 1546 1836 I GameModeConfig: isGaming = false
10-19 02:08:51.773 1546 1836 I GameModeConfig: isGameModeOn = true
10-19 02:08:51.773 1546 1836 I GameModeConfig: isGaming = false
10-19 02:08:51.773 1546 1836 I GameModeConfig: isGameModeOn = true
10-19 02:08:51.773 1546 1836 I GameModeConfig: isGaming = false
10-19 02:08:51.783 4632 4639 I com.tencent.mm: Method exceeds compiler instruction limit: 20877 in wl.d wl.j.a(java.lang.Class)
10-19 02:08:51.799 1546 1579 W ServiceManager: Permission failure: android.permission.HIGH_SAMPLING_RATE_SENSORS from uid=10100 pid=4632
10-19 02:08:51.839 1546 1579 D ConnectivityService: requestNetwork for uid/pid:10100/4632 activeRequest: null callbackRequest: 42 [NetworkRequest [ REQUEST id=43, [ Capabilities: INTERNET&NOT_RESTRICTED&TRUSTED&NOT_VCN_MANAGED Uid: 10100 RequestorUid: 10100 RequestorPkg: com.tencent.mm] ]] callback flags: 0 priority: 2147483647
10-19 02:08:51.840 1546 1830 D ConnectivityService: NetReassign [no changes]
10-19 02:08:51.840 1546 1874 D Ethernet: got request NetworkRequest [ REQUEST id=43, [ Capabilities: INTERNET&NOT_RESTRICTED&TRUSTED&NOT_VCN_MANAGED Uid: 10100 RequestorUid: 10100 RequestorPkg: com.tencent.mm] ]
10-19 02:08:51.840 1546 1874 D EthernetNetworkFactory: acceptRequest, request: NetworkRequest [ REQUEST id=43, [ Capabilities: INTERNET&NOT_RESTRICTED&TRUSTED&NOT_VCN_MANAGED Uid: 10100 RequestorUid: 10100 RequestorPkg: com.tencent.mm] ]
10-19 02:08:51.840 1546 1874 I EthernetNetworkFactory: networkForRequest, request: NetworkRequest [ REQUEST id=43, [ Capabilities: INTERNET&NOT_RESTRICTED&TRUSTED&NOT_VCN_MANAGED Uid: 10100 RequestorUid: 10100 RequestorPkg: com.tencent.mm] ], network: null
10-19 02:08:51.840 1546 1821 D WifiNetworkFactory: got request NetworkRequest [ REQUEST id=43, [ Capabilities: INTERNET&NOT_RESTRICTED&TRUSTED&NOT_VCN_MANAGED Uid: 10100 RequestorUid: 10100 RequestorPkg: com.tencent.mm] ]
10-19 02:08:51.841 1546 1821 D UntrustedWifiNetworkFactory: got request NetworkRequest [ REQUEST id=43, [ Capabilities: INTERNET&NOT_RESTRICTED&TRUSTED&NOT_VCN_MANAGED Uid: 10100 RequestorUid: 10100 RequestorPkg: com.tencent.mm] ]
10-19 02:08:51.841 1546 1821 D OemPaidWifiNetworkFactory: got request NetworkRequest [ REQUEST id=43, [ Capabilities: INTERNET&NOT_RESTRICTED&TRUSTED&NOT_VCN_MANAGED Uid: 10100 RequestorUid: 10100 RequestorPkg: com.tencent.mm] ]
10-19 02:08:52.037 4632 4639 I com.tencent.mm: Method exceeds compiler instruction limit: 20877 in wl.d wl.j.a(java.lang.Class)
10-19 02:08:52.102 4632 4639 I com.tencent.mm: Method exceeds compiler instruction limit: 20877 in wl.d wl.j.a(java.lang.Class)
10-19 02:08:52.105 4632 4687 I System.out: loadlibrary : tav start
10-19 02:08:52.106 1546 1799 I InputDispatcher: Check touch window: [window]=81c89eb com.android.launcher3/com.android.launcher3.uioverrides.QuickstepLauncher , [pause]=0 , [needIntercept]=0
10-19 02:08:52.106 1546 1799 I input_interaction: Interaction with: 81c89eb com.android.launcher3/com.android.launcher3.uioverrides.QuickstepLauncher (server), f79917f com.android.systemui.ImageWallpaper (server), edge-swipe (server), swipe-up (server), PointerEventDispatcher0 (server),
10-19 02:08:52.107 1546 1799 D PowerManagerService: userActivityNoUpdateLocked: groupId=0, eventTime=90454, event=2, flags=0x0, uid=1000
10-19 02:08:52.107 1546 1799 D PowerManagerNotifier: onUserActivity: event=2, uid=1000
10-19 02:08:52.107 1546 1799 D PowerManagerService: updateUserActivitySummaryLocked: groupId=0, mWakefulness=Awake, mUserActivitySummary=0x1, nextTimeout=150454 (in 59998 ms)
10-19 02:08:52.107 2557 2557 D ViewTouchDebug: mView : DecorView@53a5678[QuickstepLauncher]Receive event : MotionEvent { action=ACTION_DOWN, actionButton=0, id[0]=0, x[0]=1276.0, y[0]=474.0, toolType[0]=TOOL_TYPE_FINGER, buttonState=0, classification=NONE, metaState=0, flags=0x0, edgeFlags=0x0, pointerCount=1, historySize=0, eventTime=90454, downTime=90454, deviceId=4, source=0x5002, displayId=0, eventId=1021539125 }
10-19 02:08:52.107 1546 1799 D PowerManagerNotifier: onScreenPolicyUpdate: newPolicy=3
10-19 02:08:52.107 1546 1799 D PowerManagerService: updateDisplayPowerStateLocked: displayReady=true, groupId=0, policy=BRIGHT, mWakefulness=Awake, mWakeLockSummary=0x1, mUserActivitySummary=0x1, mBootCompleted=true, screenBrightnessOverride=NaN, useAutoBrightness=true, mScreenBrightnessBoostInProgress=false, mIsVrModeEnabled= false, sQuiescent=false
10-19 02:08:52.110 1889 1889 D ViewTouchDebug: mView : com.android.systemui.navigationbar.NavigationBarFrame{fa2d406 V.E...... ........ 0,0-2380,46 #7f0b03f4 app:id/navigation_bar_frame}Receive event : MotionEvent { action=ACTION_OUTSIDE, actionButton=0, id[0]=0, x[0]=0.0, y[0]=-974.0, toolType[0]=TOOL_TYPE_FINGER, buttonState=0, classification=NONE, metaState=0, flags=0x0, edgeFlags=0x0, pointerCount=1, historySize=0, eventTime=90454, downTime=90454, deviceId=4, source=0x5002, displayId=0, eventId=1623311409 }
10-19 02:08:52.112 2557 2557 D TouchInteractionService: onInputEvent mUncheckedConsumer = com.android.quickstep.InputConsumer$$ExternalSyntheticLambda0@4bdfc5d
10-19 02:08:52.112 1889 1889 D NoBackGesture: Start gesture: MotionEvent { action=ACTION_DOWN, actionButton=0, id[0]=0, x[0]=1276.0, y[0]=474.0, toolType[0]=TOOL_TYPE_FINGER, buttonState=0, classification=NONE, metaState=0, flags=0x0, edgeFlags=0x0, pointerCount=1, historySize=0, eventTime=90454, downTime=90454, deviceId=4, source=0x5002, displayId=0, eventId=1021539125 } mSysUiFlags=131072 region=Rect(0, 36 - 2380, 1020)
10-19 02:08:52.112 1889 1889 D NoBackGesture: Gesture [1697652532112,alw=FALSE,FALSE,TRUE,FALSE,disp=Point(2380, 1020),wl=45,il=0,wr=45,ir=0,excl=SkRegion((0,36,2380,1020))]
10-19 02:08:52.144 4632 4639 I com.tencent.mm: Method exceeds compiler instruction limit: 20877 in wl.d wl.j.a(java.lang.Class)
10-19 02:08:52.151 4632 4639 I com.tencent.mm: Method exceeds compiler instruction limit: 20877 in wl.d wl.j.a(java.lang.Class)
10-19 02:08:52.170 4632 4639 I com.tencent.mm: Method exceeds compiler instruction limit: 20877 in wl.d wl.j.a(java.lang.Class)
10-19 02:08:52.184 4632 4739 I NLog : Load NLog 1.3
10-19 02:08:52.187 4632 4739 I NLog : NLog Start...
10-19 02:08:52.191 4632 4739 I NATIVE_LOG: NLogInit succeeded
10-19 02:08:52.200 4632 4753 I NLog : NLog thread start...
10-19 02:08:52.200 4632 4753 W NLog : Call Read,Queue is null!!!!
10-19 02:08:52.200 4632 4753 I NLog : Thread wait read...
10-19 02:08:52.214 1546 1799 D PowerManagerService: userActivityNoUpdateLocked: groupId=0, eventTime=90561, event=2, flags=0x0, uid=1000
10-19 02:08:52.214 1546 1799 D PowerManagerNotifier: onUserActivity: event=2, uid=1000
10-19 02:08:52.214 1546 1799 D PowerManagerService: updateUserActivitySummaryLocked: groupId=0, mWakefulness=Awake, mUserActivitySummary=0x1, nextTimeout=150561 (in 59999 ms)
10-19 02:08:52.214 1546 1799 D PowerManagerNotifier: onScreenPolicyUpdate: newPolicy=3
10-19 02:08:52.214 1546 1799 D PowerManagerService: updateDisplayPowerStateLocked: displayReady=true, groupId=0, policy=BRIGHT, mWakefulness=Awake, mWakeLockSummary=0x1, mUserActivitySummary=0x1, mBootCompleted=true, screenBrightnessOverride=NaN, useAutoBrightness=true, mScreenBrightnessBoostInProgress=false, mIsVrModeEnabled= false, sQuiescent=false
10-19 02:08:52.217 4632 4754 E flutter : [ERROR:flutter/lib/ui/text/fontmgr_default_android.cc(426)] value HiPhi
10-19 02:08:52.218 4632 4754 E flutter : [ERROR:flutter/lib/ui/text/fontmgr_default_android.cc(428)] fontXmlName /data/user/0/com.tencent.mm/code_cache/com.tencent.mm/flutter_custom_fonts2.xml
10-19 02:08:52.218 4632 4754 E flutter : [ERROR:flutter/lib/ui/text/fontmgr_default_android.cc(541)] use default font mgr
10-19 02:08:52.243 4632 4639 I com.tencent.mm: Method exceeds compiler instruction limit: 20877 in wl.d wl.j.a(java.lang.Class)
10-19 02:08:52.269 2557 2557 D ViewTouchDebug: mView : DecorView@53a5678[QuickstepLauncher]Receive event : MotionEvent { action=ACTION_UP, actionButton=0, id[0]=0, x[0]=1279.0, y[0]=474.0, toolType[0]=TOOL_TYPE_FINGER, buttonState=0, classification=NONE, metaState=0, flags=0x0, edgeFlags=0x0, pointerCount=1, historySize=0, eventTime=90616, downTime=90454, deviceId=4, source=0x5002, displayId=0, eventId=792304546 }
10-19 02:08:52.272 2557 2557 D FreeWindowHelper: setExitFlag: old=1,new=1
10-19 02:08:52.273 1546 4649 I thunderperf: Maybe need boostperf for current app!
10-19 02:08:52.273 2051 2140 D FgBoostPerfService: [FgBoostPerfService.perfBoostAcq]start: stat=true pkgName=com.tencent.mm
10-19 02:08:52.274 2051 2140 I FgBoostPerfService: [FgBoostPerfService.perfBoostAcq] not game-mode or game app!
10-19 02:08:52.274 1546 4649 I ThunderPerfManager: PerfAcq error : state=true pkgName=com.tencent.mm
10-19 02:08:52.275 2051 2140 I FgBoostPerfService: [GetGpuMode] isMode=1 isGame=false mGpuMode=1
10-19 02:08:52.275 2051 2140 I FgBoostPerfService: [GetGpuDpiType] isMode=1 isGame=false mGpuDpiType=0
10-19 02:08:52.276 2051 2140 I FgBoostPerfService: [GetGpuDpiType] isMode=1 isGame=false mGpuStandardValue=0
10-19 02:08:52.276 1546 4649 I thunderperf: Current app pkgName=com.tencent.mm bm:com.thundercomm.perf.BoostPerfManager@720aec6 gpuMode=-1 gpuType=-1 gpuStandardVal=-1
10-19 02:08:52.276 1546 4649 I ThunderBoostPerfService: Resolution: Uid=10076 Pid=2557 gMode=-1 dType=-1 gpuStandardVal=-1
10-19 02:08:52.277 1546 4649 I thunderperf: PlatormCompat.setOverrides: Uid1=10076 Pid1=2557 Uid2=10076 Pid2=2557
10-19 02:08:52.277 1546 4649 I thunderperf: PlatormCompat.setOverrides: needCheck:false
10-19 02:08:52.277 1546 4649 I thunderperf: CompatConfig.addOverrideUnsafe: bef-state=1
10-19 02:08:52.277 1546 4649 I thunderperf: CompatConfig.addOverrideUnsafe: aft-state=0
10-19 02:08:52.278 1546 4649 I thunderperf: CompatConfig.addOverrideUnsafe: bef-state=1
10-19 02:08:52.278 1546 4649 I thunderperf: CompatConfig.addOverrideUnsafe: aft-state=0
10-19 02:08:52.279 1546 4649 I thunderperf: CompatConfig.addOverrideUnsafe: bef-state=1
10-19 02:08:52.279 1546 4649 I thunderperf: CompatConfig.addOverrideUnsafe: aft-state=0
10-19 02:08:52.280 1546 4649 I thunderperf: CompatConfig.addOverrideUnsafe: bef-state=1
10-19 02:08:52.280 1546 4649 I thunderperf: CompatConfig.addOverrideUnsafe: aft-state=0
10-19 02:08:52.281 1546 4649 I thunderperf: CompatConfig.addOverrideUnsafe: bef-state=1
10-19 02:08:52.281 1546 4649 I thunderperf: CompatConfig.addOverrideUnsafe: aft-state=0
10-19 02:08:52.281 1546 4649 I thunderperf: CompatConfig.addOverrideUnsafe: bef-state=1
10-19 02:08:52.282 1546 4649 I thunderperf: CompatConfig.addOverrideUnsafe: aft-state=0
10-19 02:08:52.282 1546 4649 I thunderperf: CompatConfig.addOverrideUnsafe: bef-state=1
10-19 02:08:52.282 1546 4649 I thunderperf: CompatConfig.addOverrideUnsafe: aft-state=0
10-19 02:08:52.283 1546 4649 I thunderperf: CompatConfig.addOverrideUnsafe: bef-state=1
10-19 02:08:52.283 1546 4649 I thunderperf: CompatConfig.addOverrideUnsafe: aft-state=0
10-19 02:08:52.284 1546 4649 I thunderperf: CompatConfig.addOverrideUnsafe: bef-state=1
10-19 02:08:52.284 1546 4649 I thunderperf: CompatConfig.addOverrideUnsafe: aft-state=0
10-19 02:08:52.285 1546 4649 I thunderperf: CompatConfig.addOverrideUnsafe: bef-state=1
10-19 02:08:52.285 1546 4649 I thunderperf: CompatConfig.addOverrideUnsafe: aft-state=0
10-19 02:08:52.286 1546 4649 I thunderperf: CompatConfig.addOverrideUnsafe: bef-state=1
10-19 02:08:52.286 1546 4649 I thunderperf: CompatConfig.addOverrideUnsafe: aft-state=0
10-19 02:08:52.286 1546 4649 I thunderperf: CompatConfig.addOverrideUnsafe: bef-state=1
10-19 02:08:52.287 1546 4649 I thunderperf: CompatConfig.addOverrideUnsafe: aft-state=0
10-19 02:08:52.287 1546 4649 I thunderperf: CompatConfig.addOverrideUnsafe: bef-state=1
10-19 02:08:52.288 1546 4649 I thunderperf: CompatConfig.addOverrideUnsafe: aft-state=0
10-19 02:08:52.288 1546 4649 I thunderperf: CompatConfig.addOverrideUnsafe: bef-state=1
10-19 02:08:52.288 1546 4649 I thunderperf: CompatConfig.addOverrideUnsafe: aft-state=0
10-19 02:08:52.292 1546 4649 I ThunderBoostPerfService: Disable downscaling com.tencent.mm to 2380x1020
10-19 02:08:52.292 1546 4649 I ActivityTaskManager: isCallApp = false
10-19 02:08:52.292 1546 4649 I ActivityTaskManager: START u0 {act=android.intent.action.MAIN cat=[android.intent.category.LAUNCHER] flg=0x10200000 cmp=com.tencent.mm/.ui.LauncherUI} from uid 10076
10-19 02:08:52.292 1546 1622 I EventSequenceValidator: inc AccIntentStartedEvents to 2
10-19 02:08:52.293 1546 4649 D ActivityTaskManager: TaskLaunchParamsModifier:task=null activity=ActivityRecord{87844c8 u0 com.tencent.mm/.ui.LauncherUI taskAffinity=10100:com.tencent.mm display-area-from-source=DefaultTaskDisplayArea@15489979 display-id=0 display-windowing-mode=1 suggested-display-area=DefaultTaskDisplayArea@15489979
10-19 02:08:52.294 1546 4649 E ANDR-PERF-JNI: com_qualcomm_qtiperformance_native_perf_io_prefetch_start
10-19 02:08:52.294 1546 4649 D ActivityTaskManager: TaskLaunchParamsModifier:task=null activity=ActivityRecord{87844c8 u0 com.tencent.mm/.ui.LauncherUI taskAffinity=10100:com.tencent.mm t-1} display-area-from-source=DefaultTaskDisplayArea@15489979 display-id=0 display-windowing-mode=1 suggested-display-area=DefaultTaskDisplayArea@15489979 activity-options-bounds=Rect(12, 12 - 607, 926) non-freeform-display display-area=DefaultTaskDisplayArea@15489979
10-19 02:08:52.295 1546 4649 D FreeFormWindowHelper: recentTask : null
10-19 02:08:52.295 1546 4649 I wm_task_created: [70,-1]
10-19 02:08:52.295 1546 4649 W ActivityTaskManager: Can't find TaskDisplayArea to determine support for multi window. Task id=70 attached=false
10-19 02:08:52.296 1546 4649 D ActivityTaskManager: TaskLaunchParamsModifier:task=Task{c37a947 #70 type=standard A=10100:com.tencent.mm U=0 visible=true mode=freeform translucent=true sz=0 visible freeform task=true rootAffinity=10100:com.tencent.mm isMini=false} activity=ActivityRecord{87844c8 u0 com.tencent.mm/.ui.LauncherUI taskAffinity=10100:com.tencent.mm t-1} display-area-from-source=DefaultTaskDisplayArea@15489979 display-id=0 display-windowing-mode=1 suggested-display-area=DefaultTaskDisplayArea@15489979 activity-options-bounds=Rect(12, 12 - 607, 926) non-freeform-display display-area=DefaultTaskDisplayArea@15489979
10-19 02:08:52.297 1546 4649 D CompatibilityChangeReporter: Compat change id reported: 174042980; UID 10100; state: DISABLED
10-19 02:08:52.297 1546 4649 D CompatibilityChangeReporter: Compat change id reported: 184838306; UID 10100; state: DISABLED
10-19 02:08:52.297 1546 4649 D CompatibilityChangeReporter: Compat change id reported: 185004937; UID 10100; state: DISABLED
10-19 02:08:52.297 1546 4649 D CompatibilityChangeReporter: Compat change id reported: 181136395; UID 10100; state: DISABLED
10-19 02:08:52.297 1546 4649 D CompatibilityChangeReporter: Compat change id reported: 174042936; UID 10100; state: DISABLED
10-19 02:08:52.298 1546 4649 I wm_task_moved: [70,1,6]
10-19 02:08:52.298 1546 4649 I wm_task_to_front: [0,70]
10-19 02:08:52.298 1546 4649 I wm_create_task: [0,70]
10-19 02:08:52.298 1546 4649 I wm_create_activity: [0,142099656,70,com.tencent.mm/.ui.LauncherUI,android.intent.action.MAIN,NULL,NULL,270532608]
10-19 02:08:52.298 1546 4649 I wm_task_moved: [70,1,6]
10-19 02:08:52.299 1546 4649 D CompatibilityChangeReporter: Compat change id reported: 168419799; UID 10100; state: DISABLED
10-19 02:08:52.299 1546 4649 D CompatibilityInfo: mCompatibilityFlags - 4
10-19 02:08:52.299 1546 4649 D CompatibilityInfo: applicationDensity - 240
10-19 02:08:52.299 1546 4649 D CompatibilityInfo: applicationScale - 1.0
10-19 02:08:52.299 1546 4649 I ActivityTaskManager: FOREGROUND_APPLICATION_CHANGED to com.tencent.mm.ui.LauncherUI
10-19 02:08:52.299 1546 4649 I ActivityTaskManager: The Process com.tencent.mm Already Exists in BG. So sending its PID: 4632
10-19 02:08:52.300 1546 4649 I wm_restart_activity: [0,142099656,70,com.tencent.mm/.ui.LauncherUI]
10-19 02:08:52.300 1546 4649 D CompatibilityInfo: mCompatibilityFlags - 4
10-19 02:08:52.300 1546 4649 D CompatibilityInfo: applicationDensity - 240
10-19 02:08:52.300 1546 4649 D CompatibilityInfo: applicationScale - 1.0
10-19 02:08:52.300 1546 4649 I wm_set_resumed_activity: [0,com.tencent.mm/.ui.LauncherUI,minimalResumeActivityLocked]
10-19 02:08:52.300 1546 4649 D RecentTaskTest: checkUnusedTasks : 5
10-19 02:08:52.300 1546 4649 D RecentTaskTest: skip to remove task since it is system task : Task{9420002 #62 type=undefined A=10035:com.bilibili.bilithings U=0 visible=false mode=fullscreen translucent=true sz=0 visible freeform task=true rootAffinity=10035:com.bilibili.bilithings isMini=false}
10-19 02:08:52.300 1546 4649 D RecentTaskTest: skip to remove task since it is system task : Task{a6cd13 #66 type=undefined A=1000:com.android.settings.root U=0 visible=false mode=fullscreen translucent=true sz=0 visible freeform task=true rootAffinity=1000:com.android.settings.root isMini=false}
10-19 02:08:52.300 1546 4649 D RecentTaskTest: nonSystemUnusedAppTasks size : 1
10-19 02:08:52.300 1546 4649 D RecentTaskTest: nonSystemUnusedAppTasks task : Task{c37a947 #70 type=standard A=10100:com.tencent.mm U=0 visible=true mode=freeform translucent=false sz=1 visible freeform task=true rootAffinity=10100:com.tencent.mm isMini=false}
10-19 02:08:52.300 1546 4649 D RecentTaskTest: Inactive Time : 1ms
10-19 02:08:52.300 1546 4649 D RecentTaskTest:
10-19 02:08:52.300 1546 4649 D FreeFormWindowHelper: handleFreeformTask : Task{c37a947 #70 type=standard A=10100:com.tencent.mm U=0 visible=true mode=freeform translucent=false sz=1 visible freeform task=true rootAffinity=10100:com.tencent.mm isMini=false}
10-19 02:08:52.300 1546 4649 D FreeFormWindowHelper: mFreeFormTask : null
10-19 02:08:52.300 1546 4649 D FreeFormWindowHelper: mInRecent : false
10-19 02:08:52.300 1546 4649 D FreeFormWindowHelper: add new freeform task : Task{c37a947 #70 type=standard A=10100:com.tencent.mm U=0 visible=true mode=freeform translucent=false sz=1 visible freeform task=true rootAffinity=10100:com.tencent.mm isMini=false}
10-19 02:08:52.300 1546 4649 D FreeFormWindowHelper:
10-19 02:08:52.301 836 3399 E ANDR-IOP: io prefetch is disabled
10-19 02:08:52.302 2557 2557 D StateManager: goToState: Normal animated: true
10-19 02:08:52.303 2557 2557 I wm_on_top_resumed_lost_called: [252077482,com.android.launcher3.uioverrides.QuickstepLauncher,topStateChangedWhenResumed]
10-19 02:08:52.304 4632 4639 I com.tencent.mm: Method exceeds compiler instruction limit: 20877 in wl.d wl.j.a(java.lang.Class)
10-19 02:08:52.308 1546 4646 D CompatibilityChangeReporter: Compat change id reported: 157233955; UID 10100; state: DISABLED
10-19 02:08:52.320 893 893 I BpBinder: onLastStrongRef automatically unlinking death recipients:
10-19 02:08:52.321 4632 4639 I com.tencent.mm: Method exceeds compiler instruction limit: 20877 in wl.d wl.j.a(java.lang.Class)
10-19 02:08:52.348 4632 4678 D [KindaLib] JniHelper: jniInit
10-19 02:08:52.350 4632 4632 E Instrumentation: Uninitialized ActivityThread, likely app-created Instrumentation, disabling AppComponentFactory
10-19 02:08:52.350 4632 4632 E Instrumentation: java.lang.Throwable
10-19 02:08:52.350 4632 4632 E Instrumentation: at android.app.Instrumentation.getFactory(Instrumentation.java:1283)
10-19 02:08:52.350 4632 4632 E Instrumentation: at android.app.Instrumentation.newActivity(Instrumentation.java:1274)
10-19 02:08:52.350 4632 4632 E Instrumentation: at com.tencent.mm.splash.j.newActivity(SourceFile:122)
10-19 02:08:52.350 4632 4632 E Instrumentation: at com.tencent.mm.pluginguard.ActivityHookInstrumentation.newActivity(SourceFile:8)
10-19 02:08:52.350 4632 4632 E Instrumentation: at android.app.ActivityThread.performLaunchActivity(ActivityThread.java:3533)
10-19 02:08:52.350 4632 4632 E Instrumentation: at android.app.ActivityThread.handleLaunchActivity(ActivityThread.java:3793)
10-19 02:08:52.350 4632 4632 E Instrumentation: at android.app.servertransaction.LaunchActivityItem.execute(LaunchActivityItem.java:103)
10-19 02:08:52.350 4632 4632 E Instrumentation: at android.app.servertransaction.TransactionExecutor.executeCallbacks(TransactionExecutor.java:135)
10-19 02:08:52.350 4632 4632 E Instrumentation: at android.app.servertransaction.TransactionExecutor.execute(TransactionExecutor.java:95)
10-19 02:08:52.350 4632 4632 E Instrumentation: at android.app.ActivityThread$H.handleMessage(ActivityThread.java:2211)
10-19 02:08:52.350 4632 4632 E Instrumentation: at android.os.Handler.dispatchMessage(Handler.java:106)
10-19 02:08:52.350 4632 4632 E Instrumentation: at android.os.Looper.loopOnce(Looper.java:201)
10-19 02:08:52.350 4632 4632 E Instrumentation: at android.os.Looper.loop(Looper.java:288)
10-19 02:08:52.350 4632 4632 E Instrumentation: at android.app.ActivityThread.main(ActivityThread.java:7880)
10-19 02:08:52.350 4632 4632 E Instrumentation: at java.lang.reflect.Method.invoke(Native Method)
10-19 02:08:52.350 4632 4632 E Instrumentation: at com.android.internal.os.RuntimeInit$MethodAndArgsCaller.run(RuntimeInit.java:548)
10-19 02:08:52.350 4632 4632 E Instrumentation: at com.android.internal.os.ZygoteInit.main(ZygoteInit.java:1009)
10-19 02:08:52.357 4632 4678 D [KindaLib] JniHelper: register_constructor_proxy_method
10-19 02:08:52.359 4632 4725 D CompatibilityChangeReporter: Compat change id reported: 171228096; UID 10100; state: ENABLED
10-19 02:08:52.363 4632 4639 I com.tencent.mm: Method exceeds compiler instruction limit: 20877 in wl.d wl.j.a(java.lang.Class)
10-19 02:08:52.369 4632 4639 I com.tencent.mm: Method exceeds compiler instruction limit: 20877 in wl.d wl.j.a(java.lang.Class)
10-19 02:08:52.371 4632 4632 E ActivityThread: Failed to find provider info for com.google.android.gms.phenotype
10-19 02:08:52.399 1546 4649 D CompatibilityChangeReporter: Compat change id reported: 135634846; UID 10100; state: DISABLED
10-19 02:08:52.399 1546 4649 D CompatibilityChangeReporter: Compat change id reported: 177438394; UID 10100; state: DISABLED
10-19 02:08:52.399 1546 4649 D CompatibilityChangeReporter: Compat change id reported: 135772972; UID 10100; state: DISABLED
10-19 02:08:52.399 1546 1637 D CompatibilityChangeReporter: Compat change id reported: 143937733; UID 10100; state: DISABLED
10-19 02:08:52.401 4632 4639 I com.tencent.mm: Method exceeds compiler instruction limit: 20877 in wl.d wl.j.a(java.lang.Class)
10-19 02:08:52.404 671 671 D Zygote : Forked child process 4769
10-19 02:08:52.404 1546 1637 I am_proc_start: [0,4769,10100,com.tencent.mm:push,service,{com.tencent.mm/com.tencent.mm.booter.CoreService}]
10-19 02:08:52.404 1546 1637 I ActivityManager: Start proc 4769:com.tencent.mm:push/u0a100 for service {com.tencent.mm/com.tencent.mm.booter.CoreService}
10-19 02:08:52.407 1546 4649 I thunderperf: Maybe need boostperf for current app!
10-19 02:08:52.407 2051 3321 D FgBoostPerfService: [FgBoostPerfService.perfBoostAcq]start: stat=true pkgName=com.tencent.mm
10-19 02:08:52.407 4769 4769 I libc : SetHeapTaggingLevel: tag level set to 0
10-19 02:08:52.407 2051 3321 I FgBoostPerfService: [FgBoostPerfService.perfBoostAcq] not game-mode or game app!
10-19 02:08:52.407 1546 4649 I ThunderPerfManager: PerfAcq error : state=true pkgName=com.tencent.mm
10-19 02:08:52.407 2051 3321 I FgBoostPerfService: [GetGpuMode] isMode=1 isGame=false mGpuMode=1
10-19 02:08:52.407 2051 3321 I FgBoostPerfService: [GetGpuDpiType] isMode=1 isGame=false mGpuDpiType=0
10-19 02:08:52.407 2051 3321 I FgBoostPerfService: [GetGpuDpiType] isMode=1 isGame=false mGpuStandardValue=0
10-19 02:08:52.407 1546 4649 I thunderperf: Current app pkgName=com.tencent.mm bm:com.thundercomm.perf.BoostPerfManager@720aec6 gpuMode=-1 gpuType=-1 gpuStandardVal=-1
10-19 02:08:52.408 1546 4649 I ThunderBoostPerfService: Resolution: Uid=10100 Pid=4632 gMode=-1 dType=-1 gpuStandardVal=-1
10-19 02:08:52.408 1546 4649 I thunderperf: PlatormCompat.setOverrides: Uid1=10100 Pid1=4632 Uid2=10100 Pid2=4632
10-19 02:08:52.408 1546 4649 I thunderperf: PlatormCompat.setOverrides: needCheck:false
10-19 02:08:52.408 1546 4649 W PackageManager: MATCH_ANY_USER flag requires INTERACT_ACROSS_USERS permission: UID 10100 requires android.permission.INTERACT_ACROSS_USERS_FULL or android.permission.INTERACT_ACROSS_USERS to access user 0.
10-19 02:08:52.408 1546 4649 E BoostPerfManager: UpdateResolution SecurityException : e=java.lang.SecurityException: MATCH_ANY_USER flag requires INTERACT_ACROSS_USERS permission: UID 10100 requires android.permission.INTERACT_ACROSS_USERS_FULL or android.permission.INTERACT_ACROSS_USERS to access user 0.
10-19 02:08:52.408 1546 4649 I ActivityTaskManager: isCallApp = false
10-19 02:08:52.408 1546 4649 I ActivityTaskManager: START u0 {flg=0x20000000 cmp=com.tencent.mm/.plugin.account.ui.WelcomeActivity (has extras)} from uid 10100
10-19 02:08:52.408 1546 4649 D ActivityTaskManager: TaskLaunchParamsModifier:task=null activity=ActivityRecord{96f6f0c u0 com.tencent.mm/.plugin.account.ui.WelcomeActivity taskAffinity=10100:com.tencent.mm display-area-from-source=DefaultTaskDisplayArea@15489979 display-id=0 display-windowing-mode=1 suggested-display-area=DefaultTaskDisplayArea@15489979
10-19 02:08:52.408 1546 4649 D ActivityTaskManager: TaskLaunchParamsModifier:task=Task{c37a947 #70 type=standard A=10100:com.tencent.mm U=0 visible=true mode=freeform translucent=false sz=1 visible freeform task=true rootAffinity=10100:com.tencent.mm isMini=false} activity=ActivityRecord{96f6f0c u0 com.tencent.mm/.plugin.account.ui.WelcomeActivity taskAffinity=10100:com.tencent.mm t-1} display-area-from-source=DefaultTaskDisplayArea@15489979 display-id=0 display-windowing-mode=1 suggested-display-area=DefaultTaskDisplayArea@15489979 non-freeform-display display-area=DefaultTaskDisplayArea@15489979
10-19 02:08:52.408 1546 4649 D FreeFormWindowHelper: recentTask : null
10-19 02:08:52.409 1546 4649 I wm_task_moved: [70,1,6]
10-19 02:08:52.409 1546 4649 I wm_set_resumed_activity: [0,com.tencent.mm/.ui.LauncherUI,positionChildAt]
10-19 02:08:52.409 1546 4649 I wm_create_activity: [0,158297868,70,com.tencent.mm/.plugin.account.ui.WelcomeActivity,NULL,NULL,NULL,536870912]
10-19 02:08:52.409 1546 4649 D CompatibilityInfo: mCompatibilityFlags - 4
10-19 02:08:52.409 1546 4649 D CompatibilityInfo: applicationDensity - 240
10-19 02:08:52.409 1546 4649 D CompatibilityInfo: applicationScale - 1.0
10-19 02:08:52.410 1546 4649 D ActivityTrigger: ActivityTrigger activityPauseTrigger
10-19 02:08:52.410 1546 4649 I wm_pause_activity: [0,142099656,com.tencent.mm/.ui.LauncherUI,userLeaving=true,resumeTopActivityInnerLocked]
10-19 02:08:52.410 1546 4649 D PowerManagerService: acquireWakeLockInternal: lock=227281559, flags=0x1, tag="*launch*", ws=WorkSource{10100}, uid=1000, pid=1546
10-19 02:08:52.410 1546 4649 D PowerManagerService: updateWakeLockSummaryLocked: mWakefulness=Awake, mWakeLockSummary=0x1
10-19 02:08:52.410 1546 4649 D PowerManagerService: updateUserActivitySummaryLocked: groupId=0, mWakefulness=Awake, mUserActivitySummary=0x1, nextTimeout=150561 (in 59803 ms)
10-19 02:08:52.410 1546 4649 D PowerManagerNotifier: onScreenPolicyUpdate: newPolicy=3
10-19 02:08:52.410 1546 4649 D PowerManagerService: updateDisplayPowerStateLocked: displayReady=true, groupId=0, policy=BRIGHT, mWakefulness=Awake, mWakeLockSummary=0x1, mUserActivitySummary=0x1, mBootCompleted=true, screenBrightnessOverride=NaN, useAutoBrightness=true, mScreenBrightnessBoostInProgress=false, mIsVrModeEnabled= false, sQuiescent=false
10-19 02:08:52.414 4769 4769 E tencent.mm:pus: Not starting debugger since process cannot load the jdwp agent.
10-19 02:08:52.415 0 0 I [ 90.764007] binder: 4769:4769 ioctl 40046210 7fd6808274 returned -22
10-19 02:08:52.415 4769 4769 D ProcessState: Binder ioctl to enable oneway spam detection failed: Invalid argument
10-19 02:08:52.417 1546 1579 I am_proc_bound: [0,4769,com.tencent.mm:push]
10-19 02:08:52.417 4632 4632 I wm_on_create_called: [142099656,com.tencent.mm.ui.LauncherUI,performCreate]
10-19 02:08:52.417 1546 1579 D CompatibilityInfo: mCompatibilityFlags - 4
10-19 02:08:52.417 1546 1579 D CompatibilityInfo: applicationDensity - 240
10-19 02:08:52.417 1546 1579 D CompatibilityInfo: applicationScale - 1.0
10-19 02:08:52.417 4632 4639 I com.tencent.mm: Method exceeds compiler instruction limit: 20877 in wl.d wl.j.a(java.lang.Class)
10-19 02:08:52.418 1546 1579 I ActivityTaskManager: clear resize flag in freeform mode
10-19 02:08:52.418 1546 1579 I ActivityTaskManager: The Process com.tencent.mm Already Exists in BG. So sending its PID: 4632
10-19 02:08:52.419 1546 1579 D CompatibilityInfo: mCompatibilityFlags - 4
10-19 02:08:52.419 1546 1579 D CompatibilityInfo: applicationDensity - 240
10-19 02:08:52.419 1546 1579 D CompatibilityInfo: applicationScale - 1.0
10-19 02:08:52.419 1546 1844 D CompatibilityInfo: mCompatibilityFlags - 4
10-19 02:08:52.419 1546 1844 D CompatibilityInfo: applicationDensity - 240
10-19 02:08:52.419 1546 1844 D CompatibilityInfo: applicationScale - 1.0
10-19 02:08:52.419 4769 4769 D CompatibilityChangeReporter: Compat change id reported: 171979766; UID 10100; state: DISABLED
10-19 02:08:52.424 4769 4769 D ApplicationLoaders: Returning zygote-cached class loader: /system/framework/android.test.base.jar
10-19 02:08:52.428 4632 4639 I com.tencent.mm: Method exceeds compiler instruction limit: 20877 in wl.d wl.j.a(java.lang.Class)
10-19 02:08:52.430 4632 4632 I wm_on_start_called: [142099656,com.tencent.mm.ui.LauncherUI,handleStartActivity]
10-19 02:08:52.431 4769 4769 I Perf : Connecting to perf service.
10-19 02:08:52.433 4769 4769 V GraphicsEnvironment: ANGLE Developer option for 'com.tencent.mm' set to: 'default'
10-19 02:08:52.433 4769 4769 V GraphicsEnvironment: ANGLE GameManagerService for com.tencent.mm: false
10-19 02:08:52.433 4769 4769 V GraphicsEnvironment: Updatable production driver is not supported on the device.
10-19 02:08:52.433 4769 4769 D NetworkSecurityConfig: Using Network Security Config from resource be debugBuild: false
10-19 02:08:52.433 4769 4769 D NetworkSecurityConfig: Using Network Security Config from resource be debugBuild: false
10-19 02:08:52.435 4632 4791 E FA : Task exception on worker thread: java.lang.IllegalStateException: AppMeasurement is not initialized: com.google.android.gms.internal.measurement.zzgl.zzch(Unknown Source:9)
10-19 02:08:52.435 4632 4791 E FA : Task exception on worker thread: java.lang.IllegalStateException: Not initialized: com.google.android.gms.internal.measurement.zzhh.zzch(Unknown Source:11)
10-19 02:08:52.435 4632 4791 E FA : Persisted config not initialized. Not logging error/warn
10-19 02:08:52.435 4632 4791 E FA : Persisted config not initialized. Not logging error/warn
10-19 02:08:52.439 4632 4639 I com.tencent.mm: Method exceeds compiler instruction limit: 20877 in wl.d wl.j.a(java.lang.Class)
10-19 02:08:52.442 1546 1812 I thunderperf: Maybe need boostperf for current app!
10-19 02:08:52.442 2051 3321 D FgBoostPerfService: [FgBoostPerfService.perfBoostAcq]start: stat=true pkgName=com.tencent.mm
10-19 02:08:52.442 2051 3321 I FgBoostPerfService: [FgBoostPerfService.perfBoostAcq] not game-mode or game app!
10-19 02:08:52.442 1546 1812 I ThunderPerfManager: PerfAcq error : state=true pkgName=com.tencent.mm
10-19 02:08:52.443 2051 2093 I FgBoostPerfService: [GetGpuMode] isMode=1 isGame=false mGpuMode=1
10-19 02:08:52.443 2051 3321 I FgBoostPerfService: [GetGpuDpiType] isMode=1 isGame=false mGpuDpiType=0
10-19 02:08:52.443 2051 2093 I FgBoostPerfService: [GetGpuDpiType] isMode=1 isGame=false mGpuStandardValue=0
10-19 02:08:52.443 1546 1812 I thunderperf: Current app pkgName=com.tencent.mm bm:com.thundercomm.perf.BoostPerfManager@720aec6 gpuMode=-1 gpuType=-1 gpuStandardVal=-1
10-19 02:08:52.443 1546 1812 I ThunderBoostPerfService: Resolution: Uid=10100 Pid=4632 gMode=-1 dType=-1 gpuStandardVal=-1
10-19 02:08:52.443 1546 1812 I thunderperf: PlatormCompat.setOverrides: Uid1=10100 Pid1=4632 Uid2=10100 Pid2=4632
10-19 02:08:52.443 1546 1812 I thunderperf: PlatormCompat.setOverrides: needCheck:false
10-19 02:08:52.443 1546 1812 W PackageManager: MATCH_ANY_USER flag requires INTERACT_ACROSS_USERS permission: UID 10100 requires android.permission.INTERACT_ACROSS_USERS_FULL or android.permission.INTERACT_ACROSS_USERS to access user 0.
10-19 02:08:52.443 1546 1812 E BoostPerfManager: UpdateResolution SecurityException : e=java.lang.SecurityException: MATCH_ANY_USER flag requires INTERACT_ACROSS_USERS permission: UID 10100 requires android.permission.INTERACT_ACROSS_USERS_FULL or android.permission.INTERACT_ACROSS_USERS to access user 0.
10-19 02:08:52.443 1546 1812 I ActivityTaskManager: isCallApp = false
10-19 02:08:52.443 1546 1812 I ActivityTaskManager: START u0 {flg=0x20000000 cmp=com.tencent.mm/.plugin.account.ui.WelcomeActivity (has extras)} from uid 10100
10-19 02:08:52.444 1546 1812 D ActivityTaskManager: TaskLaunchParamsModifier:task=null activity=ActivityRecord{73d050d u0 com.tencent.mm/.plugin.account.ui.WelcomeActivity taskAffinity=10100:com.tencent.mm display-area-from-source=DefaultTaskDisplayArea@15489979 display-id=0 display-windowing-mode=1 suggested-display-area=DefaultTaskDisplayArea@15489979
10-19 02:08:52.444 1546 1812 D ActivityTaskManager: TaskLaunchParamsModifier:task=Task{c37a947 #70 type=standard A=10100:com.tencent.mm U=0 visible=true mode=freeform translucent=false sz=2 visible freeform task=true rootAffinity=10100:com.tencent.mm isMini=false} activity=ActivityRecord{73d050d u0 com.tencent.mm/.plugin.account.ui.WelcomeActivity taskAffinity=10100:com.tencent.mm t-1} display-area-from-source=DefaultTaskDisplayArea@15489979 display-id=0 display-windowing-mode=1 suggested-display-area=DefaultTaskDisplayArea@15489979 non-freeform-display display-area=DefaultTaskDisplayArea@15489979
10-19 02:08:52.444 1546 1812 D FreeFormWindowHelper: recentTask : null
10-19 02:08:52.445 1546 1812 I wm_task_moved: [70,1,6]
10-19 02:08:52.445 1546 1812 I wm_create_activity: [0,121439501,70,com.tencent.mm/.plugin.account.ui.WelcomeActivity,NULL,NULL,NULL,536870912]
10-19 02:08:52.445 1546 1812 D CompatibilityInfo: mCompatibilityFlags - 4
10-19 02:08:52.445 1546 1812 D CompatibilityInfo: applicationDensity - 240
10-19 02:08:52.445 1546 1812 D CompatibilityInfo: applicationScale - 1.0
10-19 02:08:52.452 4632 4639 I com.tencent.mm: Method exceeds compiler instruction limit: 20877 in wl.d wl.j.a(java.lang.Class)
10-19 02:08:52.453 4769 4769 I MMKV : current API level = 31, libc++_shared=0
10-19 02:08:52.454 4769 4769 I MMKV : version v1.2.12, page size 4096, arch arm64-v8a
10-19 02:08:52.454 4769 4769 I MMKV : armv8 AES instructions is supported
10-19 02:08:52.454 4769 4769 I MMKV : armv8 CRC32 instructions is supported
10-19 02:08:52.454 4769 4769 I MMKV : root dir: /data/user/0/com.tencent.mm/files/mmkv
10-19 02:08:52.454 4632 4632 I wm_on_resume_called: [142099656,com.tencent.mm.ui.LauncherUI,RESUME_ACTIVITY]
10-19 02:08:52.462 4632 4632 D InsetsController: onStateChanged: InsetsState: {mDisplayFrame=Rect(0, 0 - 2380, 1020), mDisplayCutout=DisplayCutout{insets=Rect(0, 0 - 0, 0) waterfall=Insets{left=0, top=0, right=0, bottom=0} boundingRect={Bounds=[Rect(0, 0 - 0, 0), Rect(0, 0 - 0, 0), Rect(0, 0 - 0, 0), Rect(0, 0 - 0, 0)]} cutoutPathParserInfo={CutoutPathParserInfo{displayWidth=0 displayHeight=0 density={0.0} cutoutSpec={} rotation={0} scale={0.0}}}}, mRoundedCorners=RoundedCorners{[RoundedCorner{position=TopLeft, radius=0, center=Point(0, 0)}, RoundedCorner{position=TopRight, radius=0, center=Point(0, 0)}, RoundedCorner{position=BottomRight, radius=0, center=Point(0, 0)}, RoundedCorner{position=BottomLeft, radius=0, center=Point(0, 0)}]}, mPrivacyIndicatorBounds=PrivacyIndicatorBounds {static bounds=Rect(2236, 0 - 2359, 36) rotation=0}, mSources= { InsetsSource: {mType=ITYPE_LEFT_GESTURES, mFrame=[0,0][0,1020], mVisible=true}, InsetsSource: {mType=ITYPE_RIGHT_GESTURES, mFrame=[2380,0][2380,1020], mVisible=true}, InsetsSource: {mType=ITYPE_TOP_MANDATORY_GESTURES, mFrame=[0,0][2380,36], mVisible=true}, InsetsSource: {mType=ITYPE_BOTTOM_MANDATORY_GESTURES, mFrame=[0,974][2380,1020], mVisible=true}, InsetsSource: {mType=ITYPE_TOP_TAPPABLE_ELEMENT, mFrame=[0,0][2380,36], mVisible=true}, InsetsSource: {mType=ITYPE_BOTTOM_TAPPABLE_ELEMENT, mFrame=[0,974][2380,1020], mVisible=true}, InsetsSource: {mType=ITYPE_IME, mFrame=[0,0][0,0], mVisible=false} }
10-19 02:08:52.462 4632 4632 D InsetsSourceConsumer: applyLocalVisibilityOverride: No control in com.tencent.mm/com.tencent.mm.ui.LauncherUI requestedVisible false
10-19 02:08:52.462 4632 4632 D InsetsSourceConsumer: applyLocalVisibilityOverride: No control in com.tencent.mm/com.tencent.mm.ui.LauncherUI requestedVisible true
10-19 02:08:52.462 4632 4632 D InsetsSourceConsumer: applyLocalVisibilityOverride: No control in com.tencent.mm/com.tencent.mm.ui.LauncherUI requestedVisible true
10-19 02:08:52.462 4632 4632 D InsetsSourceConsumer: applyLocalVisibilityOverride: No control in com.tencent.mm/com.tencent.mm.ui.LauncherUI requestedVisible true
10-19 02:08:52.462 4632 4632 D InsetsSourceConsumer: applyLocalVisibilityOverride: No control in com.tencent.mm/com.tencent.mm.ui.LauncherUI requestedVisible true
10-19 02:08:52.462 4632 4632 D InsetsSourceConsumer: applyLocalVisibilityOverride: No control in com.tencent.mm/com.tencent.mm.ui.LauncherUI requestedVisible true
10-19 02:08:52.462 4632 4632 D InsetsSourceConsumer: applyLocalVisibilityOverride: No control in com.tencent.mm/com.tencent.mm.ui.LauncherUI requestedVisible true
10-19 02:08:52.462 4632 4632 D InsetsController: onStateChanged, notifyInsetsChanged
10-19 02:08:52.462 4632 4632 D InsetsSourceConsumer: Call hide for ITYPE_IME on com.tencent.mm/com.tencent.mm.ui.LauncherUI
10-19 02:08:52.462 4632 4632 D InsetsSourceConsumer: applyLocalVisibilityOverride: No control in com.tencent.mm/com.tencent.mm.ui.LauncherUI requestedVisible false
10-19 02:08:52.462 2557 2557 D ActivityChangeReceiver: onReceive
10-19 02:08:52.462 2557 3297 D MCUUtil : saveLastActivity activityName=com.tencent.mm.ui.LauncherUI packageName=com.tencent.mm
10-19 02:08:52.467 4632 4632 I wm_on_top_resumed_gained_called: [142099656,com.tencent.mm.ui.LauncherUI,topStateChangedWhenResumed]
10-19 02:08:52.469 4769 4769 D CompatibilityChangeReporter: Compat change id reported: 147600208; UID 10100; state: ENABLED
10-19 02:08:52.470 4632 4632 I wm_on_top_resumed_lost_called: [142099656,com.tencent.mm.ui.LauncherUI,topStateChangedWhenResumed]
10-19 02:08:52.471 4632 4639 I com.tencent.mm: Method exceeds compiler instruction limit: 20877 in wl.d wl.j.a(java.lang.Class)
10-19 02:08:52.472 4632 4791 E FA : Task exception on worker thread: java.lang.IllegalStateException: Not initialized: com.google.android.gms.internal.measurement.zzhh.zzch(Unknown Source:11)
10-19 02:08:52.473 4632 4791 E FA : Task exception on worker thread: java.lang.IllegalStateException: Not initialized: com.google.android.gms.internal.measurement.zzhh.zzch(Unknown Source:11)
10-19 02:08:52.473 4632 4791 E FA : Persisted config not initialized. Not logging error/warn
10-19 02:08:52.473 4632 4791 E FA : Persisted config not initialized. Not logging error/warn
10-19 02:08:52.473 4769 4769 W SQLiteCompatibilityWalFlags: Cannot read global setting sqlite_compatibility_wal_flags - Application state not available
10-19 02:08:52.475 4632 4632 I wm_on_paused_called: [142099656,com.tencent.mm.ui.LauncherUI,performPause]
10-19 02:08:52.476 1546 1579 I ActivityTaskManager: FOREGROUND_APPLICATION_CHANGED to com.tencent.mm.plugin.account.ui.WelcomeActivity
10-19 02:08:52.476 1546 1579 I ActivityTaskManager: The Process com.tencent.mm Already Exists in BG. So sending its PID: 4632
10-19 02:08:52.476 1546 1579 W ActivityTaskManager: Tried to set launchTime (0) < mLastActivityLaunchTime (90648)
10-19 02:08:52.477 1546 1579 I wm_restart_activity: [0,121439501,70,com.tencent.mm/.plugin.account.ui.WelcomeActivity]
10-19 02:08:52.477 1546 1579 D CompatibilityInfo: mCompatibilityFlags - 4
10-19 02:08:52.477 1546 1579 D CompatibilityInfo: applicationDensity - 240
10-19 02:08:52.477 1546 1579 D CompatibilityInfo: applicationScale - 1.0
10-19 02:08:52.477 1546 1579 I wm_set_resumed_activity: [0,com.tencent.mm/.plugin.account.ui.WelcomeActivity,minimalResumeActivityLocked]
10-19 02:08:52.477 1546 1579 D FreeFormWindowHelper: handleFreeformTask : Task{c37a947 #70 type=standard A=10100:com.tencent.mm U=0 visible=true mode=freeform translucent=false sz=3 visible freeform task=true rootAffinity=10100:com.tencent.mm isMini=false}
10-19 02:08:52.477 1546 1579 D FreeFormWindowHelper: mFreeFormTask : Task{c37a947 #70 type=standard A=10100:com.tencent.mm U=0 visible=true mode=freeform translucent=false sz=3 visible freeform task=true rootAffinity=10100:com.tencent.mm isMini=false}
10-19 02:08:52.477 1546 1579 D FreeFormWindowHelper: mInRecent : false
10-19 02:08:52.477 1546 1579 D FreeFormWindowHelper: add new freeform task : Task{c37a947 #70 type=standard A=10100:com.tencent.mm U=0 visible=true mode=freeform translucent=false sz=3 visible freeform task=true rootAffinity=10100:com.tencent.mm isMini=false}
10-19 02:08:52.477 1546 1579 D FreeFormWindowHelper:
10-19 02:08:52.479 1546 1622 I sysui_multi_action: [757,803,799,window_time_0,802,1]
10-19 02:08:52.475 4769 4769 I auditd : type=1400 audit(0.0:126): avc: denied { read } for comm="tencent.mm:push" name="anr" dev="dm-10" ino=22 scontext=u:r:untrusted_app_29:s0:c100,c256,c512,c768 tcontext=u:object_r:anr_data_file:s0 tclass=dir permissive=0 app=com.tencent.mm
10-19 02:08:52.475 4769 4769 W tencent.mm:push: type=1400 audit(0.0:126): avc: denied { read } for name="anr" dev="dm-10" ino=22 scontext=u:r:untrusted_app_29:s0:c100,c256,c512,c768 tcontext=u:object_r:anr_data_file:s0 tclass=dir permissive=0 app=com.tencent.mm
10-19 02:08:52.484 4769 4769 V NativeCrash: Alternative stack installed.
10-19 02:08:52.484 4769 4769 V NativeCrash: Signal handler installed.
10-19 02:08:52.484 1546 1622 V InputMethodMenuController: Hide switching menu
10-19 02:08:52.485 4632 4632 D InsetsController: onStateChanged: InsetsState: {mDisplayFrame=Rect(0, 0 - 2972, 1274), mDisplayCutout=DisplayCutout{insets=Rect(0, 0 - 0, 0) waterfall=Insets{left=0, top=0, right=0, bottom=0} boundingRect={Bounds=[Rect(0, 0 - 0, 0), Rect(0, 0 - 0, 0), Rect(0, 0 - 0, 0), Rect(0, 0 - 0, 0)]} cutoutPathParserInfo={CutoutPathParserInfo{displayWidth=0 displayHeight=0 density={0.0} cutoutSpec={} rotation={0} scale={1.248566}}}}, mRoundedCorners=RoundedCorners{[RoundedCorner{position=TopLeft, radius=0, center=Point(0, 0)}, RoundedCorner{position=TopRight, radius=0, center=Point(0, 0)}, RoundedCorner{position=BottomRight, radius=0, center=Point(0, 0)}, RoundedCorner{position=BottomLeft, radius=0, center=Point(0, 0)}]}, mPrivacyIndicatorBounds=PrivacyIndicatorBounds {static bounds=Rect(2792, 0 - 2945, 45) rotation=0}, mSources= { InsetsSource: {mType=ITYPE_LEFT_GESTURES, mFrame=[0,0][0,1274], mVisible=true}, InsetsSource: {mType=ITYPE_RIGHT_GESTURES, mFrame=[2972,0][2972,1274], mVisible=true}, InsetsSource: {mType=ITYPE_TOP_MANDATORY_GESTURES, mFrame=[0,0][2972,45], mVisible=true}, InsetsSource: {mType=ITYPE_BOTTOM_MANDATORY_GESTURES, mFrame=[0,1216][2972,1274], mVisible=true}, InsetsSource: {mType=ITYPE_TOP_TAPPABLE_ELEMENT, mFrame=[0,0][2972,45], mVisible=true}, InsetsSource: {mType=ITYPE_BOTTOM_TAPPABLE_ELEMENT, mFrame=[0,1216][2972,1274], mVisible=true}, InsetsSource: {mType=ITYPE_IME, mFrame=[0,0][0,0], mVisible=false} }
10-19 02:08:52.485 4632 4632 D InsetsSourceConsumer: applyLocalVisibilityOverride: No control in com.tencent.mm/com.tencent.mm.ui.LauncherUI requestedVisible false
10-19 02:08:52.485 4632 4632 D InsetsSourceConsumer: applyLocalVisibilityOverride: No control in com.tencent.mm/com.tencent.mm.ui.LauncherUI requestedVisible true
10-19 02:08:52.485 4632 4632 D InsetsSourceConsumer: applyLocalVisibilityOverride: No control in com.tencent.mm/com.tencent.mm.ui.LauncherUI requestedVisible true
10-19 02:08:52.485 4632 4632 D InsetsSourceConsumer: applyLocalVisibilityOverride: No control in com.tencent.mm/com.tencent.mm.ui.LauncherUI requestedVisible true
10-19 02:08:52.485 4632 4632 D InsetsSourceConsumer: applyLocalVisibilityOverride: No control in com.tencent.mm/com.tencent.mm.ui.LauncherUI requestedVisible true
10-19 02:08:52.485 4632 4632 D InsetsSourceConsumer: applyLocalVisibilityOverride: No control in com.tencent.mm/com.tencent.mm.ui.LauncherUI requestedVisible true
10-19 02:08:52.485 4632 4632 D InsetsSourceConsumer: applyLocalVisibilityOverride: No control in com.tencent.mm/com.tencent.mm.ui.LauncherUI requestedVisible true
10-19 02:08:52.485 4632 4632 D InsetsSourceConsumer: applyLocalVisibilityOverride: No control in com.tencent.mm/com.tencent.mm.ui.LauncherUI requestedVisible true
10-19 02:08:52.485 4632 4632 D InsetsSourceConsumer: applyLocalVisibilityOverride: No control in com.tencent.mm/com.tencent.mm.ui.LauncherUI requestedVisible true
10-19 02:08:52.485 4632 4632 D InsetsController: onStateChanged, notifyInsetsChanged
10-19 02:08:52.485 4632 4632 D InsetsSourceConsumer: Call hide for ITYPE_IME on com.tencent.mm/com.tencent.mm.ui.LauncherUI
10-19 02:08:52.485 4632 4632 D InsetsSourceConsumer: applyLocalVisibilityOverride: No control in com.tencent.mm/com.tencent.mm.ui.LauncherUI requestedVisible false
10-19 02:08:52.485 4632 4639 I com.tencent.mm: Method exceeds compiler instruction limit: 20877 in wl.d wl.j.a(java.lang.Class)
10-19 02:08:52.486 4632 4761 I AdrenoGLES-0: QUALCOMM build : 47421dbee6, I139f36ad46
10-19 02:08:52.486 4632 4761 I AdrenoGLES-0: Build Date : 02/18/22
10-19 02:08:52.486 4632 4761 I AdrenoGLES-0: OpenGL ES Shader Compiler Version: EV031.32.02.17
10-19 02:08:52.486 4632 4761 I AdrenoGLES-0: Local Branch :
10-19 02:08:52.486 4632 4761 I AdrenoGLES-0: Remote Branch :
10-19 02:08:52.486 4632 4761 I AdrenoGLES-0: Remote Branch :
10-19 02:08:52.486 4632 4761 I AdrenoGLES-0: Reconstruct Branch :
10-19 02:08:52.486 4632 4761 I AdrenoGLES-0: Build Config : S P 10.0.7 AArch64
10-19 02:08:52.486 4632 4761 I AdrenoGLES-0: Driver Path : /vendor/lib64/egl/libGLESv2_adreno.so
10-19 02:08:52.487 512 512 I hwservicemanager: getTransport: Cannot find entry android.hardware.graphics.mapper@4.0::IMapper/default in either framework or device VINTF manifest.
10-19 02:08:52.487 4769 4769 I tencent.mm:pus: Thread[1,tid=4769,Native,Thread*=0xb400007035bac7b0,peer=0x725281d0,"main"] recursive attempt to load library "/data/app/~~EABsENRS9Od99y84zNaHBQ==/com.tencent.mm-Wbigtif81K3If_-PZrwfsQ==/lib/arm64/libtrace-canary.so"
10-19 02:08:52.487 4769 4769 I tencent.mm:pus: Thread[1,tid=4769,Native,Thread*=0xb400007035bac7b0,peer=0x725281d0,"main"] recursive attempt to load library "/data/app/~~EABsENRS9Od99y84zNaHBQ==/com.tencent.mm-Wbigtif81K3If_-PZrwfsQ==/lib/arm64/libtrace-canary.so"
10-19 02:08:52.489 4632 4761 I AdrenoGLES-0: PFP: 0x016dd093, ME: 0x00000000
10-19 02:08:52.493 4632 4761 D libEGL : MSAA-->msaa:2 gamemode:0 4x_msaa:0
10-19 02:08:52.494 4632 4761 D libEGL : MSAA-->msaa:2 gamemode:0 4x_msaa:0
