01-01 08:00:08.223 0 0 E [ 5.238632] [drm: dp_display_init_aux_switch][msm-dp-err][18 ]failed to register notifier (-22)
01-01 08:00:08.223 0 0 W : [ 5.239252] subsys-pil-tz 9800000.qcom,npu: Falling back to syfs fallback for: npu.mdt
01-01 08:00:08.223 0 0 E [ 5.239397] register_client_adhoc: find path.src 1 dest 589
01-01 08:00:08.225 0 0 E [ 5.239500] register_client_adhoc: Failed to find path.src 1 dest 589
01-01 08:00:08.225 0 0 I [ 5.240312] msm_cvp: info: Opening cvp instance: 0000000000000000
01-01 08:00:08.225 0 0 I : [ 5.240354] msm_cvp_v4l2 ab00000.qcom,cvp: Linked as a consumer to regulator.77
01-01 08:00:08.225 0 0 I : [ 5.240368] msm_cvp_v4l2 ab00000.qcom,cvp: Linked as a consumer to regulator.76
01-01 08:00:08.225 0 0 I [ 5.240586] qcom_smd_qrtr_probe: Entered
01-01 08:00:08.225 0 0 I [ 5.240808] qcom_smd_qrtr_probe: SMD QRTR driver probed
01-01 08:00:08.225 0 0 E [ 5.241785] [drm: dp_display_init_aux_switch][msm-dp-err][18 ]failed to register notifier (-22)
01-01 08:00:08.225 0 0 I [ 5.241911] subsys-restart: __subsystem_get(): Changing subsys fw_name to cvpss
01-01 08:00:08.225 0 0 W : [ 5.241953] subsys-pil-tz abb0000.qcom,cvpss: Falling back to syfs fallback for: cvpss.mdt
01-01 08:00:08.226 0 0 I : [ 5.242084] subsys-pil-tz 9800000.qcom,npu: npu: loading from 0x0000000086900000 to 0x0000000086e00000
01-01 08:00:08.226 0 0 E [ 5.242437] register_client_adhoc: find path.src 1 dest 589
01-01 08:00:08.239 0 0 E [ 5.242525] register_client_adhoc: Failed to find path.src 1 dest 589
01-01 08:00:08.239 0 0 I : [ 5.243454] subsys-pil-tz abb0000.qcom,cvpss: cvpss: loading from 0x0000000087300000 to 0x0000000087800000
01-01 08:00:08.239 0 0 E [ 5.244986] [drm: dp_display_init_aux_switch][msm-dp-err][472 ]failed to register notifier (-22)
01-01 08:00:08.239 0 0 E [ 5.245486] register_client_adhoc: find path.src 1 dest 589
01-01 08:00:08.239 0 0 E [ 5.245588] register_client_adhoc: Failed to find path.src 1 dest 589
01-01 08:00:08.239 0 0 W : [ 5.245795] subsys-pil-tz 9800000.qcom,npu: Falling back to syfs fallback for: npu.b02
01-01 08:00:08.239 0 0 I [ 5.245946] adsprpc: fastrpc_rpmsg_probe: opened rpmsg channel for cdsp
01-01 08:00:08.239 0 0 W : [ 5.246012] subsys-pil-tz 9800000.qcom,npu: Falling back to syfs fallback for: npu.b03
01-01 08:00:08.239 0 0 W : [ 5.246062] subsys-pil-tz 9800000.qcom,npu: Falling back to syfs fallback for: npu.b04
01-01 08:00:08.239 0 0 W : [ 5.246074] subsys-pil-tz 9800000.qcom,npu: Falling back to syfs fallback for: npu.b05
01-01 08:00:08.239 0 0 W : [ 5.246093] subsys-pil-tz 9800000.qcom,npu: Falling back to syfs fallback for: npu.b06
01-01 08:00:08.239 0 0 W : [ 5.246177] subsys-pil-tz abb0000.qcom,cvpss: Falling back to syfs fallback for: cvpss.b02
01-01 08:00:08.239 0 0 W : [ 5.246177] subsys-pil-tz abb0000.qcom,cvpss: Falling back to syfs fallback for: cvpss.b03
01-01 08:00:08.239 0 0 W : [ 5.246216] subsys-pil-tz abb0000.qcom,cvpss: Falling back to syfs fallback for: cvpss.b04
01-01 08:00:08.239 0 0 W : [ 5.246238] subsys-pil-tz abb0000.qcom,cvpss: Falling back to syfs fallback for: cvpss.b05
01-01 08:00:08.239 0 0 W : [ 5.246250] subsys-pil-tz abb0000.qcom,cvpss: Falling back to syfs fallback for: cvpss.b06
01-01 08:00:08.239 0 0 W : [ 5.246279] subsys-pil-tz abb0000.qcom,cvpss: Falling back to syfs fallback for: cvpss.b07
01-01 08:00:08.239 0 0 W : [ 5.246315] subsys-pil-tz abb0000.qcom,cvpss: Falling back to syfs fallback for: cvpss.b08
01-01 08:00:08.239 0 0 W : [ 5.246333] subsys-pil-tz abb0000.qcom,cvpss: Falling back to syfs fallback for: cvpss.b09
01-01 08:00:08.239 0 0 W : [ 5.246358] subsys-pil-tz abb0000.qcom,cvpss: Falling back to syfs fallback for: cvpss.b10
01-01 08:00:08.239 0 0 E [ 5.246650] [drm: dp_display_init_aux_switch][msm-dp-err][472 ]failed to register notifier (-22)
01-01 08:00:08.239 0 0 W : [ 5.246755] subsys-pil-tz abb0000.qcom,cvpss: Falling back to syfs fallback for: cvpss.b19
01-01 08:00:08.239 0 0 E [ 5.247103] register_client_adhoc: find path.src 1 dest 589
01-01 08:00:08.239 0 0 E [ 5.247156] register_client_adhoc: Failed to find path.src 1 dest 589
01-01 08:00:08.239 0 0 E [ 5.247814] [drm: dp_display_init_aux_switch][msm-dp-err][18 ]failed to register notifier (-22)
01-01 08:00:08.239 0 0 E [ 5.248265] register_client_adhoc: find path.src 1 dest 589
01-01 08:00:08.250 0 0 E [ 5.248311] register_client_adhoc: Failed to find path.src 1 dest 589
01-01 08:00:08.250 0 0 I : [ 5.267233] subsys-pil-tz 9800000.qcom,npu: npu: Brought out of reset
01-01 08:00:08.252 0 0 E [ 5.268252] [drm: dp_display_init_aux_switch][msm-dp-err][62 ]failed to register notifier (-22)
01-01 08:00:08.252 0 0 E [ 5.268475] register_client_adhoc: find path.src 1 dest 589
01-01 08:00:08.259 0 0 E [ 5.268517] register_client_adhoc: Failed to find path.src 1 dest 589
01-01 08:00:08.259 0 0 I : [ 5.273700] subsys-pil-tz abb0000.qcom,cvpss: cvpss: Brought out of reset
01-01 08:00:08.273 0 0 I [ 5.289774] msm_cvp: err: Failed to create debugfs for msm_cvp
01-01 08:00:08.273 0 0 I [ 5.289796] msm_cvp: info: Closed cvp instance: 0000000000000000 session_id = 0
01-01 08:00:08.273 0 0 I [ 5.289799] NPU_INFO: npu_get_fw_caps: 236 fw caps 0:2007
01-01 08:00:08.273 0 0 W [ 5.289802] NPU_WARN: host_session_msg_hdlr: 1904 handle npu session msg when FW is disabled
01-01 08:00:08.273 0 0 I [ 5.289804] NPU_INFO: npu_get_fw_caps: 236 fw caps 1:80000005
01-01 08:00:08.273 0 0 I [ 5.289806] NPU_INFO: npu_get_fw_caps: 236 fw caps 2:0
01-01 08:00:08.273 0 0 I [ 5.289807] NPU_INFO: npu_get_fw_caps: 236 fw caps 3:0
01-01 08:00:08.273 0 0 I [ 5.289809] NPU_INFO: npu_get_fw_caps: 236 fw caps 4:0
01-01 08:00:08.273 0 0 I [ 5.289811] NPU_INFO: npu_get_fw_caps: 236 fw caps 5:0
01-01 08:00:08.273 0 0 I [ 5.289812] NPU_INFO: npu_get_fw_caps: 236 fw caps 6:0
01-01 08:00:08.273 0 0 I [ 5.289814] NPU_INFO: npu_get_fw_caps: 236 fw caps 7:0
01-01 08:00:08.276 0 0 I [ 5.292705] qcom_smd_qrtr_probe: Entered
01-01 08:00:08.283 0 0 I [ 5.296106] qcom_smd_qrtr_probe: SMD QRTR driver probed
01-01 08:00:08.283 0 0 E [ 5.296853] [drm: dp_display_init_aux_switch][msm-dp-err][18 ]failed to register notifier (-22)
01-01 08:00:08.283 0 0 E [ 5.297433] register_client_adhoc: find path.src 1 dest 589
01-01 08:00:08.294 671 671 I boot_progress_start: 5311
01-01 08:00:08.387 0 0 E [ 5.297536] register_client_adhoc: Failed to find path.src 1 dest 589
01-01 08:00:08.387 0 0 I [ 5.403315] subsys-restart: __subsystem_get(): Changing subsys fw_name to slpi
01-01 08:00:08.387 0 0 W : [ 5.403452] subsys-pil-tz 5c00000.qcom,ssc: Falling back to syfs fallback for: slpi.mdt
01-01 08:00:08.391 0 0 I : [ 5.405899] subsys-pil-tz 5c00000.qcom,ssc: slpi: loading from 0x0000000088c00000 to 0x000000008a100000
01-01 08:00:08.392 0 0 W : [ 5.408499] subsys-pil-tz 5c00000.qcom,ssc: Falling back to syfs fallback for: slpi.b02
01-01 08:00:08.392 0 0 W : [ 5.408505] subsys-pil-tz 5c00000.qcom,ssc: Falling back to syfs fallback for: slpi.b03
01-01 08:00:08.392 0 0 W : [ 5.408525] subsys-pil-tz 5c00000.qcom,ssc: Falling back to syfs fallback for: slpi.b04
01-01 08:00:08.392 0 0 W : [ 5.408578] subsys-pil-tz 5c00000.qcom,ssc: Falling back to syfs fallback for: slpi.b05
01-01 08:00:08.392 0 0 W : [ 5.408607] subsys-pil-tz 5c00000.qcom,ssc: Falling back to syfs fallback for: slpi.b06
01-01 08:00:08.392 0 0 W : [ 5.408619] subsys-pil-tz 5c00000.qcom,ssc: Falling back to syfs fallback for: slpi.b07
01-01 08:00:08.392 0 0 W : [ 5.408636] subsys-pil-tz 5c00000.qcom,ssc: Falling back to syfs fallback for: slpi.b08
01-01 08:00:08.392 0 0 W : [ 5.408659] subsys-pil-tz 5c00000.qcom,ssc: Falling back to syfs fallback for: slpi.b09
01-01 08:00:08.392 0 0 W : [ 5.408675] subsys-pil-tz 5c00000.qcom,ssc: Falling back to syfs fallback for: slpi.b10
01-01 08:00:08.392 0 0 W : [ 5.408704] subsys-pil-tz 5c00000.qcom,ssc: Falling back to syfs fallback for: slpi.b11
01-01 08:00:08.392 0 0 W : [ 5.408775] subsys-pil-tz 5c00000.qcom,ssc: Falling back to syfs fallback for: slpi.b12
01-01 08:00:08.392 0 0 W : [ 5.408791] subsys-pil-tz 5c00000.qcom,ssc: Falling back to syfs fallback for: slpi.b13
01-01 08:00:08.392 0 0 W : [ 5.408826] subsys-pil-tz 5c00000.qcom,ssc: Falling back to syfs fallback for: slpi.b14
01-01 08:00:08.392 0 0 W : [ 5.408860] subsys-pil-tz 5c00000.qcom,ssc: Falling back to syfs fallback for: slpi.b15
01-01 08:00:08.392 0 0 W : [ 5.408872] subsys-pil-tz 5c00000.qcom,ssc: Falling back to syfs fallback for: slpi.b16
01-01 08:00:08.394 0 0 W : [ 5.409749] subsys-pil-tz 5c00000.qcom,ssc: Falling back to syfs fallback for: slpi.b17
01-01 08:00:08.394 0 0 W : [ 5.409890] subsys-pil-tz 5c00000.qcom,ssc: Falling back to syfs fallback for: slpi.b18
01-01 08:00:08.394 0 0 W : [ 5.410015] subsys-pil-tz 5c00000.qcom,ssc: Falling back to syfs fallback for: slpi.b19
01-01 08:00:08.394 0 0 W : [ 5.410138] subsys-pil-tz 5c00000.qcom,ssc: Falling back to syfs fallback for: slpi.b20
01-01 08:00:08.414 0 0 I [ 5.429439] binder: 796:796 ioctl 40046210 7ff9e701f4 returned -22
01-01 08:00:08.442 0 0 I [ 5.458790] binder: 798:798 ioctl 40046210 7ffd9ed344 returned -22
01-01 08:00:08.442 0 0 I [ 5.458833] binder: 798:798 ioctl 40046210 7ffd9ed324 returned -22
01-01 08:00:08.454 0 0 I [ 5.470418] binder: 818:818 ioctl 40046210 7ffbfb6a14 returned -22
01-01 08:00:08.463 0 0 I [ 5.477157] binder: 812:812 ioctl 40046210 7ff41a43e4 returned -22
01-01 08:00:08.536 825 825 I android.hardware.wifi@1.0-service: Wifi Hal is booting up...
01-01 08:00:08.541 825 825 I HidlServiceManagement: Registered android.hardware.wifi@1.4::IWifi/default (start delay of 108ms)
01-01 08:00:08.545 0 0 I [ 5.560977] binder: 850:850 ioctl 40046210 7fcc6e3764 returned -22
01-01 08:00:08.559 879 879 I irsc_util: Starting irsc tool
01-01 08:00:08.574 0 0 I [ 5.591028] sysmon-qmi: ssctl_new_server: Connection established between QMI handle and cdsp's SSCTL service
01-01 08:00:08.583 0 0 I [ 5.591403] sysmon-qmi: ssctl_new_server: Connection established between QMI handle and slpi's SSCTL service
01-01 08:00:08.583 0 0 E [ 5.594205] diag: In diag_send_feature_mask_update, control channel is not open, p: 5, 0000000000000000
01-01 08:00:08.583 0 0 E [ 5.596477] diag: In diag_send_feature_mask_update, control channel is not open, p: 1, 0000000000000000
01-01 08:00:08.583 0 0 I [ 5.596503] sysmon-qmi: ssctl_new_server: Connection established between QMI handle and adsp's SSCTL service
01-01 08:00:08.583 0 0 E [ 5.597372] diag: In diag_send_peripheral_buffering_mode, buffering flag not set for 5
01-01 08:00:08.583 0 0 E [ 5.598155] diag: In diag_send_peripheral_buffering_mode, buffering flag not set for 1
01-01 08:00:08.583 0 0 E [ 5.598931] diag: In diag_send_peripheral_buffering_mode, buffering flag not set for 6
01-01 08:00:08.576 879 879 I irsc_util: Num of entries:298
01-01 08:00:08.576 879 879 I irsc_util: Ending irsc tool
01-01 08:00:08.605 0 0 I [ 5.621310] servloc: init_service_locator: Service locator initialized
01-01 08:00:08.605 0 0 I [ 5.621402] servloc: service_locator_new_server: Connection established with the Service locator
01-01 08:00:08.605 0 0 I [ 5.621905] adsprpc: fastrpc_get_service_location_notify: PDR notifier for adsp registered for msm/adsp/audio_pd (audio_pdr_adsprpc)
01-01 08:00:08.605 0 0 I [ 5.621913] adsprpc: fastrpc_get_service_location_notify: audio_pdr_adsprpc (msm/adsp/audio_pd) PDR service for adsp is uninitialized
01-01 08:00:08.607 0 0 I [ 5.622607] service-notifier: service_notifier_new_server: Connection established between QMI handle and 74 service
01-01 08:00:08.607 0 0 I [ 5.623277] audio_notifer_reg_service: service PDR_ADSP is in use
01-01 08:00:08.609 0 0 E [ 5.624802] rmt_storage: ERR:main: Mmap Failed for rmts (-1)...pausing execution!
01-01 08:00:08.609 0 0 I [ 5.625638] adsprpc: fastrpc_pdr_notifier_cb: msm/adsp/audio_pd (audio_pdr_adsprpc) is up on adsp
01-01 08:00:08.609 0 0 I [ 5.625646] apr_adsp_up: Q6 is Up
01-01 08:00:08.613 0 0 I [ 5.629874] binder: 886:886 ioctl 40046210 7ff812b6c4 returned -22
01-01 08:00:08.606 481 481 I auditd : type=1400 audit(0.0:15): avc: denied { create } for comm="init" name="drm" scontext=u:r:vendor_init:s0 tcontext=u:object_r:mnt_product_file:s0 tclass=dir permissive=0
01-01 08:00:08.606 481 481 I auditd : type=1400 audit(0.0:16): avc: denied { create } for comm="init" name="bluetooth" scontext=u:r:vendor_init:s0 tcontext=u:object_r:mnt_product_file:s0 tclass=dir permissive=0
01-01 08:00:08.606 481 481 I auditd : type=1400 audit(0.0:17): avc: denied { create } for comm="init" name="misc" scontext=u:r:vendor_init:s0 tcontext=u:object_r:mnt_product_file:s0 tclass=dir permissive=0
01-01 08:00:08.610 481 481 I auditd : type=1400 audit(0.0:18): avc: denied { create } for comm="init" name="alarm" scontext=u:r:vendor_init:s0 tcontext=u:object_r:mnt_product_file:s0 tclass=dir permissive=0
01-01 08:00:08.619 0 0 I : [ 5.635347] msm-audio-ion soc:qcom,msm-audio-apr:qcom,msm-audio-ion: Linked as a consumer to 15000000.apps-smmu
01-01 08:00:08.623 0 0 I [ 5.636963] iommu: Adding device soc:qcom,msm-audio-apr:qcom,msm-audio-ion to group 50
01-01 08:00:08.623 0 0 I [ 5.639930] sps: BAM 0x0000000003a84000 (va:0x0000000000000000) enabled: ver:0x19, number of pipes:25
01-01 08:00:08.627 0 0 I [ 5.639937] sps: BAM 0x0000000003a84000 is registered.
01-01 08:00:08.627 0 0 E [ 5.641017] [drm: dp_display_init_aux_switch][msm-dp-err][78 ]failed to register notifier (-22)
01-01 08:00:08.627 0 0 E [ 5.641469] register_client_adhoc: find path.src 1 dest 589
01-01 08:00:08.627 0 0 E [ 5.641522] register_client_adhoc: Failed to find path.src 1 dest 589
01-01 08:00:08.627 0 0 E [ 5.641885] [drm: dp_display_init_aux_switch][msm-dp-err][78 ]failed to register notifier (-22)
01-01 08:00:08.636 0 0 I : [ 5.652930] Mass Storage Function, version: 2009/09/11
01-01 08:00:08.636 0 0 I [ 5.652934] LUN: removable file: (no medium)
01-01 08:00:08.646 0 0 I : [ 5.661689] file system registered
01-01 08:00:08.647 0 0 I [ 5.663583] f_cdev_alloc: port_name:at_usb0 (0000000000000000) portno:(0)
01-01 08:00:08.651 0 0 I [ 5.664783] f_cdev_alloc: port_name:at_usb1 (0000000000000000) portno:(1)
01-01 08:00:08.651 0 0 I [ 5.665265] f_cdev_alloc: port_name:at_usb2 (0000000000000000) portno:(2)
01-01 08:00:08.665 0 0 I : [ 5.681480] subsys-pil-tz 5c00000.qcom,ssc: slpi: Brought out of reset
01-01 08:00:08.667 0 0 E : [ 5.682140] scm_call failed: func id 0x72000103, ret: -12, syscall returns: 0x0, 0x0, 0x0
01-01 08:00:08.683 0 0 I [ 5.698770] binder: 888:888 ioctl 40046210 7fd821f7e4 returned -22
01-01 08:00:08.694 671 671 I snet_event_log: [200284993,-1,]
01-01 08:00:08.694 672 672 I snet_event_log: [200284993,-1,]
01-01 08:00:08.708 0 0 W [ 5.725200] QSEECOM: qseecom_load_app: App (soter64) does'nt exist, loading apps for first time
01-01 08:00:08.719 0 0 W [ 5.735694] QSEECOM: qseecom_load_app: App with id 4 (soter64) now loaded
01-01 08:00:08.722 0 0 I : [ 5.737824] subsys-pil-tz 5c00000.qcom,ssc: Subsystem error monitoring/handling services are up
01-01 08:00:08.722 0 0 I : [ 5.737832] subsys-pil-tz 5c00000.qcom,ssc: slpi: Power/Clock ready interrupt received
01-01 08:00:08.722 0 0 I : [ 5.737860] qcom_rpmh DRV:apps_rsc TCS Busy, retrying RPMH message send: addr=0x30030
01-01 08:00:08.722 0 0 I : [ 5.737884] qcom_rpmh DRV:apps_rsc TCS Busy, retrying RPMH message send: addr=0x30040
01-01 08:00:08.727 0 0 W : [ 5.741562] kona-asoc-snd soc:qcom,msm-audio-apr:qcom,q6core-audio:sound: msm_init_aux_dev: Max WSA devices is 0 for this target?
01-01 08:00:08.727 0 0 E : [ 5.741811] kona-asoc-snd soc:qcom,msm-audio-apr:qcom,q6core-audio:sound: ASoC: CODEC DAI wsa_macro_vifeedback not registered
01-01 08:00:08.727 0 0 E : [ 5.741992] qcom-lpi-pinctrl soc:qcom,msm-audio-apr:qcom,q6core-audio:lpi_pinctrl@33c0000: snd_event_notify: No snd dev entry found
01-01 08:00:08.727 0 0 I : [ 5.743017] platform soc:qcom,msm-audio-apr:qcom,voice-mhi-audio: assigned reserved memory node mailbox_region
01-01 08:00:08.727 0 0 E [ 5.743197] register_client_adhoc: find path.src 1 dest 589
01-01 08:00:08.727 0 0 E [ 5.743242] register_client_adhoc: Failed to find path.src 1 dest 589
01-01 08:00:08.727 0 0 W : [ 5.743426] bolero-clk-rsc-mngr bolero-clk-rsc-mngr: DMA mask not set
01-01 08:00:08.727 0 0 W : [ 5.743539] tx_macro tx-macro: DMA mask not set
01-01 08:00:08.727 0 0 E : [ 5.743546] tx_macro tx-macro: tx_macro_probe: va-macro not registered yet, defer
01-01 08:00:08.727 0 0 W : [ 5.743616] rx_macro rx-macro: DMA mask not set
01-01 08:00:08.727 0 0 E : [ 5.743620] rx_macro rx-macro: rx_macro_probe: va-macro not registered yet, defer
01-01 08:00:08.727 0 0 W : [ 5.743685] wsa_macro wsa-macro: DMA mask not set
01-01 08:00:08.727 0 0 E : [ 5.743689] wsa_macro wsa-macro: wsa_macro_probe: va-macro not registered yet, defer
01-01 08:00:08.727 0 0 W : [ 5.743749] va_macro va-macro: DMA mask not set
01-01 08:00:08.727 0 0 E [ 5.743755] msm_cdc_pinctrl_get_gpiodata: device node is null
01-01 08:00:08.727 0 0 I : [ 5.743773] va_macro va-macro: Linked as a consumer to regulator.7
01-01 08:00:08.727 0 0 I : [ 5.743775] va_macro va-macro: bolero_register_macro: register macro successful:3
01-01 08:00:08.730 0 0 I [ 5.746511] adsprpc: fastrpc_restart_notifier_cb: slpi subsystem is up
01-01 08:00:08.731 0 0 I [ 5.747289] adsprpc: fastrpc_rpmsg_probe: opened rpmsg channel for slpi
01-01 08:00:08.733 0 0 I [ 5.748691] qcom_smd_qrtr_probe: Entered
01-01 08:00:08.737 0 0 E [ 5.752514] [drm: dp_display_init_aux_switch][msm-dp-err][54 ]failed to register notifier (-22)
01-01 08:00:08.737 0 0 W : [ 5.753045] kona-asoc-snd soc:qcom,msm-audio-apr:qcom,q6core-audio:sound: msm_init_aux_dev: Max WSA devices is 0 for this target?
01-01 08:00:08.737 0 0 E : [ 5.753279] kona-asoc-snd soc:qcom,msm-audio-apr:qcom,q6core-audio:sound: ASoC: CODEC DAI wsa_macro_vifeedback not registered
01-01 08:00:08.737 0 0 E [ 5.753360] register_client_adhoc: find path.src 1 dest 589
01-01 08:00:08.737 0 0 E [ 5.753407] register_client_adhoc: Failed to find path.src 1 dest 589
01-01 08:00:08.737 0 0 I : [ 5.753631] tx_macro tx-macro: bolero_register_macro: register macro successful:0
01-01 08:00:08.739 0 0 I : [ 5.753843] rx_macro rx-macro: bolero_register_macro: register macro successful:1
01-01 08:00:08.739 0 0 I : [ 5.753961] wsa_macro wsa-macro: bolero_register_macro: register macro successful:2
01-01 08:00:08.739 0 0 E [ 5.754244] [drm: dp_display_init_aux_switch][msm-dp-err][54 ]failed to register notifier (-22)
01-01 08:00:08.739 0 0 W : [ 5.754694] kona-asoc-snd soc:qcom,msm-audio-apr:qcom,q6core-audio:sound: msm_init_aux_dev: Max WSA devices is 0 for this target?
01-01 08:00:08.739 0 0 I [ 5.754909] qcom_smd_qrtr_probe: SMD QRTR driver probed
01-01 08:00:08.740 0 0 W : [ 5.757044] swr-wcd tx_swr_ctrl: DMA mask not set
01-01 08:00:08.740 0 0 W : [ 5.757126] swr-wcd rx_swr_ctrl: DMA mask not set
01-01 08:00:08.740 0 0 W : [ 5.757184] swr-wcd wsa_swr_ctrl: DMA mask not set
01-01 08:00:08.748 0 0 I [ 5.760264] msm_vidc: high: 00000001: ....d: Opening video instance: 0000000000000000, 1
01-01 08:00:08.752 0 0 I : [ 5.760323] msm_vidc_v4l2 aa00000.qcom,vidc: Linked as a consumer to regulator.75
01-01 08:00:08.752 0 0 I : [ 5.760335] msm_vidc_v4l2 aa00000.qcom,vidc: Linked as a consumer to regulator.74
01-01 08:00:08.752 0 0 I [ 5.763289] subsys-restart: __subsystem_get(): Changing subsys fw_name to venus
01-01 08:00:08.752 0 0 W : [ 5.763969] subsys-pil-tz aab0000.qcom,venus: Falling back to syfs fallback for: venus.mdt
01-01 08:00:08.752 0 0 I [ 5.764777] sysmon-qmi: ssctl_new_server: Connection established between QMI handle and slpi's SSCTL service
01-01 08:00:08.752 0 0 E : [ 5.768301] msm-pcm-routing soc:qcom,msm-pcm-routing: ASoC: no source widget found for AUDIO_REF_EC_UL30 MUX
01-01 08:00:08.752 0 0 E : [ 5.768331] msm-pcm-routing soc:qcom,msm-pcm-routing: ASoC: Failed to add route AUDIO_REF_EC_UL30 MUX -> direct -> MM_UL30
01-01 08:00:08.754 0 0 E [ 5.770213] diag: In diag_send_feature_mask_update, control channel is not open, p: 3, 0000000000000000
01-01 08:00:08.754 0 0 E : [ 5.770362] msm-pcm-routing soc:qcom,msm-pcm-routing: ASoC: no source widget found for AUX_PCM_TX
01-01 08:00:08.754 0 0 E : [ 5.770366] msm-pcm-routing soc:qcom,msm-pcm-routing: ASoC: Failed to add route AUX_PCM_TX -> AUX_PCM_UL_TX -> VoLTE Stub Tx Mixer
01-01 08:00:08.755 0 0 E [ 5.771158] diag: In diag_send_peripheral_buffering_mode, buffering flag not set for 3
01-01 08:00:08.755 0 0 E : [ 5.771234] msm-pcm-routing soc:qcom,msm-pcm-routing: ASoC: no source widget found for AUX_PCM_RX
01-01 08:00:08.755 0 0 E : [ 5.771237] msm-pcm-routing soc:qcom,msm-pcm-routing: ASoC: Failed to add route AUX_PCM_RX -> direct -> BE_OUT
01-01 08:00:08.757 0 0 W : [ 5.772197] msm-pcm-routing soc:qcom,msm-pcm-routing: ASoC: no dapm match for MM_DL23 --> MultiMedia23 --> QUIN_TDM_RX_1 Audio Mixer
01-01 08:00:08.757 0 0 E : [ 5.772199] msm-pcm-routing soc:qcom,msm-pcm-routing: ASoC: Failed to add route MM_DL23 -> MultiMedia23 -> QUIN_TDM_RX_1 Audio Mixer
01-01 08:00:08.757 0 0 W : [ 5.772202] msm-pcm-routing soc:qcom,msm-pcm-routing: ASoC: no dapm match for MM_DL24 --> MultiMedia24 --> QUIN_TDM_RX_1 Audio Mixer
01-01 08:00:08.757 0 0 E : [ 5.772203] msm-pcm-routing soc:qcom,msm-pcm-routing: ASoC: Failed to add route MM_DL24 -> MultiMedia24 -> QUIN_TDM_RX_1 Audio Mixer
01-01 08:00:08.757 0 0 W : [ 5.772205] msm-pcm-routing soc:qcom,msm-pcm-routing: ASoC: no dapm match for MM_DL25 --> MultiMedia25 --> QUIN_TDM_RX_1 Audio Mixer
01-01 08:00:08.757 0 0 E : [ 5.772206] msm-pcm-routing soc:qcom,msm-pcm-routing: ASoC: Failed to add route MM_DL25 -> MultiMedia25 -> QUIN_TDM_RX_1 Audio Mixer
01-01 08:00:08.758 671 671 D Build : ro.build.display.id=01.00.X106_20231019_private_user
01-01 08:00:08.762 672 672 D Build : ro.build.display.id=01.00.X106_20231019_private_user
01-01 08:00:08.764 671 671 I boot_progress_preload_start: 5781
01-01 08:00:08.769 0 0 E : [ 5.785419] msm-pcm-routing soc:qcom,msm-pcm-routing: ASoC: no source widget found for AUX_PCM_TX
01-01 08:00:08.769 0 0 E : [ 5.785427] msm-pcm-routing soc:qcom,msm-pcm-routing: ASoC: Failed to add route AUX_PCM_TX -> AUX_PCM_UL_TX -> SLIMBUS_0_RX Port Mixer
01-01 08:00:08.769 0 0 E : [ 5.785446] msm-pcm-routing soc:qcom,msm-pcm-routing: ASoC: no source widget found for SEC_AUX_PCM_TX
01-01 08:00:08.769 0 0 E : [ 5.785448] msm-pcm-routing soc:qcom,msm-pcm-routing: ASoC: Failed to add route SEC_AUX_PCM_TX -> SEC_AUX_PCM_UL_TX -> SLIMBUS_0_RX Port Mixer
01-01 08:00:08.769 0 0 E : [ 5.785467] msm-pcm-routing soc:qcom,msm-pcm-routing: ASoC: no source widget found for TERT_AUX_PCM_TX
01-01 08:00:08.769 0 0 E : [ 5.785469] msm-pcm-routing soc:qcom,msm-pcm-routing: ASoC: Failed to add route TERT_AUX_PCM_TX -> TERT_AUXPCM_UL_TX -> SLIMBUS_0_RX Port Mixer
01-01 08:00:08.769 0 0 E : [ 5.785487] msm-pcm-routing soc:qcom,msm-pcm-routing: ASoC: no source widget found for QUAT_AUX_PCM_TX
01-01 08:00:08.769 0 0 E : [ 5.785489] msm-pcm-routing soc:qcom,msm-pcm-routing: ASoC: Failed to add route QUAT_AUX_PCM_TX -> QUAT_AUXPCM_UL_TX -> SLIMBUS_0_RX Port Mixer
01-01 08:00:08.769 0 0 E : [ 5.785508] msm-pcm-routing soc:qcom,msm-pcm-routing: ASoC: no source widget found for QUIN_AUX_PCM_TX
01-01 08:00:08.769 0 0 E : [ 5.785511] msm-pcm-routing soc:qcom,msm-pcm-routing: ASoC: Failed to add route QUIN_AUX_PCM_TX -> QUIN_AUXPCM_UL_TX -> SLIMBUS_0_RX Port Mixer
01-01 08:00:08.769 0 0 E : [ 5.785532] msm-pcm-routing soc:qcom,msm-pcm-routing: ASoC: no source widget found for SEN_AUX_PCM_TX
01-01 08:00:08.769 0 0 E : [ 5.785535] msm-pcm-routing soc:qcom,msm-pcm-routing: ASoC: Failed to add route SEN_AUX_PCM_TX -> SEN_AUXPCM_UL_TX -> SLIMBUS_0_RX Port Mixer
01-01 08:00:08.769 0 0 I [ 5.785778] binder: 893:893 ioctl 40046210 7fd94f04d4 returned -22
01-01 08:00:08.780 0 0 I [ 5.796497] binder: 893:893 ioctl 40046210 7fd94f1f04 returned -22
01-01 08:00:08.787 511 511 I auditd : avc: denied { find } for pid=893 uid=1000 name=vendor.qti.hardware.display.config.IDisplayConfig/default scontext=u:r:surfaceflinger:s0 tcontext=u:object_r:default_android_service:s0 tclass=service_manager permissive=0
01-01 08:00:08.792 0 0 I : [ 5.808199] subsys-pil-tz aab0000.qcom,venus: venus: loading from 0x0000000086e00000 to 0x0000000087300000
01-01 08:00:08.793 511 511 I auditd : avc: denied { find } for pid=893 uid=1000 name=vendor.qti.hardware.display.config.IDisplayConfig/default scontext=u:r:surfaceflinger:s0 tcontext=u:object_r:default_android_service:s0 tclass=service_manager permissive=0
01-01 08:00:08.795 0 0 W : [ 5.812102] subsys-pil-tz aab0000.qcom,venus: Falling back to syfs fallback for: venus.b02
01-01 08:00:08.795 0 0 W : [ 5.812109] subsys-pil-tz aab0000.qcom,venus: Falling back to syfs fallback for: venus.b03
01-01 08:00:08.795 0 0 W : [ 5.812243] subsys-pil-tz aab0000.qcom,venus: Falling back to syfs fallback for: venus.b04
01-01 08:00:08.795 0 0 W : [ 5.812336] subsys-pil-tz aab0000.qcom,venus: Falling back to syfs fallback for: venus.b05
01-01 08:00:08.795 0 0 W : [ 5.812346] subsys-pil-tz aab0000.qcom,venus: Falling back to syfs fallback for: venus.b06
01-01 08:00:08.795 0 0 W : [ 5.812388] subsys-pil-tz aab0000.qcom,venus: Falling back to syfs fallback for: venus.b07
01-01 08:00:08.795 0 0 W : [ 5.812442] subsys-pil-tz aab0000.qcom,venus: Falling back to syfs fallback for: venus.b08
01-01 08:00:08.795 0 0 W : [ 5.812472] subsys-pil-tz aab0000.qcom,venus: Falling back to syfs fallback for: venus.b09
01-01 08:00:08.796 0 0 W : [ 5.812532] subsys-pil-tz aab0000.qcom,venus: Falling back to syfs fallback for: venus.b10
01-01 08:00:08.796 0 0 W : [ 5.812793] subsys-pil-tz aab0000.qcom,venus: Falling back to syfs fallback for: venus.b19
01-01 08:00:08.799 0 0 I [ 5.815935] binder: 884:884 ioctl 40046210 7ff7e21b44 returned -22
01-01 08:00:08.799 0 0 I [ 5.815976] binder: 884:884 ioctl 40046210 7ff7e21b64 returned -22
01-01 08:00:08.807 0 0 D [ 5.823797] cnss: MHI status cb is called with reason MISSION_MODE(6)
01-01 08:00:08.807 0 0 D [ 5.823812] cnss: Notify MHI to use already allocated images
01-01 08:00:08.807 0 0 D [ 5.823817] cnss: PM relax, state: 0x8, count: 0
01-01 08:00:08.834 0 0 I : [ 5.851245] subsys-pil-tz aab0000.qcom,venus: venus: Brought out of reset
01-01 08:00:08.852 0 0 I [ 5.868091] msm_vidc: err : 00000001: ....d: Failed to create debugfs for msm_vidc
01-01 08:00:08.858 0 0 I [ 5.873566] msm_vidc: high: 00000001: h264d: Closed video instance: 0000000000000000
01-01 08:00:08.858 0 0 I [ 5.873937] msm_vidc: high: 00000001: ....d: Opening video instance: 0000000000000000, 1
01-01 08:00:08.858 0 0 I [ 5.873961] msm_vidc: err : 00000001: ....d: Failed to create debugfs for msm_vidc
01-01 08:00:08.861 0 0 I [ 5.876623] msm_vidc: high: 00000001: h264d: Closed video instance: 0000000000000000
01-01 08:00:08.861 0 0 I [ 5.877157] msm_vidc: high: 00000001: ....d: Opening video instance: 0000000000000000, 1
01-01 08:00:08.861 0 0 I [ 5.877183] msm_vidc: err : 00000001: ....d: Failed to create debugfs for msm_vidc
01-01 08:00:08.864 0 0 I [ 5.880444] msm_vidc: high: 00000001: h265d: Closed video instance: 0000000000000000
01-01 08:00:08.865 0 0 I [ 5.881556] msm_vidc: high: 00000001: ....d: Opening video instance: 0000000000000000, 1
01-01 08:00:08.865 0 0 I [ 5.881582] msm_vidc: err : 00000001: ....d: Failed to create debugfs for msm_vidc
01-01 08:00:08.866 0 0 W : [ 5.882535] kgsl kgsl-3d0: Falling back to syfs fallback for: a650_sqe.fw
01-01 08:00:08.869 0 0 I [ 5.884648] msm_vidc: high: 00000001: h265d: Closed video instance: 0000000000000000
01-01 08:00:08.869 0 0 I [ 5.885490] msm_vidc: high: 00000001: ....d: Opening video instance: 0000000000000000, 1
01-01 08:00:08.869 0 0 I [ 5.885517] msm_vidc: err : 00000001: ....d: Failed to create debugfs for msm_vidc
01-01 08:00:08.869 0 0 W : [ 5.885899] kgsl kgsl-3d0: Falling back to syfs fallback for: a650_gmu.bin
01-01 08:00:08.875 0 0 I [ 5.891757] msm_vidc: high: 00000001: vp8d: Closed video instance: 0000000000000000
01-01 08:00:08.879 0 0 I [ 5.892803] msm_vidc: high: 00000001: ....d: Opening video instance: 0000000000000000, 1
01-01 08:00:08.879 0 0 I [ 5.892829] msm_vidc: err : 00000001: ....d: Failed to create debugfs for msm_vidc
01-01 08:00:08.879 0 0 I [ 5.895054] msm_vidc: high: 00000001: vp9d: Closed video instance: 0000000000000000
01-01 08:00:08.881 0 0 I [ 5.896243] msm_vidc: high: 00000001: ....d: Opening video instance: 0000000000000000, 1
01-01 08:00:08.881 0 0 I [ 5.896266] msm_vidc: err : 00000001: ....d: Failed to create debugfs for msm_vidc
01-01 08:00:08.883 0 0 I [ 5.898160] msm_vidc: high: 00000001: vp9d: Closed video instance: 0000000000000000
01-01 08:00:08.883 0 0 I [ 5.899350] msm_vidc: high: 00000001: ....d: Opening video instance: 0000000000000000, 1
01-01 08:00:08.883 0 0 I [ 5.899376] msm_vidc: err : 00000001: ....d: Failed to create debugfs for msm_vidc
01-01 08:00:08.887 0 0 I [ 5.902634] msm_vidc: high: 00000001: mpg2d: Closed video instance: 0000000000000000
01-01 08:00:08.887 0 0 D [ 5.902852] cnss: WLFW server arriving: node 7 port 1
01-01 08:00:08.887 0 0 D [ 5.902856] cnss: Posting event: SERVER_ARRIVE(0), state: 0x8 flags: 0x0
01-01 08:00:08.887 0 0 D [ 5.902858] cnss: PM stay awake, state: 0x8, count: 1
01-01 08:00:08.887 0 0 D [ 5.902884] cnss: Processing driver event: SERVER_ARRIVE(0), state: 0x8
01-01 08:00:08.887 0 0 I [ 5.902891] cnss: QMI WLFW service connected, state: 0x9
01-01 08:00:08.887 0 0 D [ 5.902895] cnss: Sending indication register message, state: 0x9
01-01 08:00:08.887 0 0 I [ 5.904077] msm_vidc: high: 00000001: ....d: Opening video instance: 0000000000000000, 1
01-01 08:00:08.887 0 0 I [ 5.904100] msm_vidc: err : 00000001: ....d: Failed to create debugfs for msm_vidc
01-01 08:00:08.889 0 0 D [ 5.905414] cnss: Sending host capability message, state: 0x9
01-01 08:00:08.889 0 0 D [ 5.905417] cnss: Number of clients is 2
01-01 08:00:08.889 0 0 D [ 5.905421] cnss: Assign MSI to user: WAKE, num_vectors: 1, user_base_data: 813, base_vector: 13
01-01 08:00:08.889 0 0 D [ 5.905423] cnss: WAKE MSI base data is 813
01-01 08:00:08.889 0 0 D [ 5.905425] cnss: Calibration done is 0
01-01 08:00:08.889 0 0 D [ 5.905427] cnss: Sending iova starting 0xa0000000 with size 0x10010000
01-01 08:00:08.891 0 0 I [ 5.906711] msm_vidc: high: 00000001: mpg2d: Closed video instance: 0000000000000000
01-01 08:00:08.891 0 0 D [ 5.908047] cnss: PM relax, state: 0x9, count: 0
01-01 08:00:08.892 0 0 I [ 5.908276] msm_vidc: high: 00000001: ....e: Opening video instance: 0000000000000000, 0
01-01 08:00:08.892 0 0 I [ 5.908327] msm_vidc: err : 00000001: ....e: Failed to create debugfs for msm_vidc
01-01 08:00:08.895 0 0 I [ 5.910161] msm_vidc: high: 00000001: h264e: Closed video instance: 0000000000000000
01-01 08:00:08.895 0 0 I [ 5.911937] msm_vidc: high: 00000001: ....e: Opening video instance: 0000000000000000, 0
01-01 08:00:08.895 0 0 I [ 5.911981] msm_vidc: err : 00000001: ....e: Failed to create debugfs for msm_vidc
01-01 08:00:08.899 0 0 I [ 5.913882] msm_vidc: high: 00000001: h265e: Closed video instance: 0000000000000000
01-01 08:00:08.903 0 0 I [ 5.919697] msm_vidc: high: 00000001: ....e: Opening video instance: 0000000000000000, 0
01-01 08:00:08.903 0 0 I [ 5.919830] msm_vidc: err : 00000001: ....e: Failed to create debugfs for msm_vidc
01-01 08:00:08.906 0 0 I [ 5.922566] msm_vidc: high: 00000001: h265e: Closed video instance: 0000000000000000
01-01 08:00:08.911 0 0 I [ 5.927767] msm_vidc: high: 00000001: ....e: Opening video instance: 0000000000000000, 0
01-01 08:00:08.911 0 0 I [ 5.927968] msm_vidc: err : 00000001: ....e: Failed to create debugfs for msm_vidc
01-01 08:00:08.916 0 0 I [ 5.932691] msm_vidc: high: 00000001: h265e: Closed video instance: 0000000000000000
01-01 08:00:08.924 0 0 I [ 5.939623] msm_vidc: high: 00000001: ....e: Opening video instance: 0000000000000000, 0
01-01 08:00:08.924 0 0 I [ 5.939763] msm_vidc: err : 00000001: ....e: Failed to create debugfs for msm_vidc
01-01 08:00:08.927 0 0 I [ 5.941073] msm_vidc: err : 00000001: ....e: msm_vidc_comm_update_ctrl: failed: control name Ltr Count, min 0, max 0, step 0, default_value 0
01-01 08:00:08.927 0 0 I [ 5.942737] msm_vidc: high: 00000001: vp8e: Closed video instance: 0000000000000000
01-01 08:00:08.945 0 0 I [ 5.962124] binder: 1107:1107 ioctl 40046210 7fc26109d4 returned -22
01-01 08:00:08.942 963 963 I auditd : type=1400 audit(0.0:19): avc: denied { add_name } for comm="init.qcom.usb.s" name="streaming_maxpacket" scontext=u:r:vendor_qti_init_shell:s0 tcontext=u:object_r:configfs:s0 tclass=dir permissive=0
01-01 08:00:08.942 963 963 I auditd : type=1400 audit(0.0:20): avc: denied { add_name } for comm="init.qcom.usb.s" name="streaming_maxburst" scontext=u:r:vendor_qti_init_shell:s0 tcontext=u:object_r:configfs:s0 tclass=dir permissive=0
01-01 08:00:08.958 1133 1133 I auditd : type=1400 audit(0.0:21): avc: denied { add_name } for comm="mkdir" name="h" scontext=u:r:vendor_qti_init_shell:s0 tcontext=u:object_r:configfs:s0 tclass=dir permissive=0
01-01 08:00:08.966 1134 1134 I auditd : type=1400 audit(0.0:22): avc: denied { add_name } for comm="ln" name="h" scontext=u:r:vendor_qti_init_shell:s0 tcontext=u:object_r:configfs:s0 tclass=dir permissive=0
01-01 08:00:08.978 1135 1135 I auditd : type=1400 audit(0.0:23): avc: denied { add_name } for comm="ln" name="h" scontext=u:r:vendor_qti_init_shell:s0 tcontext=u:object_r:configfs:s0 tclass=dir permissive=0
01-01 08:00:08.983 0 0 E : [ 5.997538] msm-dai-fe soc:qcom,msm-dai-fe: ASoC: no sink widget found for AUXPCM_DL_HL
01-01 08:00:08.983 0 0 E : [ 5.997545] msm-dai-fe soc:qcom,msm-dai-fe: ASoC: Failed to add route AUXPCM_HOSTLESS Playback -> direct -> AUXPCM_DL_HL
01-01 08:00:08.983 0 0 E : [ 5.997564] msm-dai-fe soc:qcom,msm-dai-fe: ASoC: no source widget found for AUXPCM_UL_HL
01-01 08:00:08.983 0 0 E : [ 5.997566] msm-dai-fe soc:qcom,msm-dai-fe: ASoC: Failed to add route AUXPCM_UL_HL -> direct -> AUXPCM_HOSTLESS Capture
01-01 08:00:08.987 0 0 E : [ 6.000638] msm-auxpcm-dev soc:qcom,msm-pri-auxpcm: ASoC: no source widget found for AUX_PCM_RX
01-01 08:00:08.987 0 0 E : [ 6.000644] msm-auxpcm-dev soc:qcom,msm-pri-auxpcm: ASoC: Failed to add route AUX_PCM_RX -> direct -> AUX PCM Playback
01-01 08:00:08.987 0 0 E : [ 6.000676] msm-auxpcm-dev soc:qcom,msm-pri-auxpcm: ASoC: no sink widget found for AUX_PCM_TX
01-01 08:00:08.987 0 0 E : [ 6.000679] msm-auxpcm-dev soc:qcom,msm-pri-auxpcm: ASoC: Failed to add route AUX PCM Capture -> direct -> AUX_PCM_TX
01-01 08:00:08.987 0 0 E : [ 6.000714] msm-auxpcm-dev soc:qcom,msm-sec-auxpcm: ASoC: no source widget found for SEC_AUX_PCM_RX
01-01 08:00:08.987 0 0 E : [ 6.000716] msm-auxpcm-dev soc:qcom,msm-sec-auxpcm: ASoC: Failed to add route SEC_AUX_PCM_RX -> direct -> Sec AUX PCM Playback
01-01 08:00:08.987 0 0 E : [ 6.000751] msm-auxpcm-dev soc:qcom,msm-sec-auxpcm: ASoC: no sink widget found for SEC_AUX_PCM_TX
01-01 08:00:08.987 0 0 E : [ 6.000752] msm-auxpcm-dev soc:qcom,msm-sec-auxpcm: ASoC: Failed to add route Sec AUX PCM Capture -> direct -> SEC_AUX_PCM_TX
01-01 08:00:08.987 0 0 E : [ 6.000788] msm-auxpcm-dev soc:qcom,msm-tert-auxpcm: ASoC: no source widget found for TERT_AUX_PCM_RX
01-01 08:00:08.987 0 0 E : [ 6.000790] msm-auxpcm-dev soc:qcom,msm-tert-auxpcm: ASoC: Failed to add route TERT_AUX_PCM_RX -> direct -> Tert AUX PCM Playback
01-01 08:00:08.987 0 0 E : [ 6.000822] msm-auxpcm-dev soc:qcom,msm-tert-auxpcm: ASoC: no sink widget found for TERT_AUX_PCM_TX
01-01 08:00:08.987 0 0 E : [ 6.000824] msm-auxpcm-dev soc:qcom,msm-tert-auxpcm: ASoC: Failed to add route Tert AUX PCM Capture -> direct -> TERT_AUX_PCM_TX
01-01 08:00:08.987 0 0 E : [ 6.000857] msm-auxpcm-dev soc:qcom,msm-quat-auxpcm: ASoC: no source widget found for QUAT_AUX_PCM_RX
01-01 08:00:08.987 0 0 E : [ 6.000859] msm-auxpcm-dev soc:qcom,msm-quat-auxpcm: ASoC: Failed to add route QUAT_AUX_PCM_RX -> direct -> Quat AUX PCM Playback
01-01 08:00:08.987 0 0 E : [ 6.000891] msm-auxpcm-dev soc:qcom,msm-quat-auxpcm: ASoC: no sink widget found for QUAT_AUX_PCM_TX
01-01 08:00:08.987 0 0 E : [ 6.000893] msm-auxpcm-dev soc:qcom,msm-quat-auxpcm: ASoC: Failed to add route Quat AUX PCM Capture -> direct -> QUAT_AUX_PCM_TX
01-01 08:00:08.987 0 0 E : [ 6.000924] msm-auxpcm-dev soc:qcom,msm-quin-auxpcm: ASoC: no source widget found for QUIN_AUX_PCM_RX
01-01 08:00:08.987 0 0 E : [ 6.000926] msm-auxpcm-dev soc:qcom,msm-quin-auxpcm: ASoC: Failed to add route QUIN_AUX_PCM_RX -> direct -> Quin AUX PCM Playback
01-01 08:00:08.987 0 0 E : [ 6.000960] msm-auxpcm-dev soc:qcom,msm-quin-auxpcm: ASoC: no sink widget found for QUIN_AUX_PCM_TX
01-01 08:00:08.987 0 0 E : [ 6.000962] msm-auxpcm-dev soc:qcom,msm-quin-auxpcm: ASoC: Failed to add route Quin AUX PCM Capture -> direct -> QUIN_AUX_PCM_TX
01-01 08:00:08.987 0 0 E : [ 6.000995] msm-auxpcm-dev soc:qcom,msm-sen-auxpcm: ASoC: no source widget found for SEN_AUX_PCM_RX
01-01 08:00:08.987 0 0 E : [ 6.000998] msm-auxpcm-dev soc:qcom,msm-sen-auxpcm: ASoC: Failed to add route SEN_AUX_PCM_RX -> direct -> Sen AUX PCM Playback
01-01 08:00:08.987 0 0 E : [ 6.001028] msm-auxpcm-dev soc:qcom,msm-sen-auxpcm: ASoC: no sink widget found for SEN_AUX_PCM_TX
01-01 08:00:08.987 0 0 E : [ 6.001030] msm-auxpcm-dev soc:qcom,msm-sen-auxpcm: ASoC: Failed to add route Sen AUX PCM Capture -> direct -> SEN_AUX_PCM_TX
01-01 08:00:08.987 0 0 W : [ 6.001048] msm-dai-q6-hdmi soc:qcom,msm-dai-q6-dp: DAI driver id is not set
01-01 08:00:08.994 1137 1137 I auditd : type=1400 audit(0.0:24): avc: denied { add_name } for comm="mkdir" name="u" scontext=u:r:vendor_qti_init_shell:s0 tcontext=u:object_r:configfs:s0 tclass=dir permissive=0
01-01 08:00:09.014 1138 1138 I auditd : type=1400 audit(0.0:25): avc: denied { add_name } for comm="mkdir" name="u" scontext=u:r:vendor_qti_init_shell:s0 tcontext=u:object_r:configfs:s0 tclass=dir permissive=0
01-01 08:00:09.022 1139 1139 I auditd : type=1400 audit(0.0:26): avc: denied { add_name } for comm="mkdir" name="m" scontext=u:r:vendor_qti_init_shell:s0 tcontext=u:object_r:configfs:s0 tclass=dir permissive=0
01-01 08:00:09.034 1140 1140 I auditd : type=1400 audit(0.0:27): avc: denied { add_name } for comm="mkdir" name="m" scontext=u:r:vendor_qti_init_shell:s0 tcontext=u:object_r:configfs:s0 tclass=dir permissive=0
01-01 08:00:09.038 1141 1141 I auditd : type=1400 audit(0.0:28): avc: denied { add_name } for comm="mkdir" name="h" scontext=u:r:vendor_qti_init_shell:s0 tcontext=u:object_r:configfs:s0 tclass=dir permissive=0
01-01 08:00:09.042 1142 1142 I auditd : type=1400 audit(0.0:29): avc: denied { add_name } for comm="mkdir" name="h" scontext=u:r:vendor_qti_init_shell:s0 tcontext=u:object_r:configfs:s0 tclass=dir permissive=0
01-01 08:00:09.050 1143 1143 I auditd : type=1400 audit(0.0:30): avc: denied { add_name } for comm="mkdir" name="h" scontext=u:r:vendor_qti_init_shell:s0 tcontext=u:object_r:configfs:s0 tclass=dir permissive=0
01-01 08:00:09.054 1144 1144 I auditd : type=1400 audit(0.0:31): avc: denied { add_name } for comm="ln" name="h" scontext=u:r:vendor_qti_init_shell:s0 tcontext=u:object_r:configfs:s0 tclass=dir permissive=0
01-01 08:00:09.058 1145 1145 I auditd : type=1400 audit(0.0:32): avc: denied { add_name } for comm="ln" name="h" scontext=u:r:vendor_qti_init_shell:s0 tcontext=u:object_r:configfs:s0 tclass=dir permissive=0
01-01 08:00:09.066 1146 1146 I auditd : type=1400 audit(0.0:33): avc: denied { add_name } for comm="ln" name="h" scontext=u:r:vendor_qti_init_shell:s0 tcontext=u:object_r:configfs:s0 tclass=dir permissive=0
01-01 08:00:09.074 1149 1149 I auditd : type=1400 audit(0.0:34): avc: denied { add_name } for comm="ln" name="h" scontext=u:r:vendor_qti_init_shell:s0 tcontext=u:object_r:configfs:s0 tclass=dir permissive=0
01-01 08:00:09.078 1150 1150 I auditd : type=1400 audit(0.0:35): avc: denied { add_name } for comm="ln" name="h" scontext=u:r:vendor_qti_init_shell:s0 tcontext=u:object_r:configfs:s0 tclass=dir permissive=0
01-01 08:00:09.083 0 0 E : [ 6.096812] bolero-codec soc:qcom,msm-audio-apr:qcom,q6core-audio:bolero-cdc: ASoC: unknown pin WSA AIF VI
01-01 08:00:09.087 0 0 E : [ 6.100674] kona-asoc-snd soc:qcom,msm-audio-apr:qcom,q6core-audio:sound: ASoC: no source widget found for MIC BIAS1
01-01 08:00:09.087 0 0 E : [ 6.100680] kona-asoc-snd soc:qcom,msm-audio-apr:qcom,q6core-audio:sound: ASoC: Failed to add route MIC BIAS1 -> direct -> AMIC1
01-01 08:00:09.087 0 0 E : [ 6.100704] kona-asoc-snd soc:qcom,msm-audio-apr:qcom,q6core-audio:sound: ASoC: no sink widget found for MIC BIAS1
01-01 08:00:09.087 0 0 E : [ 6.100706] kona-asoc-snd soc:qcom,msm-audio-apr:qcom,q6core-audio:sound: ASoC: Failed to add route Analog Mic1 -> direct -> MIC BIAS1
01-01 08:00:09.087 0 0 E : [ 6.100728] kona-asoc-snd soc:qcom,msm-audio-apr:qcom,q6core-audio:sound: ASoC: no source widget found for MIC BIAS2
01-01 08:00:09.087 0 0 E : [ 6.100730] kona-asoc-snd soc:qcom,msm-audio-apr:qcom,q6core-audio:sound: ASoC: Failed to add route MIC BIAS2 -> direct -> AMIC2
01-01 08:00:09.087 0 0 E : [ 6.100751] kona-asoc-snd soc:qcom,msm-audio-apr:qcom,q6core-audio:sound: ASoC: no sink widget found for MIC BIAS2
01-01 08:00:09.087 0 0 E : [ 6.100753] kona-asoc-snd soc:qcom,msm-audio-apr:qcom,q6core-audio:sound: ASoC: Failed to add route Analog Mic2 -> direct -> MIC BIAS2
01-01 08:00:09.087 0 0 E : [ 6.100774] kona-asoc-snd soc:qcom,msm-audio-apr:qcom,q6core-audio:sound: ASoC: no source widget found for MIC BIAS3
01-01 08:00:09.087 0 0 E : [ 6.100776] kona-asoc-snd soc:qcom,msm-audio-apr:qcom,q6core-audio:sound: ASoC: Failed to add route MIC BIAS3 -> direct -> AMIC3
01-01 08:00:09.087 0 0 E : [ 6.100796] kona-asoc-snd soc:qcom,msm-audio-apr:qcom,q6core-audio:sound: ASoC: no sink widget found for MIC BIAS3
01-01 08:00:09.087 0 0 E : [ 6.100798] kona-asoc-snd soc:qcom,msm-audio-apr:qcom,q6core-audio:sound: ASoC: Failed to add route Analog Mic3 -> direct -> MIC BIAS3
01-01 08:00:09.087 0 0 E : [ 6.100815] kona-asoc-snd soc:qcom,msm-audio-apr:qcom,q6core-audio:sound: ASoC: no source widget found for MIC BIAS3
01-01 08:00:09.087 0 0 E : [ 6.100817] kona-asoc-snd soc:qcom,msm-audio-apr:qcom,q6core-audio:sound: ASoC: Failed to add route MIC BIAS3 -> direct -> AMIC4
01-01 08:00:09.087 0 0 E : [ 6.100834] kona-asoc-snd soc:qcom,msm-audio-apr:qcom,q6core-audio:sound: ASoC: no sink widget found for MIC BIAS3
01-01 08:00:09.087 0 0 E : [ 6.100836] kona-asoc-snd soc:qcom,msm-audio-apr:qcom,q6core-audio:sound: ASoC: Failed to add route Analog Mic4 -> direct -> MIC BIAS3
01-01 08:00:09.087 0 0 E : [ 6.100852] kona-asoc-snd soc:qcom,msm-audio-apr:qcom,q6core-audio:sound: ASoC: no source widget found for MIC BIAS4
01-01 08:00:09.087 0 0 E : [ 6.100854] kona-asoc-snd soc:qcom,msm-audio-apr:qcom,q6core-audio:sound: ASoC: Failed to add route MIC BIAS4 -> direct -> AMIC5
01-01 08:00:09.087 0 0 E : [ 6.100871] kona-asoc-snd soc:qcom,msm-audio-apr:qcom,q6core-audio:sound: ASoC: no sink widget found for MIC BIAS4
01-01 08:00:09.087 0 0 E : [ 6.100872] kona-asoc-snd soc:qcom,msm-audio-apr:qcom,q6core-audio:sound: ASoC: Failed to add route Analog Mic5 -> direct -> MIC BIAS4
01-01 08:00:09.087 0 0 E : [ 6.100890] kona-asoc-snd soc:qcom,msm-audio-apr:qcom,q6core-audio:sound: ASoC: no source widget found for MIC BIAS3
01-01 08:00:09.087 0 0 E : [ 6.100892] kona-asoc-snd soc:qcom,msm-audio-apr:qcom,q6core-audio:sound: ASoC: Failed to add route MIC BIAS3 -> direct -> TX DMIC0
01-01 08:00:09.087 0 0 E : [ 6.100908] kona-asoc-snd soc:qcom,msm-audio-apr:qcom,q6core-audio:sound: ASoC: no sink widget found for MIC BIAS3
01-01 08:00:09.087 0 0 E : [ 6.100910] kona-asoc-snd soc:qcom,msm-audio-apr:qcom,q6core-audio:sound: ASoC: Failed to add route Digital Mic0 -> direct -> MIC BIAS3
01-01 08:00:09.087 0 0 E : [ 6.100927] kona-asoc-snd soc:qcom,msm-audio-apr:qcom,q6core-audio:sound: ASoC: no source widget found for MIC BIAS3
01-01 08:00:09.087 0 0 E : [ 6.100929] kona-asoc-snd soc:qcom,msm-audio-apr:qcom,q6core-audio:sound: ASoC: Failed to add route MIC BIAS3 -> direct -> TX DMIC1
01-01 08:00:09.087 0 0 E : [ 6.100945] kona-asoc-snd soc:qcom,msm-audio-apr:qcom,q6core-audio:sound: ASoC: no sink widget found for MIC BIAS3
01-01 08:00:09.087 0 0 E : [ 6.100947] kona-asoc-snd soc:qcom,msm-audio-apr:qcom,q6core-audio:sound: ASoC: Failed to add route Digital Mic1 -> direct -> MIC BIAS3
01-01 08:00:09.087 0 0 E : [ 6.100965] kona-asoc-snd soc:qcom,msm-audio-apr:qcom,q6core-audio:sound: ASoC: no source widget found for MIC BIAS1
01-01 08:00:09.087 0 0 E : [ 6.100967] kona-asoc-snd soc:qcom,msm-audio-apr:qcom,q6core-audio:sound: ASoC: Failed to add route MIC BIAS1 -> direct -> TX DMIC2
01-01 08:00:09.087 0 0 E : [ 6.100987] kona-asoc-snd soc:qcom,msm-audio-apr:qcom,q6core-audio:sound: ASoC: no sink widget found for MIC BIAS1
01-01 08:00:09.087 0 0 E : [ 6.100989] kona-asoc-snd soc:qcom,msm-audio-apr:qcom,q6core-audio:sound: ASoC: Failed to add route Digital Mic2 -> direct -> MIC BIAS1
01-01 08:00:09.087 0 0 E : [ 6.101008] kona-asoc-snd soc:qcom,msm-audio-apr:qcom,q6core-audio:sound: ASoC: no source widget found for MIC BIAS1
01-01 08:00:09.087 0 0 E : [ 6.101010] kona-asoc-snd soc:qcom,msm-audio-apr:qcom,q6core-audio:sound: ASoC: Failed to add route MIC BIAS1 -> direct -> TX DMIC3
01-01 08:00:09.087 0 0 E : [ 6.101029] kona-asoc-snd soc:qcom,msm-audio-apr:qcom,q6core-audio:sound: ASoC: no sink widget found for MIC BIAS1
01-01 08:00:09.087 0 0 E : [ 6.101031] kona-asoc-snd soc:qcom,msm-audio-apr:qcom,q6core-audio:sound: ASoC: Failed to add route Digital Mic3 -> direct -> MIC BIAS1
01-01 08:00:09.087 0 0 E : [ 6.101048] kona-asoc-snd soc:qcom,msm-audio-apr:qcom,q6core-audio:sound: ASoC: no source widget found for MIC BIAS4
01-01 08:00:09.087 0 0 E : [ 6.101050] kona-asoc-snd soc:qcom,msm-audio-apr:qcom,q6core-audio:sound: ASoC: Failed to add route MIC BIAS4 -> direct -> TX DMIC4
01-01 08:00:09.087 0 0 E : [ 6.101067] kona-asoc-snd soc:qcom,msm-audio-apr:qcom,q6core-audio:sound: ASoC: no sink widget found for MIC BIAS4
01-01 08:00:09.087 0 0 E : [ 6.101069] kona-asoc-snd soc:qcom,msm-audio-apr:qcom,q6core-audio:sound: ASoC: Failed to add route Digital Mic4 -> direct -> MIC BIAS4
01-01 08:00:09.087 0 0 E : [ 6.101087] kona-asoc-snd soc:qcom,msm-audio-apr:qcom,q6core-audio:sound: ASoC: no source widget found for MIC BIAS4
01-01 08:00:09.087 0 0 E : [ 6.101089] kona-asoc-snd soc:qcom,msm-audio-apr:qcom,q6core-audio:sound: ASoC: Failed to add route MIC BIAS4 -> direct -> TX DMIC5
01-01 08:00:09.087 0 0 E : [ 6.101106] kona-asoc-snd soc:qcom,msm-audio-apr:qcom,q6core-audio:sound: ASoC: no sink widget found for MIC BIAS4
01-01 08:00:09.087 0 0 E : [ 6.101108] kona-asoc-snd soc:qcom,msm-audio-apr:qcom,q6core-audio:sound: ASoC: Failed to add route Digital Mic5 -> direct -> MIC BIAS4
01-01 08:00:09.087 0 0 E : [ 6.101126] kona-asoc-snd soc:qcom,msm-audio-apr:qcom,q6core-audio:sound: ASoC: no sink widget found for IN1_HPHL
01-01 08:00:09.087 0 0 E : [ 6.101128] kona-asoc-snd soc:qcom,msm-audio-apr:qcom,q6core-audio:sound: ASoC: Failed to add route HPHL_OUT -> direct -> IN1_HPHL
01-01 08:00:09.087 0 0 E : [ 6.101144] kona-asoc-snd soc:qcom,msm-audio-apr:qcom,q6core-audio:sound: ASoC: no sink widget found for IN2_HPHR
01-01 08:00:09.087 0 0 E : [ 6.101146] kona-asoc-snd soc:qcom,msm-audio-apr:qcom,q6core-audio:sound: ASoC: Failed to add route HPHR_OUT -> direct -> IN2_HPHR
01-01 08:00:09.087 0 0 E : [ 6.101163] kona-asoc-snd soc:qcom,msm-audio-apr:qcom,q6core-audio:sound: ASoC: no sink widget found for IN3_AUX
01-01 08:00:09.087 0 0 E : [ 6.101165] kona-asoc-snd soc:qcom,msm-audio-apr:qcom,q6core-audio:sound: ASoC: Failed to add route AUX_OUT -> direct -> IN3_AUX
01-01 08:00:09.087 0 0 E : [ 6.101181] kona-asoc-snd soc:qcom,msm-audio-apr:qcom,q6core-audio:sound: ASoC: no source widget found for ADC1_OUTPUT
01-01 08:00:09.087 0 0 E : [ 6.101183] kona-asoc-snd soc:qcom,msm-audio-apr:qcom,q6core-audio:sound: ASoC: Failed to add route ADC1_OUTPUT -> direct -> TX SWR_ADC0
01-01 08:00:09.087 0 0 E : [ 6.101200] kona-asoc-snd soc:qcom,msm-audio-apr:qcom,q6core-audio:sound: ASoC: no source widget found for ADC2_OUTPUT
01-01 08:00:09.087 0 0 E : [ 6.101202] kona-asoc-snd soc:qcom,msm-audio-apr:qcom,q6core-audio:sound: ASoC: Failed to add route ADC2_OUTPUT -> direct -> TX SWR_ADC1
01-01 08:00:09.087 0 0 E : [ 6.101218] kona-asoc-snd soc:qcom,msm-audio-apr:qcom,q6core-audio:sound: ASoC: no source widget found for ADC3_OUTPUT
01-01 08:00:09.087 0 0 E : [ 6.101220] kona-asoc-snd soc:qcom,msm-audio-apr:qcom,q6core-audio:sound: ASoC: Failed to add route ADC3_OUTPUT -> direct -> TX SWR_ADC2
01-01 08:00:09.087 0 0 E : [ 6.101236] kona-asoc-snd soc:qcom,msm-audio-apr:qcom,q6core-audio:sound: ASoC: no source widget found for ADC4_OUTPUT
01-01 08:00:09.087 0 0 E : [ 6.101238] kona-asoc-snd soc:qcom,msm-audio-apr:qcom,q6core-audio:sound: ASoC: Failed to add route ADC4_OUTPUT -> direct -> TX SWR_ADC3
01-01 08:00:09.087 0 0 E : [ 6.101254] kona-asoc-snd soc:qcom,msm-audio-apr:qcom,q6core-audio:sound: ASoC: no source widget found for DMIC1_OUTPUT
01-01 08:00:09.087 0 0 E : [ 6.101256] kona-asoc-snd soc:qcom,msm-audio-apr:qcom,q6core-audio:sound: ASoC: Failed to add route DMIC1_OUTPUT -> direct -> TX SWR_DMIC0
01-01 08:00:09.087 0 0 E : [ 6.101271] kona-asoc-snd soc:qcom,msm-audio-apr:qcom,q6core-audio:sound: ASoC: no source widget found for DMIC2_OUTPUT
01-01 08:00:09.087 0 0 E : [ 6.101273] kona-asoc-snd soc:qcom,msm-audio-apr:qcom,q6core-audio:sound: ASoC: Failed to add route DMIC2_OUTPUT -> direct -> TX SWR_DMIC1
01-01 08:00:09.087 0 0 E : [ 6.101288] kona-asoc-snd soc:qcom,msm-audio-apr:qcom,q6core-audio:sound: ASoC: no source widget found for DMIC3_OUTPUT
01-01 08:00:09.087 0 0 E : [ 6.101290] kona-asoc-snd soc:qcom,msm-audio-apr:qcom,q6core-audio:sound: ASoC: Failed to add route DMIC3_OUTPUT -> direct -> TX SWR_DMIC2
01-01 08:00:09.087 0 0 E : [ 6.101306] kona-asoc-snd soc:qcom,msm-audio-apr:qcom,q6core-audio:sound: ASoC: no source widget found for DMIC4_OUTPUT
