10-19 02:09:03.925 0 0 I [ 102.273327] binder: undelivered transaction 68055, process died.
10-19 02:09:03.925 0 0 I [ 102.273329] binder: undelivered transaction 68061, process died.
10-19 02:09:03.925 1546 1830 D ConnectivityService: releasing NetworkRequest [ REQUEST id=45, [ Capabilities: INTERNET&NOT_RESTRICTED&TRUSTED&NOT_VCN_MANAGED Uid: 10100 RequestorUid: 10100 RequestorPkg: com.tencent.mm] ] (release request)
10-19 02:09:03.925 1546 2100 D PowerManagerService: handleWakeLockDeath: lock=216376059 [PlatformComm]
10-19 02:09:03.925 1546 2100 D PowerManagerNotifier: onWakeLockReleased: flags=1, tag="PlatformComm", packageName=com.tencent.mm, ownerUid=10100, ownerPid=4769, workSource=null
10-19 02:09:03.926 1546 2100 D PowerManagerService: updateWakeLockSummaryLocked: mWakefulness=Awake, mWakeLockSummary=0x1
10-19 02:09:03.926 1546 2100 D PowerManagerService: updateUserActivitySummaryLocked: groupId=0, mWakefulness=Awake, mUserActivitySummary=0x1, nextTimeout=162093 (in 59819 ms)
10-19 02:09:03.926 1546 2100 D PowerManagerNotifier: onScreenPolicyUpdate: newPolicy=3
10-19 02:09:03.926 1546 2100 D PowerManagerService: updateDisplayPowerStateLocked: displayReady=true, groupId=0, policy=BRIGHT, mWakefulness=Awake, mWakeLockSummary=0x1, mUserActivitySummary=0x1, mBootCompleted=true, screenBrightnessOverride=NaN, useAutoBrightness=true, mScreenBrightnessBoostInProgress=false, mIsVrModeEnabled= false, sQuiescent=false
10-19 02:09:03.926 1546 3681 I am_proc_died: [0,4769,com.tencent.mm:push,0,10]
10-19 02:09:03.926 671 671 I Zygote : Process 4769 exited due to signal 9 (Killed)
10-19 02:09:03.927 1546 3681 W ActivityManager: Scheduling restart of crashed service com.tencent.mm/com.tencent.matrix.lifecycle.supervisor.SupervisorService in 1000ms for start-requested
10-19 02:09:03.927 1546 3681 I am_schedule_service_restart: [0,com.tencent.mm/com.tencent.matrix.lifecycle.supervisor.SupervisorService,1000]
10-19 02:09:03.928 5009 5009 D CompatibilityChangeReporter: Compat change id reported: 171979766; UID 10100; state: DISABLED
10-19 02:09:03.929 1546 1634 I am_pss : [2839,10064,ts.car.uart,6564864,4415488,0,92164096,0,0,5]
10-19 02:09:03.935 1546 1634 I am_pss : [3214,10069,com.qualcomm.qti.devicestatisticsservice,5721088,3551232,0,90525696,0,0,6]
10-19 02:09:03.938 5009 5009 D ApplicationLoaders: Returning zygote-cached class loader: /system/framework/android.test.base.jar
10-19 02:09:03.952 651 666 I mpu_uart: [MSG-P:RECV]:No message received in 1000 ms
10-19 02:09:03.958 5009 5009 I Perf : Connecting to perf service.
10-19 02:09:03.962 5009 5009 V GraphicsEnvironment: ANGLE Developer option for 'com.tencent.mm' set to: 'default'
10-19 02:09:03.963 5009 5009 V GraphicsEnvironment: ANGLE GameManagerService for com.tencent.mm: false
10-19 02:09:03.963 5009 5009 V GraphicsEnvironment: Updatable production driver is not supported on the device.
10-19 02:09:03.964 5009 5009 D NetworkSecurityConfig: Using Network Security Config from resource be debugBuild: false
10-19 02:09:03.965 5009 5009 D NetworkSecurityConfig: Using Network Security Config from resource be debugBuild: false
10-19 02:09:04.021 5009 5009 I MMKV : current API level = 31, libc++_shared=0
10-19 02:09:04.021 5009 5009 I MMKV : version v1.2.12, page size 4096, arch arm64-v8a
10-19 02:09:04.021 5009 5009 I MMKV : armv8 AES instructions is supported
10-19 02:09:04.021 5009 5009 I MMKV : armv8 CRC32 instructions is supported
10-19 02:09:04.021 5009 5009 I MMKV : root dir: /data/user/0/com.tencent.mm/files/mmkv
10-19 02:09:04.057 5009 5009 D CompatibilityChangeReporter: Compat change id reported: 147600208; UID 10100; state: ENABLED
10-19 02:09:04.067 5009 5009 W SQLiteCompatibilityWalFlags: Cannot read global setting sqlite_compatibility_wal_flags - Application state not available
10-19 02:09:04.121 5009 5009 E FirebaseApp: Firebase API initialization failure.
10-19 02:09:04.121 5009 5009 E FirebaseApp: java.lang.reflect.InvocationTargetException
10-19 02:09:04.121 5009 5009 E FirebaseApp: at java.lang.reflect.Method.invoke(Native Method)
10-19 02:09:04.121 5009 5009 E FirebaseApp: at com.google.firebase.FirebaseApp.e(Unknown Source:65)
10-19 02:09:04.121 5009 5009 E FirebaseApp: at com.google.firebase.FirebaseApp.f(SourceFile:149)
10-19 02:09:04.121 5009 5009 E FirebaseApp: at com.google.firebase.FirebaseApp.c(SourceFile:116)
10-19 02:09:04.121 5009 5009 E FirebaseApp: at com.google.firebase.FirebaseApp.b(Unknown Source:30)
10-19 02:09:04.121 5009 5009 E FirebaseApp: at com.google.firebase.provider.FirebaseInitProvider.onCreate(Unknown Source:4)
10-19 02:09:04.121 5009 5009 E FirebaseApp: at android.content.ContentProvider.attachInfo(ContentProvider.java:2404)
10-19 02:09:04.121 5009 5009 E FirebaseApp: at android.content.ContentProvider.attachInfo(ContentProvider.java:2374)
10-19 02:09:04.121 5009 5009 E FirebaseApp: at com.google.firebase.provider.FirebaseInitProvider.attachInfo(Unknown Source:15)
10-19 02:09:04.121 5009 5009 E FirebaseApp: at android.app.ActivityThread.installProvider(ActivityThread.java:7463)
10-19 02:09:04.121 5009 5009 E FirebaseApp: at android.app.ActivityThread.installContentProviders(ActivityThread.java:6980)
10-19 02:09:04.121 5009 5009 E FirebaseApp: at android.app.ActivityThread.handleBindApplication(ActivityThread.java:6729)
10-19 02:09:04.121 5009 5009 E FirebaseApp: at android.app.ActivityThread.access$1500(ActivityThread.java:248)
10-19 02:09:04.121 5009 5009 E FirebaseApp: at android.app.ActivityThread$H.handleMessage(ActivityThread.java:2054)
10-19 02:09:04.121 5009 5009 E FirebaseApp: at android.os.Handler.dispatchMessage(Handler.java:106)
10-19 02:09:04.121 5009 5009 E FirebaseApp: at android.os.Looper.loopOnce(Looper.java:201)
10-19 02:09:04.121 5009 5009 E FirebaseApp: at android.os.Looper.loop(Looper.java:288)
10-19 02:09:04.121 5009 5009 E FirebaseApp: at android.app.ActivityThread.main(ActivityThread.java:7880)
10-19 02:09:04.121 5009 5009 E FirebaseApp: at java.lang.reflect.Method.invoke(Native Method)
10-19 02:09:04.121 5009 5009 E FirebaseApp: at com.android.internal.os.RuntimeInit$MethodAndArgsCaller.run(RuntimeInit.java:548)
10-19 02:09:04.121 5009 5009 E FirebaseApp: at com.android.internal.os.ZygoteInit.main(ZygoteInit.java:1009)
10-19 02:09:04.121 5009 5009 E FirebaseApp: Caused by: java.lang.SecurityException: Failed to find provider com.google.android.gms.phenotype for user 0; expected to find a valid ContentProvider for this authority
10-19 02:09:04.121 5009 5009 E FirebaseApp: at android.os.Parcel.createExceptionOrNull(Parcel.java:2425)
10-19 02:09:04.121 5009 5009 E FirebaseApp: at android.os.Parcel.createException(Parcel.java:2409)
10-19 02:09:04.121 5009 5009 E FirebaseApp: at android.os.Parcel.readException(Parcel.java:2392)
10-19 02:09:04.121 5009 5009 E FirebaseApp: at android.os.Parcel.readException(Parcel.java:2334)
10-19 02:09:04.121 5009 5009 E FirebaseApp: at android.content.IContentService$Stub$Proxy.registerContentObserver(IContentService.java:1235)
10-19 02:09:04.121 5009 5009 E FirebaseApp: at android.content.ContentResolver.registerContentObserver(ContentResolver.java:2675)
10-19 02:09:04.121 5009 5009 E FirebaseApp: at android.content.ContentResolver.registerContentObserver(ContentResolver.java:2663)
10-19 02:09:04.121 5009 5009 E FirebaseApp: at com.google.android.gms.internal.measurement.zzwp.zza(Unknown Source:30)
10-19 02:09:04.121 5009 5009 E FirebaseApp: at com.google.android.gms.internal.measurement.zzws.zzry(Unknown Source:33)
10-19 02:09:04.121 5009 5009 E FirebaseApp: at com.google.android.gms.internal.measurement.zzws.get(Unknown Source:4)
10-19 02:09:04.121 5009 5009 E FirebaseApp: at com.google.android.gms.internal.measurement.zzex.get(Unknown Source:2)
10-19 02:09:04.121 5009 5009 E FirebaseApp: at com.google.android.gms.internal.measurement.zzfg.zziu(Unknown Source:7)
10-19 02:09:04.121 5009 5009 E FirebaseApp: at com.google.android.gms.internal.measurement.zzfg.isLoggable(Unknown Source:0)
10-19 02:09:04.121 5009 5009 E FirebaseApp: at com.google.android.gms.internal.measurement.zzfg.zza(Unknown Source:3)
10-19 02:09:04.121 5009 5009 E FirebaseApp: at com.google.android.gms.internal.measurement.zzfi.log(Unknown Source:12)
10-19 02:09:04.121 5009 5009 E FirebaseApp: at com.google.android.gms.internal.measurement.zzgl.(Unknown Source:220)
10-19 02:09:04.121 5009 5009 E FirebaseApp: at com.google.android.gms.internal.measurement.zzgl.zzg(Unknown Source:28)
10-19 02:09:04.121 5009 5009 E FirebaseApp: at com.google.android.gms.measurement.AppMeasurement.getInstance(Unknown Source:0)
10-19 02:09:04.121 5009 5009 E FirebaseApp: ... 21 more
10-19 02:09:04.121 5009 5009 E FirebaseApp: Caused by: android.os.RemoteException: Remote stack trace:
10-19 02:09:04.121 5009 5009 E FirebaseApp: at com.android.server.content.ContentService.registerContentObserver(ContentService.java:357)
10-19 02:09:04.121 5009 5009 E FirebaseApp: at android.content.IContentService$Stub.onTransact(IContentService.java:484)
10-19 02:09:04.121 5009 5009 E FirebaseApp: at android.os.Binder.execTransactInternal(Binder.java:1179)
10-19 02:09:04.121 5009 5009 E FirebaseApp: at android.os.Binder.execTransact(Binder.java:1143)
10-19 02:09:04.121 5009 5009 E FirebaseApp:
10-19 02:09:04.122 1546 3681 I am_wtf : [0,5009,com.tencent.mm,949501508,FirebaseApp,Remote stack trace:
10-19 02:09:04.122 1546 3681 I am_wtf : at com.android.server.content.ContentService.registerContentObserver(ContentService.java:357)
10-19 02:09:04.122 1546 3681 I am_wtf : at android.content.IContentService$Stub.onTransact(IContentService.java:484)
10-19 02:09:04.122 1546 3681 I am_wtf : at android.os.Binder.execTransactInternal(Binder.java:1179)
10-19 02:09:04.122 1546 3681 I am_wtf : at android.os.Binder.execTransact(Binder.java:1143)
10-19 02:09:04.122 1546 3681 I am_wtf : ]
10-19 02:09:04.119 1546 1546 I auditd : type=1400 audit(0.0:145): avc: denied { getattr } for comm=4572726F722064756D703A20646174 path="/data/tlog/fatal/dropbox" dev="dm-10" ino=289 scontext=u:r:system_server:s0 tcontext=u:object_r:tlog_data_file:s0 tclass=dir permissive=0
10-19 02:09:04.119 1546 1546 W system_server: type=1400 audit(0.0:145): avc: denied { getattr } for comm=4572726F722064756D703A20646174 path="/data/tlog/fatal/dropbox" dev="dm-10" ino=289 scontext=u:r:system_server:s0 tcontext=u:object_r:tlog_data_file:s0 tclass=dir permissive=0
10-19 02:09:04.124 1546 5043 I DropBoxManagerService: add tag=data_app_wtf isTagEnabled=true flags=0x2
10-19 02:09:04.124 1546 5043 E DropBoxManagerService: Can't write: data_app_wtf
10-19 02:09:04.124 1546 5043 E DropBoxManagerService: java.io.IOException: Can't mkdir: /data/tlog/fatal/dropbox
10-19 02:09:04.124 1546 5043 E DropBoxManagerService: at com.android.server.DropBoxManagerService.init(DropBoxManagerService.java:1011)
10-19 02:09:04.124 1546 5043 E DropBoxManagerService: at com.android.server.DropBoxManagerService.addEntry(DropBoxManagerService.java:470)
10-19 02:09:04.124 1546 5043 E DropBoxManagerService: at com.android.server.DropBoxManagerService.addEntry(DropBoxManagerService.java:421)
10-19 02:09:04.124 1546 5043 E DropBoxManagerService: at com.android.server.DropBoxManagerService.addData(DropBoxManagerService.java:392)
10-19 02:09:04.124 1546 5043 E DropBoxManagerService: at com.android.server.DropBoxManagerService$2.addData(DropBoxManagerService.java:161)
10-19 02:09:04.124 1546 5043 E DropBoxManagerService: at android.os.DropBoxManager.addData(DropBoxManager.java:333)
10-19 02:09:04.124 1546 5043 E DropBoxManagerService: at android.os.DropBoxManager.addText(DropBoxManager.java:320)
10-19 02:09:04.124 1546 5043 E DropBoxManagerService: at com.android.server.am.ActivityManagerService$16.run(ActivityManagerService.java:8479)
10-19 02:09:04.147 5009 5044 D CompatibilityChangeReporter: Compat change id reported: 160794467; UID 10100; state: DISABLED
10-19 02:09:04.163 5009 5009 E libprocessgroup: set_timerslack_ns write failed: Operation not permitted
10-19 02:09:04.168 1546 1636 D CompatibilityInfo: mCompatibilityFlags - 4
10-19 02:09:04.168 1546 1636 D CompatibilityInfo: applicationDensity - 240
10-19 02:09:04.168 1546 1636 D CompatibilityInfo: applicationScale - 1.0
10-19 02:09:04.169 5009 5009 V NativeCrash: Alternative stack installed.
10-19 02:09:04.169 5009 5009 V NativeCrash: Signal handler installed.
10-19 02:09:04.175 5009 5009 I com.tencent.mm: Thread[1,tid=5009,Native,Thread*=0xb400007035bac7b0,peer=0x725281d0,"main"] recursive attempt to load library "/data/app/~~EABsENRS9Od99y84zNaHBQ==/com.tencent.mm-Wbigtif81K3If_-PZrwfsQ==/lib/arm64/libtrace-canary.so"
10-19 02:09:04.176 5009 5009 I com.tencent.mm: Thread[1,tid=5009,Native,Thread*=0xb400007035bac7b0,peer=0x725281d0,"main"] recursive attempt to load library "/data/app/~~EABsENRS9Od99y84zNaHBQ==/com.tencent.mm-Wbigtif81K3If_-PZrwfsQ==/lib/arm64/libtrace-canary.so"
10-19 02:09:04.184 5009 5009 I MicroMsg.MatrixLifecycleBoot: [:5009, ]:enableFgServiceMonitor = true
10-19 02:09:04.185 5009 5009 I MicroMsg.MatrixLifecycleBoot: [:5009, ]:overlayWindowMonitorEnable = true
10-19 02:09:04.299 5009 5050 I VFS.FileSystemManager: [:5050, ]: tmpl-4 => log(0000) <- migrate(...) ${data}/MicroMsg/${dir}
10-19 02:09:04.299 5009 5050 I VFS.FileSystemManager: <- stat <- migrate(...) ${sdTo}/MicroMsg/${dir}
10-19 02:09:04.299 5009 5050 I VFS.FileSystemManager: <- stat <- ${sdFrom}/MicroMsg/${dir}
10-19 02:09:04.301 5009 5050 I VFS.FileSystemManager: [:5050, ]: tmpl-5 => log(0000) <- migrate(...) ${data}/MicroMsg/${account}/${dir}
10-19 02:09:04.301 5009 5050 I VFS.FileSystemManager: <- stat <- migrate(...) ${sdTo}/MicroMsg/${accountSalt}/${dir}
10-19 02:09:04.301 5009 5050 I VFS.FileSystemManager: <- $:${sdTo}/MicroMsg/${accountSd}/${dir}
10-19 02:09:04.301 5009 5050 I VFS.FileSystemManager: <- $:stat <- ${sdFrom}/MicroMsg/${accountSd}/${dir}
10-19 02:09:04.319 5009 5053 I MicroMsg.UIUtils: [:5053, ]:dancy test, isDarkModeOn!!
10-19 02:09:04.319 5009 5059 I WCDB : Initialize JNI module (1/12) MMFtsTokenizer...
10-19 02:09:04.319 5009 5059 V WCDB.JNIHelp: Registering com/tencent/wcdb/extension/fts/MMFtsTokenizer natives
10-19 02:09:04.319 5009 5059 I WCDB : Initialize JNI module (2/12) SQLiteDebug...
10-19 02:09:04.320 5009 5059 V WCDB.JNIHelp: Registering com/tencent/wcdb/database/SQLiteDebug natives
10-19 02:09:04.320 5009 5059 I WCDB : Initialize JNI module (3/12) Log...
10-19 02:09:04.320 5009 5059 V WCDB.JNIHelp: Registering com/tencent/wcdb/support/Log natives
10-19 02:09:04.320 5009 5059 I WCDB : Initialize JNI module (4/12) DBBackup...
10-19 02:09:04.320 5009 5059 V WCDB.JNIHelp: Registering com/tencent/wcdb/repair/BackupKit natives
10-19 02:09:04.320 5009 5059 V WCDB.JNIHelp: Registering com/tencent/wcdb/repair/RecoverKit natives
10-19 02:09:04.323 5009 5059 I WCDB : Initialize JNI module (5/12) FileUtils...
10-19 02:09:04.323 5009 5059 V WCDB.JNIHelp: Registering com/tencent/wcdb/FileUtils natives
10-19 02:09:04.323 5009 5059 I WCDB : Initialize JNI module (6/12) SQLiteGlobal...
10-19 02:09:04.323 5009 5059 V WCDB.JNIHelp: Registering com/tencent/wcdb/database/SQLiteGlobal natives
10-19 02:09:04.323 5009 5059 I WCDB : Initialize JNI module (7/12) ChunkedCursorWindow...
10-19 02:09:04.323 5009 5059 V WCDB.JNIHelp: Registering com/tencent/wcdb/database/ChunkedCursorWindow natives
10-19 02:09:04.323 5009 5059 V WCDB.JNIHelp: Registering com/tencent/wcdb/database/SQLiteAsyncQuery natives
10-19 02:09:04.323 5009 5059 I WCDB : Initialize JNI module (8/12) DBDumpUtil...
10-19 02:09:04.323 5009 5059 V WCDB.JNIHelp: Registering com/tencent/wcdb/repair/DBDumpUtil natives
10-19 02:09:04.323 5009 5059 I WCDB : Initialize JNI module (9/12) DBRepair...
10-19 02:09:04.324 5009 5059 V WCDB.JNIHelp: Registering com/tencent/wcdb/repair/RepairKit$RepairCursor natives
10-19 02:09:04.324 5009 5059 I WCDB : Initialize JNI module (10/12) CursorWindow...
10-19 02:09:04.324 5009 5059 V WCDB.JNIHelp: Registering com/tencent/wcdb/CursorWindow natives
10-19 02:09:04.324 5009 5059 I WCDB : Initialize JNI module (11/12) SQLiteDirectCursor...
10-19 02:09:04.324 5009 5059 V WCDB.JNIHelp: Registering com/tencent/wcdb/database/SQLiteDirectQuery natives
10-19 02:09:04.325 5009 5059 I WCDB : Initialize JNI module (12/12) SQLiteConnection...
10-19 02:09:04.389 5009 5055 E com.tencent.mm: No implementation found for java.util.ArrayList com.tencent.mars.smc.SmcLogic.getLoadLibraries() (tried Java_com_tencent_mars_smc_SmcLogic_getLoadLibraries and Java_com_tencent_mars_smc_SmcLogic_getLoadLibraries__)
10-19 02:09:04.442 5009 5016 I com.tencent.mm: Method exceeds compiler instruction limit: 20877 in wl.d wl.j.a(java.lang.Class)
10-19 02:09:04.488 5009 5067 I chromium: [1019/020904.488790:INFO:com_tencent_mars_cdn_CronetLogic_Java2C.cc(42)] cronet vfs init rv 0
10-19 02:09:04.537 1546 3681 D CompatibilityInfo: mCompatibilityFlags - 4
10-19 02:09:04.537 1546 3681 D CompatibilityInfo: applicationDensity - 240
10-19 02:09:04.537 1546 3681 D CompatibilityInfo: applicationScale - 1.0
10-19 02:09:04.540 5009 5016 I com.tencent.mm: Method exceeds compiler instruction limit: 20877 in wl.d wl.j.a(java.lang.Class)
10-19 02:09:04.549 1546 1836 I GameModeConfig: isGameModeOn = true
10-19 02:09:04.549 1546 1836 I GameModeConfig: isGaming = false
10-19 02:09:04.549 1546 1836 I GameModeConfig: isGameModeOn = true
10-19 02:09:04.549 1546 1836 I GameModeConfig: isGaming = false
10-19 02:09:04.549 1546 1836 I GameModeConfig: isGameModeOn = true
10-19 02:09:04.549 1546 1836 I GameModeConfig: isGaming = false
10-19 02:09:04.549 1546 1836 I GameModeConfig: isGameModeOn = true
10-19 02:09:04.549 1546 1836 I GameModeConfig: isGaming = false
10-19 02:09:04.559 1546 3681 W ServiceManager: Permission failure: android.permission.HIGH_SAMPLING_RATE_SENSORS from uid=10100 pid=5009
10-19 02:09:04.601 1546 3681 D ConnectivityService: requestNetwork for uid/pid:10100/5009 activeRequest: null callbackRequest: 47 [NetworkRequest [ REQUEST id=48, [ Capabilities: INTERNET&NOT_RESTRICTED&TRUSTED&NOT_VCN_MANAGED Uid: 10100 RequestorUid: 10100 RequestorPkg: com.tencent.mm] ]] callback flags: 0 priority: 2147483647
10-19 02:09:04.603 1546 1830 D ConnectivityService: NetReassign [no changes]
10-19 02:09:04.603 1546 1874 D Ethernet: got request NetworkRequest [ REQUEST id=48, [ Capabilities: INTERNET&NOT_RESTRICTED&TRUSTED&NOT_VCN_MANAGED Uid: 10100 RequestorUid: 10100 RequestorPkg: com.tencent.mm] ]
10-19 02:09:04.603 1546 1874 D EthernetNetworkFactory: acceptRequest, request: NetworkRequest [ REQUEST id=48, [ Capabilities: INTERNET&NOT_RESTRICTED&TRUSTED&NOT_VCN_MANAGED Uid: 10100 RequestorUid: 10100 RequestorPkg: com.tencent.mm] ]
10-19 02:09:04.603 1546 1874 I EthernetNetworkFactory: networkForRequest, request: NetworkRequest [ REQUEST id=48, [ Capabilities: INTERNET&NOT_RESTRICTED&TRUSTED&NOT_VCN_MANAGED Uid: 10100 RequestorUid: 10100 RequestorPkg: com.tencent.mm] ], network: null
10-19 02:09:04.605 1546 1821 D WifiNetworkFactory: got request NetworkRequest [ REQUEST id=48, [ Capabilities: INTERNET&NOT_RESTRICTED&TRUSTED&NOT_VCN_MANAGED Uid: 10100 RequestorUid: 10100 RequestorPkg: com.tencent.mm] ]
10-19 02:09:04.605 1546 1821 D UntrustedWifiNetworkFactory: got request NetworkRequest [ REQUEST id=48, [ Capabilities: INTERNET&NOT_RESTRICTED&TRUSTED&NOT_VCN_MANAGED Uid: 10100 RequestorUid: 10100 RequestorPkg: com.tencent.mm] ]
10-19 02:09:04.605 1546 1821 D OemPaidWifiNetworkFactory: got request NetworkRequest [ REQUEST id=48, [ Capabilities: INTERNET&NOT_RESTRICTED&TRUSTED&NOT_VCN_MANAGED Uid: 10100 RequestorUid: 10100 RequestorPkg: com.tencent.mm] ]
10-19 02:09:04.792 5009 5016 I com.tencent.mm: Method exceeds compiler instruction limit: 20877 in wl.d wl.j.a(java.lang.Class)
10-19 02:09:04.844 5009 5016 I com.tencent.mm: Method exceeds compiler instruction limit: 20877 in wl.d wl.j.a(java.lang.Class)
10-19 02:09:04.845 1546 1799 I InputDispatcher: Check touch window: [window]=81c89eb com.android.launcher3/com.android.launcher3.uioverrides.QuickstepLauncher , [pause]=0 , [needIntercept]=0
10-19 02:09:04.845 1546 1799 I input_interaction: Interaction with: 81c89eb com.android.launcher3/com.android.launcher3.uioverrides.QuickstepLauncher (server), f79917f com.android.systemui.ImageWallpaper (server), edge-swipe (server), swipe-up (server), PointerEventDispatcher0 (server),
10-19 02:09:04.846 1546 1799 D PowerManagerService: userActivityNoUpdateLocked: groupId=0, eventTime=103193, event=2, flags=0x0, uid=1000
10-19 02:09:04.846 1546 1799 D PowerManagerNotifier: onUserActivity: event=2, uid=1000
10-19 02:09:04.846 2557 2557 D ViewTouchDebug: mView : DecorView@53a5678[QuickstepLauncher]Receive event : MotionEvent { action=ACTION_DOWN, actionButton=0, id[0]=0, x[0]=1368.0, y[0]=524.0, toolType[0]=TOOL_TYPE_FINGER, buttonState=0, classification=NONE, metaState=0, flags=0x0, edgeFlags=0x0, pointerCount=1, historySize=0, eventTime=103193, downTime=103193, deviceId=4, source=0x5002, displayId=0, eventId=665407397 }
10-19 02:09:04.846 1546 1799 D PowerManagerService: updateUserActivitySummaryLocked: groupId=0, mWakefulness=Awake, mUserActivitySummary=0x1, nextTimeout=163193 (in 59999 ms)
10-19 02:09:04.846 1546 1799 D PowerManagerNotifier: onScreenPolicyUpdate: newPolicy=3
10-19 02:09:04.846 1546 1799 D PowerManagerService: updateDisplayPowerStateLocked: displayReady=true, groupId=0, policy=BRIGHT, mWakefulness=Awake, mWakeLockSummary=0x1, mUserActivitySummary=0x1, mBootCompleted=true, screenBrightnessOverride=NaN, useAutoBrightness=true, mScreenBrightnessBoostInProgress=false, mIsVrModeEnabled= false, sQuiescent=false
10-19 02:09:04.847 1889 1889 D ViewTouchDebug: mView : com.android.systemui.navigationbar.NavigationBarFrame{fa2d406 V.E...... ........ 0,0-2380,46 #7f0b03f4 app:id/navigation_bar_frame}Receive event : MotionEvent { action=ACTION_OUTSIDE, actionButton=0, id[0]=0, x[0]=0.0, y[0]=-974.0, toolType[0]=TOOL_TYPE_FINGER, buttonState=0, classification=NONE, metaState=0, flags=0x0, edgeFlags=0x0, pointerCount=1, historySize=0, eventTime=103193, downTime=103193, deviceId=4, source=0x5002, displayId=0, eventId=1149789534 }
10-19 02:09:04.847 1546 1546 I service_manager_stats: [100,46,31978]
10-19 02:09:04.848 1889 1889 D NoBackGesture: Start gesture: MotionEvent { action=ACTION_DOWN, actionButton=0, id[0]=0, x[0]=1368.0, y[0]=524.0, toolType[0]=TOOL_TYPE_FINGER, buttonState=0, classification=NONE, metaState=0, flags=0x0, edgeFlags=0x0, pointerCount=1, historySize=0, eventTime=103193, downTime=103193, deviceId=4, source=0x5002, displayId=0, eventId=665407397 } mSysUiFlags=131072 region=Rect(0, 36 - 2380, 1020)
10-19 02:09:04.848 1889 1889 D NoBackGesture: Gesture [1697652544848,alw=FALSE,FALSE,TRUE,FALSE,disp=Point(2380, 1020),wl=45,il=0,wr=45,ir=0,excl=SkRegion((0,36,2380,1020))]
10-19 02:09:04.849 2557 2557 D TouchInteractionService: onInputEvent mUncheckedConsumer = com.android.quickstep.InputConsumer$$ExternalSyntheticLambda0@4bdfc5d
10-19 02:09:04.868 5009 5067 I System.out: loadlibrary : tav start
10-19 02:09:04.879 5009 5016 I com.tencent.mm: Method exceeds compiler instruction limit: 20877 in wl.d wl.j.a(java.lang.Class)
10-19 02:09:04.897 5009 5016 I com.tencent.mm: Method exceeds compiler instruction limit: 20877 in wl.d wl.j.a(java.lang.Class)
10-19 02:09:04.913 5009 5016 I com.tencent.mm: Method exceeds compiler instruction limit: 20877 in wl.d wl.j.a(java.lang.Class)
10-19 02:09:04.949 5009 5126 E flutter : [ERROR:flutter/lib/ui/text/fontmgr_default_android.cc(426)] value HiPhi
10-19 02:09:04.952 1546 1799 D PowerManagerService: userActivityNoUpdateLocked: groupId=0, eventTime=103299, event=2, flags=0x0, uid=1000
10-19 02:09:04.952 1546 1799 D PowerManagerNotifier: onUserActivity: event=2, uid=1000
10-19 02:09:04.952 1546 1799 D PowerManagerService: updateUserActivitySummaryLocked: groupId=0, mWakefulness=Awake, mUserActivitySummary=0x1, nextTimeout=163299 (in 59998 ms)
10-19 02:09:04.952 1546 1799 D PowerManagerNotifier: onScreenPolicyUpdate: newPolicy=3
10-19 02:09:04.952 1546 1799 D PowerManagerService: updateDisplayPowerStateLocked: displayReady=true, groupId=0, policy=BRIGHT, mWakefulness=Awake, mWakeLockSummary=0x1, mUserActivitySummary=0x1, mBootCompleted=true, screenBrightnessOverride=NaN, useAutoBrightness=true, mScreenBrightnessBoostInProgress=false, mIsVrModeEnabled= false, sQuiescent=false
10-19 02:09:04.952 651 666 I mpu_uart: [MSG-P:RECV]:No message received in 1000 ms
10-19 02:09:04.956 5009 5016 I com.tencent.mm: Method exceeds compiler instruction limit: 20877 in wl.d wl.j.a(java.lang.Class)
10-19 02:09:04.965 5009 5107 I NLog : Load NLog 1.3
10-19 02:09:04.965 5009 5016 I com.tencent.mm: Method exceeds compiler instruction limit: 20877 in wl.d wl.j.a(java.lang.Class)
10-19 02:09:04.969 5009 5126 E flutter : [ERROR:flutter/lib/ui/text/fontmgr_default_android.cc(428)] fontXmlName /data/user/0/com.tencent.mm/code_cache/com.tencent.mm/flutter_custom_fonts2.xml
10-19 02:09:04.969 5009 5126 E flutter : [ERROR:flutter/lib/ui/text/fontmgr_default_android.cc(541)] use default font mgr
10-19 02:09:05.010 5009 5107 I NLog : NLog Start...
10-19 02:09:05.022 5009 5128 I NLog : NLog thread start...
10-19 02:09:05.022 5009 5128 W NLog : Call Read,Queue is null!!!!
10-19 02:09:05.022 5009 5128 I NLog : Thread wait read...
10-19 02:09:05.027 5009 5107 I NATIVE_LOG: NLogInit succeeded
10-19 02:09:05.030 5009 5016 I com.tencent.mm: Method exceeds compiler instruction limit: 20877 in wl.d wl.j.a(java.lang.Class)
10-19 02:09:05.049 2557 2557 D ViewTouchDebug: mView : DecorView@53a5678[QuickstepLauncher]Receive event : MotionEvent { action=ACTION_UP, actionButton=0, id[0]=0, x[0]=1367.0, y[0]=526.0, toolType[0]=TOOL_TYPE_FINGER, buttonState=0, classification=NONE, metaState=0, flags=0x0, edgeFlags=0x0, pointerCount=1, historySize=0, eventTime=103396, downTime=103193, deviceId=4, source=0x5002, displayId=0, eventId=1031728190 }
10-19 02:09:05.050 2557 2557 D FreeWindowHelper: setExitFlag: old=1,new=1
10-19 02:09:05.051 1546 5023 I thunderperf: Maybe need boostperf for current app!
10-19 02:09:05.052 2051 2093 D FgBoostPerfService: [FgBoostPerfService.perfBoostAcq]start: stat=true pkgName=com.tencent.mm
10-19 02:09:05.053 2051 2093 I FgBoostPerfService: [FgBoostPerfService.perfBoostAcq] not game-mode or game app!
10-19 02:09:05.053 1546 5023 I ThunderPerfManager: PerfAcq error : state=true pkgName=com.tencent.mm
10-19 02:09:05.053 2051 2093 I FgBoostPerfService: [GetGpuMode] isMode=1 isGame=false mGpuMode=1
10-19 02:09:05.054 2051 2093 I FgBoostPerfService: [GetGpuDpiType] isMode=1 isGame=false mGpuDpiType=0
10-19 02:09:05.054 2051 2093 I FgBoostPerfService: [GetGpuDpiType] isMode=1 isGame=false mGpuStandardValue=0
10-19 02:09:05.055 1546 5023 I thunderperf: Current app pkgName=com.tencent.mm bm:com.thundercomm.perf.BoostPerfManager@720aec6 gpuMode=-1 gpuType=-1 gpuStandardVal=-1
10-19 02:09:05.055 1546 5023 I ThunderBoostPerfService: Resolution: Uid=10076 Pid=2557 gMode=-1 dType=-1 gpuStandardVal=-1
10-19 02:09:05.055 1546 5023 I thunderperf: PlatormCompat.setOverrides: Uid1=10076 Pid1=2557 Uid2=10076 Pid2=2557
10-19 02:09:05.055 1546 5023 I thunderperf: PlatormCompat.setOverrides: needCheck:false
10-19 02:09:05.055 1546 5023 I thunderperf: CompatConfig.addOverrideUnsafe: bef-state=1
10-19 02:09:05.056 1546 5023 I thunderperf: CompatConfig.addOverrideUnsafe: aft-state=0
10-19 02:09:05.057 1546 5023 I thunderperf: CompatConfig.addOverrideUnsafe: bef-state=1
10-19 02:09:05.057 1546 5023 I thunderperf: CompatConfig.addOverrideUnsafe: aft-state=0
10-19 02:09:05.058 1546 5023 I thunderperf: CompatConfig.addOverrideUnsafe: bef-state=1
10-19 02:09:05.058 1546 5023 I thunderperf: CompatConfig.addOverrideUnsafe: aft-state=0
10-19 02:09:05.059 1546 5023 I thunderperf: CompatConfig.addOverrideUnsafe: bef-state=1
10-19 02:09:05.059 1546 5023 I thunderperf: CompatConfig.addOverrideUnsafe: aft-state=0
10-19 02:09:05.059 1546 5023 I thunderperf: CompatConfig.addOverrideUnsafe: bef-state=1
10-19 02:09:05.060 1546 5023 I thunderperf: CompatConfig.addOverrideUnsafe: aft-state=0
10-19 02:09:05.060 1546 5023 I thunderperf: CompatConfig.addOverrideUnsafe: bef-state=1
10-19 02:09:05.060 1546 5023 I thunderperf: CompatConfig.addOverrideUnsafe: aft-state=0
10-19 02:09:05.061 1546 5023 I thunderperf: CompatConfig.addOverrideUnsafe: bef-state=1
10-19 02:09:05.061 1546 5023 I thunderperf: CompatConfig.addOverrideUnsafe: aft-state=0
10-19 02:09:05.062 1546 5023 I thunderperf: CompatConfig.addOverrideUnsafe: bef-state=1
10-19 02:09:05.062 1546 5023 I thunderperf: CompatConfig.addOverrideUnsafe: aft-state=0
10-19 02:09:05.062 1546 5023 I thunderperf: CompatConfig.addOverrideUnsafe: bef-state=1
10-19 02:09:05.063 1546 5023 I thunderperf: CompatConfig.addOverrideUnsafe: aft-state=0
10-19 02:09:05.063 1546 5023 I thunderperf: CompatConfig.addOverrideUnsafe: bef-state=1
10-19 02:09:05.063 1546 5023 I thunderperf: CompatConfig.addOverrideUnsafe: aft-state=0
10-19 02:09:05.064 1546 5023 I thunderperf: CompatConfig.addOverrideUnsafe: bef-state=1
10-19 02:09:05.064 1546 5023 I thunderperf: CompatConfig.addOverrideUnsafe: aft-state=0
10-19 02:09:05.065 1546 5023 I thunderperf: CompatConfig.addOverrideUnsafe: bef-state=1
10-19 02:09:05.065 1546 5023 I thunderperf: CompatConfig.addOverrideUnsafe: aft-state=0
10-19 02:09:05.065 1546 5023 I thunderperf: CompatConfig.addOverrideUnsafe: bef-state=1
10-19 02:09:05.066 1546 5023 I thunderperf: CompatConfig.addOverrideUnsafe: aft-state=0
10-19 02:09:05.066 1546 5023 I thunderperf: CompatConfig.addOverrideUnsafe: bef-state=1
10-19 02:09:05.066 1546 5023 I thunderperf: CompatConfig.addOverrideUnsafe: aft-state=0
10-19 02:09:05.070 1546 5023 I ThunderBoostPerfService: Disable downscaling com.tencent.mm to 2380x1020
10-19 02:09:05.070 1546 5023 I ActivityTaskManager: isCallApp = false
10-19 02:09:05.070 1546 5023 I ActivityTaskManager: START u0 {act=android.intent.action.MAIN cat=[android.intent.category.LAUNCHER] flg=0x10200000 cmp=com.tencent.mm/.ui.LauncherUI} from uid 10076
10-19 02:09:05.070 1546 1622 I EventSequenceValidator: inc AccIntentStartedEvents to 2
10-19 02:09:05.071 1546 5023 D ActivityTaskManager: TaskLaunchParamsModifier:task=null activity=ActivityRecord{47d7062 u0 com.tencent.mm/.ui.LauncherUI taskAffinity=10100:com.tencent.mm display-area-from-source=DefaultTaskDisplayArea@15489979 display-id=0 display-windowing-mode=1 suggested-display-area=DefaultTaskDisplayArea@15489979
10-19 02:09:05.073 1546 5023 E ANDR-PERF-JNI: com_qualcomm_qtiperformance_native_perf_io_prefetch_start
10-19 02:09:05.073 1546 5023 D ActivityTaskManager: TaskLaunchParamsModifier:task=null activity=ActivityRecord{47d7062 u0 com.tencent.mm/.ui.LauncherUI taskAffinity=10100:com.tencent.mm t-1} display-area-from-source=DefaultTaskDisplayArea@15489979 display-id=0 display-windowing-mode=1 suggested-display-area=DefaultTaskDisplayArea@15489979 activity-options-bounds=Rect(12, 12 - 607, 926) non-freeform-display display-area=DefaultTaskDisplayArea@15489979
10-19 02:09:05.073 1546 5023 D FreeFormWindowHelper: recentTask : null
10-19 02:09:05.074 1546 5023 I wm_task_created: [71,-1]
10-19 02:09:05.074 1546 5023 W ActivityTaskManager: Can't find TaskDisplayArea to determine support for multi window. Task id=71 attached=false
10-19 02:09:05.075 1546 5023 D ActivityTaskManager: TaskLaunchParamsModifier:task=Task{2169529 #71 type=standard A=10100:com.tencent.mm U=0 visible=true mode=freeform translucent=true sz=0 visible freeform task=true rootAffinity=10100:com.tencent.mm isMini=false} activity=ActivityRecord{47d7062 u0 com.tencent.mm/.ui.LauncherUI taskAffinity=10100:com.tencent.mm t-1} display-area-from-source=DefaultTaskDisplayArea@15489979 display-id=0 display-windowing-mode=1 suggested-display-area=DefaultTaskDisplayArea@15489979 activity-options-bounds=Rect(12, 12 - 607, 926) non-freeform-display display-area=DefaultTaskDisplayArea@15489979
10-19 02:09:05.077 1546 5023 D CompatibilityChangeReporter: Compat change id reported: 174042980; UID 10100; state: DISABLED
10-19 02:09:05.078 1546 5023 D CompatibilityChangeReporter: Compat change id reported: 184838306; UID 10100; state: DISABLED
10-19 02:09:05.078 1546 5023 D CompatibilityChangeReporter: Compat change id reported: 185004937; UID 10100; state: DISABLED
10-19 02:09:05.078 1546 5023 D CompatibilityChangeReporter: Compat change id reported: 181136395; UID 10100; state: DISABLED
10-19 02:09:05.078 1546 5023 D CompatibilityChangeReporter: Compat change id reported: 174042936; UID 10100; state: DISABLED
10-19 02:09:05.079 1546 5023 I wm_task_moved: [71,1,6]
10-19 02:09:05.079 1546 5023 I wm_task_to_front: [0,71]
10-19 02:09:05.079 1546 5023 I wm_create_task: [0,71]
10-19 02:09:05.079 1546 5023 I wm_create_activity: [0,75329634,71,com.tencent.mm/.ui.LauncherUI,android.intent.action.MAIN,NULL,NULL,270532608]
10-19 02:09:05.079 1546 5023 I wm_task_moved: [71,1,6]
10-19 02:09:05.080 1546 5023 D CompatibilityChangeReporter: Compat change id reported: 168419799; UID 10100; state: DISABLED
10-19 02:09:05.080 1546 5023 D CompatibilityInfo: mCompatibilityFlags - 4
10-19 02:09:05.080 1546 5023 D CompatibilityInfo: applicationDensity - 240
10-19 02:09:05.080 1546 5023 D CompatibilityInfo: applicationScale - 1.0
10-19 02:09:05.080 1546 5023 I ActivityTaskManager: FOREGROUND_APPLICATION_CHANGED to com.tencent.mm.ui.LauncherUI
10-19 02:09:05.080 1546 5023 I ActivityTaskManager: The Process com.tencent.mm Already Exists in BG. So sending its PID: 5009
10-19 02:09:05.080 836 3399 E ANDR-IOP: io prefetch is disabled
10-19 02:09:05.080 1546 5023 I wm_restart_activity: [0,75329634,71,com.tencent.mm/.ui.LauncherUI]
10-19 02:09:05.080 1546 5023 D CompatibilityInfo: mCompatibilityFlags - 4
10-19 02:09:05.080 1546 5023 D CompatibilityInfo: applicationDensity - 240
10-19 02:09:05.080 1546 5023 D CompatibilityInfo: applicationScale - 1.0
10-19 02:09:05.081 1546 5023 I wm_set_resumed_activity: [0,com.tencent.mm/.ui.LauncherUI,minimalResumeActivityLocked]
10-19 02:09:05.081 1546 5023 D RecentTaskTest: checkUnusedTasks : 5
10-19 02:09:05.081 1546 5023 D RecentTaskTest: skip to remove task since it is system task : Task{9420002 #62 type=undefined A=10035:com.bilibili.bilithings U=0 visible=false mode=fullscreen translucent=true sz=0 visible freeform task=true rootAffinity=10035:com.bilibili.bilithings isMini=false}
10-19 02:09:05.081 1546 5023 D RecentTaskTest: skip to remove task since it is system task : Task{a6cd13 #66 type=undefined A=1000:com.android.settings.root U=0 visible=false mode=fullscreen translucent=true sz=0 visible freeform task=true rootAffinity=1000:com.android.settings.root isMini=false}
10-19 02:09:05.081 1546 5023 D RecentTaskTest: nonSystemUnusedAppTasks size : 1
10-19 02:09:05.081 1546 5023 D RecentTaskTest: nonSystemUnusedAppTasks task : Task{2169529 #71 type=standard A=10100:com.tencent.mm U=0 visible=true mode=freeform translucent=false sz=1 visible freeform task=true rootAffinity=10100:com.tencent.mm isMini=false}
10-19 02:09:05.081 1546 5023 D RecentTaskTest: Inactive Time : 0ms
10-19 02:09:05.081 1546 5023 D RecentTaskTest:
10-19 02:09:05.081 1546 5023 D FreeFormWindowHelper: handleFreeformTask : Task{2169529 #71 type=standard A=10100:com.tencent.mm U=0 visible=true mode=freeform translucent=false sz=1 visible freeform task=true rootAffinity=10100:com.tencent.mm isMini=false}
10-19 02:09:05.081 1546 5023 D FreeFormWindowHelper: mFreeFormTask : null
10-19 02:09:05.081 1546 5023 D FreeFormWindowHelper: mInRecent : false
10-19 02:09:05.081 1546 5023 D FreeFormWindowHelper: add new freeform task : Task{2169529 #71 type=standard A=10100:com.tencent.mm U=0 visible=true mode=freeform translucent=false sz=1 visible freeform task=true rootAffinity=10100:com.tencent.mm isMini=false}
10-19 02:09:05.081 1546 5023 D FreeFormWindowHelper:
10-19 02:09:05.083 2557 2557 D StateManager: goToState: Normal animated: true
10-19 02:09:05.086 1546 3681 D CompatibilityChangeReporter: Compat change id reported: 157233955; UID 10100; state: DISABLED
10-19 02:09:05.087 2557 2557 I wm_on_top_resumed_lost_called: [252077482,com.android.launcher3.uioverrides.QuickstepLauncher,topStateChangedWhenResumed]
10-19 02:09:05.104 893 893 I BpBinder: onLastStrongRef automatically unlinking death recipients:
10-19 02:09:05.120 5009 5053 D [KindaLib] JniHelper: jniInit
10-19 02:09:05.121 5009 5016 I com.tencent.mm: Method exceeds compiler instruction limit: 20877 in wl.d wl.j.a(java.lang.Class)
10-19 02:09:05.122 5009 5009 E Instrumentation: Uninitialized ActivityThread, likely app-created Instrumentation, disabling AppComponentFactory
10-19 02:09:05.122 5009 5009 E Instrumentation: java.lang.Throwable
10-19 02:09:05.122 5009 5009 E Instrumentation: at android.app.Instrumentation.getFactory(Instrumentation.java:1283)
10-19 02:09:05.122 5009 5009 E Instrumentation: at android.app.Instrumentation.newActivity(Instrumentation.java:1274)
10-19 02:09:05.122 5009 5009 E Instrumentation: at com.tencent.mm.splash.j.newActivity(SourceFile:122)
10-19 02:09:05.122 5009 5009 E Instrumentation: at com.tencent.mm.pluginguard.ActivityHookInstrumentation.newActivity(SourceFile:8)
10-19 02:09:05.122 5009 5009 E Instrumentation: at android.app.ActivityThread.performLaunchActivity(ActivityThread.java:3533)
10-19 02:09:05.122 5009 5009 E Instrumentation: at android.app.ActivityThread.handleLaunchActivity(ActivityThread.java:3793)
10-19 02:09:05.122 5009 5009 E Instrumentation: at android.app.servertransaction.LaunchActivityItem.execute(LaunchActivityItem.java:103)
10-19 02:09:05.122 5009 5009 E Instrumentation: at android.app.servertransaction.TransactionExecutor.executeCallbacks(TransactionExecutor.java:135)
10-19 02:09:05.122 5009 5009 E Instrumentation: at android.app.servertransaction.TransactionExecutor.execute(TransactionExecutor.java:95)
10-19 02:09:05.122 5009 5009 E Instrumentation: at android.app.ActivityThread$H.handleMessage(ActivityThread.java:2211)
10-19 02:09:05.122 5009 5009 E Instrumentation: at android.os.Handler.dispatchMessage(Handler.java:106)
10-19 02:09:05.122 5009 5009 E Instrumentation: at android.os.Looper.loopOnce(Looper.java:201)
10-19 02:09:05.122 5009 5009 E Instrumentation: at android.os.Looper.loop(Looper.java:288)
10-19 02:09:05.122 5009 5009 E Instrumentation: at android.app.ActivityThread.main(ActivityThread.java:7880)
10-19 02:09:05.122 5009 5009 E Instrumentation: at java.lang.reflect.Method.invoke(Native Method)
10-19 02:09:05.122 5009 5009 E Instrumentation: at com.android.internal.os.RuntimeInit$MethodAndArgsCaller.run(RuntimeInit.java:548)
10-19 02:09:05.122 5009 5009 E Instrumentation: at com.android.internal.os.ZygoteInit.main(ZygoteInit.java:1009)
10-19 02:09:05.131 5009 5053 D [KindaLib] JniHelper: register_constructor_proxy_method
10-19 02:09:05.137 5009 5016 I com.tencent.mm: Method exceeds compiler instruction limit: 20877 in wl.d wl.j.a(java.lang.Class)
10-19 02:09:05.140 5009 5050 D CompatibilityChangeReporter: Compat change id reported: 171228096; UID 10100; state: ENABLED
10-19 02:09:05.145 5009 5009 E ActivityThread: Failed to find provider info for com.google.android.gms.phenotype
10-19 02:09:05.147 5009 5016 I com.tencent.mm: Method exceeds compiler instruction limit: 20877 in wl.d wl.j.a(java.lang.Class)
10-19 02:09:05.174 1546 5023 D CompatibilityChangeReporter: Compat change id reported: 135634846; UID 10100; state: DISABLED
10-19 02:09:05.174 1546 5023 D CompatibilityChangeReporter: Compat change id reported: 177438394; UID 10100; state: DISABLED
10-19 02:09:05.174 1546 5023 D CompatibilityChangeReporter: Compat change id reported: 135772972; UID 10100; state: DISABLED
10-19 02:09:05.174 1546 1637 D CompatibilityChangeReporter: Compat change id reported: 143937733; UID 10100; state: DISABLED
10-19 02:09:05.178 671 671 D Zygote : Forked child process 5144
10-19 02:09:05.178 1546 1637 I am_proc_start: [0,5144,10100,com.tencent.mm:push,service,{com.tencent.mm/com.tencent.mm.booter.CoreService}]
10-19 02:09:05.178 1546 1637 I ActivityManager: Start proc 5144:com.tencent.mm:push/u0a100 for service {com.tencent.mm/com.tencent.mm.booter.CoreService}
10-19 02:09:05.181 5144 5144 I libc : SetHeapTaggingLevel: tag level set to 0
10-19 02:09:05.181 1546 5023 I thunderperf: Maybe need boostperf for current app!
10-19 02:09:05.181 2051 2093 D FgBoostPerfService: [FgBoostPerfService.perfBoostAcq]start: stat=true pkgName=com.tencent.mm
10-19 02:09:05.181 2051 2093 I FgBoostPerfService: [FgBoostPerfService.perfBoostAcq] not game-mode or game app!
10-19 02:09:05.181 1546 5023 I ThunderPerfManager: PerfAcq error : state=true pkgName=com.tencent.mm
10-19 02:09:05.181 2051 2093 I FgBoostPerfService: [GetGpuMode] isMode=1 isGame=false mGpuMode=1
10-19 02:09:05.181 2051 2093 I FgBoostPerfService: [GetGpuDpiType] isMode=1 isGame=false mGpuDpiType=0
10-19 02:09:05.182 2051 2093 I FgBoostPerfService: [GetGpuDpiType] isMode=1 isGame=false mGpuStandardValue=0
10-19 02:09:05.182 1546 5023 I thunderperf: Current app pkgName=com.tencent.mm bm:com.thundercomm.perf.BoostPerfManager@720aec6 gpuMode=-1 gpuType=-1 gpuStandardVal=-1
10-19 02:09:05.182 1546 5023 I ThunderBoostPerfService: Resolution: Uid=10100 Pid=5009 gMode=-1 dType=-1 gpuStandardVal=-1
10-19 02:09:05.182 1546 5023 I thunderperf: PlatormCompat.setOverrides: Uid1=10100 Pid1=5009 Uid2=10100 Pid2=5009
10-19 02:09:05.182 1546 5023 I thunderperf: PlatormCompat.setOverrides: needCheck:false
10-19 02:09:05.182 1546 5023 W PackageManager: MATCH_ANY_USER flag requires INTERACT_ACROSS_USERS permission: UID 10100 requires android.permission.INTERACT_ACROSS_USERS_FULL or android.permission.INTERACT_ACROSS_USERS to access user 0.
10-19 02:09:05.182 1546 5023 E BoostPerfManager: UpdateResolution SecurityException : e=java.lang.SecurityException: MATCH_ANY_USER flag requires INTERACT_ACROSS_USERS permission: UID 10100 requires android.permission.INTERACT_ACROSS_USERS_FULL or android.permission.INTERACT_ACROSS_USERS to access user 0.
10-19 02:09:05.182 1546 5023 I ActivityTaskManager: isCallApp = false
10-19 02:09:05.182 1546 5023 I ActivityTaskManager: START u0 {flg=0x20000000 cmp=com.tencent.mm/.plugin.account.ui.WelcomeActivity (has extras)} from uid 10100
10-19 02:09:05.182 1546 5023 D ActivityTaskManager: TaskLaunchParamsModifier:task=null activity=ActivityRecord{e47a786 u0 com.tencent.mm/.plugin.account.ui.WelcomeActivity taskAffinity=10100:com.tencent.mm display-area-from-source=DefaultTaskDisplayArea@15489979 display-id=0 display-windowing-mode=1 suggested-display-area=DefaultTaskDisplayArea@15489979
10-19 02:09:05.182 1546 5023 D ActivityTaskManager: TaskLaunchParamsModifier:task=Task{2169529 #71 type=standard A=10100:com.tencent.mm U=0 visible=true mode=freeform translucent=false sz=1 visible freeform task=true rootAffinity=10100:com.tencent.mm isMini=false} activity=ActivityRecord{e47a786 u0 com.tencent.mm/.plugin.account.ui.WelcomeActivity taskAffinity=10100:com.tencent.mm t-1} display-area-from-source=DefaultTaskDisplayArea@15489979 display-id=0 display-windowing-mode=1 suggested-display-area=DefaultTaskDisplayArea@15489979 non-freeform-display display-area=DefaultTaskDisplayArea@15489979
10-19 02:09:05.182 1546 5023 D FreeFormWindowHelper: recentTask : null
10-19 02:09:05.183 1546 5023 I wm_task_moved: [71,1,6]
10-19 02:09:05.184 1546 5023 I wm_set_resumed_activity: [0,com.tencent.mm/.ui.LauncherUI,positionChildAt]
10-19 02:09:05.184 1546 5023 I wm_create_activity: [0,239576966,71,com.tencent.mm/.plugin.account.ui.WelcomeActivity,NULL,NULL,NULL,536870912]
10-19 02:09:05.184 1546 5023 D CompatibilityInfo: mCompatibilityFlags - 4
10-19 02:09:05.184 1546 5023 D CompatibilityInfo: applicationDensity - 240
10-19 02:09:05.184 1546 5023 D CompatibilityInfo: applicationScale - 1.0
10-19 02:09:05.184 1546 5023 D ActivityTrigger: ActivityTrigger activityPauseTrigger
10-19 02:09:05.184 1546 5023 I wm_pause_activity: [0,75329634,com.tencent.mm/.ui.LauncherUI,userLeaving=true,resumeTopActivityInnerLocked]
10-19 02:09:05.184 1546 5023 D PowerManagerService: acquireWakeLockInternal: lock=227281559, flags=0x1, tag="*launch*", ws=WorkSource{10100}, uid=1000, pid=1546
10-19 02:09:05.184 1546 5023 D PowerManagerService: updateWakeLockSummaryLocked: mWakefulness=Awake, mWakeLockSummary=0x1
10-19 02:09:05.184 1546 5023 D PowerManagerService: updateUserActivitySummaryLocked: groupId=0, mWakefulness=Awake, mUserActivitySummary=0x1, nextTimeout=163299 (in 59767 ms)
10-19 02:09:05.184 1546 5023 D PowerManagerNotifier: onScreenPolicyUpdate: newPolicy=3
10-19 02:09:05.184 1546 5023 D PowerManagerService: updateDisplayPowerStateLocked: displayReady=true, groupId=0, policy=BRIGHT, mWakefulness=Awake, mWakeLockSummary=0x1, mUserActivitySummary=0x1, mBootCompleted=true, screenBrightnessOverride=NaN, useAutoBrightness=true, mScreenBrightnessBoostInProgress=false, mIsVrModeEnabled= false, sQuiescent=false
10-19 02:09:05.187 5144 5144 E tencent.mm:pus: Not starting debugger since process cannot load the jdwp agent.
10-19 02:09:05.188 5144 5144 D ProcessState: Binder ioctl to enable oneway spam detection failed: Invalid argument
10-19 02:09:05.188 5009 5016 I com.tencent.mm: Method exceeds compiler instruction limit: 20877 in wl.d wl.j.a(java.lang.Class)
10-19 02:09:05.188 0 0 I [ 103.536405] binder: 5144:5144 ioctl 40046210 7fd6808274 returned -22
10-19 02:09:05.192 1546 2100 I am_proc_bound: [0,5144,com.tencent.mm:push]
10-19 02:09:05.192 5009 5009 I wm_on_create_called: [75329634,com.tencent.mm.ui.LauncherUI,performCreate]
10-19 02:09:05.192 1546 2100 D CompatibilityInfo: mCompatibilityFlags - 4
10-19 02:09:05.192 1546 2100 D CompatibilityInfo: applicationDensity - 240
10-19 02:09:05.192 1546 2100 D CompatibilityInfo: applicationScale - 1.0
10-19 02:09:05.193 1546 2100 I ActivityTaskManager: clear resize flag in freeform mode
10-19 02:09:05.193 1546 2100 I ActivityTaskManager: The Process com.tencent.mm Already Exists in BG. So sending its PID: 5009
10-19 02:09:05.193 1546 2100 D CompatibilityInfo: mCompatibilityFlags - 4
10-19 02:09:05.193 1546 2100 D CompatibilityInfo: applicationDensity - 240
10-19 02:09:05.193 1546 2100 D CompatibilityInfo: applicationScale - 1.0
10-19 02:09:05.194 5144 5144 D CompatibilityChangeReporter: Compat change id reported: 171979766; UID 10100; state: DISABLED
10-19 02:09:05.194 1546 5023 D CompatibilityInfo: mCompatibilityFlags - 4
10-19 02:09:05.194 1546 5023 D CompatibilityInfo: applicationDensity - 240
10-19 02:09:05.194 1546 5023 D CompatibilityInfo: applicationScale - 1.0
10-19 02:09:05.198 5144 5144 D ApplicationLoaders: Returning zygote-cached class loader: /system/framework/android.test.base.jar
10-19 02:09:05.198 5009 5016 I com.tencent.mm: Method exceeds compiler instruction limit: 20877 in wl.d wl.j.a(java.lang.Class)
10-19 02:09:05.204 5144 5144 I Perf : Connecting to perf service.
10-19 02:09:05.205 5009 5009 I wm_on_start_called: [75329634,com.tencent.mm.ui.LauncherUI,handleStartActivity]
10-19 02:09:05.205 5009 5016 I com.tencent.mm: Method exceeds compiler instruction limit: 20877 in wl.d wl.j.a(java.lang.Class)
10-19 02:09:05.206 5144 5144 V GraphicsEnvironment: ANGLE Developer option for 'com.tencent.mm' set to: 'default'
10-19 02:09:05.206 5144 5144 V GraphicsEnvironment: ANGLE GameManagerService for com.tencent.mm: false
10-19 02:09:05.206 5144 5144 V GraphicsEnvironment: Updatable production driver is not supported on the device.
10-19 02:09:05.207 5144 5144 D NetworkSecurityConfig: Using Network Security Config from resource be debugBuild: false
10-19 02:09:05.207 5144 5144 D NetworkSecurityConfig: Using Network Security Config from resource be debugBuild: false
10-19 02:09:05.209 5009 5167 E FA : Task exception on worker thread: java.lang.IllegalStateException: AppMeasurement is not initialized: com.google.android.gms.internal.measurement.zzgl.zzch(Unknown Source:9)
10-19 02:09:05.210 5009 5167 E FA : Task exception on worker thread: java.lang.IllegalStateException: Not initialized: com.google.android.gms.internal.measurement.zzhh.zzch(Unknown Source:11)
10-19 02:09:05.210 5009 5167 E FA : Persisted config not initialized. Not logging error/warn
10-19 02:09:05.210 5009 5167 E FA : Persisted config not initialized. Not logging error/warn
10-19 02:09:05.214 5009 5016 I com.tencent.mm: Method exceeds compiler instruction limit: 20877 in wl.d wl.j.a(java.lang.Class)
10-19 02:09:05.217 1546 5023 I thunderperf: Maybe need boostperf for current app!
10-19 02:09:05.217 2051 2093 D FgBoostPerfService: [FgBoostPerfService.perfBoostAcq]start: stat=true pkgName=com.tencent.mm
10-19 02:09:05.217 2051 2093 I FgBoostPerfService: [FgBoostPerfService.perfBoostAcq] not game-mode or game app!
10-19 02:09:05.217 1546 5023 I ThunderPerfManager: PerfAcq error : state=true pkgName=com.tencent.mm
10-19 02:09:05.217 2051 3321 I FgBoostPerfService: [GetGpuMode] isMode=1 isGame=false mGpuMode=1
10-19 02:09:05.218 2051 3321 I FgBoostPerfService: [GetGpuDpiType] isMode=1 isGame=false mGpuDpiType=0
10-19 02:09:05.218 2051 2093 I FgBoostPerfService: [GetGpuDpiType] isMode=1 isGame=false mGpuStandardValue=0
10-19 02:09:05.218 1546 5023 I thunderperf: Current app pkgName=com.tencent.mm bm:com.thundercomm.perf.BoostPerfManager@720aec6 gpuMode=-1 gpuType=-1 gpuStandardVal=-1
10-19 02:09:05.218 1546 5023 I ThunderBoostPerfService: Resolution: Uid=10100 Pid=5009 gMode=-1 dType=-1 gpuStandardVal=-1
10-19 02:09:05.218 1546 5023 I thunderperf: PlatormCompat.setOverrides: Uid1=10100 Pid1=5009 Uid2=10100 Pid2=5009
10-19 02:09:05.218 1546 5023 I thunderperf: PlatormCompat.setOverrides: needCheck:false
10-19 02:09:05.218 1546 5023 W PackageManager: MATCH_ANY_USER flag requires INTERACT_ACROSS_USERS permission: UID 10100 requires android.permission.INTERACT_ACROSS_USERS_FULL or android.permission.INTERACT_ACROSS_USERS to access user 0.
