10-19 02:08:31.664 2320 2320 D RemoteControlService: startVlanDispatchThread
10-19 02:08:31.741 651 666 I mpu_uart: [MSG-P:RECV]:No message received in 1000 ms
10-19 02:08:32.741 651 666 I mpu_uart: [MSG-P:RECV]:No message received in 1000 ms
10-19 02:08:32.787 1546 1674 D PowerManagerService: handleUserActivityTimeout
10-19 02:08:32.789 1546 1674 D PowerManagerService: updateUserActivitySummaryLocked: groupId=0, mWakefulness=Awake, mUserActivitySummary=0x4, nextTimeout=-1 (71138 ms ago)
10-19 02:08:32.789 1546 1674 D PowerManagerService: updateWakefulnessLocked: Bed time for group 0
10-19 02:08:32.789 1546 1674 D PowerManagerService: dreamDisplayGroupNoUpdateLocked: eventTime=71137, uid=1000
10-19 02:08:32.789 1546 1674 I PowerManagerService: Napping display group (groupId=0, uid=1000)...
10-19 02:08:32.789 1546 1674 D PowerManagerService: setGlobalWakefulnessLocked
10-19 02:08:32.789 1546 1674 I PowerManagerService: Nap time (uid 1000)...
10-19 02:08:32.792 1546 1674 D PowerManagerNotifier: onWakefulnessChangeStarted
10-19 02:08:32.792 1546 1674 D PowerManagerNotifier: onWakefulnessChangeStarted: wakefulness=2, reason=0, interactive=true
10-19 02:08:32.792 1546 1674 D PowerManagerNotifier: onWakefulnessChangeStarted:mInteractive == interactive, so have no handleEarlyInteractiveChange
10-19 02:08:32.793 1546 1674 D PowerManagerService: updateWakeLockSummaryLocked: mWakefulness=Dreaming, mWakeLockSummary=0x0
10-19 02:08:32.793 1546 1674 D PowerManagerService: updateUserActivitySummaryLocked: groupId=0, mWakefulness=Dreaming, mUserActivitySummary=0x4, nextTimeout=-1 (71142 ms ago)
10-19 02:08:32.793 1546 1674 D PowerManagerNotifier: onScreenPolicyUpdate: newPolicy=3
10-19 02:08:32.793 1546 1674 D PowerManagerService: updateDisplayPowerStateLocked: displayReady=true, groupId=0, policy=BRIGHT, mWakefulness=Dreaming, mWakeLockSummary=0x0, mUserActivitySummary=0x4, mBootCompleted=true, screenBrightnessOverride=NaN, useAutoBrightness=true, mScreenBrightnessBoostInProgress=false, mIsVrModeEnabled= false, sQuiescent=false
10-19 02:08:32.793 1546 1674 D PowerManagerNotifier: onWakefulnessChangeFinished
10-19 02:08:32.795 1546 1674 I DreamManagerService: Entering dreamland.
10-19 02:08:32.796 1546 1674 D PowerManagerService: acquireWakeLockInternal: lock=64723071, flags=0x1, tag="startDream", ws=null, uid=1000, pid=1546
10-19 02:08:32.796 1546 1674 D PowerManagerService: updateWakeLockSummaryLocked: mWakefulness=Dreaming, mWakeLockSummary=0x1
10-19 02:08:32.796 1546 1674 D PowerManagerService: updateUserActivitySummaryLocked: groupId=0, mWakefulness=Dreaming, mUserActivitySummary=0x4, nextTimeout=-1 (71146 ms ago)
10-19 02:08:32.797 1546 1674 D PowerManagerNotifier: onScreenPolicyUpdate: newPolicy=3
10-19 02:08:32.797 1546 1674 D PowerManagerService: updateDisplayPowerStateLocked: displayReady=true, groupId=0, policy=BRIGHT, mWakefulness=Dreaming, mWakeLockSummary=0x1, mUserActivitySummary=0x4, mBootCompleted=true, screenBrightnessOverride=NaN, useAutoBrightness=true, mScreenBrightnessBoostInProgress=false, mIsVrModeEnabled= false, sQuiescent=false
10-19 02:08:32.797 1546 1674 D PowerManagerService: Acquiring suspend blocker "PowerManagerService.WakeLocks".
10-19 02:08:32.797 1546 1674 E power : power acquire_wake_lock enter!
10-19 02:08:32.797 1546 1674 E power : power acquire_wake_lock exit!
10-19 02:08:32.797 573 573 E android.system.suspend@1.0-service: SystemSuspend::acquireWakeLock enter!pid = 1546: Success
10-19 02:08:32.797 573 573 E android.system.suspend@1.0-service: SystemSuspend::acquireWakeLock exit!: Success
10-19 02:08:32.798 1546 1674 D PowerManagerNotifier: onWakeLockAcquired: flags=1, tag="startDream", packageName=android, ownerUid=1000, ownerPid=1546, workSource=null
10-19 02:08:32.799 1546 1674 I PowerManagerService: Dreaming...
10-19 02:08:32.800 1546 1618 I DreamController: stopDream: immediate=true reason=starting new dream mCurrentDream=null
10-19 02:08:32.805 1546 1546 I ActivityManager: Killing 3336:android.process.media/u0a17 (adj 915): empty #2
10-19 02:08:32.805 1546 1546 I am_kill : [0,3336,android.process.media,915,empty #2]
10-19 02:08:32.807 1546 1546 I ActivityManager: Killing 2594:com.qualcomm.qti.qccauthmgr/u0a85 (adj 925): empty #3
10-19 02:08:32.807 1546 1546 I am_kill : [0,2594,com.qualcomm.qti.qccauthmgr,925,empty #3]
10-19 02:08:32.808 1546 1546 I ActivityManager: Killing 3215:android.process.acore/u0a26 (adj 935): empty #4
10-19 02:08:32.808 1546 1546 I am_kill : [0,3215,android.process.acore,935,empty #4]
10-19 02:08:32.811 1546 1642 I libprocessgroup: Successfully killed process cgroup uid 10017 pid 3336 in 5ms
10-19 02:08:32.812 1546 1546 I ActivityManager: Killing 2455:com.thundercomm.gamemode.provider/u0a67 (adj 945): empty #5
10-19 02:08:32.812 1546 1546 I am_kill : [0,2455,com.thundercomm.gamemode.provider,945,empty #5]
10-19 02:08:32.816 1546 1546 V InputMethodMenuController: Hide switching menu
10-19 02:08:32.816 1546 1618 I DreamController: Starting dream: name=ComponentInfo{com.thundercomm.screensaver/com.thundercomm.screensaver.service.SystemDream}, isTest=false, canDoze=false, userId=0
10-19 02:08:32.817 1546 1618 I sysui_multi_action: [757,222,758,1]
10-19 02:08:32.820 1889 1889 V ShadeControllerImpl: NotificationShadeWindow: com.android.systemui.statusbar.phone.NotificationShadeWindowView{43dd28 I.E...... ......ID 0,0-2380,1020} canPanelBeCollapsed(): false
10-19 02:08:32.820 1546 1618 D CompatibilityChangeReporter: Compat change id reported: 135634846; UID 1000; state: DISABLED
10-19 02:08:32.820 1546 1618 D CompatibilityChangeReporter: Compat change id reported: 177438394; UID 1000; state: DISABLED
10-19 02:08:32.820 1546 1618 D CompatibilityChangeReporter: Compat change id reported: 135772972; UID 1000; state: DISABLED
10-19 02:08:32.821 1889 1889 D vol.VolumeDialogImpl: mDialog.dismiss() reason: volume_controller from: com.android.systemui.volume.VolumeDialogImpl$7.onDismissRequested:2026
10-19 02:08:32.821 1546 1618 D CompatibilityChangeReporter: Compat change id reported: 135754954; UID 1000; state: ENABLED
10-19 02:08:32.821 1889 1889 D vol.VolumeDialogImpl: dismissH:mIsAnimatingDismiss <- true
10-19 02:08:32.821 1889 1889 D vol.VolumeDialogImpl: DialogView dismiss animator canceled
10-19 02:08:32.822 1889 1889 D ViewPropertyAnimator: startAnimation:put mPendingOnEndAction
10-19 02:08:32.822 1889 1889 D vol.VolumeDialogImpl: onAnimationStart
10-19 02:08:32.822 1889 1889 D vol.VolumeDialogImpl: DialogView dismiss animator started
10-19 02:08:32.830 1546 1634 I am_pss : [4205,10058,com.qualcomm.qti.qms.service.trustzoneaccess,5913600,3784704,0,93274112,0,19,6]
10-19 02:08:32.836 671 671 D Zygote : Forked child process 4310
10-19 02:08:32.836 1546 1637 I am_proc_start: [0,4310,1000,com.thundercomm.screensaver,service,{com.thundercomm.screensaver/com.thundercomm.screensaver.service.SystemDream}]
10-19 02:08:32.837 1546 1637 I ActivityManager: Start proc 4310:com.thundercomm.screensaver/1000 for service {com.thundercomm.screensaver/com.thundercomm.screensaver.service.SystemDream}
10-19 02:08:32.839 0 0 I [ 71.187084] binder: undelivered transaction 50398, process died.
10-19 02:08:32.839 1546 3681 D CountryDetector: No listener is left
10-19 02:08:32.839 1546 1642 I libprocessgroup: Successfully killed process cgroup uid 10085 pid 2594 in 0ms
10-19 02:08:32.839 1546 3322 I am_proc_died: [0,3215,android.process.acore,935,19]
10-19 02:08:32.841 1546 3322 I am_uid_stopped: 10026
10-19 02:08:32.842 1546 2100 I am_proc_died: [0,3336,android.process.media,915,19]
10-19 02:08:32.844 1546 2100 I am_uid_stopped: 10017
10-19 02:08:32.845 1546 1634 I am_pss : [4016,10100,com.tencent.mm:push,119573504,112328704,0,226295808,0,10,9]
10-19 02:08:32.846 671 671 I Zygote : Process 3336 exited due to signal 9 (Killed)
10-19 02:08:32.847 671 671 I Zygote : Process 3215 exited due to signal 9 (Killed)
10-19 02:08:32.851 1546 1634 I am_pss : [3025,10074,com.qualcomm.location.XT,6748160,4558848,0,94842880,0,6,5]
10-19 02:08:32.854 671 671 I Zygote : Process 2594 exited due to signal 9 (Killed)
10-19 02:08:32.854 1546 4311 I am_proc_died: [0,2594,com.qualcomm.qti.qccauthmgr,925,19]
10-19 02:08:32.855 1546 4311 I am_uid_stopped: 10085
10-19 02:08:32.857 4310 4310 E omm.screensave: Not starting debugger since process cannot load the jdwp agent.
10-19 02:08:32.858 1546 1642 I libprocessgroup: Successfully killed process cgroup uid 10026 pid 3215 in 0ms
10-19 02:08:32.858 1546 1634 I am_pss : [3732,1000,com.huawei.nearby,9947136,6897664,0,106680320,0,6,6]
10-19 02:08:32.858 1546 1642 I libprocessgroup: Successfully killed process cgroup uid 10067 pid 2455 in 0ms
10-19 02:08:32.863 0 0 I [ 71.208548] binder: 4310:4310 ioctl 40046210 7fd6808274 returned -22
10-19 02:08:32.860 4310 4310 D ProcessState: Binder ioctl to enable oneway spam detection failed: Invalid argument
10-19 02:08:32.865 1546 1634 I am_pss : [3584,10028,com.huawei.hms.kitframework,12275712,9601024,0,105558016,0,6,6]
10-19 02:08:32.865 1546 4311 I am_proc_died: [0,2455,com.thundercomm.gamemode.provider,945,19]
10-19 02:08:32.865 1546 4311 I am_uid_stopped: 10067
10-19 02:08:32.865 671 671 I Zygote : Process 2455 exited due to signal 9 (Killed)
10-19 02:08:32.867 1546 2100 I am_proc_bound: [0,4310,com.thundercomm.screensaver]
10-19 02:08:32.869 1546 2100 I service_manager_stats: [100,58,58714]
10-19 02:08:32.869 1546 2100 D CompatibilityInfo: mCompatibilityFlags - 4
10-19 02:08:32.869 1546 2100 D CompatibilityInfo: applicationDensity - 240
10-19 02:08:32.869 1546 2100 D CompatibilityInfo: applicationScale - 1.0
10-19 02:08:32.870 1546 1634 I am_pss : [3715,10040,com.huawei.hisight,8957952,6520832,0,99663872,0,6,6]
10-19 02:08:32.872 1546 2100 D CompatibilityInfo: mCompatibilityFlags - 4
10-19 02:08:32.872 1546 2100 D CompatibilityInfo: applicationDensity - 240
10-19 02:08:32.872 1546 2100 D CompatibilityInfo: applicationScale - 1.0
10-19 02:08:32.875 4310 4310 D CompatibilityChangeReporter: Compat change id reported: 171979766; UID 1000; state: ENABLED
10-19 02:08:32.877 1546 1634 I am_pss : [3617,1000,com.huawei.dmsdpdevice,14309376,10850304,0,111443968,0,0,6]
10-19 02:08:32.884 1546 1634 I am_pss : [3360,1000,com.qti.diagservices,6576128,4059136,0,96702464,0,10,6]
10-19 02:08:32.896 1546 1634 I am_pss : [3307,10036,com.baidu.input_hryt,101118976,84762624,0,231653376,0,7,10]
10-19 02:08:32.902 1546 1634 I am_pss : [2957,10091,com.hryt.lebotp,34732032,11419648,0,104116224,0,0,5]
10-19 02:08:32.908 1546 1634 I am_pss : [2951,10089,com.qualcomm.qti.workloadclassifier,8710144,6635520,0,94670848,0,0,5]
10-19 02:08:32.913 1546 1634 I am_pss : [2930,10090,com.qualcomm.qti.qccnetstat,6483968,4329472,0,92733440,0,0,5]
10-19 02:08:32.918 1546 1634 I am_pss : [2925,10079,com.qualcomm.qti.services.systemhelper:systemhelper_service,6654976,4440064,0,95199232,0,0,4]
10-19 02:08:32.924 1546 1634 I am_pss : [2897,10061,.pasr,5653504,3604480,0,91066368,0,0,5]
10-19 02:08:32.930 1546 1634 I am_pss : [2864,1000,com.hryt.hiphishowfsecontrol,14735360,12075008,0,108310528,0,0,6]
10-19 02:08:32.935 1546 1634 I am_pss : [2839,10064,ts.car.uart,6461440,4415488,0,92164096,0,0,5]
10-19 02:08:32.941 1546 1634 I am_pss : [2357,1000,com.hryt.hicar.hicarlauncher,13211648,10665984,0,105058304,0,0,5]
10-19 02:08:32.947 1546 1634 I am_pss : [2380,1000,com.qualcomm.qti.qdma,9837568,6586368,0,106958848,0,0,5]
10-19 02:08:32.952 1546 1634 I am_pss : [3214,10069,com.qualcomm.qti.devicestatisticsservice,5619712,3551232,0,90525696,0,0,5]
10-19 02:08:32.957 1546 1634 I am_pss : [2320,1000,com.thundercomm.remotecontrolservice,9877504,6914048,0,104919040,0,0,4]
10-19 02:08:32.962 1546 1634 I am_pss : [2326,1000,com.thundercomm.tcservice,11186176,8921088,0,100794368,0,0,4]
10-19 02:08:32.967 1546 1634 I am_pss : [2273,10088,com.qti.qualcomm.mstatssystemservice,5749760,3719168,0,91131904,0,0,4]
10-19 02:08:32.972 1546 1634 I am_pss : [2290,1068,com.android.se,6047744,3948544,0,92790784,0,0,4]
10-19 02:08:32.977 1546 1634 I am_pss : [2260,1000,vendor.qti.qesdk.sysservice,5820416,3710976,0,92950528,0,0,5]
10-19 02:08:32.982 1546 1634 I am_pss : [2222,1000,com.thundercomm.tcsetupwizard,7063552,5025792,0,92614656,0,0,5]
10-19 02:08:32.988 1546 1634 I am_pss : [2173,1000,com.thundercomm.tchttpserver,8067072,5894144,0,96026624,0,0,4]
10-19 02:08:32.993 1546 1634 I am_pss : [2163,10060,.qtidataservices,6149120,4059136,0,93106176,0,0,4]
10-19 02:08:32.998 1546 1634 I am_pss : [2175,1000,com.tc.logclient,7914496,5451776,0,100106240,0,0,4]
10-19 02:08:33.004 1546 1634 I am_pss : [2139,1000,com.thundercomm.microsettings,20710400,10780672,0,119009280,0,0,5]
10-19 02:08:33.009 1546 1634 I am_pss : [2119,1000,com.thundercomm.microservice,9234432,7057408,0,97243136,0,0,5]
10-19 02:08:33.016 1546 1634 I am_pss : [2051,1000,com.thundercomm.gamemode,56742912,43323392,0,176062464,0,0,6]
10-19 02:08:33.023 4310 4310 I Perf : Connecting to perf service.
10-19 02:08:33.027 4310 4310 V GraphicsEnvironment: ANGLE Developer option for 'com.thundercomm.screensaver' set to: 'default'
10-19 02:08:33.028 4310 4310 V GraphicsEnvironment: ANGLE GameManagerService for com.thundercomm.screensaver: false
10-19 02:08:33.028 4310 4310 D NetworkSecurityConfig: Using Network Security Config from resource network_security_config debugBuild: false
10-19 02:08:33.033 4310 4310 D NetworkSecurityConfig: Using Network Security Config from resource network_security_config debugBuild: false
10-19 02:08:33.036 4310 4310 I ScreenSaver_12: [ScreenSaverApplication] onCreate
10-19 02:08:33.047 4310 4310 D ScreenSaver_12: [ScreensaverManager] connect:109 start connect screensaver service...
10-19 02:08:33.048 4310 4310 D ScreenSaver_12: [ScreensaverManager] bindService:114 start bindService
10-19 02:08:33.048 4310 4310 W ContextImpl: Calling a method in the system process without a qualified user: android.app.ContextImpl.bindService:1895 android.content.ContextWrapper.bindService:810 com.thundercomm.screensaver.microservice.manager.ScreensaverManager.bindService:120 com.thundercomm.screensaver.microservice.manager.ScreensaverManager.connect:110 com.thundercomm.screensaver.ScreenSaverApplication.initThemeData:40
10-19 02:08:33.050 1546 2100 D CompatibilityInfo: mCompatibilityFlags - 4
10-19 02:08:33.050 1546 2100 D CompatibilityInfo: applicationDensity - 240
10-19 02:08:33.050 1546 2100 D CompatibilityInfo: applicationScale - 1.0
10-19 02:08:33.051 4310 4310 D ScreenSaver_12: [ScreensaverManager] bindService:121 bindService mIsBind: true
10-19 02:08:33.053 4310 4310 I ScreenSaver_12: [AlbumSettings] readSubscribedThemesLocked readSubscribedThemesLocked.size: 0
10-19 02:08:33.054 4310 4310 I ScreenSaver_12: [AlbumSettings] readMoreThemesLocked mMoreThemes.size: 0
10-19 02:08:33.056 4310 4310 V DreamService[SystemDream]: onCreate()
10-19 02:08:33.058 4310 4310 V DreamService[SystemDream]: isAutoTurnOffScreen = false
10-19 02:08:33.058 4310 4310 V DreamService[SystemDream]: onBind() intent = Intent { act=android.service.dreams.DreamService flg=0x800000 cmp=com.thundercomm.screensaver/.service.SystemDream }
10-19 02:08:33.060 4310 4310 I ScreenSaver_12: [ScreensaverService] started
10-19 02:08:33.061 4310 4310 I MicroServiceManager: Init MicroServiceManager: FSEM_ScreensaverService
10-19 02:08:33.062 4310 4310 D ScreenSaver_12: [ScreensaverMicroService] getInstance:38 getInstance
10-19 02:08:33.062 4310 4310 I ScreenSaver_12: [ScreensaverMicroService] ScreensaverMicroService
10-19 02:08:33.062 4310 4310 I ScreenSaver_12: [ScreensaverMicroService] initMicroService
10-19 02:08:33.062 4310 4310 I MicroServiceManager: addCommonCallbackListener add listener: FSEM_ScreensaverService
10-19 02:08:33.062 4310 4310 I MicroServiceManager: Bind and register callback to MicroService: FSEM_ScreensaverService
10-19 02:08:33.063 4310 4310 I MicroServiceManager: Bind and register callback to MicroService: FSEM_ScreensaverService, result: successfully.
10-19 02:08:33.063 4310 4310 I MicroServiceManager: addConnectChangedListener add listener: FSEM_ScreensaverService
10-19 02:08:33.064 2119 2426 I MicroService: registerCommonListener: FSEM_ScreensaverService, count: 3
10-19 02:08:33.064 4310 4310 D ScreenSaver_12: [ScreensaverMicroService] onBindStatus:162 connect micro service ok!!!
10-19 02:08:33.064 2119 2426 I MicroService: registerConnectListener: FSEM_ScreensaverService, count: 3
10-19 02:08:33.064 2119 2426 I MicroService: onConnectStateChanged: -1
10-19 02:08:33.064 4310 4310 I ScreenSaver_12: [ScreensaverService] onBind
10-19 02:08:33.064 2119 2426 I MicroService: onConnectStateChanged count = 3
10-19 02:08:33.064 4310 4310 D ScreenSaver_12: [ScreensaverService] getBinder:39 getBinder
10-19 02:08:33.064 2139 2183 D MicroSettings: SettingMicroservices: onNettyConnectState: -1mLastNettyState: -1
10-19 02:08:33.064 4310 4310 D ScreenSaver_12: [ScreensaverService] getBinder:43 action: com.thundercomm.serviceserver.microservice.IBinderScreensaverService
10-19 02:08:33.064 1546 2100 D AudioIDCMicroNegotiator: idcm_common:onConnectStateChange: -1
10-19 02:08:33.064 2139 2183 D MicroSettings: SettingMicroservices: onNetty disconnect:
10-19 02:08:33.064 4310 4325 D ScreenSaver_12: [ScreensaverMicroService] onConnectStateChange:136 onConnectStateChange: -1, mLastNettyState: 0
10-19 02:08:33.065 4310 4325 D ScreenSaver_12: [ScreensaverMicroService] onConnectStateChange:145 disconnect
10-19 02:08:33.065 4310 4310 W DreamService[SystemDream]: attach():
10-19 02:08:33.066 1546 2100 I ActivityTaskManager: isCallApp = false
10-19 02:08:33.066 1546 2100 I ActivityTaskManager: START u0 {flg=0x10000000 pkg=com.thundercomm.screensaver cmp=com.thundercomm.screensaver/android.service.dreams.DreamActivity (has extras)} from uid 1000
10-19 02:08:33.067 1546 1622 I EventSequenceValidator: inc AccIntentStartedEvents to 2
10-19 02:08:33.070 1546 2100 D CompatibilityChangeReporter: Compat change id reported: 174042980; UID 1000; state: DISABLED
10-19 02:08:33.071 1546 2100 D ActivityTaskManager: TaskLaunchParamsModifier:task=null activity=ActivityRecord{424cff7 u0 com.thundercomm.screensaver/android.service.dreams.DreamActivity taskAffinity=1000:android:com.thundercomm.screensaver/dream display-id=0 display-windowing-mode=1 suggested-display-area=DefaultTaskDisplayArea@15489979
10-19 02:08:33.071 1546 2100 D ActivityTaskManager: TaskLaunchParamsModifier:task=null activity=ActivityRecord{424cff7 u0 com.thundercomm.screensaver/android.service.dreams.DreamActivity taskAffinity=1000:android:com.thundercomm.screensaver/dream t-1} display-id=0 display-windowing-mode=1 suggested-display-area=DefaultTaskDisplayArea@15489979 non-freeform-display display-area=DefaultTaskDisplayArea@15489979
10-19 02:08:33.071 1546 2100 D FreeFormWindowHelper: recentTask : null
10-19 02:08:33.072 1546 2100 I wm_task_created: [68,-1]
10-19 02:08:33.072 1546 2100 W ActivityTaskManager: Can't find TaskDisplayArea to determine support for multi window. Task id=68 attached=false
10-19 02:08:33.074 1546 2100 D ActivityTaskManager: TaskLaunchParamsModifier:task=Task{b13fe64 #68 type=dream A=1000:android:com.thundercomm.screensaver/dream U=0 visible=false mode=fullscreen translucent=true sz=0 visible freeform task=true rootAffinity=1000:android:com.thundercomm.screensaver/dream isMini=false} activity=ActivityRecord{424cff7 u0 com.thundercomm.screensaver/android.service.dreams.DreamActivity taskAffinity=1000:android:com.thundercomm.screensaver/dream t-1} display-from-task=0 display-id=0 display-windowing-mode=1 suggested-display-area=DefaultTaskDisplayArea@15489979 non-freeform-display display-area=DefaultTaskDisplayArea@15489979
10-19 02:08:33.075 1546 2100 I wm_task_moved: [68,1,6]
10-19 02:08:33.075 1546 2100 I wm_task_to_front: [0,68]
10-19 02:08:33.075 1546 2100 I wm_create_task: [0,68]
10-19 02:08:33.075 1546 2100 I wm_create_activity: [0,69521399,68,com.thundercomm.screensaver/android.service.dreams.DreamActivity,NULL,NULL,NULL,276824064]
10-19 02:08:33.075 1546 2100 I wm_task_moved: [68,1,6]
10-19 02:08:33.075 1546 2100 D CompatibilityInfo: mCompatibilityFlags - 4
10-19 02:08:33.075 1546 2100 D CompatibilityInfo: applicationDensity - 240
10-19 02:08:33.075 1546 2100 D CompatibilityInfo: applicationScale - 1.0
10-19 02:08:33.075 1546 2100 I ActivityTaskManager: addStartingWindow startWindow type:2
10-19 02:08:33.076 2557 2557 I wm_on_top_resumed_lost_called: [252077482,com.android.launcher3.uioverrides.QuickstepLauncher,topStateChangedWhenResumed]
10-19 02:08:33.076 1546 2100 D ActivityTrigger: ActivityTrigger activityPauseTrigger
10-19 02:08:33.076 1546 2100 I wm_pause_activity: [0,252077482,com.android.launcher3/.uioverrides.QuickstepLauncher,userLeaving=true,pauseBackTasks]
10-19 02:08:33.076 1546 2100 D PowerManagerService: acquireWakeLockInternal: lock=227281559, flags=0x1, tag="*launch*", ws=WorkSource{1000}, uid=1000, pid=1546
10-19 02:08:33.076 1546 2100 D PowerManagerService: updateWakeLockSummaryLocked: mWakefulness=Dreaming, mWakeLockSummary=0x1
10-19 02:08:33.076 1546 2100 D PowerManagerService: updateUserActivitySummaryLocked: groupId=0, mWakefulness=Dreaming, mUserActivitySummary=0x4, nextTimeout=-1 (71426 ms ago)
10-19 02:08:33.076 1546 2100 D PowerManagerNotifier: onScreenPolicyUpdate: newPolicy=3
10-19 02:08:33.076 1546 2100 D PowerManagerService: updateDisplayPowerStateLocked: displayReady=true, groupId=0, policy=BRIGHT, mWakefulness=Dreaming, mWakeLockSummary=0x1, mUserActivitySummary=0x4, mBootCompleted=true, screenBrightnessOverride=NaN, useAutoBrightness=true, mScreenBrightnessBoostInProgress=false, mIsVrModeEnabled= false, sQuiescent=false
10-19 02:08:33.077 1546 2100 D PowerManagerNotifier: onWakeLockAcquired: flags=1, tag="*launch*", packageName=android, ownerUid=1000, ownerPid=1546, workSource=WorkSource{1000}
10-19 02:08:33.077 1546 2100 D RecentTaskTest: checkUnusedTasks : 5
10-19 02:08:33.077 1546 2100 D RecentTaskTest: skip to remove task since it is system task : Task{9420002 #62 type=undefined A=10035:com.bilibili.bilithings U=0 visible=false mode=fullscreen translucent=true sz=0 visible freeform task=true rootAffinity=10035:com.bilibili.bilithings isMini=false}
10-19 02:08:33.077 1546 2100 D RecentTaskTest: skip to remove task since it is system task : Task{a6cd13 #66 type=undefined A=1000:com.android.settings.root U=0 visible=false mode=fullscreen translucent=true sz=0 visible freeform task=true rootAffinity=1000:com.android.settings.root isMini=false}
10-19 02:08:33.077 1546 2100 D RecentTaskTest: nonSystemUnusedAppTasks size : 0
10-19 02:08:33.077 1546 2100 D RecentTaskTest:
10-19 02:08:33.078 4310 4310 D ScreenSaver_12: [ScreensaverManager] onServiceConnected:130 ScreensaverManager onServiceConnected
10-19 02:08:33.078 4310 4310 D ScreenSaver_12: [ScreensaverManager] onServiceConnected:135 onServiceConnected: iBinder is success!
10-19 02:08:33.078 4310 4310 D ScreenSaver_12: [ScreensaverServiceBinder] registerScreensaverCallback:172 registerScreensaverCallback:
10-19 02:08:33.078 4310 4310 I ScreenSaver_12: [ScreensaverManager] subscribe screensaverService and mode Callback ok!
10-19 02:08:33.078 4310 4310 D ScreenSaver_12: [ScreensaverManager] requestRemoteThemeMoreData:306 requestRemoteThemeMoreData
10-19 02:08:33.078 4310 4310 I MicroServiceManager: requestResult(requestOperationInfo) parameters isnull.
10-19 02:08:33.079 2119 2426 E MicroService: Client is not connected.
10-19 02:08:33.079 2119 2426 E MicroService: Client is not connected.
10-19 02:08:33.079 2557 2557 I wm_on_paused_called: [252077482,com.android.launcher3.uioverrides.QuickstepLauncher,performPause]
10-19 02:08:33.079 1546 4311 I ActivityTaskManager: FOREGROUND_APPLICATION_CHANGED to android.service.dreams.DreamActivity
10-19 02:08:33.080 1546 4311 I ActivityTaskManager: The Process com.thundercomm.screensaver Already Exists in BG. So sending its PID: 4310
10-19 02:08:33.080 1546 4311 I wm_add_to_stopping: [0,252077482,com.android.launcher3/.uioverrides.QuickstepLauncher,makeInvisible]
10-19 02:08:33.081 1546 4311 D CompatibilityChangeReporter: Compat change id reported: 181136395; UID 1000; state: DISABLED
10-19 02:08:33.081 1546 4311 D CompatibilityChangeReporter: Compat change id reported: 174042936; UID 1000; state: DISABLED
10-19 02:08:33.081 1546 4311 I wm_restart_activity: [0,69521399,68,com.thundercomm.screensaver/android.service.dreams.DreamActivity]
10-19 02:08:33.081 1546 4311 D CompatibilityInfo: mCompatibilityFlags - 4
10-19 02:08:33.081 1546 4311 D CompatibilityInfo: applicationDensity - 240
10-19 02:08:33.081 1546 4311 D CompatibilityInfo: applicationScale - 1.0
10-19 02:08:33.082 1546 4311 I wm_set_resumed_activity: [0,com.thundercomm.screensaver/android.service.dreams.DreamActivity,minimalResumeActivityLocked]
10-19 02:08:33.082 1546 4311 D FreeFormWindowHelper: handleFreeformTask : Task{b13fe64 #68 type=dream A=1000:android:com.thundercomm.screensaver/dream U=0 visible=true mode=fullscreen translucent=false sz=1 visible freeform task=true rootAffinity=1000:android:com.thundercomm.screensaver/dream isMini=false}
10-19 02:08:33.082 1546 4311 D FreeFormWindowHelper: mFreeFormTask : null
10-19 02:08:33.082 1546 4311 D FreeFormWindowHelper: mInRecent : false
10-19 02:08:33.082 1546 4311 D FreeFormWindowHelper:
10-19 02:08:33.084 1889 2047 D InsetsController: onStateChanged: InsetsState: {mDisplayFrame=Rect(0, 0 - 2380, 1020), mDisplayCutout=DisplayCutout{insets=Rect(0, 0 - 0, 0) waterfall=Insets{left=0, top=0, right=0, bottom=0} boundingRect={Bounds=[Rect(0, 0 - 0, 0), Rect(0, 0 - 0, 0), Rect(0, 0 - 0, 0), Rect(0, 0 - 0, 0)]} cutoutPathParserInfo={CutoutPathParserInfo{displayWidth=0 displayHeight=0 density={0.0} cutoutSpec={} rotation={0} scale={0.0}}}}, mRoundedCorners=RoundedCorners{[RoundedCorner{position=TopLeft, radius=0, center=Point(0, 0)}, RoundedCorner{position=TopRight, radius=0, center=Point(0, 0)}, RoundedCorner{position=BottomRight, radius=0, center=Point(0, 0)}, RoundedCorner{position=BottomLeft, radius=0, center=Point(0, 0)}]}, mPrivacyIndicatorBounds=PrivacyIndicatorBounds {static bounds=Rect(2236, 0 - 2359, 36) rotation=0}, mSources= { InsetsSource: {mType=ITYPE_STATUS_BAR, mFrame=[0,0][2380,36], mVisible=true}, InsetsSource: {mType=ITYPE_NAVIGATION_BAR, mFrame=[0,974][2380,1020], mVisible=true}, InsetsSource: {mType=ITYPE_LEFT_GESTURES, mFrame=[0,0][0,1020], mVisible=true}, InsetsSource: {mType=ITYPE_RIGHT_GESTURES, mFrame=[2380,0][2380,1020], mVisible=true}, InsetsSource: {mType=ITYPE_TOP_MANDATORY_GESTURES, mFrame=[0,0][2380,36], mVisible=true}, InsetsSource: {mType=ITYPE_BOTTOM_MANDATORY_GESTURES, mFrame=[0,974][2380,1020], mVisible=true}, InsetsSource: {mType=ITYPE_TOP_TAPPABLE_ELEMENT, mFrame=[0,0][2380,36], mVisible=true}, InsetsSource: {mType=ITYPE_BOTTOM_TAPPABLE_ELEMENT, mFrame=[0,974][2380,1020], mVisible=true}, InsetsSource: {mType=ITYPE_IME, mFrame=[0,0][0,0], mVisible=false} }
10-19 02:08:33.084 1889 2047 D InsetsSourceConsumer: applyLocalVisibilityOverride: No control in Splash Screen com.thundercomm.screensaver requestedVisible false
10-19 02:08:33.084 1889 2047 D InsetsSourceConsumer: applyLocalVisibilityOverride: No control in Splash Screen com.thundercomm.screensaver requestedVisible true
10-19 02:08:33.084 1889 2047 D InsetsSourceConsumer: applyLocalVisibilityOverride: No control in Splash Screen com.thundercomm.screensaver requestedVisible true
10-19 02:08:33.084 1889 2047 D InsetsSourceConsumer: applyLocalVisibilityOverride: No control in Splash Screen com.thundercomm.screensaver requestedVisible true
10-19 02:08:33.084 1889 2047 D InsetsSourceConsumer: applyLocalVisibilityOverride: No control in Splash Screen com.thundercomm.screensaver requestedVisible true
10-19 02:08:33.084 1889 2047 D InsetsSourceConsumer: applyLocalVisibilityOverride: No control in Splash Screen com.thundercomm.screensaver requestedVisible true
10-19 02:08:33.084 1889 2047 D InsetsSourceConsumer: applyLocalVisibilityOverride: No control in Splash Screen com.thundercomm.screensaver requestedVisible true
10-19 02:08:33.084 1889 2047 D InsetsSourceConsumer: applyLocalVisibilityOverride: No control in Splash Screen com.thundercomm.screensaver requestedVisible true
10-19 02:08:33.084 1889 2047 D InsetsSourceConsumer: applyLocalVisibilityOverride: No control in Splash Screen com.thundercomm.screensaver requestedVisible true
10-19 02:08:33.084 1889 2047 D InsetsController: onStateChanged, notifyInsetsChanged
10-19 02:08:33.084 1889 2047 D InsetsSourceConsumer: Call hide for ITYPE_IME on Splash Screen com.thundercomm.screensaver
10-19 02:08:33.084 1889 2047 D InsetsSourceConsumer: applyLocalVisibilityOverride: No control in Splash Screen com.thundercomm.screensaver requestedVisible false
10-19 02:08:33.085 1546 1622 V InputMethodMenuController: Hide switching menu
10-19 02:08:33.086 1546 1622 I sysui_multi_action: [757,803,799,window_time_0,802,60]
10-19 02:08:33.086 1546 1622 V InputMethodMenuController: Hide switching menu
10-19 02:08:33.087 1889 1889 D ViewPropertyAnimator: onAnimationEnd
10-19 02:08:33.087 1889 1889 D vol.VolumeDialogImpl: onAnimationEnd:started=true
10-19 02:08:33.087 1889 1889 D ViewPropertyAnimator: onAnimationEnd: r.run()
10-19 02:08:33.088 2051 4010 I GameMode_ActivityMonitoringService: onActivityLaunch: com.thundercomm.screensaver, isGameApp: false
10-19 02:08:33.089 2051 4010 D GameModeIF_GameModeSettings: getUriFor setting_content_uri_root = content://com.thundercomm.gamemode.api/gamemode_settings , name = gamemode_enable
10-19 02:08:33.089 1546 1578 I am_uid_running: 10067
10-19 02:08:33.090 1889 2047 D InsetsSourceConsumer: Call hide for ITYPE_IME on Splash Screen com.thundercomm.screensaver
10-19 02:08:33.090 1546 1578 D CompatibilityChangeReporter: Compat change id reported: 135634846; UID 10067; state: DISABLED
10-19 02:08:33.090 1889 2047 D InsetsSourceConsumer: applyLocalVisibilityOverride: No control in Splash Screen com.thundercomm.screensaver requestedVisible false
10-19 02:08:33.090 1546 1578 D CompatibilityChangeReporter: Compat change id reported: 177438394; UID 10067; state: DISABLED
10-19 02:08:33.090 1546 1578 D CompatibilityChangeReporter: Compat change id reported: 135772972; UID 10067; state: DISABLED
10-19 02:08:33.090 4310 4310 I wm_on_create_called: [69521399,android.service.dreams.DreamActivity,performCreate]
10-19 02:08:33.090 1546 1578 D CompatibilityChangeReporter: Compat change id reported: 135754954; UID 10067; state: ENABLED
10-19 02:08:33.090 1546 1637 D CompatibilityChangeReporter: Compat change id reported: 143937733; UID 10067; state: ENABLED
10-19 02:08:33.090 4310 4310 I wm_on_start_called: [69521399,android.service.dreams.DreamActivity,handleStartActivity]
10-19 02:08:33.090 4310 4310 I wm_on_resume_called: [69521399,android.service.dreams.DreamActivity,RESUME_ACTIVITY]
10-19 02:08:33.097 1889 2190 D KeyguardViewMediator: setOccluded true
10-19 02:08:33.098 2557 2557 D InsetsSourceConsumer: applyLocalVisibilityOverride: No control in com.android.launcher3/com.android.launcher3.uioverrides.QuickstepLauncher requestedVisible true
10-19 02:08:33.098 2557 2557 D InsetsSourceConsumer: applyLocalVisibilityOverride: No control in com.android.launcher3/com.android.launcher3.uioverrides.QuickstepLauncher requestedVisible true
10-19 02:08:33.098 1889 2047 D InsetsSourceConsumer: Call hide for ITYPE_IME on Splash Screen com.thundercomm.screensaver
10-19 02:08:33.098 1889 2047 D InsetsSourceConsumer: applyLocalVisibilityOverride: No control in Splash Screen com.thundercomm.screensaver requestedVisible false
10-19 02:08:33.098 1889 1889 V KeyguardUpdateMonitor: startListeningForFingerprint()
10-19 02:08:33.098 1889 2047 D InsetsSourceConsumer: setControl -> ITYPE_NAVIGATION_BAR on Splash Screen com.thundercomm.screensaver
10-19 02:08:33.098 1889 2047 D InsetsSourceConsumer: applyHiddenToControl: true
10-19 02:08:33.098 1889 2047 D InsetsSourceConsumer: setControl -> ITYPE_STATUS_BAR on Splash Screen com.thundercomm.screensaver
10-19 02:08:33.098 1889 2047 D InsetsSourceConsumer: applyHiddenToControl: true
10-19 02:08:33.099 1889 1889 D KeyguardViewMediator: adjustStatusBarLocked: mShowing=false mOccluded=true isSecure=false force=false --> flags=0x0
10-19 02:08:33.100 671 671 D Zygote : Forked child process 4337
10-19 02:08:33.100 1546 1637 I am_proc_start: [0,4337,10067,com.thundercomm.gamemode.provider,content provider,{com.thundercomm.gamemode.provider/com.thundercomm.gamemode.provider.SettingsProvider}]
10-19 02:08:33.100 1546 1637 I ActivityManager: Start proc 4337:com.thundercomm.gamemode.provider/u0a67 for content provider {com.thundercomm.gamemode.provider/com.thundercomm.gamemode.provider.SettingsProvider}
10-19 02:08:33.102 4310 4310 D InsetsController: controlAnimation types: 7
10-19 02:08:33.102 4310 4310 D InsetsSourceConsumer: Call hide for ITYPE_EXTRA_NAVIGATION_BAR on com.thundercomm.screensaver/android.service.dreams.DreamActivity
10-19 02:08:33.102 4310 4310 D InsetsSourceConsumer: setRequestedVisible: false
10-19 02:08:33.102 4310 4310 D InsetsSourceConsumer: applyLocalVisibilityOverride: No control in com.thundercomm.screensaver/android.service.dreams.DreamActivity requestedVisible false
10-19 02:08:33.102 4310 4310 D InsetsSourceConsumer: Call hide for ITYPE_CLIMATE_BAR on com.thundercomm.screensaver/android.service.dreams.DreamActivity
10-19 02:08:33.102 4310 4310 D InsetsSourceConsumer: setRequestedVisible: false
10-19 02:08:33.102 4310 4310 D InsetsSourceConsumer: applyLocalVisibilityOverride: No control in com.thundercomm.screensaver/android.service.dreams.DreamActivity requestedVisible false
10-19 02:08:33.102 4310 4310 D InsetsSourceConsumer: Call hide for ITYPE_CAPTION_BAR on com.thundercomm.screensaver/android.service.dreams.DreamActivity
10-19 02:08:33.102 4310 4310 D InsetsSourceConsumer: setRequestedVisible: false
10-19 02:08:33.102 4310 4310 D InsetsSourceConsumer: applyLocalVisibilityOverride: No control in com.thundercomm.screensaver/android.service.dreams.DreamActivity requestedVisible false
10-19 02:08:33.102 4310 4310 D InsetsSourceConsumer: Call hide for ITYPE_NAVIGATION_BAR on com.thundercomm.screensaver/android.service.dreams.DreamActivity
10-19 02:08:33.102 4310 4310 D InsetsSourceConsumer: setRequestedVisible: false
10-19 02:08:33.102 4310 4310 D InsetsSourceConsumer: applyLocalVisibilityOverride: No control in com.thundercomm.screensaver/android.service.dreams.DreamActivity requestedVisible false
10-19 02:08:33.102 4310 4310 D InsetsSourceConsumer: Call hide for ITYPE_STATUS_BAR on com.thundercomm.screensaver/android.service.dreams.DreamActivity
10-19 02:08:33.102 4310 4310 D InsetsSourceConsumer: setRequestedVisible: false
10-19 02:08:33.102 4310 4310 D InsetsSourceConsumer: applyLocalVisibilityOverride: No control in com.thundercomm.screensaver/android.service.dreams.DreamActivity requestedVisible false
10-19 02:08:33.102 4310 4310 D InsetsController: controlAnimationUnchecked, typesReady: 0 imeReady: true
10-19 02:08:33.102 4310 4310 D InsetsController: No types ready. onCancelled()
10-19 02:08:33.102 4310 4310 D InsetsController: InternalAnimationControlListener onCancelled types:7
10-19 02:08:33.103 1546 4311 W WindowManager: Failed looking up window session=Session{4e652da 4310:1000} callers=com.android.server.wm.WindowManagerService.windowForClientLocked:5633 com.android.server.wm.Session.insetsModified:629 android.view.IWindowSession$Stub.onTransact:1151
10-19 02:08:33.105 4310 4310 D InsetsController: onStateChanged: InsetsState: {mDisplayFrame=Rect(0, 0 - 2380, 1020), mDisplayCutout=DisplayCutout{insets=Rect(0, 0 - 0, 0) waterfall=Insets{left=0, top=0, right=0, bottom=0} boundingRect={Bounds=[Rect(0, 0 - 0, 0), Rect(0, 0 - 0, 0), Rect(0, 0 - 0, 0), Rect(0, 0 - 0, 0)]} cutoutPathParserInfo={CutoutPathParserInfo{displayWidth=0 displayHeight=0 density={0.0} cutoutSpec={} rotation={0} scale={0.0}}}}, mRoundedCorners=RoundedCorners{[RoundedCorner{position=TopLeft, radius=0, center=Point(0, 0)}, RoundedCorner{position=TopRight, radius=0, center=Point(0, 0)}, RoundedCorner{position=BottomRight, radius=0, center=Point(0, 0)}, RoundedCorner{position=BottomLeft, radius=0, center=Point(0, 0)}]}, mPrivacyIndicatorBounds=PrivacyIndicatorBounds {static bounds=Rect(2236, 0 - 2359, 36) rotation=0}, mSources= { InsetsSource: {mType=ITYPE_STATUS_BAR, mFrame=[0,0][2380,36], mVisible=true}, InsetsSource: {mType=ITYPE_NAVIGATION_BAR, mFrame=[0,974][2380,1020], mVisible=true}, InsetsSource: {mType=ITYPE_LEFT_GESTURES, mFrame=[0,0][0,1020], mVisible=true}, InsetsSource: {mType=ITYPE_RIGHT_GESTURES, mFrame=[2380,0][2380,1020], mVisible=true}, InsetsSource: {mType=ITYPE_TOP_MANDATORY_GESTURES, mFrame=[0,0][2380,36], mVisible=true}, InsetsSource: {mType=ITYPE_BOTTOM_MANDATORY_GESTURES, mFrame=[0,974][2380,1020], mVisible=true}, InsetsSource: {mType=ITYPE_TOP_TAPPABLE_ELEMENT, mFrame=[0,0][2380,36], mVisible=true}, InsetsSource: {mType=ITYPE_BOTTOM_TAPPABLE_ELEMENT, mFrame=[0,974][2380,1020], mVisible=true}, InsetsSource: {mType=ITYPE_IME, mFrame=[0,0][0,0], mVisible=false} }
10-19 02:08:33.105 4310 4310 D InsetsSourceConsumer: applyLocalVisibilityOverride: No control in com.thundercomm.screensaver/android.service.dreams.DreamActivity requestedVisible false
10-19 02:08:33.105 4310 4310 D InsetsSourceConsumer: applyLocalVisibilityOverride: No control in com.thundercomm.screensaver/android.service.dreams.DreamActivity requestedVisible false
10-19 02:08:33.105 4310 4310 D InsetsSourceConsumer: applyLocalVisibilityOverride: No control in com.thundercomm.screensaver/android.service.dreams.DreamActivity requestedVisible false
10-19 02:08:33.105 1546 1799 I input_focus: [Focus leaving 81c89eb com.android.launcher3/com.android.launcher3.uioverrides.QuickstepLauncher (server),reason=NO_WINDOW]
10-19 02:08:33.105 4310 4310 D InsetsSourceConsumer: applyLocalVisibilityOverride: No control in com.thundercomm.screensaver/android.service.dreams.DreamActivity requestedVisible true
10-19 02:08:33.105 4310 4310 D InsetsSourceConsumer: applyLocalVisibilityOverride: No control in com.thundercomm.screensaver/android.service.dreams.DreamActivity requestedVisible true
10-19 02:08:33.105 4310 4310 D InsetsSourceConsumer: applyLocalVisibilityOverride: No control in com.thundercomm.screensaver/android.service.dreams.DreamActivity requestedVisible true
10-19 02:08:33.105 4310 4310 D InsetsSourceConsumer: applyLocalVisibilityOverride: No control in com.thundercomm.screensaver/android.service.dreams.DreamActivity requestedVisible true
10-19 02:08:33.105 4310 4310 D InsetsSourceConsumer: applyLocalVisibilityOverride: No control in com.thundercomm.screensaver/android.service.dreams.DreamActivity requestedVisible true
10-19 02:08:33.105 4310 4310 D InsetsSourceConsumer: applyLocalVisibilityOverride: No control in com.thundercomm.screensaver/android.service.dreams.DreamActivity requestedVisible true
10-19 02:08:33.105 4310 4310 D InsetsSourceConsumer: applyLocalVisibilityOverride: No control in com.thundercomm.screensaver/android.service.dreams.DreamActivity requestedVisible false
10-19 02:08:33.105 4310 4310 D InsetsSourceConsumer: applyLocalVisibilityOverride: No control in com.thundercomm.screensaver/android.service.dreams.DreamActivity requestedVisible false
10-19 02:08:33.105 4310 4310 D InsetsSourceConsumer: applyLocalVisibilityOverride: No control in com.thundercomm.screensaver/android.service.dreams.DreamActivity requestedVisible false
10-19 02:08:33.105 4310 4310 D InsetsController: onStateChanged, notifyInsetsChanged
10-19 02:08:33.106 4310 4310 D InsetsSourceConsumer: Call hide for ITYPE_IME on com.thundercomm.screensaver/android.service.dreams.DreamActivity
10-19 02:08:33.106 4310 4310 D InsetsSourceConsumer: applyLocalVisibilityOverride: No control in com.thundercomm.screensaver/android.service.dreams.DreamActivity requestedVisible false
10-19 02:08:33.106 4310 4310 I wm_on_top_resumed_gained_called: [69521399,android.service.dreams.DreamActivity,topStateChangedWhenResumed]
10-19 02:08:33.107 2557 2557 D ActivityChangeReceiver: onReceive
10-19 02:08:33.109 4337 4337 E memode.provide: Not starting debugger since process cannot load the jdwp agent.
10-19 02:08:33.110 4337 4337 D ProcessState: Binder ioctl to enable oneway spam detection failed: Invalid argument
10-19 02:08:33.111 0 0 I [ 71.458620] binder: 4337:4337 ioctl 40046210 7fd6808274 returned -22
10-19 02:08:33.111 2557 4338 D MCUUtil : saveLastActivity activityName=android.service.dreams.DreamActivity packageName=com.thundercomm.screensaver
10-19 02:08:33.112 1546 1578 I am_proc_bound: [0,4337,com.thundercomm.gamemode.provider]
10-19 02:08:33.112 1546 1578 D CompatibilityChangeReporter: Compat change id reported: 168419799; UID 10067; state: DISABLED
10-19 02:08:33.112 1546 1578 D CompatibilityInfo: mCompatibilityFlags - 4
10-19 02:08:33.112 1546 1578 D CompatibilityInfo: applicationDensity - 240
10-19 02:08:33.112 1546 1578 D CompatibilityInfo: applicationScale - 1.0
10-19 02:08:33.113 1546 1578 I am_uid_active: 10067
10-19 02:08:33.115 4337 4337 D CompatibilityChangeReporter: Compat change id reported: 171979766; UID 10067; state: ENABLED
10-19 02:08:33.116 4310 4310 W Glide : Failed to find GeneratedAppGlideModule. You should include an annotationProcessor compile dependency on com.github.bumptech.glide:compiler in your application and a @GlideModule annotated AppGlideModule implementation or LibraryGlideModules will be silently ignored
10-19 02:08:33.118 4337 4337 D nativeloader: classloader namespace configured for unbundled product apk. library_path=/product/app/GameModeProvider/lib/arm64:/product/lib64:/system/product/lib64
10-19 02:08:33.120 893 893 I BpBinder: onLastStrongRef automatically unlinking death recipients:
10-19 02:08:33.121 4337 4337 I Perf : Connecting to perf service.
10-19 02:08:33.123 4337 4337 V GraphicsEnvironment: ANGLE Developer option for 'com.thundercomm.gamemode.provider' set to: 'default'
10-19 02:08:33.123 4337 4337 V GraphicsEnvironment: ANGLE GameManagerService for com.thundercomm.gamemode.provider: false
10-19 02:08:33.123 4337 4337 D NetworkSecurityConfig: No Network Security Config specified, using platform default
10-19 02:08:33.123 4337 4337 D NetworkSecurityConfig: No Network Security Config specified, using platform default
10-19 02:08:33.126 4310 4310 V DreamService[SystemDream]: onDreamingStarted()
10-19 02:08:33.126 1546 1618 D PowerManagerService: releaseWakeLockInternal: lock=64723071 [startDream], flags=0x0
10-19 02:08:33.126 1546 1618 D PowerManagerNotifier: onWakeLockReleased: flags=1, tag="startDream", packageName=android, ownerUid=1000, ownerPid=1546, workSource=null
10-19 02:08:33.126 1546 1618 D PowerManagerService: updateWakeLockSummaryLocked: mWakefulness=Dreaming, mWakeLockSummary=0x1
10-19 02:08:33.126 1546 1618 D PowerManagerService: updateUserActivitySummaryLocked: groupId=0, mWakefulness=Dreaming, mUserActivitySummary=0x4, nextTimeout=-1 (71475 ms ago)
10-19 02:08:33.126 1546 1618 D PowerManagerNotifier: onScreenPolicyUpdate: newPolicy=3
10-19 02:08:33.126 1546 1618 D PowerManagerService: updateDisplayPowerStateLocked: displayReady=true, groupId=0, policy=BRIGHT, mWakefulness=Dreaming, mWakeLockSummary=0x1, mUserActivitySummary=0x4, mBootCompleted=true, screenBrightnessOverride=NaN, useAutoBrightness=true, mScreenBrightnessBoostInProgress=false, mIsVrModeEnabled= false, sQuiescent=false
10-19 02:08:33.127 4310 4310 D InsetsController: applyAnimation, nothing to animate
10-19 02:08:33.129 1889 2893 D CommandQueue: onSystemBarAttributesChanged
10-19 02:08:33.129 1546 1623 I input_focus: [Focus request a69268a com.thundercomm.screensaver/android.service.dreams.DreamActivity,reason=UpdateInputWindows]
10-19 02:08:33.130 4310 4310 D InsetsSourceConsumer: Call hide for ITYPE_IME on com.thundercomm.screensaver/android.service.dreams.DreamActivity
10-19 02:08:33.130 4310 4310 D InsetsSourceConsumer: applyLocalVisibilityOverride: No control in com.thundercomm.screensaver/android.service.dreams.DreamActivity requestedVisible false
10-19 02:08:33.130 1889 1889 V PanelView: com.android.systemui:id/notification_panel: setExpandedHeight(0.0)
10-19 02:08:33.130 4310 4310 D InsetsSourceConsumer: setControl -> ITYPE_NAVIGATION_BAR on com.thundercomm.screensaver/android.service.dreams.DreamActivity
10-19 02:08:33.130 4310 4310 D InsetsSourceConsumer: applyLocalVisibilityOverride: com.thundercomm.screensaver/android.service.dreams.DreamActivity requestedVisible: false
10-19 02:08:33.130 4310 4310 D InsetsSourceConsumer: setControl -> ITYPE_STATUS_BAR on com.thundercomm.screensaver/android.service.dreams.DreamActivity
10-19 02:08:33.130 4310 4310 D InsetsSourceConsumer: applyLocalVisibilityOverride: com.thundercomm.screensaver/android.service.dreams.DreamActivity requestedVisible: false
10-19 02:08:33.131 1889 1889 E KeyguardBouncer: onFullyShown when view was null
10-19 02:08:33.131 4310 4336 I AdrenoGLES-0: QUALCOMM build : 47421dbee6, I139f36ad46
10-19 02:08:33.131 4310 4336 I AdrenoGLES-0: Build Date : 02/18/22
10-19 02:08:33.131 4310 4336 I AdrenoGLES-0: OpenGL ES Shader Compiler Version: EV031.32.02.17
10-19 02:08:33.131 4310 4336 I AdrenoGLES-0: Local Branch :
10-19 02:08:33.131 4310 4336 I AdrenoGLES-0: Remote Branch :
10-19 02:08:33.131 4310 4336 I AdrenoGLES-0: Remote Branch :
10-19 02:08:33.131 4310 4336 I AdrenoGLES-0: Reconstruct Branch :
10-19 02:08:33.131 4310 4336 I AdrenoGLES-0: Build Config : S P 10.0.7 AArch64
10-19 02:08:33.131 4310 4336 I AdrenoGLES-0: Driver Path : /vendor/lib64/egl/libGLESv2_adreno.so
10-19 02:08:33.131 1546 4311 I am_wtf : [0,1889,com.android.systemui,818462221,KeyguardBouncer,onFullyShown when view was null]
10-19 02:08:33.132 512 512 I hwservicemanager: getTransport: Cannot find entry android.hardware.graphics.mapper@4.0::IMapper/default in either framework or device VINTF manifest.
10-19 02:08:33.132 1546 4355 I DropBoxManagerService: add tag=system_app_wtf isTagEnabled=true flags=0x2
10-19 02:08:33.132 1889 1889 D InsetsController: show types = 2 | internalTypes = {1, 21}
10-19 02:08:33.132 1889 1889 D InsetsController: internalTypes = {1, 21} | animationType = -1
10-19 02:08:33.132 1889 1889 D InsetsController: consumer.isRequestedVisible() = true | consumer.getType() = 21
10-19 02:08:33.132 1546 4355 E DropBoxManagerService: Can't write: system_app_wtf
10-19 02:08:33.132 1546 4355 E DropBoxManagerService: java.io.IOException: Can't mkdir: /data/tlog/fatal/dropbox
10-19 02:08:33.132 1546 4355 E DropBoxManagerService: at com.android.server.DropBoxManagerService.init(DropBoxManagerService.java:1011)
10-19 02:08:33.132 1546 4355 E DropBoxManagerService: at com.android.server.DropBoxManagerService.addEntry(DropBoxManagerService.java:470)
10-19 02:08:33.132 1546 4355 E DropBoxManagerService: at com.android.server.DropBoxManagerService.addEntry(DropBoxManagerService.java:421)
10-19 02:08:33.132 1546 4355 E DropBoxManagerService: at com.android.server.DropBoxManagerService.addData(DropBoxManagerService.java:392)
10-19 02:08:33.132 1546 4355 E DropBoxManagerService: at com.android.server.DropBoxManagerService$2.addData(DropBoxManagerService.java:161)
10-19 02:08:33.132 1546 4355 E DropBoxManagerService: at android.os.DropBoxManager.addData(DropBoxManager.java:333)
10-19 02:08:33.132 1546 4355 E DropBoxManagerService: at android.os.DropBoxManager.addText(DropBoxManager.java:320)
10-19 02:08:33.132 1546 4355 E DropBoxManagerService: at com.android.server.am.ActivityManagerService$16.run(ActivityManagerService.java:8479)
10-19 02:08:33.127 1546 1546 I auditd : type=1400 audit(0.0:105): avc: denied { getattr } for comm=4572726F722064756D703A20737973 path="/data/tlog/fatal/dropbox" dev="dm-10" ino=289 scontext=u:r:system_server:s0 tcontext=u:object_r:tlog_data_file:s0 tclass=dir permissive=0
10-19 02:08:33.132 1889 1889 D InsetsController: show ignored for type: 21 animType: -1 requestedVisible: true
10-19 02:08:33.127 1546 1546 W system_server: type=1400 audit(0.0:105): avc: denied { getattr } for comm=4572726F722064756D703A20737973 path="/data/tlog/fatal/dropbox" dev="dm-10" ino=289 scontext=u:r:system_server:s0 tcontext=u:object_r:tlog_data_file:s0 tclass=dir permissive=0
10-19 02:08:33.132 1889 1889 D InsetsController: internalTypes = {1, 21} | animationType = -1
10-19 02:08:33.132 1889 1889 D InsetsController: consumer.isRequestedVisible() = true | consumer.getType() = 1
10-19 02:08:33.132 1889 1889 D InsetsController: show ignored for type: 1 animType: -1 requestedVisible: true
10-19 02:08:33.132 1889 1889 D InsetsController: show typesReady: 0
10-19 02:08:33.132 1889 1889 D InsetsController: applyAnimation, nothing to animate
10-19 02:08:33.133 1889 1889 D StatusBar: disable disable2
10-19 02:08:33.133 1889 1889 D KeyguardUpdateMonitor: onKeyguardVisibilityChanged(false)
10-19 02:08:33.134 4310 4336 I AdrenoGLES-0: PFP: 0x016dd093, ME: 0x00000000
10-19 02:08:33.134 1889 1889 V KeyguardUpdateMonitor: startListeningForFingerprint()
10-19 02:08:33.134 1889 1889 D KeyguardUpdateMonitor: sendKeyguardBouncerChanged(false)
10-19 02:08:33.134 1889 1889 I sysui_multi_action: [757,196,758,2,759,0]
10-19 02:08:33.134 1889 1889 I sysui_status_bar_state: [0,0,1,0,0,1]
10-19 02:08:33.134 1889 1889 V PanelBar: collapsePanel: animate=false waiting=false
10-19 02:08:33.135 893 2688 I BpBinder: onLastStrongRef automatically unlinking death recipients:
10-19 02:08:33.138 1889 1889 D KeyguardUpdateMonitor: handleKeyguardBouncerChanged(0)
10-19 02:08:33.138 1889 1889 V KeyguardUpdateMonitor: startListeningForFingerprint()
10-19 02:08:33.138 1889 1889 D vol.VolumeDialogImpl: dismissAction do mDialog.dismiss()
10-19 02:08:33.139 4310 4336 D libEGL : MSAA-->msaa:2 gamemode:0 4x_msaa:0
10-19 02:08:33.139 1889 1889 D vol.VolumeDialogImpl: dismissAction:mIsAnimatingDismiss <- false
10-19 02:08:33.139 4310 4336 D libEGL : MSAA-->msaa:2 gamemode:0 4x_msaa:0
10-19 02:08:33.139 4310 4336 D libEGL : MSAA-->msaa:2 gamemode:0 4x_msaa:0
