10-19 02:08:52.864 1546 1812 D PowerManagerService: updateDisplayPowerStateLocked: displayReady=true, groupId=0, policy=BRIGHT, mWakefulness=Awake, mWakeLockSummary=0x1, mUserActivitySummary=0x1, mBootCompleted=true, screenBrightnessOverride=NaN, useAutoBrightness=true, mScreenBrightnessBoostInProgress=false, mIsVrModeEnabled= false, sQuiescent=false
10-19 02:08:52.864 1546 1812 D PowerManagerNotifier: onWakeLockAcquired: flags=1, tag="PlatformComm", packageName=com.tencent.mm, ownerUid=10100, ownerPid=4769, workSource=null
10-19 02:08:52.865 4769 4942 W libc : Access denied finding property "net.dns1"
10-19 02:08:52.865 4769 4942 W libc : Access denied finding property "net.dns2"
10-19 02:08:52.866 4769 4949 W libc : Access denied finding property "net.dns1"
10-19 02:08:52.866 4769 4949 W libc : Access denied finding property "net.dns2"
10-19 02:08:52.867 4769 4955 W libc : Access denied finding property "net.dns1"
10-19 02:08:52.867 4769 4955 W libc : Access denied finding property "net.dns2"
10-19 02:08:53.512 1546 1799 I InputDispatcher: Check touch window: [window]=81c89eb com.android.launcher3/com.android.launcher3.uioverrides.QuickstepLauncher , [pause]=0 , [needIntercept]=0
10-19 02:08:53.512 1546 1799 D PowerManagerService: userActivityNoUpdateLocked: groupId=0, eventTime=91860, event=2, flags=0x0, uid=1000
10-19 02:08:53.512 2557 2557 D ViewTouchDebug: mView : DecorView@53a5678[QuickstepLauncher]Receive event : MotionEvent { action=ACTION_DOWN, actionButton=0, id[0]=0, x[0]=1338.0, y[0]=485.0, toolType[0]=TOOL_TYPE_FINGER, buttonState=0, classification=NONE, metaState=0, flags=0x0, edgeFlags=0x0, pointerCount=1, historySize=0, eventTime=91860, downTime=91860, deviceId=4, source=0x5002, displayId=0, eventId=690788124 }
10-19 02:08:53.512 1546 1799 D PowerManagerNotifier: onUserActivity: event=2, uid=1000
10-19 02:08:53.512 1546 1799 D PowerManagerService: updateUserActivitySummaryLocked: groupId=0, mWakefulness=Awake, mUserActivitySummary=0x1, nextTimeout=151860 (in 59999 ms)
10-19 02:08:53.512 1889 1889 D ViewTouchDebug: mView : com.android.systemui.navigationbar.NavigationBarFrame{fa2d406 V.E...... ........ 0,0-2380,46 #7f0b03f4 app:id/navigation_bar_frame}Receive event : MotionEvent { action=ACTION_OUTSIDE, actionButton=0, id[0]=0, x[0]=0.0, y[0]=-974.0, toolType[0]=TOOL_TYPE_FINGER, buttonState=0, classification=NONE, metaState=0, flags=0x0, edgeFlags=0x0, pointerCount=1, historySize=0, eventTime=91860, downTime=91860, deviceId=4, source=0x5002, displayId=0, eventId=1256295649 }
10-19 02:08:53.512 1546 1799 D PowerManagerNotifier: onScreenPolicyUpdate: newPolicy=3
10-19 02:08:53.513 1546 1799 D PowerManagerService: updateDisplayPowerStateLocked: displayReady=true, groupId=0, policy=BRIGHT, mWakefulness=Awake, mWakeLockSummary=0x1, mUserActivitySummary=0x1, mBootCompleted=true, screenBrightnessOverride=NaN, useAutoBrightness=true, mScreenBrightnessBoostInProgress=false, mIsVrModeEnabled= false, sQuiescent=false
10-19 02:08:53.513 1889 1889 D NoBackGesture: Start gesture: MotionEvent { action=ACTION_DOWN, actionButton=0, id[0]=0, x[0]=1338.0, y[0]=485.0, toolType[0]=TOOL_TYPE_FINGER, buttonState=0, classification=NONE, metaState=0, flags=0x0, edgeFlags=0x0, pointerCount=1, historySize=0, eventTime=91860, downTime=91860, deviceId=4, source=0x5002, displayId=0, eventId=690788124 } mSysUiFlags=131072 region=Rect(0, 0 - 0, 0)
10-19 02:08:53.513 1889 1889 D NoBackGesture: Gesture [1697652533513,alw=FALSE,FALSE,TRUE,FALSE,disp=Point(2380, 1020),wl=45,il=0,wr=45,ir=0,excl=SkRegion()]
10-19 02:08:53.514 2557 2557 D TouchInteractionService: onInputEvent mUncheckedConsumer = com.android.quickstep.InputConsumer$$ExternalSyntheticLambda0@4bdfc5d
10-19 02:08:53.647 1546 1799 D PowerManagerService: userActivityNoUpdateLocked: groupId=0, eventTime=91995, event=2, flags=0x0, uid=1000
10-19 02:08:53.647 2557 2557 D ViewTouchDebug: mView : DecorView@53a5678[QuickstepLauncher]Receive event : MotionEvent { action=ACTION_UP, actionButton=0, id[0]=0, x[0]=1338.0, y[0]=489.0, toolType[0]=TOOL_TYPE_FINGER, buttonState=0, classification=NONE, metaState=0, flags=0x0, edgeFlags=0x0, pointerCount=1, historySize=0, eventTime=91995, downTime=91860, deviceId=4, source=0x5002, displayId=0, eventId=634155800 }
10-19 02:08:53.647 1546 1799 D PowerManagerNotifier: onUserActivity: event=2, uid=1000
10-19 02:08:53.647 1546 1799 D PowerManagerService: updateUserActivitySummaryLocked: groupId=0, mWakefulness=Awake, mUserActivitySummary=0x1, nextTimeout=151995 (in 59999 ms)
10-19 02:08:53.647 1546 1799 D PowerManagerNotifier: onScreenPolicyUpdate: newPolicy=3
10-19 02:08:53.647 1546 1799 D PowerManagerService: updateDisplayPowerStateLocked: displayReady=true, groupId=0, policy=BRIGHT, mWakefulness=Awake, mWakeLockSummary=0x1, mUserActivitySummary=0x1, mBootCompleted=true, screenBrightnessOverride=NaN, useAutoBrightness=true, mScreenBrightnessBoostInProgress=false, mIsVrModeEnabled= false, sQuiescent=false
10-19 02:08:53.648 2557 2557 D FreeWindowHelper: setExitFlag: old=1,new=1
10-19 02:08:53.648 1546 4649 I thunderperf: Maybe need boostperf for current app!
10-19 02:08:53.648 2051 2093 D FgBoostPerfService: [FgBoostPerfService.perfBoostAcq]start: stat=true pkgName=com.tencent.mm
10-19 02:08:53.649 2051 2093 I FgBoostPerfService: [FgBoostPerfService.perfBoostAcq] not game-mode or game app!
10-19 02:08:53.649 1546 4649 I ThunderPerfManager: PerfAcq error : state=true pkgName=com.tencent.mm
10-19 02:08:53.649 2051 2093 I FgBoostPerfService: [GetGpuMode] isMode=1 isGame=false mGpuMode=1
10-19 02:08:53.649 2051 2093 I FgBoostPerfService: [GetGpuDpiType] isMode=1 isGame=false mGpuDpiType=0
10-19 02:08:53.649 2051 2093 I FgBoostPerfService: [GetGpuDpiType] isMode=1 isGame=false mGpuStandardValue=0
10-19 02:08:53.649 1546 4649 I thunderperf: Current app pkgName=com.tencent.mm bm:com.thundercomm.perf.BoostPerfManager@720aec6 gpuMode=-1 gpuType=-1 gpuStandardVal=-1
10-19 02:08:53.649 1546 4649 I ThunderBoostPerfService: Resolution: Uid=10076 Pid=2557 gMode=-1 dType=-1 gpuStandardVal=-1
10-19 02:08:53.649 1546 4649 I thunderperf: PlatormCompat.setOverrides: Uid1=10076 Pid1=2557 Uid2=10076 Pid2=2557
10-19 02:08:53.649 1546 4649 I thunderperf: PlatormCompat.setOverrides: needCheck:false
10-19 02:08:53.649 1546 4649 I thunderperf: CompatConfig.addOverrideUnsafe: bef-state=1
10-19 02:08:53.649 1546 4649 I thunderperf: CompatConfig.addOverrideUnsafe: aft-state=0
10-19 02:08:53.650 1546 4649 I thunderperf: CompatConfig.addOverrideUnsafe: bef-state=1
10-19 02:08:53.650 1546 4649 I thunderperf: CompatConfig.addOverrideUnsafe: aft-state=0
10-19 02:08:53.650 1546 4649 I thunderperf: CompatConfig.addOverrideUnsafe: bef-state=1
10-19 02:08:53.650 1546 4649 I thunderperf: CompatConfig.addOverrideUnsafe: aft-state=0
10-19 02:08:53.650 1546 4649 I thunderperf: CompatConfig.addOverrideUnsafe: bef-state=1
10-19 02:08:53.650 1546 4649 I thunderperf: CompatConfig.addOverrideUnsafe: aft-state=0
10-19 02:08:53.650 1546 4649 I thunderperf: CompatConfig.addOverrideUnsafe: bef-state=1
10-19 02:08:53.651 1546 4649 I thunderperf: CompatConfig.addOverrideUnsafe: aft-state=0
10-19 02:08:53.651 1546 4649 I thunderperf: CompatConfig.addOverrideUnsafe: bef-state=1
10-19 02:08:53.651 1546 4649 I thunderperf: CompatConfig.addOverrideUnsafe: aft-state=0
10-19 02:08:53.651 1546 4649 I thunderperf: CompatConfig.addOverrideUnsafe: bef-state=1
10-19 02:08:53.651 1546 4649 I thunderperf: CompatConfig.addOverrideUnsafe: aft-state=0
10-19 02:08:53.651 1546 4649 I thunderperf: CompatConfig.addOverrideUnsafe: bef-state=1
10-19 02:08:53.651 1546 4649 I thunderperf: CompatConfig.addOverrideUnsafe: aft-state=0
10-19 02:08:53.652 1546 4649 I thunderperf: CompatConfig.addOverrideUnsafe: bef-state=1
10-19 02:08:53.652 1546 4649 I thunderperf: CompatConfig.addOverrideUnsafe: aft-state=0
10-19 02:08:53.652 1546 4649 I thunderperf: CompatConfig.addOverrideUnsafe: bef-state=1
10-19 02:08:53.652 1546 4649 I thunderperf: CompatConfig.addOverrideUnsafe: aft-state=0
10-19 02:08:53.652 1546 4649 I thunderperf: CompatConfig.addOverrideUnsafe: bef-state=1
10-19 02:08:53.652 1546 4649 I thunderperf: CompatConfig.addOverrideUnsafe: aft-state=0
10-19 02:08:53.652 1546 4649 I thunderperf: CompatConfig.addOverrideUnsafe: bef-state=1
10-19 02:08:53.652 1546 4649 I thunderperf: CompatConfig.addOverrideUnsafe: aft-state=0
10-19 02:08:53.653 1546 4649 I thunderperf: CompatConfig.addOverrideUnsafe: bef-state=1
10-19 02:08:53.653 1546 4649 I thunderperf: CompatConfig.addOverrideUnsafe: aft-state=0
10-19 02:08:53.653 1546 4649 I thunderperf: CompatConfig.addOverrideUnsafe: bef-state=1
10-19 02:08:53.653 1546 4649 I thunderperf: CompatConfig.addOverrideUnsafe: aft-state=0
10-19 02:08:53.654 1546 4649 I ThunderBoostPerfService: Disable downscaling com.tencent.mm to 2380x1020
10-19 02:08:53.654 1546 4649 I ActivityTaskManager: isCallApp = false
10-19 02:08:53.654 1546 4649 I ActivityTaskManager: START u0 {act=android.intent.action.MAIN cat=[android.intent.category.LAUNCHER] flg=0x10200000 cmp=com.tencent.mm/.ui.LauncherUI} from uid 10076
10-19 02:08:53.654 1546 1622 I EventSequenceValidator: inc AccIntentStartedEvents to 3
10-19 02:08:53.655 1546 4649 D ActivityTaskManager: TaskLaunchParamsModifier:task=null activity=ActivityRecord{96173d7 u0 com.tencent.mm/.ui.LauncherUI taskAffinity=10100:com.tencent.mm display-area-from-source=DefaultTaskDisplayArea@15489979 display-id=0 display-windowing-mode=1 suggested-display-area=DefaultTaskDisplayArea@15489979
10-19 02:08:53.655 1546 4649 D ActivityTaskManager: TaskLaunchParamsModifier:task=Task{c37a947 #70 type=standard A=10100:com.tencent.mm U=0 visible=true mode=freeform translucent=false sz=3 visible freeform task=true rootAffinity=10100:com.tencent.mm isMini=false} activity=ActivityRecord{96173d7 u0 com.tencent.mm/.ui.LauncherUI taskAffinity=10100:com.tencent.mm t-1} display-area-from-source=DefaultTaskDisplayArea@15489979 display-id=0 display-windowing-mode=1 suggested-display-area=DefaultTaskDisplayArea@15489979 activity-options-bounds=Rect(12, 12 - 607, 926) non-freeform-display display-area=DefaultTaskDisplayArea@15489979
10-19 02:08:53.655 1546 4649 D FreeFormWindowHelper: recentTask : null
10-19 02:08:53.655 1546 4649 I wm_task_moved: [70,1,6]
10-19 02:08:53.655 1546 4649 I wm_set_resumed_activity: [0,com.tencent.mm/.plugin.account.ui.WelcomeActivity,positionChildAt]
10-19 02:08:53.655 1546 4649 D FreeFormWindowHelper: handleFreeformTask : Task{c37a947 #70 type=standard A=10100:com.tencent.mm U=0 visible=true mode=freeform translucent=false sz=3 visible freeform task=true rootAffinity=10100:com.tencent.mm isMini=false}
10-19 02:08:53.655 1546 4649 D FreeFormWindowHelper: mFreeFormTask : Task{c37a947 #70 type=standard A=10100:com.tencent.mm U=0 visible=true mode=freeform translucent=false sz=3 visible freeform task=true rootAffinity=10100:com.tencent.mm isMini=false}
10-19 02:08:53.655 1546 4649 D FreeFormWindowHelper: mInRecent : false
10-19 02:08:53.655 1546 4649 D FreeFormWindowHelper: add new freeform task : Task{c37a947 #70 type=standard A=10100:com.tencent.mm U=0 visible=true mode=freeform translucent=false sz=3 visible freeform task=true rootAffinity=10100:com.tencent.mm isMini=false}
10-19 02:08:53.655 1546 4649 D FreeFormWindowHelper:
10-19 02:08:53.655 1546 4649 D FreeFormWindowHelper: handleFreeformTask : Task{c37a947 #70 type=standard A=10100:com.tencent.mm U=0 visible=true mode=freeform translucent=false sz=3 visible freeform task=true rootAffinity=10100:com.tencent.mm isMini=false}
10-19 02:08:53.655 1546 4649 D FreeFormWindowHelper: mFreeFormTask : Task{c37a947 #70 type=standard A=10100:com.tencent.mm U=0 visible=true mode=freeform translucent=false sz=3 visible freeform task=true rootAffinity=10100:com.tencent.mm isMini=false}
10-19 02:08:53.655 1546 4649 D FreeFormWindowHelper: mInRecent : false
10-19 02:08:53.655 1546 4649 D FreeFormWindowHelper: add new freeform task : Task{c37a947 #70 type=standard A=10100:com.tencent.mm U=0 visible=true mode=freeform translucent=false sz=3 visible freeform task=true rootAffinity=10100:com.tencent.mm isMini=false}
10-19 02:08:53.655 1546 4649 D FreeFormWindowHelper:
10-19 02:08:53.656 2557 2557 D StateManager: goToState: Normal animated: true
10-19 02:08:53.656 1546 1622 I EventSequenceValidator: dec AccIntentStartedEvents to 2
10-19 02:08:53.746 651 666 I mpu_uart: [MSG-P:RECV]:No message received in 1000 ms
10-19 02:08:53.749 4632 4639 I com.tencent.mm: Method exceeds compiler instruction limit: 20877 in wl.d wl.j.a(java.lang.Class)
10-19 02:08:53.848 1546 4649 D PowerManagerService: releaseWakeLockInternal: lock=177589908 [MicroMsg.MMAutoAuth], flags=0x0
10-19 02:08:53.848 1546 4649 D PowerManagerNotifier: onWakeLockReleased: flags=1, tag="MicroMsg.MMAutoAuth", packageName=com.tencent.mm, ownerUid=10100, ownerPid=4769, workSource=null
10-19 02:08:53.848 1546 4649 D PowerManagerService: updateWakeLockSummaryLocked: mWakefulness=Awake, mWakeLockSummary=0x1
10-19 02:08:53.848 1546 4649 D PowerManagerService: updateUserActivitySummaryLocked: groupId=0, mWakefulness=Awake, mUserActivitySummary=0x1, nextTimeout=151995 (in 59798 ms)
10-19 02:08:53.849 1546 4649 D PowerManagerNotifier: onScreenPolicyUpdate: newPolicy=3
10-19 02:08:53.849 1546 4649 D PowerManagerService: updateDisplayPowerStateLocked: displayReady=true, groupId=0, policy=BRIGHT, mWakefulness=Awake, mWakeLockSummary=0x1, mUserActivitySummary=0x1, mBootCompleted=true, screenBrightnessOverride=NaN, useAutoBrightness=true, mScreenBrightnessBoostInProgress=false, mIsVrModeEnabled= false, sQuiescent=false
10-19 02:08:53.865 1546 4649 D PowerManagerService: releaseWakeLockInternal: lock=216376059 [PlatformComm], flags=0x0
10-19 02:08:53.865 1546 4649 D PowerManagerNotifier: onWakeLockReleased: flags=1, tag="PlatformComm", packageName=com.tencent.mm, ownerUid=10100, ownerPid=4769, workSource=null
10-19 02:08:53.865 1546 4649 D PowerManagerService: updateWakeLockSummaryLocked: mWakefulness=Awake, mWakeLockSummary=0x1
10-19 02:08:53.865 1546 4649 D PowerManagerService: updateUserActivitySummaryLocked: groupId=0, mWakefulness=Awake, mUserActivitySummary=0x1, nextTimeout=151995 (in 59782 ms)
10-19 02:08:53.865 1546 4649 D PowerManagerNotifier: onScreenPolicyUpdate: newPolicy=3
10-19 02:08:53.865 1546 4649 D PowerManagerService: updateDisplayPowerStateLocked: displayReady=true, groupId=0, policy=BRIGHT, mWakefulness=Awake, mWakeLockSummary=0x1, mUserActivitySummary=0x1, mBootCompleted=true, screenBrightnessOverride=NaN, useAutoBrightness=true, mScreenBrightnessBoostInProgress=false, mIsVrModeEnabled= false, sQuiescent=false
10-19 02:08:53.865 1546 2566 D PowerManagerService: acquireWakeLockInternal: lock=216376059, flags=0x1, tag="PlatformComm", ws=null, uid=10100, pid=4769
10-19 02:08:53.865 1546 2566 D PowerManagerService: updateWakeLockSummaryLocked: mWakefulness=Awake, mWakeLockSummary=0x1
10-19 02:08:53.865 1546 2566 D PowerManagerService: updateUserActivitySummaryLocked: groupId=0, mWakefulness=Awake, mUserActivitySummary=0x1, nextTimeout=151995 (in 59781 ms)
10-19 02:08:53.866 1546 2566 D PowerManagerNotifier: onScreenPolicyUpdate: newPolicy=3
10-19 02:08:53.866 1546 2566 D PowerManagerService: updateDisplayPowerStateLocked: displayReady=true, groupId=0, policy=BRIGHT, mWakefulness=Awake, mWakeLockSummary=0x1, mUserActivitySummary=0x1, mBootCompleted=true, screenBrightnessOverride=NaN, useAutoBrightness=true, mScreenBrightnessBoostInProgress=false, mIsVrModeEnabled= false, sQuiescent=false
10-19 02:08:53.866 1546 2566 D PowerManagerNotifier: onWakeLockAcquired: flags=1, tag="PlatformComm", packageName=com.tencent.mm, ownerUid=10100, ownerPid=4769, workSource=null
10-19 02:08:53.945 651 665 D mpu_uart: [MSG-P:R-M]:recved H:38, L:0
10-19 02:08:53.945 651 665 V mpu_uart: recv data buf:[0x3c, 0x26, 0x0, 0x2, 0xd, 0x2, 0x1, 0x1c, 0xd, 0xa, 0x20, 0x42, 0x2d, 0x6d, 0x61, 0x69, 0x6e, 0x5f, 0x6c, 0x6f, 0x6f, 0x70, 0x20, 0x69, 0x73, 0x20, 0x72, 0x75, 0x6e, 0x6e, 0x69, 0x6e, 0x67, 0xd, 0xa, 0x0, 0x0, 0x70, ]
10-19 02:08:53.945 651 665 V mpu_uart:
10-19 02:08:53.945 651 665 V mpu_uart: B-main_loop is running
10-19 02:08:53.945 651 666 D mpu_uart: [SESSION-Distribute]:Message en queue:d
10-19 02:08:54.871 1546 4646 D PowerManagerService: releaseWakeLockInternal: lock=216376059 [PlatformComm], flags=0x0
10-19 02:08:54.871 1546 4646 D PowerManagerNotifier: onWakeLockReleased: flags=1, tag="PlatformComm", packageName=com.tencent.mm, ownerUid=10100, ownerPid=4769, workSource=null
10-19 02:08:54.871 1546 4646 D PowerManagerService: updateWakeLockSummaryLocked: mWakefulness=Awake, mWakeLockSummary=0x1
10-19 02:08:54.872 1546 4646 D PowerManagerService: updateUserActivitySummaryLocked: groupId=0, mWakefulness=Awake, mUserActivitySummary=0x1, nextTimeout=151995 (in 58775 ms)
10-19 02:08:54.872 1546 4646 D PowerManagerNotifier: onScreenPolicyUpdate: newPolicy=3
10-19 02:08:54.872 1546 4646 D PowerManagerService: updateDisplayPowerStateLocked: displayReady=true, groupId=0, policy=BRIGHT, mWakefulness=Awake, mWakeLockSummary=0x1, mUserActivitySummary=0x1, mBootCompleted=true, screenBrightnessOverride=NaN, useAutoBrightness=true, mScreenBrightnessBoostInProgress=false, mIsVrModeEnabled= false, sQuiescent=false
10-19 02:08:54.875 1546 4646 D PowerManagerService: acquireWakeLockInternal: lock=216376059, flags=0x1, tag="PlatformComm", ws=null, uid=10100, pid=4769
10-19 02:08:54.876 1546 4646 D PowerManagerService: updateWakeLockSummaryLocked: mWakefulness=Awake, mWakeLockSummary=0x1
10-19 02:08:54.876 1546 4646 D PowerManagerService: updateUserActivitySummaryLocked: groupId=0, mWakefulness=Awake, mUserActivitySummary=0x1, nextTimeout=151995 (in 58771 ms)
10-19 02:08:54.876 1546 4646 D PowerManagerNotifier: onScreenPolicyUpdate: newPolicy=3
10-19 02:08:54.876 1546 4646 D PowerManagerService: updateDisplayPowerStateLocked: displayReady=true, groupId=0, policy=BRIGHT, mWakefulness=Awake, mWakeLockSummary=0x1, mUserActivitySummary=0x1, mBootCompleted=true, screenBrightnessOverride=NaN, useAutoBrightness=true, mScreenBrightnessBoostInProgress=false, mIsVrModeEnabled= false, sQuiescent=false
10-19 02:08:54.876 1546 4646 D PowerManagerNotifier: onWakeLockAcquired: flags=1, tag="PlatformComm", packageName=com.tencent.mm, ownerUid=10100, ownerPid=4769, workSource=null
10-19 02:08:54.947 651 666 I mpu_uart: [MSG-P:RECV]:No message received in 1000 ms
10-19 02:08:55.020 1546 2840 E TaskPersister: File error accessing recents directory (directory doesn't exist?).
10-19 02:08:55.831 0 0 E [ 94.176248] link_delay_work_func: DTC_ETH: SQI=0, link=0
10-19 02:08:55.880 1546 4646 D PowerManagerService: releaseWakeLockInternal: lock=216376059 [PlatformComm], flags=0x0
10-19 02:08:55.881 1546 4646 D PowerManagerNotifier: onWakeLockReleased: flags=1, tag="PlatformComm", packageName=com.tencent.mm, ownerUid=10100, ownerPid=4769, workSource=null
10-19 02:08:55.882 1546 4646 D PowerManagerService: updateWakeLockSummaryLocked: mWakefulness=Awake, mWakeLockSummary=0x1
10-19 02:08:55.882 1546 4646 D PowerManagerService: updateUserActivitySummaryLocked: groupId=0, mWakefulness=Awake, mUserActivitySummary=0x1, nextTimeout=151995 (in 57765 ms)
10-19 02:08:55.882 1546 4646 D PowerManagerNotifier: onScreenPolicyUpdate: newPolicy=3
10-19 02:08:55.882 1546 4646 D PowerManagerService: updateDisplayPowerStateLocked: displayReady=true, groupId=0, policy=BRIGHT, mWakefulness=Awake, mWakeLockSummary=0x1, mUserActivitySummary=0x1, mBootCompleted=true, screenBrightnessOverride=NaN, useAutoBrightness=true, mScreenBrightnessBoostInProgress=false, mIsVrModeEnabled= false, sQuiescent=false
10-19 02:08:55.885 1546 4646 D PowerManagerService: acquireWakeLockInternal: lock=216376059, flags=0x1, tag="PlatformComm", ws=null, uid=10100, pid=4769
10-19 02:08:55.885 1546 4646 D PowerManagerService: updateWakeLockSummaryLocked: mWakefulness=Awake, mWakeLockSummary=0x1
10-19 02:08:55.885 1546 4646 D PowerManagerService: updateUserActivitySummaryLocked: groupId=0, mWakefulness=Awake, mUserActivitySummary=0x1, nextTimeout=151995 (in 57762 ms)
10-19 02:08:55.885 1546 4646 D PowerManagerNotifier: onScreenPolicyUpdate: newPolicy=3
10-19 02:08:55.885 1546 4646 D PowerManagerService: updateDisplayPowerStateLocked: displayReady=true, groupId=0, policy=BRIGHT, mWakefulness=Awake, mWakeLockSummary=0x1, mUserActivitySummary=0x1, mBootCompleted=true, screenBrightnessOverride=NaN, useAutoBrightness=true, mScreenBrightnessBoostInProgress=false, mIsVrModeEnabled= false, sQuiescent=false
10-19 02:08:55.885 1546 4646 D PowerManagerNotifier: onWakeLockAcquired: flags=1, tag="PlatformComm", packageName=com.tencent.mm, ownerUid=10100, ownerPid=4769, workSource=null
10-19 02:08:55.947 651 666 I mpu_uart: [MSG-P:RECV]:No message received in 1000 ms
10-19 02:08:56.724 2320 2320 D RemoteControlService: startVlanDispatchThread
10-19 02:08:56.890 1546 4646 D PowerManagerService: releaseWakeLockInternal: lock=216376059 [PlatformComm], flags=0x0
10-19 02:08:56.890 1546 4646 D PowerManagerNotifier: onWakeLockReleased: flags=1, tag="PlatformComm", packageName=com.tencent.mm, ownerUid=10100, ownerPid=4769, workSource=null
10-19 02:08:56.891 1546 4646 D PowerManagerService: updateWakeLockSummaryLocked: mWakefulness=Awake, mWakeLockSummary=0x1
10-19 02:08:56.891 1546 4646 D PowerManagerService: updateUserActivitySummaryLocked: groupId=0, mWakefulness=Awake, mUserActivitySummary=0x1, nextTimeout=151995 (in 56756 ms)
10-19 02:08:56.891 1546 4646 D PowerManagerNotifier: onScreenPolicyUpdate: newPolicy=3
10-19 02:08:56.891 1546 4646 D PowerManagerService: updateDisplayPowerStateLocked: displayReady=true, groupId=0, policy=BRIGHT, mWakefulness=Awake, mWakeLockSummary=0x1, mUserActivitySummary=0x1, mBootCompleted=true, screenBrightnessOverride=NaN, useAutoBrightness=true, mScreenBrightnessBoostInProgress=false, mIsVrModeEnabled= false, sQuiescent=false
10-19 02:08:56.894 1546 4646 D PowerManagerService: acquireWakeLockInternal: lock=216376059, flags=0x1, tag="PlatformComm", ws=null, uid=10100, pid=4769
10-19 02:08:56.894 1546 4646 D PowerManagerService: updateWakeLockSummaryLocked: mWakefulness=Awake, mWakeLockSummary=0x1
10-19 02:08:56.894 1546 4646 D PowerManagerService: updateUserActivitySummaryLocked: groupId=0, mWakefulness=Awake, mUserActivitySummary=0x1, nextTimeout=151995 (in 56753 ms)
10-19 02:08:56.894 1546 4646 D PowerManagerNotifier: onScreenPolicyUpdate: newPolicy=3
10-19 02:08:56.894 1546 4646 D PowerManagerService: updateDisplayPowerStateLocked: displayReady=true, groupId=0, policy=BRIGHT, mWakefulness=Awake, mWakeLockSummary=0x1, mUserActivitySummary=0x1, mBootCompleted=true, screenBrightnessOverride=NaN, useAutoBrightness=true, mScreenBrightnessBoostInProgress=false, mIsVrModeEnabled= false, sQuiescent=false
10-19 02:08:56.894 1546 4646 D PowerManagerNotifier: onWakeLockAcquired: flags=1, tag="PlatformComm", packageName=com.tencent.mm, ownerUid=10100, ownerPid=4769, workSource=null
10-19 02:08:56.947 651 666 I mpu_uart: [MSG-P:RECV]:No message received in 1000 ms
10-19 02:08:56.949 651 665 I mpu_uart: [MSG-P:R]:recv sync frame timeout
10-19 02:08:57.505 4632 4632 D InsetsController: onStateChanged: InsetsState: {mDisplayFrame=Rect(0, 0 - 2972, 1274), mDisplayCutout=DisplayCutout{insets=Rect(0, 0 - 0, 0) waterfall=Insets{left=0, top=0, right=0, bottom=0} boundingRect={Bounds=[Rect(0, 0 - 0, 0), Rect(0, 0 - 0, 0), Rect(0, 0 - 0, 0), Rect(0, 0 - 0, 0)]} cutoutPathParserInfo={CutoutPathParserInfo{displayWidth=0 displayHeight=0 density={0.0} cutoutSpec={} rotation={0} scale={1.248566}}}}, mRoundedCorners=RoundedCorners{[RoundedCorner{position=TopLeft, radius=0, center=Point(0, 0)}, RoundedCorner{position=TopRight, radius=0, center=Point(0, 0)}, RoundedCorner{position=BottomRight, radius=0, center=Point(0, 0)}, RoundedCorner{position=BottomLeft, radius=0, center=Point(0, 0)}]}, mPrivacyIndicatorBounds=PrivacyIndicatorBounds {static bounds=Rect(2792, 0 - 2945, 45) rotation=0}, mSources= { InsetsSource: {mType=ITYPE_LEFT_GESTURES, mFrame=[0,0][0,1274], mVisible=true}, InsetsSource: {mType=ITYPE_RIGHT_GESTURES, mFrame=[2972,0][2972,1274], mVisible=true}, InsetsSource: {mType=ITYPE_TOP_MANDATORY_GESTURES, mFrame=[0,0][2972,45], mVisible=true}, InsetsSource: {mType=ITYPE_BOTTOM_MANDATORY_GESTURES, mFrame=[0,1216][2972,1274], mVisible=true}, InsetsSource: {mType=ITYPE_TOP_TAPPABLE_ELEMENT, mFrame=[0,0][2972,45], mVisible=true}, InsetsSource: {mType=ITYPE_BOTTOM_TAPPABLE_ELEMENT, mFrame=[0,1216][2972,1274], mVisible=true}, InsetsSource: {mType=ITYPE_IME, mFrame=[0,0][0,0], mVisible=false} }
10-19 02:08:57.505 4632 4632 D InsetsSourceConsumer: applyLocalVisibilityOverride: No control in com.tencent.mm/com.tencent.mm.plugin.account.ui.WelcomeActivity requestedVisible false
10-19 02:08:57.506 4632 4632 D InsetsSourceConsumer: applyLocalVisibilityOverride: No control in com.tencent.mm/com.tencent.mm.plugin.account.ui.WelcomeActivity requestedVisible true
10-19 02:08:57.506 4632 4632 D InsetsSourceConsumer: applyLocalVisibilityOverride: No control in com.tencent.mm/com.tencent.mm.plugin.account.ui.WelcomeActivity requestedVisible true
10-19 02:08:57.506 4632 4632 D InsetsSourceConsumer: applyLocalVisibilityOverride: No control in com.tencent.mm/com.tencent.mm.plugin.account.ui.WelcomeActivity requestedVisible true
10-19 02:08:57.506 4632 4632 D InsetsSourceConsumer: applyLocalVisibilityOverride: No control in com.tencent.mm/com.tencent.mm.plugin.account.ui.WelcomeActivity requestedVisible true
10-19 02:08:57.506 4632 4632 D InsetsSourceConsumer: applyLocalVisibilityOverride: No control in com.tencent.mm/com.tencent.mm.plugin.account.ui.WelcomeActivity requestedVisible true
10-19 02:08:57.506 4632 4632 D InsetsSourceConsumer: applyLocalVisibilityOverride: No control in com.tencent.mm/com.tencent.mm.plugin.account.ui.WelcomeActivity requestedVisible true
10-19 02:08:57.506 4632 4632 D InsetsController: onStateChanged, notifyInsetsChanged
10-19 02:08:57.506 4632 4632 D InsetsSourceConsumer: Call hide for ITYPE_IME on com.tencent.mm/com.tencent.mm.plugin.account.ui.WelcomeActivity
10-19 02:08:57.506 4632 4632 D InsetsSourceConsumer: applyLocalVisibilityOverride: No control in com.tencent.mm/com.tencent.mm.plugin.account.ui.WelcomeActivity requestedVisible false
10-19 02:08:57.506 4632 4632 D InsetsSourceConsumer: applyLocalVisibilityOverride: No control in com.tencent.mm/com.tencent.mm.plugin.account.ui.WelcomeActivity requestedVisible true
10-19 02:08:57.506 4632 4632 D InsetsSourceConsumer: applyLocalVisibilityOverride: No control in com.tencent.mm/com.tencent.mm.plugin.account.ui.WelcomeActivity requestedVisible true
10-19 02:08:57.507 1546 1799 I input_focus: [Focus entering e02bbbe com.tencent.mm/com.tencent.mm.plugin.account.ui.WelcomeActivity (server),reason=Window became focusable. Previous reason: NOT_VISIBLE]
10-19 02:08:57.525 4632 4632 V ImeFocusController: onWindowFocus: DecorView@476cfce[WelcomeActivity] softInputMode=STATE_UNSPECIFIED|ADJUST_PAN|IS_FORWARD_NAVIGATION
10-19 02:08:57.526 4632 4632 V ImeFocusController: Restarting due to isRestartOnNextWindowFocus as true
10-19 02:08:57.526 4632 4632 D ImeFocusController: onViewFocusChanged, view=DecorView@476cfce[WelcomeActivity], mServedView=null
10-19 02:08:57.526 4632 4632 V ImeFocusController: checkFocus: view=null next=DecorView@476cfce[WelcomeActivity] force=true package=
10-19 02:08:57.528 4632 4632 V InputMethodManager: Starting input: view=DecorView@476cfce[WelcomeActivity],focus=false,windowFocus=true,autofillUiShowing=false,window=android.view.ViewRootImpl$W@13b6eef,displayId=0,temporaryDetach=false,hasImeFocus=true reason=WINDOW_FOCUS_GAIN
10-19 02:08:57.528 4632 4632 V InputMethodManager: Starting input: tba=android.view.inputmethod.EditorInfo@df53dfc ic=null
10-19 02:08:57.528 4632 4632 V InputMethodManager: START INPUT: view=DecorView@476cfce[WelcomeActivity],focus=false,windowFocus=true,autofillUiShowing=false,window=android.view.ViewRootImpl$W@13b6eef,displayId=0,temporaryDetach=false,hasImeFocus=true ic=null tba=android.view.inputmethod.EditorInfo@df53dfc startInputFlags=VIEW_HAS_FOCUS|INITIAL_CONNECTION
10-19 02:08:57.529 1546 4646 V InputMethodManagerService: startInputOrWindowGainedFocusInternalLocked: reason=WINDOW_FOCUS_GAIN client=android.os.BinderProxy@632b33c inputContext=null missingMethods= attribute=android.view.inputmethod.EditorInfo@3106cf startInputFlags=VIEW_HAS_FOCUS|INITIAL_CONNECTION softInputMode=STATE_UNSPECIFIED|ADJUST_PAN|IS_FORWARD_NAVIGATION windowFlags=#81810100 unverifiedTargetSdkVersion=29
10-19 02:08:57.529 1546 4646 V InputMethodManagerService: Unspecified window will hide input
10-19 02:08:57.529 1546 4646 V InputMethodManagerService: unbindCurrentInputLocked: client=android.os.BinderProxy@d2b00b9
10-19 02:08:57.530 1546 4646 V InputMethodMenuController: Hide switching menu
10-19 02:08:57.530 1546 4646 V InputMethodManagerService: switching to client: client=android.os.BinderProxy@632b33c keyguard=false
10-19 02:08:57.530 1546 4646 V InputMethodManagerService: Creating new session for client ClientState{80d285c uid=10100 pid=4632 displayId=0}
10-19 02:08:57.530 3307 3307 V InputMethod: unbindInput(): binding=InputBinding{android.os.BinderProxy@cf4d36c / uid 10076 / pid 2557} ic=InputConnectionWrapper{idHash=#d059926 mMissingMethods=}
10-19 02:08:57.531 3307 3307 I ImeService: ImeService(com.baidu.input_hryt.ImeService@36fd56e) life called >>> onUnbindInput
10-19 02:08:57.531 3307 3307 D ImeService: onUnbindInput
10-19 02:08:57.531 2557 2557 I InputMethodManager: handleMessage: MSG_SET_ACTIVE false, was true
10-19 02:08:57.531 4632 4632 V InputMethodManager: Starting input: Bind result=InputBindResult{result=SUCCESS_WAITING_IME_SESSION method=null id=com.baidu.input_hryt/.ImeService sequence=7 isInputMethodSuppressingSpellChecker=false}
10-19 02:08:57.531 2557 2557 I InputMethodManager: handleMessage: MSG_UNBIND 6 reason=SWITCH_CLIENT
10-19 02:08:57.531 2557 2557 V InputMethodManager: Clearing binding!
10-19 02:08:57.532 3307 3307 I ImeService: ImeService(com.baidu.input_hryt.ImeService@36fd56e) life called >>> onUnbindInput false
10-19 02:08:57.532 3307 3307 I ImeService: ImeService(com.baidu.input_hryt.ImeService@36fd56e) life called >>> hideSoft() false
10-19 02:08:57.532 3307 3307 I ImeService: java.lang.Throwable
10-19 02:08:57.532 3307 3307 I ImeService: com.baidu.input_hryt.ImeService.hideSoft(Proguard:4568)
10-19 02:08:57.532 3307 3307 I ImeService: com.baidu.input_hryt.ImeService.onUnbindInput(Proguard:3467)
10-19 02:08:57.532 3307 3307 I ImeService: android.inputmethodservice.InputMethodService$InputMethodImpl.unbindInput(InputMethodService.java:684)
10-19 02:08:57.532 3307 3307 I ImeService: android.inputmethodservice.IInputMethodWrapper.executeMessage(IInputMethodWrapper.java:185)
10-19 02:08:57.532 3307 3307 I ImeService: com.android.internal.os.HandlerCaller$MyHandler.handleMessage(HandlerCaller.java:44)
10-19 02:08:57.532 3307 3307 I ImeService: android.os.Handler.dispatchMessage(Handler.java:106)
10-19 02:08:57.532 3307 3307 I ImeService: android.os.Looper.loopOnce(Looper.java:201)
10-19 02:08:57.532 3307 3307 I ImeService: android.os.Looper.loop(Looper.java:288)
10-19 02:08:57.532 3307 3307 I ImeService: android.app.ActivityThread.main(ActivityThread.java:7880)
10-19 02:08:57.532 3307 3307 I ImeService: java.lang.reflect.Method.invoke(Native Method)
10-19 02:08:57.532 4632 4632 I InputMethodManager: handleMessage: MSG_SET_ACTIVE true, was false
10-19 02:08:57.534 3307 3307 V InputMethodService: CALL: hideWindow
10-19 02:08:57.535 1546 4646 V InputMethodManagerService: Disabling: SessionState{uid 10076 pid 2557 method 48d7e21 session b32f246 channel ClientState{d83dced uid=10076 pid=2557 displayId=0} (server)}
10-19 02:08:57.535 3307 3307 V InputMethod: bindInput(): binding=InputBinding{android.os.BinderProxy@f54c314 / uid 10100 / pid 4632} ic=InputConnectionWrapper{idHash=#fff57bd mMissingMethods=}
10-19 02:08:57.535 1546 4646 V InputMethodManagerService: Enabling: SessionState{uid 10100 pid 4632 method 48d7e21 session dc0fc3a channel ClientState{80d285c uid=10100 pid=4632 displayId=0} (server)}
10-19 02:08:57.535 3307 3307 I ImeService: ImeService(com.baidu.input_hryt.ImeService@36fd56e) life called >>> onBindInput
10-19 02:08:57.535 3307 3307 D ImeService: onBindInput
10-19 02:08:57.535 3307 3307 V InputMethod: startInput(): editor=android.view.inputmethod.EditorInfo@5a221b2
10-19 02:08:57.535 3307 3307 V InputMethodService: CALL: doFinishInput
10-19 02:08:57.536 3307 3307 D InlineSuggestionSessionController: notifyOnFinishInput
10-19 02:08:57.536 3307 3307 V InputMethodService: CALL: onFinishInput
10-19 02:08:57.536 3307 3307 I ImeService: ImeService(com.baidu.input_hryt.ImeService@36fd56e) life called >>> onFinishInput
10-19 02:08:57.536 3307 3307 D ImeService: onFinishInput
10-19 02:08:57.536 4632 4632 I InputMethodManager: handleMessage: MSG_BIND 7,com.baidu.input_hryt/.ImeService
10-19 02:08:57.537 4632 4632 V InputMethodManager: Starting input: view=DecorView@476cfce[WelcomeActivity],focus=false,windowFocus=true,autofillUiShowing=false,window=android.view.ViewRootImpl$W@13b6eef,displayId=0,temporaryDetach=false,hasImeFocus=true reason=BOUND_TO_IMMS
10-19 02:08:57.537 4632 4632 V InputMethodManager: Starting input: tba=android.view.inputmethod.EditorInfo@6341ada ic=null
10-19 02:08:57.537 4632 4632 V InputMethodManager: Starting input: finished by someone else. view=DecorView@476cfce[WelcomeActivity],focus=false,windowFocus=true,autofillUiShowing=false,window=android.view.ViewRootImpl$W@13b6eef,displayId=0,temporaryDetach=false,hasImeFocus=true servedView=DecorView@476cfce[WelcomeActivity],focus=false,windowFocus=true,autofillUiShowing=false,window=android.view.ViewRootImpl$W@13b6eef,displayId=0,temporaryDetach=false,hasImeFocus=true mServedConnecting=false
10-19 02:08:57.540 1546 1622 V InputMethodMenuController: Hide switching menu
10-19 02:08:57.541 3307 3307 D InlineSuggestionSessionController: notifyOnStartInput: com.tencent.mm, 0
10-19 02:08:57.541 3307 3307 V InputMethodService: CALL: onStartInput
10-19 02:08:57.541 3307 3307 I ImeService: ImeService(com.baidu.input_hryt.ImeService@36fd56e) life called >>> onStartInput false 10.6.1003.24
10-19 02:08:57.541 3307 3307 D ImeService: current version:10.6.1003.24
10-19 02:08:57.541 3307 3307 D ImeService: onStartInput:packageName:com.tencent.mm inputType:0 restarting:false,fieldId:-1,imeOptions:0
10-19 02:08:57.543 2557 2557 D InsetsSourceConsumer: applyLocalVisibilityOverride: No control in com.android.launcher3/com.android.launcher3.uioverrides.QuickstepLauncher requestedVisible false
10-19 02:08:57.544 2557 2557 D InsetsSourceConsumer: Call hide for ITYPE_IME on com.android.launcher3/com.android.launcher3.uioverrides.QuickstepLauncher
10-19 02:08:57.544 2557 2557 D InsetsSourceConsumer: applyLocalVisibilityOverride: No control in com.android.launcher3/com.android.launcher3.uioverrides.QuickstepLauncher requestedVisible false
10-19 02:08:57.545 3307 3543 E CarAuth : check ok
10-19 02:08:57.551 3307 3307 I ColorPicker: invalidatePickedColors: oldFloatColor=fff5f7fa
10-19 02:08:57.899 1546 3681 D PowerManagerService: releaseWakeLockInternal: lock=216376059 [PlatformComm], flags=0x0
10-19 02:08:57.900 1546 3681 D PowerManagerNotifier: onWakeLockReleased: flags=1, tag="PlatformComm", packageName=com.tencent.mm, ownerUid=10100, ownerPid=4769, workSource=null
10-19 02:08:57.900 1546 3681 D PowerManagerService: updateWakeLockSummaryLocked: mWakefulness=Awake, mWakeLockSummary=0x1
10-19 02:08:57.900 1546 3681 D PowerManagerService: updateUserActivitySummaryLocked: groupId=0, mWakefulness=Awake, mUserActivitySummary=0x1, nextTimeout=151995 (in 55746 ms)
10-19 02:08:57.901 1546 3681 D PowerManagerNotifier: onScreenPolicyUpdate: newPolicy=3
10-19 02:08:57.901 1546 3681 D PowerManagerService: updateDisplayPowerStateLocked: displayReady=true, groupId=0, policy=BRIGHT, mWakefulness=Awake, mWakeLockSummary=0x1, mUserActivitySummary=0x1, mBootCompleted=true, screenBrightnessOverride=NaN, useAutoBrightness=true, mScreenBrightnessBoostInProgress=false, mIsVrModeEnabled= false, sQuiescent=false
10-19 02:08:57.903 1546 3681 D PowerManagerService: acquireWakeLockInternal: lock=216376059, flags=0x1, tag="PlatformComm", ws=null, uid=10100, pid=4769
10-19 02:08:57.903 1546 3681 D PowerManagerService: updateWakeLockSummaryLocked: mWakefulness=Awake, mWakeLockSummary=0x1
10-19 02:08:57.903 1546 3681 D PowerManagerService: updateUserActivitySummaryLocked: groupId=0, mWakefulness=Awake, mUserActivitySummary=0x1, nextTimeout=151995 (in 55744 ms)
10-19 02:08:57.903 1546 3681 D PowerManagerNotifier: onScreenPolicyUpdate: newPolicy=3
10-19 02:08:57.903 1546 3681 D PowerManagerService: updateDisplayPowerStateLocked: displayReady=true, groupId=0, policy=BRIGHT, mWakefulness=Awake, mWakeLockSummary=0x1, mUserActivitySummary=0x1, mBootCompleted=true, screenBrightnessOverride=NaN, useAutoBrightness=true, mScreenBrightnessBoostInProgress=false, mIsVrModeEnabled= false, sQuiescent=false
10-19 02:08:57.903 1546 3681 D PowerManagerNotifier: onWakeLockAcquired: flags=1, tag="PlatformComm", packageName=com.tencent.mm, ownerUid=10100, ownerPid=4769, workSource=null
10-19 02:08:57.947 651 666 I mpu_uart: [MSG-P:RECV]:No message received in 1000 ms
10-19 02:08:57.976 1212 1226 E tlogd : [StorageChecker](hasStorageSpace) space: (used: 0M, free: 108570M), path: /data/tlog/logcat/
10-19 02:08:57.985 0 0 I [ 96.327395] init: processing action (sys.tlog.tlogdshc.active=1) from (/system/etc/init/tlogd.rc:198)
10-19 02:08:57.985 0 0 I [ 96.328620] init: starting service 'tlogdshc'...
10-19 02:08:58.105 0 0 I [ 96.450560] init: Service 'tlogdshc' (pid 4968) exited with status 0 oneshot service took 0.116000 seconds in background
10-19 02:08:58.105 0 0 I [ 96.450586] init: Sending signal 9 to service 'tlogdshc' (pid 4968) process group...
10-19 02:08:58.105 0 0 I [ 96.450770] libprocessgroup: Successfully killed process cgroup uid 0 pid 4968 in 0ms
10-19 02:08:58.795 1546 1622 W ActivityTaskManager: Launch timeout has expired, giving up wake lock!
10-19 02:08:58.795 1546 1622 D PowerManagerService: releaseWakeLockInternal: lock=227281559 [*launch*], flags=0x0
10-19 02:08:58.795 1546 1622 D PowerManagerNotifier: onWakeLockReleased: flags=1, tag="*launch*", packageName=android, ownerUid=1000, ownerPid=1546, workSource=WorkSource{10100}
10-19 02:08:58.796 1546 1622 D PowerManagerService: updateWakeLockSummaryLocked: mWakefulness=Awake, mWakeLockSummary=0x1
10-19 02:08:58.796 1546 1622 D PowerManagerService: updateUserActivitySummaryLocked: groupId=0, mWakefulness=Awake, mUserActivitySummary=0x1, nextTimeout=151995 (in 54851 ms)
10-19 02:08:58.796 1546 1622 D PowerManagerNotifier: onScreenPolicyUpdate: newPolicy=3
10-19 02:08:58.796 1546 1622 D PowerManagerService: updateDisplayPowerStateLocked: displayReady=true, groupId=0, policy=BRIGHT, mWakefulness=Awake, mWakeLockSummary=0x1, mUserActivitySummary=0x1, mBootCompleted=true, screenBrightnessOverride=NaN, useAutoBrightness=true, mScreenBrightnessBoostInProgress=false, mIsVrModeEnabled= false, sQuiescent=false
10-19 02:08:58.908 1546 3681 D PowerManagerService: releaseWakeLockInternal: lock=216376059 [PlatformComm], flags=0x0
10-19 02:08:58.908 1546 3681 D PowerManagerNotifier: onWakeLockReleased: flags=1, tag="PlatformComm", packageName=com.tencent.mm, ownerUid=10100, ownerPid=4769, workSource=null
10-19 02:08:58.909 1546 3681 D PowerManagerService: updateWakeLockSummaryLocked: mWakefulness=Awake, mWakeLockSummary=0x1
10-19 02:08:58.909 1546 3681 D PowerManagerService: updateUserActivitySummaryLocked: groupId=0, mWakefulness=Awake, mUserActivitySummary=0x1, nextTimeout=151995 (in 54738 ms)
10-19 02:08:58.909 1546 3681 D PowerManagerNotifier: onScreenPolicyUpdate: newPolicy=3
10-19 02:08:58.909 1546 3681 D PowerManagerService: updateDisplayPowerStateLocked: displayReady=true, groupId=0, policy=BRIGHT, mWakefulness=Awake, mWakeLockSummary=0x1, mUserActivitySummary=0x1, mBootCompleted=true, screenBrightnessOverride=NaN, useAutoBrightness=true, mScreenBrightnessBoostInProgress=false, mIsVrModeEnabled= false, sQuiescent=false
10-19 02:08:58.912 1546 3681 D PowerManagerService: acquireWakeLockInternal: lock=216376059, flags=0x1, tag="PlatformComm", ws=null, uid=10100, pid=4769
10-19 02:08:58.912 1546 3681 D PowerManagerService: updateWakeLockSummaryLocked: mWakefulness=Awake, mWakeLockSummary=0x1
10-19 02:08:58.912 1546 3681 D PowerManagerService: updateUserActivitySummaryLocked: groupId=0, mWakefulness=Awake, mUserActivitySummary=0x1, nextTimeout=151995 (in 54734 ms)
10-19 02:08:58.912 1546 3681 D PowerManagerNotifier: onScreenPolicyUpdate: newPolicy=3
10-19 02:08:58.913 1546 3681 D PowerManagerService: updateDisplayPowerStateLocked: displayReady=true, groupId=0, policy=BRIGHT, mWakefulness=Awake, mWakeLockSummary=0x1, mUserActivitySummary=0x1, mBootCompleted=true, screenBrightnessOverride=NaN, useAutoBrightness=true, mScreenBrightnessBoostInProgress=false, mIsVrModeEnabled= false, sQuiescent=false
10-19 02:08:58.913 1546 3681 D PowerManagerNotifier: onWakeLockAcquired: flags=1, tag="PlatformComm", packageName=com.tencent.mm, ownerUid=10100, ownerPid=4769, workSource=null
10-19 02:08:58.948 651 666 I mpu_uart: [MSG-P:RECV]:No message received in 1000 ms
10-19 02:08:59.918 1546 3681 D PowerManagerService: releaseWakeLockInternal: lock=216376059 [PlatformComm], flags=0x0
10-19 02:08:59.918 1546 3681 D PowerManagerNotifier: onWakeLockReleased: flags=1, tag="PlatformComm", packageName=com.tencent.mm, ownerUid=10100, ownerPid=4769, workSource=null
10-19 02:08:59.919 1546 3681 D PowerManagerService: updateWakeLockSummaryLocked: mWakefulness=Awake, mWakeLockSummary=0x1
10-19 02:08:59.919 1546 3681 D PowerManagerService: updateUserActivitySummaryLocked: groupId=0, mWakefulness=Awake, mUserActivitySummary=0x1, nextTimeout=151995 (in 53728 ms)
10-19 02:08:59.919 1546 3681 D PowerManagerNotifier: onScreenPolicyUpdate: newPolicy=3
10-19 02:08:59.919 1546 3681 D PowerManagerService: updateDisplayPowerStateLocked: displayReady=true, groupId=0, policy=BRIGHT, mWakefulness=Awake, mWakeLockSummary=0x1, mUserActivitySummary=0x1, mBootCompleted=true, screenBrightnessOverride=NaN, useAutoBrightness=true, mScreenBrightnessBoostInProgress=false, mIsVrModeEnabled= false, sQuiescent=false
10-19 02:08:59.922 1546 3681 D PowerManagerService: acquireWakeLockInternal: lock=216376059, flags=0x1, tag="PlatformComm", ws=null, uid=10100, pid=4769
10-19 02:08:59.922 1546 3681 D PowerManagerService: updateWakeLockSummaryLocked: mWakefulness=Awake, mWakeLockSummary=0x1
10-19 02:08:59.922 1546 3681 D PowerManagerService: updateUserActivitySummaryLocked: groupId=0, mWakefulness=Awake, mUserActivitySummary=0x1, nextTimeout=151995 (in 53724 ms)
10-19 02:08:59.923 1546 3681 D PowerManagerNotifier: onScreenPolicyUpdate: newPolicy=3
10-19 02:08:59.923 1546 3681 D PowerManagerService: updateDisplayPowerStateLocked: displayReady=true, groupId=0, policy=BRIGHT, mWakefulness=Awake, mWakeLockSummary=0x1, mUserActivitySummary=0x1, mBootCompleted=true, screenBrightnessOverride=NaN, useAutoBrightness=true, mScreenBrightnessBoostInProgress=false, mIsVrModeEnabled= false, sQuiescent=false
10-19 02:08:59.923 1546 3681 D PowerManagerNotifier: onWakeLockAcquired: flags=1, tag="PlatformComm", packageName=com.tencent.mm, ownerUid=10100, ownerPid=4769, workSource=null
10-19 02:08:59.950 651 666 I mpu_uart: [MSG-P:RECV]:No message received in 1000 ms
10-19 02:08:59.952 651 665 I mpu_uart: [MSG-P:R]:recv sync frame timeout
10-19 02:09:00.006 1546 1791 D PowerManagerService: acquireWakeLockInternal: lock=213092954, flags=0x1, tag="*alarm*", ws=WorkSource{1000}, uid=1000, pid=1546
10-19 02:09:00.007 1546 1791 D PowerManagerService: updateWakeLockSummaryLocked: mWakefulness=Awake, mWakeLockSummary=0x1
10-19 02:09:00.007 1546 1791 D PowerManagerService: updateUserActivitySummaryLocked: groupId=0, mWakefulness=Awake, mUserActivitySummary=0x1, nextTimeout=151995 (in 53640 ms)
10-19 02:09:00.007 1546 1791 D PowerManagerNotifier: onScreenPolicyUpdate: newPolicy=3
10-19 02:09:00.008 1546 1791 D PowerManagerService: updateDisplayPowerStateLocked: displayReady=true, groupId=0, policy=BRIGHT, mWakefulness=Awake, mWakeLockSummary=0x1, mUserActivitySummary=0x1, mBootCompleted=true, screenBrightnessOverride=NaN, useAutoBrightness=true, mScreenBrightnessBoostInProgress=false, mIsVrModeEnabled= false, sQuiescent=false
10-19 02:09:00.008 1546 1791 D PowerManagerNotifier: onWakeLockAcquired: flags=1, tag="*alarm*", packageName=android, ownerUid=1000, ownerPid=1546, workSource=WorkSource{1000}
10-19 02:09:00.009 1546 1546 D PowerManagerService: releaseWakeLockInternal: lock=213092954 [*alarm*], flags=0x0
10-19 02:09:00.009 1546 1546 D PowerManagerNotifier: onWakeLockReleased: flags=1, tag="*alarm*", packageName=android, ownerUid=1000, ownerPid=1546, workSource=WorkSource{1000}
10-19 02:09:00.009 1546 1546 D PowerManagerService: updateWakeLockSummaryLocked: mWakefulness=Awake, mWakeLockSummary=0x1
10-19 02:09:00.009 1546 1546 D PowerManagerService: updateUserActivitySummaryLocked: groupId=0, mWakefulness=Awake, mUserActivitySummary=0x1, nextTimeout=151995 (in 53638 ms)
10-19 02:09:00.009 1546 1546 D PowerManagerNotifier: onScreenPolicyUpdate: newPolicy=3
10-19 02:09:00.009 1546 1546 D PowerManagerService: updateDisplayPowerStateLocked: displayReady=true, groupId=0, policy=BRIGHT, mWakefulness=Awake, mWakeLockSummary=0x1, mUserActivitySummary=0x1, mBootCompleted=true, screenBrightnessOverride=NaN, useAutoBrightness=true, mScreenBrightnessBoostInProgress=false, mIsVrModeEnabled= false, sQuiescent=false
10-19 02:09:00.012 1889 1889 D KeyguardUpdateMonitor: received broadcast android.intent.action.TIME_TICK
10-19 02:09:00.012 1889 1889 D KeyguardUpdateMonitor: handleTimeUpdate
10-19 02:09:00.013 1889 2633 D Statusbar.Clock: mIntentReceiver:onReceive:
10-19 02:09:00.013 1889 2633 D Statusbar.Clock: mIntentReceiver:onReceive: action:android.intent.action.TIME_TICK
10-19 02:09:00.014 1889 2633 D Statusbar.Clock: mIntentReceiver:onReceive:
10-19 02:09:00.014 1889 2633 D Statusbar.Clock: mIntentReceiver:onReceive: action:android.intent.action.TIME_TICK
10-19 02:09:00.017 1889 1889 D Statusbar.Clock: updateClock:1697652540017
10-19 02:09:00.020 1889 1889 D Statusbar.Clock: updateClock:1697652540020
10-19 02:09:00.358 1546 3681 D PowerManagerService: releaseWakeLockInternal: lock=17849482 [PlatformComm], flags=0x0
10-19 02:09:00.358 1546 3681 D PowerManagerNotifier: onWakeLockReleased: flags=1, tag="PlatformComm", packageName=com.tencent.mm, ownerUid=10100, ownerPid=4769, workSource=null
10-19 02:09:00.359 1546 3681 D PowerManagerService: updateWakeLockSummaryLocked: mWakefulness=Awake, mWakeLockSummary=0x1
10-19 02:09:00.359 1546 3681 D PowerManagerService: updateUserActivitySummaryLocked: groupId=0, mWakefulness=Awake, mUserActivitySummary=0x1, nextTimeout=151995 (in 53288 ms)
10-19 02:09:00.359 1546 3681 D PowerManagerNotifier: onScreenPolicyUpdate: newPolicy=3
10-19 02:09:00.359 1546 3681 D PowerManagerService: updateDisplayPowerStateLocked: displayReady=true, groupId=0, policy=BRIGHT, mWakefulness=Awake, mWakeLockSummary=0x1, mUserActivitySummary=0x1, mBootCompleted=true, screenBrightnessOverride=NaN, useAutoBrightness=true, mScreenBrightnessBoostInProgress=false, mIsVrModeEnabled= false, sQuiescent=false
10-19 02:09:00.361 1546 4646 D PowerManagerService: acquireWakeLockInternal: lock=17849482, flags=0x1, tag="PlatformComm", ws=null, uid=10100, pid=4769
10-19 02:09:00.362 1546 4646 D PowerManagerService: updateWakeLockSummaryLocked: mWakefulness=Awake, mWakeLockSummary=0x1
10-19 02:09:00.362 1546 4646 D PowerManagerService: updateUserActivitySummaryLocked: groupId=0, mWakefulness=Awake, mUserActivitySummary=0x1, nextTimeout=151995 (in 53285 ms)
10-19 02:09:00.362 1546 4646 D PowerManagerNotifier: onScreenPolicyUpdate: newPolicy=3
10-19 02:09:00.362 1546 4646 D PowerManagerService: updateDisplayPowerStateLocked: displayReady=true, groupId=0, policy=BRIGHT, mWakefulness=Awake, mWakeLockSummary=0x1, mUserActivitySummary=0x1, mBootCompleted=true, screenBrightnessOverride=NaN, useAutoBrightness=true, mScreenBrightnessBoostInProgress=false, mIsVrModeEnabled= false, sQuiescent=false
10-19 02:09:00.362 1546 4646 D PowerManagerNotifier: onWakeLockAcquired: flags=1, tag="PlatformComm", packageName=com.tencent.mm, ownerUid=10100, ownerPid=4769, workSource=null
10-19 02:09:00.366 4769 4922 I mars::stn: [longlink_connect_monitor.cc:119, __LongLinkStateToSystemLog]:longlink_progress longlink state: connect failed connect socket error, disconnected time: 98714
10-19 02:09:00.380 4769 4853 I DpmTcmClient: RegisterTcmMonitor from: $Proxy2
10-19 02:09:00.859 4769 4922 I mars::stn: [longlink_connect_monitor.cc:257, __IntervalConnect]:longlink_progress next connect interval: 15000, process active state: true, process foreground: true
10-19 02:09:00.867 4769 4922 I mars::stn: [longlink_connect_monitor.cc:319, __AutoIntervalConnect]:longlink_progress set rebuild alarm, reason: rebuild longlink alarm, current time: 99215, next rebuild time interval: 6964
10-19 02:09:00.927 1546 4646 D PowerManagerService: releaseWakeLockInternal: lock=216376059 [PlatformComm], flags=0x0
10-19 02:09:00.927 1546 4646 D PowerManagerNotifier: onWakeLockReleased: flags=1, tag="PlatformComm", packageName=com.tencent.mm, ownerUid=10100, ownerPid=4769, workSource=null
10-19 02:09:00.928 1546 4646 D PowerManagerService: updateWakeLockSummaryLocked: mWakefulness=Awake, mWakeLockSummary=0x1
10-19 02:09:00.928 1546 4646 D PowerManagerService: updateUserActivitySummaryLocked: groupId=0, mWakefulness=Awake, mUserActivitySummary=0x1, nextTimeout=151995 (in 52718 ms)
10-19 02:09:00.928 1546 4646 D PowerManagerNotifier: onScreenPolicyUpdate: newPolicy=3
