10-19 02:08:49.153 3307 3474 E CarAuth : check ok
10-19 02:08:49.147 4544 4544 I auditd : type=1400 audit(0.0:107): avc: granted { bind } for comm="ip" scontext=u:r:untrusted_app_29:s0:c100,c256,c512,c768 tcontext=u:r:untrusted_app_29:s0:c100,c256,c512,c768 tclass=netlink_route_socket app=com.tencent.mm
10-19 02:08:49.147 4544 4544 W ip : type=1400 audit(0.0:107): avc: granted { bind } for scontext=u:r:untrusted_app_29:s0:c100,c256,c512,c768 tcontext=u:r:untrusted_app_29:s0:c100,c256,c512,c768 tclass=netlink_route_socket app=com.tencent.mm
10-19 02:08:49.156 4016 4016 I C2Java : [:4016, ]:use new netid flag is 1
10-19 02:08:49.156 1546 2100 I wm_finish_activity: [0,224118700,69,com.tencent.mm/.app.WeChatSplashActivity,app-request]
10-19 02:08:49.157 4016 4016 I C2Java : [:4016, ]:use new netid flag is 1
10-19 02:08:49.157 3307 3307 I ColorPicker: invalidatePickedColors: oldFloatColor=fff5f7fa
10-19 02:08:49.157 4385 4385 I wm_on_top_resumed_lost_called: [224118700,com.tencent.mm.app.WeChatSplashActivity,topStateChangedWhenResumed]
10-19 02:08:49.151 4016 4016 I auditd : type=1400 audit(0.0:108): avc: granted { nlmsg_readpriv } for comm="mars::4542" scontext=u:r:untrusted_app_29:s0:c100,c256,c512,c768 tcontext=u:r:untrusted_app_29:s0:c100,c256,c512,c768 tclass=netlink_route_socket app=com.tencent.mm
10-19 02:08:49.151 4016 4016 W mars::4542: type=1400 audit(0.0:108): avc: granted { nlmsg_readpriv } for scontext=u:r:untrusted_app_29:s0:c100,c256,c512,c768 tcontext=u:r:untrusted_app_29:s0:c100,c256,c512,c768 tclass=netlink_route_socket app=com.tencent.mm
10-19 02:08:49.155 4016 4016 I auditd : type=1400 audit(0.0:109): avc: granted { nlmsg_readpriv } for comm="mars::4542" scontext=u:r:untrusted_app_29:s0:c100,c256,c512,c768 tcontext=u:r:untrusted_app_29:s0:c100,c256,c512,c768 tclass=netlink_route_socket app=com.tencent.mm
10-19 02:08:49.155 4016 4016 W mars::4542: type=1400 audit(0.0:109): avc: granted { nlmsg_readpriv } for scontext=u:r:untrusted_app_29:s0:c100,c256,c512,c768 tcontext=u:r:untrusted_app_29:s0:c100,c256,c512,c768 tclass=netlink_route_socket app=com.tencent.mm
10-19 02:08:49.160 4385 4392 I com.tencent.mm: Method exceeds compiler instruction limit: 20877 in wl.d wl.j.a(java.lang.Class)
10-19 02:08:49.160 4385 4479 E FA : Task exception on worker thread: java.lang.IllegalStateException: Not initialized: com.google.android.gms.internal.measurement.zzhh.zzch(Unknown Source:11)
10-19 02:08:49.160 4385 4479 E FA : Task exception on worker thread: java.lang.IllegalStateException: Not initialized: com.google.android.gms.internal.measurement.zzhh.zzch(Unknown Source:11)
10-19 02:08:49.160 4385 4479 E FA : Persisted config not initialized. Not logging error/warn
10-19 02:08:49.160 4385 4479 E FA : Persisted config not initialized. Not logging error/warn
10-19 02:08:49.161 1546 2100 D PowerManagerService: acquireWakeLockInternal: lock=150998272, flags=0x1, tag="MicroMsg.MMAutoAuth", ws=null, uid=10100, pid=4016
10-19 02:08:49.161 4385 4385 I wm_on_paused_called: [224118700,com.tencent.mm.app.WeChatSplashActivity,performPause]
10-19 02:08:49.161 1546 2100 D PowerManagerService: updateWakeLockSummaryLocked: mWakefulness=Awake, mWakeLockSummary=0x1
10-19 02:08:49.161 1546 2100 D PowerManagerService: updateUserActivitySummaryLocked: groupId=0, mWakefulness=Awake, mUserActivitySummary=0x1, nextTimeout=146777 (in 59268 ms)
10-19 02:08:49.161 1546 2100 D PowerManagerNotifier: onScreenPolicyUpdate: newPolicy=3
10-19 02:08:49.161 1546 2100 D PowerManagerService: updateDisplayPowerStateLocked: displayReady=true, groupId=0, policy=BRIGHT, mWakefulness=Awake, mWakeLockSummary=0x1, mUserActivitySummary=0x1, mBootCompleted=true, screenBrightnessOverride=NaN, useAutoBrightness=true, mScreenBrightnessBoostInProgress=false, mIsVrModeEnabled= false, sQuiescent=false
10-19 02:08:49.161 1546 2100 D PowerManagerNotifier: onWakeLockAcquired: flags=1, tag="MicroMsg.MMAutoAuth", packageName=com.tencent.mm, ownerUid=10100, ownerPid=4016, workSource=null
10-19 02:08:49.161 1546 2100 I wm_add_to_stopping: [0,224118700,com.tencent.mm/.app.WeChatSplashActivity,completeFinishing]
10-19 02:08:49.162 1546 2100 I ActivityTaskManager: FOREGROUND_APPLICATION_CHANGED to com.tencent.mm.plugin.account.ui.WelcomeActivity
10-19 02:08:49.162 1546 2100 I ActivityTaskManager: The Process com.tencent.mm Already Exists in BG. So sending its PID: 4385
10-19 02:08:49.162 1546 2100 W ActivityTaskManager: Tried to set launchTime (0) < mLastActivityLaunchTime (87209)
10-19 02:08:49.162 1546 2100 I wm_restart_activity: [0,202324726,69,com.tencent.mm/.plugin.account.ui.WelcomeActivity]
10-19 02:08:49.163 1546 2100 D CompatibilityInfo: mCompatibilityFlags - 4
10-19 02:08:49.163 1546 2100 D CompatibilityInfo: applicationDensity - 240
10-19 02:08:49.163 1546 2100 D CompatibilityInfo: applicationScale - 1.0
10-19 02:08:49.163 4016 4542 I mars::stn: [longlink_connect_monitor.cc:257, __IntervalConnect]:longlink_progress next connect interval: 15000, process active state: true, process foreground: true
10-19 02:08:49.163 1546 1622 V InputMethodMenuController: Hide switching menu
10-19 02:08:49.163 1546 3322 D PowerManagerService: acquireWakeLockInternal: lock=117160249, flags=0x1, tag="PlatformComm", ws=null, uid=10100, pid=4016
10-19 02:08:49.163 1546 3322 D PowerManagerService: updateWakeLockSummaryLocked: mWakefulness=Awake, mWakeLockSummary=0x1
10-19 02:08:49.163 1546 3322 D PowerManagerService: updateUserActivitySummaryLocked: groupId=0, mWakefulness=Awake, mUserActivitySummary=0x1, nextTimeout=146777 (in 59265 ms)
10-19 02:08:49.163 1546 3322 D PowerManagerNotifier: onScreenPolicyUpdate: newPolicy=3
10-19 02:08:49.163 1546 3322 D PowerManagerService: updateDisplayPowerStateLocked: displayReady=true, groupId=0, policy=BRIGHT, mWakefulness=Awake, mWakeLockSummary=0x1, mUserActivitySummary=0x1, mBootCompleted=true, screenBrightnessOverride=NaN, useAutoBrightness=true, mScreenBrightnessBoostInProgress=false, mIsVrModeEnabled= false, sQuiescent=false
10-19 02:08:49.163 1546 3322 D PowerManagerNotifier: onWakeLockAcquired: flags=1, tag="PlatformComm", packageName=com.tencent.mm, ownerUid=10100, ownerPid=4016, workSource=null
10-19 02:08:49.163 4016 4016 I Matrix.battery.AmsInvokeListener: [:4016, ]:on alarm invoke, method = setRepeating, form = com/tencent/mm/alarm/AlarmHelper, args = [0, 1697653429163, 900000, PendingIntent{43be268: android.os.BinderProxy@eb4681}]
10-19 02:08:49.163 1546 2100 I wm_set_resumed_activity: [0,com.tencent.mm/.plugin.account.ui.WelcomeActivity,minimalResumeActivityLocked]
10-19 02:08:49.164 1546 2100 D FreeFormWindowHelper: handleFreeformTask : Task{766520 #69 type=standard A=10100:com.tencent.mm U=0 visible=true mode=freeform translucent=false sz=3 visible freeform task=true rootAffinity=10100:com.tencent.mm isMini=false}
10-19 02:08:49.164 1546 2100 D FreeFormWindowHelper: mFreeFormTask : Task{766520 #69 type=standard A=10100:com.tencent.mm U=0 visible=true mode=freeform translucent=false sz=3 visible freeform task=true rootAffinity=10100:com.tencent.mm isMini=false}
10-19 02:08:49.164 1546 2100 D FreeFormWindowHelper: mInRecent : false
10-19 02:08:49.164 1546 2100 D FreeFormWindowHelper: add new freeform task : Task{766520 #69 type=standard A=10100:com.tencent.mm U=0 visible=true mode=freeform translucent=false sz=3 visible freeform task=true rootAffinity=10100:com.tencent.mm isMini=false}
10-19 02:08:49.164 1546 2100 D FreeFormWindowHelper:
10-19 02:08:49.164 4016 4542 I mars::stn: [longlink_connect_monitor.cc:119, __LongLinkStateToSystemLog]:longlink_progress longlink state: connecting time: 87512
10-19 02:08:49.165 4016 4557 W libc : Access denied finding property "net.dns1"
10-19 02:08:49.165 4016 4557 W libc : Access denied finding property "net.dns2"
10-19 02:08:49.165 2557 2557 D InsetsSourceConsumer: Call hide for ITYPE_IME on com.android.launcher3/com.android.launcher3.uioverrides.QuickstepLauncher
10-19 02:08:49.165 2557 2557 D InsetsSourceConsumer: applyLocalVisibilityOverride: No control in com.android.launcher3/com.android.launcher3.uioverrides.QuickstepLauncher requestedVisible false
10-19 02:08:49.166 2557 2557 D InsetsSourceConsumer: setControl -> ITYPE_NAVIGATION_BAR on com.android.launcher3/com.android.launcher3.uioverrides.QuickstepLauncher
10-19 02:08:49.166 2557 2557 D InsetsSourceConsumer: applyHiddenToControl: true
10-19 02:08:49.166 1546 1622 I sysui_multi_action: [757,803,799,window_time_2,802,0]
10-19 02:08:49.166 4385 4385 I InputMethodManager: handleMessage: MSG_SET_ACTIVE true, was false
10-19 02:08:49.167 4016 4016 I Matrix.battery.AmsInvokeListener: [:4016, ]:on alarm invoke, method = setRepeating, form = com/tencent/mm/alarm/AlarmHelper, args = [3, 87515, 300000, PendingIntent{ed69680: android.os.BinderProxy@a3944b9}]
10-19 02:08:49.170 4016 4554 W libc : Access denied finding property "net.dns1"
10-19 02:08:49.170 4016 4554 W libc : Access denied finding property "net.dns2"
10-19 02:08:49.163 4016 4016 I auditd : type=1400 audit(0.0:110): avc: granted { nlmsg_readpriv } for comm="mars::4554" scontext=u:r:untrusted_app_29:s0:c100,c256,c512,c768 tcontext=u:r:untrusted_app_29:s0:c100,c256,c512,c768 tclass=netlink_route_socket app=com.tencent.mm
10-19 02:08:49.163 4016 4016 W mars::4554: type=1400 audit(0.0:110): avc: granted { nlmsg_readpriv } for scontext=u:r:untrusted_app_29:s0:c100,c256,c512,c768 tcontext=u:r:untrusted_app_29:s0:c100,c256,c512,c768 tclass=netlink_route_socket app=com.tencent.mm
10-19 02:08:49.167 4016 4016 I auditd : type=1400 audit(0.0:111): avc: granted { nlmsg_readpriv } for comm="mars::4554" scontext=u:r:untrusted_app_29:s0:c100,c256,c512,c768 tcontext=u:r:untrusted_app_29:s0:c100,c256,c512,c768 tclass=netlink_route_socket app=com.tencent.mm
10-19 02:08:49.167 4016 4016 W mars::4554: type=1400 audit(0.0:111): avc: granted { nlmsg_readpriv } for scontext=u:r:untrusted_app_29:s0:c100,c256,c512,c768 tcontext=u:r:untrusted_app_29:s0:c100,c256,c512,c768 tclass=netlink_route_socket app=com.tencent.mm
10-19 02:08:49.176 4385 4385 E com.tencent.mm: No package ID ff found for ID 0xffffffff.
10-19 02:08:49.177 4385 4385 I InputMethodManager: handleMessage: MSG_BIND 4,com.baidu.input_hryt/.ImeService
10-19 02:08:49.177 4385 4385 V InputMethodManager: Starting input: view=DecorView@81dcec9[WeChatSplashActivity],focus=false,windowFocus=true,autofillUiShowing=false,window=android.view.ViewRootImpl$W@22879ce,displayId=0,temporaryDetach=false,hasImeFocus=true reason=BOUND_TO_IMMS
10-19 02:08:49.177 4385 4385 V InputMethodManager: Starting input: tba=android.view.inputmethod.EditorInfo@5492da2 ic=null
10-19 02:08:49.177 4385 4385 V InputMethodManager: Starting input: finished by someone else. view=DecorView@81dcec9[WeChatSplashActivity],focus=false,windowFocus=true,autofillUiShowing=false,window=android.view.ViewRootImpl$W@22879ce,displayId=0,temporaryDetach=false,hasImeFocus=true servedView=DecorView@81dcec9[WeChatSplashActivity],focus=false,windowFocus=true,autofillUiShowing=false,window=android.view.ViewRootImpl$W@22879ce,displayId=0,temporaryDetach=false,hasImeFocus=true mServedConnecting=false
10-19 02:08:49.171 4563 4563 I auditd : type=1400 audit(0.0:112): avc: granted { bind } for comm="ip" scontext=u:r:untrusted_app_29:s0:c100,c256,c512,c768 tcontext=u:r:untrusted_app_29:s0:c100,c256,c512,c768 tclass=netlink_route_socket app=com.tencent.mm
10-19 02:08:49.171 4563 4563 W ip : type=1400 audit(0.0:112): avc: granted { bind } for scontext=u:r:untrusted_app_29:s0:c100,c256,c512,c768 tcontext=u:r:untrusted_app_29:s0:c100,c256,c512,c768 tclass=netlink_route_socket app=com.tencent.mm
10-19 02:08:49.179 4385 4385 E Instrumentation: Uninitialized ActivityThread, likely app-created Instrumentation, disabling AppComponentFactory
10-19 02:08:49.179 4385 4385 E Instrumentation: java.lang.Throwable
10-19 02:08:49.179 4385 4385 E Instrumentation: at android.app.Instrumentation.getFactory(Instrumentation.java:1283)
10-19 02:08:49.179 4385 4385 E Instrumentation: at android.app.Instrumentation.newActivity(Instrumentation.java:1274)
10-19 02:08:49.179 4385 4385 E Instrumentation: at com.tencent.mm.splash.j.newActivity(SourceFile:122)
10-19 02:08:49.179 4385 4385 E Instrumentation: at com.tencent.mm.pluginguard.ActivityHookInstrumentation.newActivity(SourceFile:8)
10-19 02:08:49.179 4385 4385 E Instrumentation: at android.app.ActivityThread.performLaunchActivity(ActivityThread.java:3533)
10-19 02:08:49.179 4385 4385 E Instrumentation: at android.app.ActivityThread.handleLaunchActivity(ActivityThread.java:3793)
10-19 02:08:49.179 4385 4385 E Instrumentation: at android.app.servertransaction.LaunchActivityItem.execute(LaunchActivityItem.java:103)
10-19 02:08:49.179 4385 4385 E Instrumentation: at android.app.servertransaction.TransactionExecutor.executeCallbacks(TransactionExecutor.java:135)
10-19 02:08:49.179 4385 4385 E Instrumentation: at android.app.servertransaction.TransactionExecutor.execute(TransactionExecutor.java:95)
10-19 02:08:49.179 4385 4385 E Instrumentation: at android.app.ActivityThread$H.handleMessage(ActivityThread.java:2211)
10-19 02:08:49.179 4385 4385 E Instrumentation: at android.os.Handler.dispatchMessage(Handler.java:106)
10-19 02:08:49.179 4385 4385 E Instrumentation: at android.os.Looper.loopOnce(Looper.java:201)
10-19 02:08:49.179 4385 4385 E Instrumentation: at android.os.Looper.loop(Looper.java:288)
10-19 02:08:49.179 4385 4385 E Instrumentation: at android.app.ActivityThread.main(ActivityThread.java:7880)
10-19 02:08:49.179 4385 4385 E Instrumentation: at java.lang.reflect.Method.invoke(Native Method)
10-19 02:08:49.179 4385 4385 E Instrumentation: at com.android.internal.os.RuntimeInit$MethodAndArgsCaller.run(RuntimeInit.java:548)
10-19 02:08:49.179 4385 4385 E Instrumentation: at com.android.internal.os.ZygoteInit.main(ZygoteInit.java:1009)
10-19 02:08:49.187 893 893 I BpBinder: onLastStrongRef automatically unlinking death recipients:
10-19 02:08:49.188 1546 1799 I input_focus: [Focus leaving 796222f com.tencent.mm/com.tencent.mm.app.WeChatSplashActivity (server),reason=NO_WINDOW]
10-19 02:08:49.218 4385 4385 I wm_on_create_called: [202324726,com.tencent.mm.plugin.account.ui.WelcomeActivity,performCreate]
10-19 02:08:49.218 4385 4392 I com.tencent.mm: Method exceeds compiler instruction limit: 20877 in wl.d wl.j.a(java.lang.Class)
10-19 02:08:49.221 4385 4385 I wm_on_start_called: [202324726,com.tencent.mm.plugin.account.ui.WelcomeActivity,handleStartActivity]
10-19 02:08:49.221 4385 4392 I com.tencent.mm: Method exceeds compiler instruction limit: 20877 in wl.d wl.j.a(java.lang.Class)
10-19 02:08:49.223 4385 4479 E FA : Task exception on worker thread: java.lang.IllegalStateException: AppMeasurement is not initialized: com.google.android.gms.internal.measurement.zzgl.zzch(Unknown Source:9)
10-19 02:08:49.223 4385 4479 E FA : Task exception on worker thread: java.lang.IllegalStateException: Not initialized: com.google.android.gms.internal.measurement.zzhh.zzch(Unknown Source:11)
10-19 02:08:49.223 4385 4479 E FA : Persisted config not initialized. Not logging error/warn
10-19 02:08:49.223 4385 4479 E FA : Persisted config not initialized. Not logging error/warn
10-19 02:08:49.224 4385 4385 I wm_on_resume_called: [202324726,com.tencent.mm.plugin.account.ui.WelcomeActivity,RESUME_ACTIVITY]
10-19 02:08:49.227 4385 4385 D InsetsController: onStateChanged: InsetsState: {mDisplayFrame=Rect(0, 0 - 2380, 1020), mDisplayCutout=DisplayCutout{insets=Rect(0, 0 - 0, 0) waterfall=Insets{left=0, top=0, right=0, bottom=0} boundingRect={Bounds=[Rect(0, 0 - 0, 0), Rect(0, 0 - 0, 0), Rect(0, 0 - 0, 0), Rect(0, 0 - 0, 0)]} cutoutPathParserInfo={CutoutPathParserInfo{displayWidth=0 displayHeight=0 density={0.0} cutoutSpec={} rotation={0} scale={0.0}}}}, mRoundedCorners=RoundedCorners{[RoundedCorner{position=TopLeft, radius=0, center=Point(0, 0)}, RoundedCorner{position=TopRight, radius=0, center=Point(0, 0)}, RoundedCorner{position=BottomRight, radius=0, center=Point(0, 0)}, RoundedCorner{position=BottomLeft, radius=0, center=Point(0, 0)}]}, mPrivacyIndicatorBounds=PrivacyIndicatorBounds {static bounds=Rect(2236, 0 - 2359, 36) rotation=0}, mSources= { InsetsSource: {mType=ITYPE_LEFT_GESTURES, mFrame=[0,0][0,1020], mVisible=true}, InsetsSource: {mType=ITYPE_RIGHT_GESTURES, mFrame=[2380,0][2380,1020], mVisible=true}, InsetsSource: {mType=ITYPE_TOP_MANDATORY_GESTURES, mFrame=[0,0][2380,36], mVisible=true}, InsetsSource: {mType=ITYPE_BOTTOM_MANDATORY_GESTURES, mFrame=[0,974][2380,1020], mVisible=true}, InsetsSource: {mType=ITYPE_TOP_TAPPABLE_ELEMENT, mFrame=[0,0][2380,36], mVisible=true}, InsetsSource: {mType=ITYPE_BOTTOM_TAPPABLE_ELEMENT, mFrame=[0,974][2380,1020], mVisible=true}, InsetsSource: {mType=ITYPE_IME, mFrame=[0,0][0,0], mVisible=false} }
10-19 02:08:49.227 4385 4385 D InsetsSourceConsumer: applyLocalVisibilityOverride: No control in com.tencent.mm/com.tencent.mm.plugin.account.ui.WelcomeActivity requestedVisible false
10-19 02:08:49.227 4385 4385 D InsetsSourceConsumer: applyLocalVisibilityOverride: No control in com.tencent.mm/com.tencent.mm.plugin.account.ui.WelcomeActivity requestedVisible true
10-19 02:08:49.227 4385 4385 D InsetsSourceConsumer: applyLocalVisibilityOverride: No control in com.tencent.mm/com.tencent.mm.plugin.account.ui.WelcomeActivity requestedVisible true
10-19 02:08:49.227 4385 4385 D InsetsSourceConsumer: applyLocalVisibilityOverride: No control in com.tencent.mm/com.tencent.mm.plugin.account.ui.WelcomeActivity requestedVisible true
10-19 02:08:49.227 4385 4385 D InsetsSourceConsumer: applyLocalVisibilityOverride: No control in com.tencent.mm/com.tencent.mm.plugin.account.ui.WelcomeActivity requestedVisible true
10-19 02:08:49.227 4385 4385 D InsetsSourceConsumer: applyLocalVisibilityOverride: No control in com.tencent.mm/com.tencent.mm.plugin.account.ui.WelcomeActivity requestedVisible true
10-19 02:08:49.227 4385 4385 D InsetsSourceConsumer: applyLocalVisibilityOverride: No control in com.tencent.mm/com.tencent.mm.plugin.account.ui.WelcomeActivity requestedVisible true
10-19 02:08:49.227 4385 4385 D InsetsController: onStateChanged, notifyInsetsChanged
10-19 02:08:49.227 4385 4385 D InsetsSourceConsumer: Call hide for ITYPE_IME on com.tencent.mm/com.tencent.mm.plugin.account.ui.WelcomeActivity
10-19 02:08:49.227 4385 4385 D InsetsSourceConsumer: applyLocalVisibilityOverride: No control in com.tencent.mm/com.tencent.mm.plugin.account.ui.WelcomeActivity requestedVisible false
10-19 02:08:49.227 4385 4385 I wm_on_top_resumed_gained_called: [202324726,com.tencent.mm.plugin.account.ui.WelcomeActivity,topStateChangedWhenResumed]
10-19 02:08:49.228 2557 2557 D ActivityChangeReceiver: onReceive
10-19 02:08:49.228 2557 4338 D MCUUtil : saveLastActivity activityName=com.tencent.mm.plugin.account.ui.WelcomeActivity packageName=com.tencent.mm
10-19 02:08:49.240 1546 1622 V InputMethodMenuController: Hide switching menu
10-19 02:08:49.240 1546 1623 I input_focus: [Focus request f0e8ad com.tencent.mm/com.tencent.mm.plugin.account.ui.WelcomeActivity,reason=UpdateInputWindows]
10-19 02:08:49.241 4385 4385 D InsetsController: onStateChanged: InsetsState: {mDisplayFrame=Rect(0, 0 - 2972, 1274), mDisplayCutout=DisplayCutout{insets=Rect(0, 0 - 0, 0) waterfall=Insets{left=0, top=0, right=0, bottom=0} boundingRect={Bounds=[Rect(0, 0 - 0, 0), Rect(0, 0 - 0, 0), Rect(0, 0 - 0, 0), Rect(0, 0 - 0, 0)]} cutoutPathParserInfo={CutoutPathParserInfo{displayWidth=0 displayHeight=0 density={0.0} cutoutSpec={} rotation={0} scale={1.248566}}}}, mRoundedCorners=RoundedCorners{[RoundedCorner{position=TopLeft, radius=0, center=Point(0, 0)}, RoundedCorner{position=TopRight, radius=0, center=Point(0, 0)}, RoundedCorner{position=BottomRight, radius=0, center=Point(0, 0)}, RoundedCorner{position=BottomLeft, radius=0, center=Point(0, 0)}]}, mPrivacyIndicatorBounds=PrivacyIndicatorBounds {static bounds=Rect(2792, 0 - 2945, 45) rotation=0}, mSources= { InsetsSource: {mType=ITYPE_LEFT_GESTURES, mFrame=[0,0][0,1274], mVisible=true}, InsetsSource: {mType=ITYPE_RIGHT_GESTURES, mFrame=[2972,0][2972,1274], mVisible=true}, InsetsSource: {mType=ITYPE_TOP_MANDATORY_GESTURES, mFrame=[0,0][2972,45], mVisible=true}, InsetsSource: {mType=ITYPE_BOTTOM_MANDATORY_GESTURES, mFrame=[0,1216][2972,1274], mVisible=true}, InsetsSource: {mType=ITYPE_TOP_TAPPABLE_ELEMENT, mFrame=[0,0][2972,45], mVisible=true}, InsetsSource: {mType=ITYPE_BOTTOM_TAPPABLE_ELEMENT, mFrame=[0,1216][2972,1274], mVisible=true}, InsetsSource: {mType=ITYPE_IME, mFrame=[0,0][0,0], mVisible=false} }
10-19 02:08:49.241 4385 4385 D InsetsSourceConsumer: applyLocalVisibilityOverride: No control in com.tencent.mm/com.tencent.mm.plugin.account.ui.WelcomeActivity requestedVisible false
10-19 02:08:49.241 4385 4385 D InsetsSourceConsumer: applyLocalVisibilityOverride: No control in com.tencent.mm/com.tencent.mm.plugin.account.ui.WelcomeActivity requestedVisible true
10-19 02:08:49.241 4385 4385 D InsetsSourceConsumer: applyLocalVisibilityOverride: No control in com.tencent.mm/com.tencent.mm.plugin.account.ui.WelcomeActivity requestedVisible true
10-19 02:08:49.241 4385 4385 D InsetsSourceConsumer: applyLocalVisibilityOverride: No control in com.tencent.mm/com.tencent.mm.plugin.account.ui.WelcomeActivity requestedVisible true
10-19 02:08:49.241 4385 4385 D InsetsSourceConsumer: applyLocalVisibilityOverride: No control in com.tencent.mm/com.tencent.mm.plugin.account.ui.WelcomeActivity requestedVisible true
10-19 02:08:49.241 4385 4385 D InsetsSourceConsumer: applyLocalVisibilityOverride: No control in com.tencent.mm/com.tencent.mm.plugin.account.ui.WelcomeActivity requestedVisible true
10-19 02:08:49.241 4385 4385 D InsetsSourceConsumer: applyLocalVisibilityOverride: No control in com.tencent.mm/com.tencent.mm.plugin.account.ui.WelcomeActivity requestedVisible true
10-19 02:08:49.241 4385 4385 D InsetsSourceConsumer: applyLocalVisibilityOverride: No control in com.tencent.mm/com.tencent.mm.plugin.account.ui.WelcomeActivity requestedVisible true
10-19 02:08:49.241 4385 4385 D InsetsSourceConsumer: applyLocalVisibilityOverride: No control in com.tencent.mm/com.tencent.mm.plugin.account.ui.WelcomeActivity requestedVisible true
10-19 02:08:49.241 4385 4385 D InsetsController: onStateChanged, notifyInsetsChanged
10-19 02:08:49.241 4385 4385 D InsetsSourceConsumer: Call hide for ITYPE_IME on com.tencent.mm/com.tencent.mm.plugin.account.ui.WelcomeActivity
10-19 02:08:49.241 4385 4385 D InsetsSourceConsumer: applyLocalVisibilityOverride: No control in com.tencent.mm/com.tencent.mm.plugin.account.ui.WelcomeActivity requestedVisible false
10-19 02:08:49.246 2557 2557 D InsetsSourceConsumer: Call hide for ITYPE_IME on com.android.launcher3/com.android.launcher3.uioverrides.QuickstepLauncher
10-19 02:08:49.246 2557 2557 D InsetsSourceConsumer: applyLocalVisibilityOverride: No control in com.android.launcher3/com.android.launcher3.uioverrides.QuickstepLauncher requestedVisible false
10-19 02:08:49.246 2557 2557 D InsetsSourceConsumer: applyLocalVisibilityOverride: No control in com.android.launcher3/com.android.launcher3.uioverrides.QuickstepLauncher requestedVisible true
10-19 02:08:49.249 4385 4385 E MicroMsg.ConfigFileStorageProxyMMKV: [:4385, ]:get mmkv value is null,get value fail
10-19 02:08:49.249 1546 1618 I wm_activity_launch_time: [0,202324726,com.tencent.mm/.plugin.account.ui.WelcomeActivity,150]
10-19 02:08:49.250 1546 1618 I ActivityTaskManager: Displayed com.tencent.mm/.plugin.account.ui.WelcomeActivity: +150ms
10-19 02:08:49.251 1546 2100 D PowerManagerService: releaseWakeLockInternal: lock=150998272 [MicroMsg.MMAutoAuth], flags=0x0
10-19 02:08:49.251 1546 2100 D PowerManagerNotifier: onWakeLockReleased: flags=1, tag="MicroMsg.MMAutoAuth", packageName=com.tencent.mm, ownerUid=10100, ownerPid=4016, workSource=null
10-19 02:08:49.251 1546 2100 D PowerManagerService: updateWakeLockSummaryLocked: mWakefulness=Awake, mWakeLockSummary=0x1
10-19 02:08:49.251 1546 2100 D PowerManagerService: updateUserActivitySummaryLocked: groupId=0, mWakefulness=Awake, mUserActivitySummary=0x1, nextTimeout=146777 (in 59177 ms)
10-19 02:08:49.251 1546 2100 D PowerManagerNotifier: onScreenPolicyUpdate: newPolicy=3
10-19 02:08:49.251 1546 2100 D PowerManagerService: updateDisplayPowerStateLocked: displayReady=true, groupId=0, policy=BRIGHT, mWakefulness=Awake, mWakeLockSummary=0x1, mUserActivitySummary=0x1, mBootCompleted=true, screenBrightnessOverride=NaN, useAutoBrightness=true, mScreenBrightnessBoostInProgress=false, mIsVrModeEnabled= false, sQuiescent=false
10-19 02:08:49.252 1546 2100 D PowerManagerService: acquireWakeLockInternal: lock=150998272, flags=0x1, tag="MicroMsg.MMAutoAuth", ws=null, uid=10100, pid=4016
10-19 02:08:49.252 1546 2100 D PowerManagerService: updateWakeLockSummaryLocked: mWakefulness=Awake, mWakeLockSummary=0x1
10-19 02:08:49.252 1546 2100 D PowerManagerService: updateUserActivitySummaryLocked: groupId=0, mWakefulness=Awake, mUserActivitySummary=0x1, nextTimeout=146777 (in 59177 ms)
10-19 02:08:49.252 1546 2100 D PowerManagerNotifier: onScreenPolicyUpdate: newPolicy=3
10-19 02:08:49.252 1546 2100 D PowerManagerService: updateDisplayPowerStateLocked: displayReady=true, groupId=0, policy=BRIGHT, mWakefulness=Awake, mWakeLockSummary=0x1, mUserActivitySummary=0x1, mBootCompleted=true, screenBrightnessOverride=NaN, useAutoBrightness=true, mScreenBrightnessBoostInProgress=false, mIsVrModeEnabled= false, sQuiescent=false
10-19 02:08:49.252 1546 2100 D PowerManagerNotifier: onWakeLockAcquired: flags=1, tag="MicroMsg.MMAutoAuth", packageName=com.tencent.mm, ownerUid=10100, ownerPid=4016, workSource=null
10-19 02:08:49.254 4016 4542 W libc : Access denied finding property "net.dns1"
10-19 02:08:49.254 4016 4542 W libc : Access denied finding property "net.dns2"
10-19 02:08:49.255 1546 1799 I input_focus: [Focus entering f0e8ad com.tencent.mm/com.tencent.mm.plugin.account.ui.WelcomeActivity (server),reason=setFocusedWindow]
10-19 02:08:49.255 0 0 W [ 87.603177] audit: audit_lost=1 audit_rate_limit=5 audit_backlog_limit=64
10-19 02:08:49.255 0 0 E [ 87.603178] audit: rate limit exceeded
10-19 02:08:49.257 1546 2100 D PowerManagerService: releaseWakeLockInternal: lock=150998272 [MicroMsg.MMAutoAuth], flags=0x0
10-19 02:08:49.257 1546 2100 D PowerManagerNotifier: onWakeLockReleased: flags=1, tag="MicroMsg.MMAutoAuth", packageName=com.tencent.mm, ownerUid=10100, ownerPid=4016, workSource=null
10-19 02:08:49.257 1546 2100 D PowerManagerService: updateWakeLockSummaryLocked: mWakefulness=Awake, mWakeLockSummary=0x1
10-19 02:08:49.257 1546 2100 D PowerManagerService: updateUserActivitySummaryLocked: groupId=0, mWakefulness=Awake, mUserActivitySummary=0x1, nextTimeout=146777 (in 59172 ms)
10-19 02:08:49.257 1546 2100 D PowerManagerNotifier: onScreenPolicyUpdate: newPolicy=3
10-19 02:08:49.257 1546 2100 D PowerManagerService: updateDisplayPowerStateLocked: displayReady=true, groupId=0, policy=BRIGHT, mWakefulness=Awake, mWakeLockSummary=0x1, mUserActivitySummary=0x1, mBootCompleted=true, screenBrightnessOverride=NaN, useAutoBrightness=true, mScreenBrightnessBoostInProgress=false, mIsVrModeEnabled= false, sQuiescent=false
10-19 02:08:49.257 1546 2100 D PowerManagerService: acquireWakeLockInternal: lock=150998272, flags=0x1, tag="MicroMsg.MMAutoAuth", ws=null, uid=10100, pid=4016
10-19 02:08:49.257 1546 2100 D PowerManagerService: updateWakeLockSummaryLocked: mWakefulness=Awake, mWakeLockSummary=0x1
10-19 02:08:49.257 1546 2100 D PowerManagerService: updateUserActivitySummaryLocked: groupId=0, mWakefulness=Awake, mUserActivitySummary=0x1, nextTimeout=146777 (in 59171 ms)
10-19 02:08:49.258 1546 2100 D PowerManagerNotifier: onScreenPolicyUpdate: newPolicy=3
10-19 02:08:49.258 1546 2100 D PowerManagerService: updateDisplayPowerStateLocked: displayReady=true, groupId=0, policy=BRIGHT, mWakefulness=Awake, mWakeLockSummary=0x1, mUserActivitySummary=0x1, mBootCompleted=true, screenBrightnessOverride=NaN, useAutoBrightness=true, mScreenBrightnessBoostInProgress=false, mIsVrModeEnabled= false, sQuiescent=false
10-19 02:08:49.258 1546 2100 D PowerManagerNotifier: onWakeLockAcquired: flags=1, tag="MicroMsg.MMAutoAuth", packageName=com.tencent.mm, ownerUid=10100, ownerPid=4016, workSource=null
10-19 02:08:49.265 1546 1812 D PowerManagerService: releaseWakeLockInternal: lock=117160249 [PlatformComm], flags=0x0
10-19 02:08:49.265 1546 1812 D PowerManagerNotifier: onWakeLockReleased: flags=1, tag="PlatformComm", packageName=com.tencent.mm, ownerUid=10100, ownerPid=4016, workSource=null
10-19 02:08:49.265 1546 1812 D PowerManagerService: updateWakeLockSummaryLocked: mWakefulness=Awake, mWakeLockSummary=0x1
10-19 02:08:49.265 1546 1812 D PowerManagerService: updateUserActivitySummaryLocked: groupId=0, mWakefulness=Awake, mUserActivitySummary=0x1, nextTimeout=146777 (in 59164 ms)
10-19 02:08:49.265 1546 1812 D PowerManagerNotifier: onScreenPolicyUpdate: newPolicy=3
10-19 02:08:49.265 1546 1812 D PowerManagerService: updateDisplayPowerStateLocked: displayReady=true, groupId=0, policy=BRIGHT, mWakefulness=Awake, mWakeLockSummary=0x1, mUserActivitySummary=0x1, mBootCompleted=true, screenBrightnessOverride=NaN, useAutoBrightness=true, mScreenBrightnessBoostInProgress=false, mIsVrModeEnabled= false, sQuiescent=false
10-19 02:08:49.265 1546 3322 D ActivityTaskManager: Skipping, freeform mode : Task{766520 #69 type=standard A=10100:com.tencent.mm U=0 visible=true mode=freeform translucent=false sz=3 visible freeform task=true rootAffinity=10100:com.tencent.mm isMini=false}
10-19 02:08:49.265 1546 2100 D PowerManagerService: acquireWakeLockInternal: lock=117160249, flags=0x1, tag="PlatformComm", ws=null, uid=10100, pid=4016
10-19 02:08:49.265 1546 2100 D PowerManagerService: updateWakeLockSummaryLocked: mWakefulness=Awake, mWakeLockSummary=0x1
10-19 02:08:49.265 1546 2100 D PowerManagerService: updateUserActivitySummaryLocked: groupId=0, mWakefulness=Awake, mUserActivitySummary=0x1, nextTimeout=146777 (in 59163 ms)
10-19 02:08:49.265 1546 2100 D PowerManagerNotifier: onScreenPolicyUpdate: newPolicy=3
10-19 02:08:49.265 1546 2100 D PowerManagerService: updateDisplayPowerStateLocked: displayReady=true, groupId=0, policy=BRIGHT, mWakefulness=Awake, mWakeLockSummary=0x1, mUserActivitySummary=0x1, mBootCompleted=true, screenBrightnessOverride=NaN, useAutoBrightness=true, mScreenBrightnessBoostInProgress=false, mIsVrModeEnabled= false, sQuiescent=false
10-19 02:08:49.265 1546 2100 D PowerManagerNotifier: onWakeLockAcquired: flags=1, tag="PlatformComm", packageName=com.tencent.mm, ownerUid=10100, ownerPid=4016, workSource=null
10-19 02:08:49.266 4016 4542 I mars::stn: [longlink_connect_monitor.cc:240, NetworkChange]:longlink_progress network change time: 87614
10-19 02:08:49.266 4016 4542 I mars::stn: [longlink_connect_monitor.cc:257, __IntervalConnect]:longlink_progress next connect interval: 0, process active state: true, process foreground: true
10-19 02:08:49.266 1546 2100 D PowerManagerService: acquireWakeLockInternal: lock=220365291, flags=0x1, tag="PlatformComm", ws=null, uid=10100, pid=4016
10-19 02:08:49.266 1546 2100 D PowerManagerService: updateWakeLockSummaryLocked: mWakefulness=Awake, mWakeLockSummary=0x1
10-19 02:08:49.267 1546 2100 D PowerManagerService: updateUserActivitySummaryLocked: groupId=0, mWakefulness=Awake, mUserActivitySummary=0x1, nextTimeout=146777 (in 59162 ms)
10-19 02:08:49.267 1546 2100 D PowerManagerNotifier: onScreenPolicyUpdate: newPolicy=3
10-19 02:08:49.267 1546 2100 D PowerManagerService: updateDisplayPowerStateLocked: displayReady=true, groupId=0, policy=BRIGHT, mWakefulness=Awake, mWakeLockSummary=0x1, mUserActivitySummary=0x1, mBootCompleted=true, screenBrightnessOverride=NaN, useAutoBrightness=true, mScreenBrightnessBoostInProgress=false, mIsVrModeEnabled= false, sQuiescent=false
10-19 02:08:49.267 1546 2100 D PowerManagerNotifier: onWakeLockAcquired: flags=1, tag="PlatformComm", packageName=com.tencent.mm, ownerUid=10100, ownerPid=4016, workSource=null
10-19 02:08:49.267 1546 1812 D PowerManagerService: releaseWakeLockInternal: lock=117160249 [PlatformComm], flags=0x0
10-19 02:08:49.267 1546 1812 D PowerManagerNotifier: onWakeLockReleased: flags=1, tag="PlatformComm", packageName=com.tencent.mm, ownerUid=10100, ownerPid=4016, workSource=null
10-19 02:08:49.267 1546 1812 D PowerManagerService: updateWakeLockSummaryLocked: mWakefulness=Awake, mWakeLockSummary=0x1
10-19 02:08:49.267 1546 1812 D PowerManagerService: updateUserActivitySummaryLocked: groupId=0, mWakefulness=Awake, mUserActivitySummary=0x1, nextTimeout=146777 (in 59162 ms)
10-19 02:08:49.267 1546 1812 D PowerManagerNotifier: onScreenPolicyUpdate: newPolicy=3
10-19 02:08:49.267 1546 1812 D PowerManagerService: updateDisplayPowerStateLocked: displayReady=true, groupId=0, policy=BRIGHT, mWakefulness=Awake, mWakeLockSummary=0x1, mUserActivitySummary=0x1, mBootCompleted=true, screenBrightnessOverride=NaN, useAutoBrightness=true, mScreenBrightnessBoostInProgress=false, mIsVrModeEnabled= false, sQuiescent=false
10-19 02:08:49.267 1546 1812 D PowerManagerService: acquireWakeLockInternal: lock=34151240, flags=0x1, tag="PlatformComm", ws=null, uid=10100, pid=4016
10-19 02:08:49.267 1546 1812 D PowerManagerService: updateWakeLockSummaryLocked: mWakefulness=Awake, mWakeLockSummary=0x1
10-19 02:08:49.267 1546 1812 D PowerManagerService: updateUserActivitySummaryLocked: groupId=0, mWakefulness=Awake, mUserActivitySummary=0x1, nextTimeout=146777 (in 59162 ms)
10-19 02:08:49.267 1546 1812 D PowerManagerNotifier: onScreenPolicyUpdate: newPolicy=3
10-19 02:08:49.267 1546 1812 D PowerManagerService: updateDisplayPowerStateLocked: displayReady=true, groupId=0, policy=BRIGHT, mWakefulness=Awake, mWakeLockSummary=0x1, mUserActivitySummary=0x1, mBootCompleted=true, screenBrightnessOverride=NaN, useAutoBrightness=true, mScreenBrightnessBoostInProgress=false, mIsVrModeEnabled= false, sQuiescent=false
10-19 02:08:49.267 1546 1812 D PowerManagerNotifier: onWakeLockAcquired: flags=1, tag="PlatformComm", packageName=com.tencent.mm, ownerUid=10100, ownerPid=4016, workSource=null
10-19 02:08:49.267 1546 2100 D PowerManagerService: acquireWakeLockInternal: lock=117160249, flags=0x1, tag="PlatformComm", ws=null, uid=10100, pid=4016
10-19 02:08:49.267 1546 2100 D PowerManagerService: updateWakeLockSummaryLocked: mWakefulness=Awake, mWakeLockSummary=0x1
10-19 02:08:49.267 1546 2100 D PowerManagerService: updateUserActivitySummaryLocked: groupId=0, mWakefulness=Awake, mUserActivitySummary=0x1, nextTimeout=146777 (in 59161 ms)
10-19 02:08:49.267 1546 2100 D PowerManagerNotifier: onScreenPolicyUpdate: newPolicy=3
10-19 02:08:49.267 1546 2100 D PowerManagerService: updateDisplayPowerStateLocked: displayReady=true, groupId=0, policy=BRIGHT, mWakefulness=Awake, mWakeLockSummary=0x1, mUserActivitySummary=0x1, mBootCompleted=true, screenBrightnessOverride=NaN, useAutoBrightness=true, mScreenBrightnessBoostInProgress=false, mIsVrModeEnabled= false, sQuiescent=false
10-19 02:08:49.267 1546 2100 D PowerManagerNotifier: onWakeLockAcquired: flags=1, tag="PlatformComm", packageName=com.tencent.mm, ownerUid=10100, ownerPid=4016, workSource=null
10-19 02:08:49.268 4016 4578 W libc : Access denied finding property "net.dns1"
10-19 02:08:49.268 4016 4578 W libc : Access denied finding property "net.dns2"
10-19 02:08:49.270 4016 4576 W libc : Access denied finding property "net.dns1"
10-19 02:08:49.270 4016 4576 W libc : Access denied finding property "net.dns2"
10-19 02:08:49.280 1546 1812 D PowerManagerService: releaseWakeLockInternal: lock=117160249 [PlatformComm], flags=0x0
10-19 02:08:49.280 1546 1812 D PowerManagerNotifier: onWakeLockReleased: flags=1, tag="PlatformComm", packageName=com.tencent.mm, ownerUid=10100, ownerPid=4016, workSource=null
10-19 02:08:49.280 1546 1812 D PowerManagerService: updateWakeLockSummaryLocked: mWakefulness=Awake, mWakeLockSummary=0x1
10-19 02:08:49.280 1546 1812 D PowerManagerService: updateUserActivitySummaryLocked: groupId=0, mWakefulness=Awake, mUserActivitySummary=0x1, nextTimeout=146777 (in 59148 ms)
10-19 02:08:49.280 1546 1812 D PowerManagerNotifier: onScreenPolicyUpdate: newPolicy=3
10-19 02:08:49.280 1546 1812 D PowerManagerService: updateDisplayPowerStateLocked: displayReady=true, groupId=0, policy=BRIGHT, mWakefulness=Awake, mWakeLockSummary=0x1, mUserActivitySummary=0x1, mBootCompleted=true, screenBrightnessOverride=NaN, useAutoBrightness=true, mScreenBrightnessBoostInProgress=false, mIsVrModeEnabled= false, sQuiescent=false
10-19 02:08:49.281 1546 1812 D PowerManagerService: acquireWakeLockInternal: lock=117160249, flags=0x1, tag="PlatformComm", ws=null, uid=10100, pid=4016
10-19 02:08:49.281 1546 1812 D PowerManagerService: updateWakeLockSummaryLocked: mWakefulness=Awake, mWakeLockSummary=0x1
10-19 02:08:49.281 1546 1812 D PowerManagerService: updateUserActivitySummaryLocked: groupId=0, mWakefulness=Awake, mUserActivitySummary=0x1, nextTimeout=146777 (in 59148 ms)
10-19 02:08:49.281 1546 1812 D PowerManagerNotifier: onScreenPolicyUpdate: newPolicy=3
10-19 02:08:49.281 1546 1812 D PowerManagerService: updateDisplayPowerStateLocked: displayReady=true, groupId=0, policy=BRIGHT, mWakefulness=Awake, mWakeLockSummary=0x1, mUserActivitySummary=0x1, mBootCompleted=true, screenBrightnessOverride=NaN, useAutoBrightness=true, mScreenBrightnessBoostInProgress=false, mIsVrModeEnabled= false, sQuiescent=false
10-19 02:08:49.281 1546 1812 D PowerManagerNotifier: onWakeLockAcquired: flags=1, tag="PlatformComm", packageName=com.tencent.mm, ownerUid=10100, ownerPid=4016, workSource=null
10-19 02:08:49.282 1546 1812 D PowerManagerService: releaseWakeLockInternal: lock=117160249 [PlatformComm], flags=0x0
10-19 02:08:49.282 1546 1812 D PowerManagerNotifier: onWakeLockReleased: flags=1, tag="PlatformComm", packageName=com.tencent.mm, ownerUid=10100, ownerPid=4016, workSource=null
10-19 02:08:49.282 1546 1812 D PowerManagerService: updateWakeLockSummaryLocked: mWakefulness=Awake, mWakeLockSummary=0x1
10-19 02:08:49.282 1546 1812 D PowerManagerService: updateUserActivitySummaryLocked: groupId=0, mWakefulness=Awake, mUserActivitySummary=0x1, nextTimeout=146777 (in 59147 ms)
10-19 02:08:49.282 1546 1812 D PowerManagerNotifier: onScreenPolicyUpdate: newPolicy=3
10-19 02:08:49.282 1546 1812 D PowerManagerService: updateDisplayPowerStateLocked: displayReady=true, groupId=0, policy=BRIGHT, mWakefulness=Awake, mWakeLockSummary=0x1, mUserActivitySummary=0x1, mBootCompleted=true, screenBrightnessOverride=NaN, useAutoBrightness=true, mScreenBrightnessBoostInProgress=false, mIsVrModeEnabled= false, sQuiescent=false
10-19 02:08:49.282 1546 1812 D PowerManagerService: releaseWakeLockInternal: lock=220365291 [PlatformComm], flags=0x0
10-19 02:08:49.282 1546 1812 D PowerManagerNotifier: onWakeLockReleased: flags=1, tag="PlatformComm", packageName=com.tencent.mm, ownerUid=10100, ownerPid=4016, workSource=null
10-19 02:08:49.282 1546 1812 D PowerManagerService: updateWakeLockSummaryLocked: mWakefulness=Awake, mWakeLockSummary=0x1
10-19 02:08:49.282 1546 1812 D PowerManagerService: updateUserActivitySummaryLocked: groupId=0, mWakefulness=Awake, mUserActivitySummary=0x1, nextTimeout=146777 (in 59146 ms)
10-19 02:08:49.282 1546 1812 D PowerManagerNotifier: onScreenPolicyUpdate: newPolicy=3
10-19 02:08:49.282 1546 1812 D PowerManagerService: updateDisplayPowerStateLocked: displayReady=true, groupId=0, policy=BRIGHT, mWakefulness=Awake, mWakeLockSummary=0x1, mUserActivitySummary=0x1, mBootCompleted=true, screenBrightnessOverride=NaN, useAutoBrightness=true, mScreenBrightnessBoostInProgress=false, mIsVrModeEnabled= false, sQuiescent=false
10-19 02:08:49.283 1546 1812 D PowerManagerService: releaseWakeLockInternal: lock=34151240 [PlatformComm], flags=0x0
10-19 02:08:49.283 1546 1812 D PowerManagerNotifier: onWakeLockReleased: flags=1, tag="PlatformComm", packageName=com.tencent.mm, ownerUid=10100, ownerPid=4016, workSource=null
10-19 02:08:49.283 1546 1812 D PowerManagerService: updateWakeLockSummaryLocked: mWakefulness=Awake, mWakeLockSummary=0x1
10-19 02:08:49.283 1546 1812 D PowerManagerService: updateUserActivitySummaryLocked: groupId=0, mWakefulness=Awake, mUserActivitySummary=0x1, nextTimeout=146777 (in 59146 ms)
10-19 02:08:49.283 1546 1812 D PowerManagerNotifier: onScreenPolicyUpdate: newPolicy=3
10-19 02:08:49.283 1546 1812 D PowerManagerService: updateDisplayPowerStateLocked: displayReady=true, groupId=0, policy=BRIGHT, mWakefulness=Awake, mWakeLockSummary=0x1, mUserActivitySummary=0x1, mBootCompleted=true, screenBrightnessOverride=NaN, useAutoBrightness=true, mScreenBrightnessBoostInProgress=false, mIsVrModeEnabled= false, sQuiescent=false
10-19 02:08:49.286 4016 4585 W libc : Access denied finding property "net.dns1"
10-19 02:08:49.286 4016 4585 W libc : Access denied finding property "net.dns2"
10-19 02:08:49.290 4016 4016 I C2Java : [:4016, ]:use new netid flag is 1
10-19 02:08:49.290 4016 4016 I C2Java : [:4016, ]:use new netid flag is 1
10-19 02:08:49.297 1546 1812 D PowerManagerService: acquireWakeLockInternal: lock=161829319, flags=0x1, tag="PlatformComm", ws=null, uid=10100, pid=4016
10-19 02:08:49.297 1546 1812 D PowerManagerService: updateWakeLockSummaryLocked: mWakefulness=Awake, mWakeLockSummary=0x1
10-19 02:08:49.297 1546 1812 D PowerManagerService: updateUserActivitySummaryLocked: groupId=0, mWakefulness=Awake, mUserActivitySummary=0x1, nextTimeout=146777 (in 59131 ms)
10-19 02:08:49.297 1546 1812 D PowerManagerNotifier: onScreenPolicyUpdate: newPolicy=3
10-19 02:08:49.297 1546 1812 D PowerManagerService: updateDisplayPowerStateLocked: displayReady=true, groupId=0, policy=BRIGHT, mWakefulness=Awake, mWakeLockSummary=0x1, mUserActivitySummary=0x1, mBootCompleted=true, screenBrightnessOverride=NaN, useAutoBrightness=true, mScreenBrightnessBoostInProgress=false, mIsVrModeEnabled= false, sQuiescent=false
10-19 02:08:49.297 4385 4385 V ImeFocusController: onWindowFocus: DecorView@eb1459[WelcomeActivity] softInputMode=STATE_UNSPECIFIED|ADJUST_PAN|IS_FORWARD_NAVIGATION
10-19 02:08:49.297 4385 4385 D ImeFocusController: onViewFocusChanged, view=DecorView@eb1459[WelcomeActivity], mServedView=null
10-19 02:08:49.297 1546 1812 D PowerManagerNotifier: onWakeLockAcquired: flags=1, tag="PlatformComm", packageName=com.tencent.mm, ownerUid=10100, ownerPid=4016, workSource=null
10-19 02:08:49.297 4385 4385 V ImeFocusController: checkFocus: view=null next=DecorView@eb1459[WelcomeActivity] force=false package=
10-19 02:08:49.298 4385 4385 V InputMethodManager: Starting input: view=DecorView@eb1459[WelcomeActivity],focus=false,windowFocus=true,autofillUiShowing=false,window=android.view.ViewRootImpl$W@a20f81e,displayId=0,temporaryDetach=false,hasImeFocus=true reason=WINDOW_FOCUS_GAIN
10-19 02:08:49.298 4385 4385 V InputMethodManager: Starting input: tba=android.view.inputmethod.EditorInfo@d6f8ff ic=null
10-19 02:08:49.298 4385 4385 V InputMethodManager: START INPUT: view=DecorView@eb1459[WelcomeActivity],focus=false,windowFocus=true,autofillUiShowing=false,window=android.view.ViewRootImpl$W@a20f81e,displayId=0,temporaryDetach=false,hasImeFocus=true ic=null tba=android.view.inputmethod.EditorInfo@d6f8ff startInputFlags=VIEW_HAS_FOCUS|INITIAL_CONNECTION
10-19 02:08:49.298 1546 1812 V InputMethodManagerService: startInputOrWindowGainedFocusInternalLocked: reason=WINDOW_FOCUS_GAIN client=android.os.BinderProxy@1f29c75 inputContext=null missingMethods= attribute=android.view.inputmethod.EditorInfo@138a3f4 startInputFlags=VIEW_HAS_FOCUS|INITIAL_CONNECTION softInputMode=STATE_UNSPECIFIED|ADJUST_PAN|IS_FORWARD_NAVIGATION windowFlags=#81810100 unverifiedTargetSdkVersion=29
10-19 02:08:49.298 1546 1812 V InputMethodManagerService: Unspecified window will hide input
10-19 02:08:49.298 4385 4385 V InputMethodManager: Starting input: Bind result=InputBindResult{result=SUCCESS_WITH_IME_SESSION method=com.android.internal.view.IInputMethodSession$Stub$Proxy@f9fe6cc id=com.baidu.input_hryt/.ImeService sequence=5 isInputMethodSuppressingSpellChecker=false}
10-19 02:08:49.298 3307 3307 V InputMethod: startInput(): editor=android.view.inputmethod.EditorInfo@3b8f481
10-19 02:08:49.298 3307 3307 V InputMethodService: CALL: doFinishInput
10-19 02:08:49.299 3307 3307 D InlineSuggestionSessionController: notifyOnFinishInput
10-19 02:08:49.299 3307 3307 V InputMethodService: CALL: onFinishInput
10-19 02:08:49.299 3307 3307 I ImeService: ImeService(com.baidu.input_hryt.ImeService@36fd56e) life called >>> onFinishInput
10-19 02:08:49.299 4016 4585 I mars::stn: [longlink_connect_monitor.cc:119, __LongLinkStateToSystemLog]:longlink_progress longlink state: connecting time: 87647
10-19 02:08:49.299 3307 3307 D ImeService: onFinishInput
10-19 02:08:49.299 4016 4593 W libc : Access denied finding property "net.dns1"
10-19 02:08:49.299 4016 4593 W libc : Access denied finding property "net.dns2"
10-19 02:08:49.301 4016 4591 W libc : Access denied finding property "net.dns1"
10-19 02:08:49.301 4016 4591 W libc : Access denied finding property "net.dns2"
10-19 02:08:49.303 3307 3307 D InlineSuggestionSessionController: notifyOnStartInput: com.tencent.mm, 1
10-19 02:08:49.303 3307 3307 V InputMethodService: CALL: onStartInput
10-19 02:08:49.303 3307 3307 I ImeService: ImeService(com.baidu.input_hryt.ImeService@36fd56e) life called >>> onStartInput false 10.6.1003.24
10-19 02:08:49.303 3307 3307 D ImeService: current version:10.6.1003.24
10-19 02:08:49.303 3307 3307 D ImeService: onStartInput:packageName:com.tencent.mm inputType:0 restarting:false,fieldId:-1,imeOptions:0
10-19 02:08:49.305 3307 3490 E CarAuth : check ok
10-19 02:08:49.308 3307 3307 I ColorPicker: invalidatePickedColors: oldFloatColor=fff5f7fa
10-19 02:08:49.325 4385 4392 I com.tencent.mm: Method exceeds compiler instruction limit: 20877 in wl.d wl.j.a(java.lang.Class)
10-19 02:08:49.327 1546 3322 D PowerManagerService: releaseWakeLockInternal: lock=150998272 [MicroMsg.MMAutoAuth], flags=0x0
10-19 02:08:49.327 1546 3322 D PowerManagerNotifier: onWakeLockReleased: flags=1, tag="MicroMsg.MMAutoAuth", packageName=com.tencent.mm, ownerUid=10100, ownerPid=4016, workSource=null
10-19 02:08:49.327 1546 3322 D PowerManagerService: updateWakeLockSummaryLocked: mWakefulness=Awake, mWakeLockSummary=0x1
10-19 02:08:49.327 1546 3322 D PowerManagerService: updateUserActivitySummaryLocked: groupId=0, mWakefulness=Awake, mUserActivitySummary=0x1, nextTimeout=146777 (in 59101 ms)
10-19 02:08:49.327 1546 3322 D PowerManagerNotifier: onScreenPolicyUpdate: newPolicy=3
10-19 02:08:49.327 1546 3322 D PowerManagerService: updateDisplayPowerStateLocked: displayReady=true, groupId=0, policy=BRIGHT, mWakefulness=Awake, mWakeLockSummary=0x1, mUserActivitySummary=0x1, mBootCompleted=true, screenBrightnessOverride=NaN, useAutoBrightness=true, mScreenBrightnessBoostInProgress=false, mIsVrModeEnabled= false, sQuiescent=false
10-19 02:08:49.328 1546 3322 D PowerManagerService: acquireWakeLockInternal: lock=150998272, flags=0x1, tag="MicroMsg.MMAutoAuth", ws=null, uid=10100, pid=4016
10-19 02:08:49.328 1546 3322 D PowerManagerService: updateWakeLockSummaryLocked: mWakefulness=Awake, mWakeLockSummary=0x1
10-19 02:08:49.328 1546 3322 D PowerManagerService: updateUserActivitySummaryLocked: groupId=0, mWakefulness=Awake, mUserActivitySummary=0x1, nextTimeout=146777 (in 59101 ms)
10-19 02:08:49.328 1546 3322 D PowerManagerNotifier: onScreenPolicyUpdate: newPolicy=3
10-19 02:08:49.328 1546 3322 D PowerManagerService: updateDisplayPowerStateLocked: displayReady=true, groupId=0, policy=BRIGHT, mWakefulness=Awake, mWakeLockSummary=0x1, mUserActivitySummary=0x1, mBootCompleted=true, screenBrightnessOverride=NaN, useAutoBrightness=true, mScreenBrightnessBoostInProgress=false, mIsVrModeEnabled= false, sQuiescent=false
10-19 02:08:49.328 1546 3322 D PowerManagerNotifier: onWakeLockAcquired: flags=1, tag="MicroMsg.MMAutoAuth", packageName=com.tencent.mm, ownerUid=10100, ownerPid=4016, workSource=null
10-19 02:08:49.349 1546 3322 D PowerManagerService: acquireWakeLockInternal: lock=253762962, flags=0x1, tag="PlatformComm", ws=null, uid=10100, pid=4016
10-19 02:08:49.349 1546 3322 D PowerManagerService: updateWakeLockSummaryLocked: mWakefulness=Awake, mWakeLockSummary=0x1
10-19 02:08:49.349 1546 3322 D PowerManagerService: updateUserActivitySummaryLocked: groupId=0, mWakefulness=Awake, mUserActivitySummary=0x1, nextTimeout=146777 (in 59080 ms)
10-19 02:08:49.349 1546 3322 D PowerManagerNotifier: onScreenPolicyUpdate: newPolicy=3
10-19 02:08:49.349 1546 3322 D PowerManagerService: updateDisplayPowerStateLocked: displayReady=true, groupId=0, policy=BRIGHT, mWakefulness=Awake, mWakeLockSummary=0x1, mUserActivitySummary=0x1, mBootCompleted=true, screenBrightnessOverride=NaN, useAutoBrightness=true, mScreenBrightnessBoostInProgress=false, mIsVrModeEnabled= false, sQuiescent=false
10-19 02:08:49.349 1546 3322 D PowerManagerNotifier: onWakeLockAcquired: flags=1, tag="PlatformComm", packageName=com.tencent.mm, ownerUid=10100, ownerPid=4016, workSource=null
10-19 02:08:49.350 4016 4605 W libc : Access denied finding property "net.dns1"
10-19 02:08:49.350 4016 4605 W libc : Access denied finding property "net.dns2"
10-19 02:08:49.351 4016 4612 W libc : Access denied finding property "net.dns1"
10-19 02:08:49.351 4016 4612 W libc : Access denied finding property "net.dns2"
10-19 02:08:49.352 4016 4618 W libc : Access denied finding property "net.dns1"
10-19 02:08:49.352 4016 4618 W libc : Access denied finding property "net.dns2"
10-19 02:08:49.456 1546 1622 I wm_destroy_activity: [0,224118700,69,com.tencent.mm/.app.WeChatSplashActivity,finish-imm:transit]
10-19 02:08:49.473 4385 4385 I wm_on_stop_called: [224118700,com.tencent.mm.app.WeChatSplashActivity,LIFECYCLER_STOP_ACTIVITY]
10-19 02:08:49.473 4385 4392 I com.tencent.mm: Method exceeds compiler instruction limit: 20877 in wl.d wl.j.a(java.lang.Class)
