01-01 08:00:09.087 0 0 E : [ 6.101308] kona-asoc-snd soc:qcom,msm-audio-apr:qcom,q6core-audio:sound: ASoC: Failed to add route DMIC4_OUTPUT -> direct -> TX SWR_DMIC3
01-01 08:00:09.087 0 0 E : [ 6.101324] kona-asoc-snd soc:qcom,msm-audio-apr:qcom,q6core-audio:sound: ASoC: no source widget found for DMIC5_OUTPUT
01-01 08:00:09.087 0 0 E : [ 6.101326] kona-asoc-snd soc:qcom,msm-audio-apr:qcom,q6core-audio:sound: ASoC: Failed to add route DMIC5_OUTPUT -> direct -> TX SWR_DMIC4
01-01 08:00:09.087 0 0 E : [ 6.101343] kona-asoc-snd soc:qcom,msm-audio-apr:qcom,q6core-audio:sound: ASoC: no source widget found for DMIC6_OUTPUT
01-01 08:00:09.087 0 0 E : [ 6.101345] kona-asoc-snd soc:qcom,msm-audio-apr:qcom,q6core-audio:sound: ASoC: Failed to add route DMIC6_OUTPUT -> direct -> TX SWR_DMIC5
01-01 08:00:09.087 0 0 E : [ 6.101361] kona-asoc-snd soc:qcom,msm-audio-apr:qcom,q6core-audio:sound: ASoC: no source widget found for DMIC7_OUTPUT
01-01 08:00:09.087 0 0 E : [ 6.101363] kona-asoc-snd soc:qcom,msm-audio-apr:qcom,q6core-audio:sound: ASoC: Failed to add route DMIC7_OUTPUT -> direct -> TX SWR_DMIC6
01-01 08:00:09.087 0 0 E : [ 6.101378] kona-asoc-snd soc:qcom,msm-audio-apr:qcom,q6core-audio:sound: ASoC: no source widget found for DMIC8_OUTPUT
01-01 08:00:09.087 0 0 E : [ 6.101380] kona-asoc-snd soc:qcom,msm-audio-apr:qcom,q6core-audio:sound: ASoC: Failed to add route DMIC8_OUTPUT -> direct -> TX SWR_DMIC7
01-01 08:00:09.087 0 0 E : [ 6.101438] kona-asoc-snd soc:qcom,msm-audio-apr:qcom,q6core-audio:sound: ASoC: no sink widget found for SpkrLeft IN
01-01 08:00:09.087 0 0 E : [ 6.101440] kona-asoc-snd soc:qcom,msm-audio-apr:qcom,q6core-audio:sound: ASoC: Failed to add route WSA_SPK1 OUT -> direct -> SpkrLeft IN
01-01 08:00:09.087 0 0 E : [ 6.101456] kona-asoc-snd soc:qcom,msm-audio-apr:qcom,q6core-audio:sound: ASoC: no sink widget found for SpkrRight IN
01-01 08:00:09.087 0 0 E : [ 6.101458] kona-asoc-snd soc:qcom,msm-audio-apr:qcom,q6core-audio:sound: ASoC: Failed to add route WSA_SPK2 OUT -> direct -> SpkrRight IN
01-01 08:00:09.087 0 0 E : [ 6.101488] kona-asoc-snd soc:qcom,msm-audio-apr:qcom,q6core-audio:sound: ASoC: no sink widget found for VA MIC BIAS3
01-01 08:00:09.087 0 0 E : [ 6.101490] kona-asoc-snd soc:qcom,msm-audio-apr:qcom,q6core-audio:sound: ASoC: Failed to add route Digital Mic0 -> direct -> VA MIC BIAS3
01-01 08:00:09.087 0 0 E : [ 6.101507] kona-asoc-snd soc:qcom,msm-audio-apr:qcom,q6core-audio:sound: ASoC: no sink widget found for VA MIC BIAS3
01-01 08:00:09.087 0 0 E : [ 6.101509] kona-asoc-snd soc:qcom,msm-audio-apr:qcom,q6core-audio:sound: ASoC: Failed to add route Digital Mic1 -> direct -> VA MIC BIAS3
01-01 08:00:09.087 0 0 E : [ 6.101537] kona-asoc-snd soc:qcom,msm-audio-apr:qcom,q6core-audio:sound: ASoC: no sink widget found for VA MIC BIAS4
01-01 08:00:09.087 0 0 E : [ 6.101539] kona-asoc-snd soc:qcom,msm-audio-apr:qcom,q6core-audio:sound: ASoC: Failed to add route Digital Mic4 -> direct -> VA MIC BIAS4
01-01 08:00:09.087 0 0 E : [ 6.101554] kona-asoc-snd soc:qcom,msm-audio-apr:qcom,q6core-audio:sound: ASoC: no sink widget found for VA MIC BIAS4
01-01 08:00:09.087 0 0 E : [ 6.101556] kona-asoc-snd soc:qcom,msm-audio-apr:qcom,q6core-audio:sound: ASoC: Failed to add route Digital Mic5 -> direct -> VA MIC BIAS4
01-01 08:00:09.087 0 0 E : [ 6.101570] kona-asoc-snd soc:qcom,msm-audio-apr:qcom,q6core-audio:sound: ASoC: no source widget found for VA MIC BIAS3
01-01 08:00:09.087 0 0 E : [ 6.101572] kona-asoc-snd soc:qcom,msm-audio-apr:qcom,q6core-audio:sound: ASoC: Failed to add route VA MIC BIAS3 -> direct -> VA DMIC0
01-01 08:00:09.087 0 0 E : [ 6.101588] kona-asoc-snd soc:qcom,msm-audio-apr:qcom,q6core-audio:sound: ASoC: no source widget found for VA MIC BIAS3
01-01 08:00:09.087 0 0 E : [ 6.101590] kona-asoc-snd soc:qcom,msm-audio-apr:qcom,q6core-audio:sound: ASoC: Failed to add route VA MIC BIAS3 -> direct -> VA DMIC1
01-01 08:00:09.087 0 0 E : [ 6.101621] kona-asoc-snd soc:qcom,msm-audio-apr:qcom,q6core-audio:sound: ASoC: no source widget found for VA MIC BIAS4
01-01 08:00:09.087 0 0 E : [ 6.101623] kona-asoc-snd soc:qcom,msm-audio-apr:qcom,q6core-audio:sound: ASoC: Failed to add route VA MIC BIAS4 -> direct -> VA DMIC4
01-01 08:00:09.087 0 0 E : [ 6.101639] kona-asoc-snd soc:qcom,msm-audio-apr:qcom,q6core-audio:sound: ASoC: no source widget found for VA MIC BIAS4
01-01 08:00:09.087 0 0 E : [ 6.101641] kona-asoc-snd soc:qcom,msm-audio-apr:qcom,q6core-audio:sound: ASoC: Failed to add route VA MIC BIAS4 -> direct -> VA DMIC5
01-01 08:00:09.087 0 0 E : [ 6.101676] kona-asoc-snd soc:qcom,msm-audio-apr:qcom,q6core-audio:sound: ASoC: no source widget found for ADC1_OUTPUT
01-01 08:00:09.087 0 0 E : [ 6.101677] kona-asoc-snd soc:qcom,msm-audio-apr:qcom,q6core-audio:sound: ASoC: Failed to add route ADC1_OUTPUT -> direct -> VA SWR_ADC0
01-01 08:00:09.087 0 0 E : [ 6.101694] kona-asoc-snd soc:qcom,msm-audio-apr:qcom,q6core-audio:sound: ASoC: no source widget found for ADC2_OUTPUT
01-01 08:00:09.087 0 0 E : [ 6.101696] kona-asoc-snd soc:qcom,msm-audio-apr:qcom,q6core-audio:sound: ASoC: Failed to add route ADC2_OUTPUT -> direct -> VA SWR_ADC1
01-01 08:00:09.087 0 0 E : [ 6.101711] kona-asoc-snd soc:qcom,msm-audio-apr:qcom,q6core-audio:sound: ASoC: no source widget found for ADC3_OUTPUT
01-01 08:00:09.087 0 0 E : [ 6.101713] kona-asoc-snd soc:qcom,msm-audio-apr:qcom,q6core-audio:sound: ASoC: Failed to add route ADC3_OUTPUT -> direct -> VA SWR_ADC2
01-01 08:00:09.087 0 0 E : [ 6.101729] kona-asoc-snd soc:qcom,msm-audio-apr:qcom,q6core-audio:sound: ASoC: no source widget found for ADC4_OUTPUT
01-01 08:00:09.087 0 0 E : [ 6.101731] kona-asoc-snd soc:qcom,msm-audio-apr:qcom,q6core-audio:sound: ASoC: Failed to add route ADC4_OUTPUT -> direct -> VA SWR_ADC3
01-01 08:00:09.087 0 0 E : [ 6.101747] kona-asoc-snd soc:qcom,msm-audio-apr:qcom,q6core-audio:sound: ASoC: no source widget found for DMIC1_OUTPUT
01-01 08:00:09.087 0 0 E : [ 6.101749] kona-asoc-snd soc:qcom,msm-audio-apr:qcom,q6core-audio:sound: ASoC: Failed to add route DMIC1_OUTPUT -> direct -> VA SWR_MIC0
01-01 08:00:09.087 0 0 E : [ 6.101767] kona-asoc-snd soc:qcom,msm-audio-apr:qcom,q6core-audio:sound: ASoC: no source widget found for DMIC2_OUTPUT
01-01 08:00:09.087 0 0 E : [ 6.101769] kona-asoc-snd soc:qcom,msm-audio-apr:qcom,q6core-audio:sound: ASoC: Failed to add route DMIC2_OUTPUT -> direct -> VA SWR_MIC1
01-01 08:00:09.087 0 0 E : [ 6.101787] kona-asoc-snd soc:qcom,msm-audio-apr:qcom,q6core-audio:sound: ASoC: no source widget found for DMIC3_OUTPUT
01-01 08:00:09.087 0 0 E : [ 6.101789] kona-asoc-snd soc:qcom,msm-audio-apr:qcom,q6core-audio:sound: ASoC: Failed to add route DMIC3_OUTPUT -> direct -> VA SWR_MIC2
01-01 08:00:09.087 0 0 E : [ 6.101806] kona-asoc-snd soc:qcom,msm-audio-apr:qcom,q6core-audio:sound: ASoC: no source widget found for DMIC4_OUTPUT
01-01 08:00:09.087 0 0 E : [ 6.101807] kona-asoc-snd soc:qcom,msm-audio-apr:qcom,q6core-audio:sound: ASoC: Failed to add route DMIC4_OUTPUT -> direct -> VA SWR_MIC3
01-01 08:00:09.087 0 0 E : [ 6.101825] kona-asoc-snd soc:qcom,msm-audio-apr:qcom,q6core-audio:sound: ASoC: no source widget found for DMIC5_OUTPUT
01-01 08:00:09.087 0 0 E : [ 6.101826] kona-asoc-snd soc:qcom,msm-audio-apr:qcom,q6core-audio:sound: ASoC: Failed to add route DMIC5_OUTPUT -> direct -> VA SWR_MIC4
01-01 08:00:09.087 0 0 E : [ 6.101842] kona-asoc-snd soc:qcom,msm-audio-apr:qcom,q6core-audio:sound: ASoC: no source widget found for DMIC6_OUTPUT
01-01 08:00:09.087 0 0 E : [ 6.101844] kona-asoc-snd soc:qcom,msm-audio-apr:qcom,q6core-audio:sound: ASoC: Failed to add route DMIC6_OUTPUT -> direct -> VA SWR_MIC5
01-01 08:00:09.087 0 0 E : [ 6.101860] kona-asoc-snd soc:qcom,msm-audio-apr:qcom,q6core-audio:sound: ASoC: no source widget found for DMIC7_OUTPUT
01-01 08:00:09.087 0 0 E : [ 6.101862] kona-asoc-snd soc:qcom,msm-audio-apr:qcom,q6core-audio:sound: ASoC: Failed to add route DMIC7_OUTPUT -> direct -> VA SWR_MIC6
01-01 08:00:09.087 0 0 E : [ 6.101876] kona-asoc-snd soc:qcom,msm-audio-apr:qcom,q6core-audio:sound: ASoC: no source widget found for DMIC8_OUTPUT
01-01 08:00:09.087 0 0 E : [ 6.101878] kona-asoc-snd soc:qcom,msm-audio-apr:qcom,q6core-audio:sound: ASoC: Failed to add route DMIC8_OUTPUT -> direct -> VA SWR_MIC7
01-01 08:00:09.086 1152 1152 I auditd : type=1400 audit(0.0:36): avc: denied { add_name } for comm="ln" name="h" scontext=u:r:vendor_qti_init_shell:s0 tcontext=u:object_r:configfs:s0 tclass=dir permissive=0
01-01 08:00:09.107 0 0 I : [ 6.123288] kona-asoc-snd soc:qcom,msm-audio-apr:qcom,q6core-audio:sound: msm_asoc_machine_probe: Sound card kona-mtp-snd-card registered
01-01 08:00:09.107 0 0 E [ 6.123733] register_client_adhoc: find path.src 1 dest 589
01-01 08:00:09.119 0 0 E [ 6.123775] register_client_adhoc: Failed to find path.src 1 dest 589
01-01 08:00:09.119 0 0 E [ 6.132364] [drm: dp_display_init_aux_switch][msm-dp-err][54 ]failed to register notifier (-22)
01-01 08:00:09.121 1154 1154 I gsid : no DSU: No such file or directory
01-01 08:00:09.135 0 0 W : [ 6.150820] subsys-pil-tz soc:qcom,kgsl-hyp: Falling back to syfs fallback for: a650_zap.mdt
01-01 08:00:09.174 0 0 I : [ 6.190395] subsys-pil-tz soc:qcom,kgsl-hyp: a650_zap: loading from 0x00000000fcd00000 to 0x00000000fcd01000
01-01 08:00:09.178 0 0 W : [ 6.192011] subsys-pil-tz soc:qcom,kgsl-hyp: Falling back to syfs fallback for: a650_zap.b02
01-01 08:00:09.181 0 0 I : [ 6.196394] subsys-pil-tz soc:qcom,kgsl-hyp: a650_zap: Brought out of reset
01-01 08:00:09.191 0 0 I [ 6.205912] binder: 1107:1136 ioctl 40046210 74be4c1144 returned -22
01-01 08:00:09.224 1107 1136 D BootAnimation: BootAnimationShownTiming start time: 6240ms
01-01 08:00:09.239 0 0 I [ 6.255058] binder: 1172:1172 ioctl 40046210 ff83f1f8 returned -22
01-01 08:00:09.250 1173 1173 I iorapd : iorapd (the prefetchening) firing up
01-01 08:00:09.254 1173 1173 I iorapd : Opened existing database at '/data/misc/iorapd/sqlite.db'
01-01 08:00:09.254 1173 1173 W iorapd : Reconnect to package manager service: 1 times
01-01 08:00:09.255 0 0 I [ 6.271178] binder: 1173:1173 ioctl 40046210 7ffb650614 returned -22
01-01 08:00:09.269 0 0 I : [ 6.285552] read descriptors
01-01 08:00:09.269 0 0 I : [ 6.285627] read strings
01-01 08:00:09.287 0 0 I [ 6.294353] binder: 1192:1192 ioctl 40046210 7feecd21c4 returned -22
01-01 08:00:09.292 0 0 W [ 6.308582] QSEECOM: qseecom_load_app: App (featenabler) does'nt exist, loading apps for first time
01-01 08:00:09.294 0 0 I [ 6.310481] binder: 1196:1196 ioctl 40046210 7fc4ef1c94 returned -22
01-01 08:00:09.301 0 0 I [ 6.317680] binder: 1212:1227 ioctl 40046210 6f1525d0a4 returned -22
01-01 08:00:09.302 0 0 I [ 6.319325] binder: 1188:1188 ioctl 40046210 7fdb116f14 returned -22
01-01 08:00:09.314 1193 1193 I installd: installd firing up
01-01 08:00:09.327 0 0 I : [ 6.340469] tsnv nv_initialize successfully!
01-01 08:00:09.327 0 0 I [ 6.341114] binder: 1193:1193 ioctl 40046210 7ffc6dfaf4 returned -22
01-01 08:00:09.343 0 0 W [ 6.348903] QSEECOM: qseecom_load_app: App with id 5 (featenabler) now loaded
01-01 08:00:09.343 0 0 I [ 6.350572] binder: 1214:1214 ioctl 40046210 7ffa16ea74 returned -22
01-01 08:00:09.343 0 0 I [ 6.353588] binder: 1222:1222 ioctl 40046210 7fe010a514 returned -22
01-01 08:00:09.351 0 0 I [ 6.364767] binder: 1194:1194 ioctl 40046210 7fdadf8474 returned -22
01-01 08:00:09.351 1235 1235 I imsrcsd : Uce Service HAL is starting up...
01-01 08:00:09.358 0 0 I [ 6.369865] binder: 1213:1213 ioctl 40046210 7fe1d2f934 returned -22
01-01 08:00:09.358 0 0 I [ 6.370399] binder: 1213:1213 ioctl 40046210 7fe1d2f8b4 returned -22
01-01 08:00:09.353 1213 1213 I wificond: wificond is starting up...
01-01 08:00:09.363 1213 1213 I HidlServiceManagement: Registered android.system.wifi.keystore@1.0::IKeystore/default
01-01 08:00:09.369 0 0 I [ 6.383204] binder: 1205:1205 ioctl 40046210 7fc1cbff84 returned -22
01-01 08:00:09.373 0 0 I : [ 6.389870] lan743x 0001:01:00.0 eth0: using MSIX interrupts, number of vectors = 6
01-01 08:00:09.394 0 0 I [ 6.408542] mv2112_config_aneg: autoneg 1
01-01 08:00:09.394 0 0 I : [ 6.408544] mv2112_restart_aneg
01-01 08:00:09.394 0 0 E [ 6.409216] mv2112_read_status: autoneg not complete;time=6408 ms
01-01 08:00:09.394 0 0 I : [ 6.409221] lan743x 0001:01:00.0 eth0: Link is Down
01-01 08:00:09.399 1235 1235 I imsrcsd : Uce Service HAL loading imsrcsbaseimpl
01-01 08:00:09.402 0 0 I : [ 6.417145] lan743x 0001:01:00.0 eth0: successfully registered ptp clock
01-01 08:00:09.402 0 0 I [ 6.418403] IPv6: ADDRCONF(NETDEV_UP): eth0: link is not ready
01-01 08:00:09.491 0 0 W [ 6.493943] healthd: No battery devices found
01-01 08:00:09.491 0 0 W [ 6.497827] is_dc_online: 15 callbacks suppressed
01-01 08:00:09.491 0 0 E [ 6.497828] HL6111R: is_dc_online: DC psy unavailable
01-01 08:00:09.491 0 0 W [ 6.497846] healthd: battery none chg=
01-01 08:00:09.491 0 0 E [ 6.497857] HL6111R: is_dc_online: DC psy unavailable
01-01 08:00:09.492 0 0 I [ 6.499415] binder: 1205:1205 ioctl 40046210 7fc1cbfeb4 returned -22
01-01 08:00:09.492 0 0 E [ 6.499635] HL6111R: is_dc_online: DC psy unavailable
01-01 08:00:09.482 1205 1205 W storaged: health: invalid battery status
01-01 08:00:09.516 0 0 I [ 6.529991] android_work: did not send uevent (0 0 0000000000000000)
01-01 08:00:09.527 0 0 I [ 6.543515] binder: 1317:1317 ioctl 40046210 7ffacb16a4 returned -22
01-01 08:00:09.536 0 0 I [ 6.548091] binder: 1317:1317 ioctl 40046210 7ffacb14d4 returned -22
01-01 08:00:09.557 0 0 E [ 6.572507] wlan: Loading driver v5.2.022.10G; 2023-10-19T03:34:39Z; cld:; cmn:;
01-01 08:00:09.561 0 0 D [ 6.575403] qbt: qbt_open: entry minor_no=0 fd_available=1
01-01 08:00:09.561 0 0 D [ 6.575406] qbt: qbt_open: exit : 0 fd_available=0
01-01 08:00:09.561 0 0 D [ 6.575414] qbt: qbt_open: entry minor_no=1 fd_available=0
01-01 08:00:09.561 0 0 D [ 6.575415] qbt: qbt_open: exit : 0 fd_available=0
01-01 08:00:09.561 0 0 D [ 6.575420] qbt: qbt_ioctl: cmd received 102
01-01 08:00:09.561 0 0 D [ 6.575430] qbt: qbt_ioctl: qbt_ioctl: QBT_ENABLE_IPC
01-01 08:00:09.560 1235 1235 I imsrcsd : Starting Service for First Time imsbaseimpl
01-01 08:00:09.567 0 0 E : [ 6.577385] ipa ipa3_uc_reg_rdyCB:2973 bad parm. inout=0000000000000000
01-01 08:00:09.567 0 0 I : [ 6.578795] wlan_hdd_state wlan major(476) initialized
01-01 08:00:09.567 0 0 D [ 6.578810] cnss: Start to wait for calibration to complete
01-01 08:00:09.575 0 0 I [ 6.590438] binder: 1322:1322 ioctl 40046210 7fe439b304 returned -22
01-01 08:00:09.579 0 0 I [ 6.592775] binder: 1185:1185 ioctl 40046210 7ffb79d644 returned -22
01-01 08:00:09.579 0 0 I [ 6.593080] binder: 1185:1185 ioctl 40046210 7ffb79d664 returned -22
01-01 08:00:09.579 0 0 D [ 6.594787] qbt: qbt_ioctl: cmd received 107
01-01 08:00:09.579 0 0 D [ 6.594791] qbt: qbt_ioctl: Acquiring wakelock
01-01 08:00:09.579 1235 1235 I imsrcsd : Interface com.qualcomm.qti.uceservice@2.3::IUceService com.qualcomm.qti.uceservice is found in manifest
01-01 08:00:09.582 1332 1332 I TLOC : [main ]"TLOC DAEMON main thread"
01-01 08:00:09.582 1332 1332 D TLOC : [TLOCDaemon ]"---------- TLOC Daemon Starts ----------"
01-01 08:00:09.588 1235 1235 I HidlServiceManagement: Registered com.qualcomm.qti.uceservice@2.3::IUceService/com.qualcomm.qti.uceservice (start delay of 274ms)
01-01 08:00:09.588 1332 1332 D TLOC : [TLOCChannel]"The channel was initialized successfully for TLOCD"
01-01 08:00:09.588 1235 1235 I imsrcsd : Interface com.qualcomm.qti.imscmservice@2.2::IImsCmService qti.ims.connectionmanagerservice is found in manifest
01-01 08:00:09.589 1235 1235 I HidlServiceManagement: Registered com.qualcomm.qti.imscmservice@2.2::IImsCmService/qti.ims.connectionmanagerservice (start delay of 276ms)
01-01 08:00:09.593 0 0 I [ 6.604642] cnss-daemon: interop issues ap: read_iot_ap_file: No such file /data/vendor/wifi/iotap_ps.bin
01-01 08:00:09.590 1235 1235 I imsrcsd : Interface vendor.qti.ims.factory@1.1::IImsFactory default is not found in manifest
01-01 08:00:09.592 1235 1235 I imsrcsd : Interface vendor.qti.ims.factory@1.0::IImsFactory default is found in manifest
01-01 08:00:09.593 1235 1235 I HidlServiceManagement: Registered vendor.qti.ims.factory@1.0::IImsFactory/default (start delay of 280ms)
01-01 08:00:09.594 1235 1235 I imsrcsd : Interface vendor.qti.ims.callinfo@1.0::IService default is found in manifest
01-01 08:00:09.596 1235 1235 I HidlServiceManagement: Registered vendor.qti.ims.callinfo@1.0::IService/default (start delay of 282ms)
01-01 08:00:09.596 1235 1235 I imsrcsd : ImsRcsBaseImpl ImsCallInfo After Registering Service
01-01 08:00:09.603 1332 1332 D TLOC : [TLOCChannel]"The channel was initialized successfully for TLOCL"
01-01 08:00:09.607 0 0 I [ 6.604669] cnss-daemon: interop issues ap: read_iot_ap_ps_from_file, read file error
01-01 08:00:09.607 0 0 I [ 6.622990] cnss-daemon: NL group_id 10, cnss_nl.family_id 28
01-01 08:00:09.607 0 0 I [ 6.623009] cnss-daemon: wlfw_start: Starting
01-01 08:00:09.607 0 0 I [ 6.623702] cnss-daemon: no interop issues ap currently
01-01 08:00:09.607 1332 1332 D TLOC : [TLOCChannel]"The channel was initialized successfully for MODEM"
01-01 08:00:09.607 1332 1332 D TLOC : [TLOCChannel]"TLOCChannel was initialized successfully"
01-01 08:00:09.607 1332 1332 D TLOC : [TLOCChannel] "TLOCChannel is already initialized"
01-01 08:00:09.612 0 0 I [ 6.627611] cnss-daemon: wlfw_service_request: Start the pthread: 0x0K
01-01 08:00:09.612 0 0 I [ 6.628579] cnss-daemon: pm_release_vote: pm_handle is NULL
01-01 08:00:09.612 0 0 I [ 6.628591] cnss-daemon: pm_release_vote: pm_handle is NULL
01-01 08:00:09.623 794 794 I liblog : 35
01-01 08:00:09.640 0 0 I [ 6.628634] cnss-daemon: wlfw_build_cal_table: not read /data/vendor/wifi/wlfw_cal_00.bin
01-01 08:00:09.640 0 0 I [ 6.629079] cnss-daemon: ro.baseband : [apq]
01-01 08:00:09.640 0 0 W [ 6.656461] QSEECOM: qseecom_load_app: App (fingerpr) does'nt exist, loading apps for first time
01-01 08:00:09.647 0 0 D [ 6.661775] cnss: Received QMI WLFW request memory indication
01-01 08:00:09.647 0 0 D [ 6.661787] cnss: FW requests for memory, size: 0x5e0000, type: 1
01-01 08:00:09.647 0 0 D [ 6.661792] cnss: FW requests for memory, size: 0xd8000, type: 4
01-01 08:00:09.647 0 0 D [ 6.661796] cnss: Posting event: REQUEST_MEM(2), state: 0x9 flags: 0x0
01-01 08:00:09.647 0 0 D [ 6.661801] cnss: PM stay awake, state: 0x9, count: 1
01-01 08:00:09.647 0 0 D [ 6.661828] cnss: PM relax, state: 0x9, count: 0
01-01 08:00:09.647 0 0 D [ 6.661836] cnss: PM stay awake, state: 0x9, count: 1
01-01 08:00:09.647 0 0 D [ 6.661841] cnss: Processing driver event: REQUEST_MEM(2), state: 0x9
01-01 08:00:09.651 0 0 D [ 6.665835] cnss: Sending respond memory message, state: 0x9
01-01 08:00:09.651 0 0 D [ 6.665846] cnss: Memory for FW, va: 0x0000000000000000, pa: 0x00000000a1000000, size: 0x5e0000, type: 1
01-01 08:00:09.651 0 0 D [ 6.665851] cnss: Memory for FW, va: 0x0000000000000000, pa: 0x00000000a1600000, size: 0xd8000, type: 4
01-01 08:00:09.659 0 0 D [ 6.672850] cnss: PM relax, state: 0x9, count: 0
01-01 08:00:09.659 0 0 D [ 6.674066] cnss: Received QMI WLFW FW memory ready indication
01-01 08:00:09.659 0 0 D [ 6.674074] cnss: Posting event: FW_MEM_READY(3), state: 0x9 flags: 0x0
01-01 08:00:09.659 0 0 D [ 6.674080] cnss: PM stay awake, state: 0x9, count: 1
01-01 08:00:09.659 0 0 D [ 6.674098] cnss: PM relax, state: 0x9, count: 0
01-01 08:00:09.659 0 0 D [ 6.674105] cnss: PM stay awake, state: 0x9, count: 1
01-01 08:00:09.659 0 0 D [ 6.674109] cnss: Processing driver event: FW_MEM_READY(3), state: 0x9
01-01 08:00:09.659 0 0 D [ 6.674114] cnss: Sending target capability message, state: 0xb
01-01 08:00:09.670 0 0 D [ 6.685036] cnss: Voltage for CPR: 948mV
01-01 08:00:09.670 0 0 D [ 6.685048] cnss: Got voltage 800mV from i: 0, j: 0
01-01 08:00:09.670 0 0 D [ 6.685084] cnss: Got voltage 1012mV from i: 4, j: 1
01-01 08:00:09.670 0 0 D [ 6.685112] cnss: Update TCS CMD data address 0x000000000b2e5844 with voltage 950mV
01-01 08:00:09.670 0 0 D [ 6.685115] cnss: Device frequency is 24000000 HZ
01-01 08:00:09.670 0 0 D [ 6.685121] cnss: Target capability: chip_id: 0x0, chip_family: 0xb, board_id: 0xff, soc_id: 0xffffffff, fw_version: 0x101a0521, fw_build_timestamp: 2021-12-20 07:54, fw_build_id: QC_IMAGE_VERSION_STRING=WLAN.HST.1.0.1.r1-01313-QCAHSTSWPL_SILICONZ-1, otp_version: 0x480020
01-01 08:00:09.670 0 0 D [ 6.685128] cnss: Sending BDF download message, state: 0xb, type: 4
01-01 08:00:09.670 0 0 D [ 6.685134] cnss: FW name added with prefix: qca6390/regdb.bin
01-01 08:00:09.670 0 0 W : [ 6.685178] cnss2 b0000000.qcom,cnss-qca6390: Falling back to syfs fallback for: qca6390/regdb.bin
01-01 08:00:09.680 0 0 E [ 6.690634] cnss: Failed to load BDF: qca6390/regdb.bin
01-01 08:00:09.681 0 0 D [ 6.690643] cnss: Sending BDF download message, state: 0xb, type: 1
01-01 08:00:09.681 0 0 D [ 6.690646] cnss: FW name added with prefix: qca6390/bdwlan.elf
01-01 08:00:09.681 0 0 W : [ 6.690658] cnss2 b0000000.qcom,cnss-qca6390: Falling back to syfs fallback for: qca6390/bdwlan.elf
01-01 08:00:09.681 0 0 I [ 6.694487] binder: 1321:1321 ioctl 40046210 7feda13344 returned -22
01-01 08:00:09.681 0 0 I [ 6.698191] binder: 1321:1321 ioctl 40046210 7feda12f44 returned -22
01-01 08:00:09.699 0 0 D [ 6.715230] cnss: Downloading BDF: qca6390/bdwlan.elf, size: 57908
01-01 08:00:09.726 0 0 I [ 6.741951] binder: 1307:1307 ioctl 40046210 7fc6bc9564 returned -22
01-01 08:00:09.731 0 0 D [ 6.744312] cnss: FW name added with prefix: qca6390/m3.bin
01-01 08:00:09.731 0 0 W : [ 6.744341] cnss_pci 0000:01:00.0: Falling back to syfs fallback for: qca6390/m3.bin
01-01 08:00:09.736 0 0 D [ 6.750501] cnss: Sending M3 information message, state: 0xb
01-01 08:00:09.736 0 0 D [ 6.750510] cnss: M3 memory, va: 0x0000000000000000, pa: 0x00000000a1800000, size: 0x411bc
01-01 08:00:09.739 0 0 D [ 6.755781] cnss: PM relax, state: 0xb, count: 0
01-01 08:00:09.739 0 0 D [ 6.755800] cnss: Received QMI WLFW FW initialization done indication
01-01 08:00:09.739 0 0 D [ 6.755805] cnss: Posting event: FW_READY(4), state: 0xb flags: 0x0
01-01 08:00:09.739 0 0 D [ 6.755810] cnss: PM stay awake, state: 0xb, count: 1
01-01 08:00:09.739 0 0 D [ 6.755814] cnss: PM relax, state: 0xb, count: 0
01-01 08:00:09.739 0 0 D [ 6.755879] cnss: PM stay awake, state: 0xb, count: 1
01-01 08:00:09.739 0 0 D [ 6.755884] cnss: Processing driver event: FW_READY(4), state: 0xb
01-01 08:00:09.739 0 0 D [ 6.755888] cnss: PCIE Gen speed not setup
01-01 08:00:09.739 0 0 D [ 6.755891] cnss: Sending antenna switch sync request, state: 0xf
01-01 08:00:09.744 0 0 E [ 6.758096] cnss: Antenna switch request failed, result: 1, err: 94
01-01 08:00:09.744 0 0 D [ 6.758112] cnss: Sending mode message, mode: CALIBRATION(7), state: 0xf
01-01 08:00:09.744 0 0 I [ 6.760478] capability: warning: `msm_irqbalance' uses 32-bit capabilities (legacy support in use)
01-01 08:00:09.751 0 0 I [ 6.766033] binder: 1199:1199 ioctl 40046210 ffb0dc58 returned -22
01-01 08:00:09.761 0 0 I [ 6.776779] binder: 1199:1199 ioctl 40046210 ffb0dc40 returned -22
01-01 08:00:09.774 0 0 E : [ 6.786229] swr-wcd rx_swr_ctrl: swrm_runtime_suspend: clk stop mode not supported or SSR entry
01-01 08:00:09.774 0 0 E : [ 6.786261] swr-wcd wsa_swr_ctrl: swrm_runtime_suspend: clk stop mode not supported or SSR entry
01-01 08:00:09.774 0 0 E : [ 6.786275] swr-wcd tx_swr_ctrl: swrm_runtime_suspend: clk stop mode not supported or SSR entry
01-01 08:00:09.774 0 0 I [ 6.790666] IPv6: ADDRCONF(NETDEV_UP): vlan0: link is not ready
01-01 08:00:09.805 671 671 I boot_progress_preload_end: 6822
01-01 08:00:09.819 0 0 W [ 6.832046] QSEECOM: qseecom_load_app: App with id 6 (fingerpr) now loaded
01-01 08:00:09.907 0 0 D [ 6.921529] cnss: Received QMI WLFW pin connect result indication
01-01 08:00:09.907 0 0 D [ 6.921532] cnss: Pin connect Result: pwr_pin: 0x1 phy_io_pin: 0x0 rf_io_pin: 0x0
01-01 08:00:09.907 0 0 D [ 6.921539] cnss: Removing vote for Regulator vdd-wlan-rfa2
01-01 08:00:09.907 0 0 D [ 6.921585] cnss: Removing vote for Regulator vdd-wlan-rfa1
01-01 08:00:09.907 0 0 D [ 6.921607] cnss: Removing vote for Regulator vdd-wlan-dig
01-01 08:00:09.907 0 0 D [ 6.921627] cnss: Removing vote for Regulator vdd-wlan-aon
01-01 08:00:09.907 0 0 D [ 6.921647] cnss: Removing vote for Regulator vdd-wlan-io
01-01 08:00:09.907 0 0 D [ 6.921655] cnss: PM relax, state: 0xf, count: 0
01-01 08:00:09.943 0 0 I [ 6.957309] IPv6: ADDRCONF(NETDEV_UP): vlan1: link is not ready
01-01 08:00:09.971 0 0 W [ 6.985401] QSEECOM: __qseecom_unload_app: App (6) is unloaded
01-01 08:00:09.971 0 0 D [ 6.986067] qbt: qbt_release: entry minor_no=0 fd_available=0
01-01 08:00:09.971 0 0 D [ 6.986069] qbt: qbt_release: Releasing wakelock
01-01 08:00:09.971 0 0 D [ 6.986073] qbt: qbt_release: exit : fd_available=1
01-01 08:00:09.971 0 0 D [ 6.986078] qbt: qbt_release: entry minor_no=1 fd_available=1
01-01 08:00:09.971 0 0 D [ 6.986080] qbt: qbt_release: exit : fd_available=1
01-01 08:00:10.003 0 0 E : [ 7.018375] msm_qti_pp_get_rms_value_control, back not active to query rms be_idx:3
01-01 08:00:10.010 0 0 E [ 7.026367] MAIN_MGR: hvdcp_opti Version: 3:0:0
01-01 08:00:10.012 0 0 I [ 7.028455] core_get_license_status: cmdrsp_license_result.result = 0x15 for module 0x131ff
01-01 08:00:10.012 0 0 E [ 7.028506] MAIN_MGR: set keepcaps failed!
01-01 08:00:10.012 0 0 E [ 7.028615] CHG_POLICY_PATH: Failed to get IIO path for MAIN_PSY
01-01 08:00:10.015 0 0 E [ 7.030009] msm_ext_disp_update_audio_ops: Display not found (EXT_DISPLAY_TYPE_DP) ctld (0) stream (0)
01-01 08:00:10.015 0 0 E [ 7.030120] msm_ext_disp_update_audio_ops: Display not found (EXT_DISPLAY_TYPE_HDMI) ctld (0) stream (0)
01-01 08:00:10.015 0 0 E [ 7.030226] msm_ext_disp_update_audio_ops: Display not found (EXT_DISPLAY_TYPE_DP) ctld (0) stream (0)
01-01 08:00:10.015 0 0 E [ 7.030353] msm_ext_disp_update_audio_ops: Display not found (EXT_DISPLAY_TYPE_DP) ctld (0) stream (0)
01-01 08:00:10.015 0 0 E [ 7.031103] msm_ext_disp_update_audio_ops: Display not found (EXT_DISPLAY_TYPE_DP) ctld (0) stream (0)
01-01 08:00:10.015 0 0 E : [ 7.031117] msm-ext-disp-audio-codec-rx soc:qcom,msm-ext-disp:qcom,msm-ext-disp-audio-codec-rx: msm_ext_disp_audio_type_get: get_audio_edid_blk() or get_intf_id is NULL
01-01 08:00:10.015 0 0 E [ 7.032075] msm_ext_disp_update_audio_ops: Display not found (EXT_DISPLAY_TYPE_DP) ctld (0) stream (0)
01-01 08:00:10.015 0 0 E : [ 7.032110] msm-ext-disp-audio-codec-rx soc:qcom,msm-ext-disp:qcom,msm-ext-disp-audio-codec-rx: msm_ext_disp_audio_type_get: get_audio_edid_blk() or get_intf_id is NULL
01-01 08:00:10.019 0 0 E [ 7.032850] msm_ext_disp_update_audio_ops: Display not found (EXT_DISPLAY_TYPE_DP) ctld (0) stream (0)
01-01 08:00:10.019 0 0 E : [ 7.032860] msm-ext-disp-audio-codec-rx soc:qcom,msm-ext-disp:qcom,msm-ext-disp-audio-codec-rx: msm_ext_disp_audio_type_get: get_audio_edid_blk() or get_intf_id is NULL
01-01 08:00:10.020 0 0 E : [ 7.036256] msm-ext-disp-audio-codec-rx soc:qcom,msm-ext-disp:qcom,msm-ext-disp-audio-codec-rx: msm_ext_disp_audio_device_get: invalid dai id: 4
01-01 08:00:10.025 0 0 I [ 7.041892] binder: 1546:1546 ioctl 40046210 7fd68085b4 returned -22
01-01 08:00:10.052 1546 1546 I SystemServerTiming: InitBeforeStartServices
01-01 08:00:10.053 1546 1546 I system_server_start: [1,7069,7069]
01-01 08:00:10.053 1546 1546 I SystemServer: Entered the Android system server!
01-01 08:00:10.053 1546 1546 I boot_progress_system_run: 7070
01-01 08:00:10.061 0 0 E : [ 7.077253] msm_pcm_volume_ctl_get substream not found
01-01 08:00:10.120 0 0 E [ 7.136075] link_delay_work_func: DTC_ETH: SQI=0, link=0
01-01 08:00:10.123 0 0 I [ 7.137460] IPv6: ADDRCONF(NETDEV_UP): vlan2: link is not ready
01-01 08:00:10.141 1546 1546 I SystemServerInitThreadPool: Creating instance with 8 threads
01-01 08:00:10.183 0 0 E : [ 7.199505] msm_qti_pp_get_rms_value_control, back not active to query rms be_idx:3
01-01 08:00:10.195 0 0 I [ 7.210270] core_get_license_status: cmdrsp_license_result.result = 0x15 for module 0x131ff
01-01 08:00:10.195 0 0 E [ 7.210855] msm_ext_disp_update_audio_ops: Display not found (EXT_DISPLAY_TYPE_DP) ctld (0) stream (0)
01-01 08:00:10.195 0 0 E [ 7.210900] msm_ext_disp_update_audio_ops: Display not found (EXT_DISPLAY_TYPE_HDMI) ctld (0) stream (0)
01-01 08:00:10.195 0 0 E [ 7.210946] msm_ext_disp_update_audio_ops: Display not found (EXT_DISPLAY_TYPE_DP) ctld (0) stream (0)
01-01 08:00:10.195 0 0 E [ 7.210989] msm_ext_disp_update_audio_ops: Display not found (EXT_DISPLAY_TYPE_DP) ctld (0) stream (0)
01-01 08:00:10.195 0 0 E [ 7.211248] msm_ext_disp_update_audio_ops: Display not found (EXT_DISPLAY_TYPE_DP) ctld (0) stream (0)
01-01 08:00:10.195 0 0 E : [ 7.211253] msm-ext-disp-audio-codec-rx soc:qcom,msm-ext-disp:qcom,msm-ext-disp-audio-codec-rx: msm_ext_disp_audio_type_get: get_audio_edid_blk() or get_intf_id is NULL
01-01 08:00:10.195 0 0 E [ 7.211504] msm_ext_disp_update_audio_ops: Display not found (EXT_DISPLAY_TYPE_DP) ctld (0) stream (0)
01-01 08:00:10.195 0 0 E : [ 7.211507] msm-ext-disp-audio-codec-rx soc:qcom,msm-ext-disp:qcom,msm-ext-disp-audio-codec-rx: msm_ext_disp_audio_type_get: get_audio_edid_blk() or get_intf_id is NULL
01-01 08:00:10.195 0 0 E [ 7.211753] msm_ext_disp_update_audio_ops: Display not found (EXT_DISPLAY_TYPE_DP) ctld (0) stream (0)
01-01 08:00:10.195 0 0 E : [ 7.211756] msm-ext-disp-audio-codec-rx soc:qcom,msm-ext-disp:qcom,msm-ext-disp-audio-codec-rx: msm_ext_disp_audio_type_get: get_audio_edid_blk() or get_intf_id is NULL
01-01 08:00:10.199 0 0 E : [ 7.212931] msm-ext-disp-audio-codec-rx soc:qcom,msm-ext-disp:qcom,msm-ext-disp-audio-codec-rx: msm_ext_disp_audio_device_get: invalid dai id: 4
01-01 08:00:10.247 0 0 E : [ 7.260254] msm_pcm_volume_ctl_get substream not found
01-01 08:00:10.265 0 0 I [ 7.281875] IPv6: ADDRCONF(NETDEV_UP): vlan4: link is not ready
01-01 08:00:10.312 0 0 E [ 7.329285] HL6111R: is_dc_online: DC psy unavailable
01-01 08:00:10.337 1546 1546 I SystemServerTiming: StartServices
01-01 08:00:10.337 1546 1546 I SystemServerTiming: startBootstrapServices
01-01 08:00:10.337 1546 1546 I SystemServerTiming: StartWatchdog
01-01 08:00:10.342 1546 1546 I SystemServer: Reading configuration...
01-01 08:00:10.342 1546 1546 I SystemServerTiming: ReadingSystemConfig
01-01 08:00:10.342 1546 1546 I SystemServerTiming: PlatformCompat
01-01 08:00:10.344 1546 1626 I SystemServerTimingAsync: InitThreadPoolExec:ReadingSystemConfig
01-01 08:00:10.344 1546 1546 D CompatConfig: Found a config file: /system/etc/compatconfig/services-platform-compat-config.xml
01-01 08:00:10.345 1546 1546 D CompatConfig: Adding: com.android.server.compat.config.Change@ec0e24b
01-01 08:00:10.345 1546 1626 I SystemConfig: Reading permissions from /system/etc/sysconfig/framework-sysconfig.xml
01-01 08:00:10.346 1546 1546 D CompatConfig: Adding: com.android.server.compat.config.Change@2900541
01-01 08:00:10.346 1546 1546 D CompatConfig: Adding: com.android.server.compat.config.Change@a323ae6
01-01 08:00:10.346 1546 1546 D CompatConfig: Adding: com.android.server.compat.config.Change@9395827
01-01 08:00:10.346 1546 1546 D CompatConfig: Adding: com.android.server.compat.config.Change@b709ad4
01-01 08:00:10.346 1546 1546 D CompatConfig: Adding: com.android.server.compat.config.Change@216b47d
01-01 08:00:10.347 1546 1546 D CompatConfig: Adding: com.android.server.compat.config.Change@4571f72
01-01 08:00:10.347 1546 1546 D CompatConfig: Adding: com.android.server.compat.config.Change@8d94fc3
01-01 08:00:10.347 1546 1546 D CompatConfig: Adding: com.android.server.compat.config.Change@ea69040
01-01 08:00:10.347 1546 1546 D CompatConfig: Adding: com.android.server.compat.config.Change@e5f1b79
01-01 08:00:10.347 1546 1546 D CompatConfig: Adding: com.android.server.compat.config.Change@173c0be
01-01 08:00:10.347 1546 1546 D CompatConfig: Adding: com.android.server.compat.config.Change@3f7251f
01-01 08:00:10.348 1546 1626 I SystemConfig: Reading permissions from /system/etc/sysconfig/qti_whitelist.xml
01-01 08:00:10.348 1546 1546 D CompatConfig: Adding: com.android.server.compat.config.Change@c2cf635
01-01 08:00:10.348 1546 1546 D CompatConfig: Adding: com.android.server.compat.config.Change@4272aca
01-01 08:00:10.348 1546 1546 D CompatConfig: Adding: com.android.server.compat.config.Change@5f2f43b
01-01 08:00:10.348 1546 1546 D CompatConfig: Adding: com.android.server.compat.config.Change@f7e2758
01-01 08:00:10.349 1546 1546 D CompatConfig: Adding: com.android.server.compat.config.Change@ec3c0b1
01-01 08:00:10.349 1546 1546 D CompatConfig: Adding: com.android.server.compat.config.Change@7f52996
01-01 08:00:10.349 1546 1546 D CompatConfig: Adding: com.android.server.compat.config.Change@6129917
01-01 08:00:10.349 1546 1546 D CompatConfig: Adding: com.android.server.compat.config.Change@f5a6104
01-01 08:00:10.349 1546 1546 D CompatConfig: Adding: com.android.server.compat.config.Change@22b6ed
01-01 08:00:10.350 1546 1546 D CompatConfig: Adding: com.android.server.compat.config.Change@ad24922
01-01 08:00:10.350 1546 1546 D CompatConfig: Adding: com.android.server.compat.config.Change@1dafb3
01-01 08:00:10.350 1546 1546 D CompatConfig: Adding: com.android.server.compat.config.Change@f9e8970
01-01 08:00:10.350 1546 1546 D CompatConfig: Adding: com.android.server.compat.config.Change@100d4e9
01-01 08:00:10.350 1546 1546 D CompatConfig: Adding: com.android.server.compat.config.Change@36fd56e
01-01 08:00:10.350 1546 1546 D CompatConfig: Adding: com.android.server.compat.config.Change@ab9940f
01-01 08:00:10.350 1546 1546 D CompatConfig: Adding: com.android.server.compat.config.Change@ebacc9c
01-01 08:00:10.351 1546 1546 D CompatConfig: Adding: com.android.server.compat.config.Change@c88d6a5
01-01 08:00:10.351 1546 1546 D CompatConfig: Adding: com.android.server.compat.config.Change@47da7a
01-01 08:00:10.351 1546 1546 D CompatConfig: Adding: com.android.server.compat.config.Change@785622b
01-01 08:00:10.351 1546 1546 D CompatConfig: Adding: com.android.server.compat.config.Change@ff61688
01-01 08:00:10.351 1546 1546 D CompatConfig: Adding: com.android.server.compat.config.Change@bd53821
01-01 08:00:10.351 1546 1546 D CompatConfig: Adding: com.android.server.compat.config.Change@8f5f607
01-01 08:00:10.351 1546 1546 D CompatConfig: Adding: com.android.server.compat.config.Change@21a1334
01-01 08:00:10.352 1546 1546 D CompatConfig: Adding: com.android.server.compat.config.Change@52c355d
01-01 08:00:10.352 1546 1546 D CompatConfig: Adding: com.android.server.compat.config.Change@f033ed2
01-01 08:00:10.352 1546 1546 D CompatConfig: Adding: com.android.server.compat.config.Change@9f1eba3
01-01 08:00:10.352 1546 1546 D CompatConfig: Adding: com.android.server.compat.config.Change@4df2ea0
01-01 08:00:10.352 1546 1546 D CompatConfig: Adding: com.android.server.compat.config.Change@2fbca59
01-01 08:00:10.352 1546 1546 D CompatConfig: Adding: com.android.server.compat.config.Change@6b2761e
01-01 08:00:10.352 1546 1546 D CompatConfig: Adding: com.android.server.compat.config.Change@32d9eff
01-01 08:00:10.353 1546 1546 D CompatConfig: Adding: com.android.server.compat.config.Change@91894cc
01-01 08:00:10.353 1546 1546 D CompatConfig: Adding: com.android.server.compat.config.Change@e95b315
01-01 08:00:10.353 1546 1626 I SystemConfig: Reading permissions from /system/etc/sysconfig/preinstalled-packages-platform-full-base.xml
01-01 08:00:10.353 1546 1546 D CompatConfig: Adding: com.android.server.compat.config.Change@98bd62a
01-01 08:00:10.353 1546 1546 D CompatConfig: Adding: com.android.server.compat.config.Change@a472c1b
01-01 08:00:10.353 1546 1546 D CompatConfig: Adding: com.android.server.compat.config.Change@7a031b8
01-01 08:00:10.353 1546 1546 D CompatConfig: Adding: com.android.server.compat.config.Change@aab6b91
01-01 08:00:10.353 1546 1546 D CompatConfig: Adding: com.android.server.compat.config.Change@8e92af6
01-01 08:00:10.353 1546 1546 D CompatConfig: Adding: com.android.server.compat.config.Change@6a26ef7
01-01 08:00:10.354 1546 1546 D CompatConfig: Adding: com.android.server.compat.config.Change@b02b164
01-01 08:00:10.354 1546 1546 D CompatConfig: Adding: com.android.server.compat.config.Change@98a2fcd
01-01 08:00:10.354 1546 1546 D CompatConfig: Found a config file: /system/etc/compatconfig/framework-platform-compat-config.xml
01-01 08:00:10.355 1546 1546 D CompatConfig: Adding: com.android.server.compat.config.Change@8050393
01-01 08:00:10.355 1546 1546 D CompatConfig: Adding: com.android.server.compat.config.Change@7eb7fd0
01-01 08:00:10.355 1546 1546 D CompatConfig: Adding: com.android.server.compat.config.Change@b16fbc9
01-01 08:00:10.355 1546 1626 I SystemConfig: Reading permissions from /system/etc/sysconfig/preinstalled-packages-com.android.providers.media.module.xml
01-01 08:00:10.355 1546 1546 D CompatConfig: Adding: com.android.server.compat.config.Change@af245ef
01-01 08:00:10.356 1546 1546 D CompatConfig: Adding: com.android.server.compat.config.Change@50c8fc
01-01 08:00:10.356 1546 1546 D CompatConfig: Adding: com.android.server.compat.config.Change@e8a8b85
01-01 08:00:10.356 1546 1546 D CompatConfig: Adding: com.android.server.compat.config.Change@55e1dda
01-01 08:00:10.356 1546 1546 D CompatConfig: Adding: com.android.server.compat.config.Change@6c7520b
01-01 08:00:10.356 1546 1546 D CompatConfig: Adding: com.android.server.compat.config.Change@d5f78e8
01-01 08:00:10.356 1546 1546 D CompatConfig: Adding: com.android.server.compat.config.Change@3ed5b01
01-01 08:00:10.356 1546 1546 D CompatConfig: Adding: com.android.server.compat.config.Change@1903da6
01-01 08:00:10.357 1546 1546 D CompatConfig: Adding: com.android.server.compat.config.Change@19703e7
01-01 08:00:10.357 1546 1546 D CompatConfig: Adding: com.android.server.compat.config.Change@c273b94
01-01 08:00:10.357 1546 1546 D CompatConfig: Adding: com.android.server.compat.config.Change@953a63d
01-01 08:00:10.357 1546 1546 D CompatConfig: Adding: com.android.server.compat.config.Change@5728e32
01-01 08:00:10.357 1546 1546 D CompatConfig: Adding: com.android.server.compat.config.Change@5c5f783
01-01 08:00:10.357 1546 1546 D CompatConfig: Adding: com.android.server.compat.config.Change@9067d00
01-01 08:00:10.358 1546 1546 D CompatConfig: Adding: com.android.server.compat.config.Change@fd96939
01-01 08:00:10.358 1546 1626 I SystemConfig: Reading permissions from /system/etc/sysconfig/preinstalled-packages-platform.xml
01-01 08:00:10.358 1546 1546 D CompatConfig: Adding: com.android.server.compat.config.Change@56688df
01-01 08:00:10.358 1546 1546 D CompatConfig: Adding: com.android.server.compat.config.Change@5d6692c
01-01 08:00:10.358 1546 1546 D CompatConfig: Adding: com.android.server.compat.config.Change@45e5ff5
01-01 08:00:10.358 1546 1546 D CompatConfig: Adding: com.android.server.compat.config.Change@9e9b18a
01-01 08:00:10.358 1546 1546 D CompatConfig: Adding: com.android.server.compat.config.Change@754d3fb
01-01 08:00:10.359 1546 1626 I SystemConfig: Reading permissions from /system/etc/sysconfig/hiddenapi-package-whitelist.xml
01-01 08:00:10.359 1546 1546 D CompatConfig: Adding: com.android.server.compat.config.Change@8020671
01-01 08:00:10.359 1546 1546 D CompatConfig: Adding: com.android.server.compat.config.Change@3395c56
01-01 08:00:10.360 1546 1546 D CompatConfig: Adding: com.android.server.compat.config.Change@a12b4d7
01-01 08:00:10.360 1546 1626 I SystemConfig: Reading permissions from /system/etc/permissions/android.software.freeform_window_management.xml
01-01 08:00:10.360 1546 1546 D CompatConfig: Adding: com.android.server.compat.config.Change@45f98ad
01-01 08:00:10.360 1546 1546 D CompatConfig: Adding: com.android.server.compat.config.Change@6e7e2
01-01 08:00:10.360 1546 1626 I SystemConfig: Reading permissions from /system/etc/permissions/privapp-permissions-platform.xml
01-01 08:00:10.360 1546 1546 D CompatConfig: Adding: com.android.server.compat.config.Change@f332630
01-01 08:00:10.361 1546 1546 D CompatConfig: Adding: com.android.server.compat.config.Change@78a12a9
01-01 08:00:10.363 1546 1626 I SystemConfig: Reading permissions from /system/etc/permissions/com.android.networkstack.tethering.xml
01-01 08:00:10.363 1546 1546 D CompatConfig: Adding: com.android.server.compat.config.Change@ba967cf
01-01 08:00:10.363 1546 1546 D CompatConfig: Adding: com.android.server.compat.config.Change@ddc755c
01-01 08:00:10.363 1546 1546 D CompatConfig: Adding: com.android.server.compat.config.Change@3c83065
01-01 08:00:10.363 1546 1546 D CompatConfig: Adding: com.android.server.compat.config.Change@e19913a
01-01 08:00:10.364 1546 1626 I SystemConfig: Reading permissions from /system/etc/permissions/com.huawei.dmsdpdevice.xml
01-01 08:00:10.364 1546 1546 D CompatConfig: Adding: com.android.server.compat.config.Change@8698b48
01-01 08:00:10.364 1546 1546 D CompatConfig: Adding: com.android.server.compat.config.Change@f106de1
01-01 08:00:10.364 1546 1626 I SystemConfig: Reading permissions from /system/etc/permissions/com.thundercomm.screensaver.xml
01-01 08:00:10.364 1546 1546 D CompatConfig: Adding: com.android.server.compat.config.Change@e1481c7
01-01 08:00:10.364 1546 1546 D CompatConfig: Adding: com.android.server.compat.config.Change@53013f4
01-01 08:00:10.365 1546 1546 D CompatConfig: Adding: com.android.server.compat.config.Change@e45071d
01-01 08:00:10.365 1546 1626 I SystemConfig: Reading permissions from /system/etc/permissions/privapp-permissions-qti.xml
01-01 08:00:10.365 1546 1546 D CompatConfig: Adding: com.android.server.compat.config.Change@ecd7363
01-01 08:00:10.365 1546 1546 D CompatConfig: Adding: com.android.server.compat.config.Change@8347b60
01-01 08:00:10.365 1546 1546 D CompatConfig: Adding: com.android.server.compat.config.Change@82ff819
01-01 08:00:10.366 1546 1546 D CompatConfig: Adding: com.android.server.compat.config.Change@65a70de
01-01 08:00:10.366 1546 1626 I SystemConfig: Reading permissions from /system/etc/permissions/com.android.nfc_extras.xml
01-01 08:00:10.366 1546 1546 D CompatConfig: Adding: com.android.server.compat.config.Change@f55ed8c
01-01 08:00:10.366 1546 1546 D CompatConfig: Adding: com.android.server.compat.config.Change@c3efcd5
01-01 08:00:10.366 1546 1626 I SystemConfig: Reading permissions from /system/etc/permissions/com.hryt.hicar.hicarlauncher.xml
01-01 08:00:10.367 1546 1546 D CompatConfig: Adding: com.android.server.compat.config.Change@693ebdb
01-01 08:00:10.367 1546 1546 D CompatConfig: Adding: com.android.server.compat.config.Change@53a5678
01-01 08:00:10.367 1546 1626 I SystemConfig: Reading permissions from /system/etc/permissions/com.android.documentsui.xml
01-01 08:00:10.367 1546 1546 D CompatConfig: Adding: com.android.server.compat.config.Change@8bdbdb6
01-01 08:00:10.367 1546 1546 D CompatConfig: Adding: com.android.server.compat.config.Change@95b6ab7
01-01 08:00:10.367 1546 1626 I SystemConfig: Reading permissions from /system/etc/permissions/com.android.future.usb.accessory.xml
01-01 08:00:10.368 1546 1546 D CompatConfig: Adding: com.android.server.compat.config.Change@e5af18d
01-01 08:00:10.368 1546 1546 D CompatConfig: Adding: com.android.server.compat.config.Change@25fff42
01-01 08:00:10.368 1546 1626 I SystemConfig: Reading permissions from /system/etc/permissions/android.software.live_wallpaper.xml
01-01 08:00:10.368 1546 1546 D CompatConfig: Adding: com.android.server.compat.config.Change@88d7c90
01-01 08:00:10.368 1546 1546 D CompatConfig: Adding: com.android.server.compat.config.Change@7921989
01-01 08:00:10.368 1546 1626 I SystemConfig: Reading permissions from /system/etc/permissions/org.apache.http.legacy.xml
01-01 08:00:10.369 1546 1546 D CompatConfig: Adding: com.android.server.compat.config.Change@cd6f9af
01-01 08:00:10.369 1546 1546 D CompatConfig: Adding: com.android.server.compat.config.Change@8f9c545
01-01 08:00:10.369 1546 1626 I SystemConfig: Reading permissions from /system/etc/permissions/com.huawei.hiviewlite.xml
01-01 08:00:10.369 1546 1546 D CompatConfig: Adding: com.android.server.compat.config.Change@4d2349a
01-01 08:00:10.369 1546 1546 D CompatConfig: Adding: com.android.server.compat.config.Change@2a381cb
01-01 08:00:10.369 1546 1626 I SystemConfig: Reading permissions from /system/etc/permissions/android.software.webview.xml
01-01 08:00:10.369 1546 1546 D CompatConfig: Adding: com.android.server.compat.config.Change@d7670c1
01-01 08:00:10.370 1546 1546 D CompatConfig: Found a config file: /system/etc/compatconfig/documents-ui-compat-config.xml
01-01 08:00:10.370 1546 1626 I SystemConfig: Reading permissions from /system/etc/permissions/com.android.media.remotedisplay.xml
01-01 08:00:10.370 1546 1546 D CompatConfig: Adding: com.android.server.compat.config.Change@4cc9c54
01-01 08:00:10.370 1546 1626 I SystemConfig: Reading permissions from /system/etc/permissions/com.huawei.hisight.xml
01-01 08:00:10.370 1546 1546 D CompatConfig: Found a config file: /system/etc/compatconfig/calendar-provider-compat-config.xml
01-01 08:00:10.371 1546 1626 I SystemConfig: Reading permissions from /system/etc/permissions/android.test.mock.xml
01-01 08:00:10.371 1546 1546 D CompatConfig: Adding: com.android.server.compat.config.Change@b8129c0
01-01 08:00:10.371 1546 1626 I SystemConfig: Reading permissions from /system/etc/permissions/com.thundercomm.tcservice.xml
01-01 08:00:10.371 1546 1546 D CompatConfig: Found a config file: /system/etc/compatconfig/icu4j-platform-compat-config.xml
01-01 08:00:10.371 1546 1626 I SystemConfig: Reading permissions from /system/etc/permissions/com.android.networkstack.xml
01-01 08:00:10.371 1546 1546 D CompatConfig: Adding: com.android.server.compat.config.Change@82f21ec
01-01 08:00:10.372 1546 1626 I SystemConfig: Reading permissions from /system/etc/permissions/com.huawei.nearby.xml
01-01 08:00:10.372 1546 1546 D CompatConfig: Found a config file: /system/system_ext/etc/compatconfig/settings-platform-compat-config.xml
01-01 08:00:10.372 1546 1626 I SystemConfig: Reading permissions from /system/etc/permissions/android.test.base.xml
01-01 08:00:10.372 1546 1546 D CompatConfig: Adding: com.android.server.compat.config.Change@6e270d8
01-01 08:00:10.373 1546 1626 I SystemConfig: Reading permissions from /system/etc/permissions/com.android.location.provider.xml
01-01 08:00:10.374 1546 1546 D CompatConfig: No directory /apex/com.android.vndk.v30/etc/compatconfig, skipping
01-01 08:00:10.374 1546 1546 D CompatConfig: No directory /apex/com.android.wifi/etc/compatconfig, skipping
01-01 08:00:10.374 1546 1546 D CompatConfig: No directory /apex/com.android.vndk.v31/etc/compatconfig, skipping
01-01 08:00:10.374 1546 1546 D CompatConfig: No directory /apex/com.android.tzdata/etc/compatconfig, skipping
01-01 08:00:10.374 1546 1546 D CompatConfig: No directory /apex/com.android.tethering/etc/compatconfig, skipping
01-01 08:00:10.374 1546 1546 D CompatConfig: No directory /apex/com.android.sdkext/etc/compatconfig, skipping
01-01 08:00:10.374 1546 1546 D CompatConfig: No directory /apex/com.android.scheduling/etc/compatconfig, skipping
01-01 08:00:10.374 1546 1546 D CompatConfig: No directory /apex/com.android.runtime/etc/compatconfig, skipping
01-01 08:00:10.374 1546 1546 D CompatConfig: No directory /apex/com.android.resolv/etc/compatconfig, skipping
01-01 08:00:10.374 1546 1546 D CompatConfig: No directory /apex/com.android.permission/etc/compatconfig, skipping
01-01 08:00:10.374 1546 1546 D CompatConfig: No directory /apex/com.android.os.statsd/etc/compatconfig, skipping
01-01 08:00:10.374 1546 1546 D CompatConfig: No directory /apex/com.android.neuralnetworks/etc/compatconfig, skipping
01-01 08:00:10.375 1546 1626 I SystemConfig: Reading permissions from /system/etc/permissions/javax.obex.xml
01-01 08:00:10.375 1546 1626 I SystemConfig: Reading permissions from /system/etc/permissions/com.baidu.input.xml
01-01 08:00:10.375 1546 1546 D CompatConfig: Found a config file: /apex/com.android.mediaprovider/etc/compatconfig/media-provider-platform-compat-config.xml
01-01 08:00:10.376 1546 1546 D CompatConfig: Adding: com.android.server.compat.config.Change@1343a6d
01-01 08:00:10.376 1546 1626 I SystemConfig: Reading permissions from /system/etc/permissions/com.thundercomm.debugtools.xml
01-01 08:00:10.376 1546 1626 I SystemConfig: Reading permissions from /system/etc/permissions/android.test.runner.xml
01-01 08:00:10.376 1546 1546 D CompatConfig: Adding: com.android.server.compat.config.Change@31282f0
01-01 08:00:10.376 1546 1626 I SystemConfig: Reading permissions from /system/etc/permissions/com.lizhi.smartlife.lzbk.car.xml
01-01 08:00:10.377 1546 1546 D CompatConfig: Adding: com.android.server.compat.config.Change@5182aee
01-01 08:00:10.377 1546 1626 I SystemConfig: Reading permissions from /system/etc/permissions/com.android.mediadrm.signer.xml
01-01 08:00:10.377 1546 1546 D CompatConfig: Adding: com.android.server.compat.config.Change@b34de1c
01-01 08:00:10.377 1546 1546 D CompatConfig: Adding: com.android.server.compat.config.Change@fe007fa
01-01 08:00:10.377 1546 1626 I SystemConfig: Reading permissions from /system/etc/permissions/platform.xml
01-01 08:00:10.378 1546 1546 D CompatConfig: Adding: com.android.server.compat.config.Change@a2dc1ab
01-01 08:00:10.379 1546 1546 D CompatConfig: Adding: com.android.server.compat.config.Change@bbfc008
01-01 08:00:10.379 1546 1546 D CompatConfig: No directory /apex/com.android.media.swcodec/etc/compatconfig, skipping
01-01 08:00:10.379 1546 1546 D CompatConfig: No directory /apex/com.android.media/etc/compatconfig, skipping
01-01 08:00:10.379 1546 1546 D CompatConfig: No directory /apex/com.android.ipsec/etc/compatconfig, skipping
01-01 08:00:10.379 1546 1546 D CompatConfig: No directory /apex/com.android.i18n/etc/compatconfig, skipping
01-01 08:00:10.379 1546 1546 D CompatConfig: No directory /apex/com.android.extservices/etc/compatconfig, skipping
01-01 08:00:10.379 1546 1546 D CompatConfig: No directory /apex/com.android.conscrypt/etc/compatconfig, skipping
