10-19 02:07:31.266 1546 1637 W ActivityManager: Slow operation: 251ms so far, now at startProcess: done updating pids map
10-19 02:07:31.266 1546 1637 W ActivityManager: Slow operation: 250ms so far, now at startProcess: asking zygote to start proc
10-19 02:07:31.270 1546 1546 W Looper : Slow dispatch took 103ms main h=android.app.ActivityThread$H c=null m=114
10-19 02:07:31.270 1546 1546 I PackageWatchdog: Syncing health check requests for packages: {}
10-19 02:07:31.271 1546 1546 I ExplicitHealthCheckController: Service not ready to get health check supported packages. Binding...
10-19 02:07:31.271 1546 1546 I ExplicitHealthCheckController: Explicit health check service is bound
10-19 02:07:31.280 0 0 I [ 9.629058] binder: 2260:2260 ioctl 40046210 7fd6808274 returned -22
10-19 02:07:31.281 1546 1637 W ActivityManager: Slow operation: 266ms so far, now at startProcess: returned from zygote!
10-19 02:07:31.282 1546 1637 W ActivityManager: Slow operation: 266ms so far, now at startProcess: done updating battery stats
10-19 02:07:31.282 1546 1637 I am_proc_start: [0,2290,1068,com.android.se,added application,com.android.se]
10-19 02:07:31.282 1546 1637 W ActivityManager: Slow operation: 266ms so far, now at startProcess: building log message
10-19 02:07:31.282 1546 1637 I ActivityManager: Start proc 2290:com.android.se/1068 for added application com.android.se
10-19 02:07:31.282 1546 1637 W ActivityManager: Slow operation: 266ms so far, now at startProcess: starting to update pids map
10-19 02:07:31.283 1546 1637 W ActivityManager: Slow operation: 267ms so far, now at startProcess: done updating pids map
10-19 02:07:31.283 1546 1637 W ActivityManager: Slow operation: 267ms so far, now at startProcess: asking zygote to start proc
10-19 02:07:31.286 1546 1812 I am_proc_bound: [0,2260,vendor.qti.qesdk.sysservice]
10-19 02:07:31.288 1546 1812 D CompatibilityChangeReporter: Compat change id reported: 168419799; UID 1000; state: DISABLED
10-19 02:07:31.302 0 0 I [ 9.649598] binder: 2290:2290 ioctl 40046210 7fd6808274 returned -22
10-19 02:07:31.302 1546 1546 D BluetoothManagerService: Bluetooth Adapter name changed to 高合娱乐副屏 by android
10-19 02:07:31.302 1546 1546 D BluetoothManagerService: Stored Bluetooth name: 高合娱乐副屏
10-19 02:07:31.303 1546 1546 D PowerManagerService: releaseWakeLockInternal: lock=118485828 [WiredAccessoryManager], flags=0x0
10-19 02:07:31.303 1546 1546 D PowerManagerNotifier: onWakeLockReleased: flags=1, tag="WiredAccessoryManager", packageName=android, ownerUid=1000, ownerPid=1546, workSource=null
10-19 02:07:31.303 1546 1546 D PowerManagerService: updateWakeLockSummaryLocked: mWakefulness=Awake, mWakeLockSummary=0x0
10-19 02:07:31.303 1546 1546 D PowerManagerService: updateUserActivitySummaryLocked: groupId=0, mWakefulness=Awake, mUserActivitySummary=0x1, nextTimeout=69307 (in 59655 ms)
10-19 02:07:31.303 1546 1546 D PowerManagerNotifier: onScreenPolicyUpdate: newPolicy=3
10-19 02:07:31.303 1546 1546 D PowerManagerService: updateDisplayPowerStateLocked: displayReady=true, groupId=0, policy=BRIGHT, mWakefulness=Awake, mWakeLockSummary=0x0, mUserActivitySummary=0x1, mBootCompleted=false, screenBrightnessOverride=1.0, useAutoBrightness=false, mScreenBrightnessBoostInProgress=false, mIsVrModeEnabled= false, sQuiescent=false
10-19 02:07:31.303 1546 1546 D PowerManagerService: Releasing suspend blocker "PowerManagerService.WakeLocks".
10-19 02:07:31.304 1546 1637 W ActivityManager: Slow operation: 289ms so far, now at startProcess: returned from zygote!
10-19 02:07:31.304 1546 1637 W ActivityManager: Slow operation: 289ms so far, now at startProcess: done updating battery stats
10-19 02:07:31.305 1546 1637 I am_proc_start: [0,2320,1000,com.thundercomm.remotecontrolservice,added application,com.thundercomm.remotecontrolservice]
10-19 02:07:31.305 1546 1637 W ActivityManager: Slow operation: 289ms so far, now at startProcess: building log message
10-19 02:07:31.305 1546 1637 I ActivityManager: Start proc 2320:com.thundercomm.remotecontrolservice/1000 for added application com.thundercomm.remotecontrolservice
10-19 02:07:31.305 1546 1637 W ActivityManager: Slow operation: 289ms so far, now at startProcess: starting to update pids map
10-19 02:07:31.305 1546 1637 W ActivityManager: Slow operation: 289ms so far, now at startProcess: done updating pids map
10-19 02:07:31.305 1546 1637 W ActivityManager: Slow operation: 288ms so far, now at startProcess: asking zygote to start proc
10-19 02:07:31.306 0 0 I [ 9.654417] binder: 2273:2273 ioctl 40046210 7fd6808274 returned -22
10-19 02:07:31.307 1546 1546 D BluetoothManagerService: BluetoothServiceConnection: com.android.bluetooth.btservice.AdapterService
10-19 02:07:31.307 1546 1621 D BluetoothManagerService: MESSAGE_BLUETOOTH_SERVICE_CONNECTED: 1
10-19 02:07:31.308 1546 1546 D PowerManagerService: updateUserActivitySummaryLocked: groupId=0, mWakefulness=Awake, mUserActivitySummary=0x1, nextTimeout=69307 (in 59651 ms)
10-19 02:07:31.308 1546 1546 D PowerManagerNotifier: onScreenPolicyUpdate: newPolicy=3
10-19 02:07:31.308 1546 1546 D PowerManagerService: updateDisplayPowerStateLocked: displayReady=true, groupId=0, policy=BRIGHT, mWakefulness=Awake, mWakeLockSummary=0x0, mUserActivitySummary=0x1, mBootCompleted=false, screenBrightnessOverride=1.0, useAutoBrightness=false, mScreenBrightnessBoostInProgress=false, mIsVrModeEnabled= false, sQuiescent=false
10-19 02:07:31.309 1546 1844 I am_proc_bound: [0,2290,com.android.se]
10-19 02:07:31.310 1546 1637 W ActivityManager: Slow operation: 293ms so far, now at startProcess: returned from zygote!
10-19 02:07:31.311 1546 1621 D BluetoothManagerService: MESSAGE_INFORM_ADAPTER_SERVICE_UP
10-19 02:07:31.311 1546 1621 D BluetoothManagerService: Broadcasting onBluetoothServiceUp() to 2 receivers.
10-19 02:07:31.312 1546 1844 D CompatibilityChangeReporter: Compat change id reported: 168419799; UID 1068; state: DISABLED
10-19 02:07:31.313 1546 1844 I am_uid_active: 1068
10-19 02:07:31.313 1546 1637 W ActivityManager: Slow operation: 297ms so far, now at startProcess: done updating battery stats
10-19 02:07:31.313 1546 1637 I am_proc_start: [0,2326,1000,com.thundercomm.tcservice,added application,com.thundercomm.tcservice]
10-19 02:07:31.313 1546 1637 W ActivityManager: Slow operation: 297ms so far, now at startProcess: building log message
10-19 02:07:31.313 1546 1637 I ActivityManager: Start proc 2326:com.thundercomm.tcservice/1000 for added application com.thundercomm.tcservice
10-19 02:07:31.313 1546 1637 W ActivityManager: Slow operation: 297ms so far, now at startProcess: starting to update pids map
10-19 02:07:31.314 1546 1637 W ActivityManager: Slow operation: 297ms so far, now at startProcess: done updating pids map
10-19 02:07:31.314 1546 1637 W ActivityManager: Slow operation: 296ms so far, now at startProcess: asking zygote to start proc
10-19 02:07:31.314 1546 1637 D CompatibilityChangeReporter: Compat change id reported: 143937733; UID 10069; state: ENABLED
10-19 02:07:31.314 1546 1621 D BluetoothManagerService: MESSAGE_BLUETOOTH_STATE_CHANGE: OFF > BLE_TURNING_ON
10-19 02:07:31.314 1546 1621 D BluetoothManagerService: Sending BLE State Change: OFF > BLE_TURNING_ON
10-19 02:07:31.315 1546 1812 I am_proc_bound: [0,2273,com.qti.qualcomm.mstatssystemservice]
10-19 02:07:31.320 1546 1812 D CompatibilityChangeReporter: Compat change id reported: 168419799; UID 10088; state: DISABLED
10-19 02:07:31.322 1546 1812 I am_uid_active: 10088
10-19 02:07:31.323 1546 1637 W ActivityManager: Slow operation: 305ms so far, now at startProcess: returned from zygote!
10-19 02:07:31.324 1546 1637 W ActivityManager: Slow operation: 307ms so far, now at startProcess: done updating battery stats
10-19 02:07:31.324 1546 1637 I am_proc_start: [0,2331,10069,com.qualcomm.qti.devicestatisticsservice,added application,com.qualcomm.qti.devicestatisticsservice]
10-19 02:07:31.325 1546 1637 W ActivityManager: Slow operation: 307ms so far, now at startProcess: building log message
10-19 02:07:31.325 1546 1637 I ActivityManager: Start proc 2331:com.qualcomm.qti.devicestatisticsservice/u0a69 for added application com.qualcomm.qti.devicestatisticsservice
10-19 02:07:31.325 1546 1637 W ActivityManager: Slow operation: 307ms so far, now at startProcess: starting to update pids map
10-19 02:07:31.325 1546 1637 W ActivityManager: Slow operation: 307ms so far, now at startProcess: done updating pids map
10-19 02:07:31.325 1546 1637 W ActivityManager: Slow operation: 307ms so far, now at startProcess: asking zygote to start proc
10-19 02:07:31.332 0 0 I [ 9.680596] binder: 2156:2339 ioctl 40046210 6e49e539e4 returned -22
10-19 02:07:31.330 1546 1812 D TelephonyRegistry: listen oscl: mHasNotifySubscriptionInfoChangedOccurred==false no callback
10-19 02:07:31.346 1546 1579 D CompatibilityChangeReporter: Compat change id reported: 157233955; UID 10084; state: ENABLED
10-19 02:07:31.347 1546 1812 D CompatibilityChangeReporter: Compat change id reported: 168419799; UID 1002; state: DISABLED
10-19 02:07:31.347 1546 1637 W ActivityManager: Slow operation: 329ms so far, now at startProcess: returned from zygote!
10-19 02:07:31.348 2139 2139 W ContextImpl: Calling a method in the system process without a qualified user: android.app.ContextImpl.startService:1816 android.content.ContextWrapper.startService:774 com.thundercomm.microsettings.service.SettingsApplication.onCreate:30 android.app.Instrumentation.callApplicationOnCreate:1212 android.app.ActivityThread.handleBindApplication:6744
10-19 02:07:31.348 0 0 I [ 9.692513] binder: 2326:2326 ioctl 40046210 7fd6808274 returned -22
10-19 02:07:31.350 0 0 I [ 9.697775] msm_vidc: high: 00000001: ....e: Opening video instance: 0000000000000000, 0
10-19 02:07:31.350 0 0 I [ 9.698122] msm_vidc: err : 00000001: ....e: Failed to create debugfs for msm_vidc
10-19 02:07:31.350 1546 1637 W ActivityManager: Slow operation: 332ms so far, now at startProcess: done updating battery stats
10-19 02:07:31.350 1546 1637 I am_proc_start: [0,2357,1000,com.hryt.hicar.hicarlauncher,added application,com.hryt.hicar.hicarlauncher]
10-19 02:07:31.350 1546 1637 W ActivityManager: Slow operation: 332ms so far, now at startProcess: building log message
10-19 02:07:31.350 1546 1637 I ActivityManager: Start proc 2357:com.hryt.hicar.hicarlauncher/1000 for added application com.hryt.hicar.hicarlauncher
10-19 02:07:31.350 1546 1637 W ActivityManager: Slow operation: 332ms so far, now at startProcess: starting to update pids map
10-19 02:07:31.350 1546 1637 W ActivityManager: Slow operation: 332ms so far, now at startProcess: done updating pids map
10-19 02:07:31.350 1546 1637 W ActivityManager: Slow operation: 332ms so far, now at startProcess: asking zygote to start proc
10-19 02:07:31.350 1546 1812 W ActivityManager: Unable to start service Intent { act=com.thundercomm.microsettings.SETTING_SERVICE pkg=com.thundercomm.microsettings } U=0: not found
10-19 02:07:31.352 1546 1844 I am_proc_bound: [0,2326,com.thundercomm.tcservice]
10-19 02:07:31.353 2139 2139 W ContextImpl: Calling a method in the system process without a qualified user: android.app.ContextImpl.startService:1816 android.content.ContextWrapper.startService:774 com.thundercomm.microsettings.service.SettingsApplication.onCreate:36 android.app.Instrumentation.callApplicationOnCreate:1212 android.app.ActivityThread.handleBindApplication:6744
10-19 02:07:31.357 1546 1844 D CompatibilityChangeReporter: Compat change id reported: 168419799; UID 1000; state: DISABLED
10-19 02:07:31.360 1546 1637 W ActivityManager: Slow operation: 341ms so far, now at startProcess: returned from zygote!
10-19 02:07:31.361 0 0 I [ 9.701914] binder: 2320:2320 ioctl 40046210 7fd6808274 returned -22
10-19 02:07:31.361 0 0 I [ 9.703136] binder: 2331:2331 ioctl 40046210 7fd6808274 returned -22
10-19 02:07:31.367 0 0 I [ 9.713996] msm_vidc: high: 00000001: h265e: Closed video instance: 0000000000000000
10-19 02:07:31.378 0 0 I [ 9.725098] binder: 2380:2380 ioctl 40046210 7fd6808274 returned -22
10-19 02:07:31.363 1546 1637 W ActivityManager: Slow operation: 344ms so far, now at startProcess: done updating battery stats
10-19 02:07:31.363 1546 1637 I am_proc_start: [0,2380,1000,com.qualcomm.qti.qdma,added application,com.qualcomm.qti.qdma]
10-19 02:07:31.363 1546 1637 W ActivityManager: Slow operation: 344ms so far, now at startProcess: building log message
10-19 02:07:31.363 1546 1637 I ActivityManager: Start proc 2380:com.qualcomm.qti.qdma/1000 for added application com.qualcomm.qti.qdma
10-19 02:07:31.363 1546 1637 W ActivityManager: Slow operation: 344ms so far, now at startProcess: starting to update pids map
10-19 02:07:31.363 1546 1637 W ActivityManager: Slow operation: 344ms so far, now at startProcess: done updating pids map
10-19 02:07:31.363 1546 1637 W ActivityManager: Slow operation: 272ms so far, now at startProcess: asking zygote to start proc
10-19 02:07:31.363 1546 1812 W ActivityManager: Unable to start service Intent { act=com.thundercomm.microsettings.EOL_SERVICE pkg=com.thundercomm.microsettings } U=0: not found
10-19 02:07:31.364 1546 1578 I am_proc_bound: [0,2320,com.thundercomm.remotecontrolservice]
10-19 02:07:31.365 1546 1578 D CompatibilityChangeReporter: Compat change id reported: 168419799; UID 1000; state: DISABLED
10-19 02:07:31.371 1546 1578 I am_proc_bound: [0,2331,com.qualcomm.qti.devicestatisticsservice]
10-19 02:07:31.372 1546 1578 D CompatibilityChangeReporter: Compat change id reported: 168419799; UID 10069; state: DISABLED
10-19 02:07:31.373 1546 1578 I am_uid_active: 10069
10-19 02:07:31.384 1546 1637 W ActivityManager: Slow operation: 293ms so far, now at startProcess: returned from zygote!
10-19 02:07:31.384 1546 1637 W ActivityManager: Slow operation: 293ms so far, now at startProcess: done updating battery stats
10-19 02:07:31.384 1546 1637 I am_proc_start: [0,2413,1000,com.android.settings,top-activity,{com.android.settings/com.android.settings.FallbackHome}]
10-19 02:07:31.384 1546 1637 W ActivityManager: Slow operation: 293ms so far, now at startProcess: building log message
10-19 02:07:31.384 1546 1637 I ActivityManager: Start proc 2413:com.android.settings/1000 for top-activity {com.android.settings/com.android.settings.FallbackHome}
10-19 02:07:31.384 1546 1637 W ActivityManager: Slow operation: 293ms so far, now at startProcess: starting to update pids map
10-19 02:07:31.384 1546 1637 W ActivityManager: Slow operation: 293ms so far, now at startProcess: done updating pids map
10-19 02:07:31.384 1546 1637 W ActivityManager: Slow operation: 222ms so far, now at startProcess: asking zygote to start proc
10-19 02:07:31.384 1546 1637 D CompatibilityChangeReporter: Compat change id reported: 143937733; UID 10098; state: ENABLED
10-19 02:07:31.388 2139 2139 I MicroServiceManager: Init MicroServiceManager: FSEM_SettingService
10-19 02:07:31.388 1546 1578 W BluetoothManagerService: bindBluetoothProfileService:Trying to bind to profile: 1, while Bluetooth is disabled
10-19 02:07:31.389 2139 2139 I MicroServiceManager: addCommonCallbackListener add listener: FSEM_SettingService
10-19 02:07:31.389 2139 2139 I MicroServiceManager: Bind and register callback to MicroService: FSEM_SettingService
10-19 02:07:31.389 1546 1789 I commit_sys_config_file: [settings-0-0,34]
10-19 02:07:31.391 2139 2139 I MicroServiceManager: Bind and register callback to MicroService: FSEM_SettingService, result: successfully.
10-19 02:07:31.391 2139 2139 I MicroServiceManager: addConnectChangedListener add listener: FSEM_SettingService
10-19 02:07:31.393 0 0 I [ 9.735503] binder: 2357:2357 ioctl 40046210 7fd6808274 returned -22
10-19 02:07:31.392 1546 1546 D AccessibilityManagerService: Ignoring non-encryption-aware service ComponentInfo{com.ss.android.ugc.aweme/com.ss.android.ugc.aweme.live.livehostimpl.AudioAccessibilityService}
10-19 02:07:31.396 1546 1546 I SystemServerTiming: ManagedServices.unbindOtherUserServices_current0
10-19 02:07:31.396 1546 1546 I SystemServerTiming: ManagedServices.unbindOtherUserServices_current0
10-19 02:07:31.396 1546 1546 I SystemServerTiming: ManagedServices.unbindOtherUserServices_current0
10-19 02:07:31.396 1546 1546 V NotificationAssistants: enabling notification assistant for 0: ComponentInfo{android.ext.services/android.ext.services.notification.Assistant}
10-19 02:07:31.396 1546 1546 V NotificationAssistants: binding: Intent { act=android.service.notification.NotificationAssistantService cmp=android.ext.services/.notification.Assistant (has extras) }
10-19 02:07:31.398 0 0 I [ 9.744678] binder: 2290:2290 ioctl 40046210 7fd6807224 returned -22
10-19 02:07:31.399 2380 2380 I service_manager_slow: [21,activity]
10-19 02:07:31.399 1546 1578 I am_proc_bound: [0,2380,com.qualcomm.qti.qdma]
10-19 02:07:31.400 1546 1578 D CompatibilityChangeReporter: Compat change id reported: 168419799; UID 1000; state: DISABLED
10-19 02:07:31.401 0 0 I [ 9.749335] msm_vidc: high: 00000001: ....e: Opening video instance: 0000000000000000, 0
10-19 02:07:31.401 0 0 I [ 9.749647] msm_vidc: err : 00000001: ....e: Failed to create debugfs for msm_vidc
10-19 02:07:31.411 0 0 I [ 9.758304] binder: 2413:2413 ioctl 40046210 7fd6808274 returned -22
10-19 02:07:31.412 1546 1637 W ActivityManager: Slow operation: 250ms so far, now at startProcess: returned from zygote!
10-19 02:07:31.412 1546 1637 W ActivityManager: Slow operation: 251ms so far, now at startProcess: done updating battery stats
10-19 02:07:31.412 1546 1637 I am_proc_start: [0,2423,10098,android.ext.services,service,{android.ext.services/android.ext.services.autofill.InlineSuggestionRenderServiceImpl}]
10-19 02:07:31.412 1546 1637 W ActivityManager: Slow operation: 251ms so far, now at startProcess: building log message
10-19 02:07:31.412 1546 1637 I ActivityManager: Start proc 2423:android.ext.services/u0a98 for service {android.ext.services/android.ext.services.autofill.InlineSuggestionRenderServiceImpl}
10-19 02:07:31.412 1546 1637 W ActivityManager: Slow operation: 251ms so far, now at startProcess: starting to update pids map
10-19 02:07:31.413 1546 1637 W ActivityManager: Slow operation: 251ms so far, now at startProcess: done updating pids map
10-19 02:07:31.413 1546 1637 W ActivityManager: Slow operation: 210ms so far, now at startProcess: asking zygote to start proc
10-19 02:07:31.413 1546 1637 D CompatibilityChangeReporter: Compat change id reported: 143937733; UID 10067; state: ENABLED
10-19 02:07:31.417 2357 2357 I service_manager_slow: [24,activity]
10-19 02:07:31.418 1546 1578 I am_proc_bound: [0,2357,com.hryt.hicar.hicarlauncher]
10-19 02:07:31.418 1546 1637 W ActivityManager: Slow operation: 216ms so far, now at startProcess: returned from zygote!
10-19 02:07:31.420 1546 1578 D CompatibilityChangeReporter: Compat change id reported: 168419799; UID 1000; state: DISABLED
10-19 02:07:31.423 1546 1637 W ActivityManager: Slow operation: 221ms so far, now at startProcess: done updating battery stats
10-19 02:07:31.423 1546 1637 I am_proc_start: [0,2455,10067,com.thundercomm.gamemode.provider,content provider,{com.thundercomm.gamemode.provider/com.thundercomm.gamemode.provider.SettingsProvider}]
10-19 02:07:31.423 1546 1637 W ActivityManager: Slow operation: 221ms so far, now at startProcess: building log message
10-19 02:07:31.423 1546 1637 I ActivityManager: Start proc 2455:com.thundercomm.gamemode.provider/u0a67 for content provider {com.thundercomm.gamemode.provider/com.thundercomm.gamemode.provider.SettingsProvider}
10-19 02:07:31.423 1546 1637 W ActivityManager: Slow operation: 221ms so far, now at startProcess: starting to update pids map
10-19 02:07:31.423 1546 1637 W ActivityManager: Slow operation: 221ms so far, now at startProcess: done updating pids map
10-19 02:07:31.426 0 0 E [ 9.773462] bt_ioctl: BT_CMD_PWR_CTRL pwr_cntrl:0
10-19 02:07:31.426 0 0 E [ 9.773471] bt_ioctl: BT state already:0 no change done
10-19 02:07:31.426 0 0 E : [ 9.773471]
10-19 02:07:31.426 0 0 E [ 9.773491] bt_ioctl: BT_CMD_PWR_CTRL pwr_cntrl:1
10-19 02:07:31.426 0 0 I : [ 9.773519] bt_power vendor:bt_qca6390: Linked as a consumer to regulator.9
10-19 02:07:31.426 0 0 E [ 9.773609] bt_vreg_enable: vreg_en successful for : qca,bt-vdd-aon
10-19 02:07:31.426 0 0 I : [ 9.773638] bt_power vendor:bt_qca6390: Linked as a consumer to regulator.51
10-19 02:07:31.426 0 0 E [ 9.773699] bt_vreg_enable: vreg_en successful for : qca,bt-vdd-dig
10-19 02:07:31.426 0 0 I : [ 9.773715] bt_power vendor:bt_qca6390: Linked as a consumer to regulator.8
10-19 02:07:31.426 0 0 E [ 9.773769] bt_vreg_enable: vreg_en successful for : qca,bt-vdd-rfa1
10-19 02:07:31.426 0 0 I : [ 9.773785] bt_power vendor:bt_qca6390: Linked as a consumer to regulator.36
10-19 02:07:31.426 0 0 E [ 9.773852] bt_vreg_enable: vreg_en successful for : qca,bt-vdd-rfa2
10-19 02:07:31.426 0 0 I : [ 9.773869] bt_power vendor:bt_qca6390: Linked as a consumer to regulator.27
10-19 02:07:31.425 2413 2413 I service_manager_slow: [14,activity]
10-19 02:07:31.425 1546 1578 I am_proc_bound: [0,2413,com.android.settings]
10-19 02:07:31.429 0 0 E [ 9.776749] bt_vreg_enable: vreg_en successful for : qca,bt-vdd-asd
10-19 02:07:31.431 0 0 I [ 9.778756] msm_vidc: high: 00000001: h265e: Closed video instance: 0000000000000000
10-19 02:07:31.428 1546 1578 D CompatibilityChangeReporter: Compat change id reported: 168419799; UID 1000; state: DISABLED
10-19 02:07:31.429 1546 1578 I wm_restart_activity: [0,88232656,4,com.android.settings/.FallbackHome]
10-19 02:07:31.430 1546 1578 I wm_set_resumed_activity: [0,com.android.settings/.FallbackHome,minimalResumeActivityLocked]
10-19 02:07:31.431 1546 1578 D FreeFormWindowHelper: handleFreeformTask : Task{63838d8 #1 type=home ?? U=0 visible=true mode=fullscreen translucent=false sz=1 visible freeform task=true rootAffinity=null isMini=false}
10-19 02:07:31.431 1546 1578 D FreeFormWindowHelper: mFreeFormTask : null
10-19 02:07:31.431 1546 1578 D FreeFormWindowHelper: mInRecent : false
10-19 02:07:31.431 1546 1578 D FreeFormWindowHelper:
10-19 02:07:31.440 0 0 I [ 9.784957] binder: 2455:2455 ioctl 40046210 7fd6808274 returned -22
10-19 02:07:31.443 1546 2102 I am_proc_bound: [0,2455,com.thundercomm.gamemode.provider]
10-19 02:07:31.448 0 0 I [ 9.792299] binder: 2423:2423 ioctl 40046210 7fd6808274 returned -22
10-19 02:07:31.444 1546 2102 D CompatibilityChangeReporter: Compat change id reported: 168419799; UID 10067; state: DISABLED
10-19 02:07:31.446 1546 2102 I am_uid_active: 10067
10-19 02:07:31.460 1546 2102 I am_proc_bound: [0,2423,android.ext.services]
10-19 02:07:31.461 1546 2102 D CompatibilityChangeReporter: Compat change id reported: 168419799; UID 10098; state: DISABLED
10-19 02:07:31.461 1546 2102 I am_uid_active: 10098
10-19 02:07:31.483 0 0 I [ 9.831473] msm_vidc: high: 00000001: ....e: Opening video instance: 0000000000000000, 0
10-19 02:07:31.483 0 0 I [ 9.831539] msm_vidc: err : 00000001: ....e: Failed to create debugfs for msm_vidc
10-19 02:07:31.483 0 0 I [ 9.831611] msm_vidc: err : 00000001: ....e: msm_vidc_comm_update_ctrl: failed: control name Ltr Count, min 0, max 0, step 0, default_value 0
10-19 02:07:31.483 0 0 I [ 9.832071] bt_configure_gpios: BTON:Turn Bt Off bt-reset-gpio(1121) value(0)
10-19 02:07:31.485 0 0 I [ 9.832073] bt_configure_gpios: BTON:Turn Bt Off
10-19 02:07:31.485 0 0 I [ 9.832074] bt_configure_gpios: bt-sw-ctrl-gpio(1224) value(1)
10-19 02:07:31.485 0 0 I [ 9.832075] bt_enable_bt_reset_gpios_safely: bt_enable_bt_reset_gpios_safely: BTON:Turn Bt On
10-19 02:07:31.485 0 0 I [ 9.832077] bt_enable_bt_reset_gpios_safely: bt_enable_bt_reset_gpios_safely: wl-reset-gpio(1120) value(1)
10-19 02:07:31.485 0 0 I [ 9.832078] bt_enable_bt_reset_gpios_safely: bt_enable_bt_reset_gpios_safely: BTON: Asserting BT_EN
10-19 02:07:31.485 0 0 I [ 9.833473] binder: 2326:2326 ioctl 40046210 7fd6806de4 returned -22
10-19 02:07:31.491 0 0 I [ 9.839924] msm_vidc: high: 00000001: vp8e: Closed video instance: 0000000000000000
10-19 02:07:31.499 0 0 I [ 9.846194] input: Remote Mouse Controller as /devices/virtual/input/input4
10-19 02:07:31.502 0 0 I [ 9.850479] input: Remote Keyboard Controller as /devices/virtual/input/input5
10-19 02:07:31.507 1546 1546 W Looper : Slow dispatch took 110ms main h=android.app.ActivityThread$H c=android.app.LoadedApk$ReceiverDispatcher$Args$$ExternalSyntheticLambda0@d298815 m=0
10-19 02:07:31.507 1546 1546 I ConnectivityModuleConnector: Networking module service connected
10-19 02:07:31.510 2326 2326 W ContextImpl: Calling a method in the system process without a qualified user: android.app.ContextImpl.startService:1816 android.content.ContextWrapper.startService:774 com.thundercomm.tcservice.TCService.init:48 com.thundercomm.tcservice.TCService.onCreate:34 android.app.ActivityThread.handleCreateService:4488
10-19 02:07:31.515 1546 1546 D ConditionProviders.SCP: onSubscribe condition://android/schedule?days=1.2.3.4.5.6.7&start=22.0&end=7.0&exitAtAlarm=true
10-19 02:07:31.515 1546 1546 D ConditionProviders.SCP: setRegistered true
10-19 02:07:31.521 1546 1546 D ConditionProviders.SCP: evaluateSubscriptionLocked cal=ScheduleCalendar[mDays={1, 2, 3, 4, 5, 6, 7}, mSchedule=ScheduleInfo{days=[1, 2, 3, 4, 5, 6, 7], startHour=22, startMinute=0, endHour=7, endMinute=0, exitAtAlarm=true, nextAlarm=Thu Jan 01 08:00:00 GMT+08:00 1970 (0)}], now=Thu Oct 19 02:07:31 GMT+08:00 2023 (1697652451515), nextUserAlarmTime=Thu Jan 01 08:00:00 GMT+08:00 1970 (0)
10-19 02:07:31.521 1546 1546 D ConditionProviders.SCP: notifyCondition condition://android/schedule?days=1.2.3.4.5.6.7&start=22.0&end=7.0&exitAtAlarm=true STATE_TRUE reason=meetsSchedule
10-19 02:07:31.522 1546 1546 D ConditionProviders.SCP: Scheduling evaluate for Thu Oct 19 07:00:00 GMT+08:00 2023 (1697670000000), in +4h52m28s485ms, now=Thu Oct 19 02:07:31 GMT+08:00 2023 (1697652451515)
10-19 02:07:31.522 1546 1546 D CompatibilityChangeReporter: Compat change id reported: 171306433; UID 1000; state: ENABLED
10-19 02:07:31.523 1546 1546 I ConnectivityModuleConnector: Networking module service connected
10-19 02:07:31.534 1546 1837 W ActivityThread: Failed to find provider info for com.android.calendar (user not unlocked)
10-19 02:07:31.534 1546 1837 W ActivityThread: Failed to find provider info for com.android.calendar (user not unlocked)
10-19 02:07:31.537 1546 1546 W BluetoothManagerService: bindBluetoothProfileService:Trying to bind to profile: 1, while Bluetooth is disabled
10-19 02:07:31.540 0 0 I [ 9.888135] bt_configure_gpios: BTON:Turn Bt On bt-reset-gpio(1121) value(1)
10-19 02:07:31.540 0 0 I : [ 9.888135]
10-19 02:07:31.540 0 0 I [ 9.888139] bt_configure_gpios: BTON:Turn Bt On
10-19 02:07:31.540 0 0 I [ 9.888174] bt_configure_gpios: bt-sw-ctrl-gpio(1224) value(1)
10-19 02:07:31.540 0 0 I [ 9.888204] bt_configure_gpios: bt_gpio= 1121 on: 1 is successful
10-19 02:07:31.544 1546 2102 I am_uid_running: 10076
10-19 02:07:31.544 1546 2102 D CompatibilityChangeReporter: Compat change id reported: 135634846; UID 10076; state: DISABLED
10-19 02:07:31.544 1546 2102 D CompatibilityChangeReporter: Compat change id reported: 177438394; UID 10076; state: DISABLED
10-19 02:07:31.544 1546 2102 D CompatibilityChangeReporter: Compat change id reported: 135772972; UID 10076; state: DISABLED
10-19 02:07:31.544 1546 2102 D CompatibilityChangeReporter: Compat change id reported: 135754954; UID 10076; state: ENABLED
10-19 02:07:31.544 1546 1637 D CompatibilityChangeReporter: Compat change id reported: 143937733; UID 10076; state: ENABLED
10-19 02:07:31.561 1546 1637 I am_proc_start: [0,2557,10076,com.android.launcher3,service,{com.android.launcher3/com.android.quickstep.TouchInteractionService}]
10-19 02:07:31.561 1546 1637 I ActivityManager: Start proc 2557:com.android.launcher3/u0a76 for service {com.android.launcher3/com.android.quickstep.TouchInteractionService}
10-19 02:07:31.569 0 0 E [ 9.917117] bt_ioctl: unified Current SOC Version : 400a0200
10-19 02:07:31.569 1546 2542 I Telecom : BluetoothRouteManager: getBluetoothAudioConnectedDevice: no service available.
10-19 02:07:31.570 1546 1546 I Telecom : SystemStateHelper: Registering broadcast receiver: android.content.IntentFilter@1f2fc5a: TS.init@AAA
10-19 02:07:31.570 1546 1546 I Telecom : SystemStateHelper: Registering broadcast receiver: android.content.IntentFilter@4f50e8b: TS.init@AAA
10-19 02:07:31.573 0 0 I [ 9.921627] binder: 2380:2380 ioctl 40046210 7fd6806254 returned -22
10-19 02:07:31.587 2413 2413 I wm_on_create_called: [88232656,com.android.settings.FallbackHome,performCreate]
10-19 02:07:31.588 2413 2413 I wm_on_start_called: [88232656,com.android.settings.FallbackHome,handleStartActivity]
10-19 02:07:31.588 1546 2568 I Telecom : Logging.Events: Non-call EVENT: AUDIO_ROUTE, Entering state QuiescentEarpieceRoute
10-19 02:07:31.589 1546 2568 I Telecom : BluetoothRouteManager: getBluetoothAudioConnectedDevice: no service available.
10-19 02:07:31.589 2413 2413 I wm_on_resume_called: [88232656,com.android.settings.FallbackHome,RESUME_ACTIVITY]
10-19 02:07:31.600 0 0 I [ 9.948766] binder: 2557:2557 ioctl 40046210 7fd6808274 returned -22
10-19 02:07:31.607 2413 2413 I wm_on_top_resumed_gained_called: [88232656,com.android.settings.FallbackHome,topStateChangedWhenResumed]
10-19 02:07:31.610 1546 1579 I am_proc_bound: [0,2557,com.android.launcher3]
10-19 02:07:31.611 1546 1579 D CompatibilityChangeReporter: Compat change id reported: 168419799; UID 10076; state: DISABLED
10-19 02:07:31.614 1546 1579 I am_uid_active: 10076
10-19 02:07:31.619 1546 1623 D WindowManager: mTopFullscreenOpaqueOrDimmingWindowState.mAttrs.insetsFlags.appearance=0
10-19 02:07:31.625 1546 1623 I input_focus: [Focus request 6fcd779 com.android.settings/com.android.settings.FallbackHome,reason=UpdateInputWindows]
10-19 02:07:31.626 1546 2582 I Telecom : CallAudioModeStateMachine: Message received: null.: TS.init->CAMSM.pM_1@AAA
10-19 02:07:31.628 1546 1546 I Telecom : MissedCallNotifierImpl: reloadFromDatabase: Boot not yet complete -- call log db may not be available. Deferring loading until boot complete for user 0: TS.init@AAA
10-19 02:07:31.641 1889 2551 I sysui_multi_action: [757,213,758,4,759,-1]
10-19 02:07:31.643 0 0 I [ 9.988961] binder: 2413:2564 ioctl 40046210 6eab52f1f4 returned -22
10-19 02:07:31.648 1546 2566 I am_uid_running: 10085
10-19 02:07:31.649 1546 2566 D CompatibilityChangeReporter: Compat change id reported: 135634846; UID 10085; state: DISABLED
10-19 02:07:31.649 1546 2566 D CompatibilityChangeReporter: Compat change id reported: 177438394; UID 10085; state: DISABLED
10-19 02:07:31.649 1546 2566 D CompatibilityChangeReporter: Compat change id reported: 135772972; UID 10085; state: DISABLED
10-19 02:07:31.649 1546 2566 D CompatibilityChangeReporter: Compat change id reported: 135754954; UID 10085; state: ENABLED
10-19 02:07:31.649 1546 1637 D CompatibilityChangeReporter: Compat change id reported: 143937733; UID 10085; state: ENABLED
10-19 02:07:31.658 1546 1637 I am_proc_start: [0,2594,10085,com.qualcomm.qti.qccauthmgr,content provider,{com.qualcomm.qti.qccauthmgr/com.qualcomm.qti.qccauthmgr.providers.SMQContentProvider}]
10-19 02:07:31.658 1546 1637 I ActivityManager: Start proc 2594:com.qualcomm.qti.qccauthmgr/u0a85 for content provider {com.qualcomm.qti.qccauthmgr/com.qualcomm.qti.qccauthmgr.providers.SMQContentProvider}
10-19 02:07:31.662 1546 1622 I ActivityManagerTiming: FinishBooting
10-19 02:07:31.662 1546 1622 I boot_progress_enable_screen: 10010
10-19 02:07:31.664 1546 1622 I screen_toggled: 1
10-19 02:07:31.665 1546 1622 W KeyguardServiceDelegate: onScreenTurningOn(): no keyguard service!
10-19 02:07:31.675 0 0 I [ 10.023395] binder: 2594:2594 ioctl 40046210 7fd6808274 returned -22
10-19 02:07:31.676 1546 1546 D TelephonyRegistry: listen oscl: mHasNotifySubscriptionInfoChangedOccurred==false no callback
10-19 02:07:31.676 1546 1546 I Telecom : MissedCallNotifierImpl: reloadFromDatabase: Boot not yet complete -- call log db may not be available. Deferring loading until boot complete for user 0: TS.init@AAA
10-19 02:07:31.678 1546 1546 I Telecom : Class: TelecomSystem.INSTANCE being set
10-19 02:07:31.679 1546 1546 W Looper : Slow dispatch took 155ms main h=android.app.ActivityThread$H c=android.app.LoadedApk$ServiceDispatcher$RunConnection@14678d5 m=0
10-19 02:07:31.679 1546 1546 I AutofillManagerService: Updating for user 0: disabled=false
10-19 02:07:31.679 1546 2566 I am_proc_bound: [0,2594,com.qualcomm.qti.qccauthmgr]
10-19 02:07:31.680 1546 2566 D CompatibilityChangeReporter: Compat change id reported: 168419799; UID 10085; state: DISABLED
10-19 02:07:31.681 1546 2566 I am_uid_active: 10085
10-19 02:07:31.675 1546 1546 I auditd : type=1400 audit(0.0:93): avc: denied { getattr } for comm="Thread-20" path="/data/tlog/fatal/dropbox" dev="dm-10" ino=289 scontext=u:r:system_server:s0 tcontext=u:object_r:tlog_data_file:s0 tclass=dir permissive=0
10-19 02:07:31.682 1546 1546 D CompanionDeviceManagerService: Received BT state transition broadcast: OFF -> BLE_TURNING_ON
10-19 02:07:31.683 1546 2608 E DropBoxManagerService: Can't init
10-19 02:07:31.683 1546 2608 E DropBoxManagerService: java.io.IOException: Can't mkdir: /data/tlog/fatal/dropbox
10-19 02:07:31.683 1546 2608 E DropBoxManagerService: at com.android.server.DropBoxManagerService.init(DropBoxManagerService.java:1011)
10-19 02:07:31.683 1546 2608 E DropBoxManagerService: at com.android.server.DropBoxManagerService.access$100(DropBoxManagerService.java:86)
10-19 02:07:31.683 1546 2608 E DropBoxManagerService: at com.android.server.DropBoxManagerService$1$1.run(DropBoxManagerService.java:148)
10-19 02:07:31.684 1546 1546 I notification_enqueue: [10084,1889,com.android.systemui,1,empty_media,0,Notification(channel=empty_media_style_id shortcut=null contentView=null vibrate=null sound=null defaults=0x0 flags=0x20 color=0x00000000 category=transport groupKey=empty_media actions=5 vis=PRIVATE),0]
10-19 02:07:31.689 1546 1546 I notification_cancel_all: [1000,1546,com.android.systemui,0,0,0,20,NULL]
10-19 02:07:31.690 1546 1546 D TelephonyRegistry: notifyCellLocationForSubscriber: subId=2147483647 cellIdentity=null
10-19 02:07:31.687 1546 1546 I auditd : type=1400 audit(0.0:94): avc: denied { getattr } for comm="Thread-21" path="/data/tlog/fatal/dropbox" dev="dm-10" ino=289 scontext=u:r:system_server:s0 tcontext=u:object_r:tlog_data_file:s0 tclass=dir permissive=0
10-19 02:07:31.692 1546 2611 E DropBoxManagerService: Can't init
10-19 02:07:31.692 1546 2611 E DropBoxManagerService: java.io.IOException: Can't mkdir: /data/tlog/fatal/dropbox
10-19 02:07:31.692 1546 2611 E DropBoxManagerService: at com.android.server.DropBoxManagerService.init(DropBoxManagerService.java:1011)
10-19 02:07:31.692 1546 2611 E DropBoxManagerService: at com.android.server.DropBoxManagerService.access$100(DropBoxManagerService.java:86)
10-19 02:07:31.692 1546 2611 E DropBoxManagerService: at com.android.server.DropBoxManagerService$1$1.run(DropBoxManagerService.java:148)
10-19 02:07:31.693 1546 1546 I ExplicitHealthCheckController: Explicit health check service is connected ComponentInfo{android.ext.services/android.ext.services.watchdog.ExplicitHealthCheckServiceImpl}
10-19 02:07:31.694 1546 1546 I ExplicitHealthCheckController: Service initialized, syncing requests
10-19 02:07:31.694 1546 1546 I Telecom : WiredHeadsetManager: ACTION_HEADSET_PLUG event, plugged in: false, : WHC.oADA@AAE
10-19 02:07:31.695 1546 1546 V NotificationAssistants: 0 notification assistant service connected: ComponentInfo{android.ext.services/android.ext.services.notification.Assistant}
10-19 02:07:31.697 1546 1546 I sysui_multi_action: [757,1501,758,1,793,219,794,0,795,219,796,1,797,empty_media,806,com.android.systemui,857,empty_media_style_id,858,4,946,empty_media,947,0,1500,0,1641,transport,1745,1043716538]
10-19 02:07:31.698 1546 1546 I sysui_multi_action: [757,804,799,note_interruptive,801,0,802,1]
10-19 02:07:31.698 1546 1546 I GameModeConfig: isGameModeOn = false
10-19 02:07:31.706 1546 1546 W NotificationHistory: Attempted to add notif for locked/gone/disabled user 0
10-19 02:07:31.708 1546 1546 I GameModeConfig: isGameModeOn = false
10-19 02:07:31.709 1546 1546 I PackageWatchdog: Syncing health check requests for packages: {}
10-19 02:07:31.709 1546 1546 D ExplicitHealthCheckController: Getting health check supported packages
10-19 02:07:31.710 1546 1546 W Looper : Drained
10-19 02:07:31.707 1546 1546 I auditd : type=1400 audit(0.0:95): avc: denied { getattr } for comm="Thread-22" path="/data/tlog/fatal/dropbox" dev="dm-10" ino=289 scontext=u:r:system_server:s0 tcontext=u:object_r:tlog_data_file:s0 tclass=dir permissive=0
10-19 02:07:31.712 1889 1889 W CarrierConfigManager: Error getting config for subId -1 ICarrierConfigLoader is null
10-19 02:07:31.713 1546 2614 E DropBoxManagerService: Can't init
10-19 02:07:31.713 1546 2614 E DropBoxManagerService: java.io.IOException: Can't mkdir: /data/tlog/fatal/dropbox
10-19 02:07:31.713 1546 2614 E DropBoxManagerService: at com.android.server.DropBoxManagerService.init(DropBoxManagerService.java:1011)
10-19 02:07:31.713 1546 2614 E DropBoxManagerService: at com.android.server.DropBoxManagerService.access$100(DropBoxManagerService.java:86)
10-19 02:07:31.713 1546 2614 E DropBoxManagerService: at com.android.server.DropBoxManagerService$1$1.run(DropBoxManagerService.java:148)
10-19 02:07:31.713 1546 2100 I ExplicitHealthCheckController: Explicit health check supported packages [PackageConfig{com.android.networkstack, 86400000}]
10-19 02:07:31.713 1546 2100 D PackageWatchdog: Received supported packages [PackageConfig{com.android.networkstack, 86400000}]
10-19 02:07:31.713 1546 2100 D ExplicitHealthCheckController: Getting health check requested packages
10-19 02:07:31.723 1546 1578 I ExplicitHealthCheckController: Explicit health check requested packages []
10-19 02:07:31.724 1546 1578 I ExplicitHealthCheckController: No more health check requests, unbinding...
10-19 02:07:31.726 1546 1578 I ExplicitHealthCheckController: Explicit health check service is unbound
10-19 02:07:31.741 1546 1578 D TelephonyRegistry: listen oscl: mHasNotifySubscriptionInfoChangedOccurred==false no callback
10-19 02:07:31.760 1173 1173 I iorapd : iorapd (the prefetchening) readied up
10-19 02:07:31.803 1546 1812 I StatusBarManagerService: registerStatusBar bar=com.android.internal.statusbar.IStatusBar$Stub$Proxy@f0b7547
10-19 02:07:31.811 0 0 I [ 10.159053] binder: 1889:2554 ioctl 40046210 6e3b1c6124 returned -22
10-19 02:07:31.912 1546 1789 I commit_sys_config_file: [settings-0-0,2]
10-19 02:07:31.944 1546 1621 I commit_sys_config_file: [notification-policy,1310]
10-19 02:07:32.014 0 0 D [ 10.361514] cnss: Received QMI WLFW pin connect result indication
10-19 02:07:32.014 0 0 D [ 10.361517] cnss: Pin connect Result: pwr_pin: 0x0 phy_io_pin: 0x0 rf_io_pin: 0x2b
10-19 02:07:32.014 0 0 D [ 10.361519] cnss: Received QMI WLFW calibration done indication
10-19 02:07:32.014 0 0 D [ 10.361521] cnss: Posting event: COLD_BOOT_CAL_DONE(6), state: 0xf flags: 0x0
10-19 02:07:32.014 0 0 D [ 10.361523] cnss: PM stay awake, state: 0xf, count: 1
10-19 02:07:32.014 0 0 D [ 10.361532] cnss: PM relax, state: 0xf, count: 0
10-19 02:07:32.014 0 0 D [ 10.361535] cnss: PM stay awake, state: 0xf, count: 1
10-19 02:07:32.014 0 0 D [ 10.361536] cnss: Processing driver event: COLD_BOOT_CAL_DONE(6), state: 0xf
10-19 02:07:32.014 0 0 D [ 10.361537] cnss: Calibration completed successfully
10-19 02:07:32.014 0 0 D [ 10.361539] cnss: Received QMI WLFW FW ready indication
10-19 02:07:32.014 0 0 D [ 10.361541] cnss: Sending mode message, mode: OFF(4), state: 0xf
10-19 02:07:32.014 0 0 D [ 10.361543] cnss: Posting event: COLD_BOOT_CAL_DONE(6), state: 0xf flags: 0x0
10-19 02:07:32.017 0 0 D [ 10.364979] cnss: Skip driver remove
10-19 02:07:32.017 0 0 D [ 10.365003] cnss: Read register offset 0x1f8031c, val = 0x2
10-19 02:07:32.017 0 0 D [ 10.365007] cnss: Write val 0x3 to register offset 0x1f8031c
10-19 02:07:32.017 0 0 D [ 10.365175] cnss: WLFW server exiting
10-19 02:07:32.017 0 0 D [ 10.365178] cnss: Posting event: SERVER_EXIT(1), state: 0x2000f flags: 0x0
10-19 02:07:32.019 0 0 D [ 10.367696] cnss: Setting MHI state: POWER_OFF(4)
10-19 02:07:32.036 0 0 D [ 10.384227] cnss: Suspending PCI link
10-19 02:07:32.043 0 0 I [ 10.390714] msm_pcie_disable: PCIe: Assert the reset of endpoint of RC0.
10-19 02:07:32.043 0 0 D [ 10.390887] cnss: Setting MHI state: DEINIT(1)
10-19 02:07:32.043 0 0 D [ 10.390916] cnss: De-assert WLAN_EN GPIO successfully
10-19 02:07:32.043 0 0 D [ 10.390917] cnss: Regulator vdd-wlan-rfa2 is being disabled
10-19 02:07:32.043 0 0 D [ 10.390920] cnss: Regulator vdd-wlan-rfa1 is being disabled
10-19 02:07:32.043 0 0 D [ 10.390922] cnss: Regulator vdd-wlan-dig is being disabled
10-19 02:07:32.043 0 0 D [ 10.390924] cnss: Regulator vdd-wlan-aon is being disabled
10-19 02:07:32.043 0 0 D [ 10.390926] cnss: Regulator wlan-ant-switch is being disabled
10-19 02:07:32.043 0 0 D [ 10.390940] cnss: Regulator vdd-wlan-io is being disabled
10-19 02:07:32.057 1889 2499 W ActivityThread: Failed to find provider info for com.android.contacts (user not unlocked)
10-19 02:07:32.096 0 0 D [ 10.444051] cnss: Processing driver event: COLD_BOOT_CAL_DONE(6), state: 0x20001
10-19 02:07:32.096 0 0 D [ 10.444055] cnss: Processing driver event: SERVER_EXIT(1), state: 0x20001
10-19 02:07:32.096 0 0 I [ 10.444057] cnss: QMI WLFW service disconnected, state: 0x20000
10-19 02:07:32.096 0 0 D [ 10.444066] cnss: Posting event: REGISTER_DRIVER(7)-sync, state: 0x20000 flags: 0x5
10-19 02:07:32.096 0 0 D [ 10.444108] cnss: Processing driver event: REGISTER_DRIVER-sync(7), state: 0x0
10-19 02:07:32.096 0 0 D [ 10.444111] cnss: Regulator vdd-wlan-io is being enabled
10-19 02:07:32.096 0 0 D [ 10.444113] cnss: Regulator wlan-ant-switch is being enabled
10-19 02:07:32.098 0 0 D [ 10.444520] cnss: Regulator vdd-wlan-aon is being enabled
10-19 02:07:32.098 0 0 D [ 10.444525] cnss: Regulator vdd-wlan-dig is being enabled
10-19 02:07:32.098 0 0 D [ 10.444528] cnss: Regulator vdd-wlan-rfa1 is being enabled
10-19 02:07:32.098 0 0 D [ 10.444530] cnss: Regulator vdd-wlan-rfa2 is being enabled
10-19 02:07:32.098 0 0 D [ 10.444537] cnss: BT_EN_GPIO State: On
10-19 02:07:32.098 0 0 D [ 10.445547] cnss: Assert WLAN_EN GPIO successfully
10-19 02:07:32.098 0 0 D [ 10.445549] cnss: Resuming PCI link
10-19 02:07:32.098 0 0 I [ 10.445573] msm_pcie_enable: PCIe: Assert the reset of endpoint of RC0.
10-19 02:07:32.100 0 0 I [ 10.448849] msm_pcie_enable: PCIe: RC0: PCIE20_PARF_INT_ALL_MASK: 0x7f80d202
10-19 02:07:32.103 0 0 I [ 10.451495] pcie_phy_init: PCIe RC0 PHY is ready!
10-19 02:07:32.104 1546 1762 D FreeFormWindowHelper: handleFreeformTask : Task{63838d8 #1 type=home ?? U=0 visible=true mode=fullscreen translucent=false sz=1 visible freeform task=true rootAffinity=null isMini=false}
10-19 02:07:32.104 1546 1762 D FreeFormWindowHelper: mFreeFormTask : null
10-19 02:07:32.104 1546 1762 D FreeFormWindowHelper: mInRecent : false
10-19 02:07:32.104 1546 1762 D FreeFormWindowHelper:
10-19 02:07:32.113 0 0 I [ 10.461528] msm_pcie_enable: PCIe: Release the reset of endpoint of RC0.
10-19 02:07:32.131 0 0 I [ 10.477939] msm_pcie_link_train: PCIe RC0 link initialized
10-19 02:07:32.147 0 0 I : [ 10.492049] cnss_pci 0000:01:00.0: enabling device (0000 -> 0002)
10-19 02:07:32.147 0 0 D [ 10.492239] cnss: Config PCIe remap window register to 0x4000003f
10-19 02:07:32.147 0 0 D [ 10.492252] cnss: Read register offset 0x1f8031c, val = 0x6
10-19 02:07:32.147 0 0 D [ 10.492257] cnss: Write val 0x2 to register offset 0x1f8031c
10-19 02:07:32.147 0 0 D [ 10.492259] cnss: Setting MHI state: INIT(0)
10-19 02:07:32.147 0 0 D [ 10.492303] cnss: Setting MHI state: POWER_ON(2)
10-19 02:07:32.147 0 0 W : [ 10.492465] cnss_pci 0000:01:00.0: Falling back to syfs fallback for: qca6390/amss20.bin
10-19 02:07:32.147 0 0 I [ 10.493980] ueventd: firmware: loading 'qca6390/amss20.bin' for '/devices/platform/soc/1c00000.qcom,pcie/pci0000:00/0000:00:00.0/0000:01:00.0/firmware/qca6390!amss20.bin'
10-19 02:07:32.151 0 0 I [ 10.496372] ueventd: loading /devices/platform/soc/1c00000.qcom,pcie/pci0000:00/0000:00:00.0/0000:01:00.0/firmware/qca6390!amss20.bin took 2ms
10-19 02:07:32.157 1889 2552 W ActivityThread: Failed to find provider info for com.android.contacts (user not unlocked)
10-19 02:07:32.175 1889 2552 W ActivityThread: Failed to find provider info for com.android.contacts (user not unlocked)
10-19 02:07:32.185 1889 2552 W ActivityThread: Failed to find provider info for com.android.contacts (user not unlocked)
10-19 02:07:32.404 0 0 I : [ 10.752574] msm-dwc3 a600000.ssusb: DWC3 in low power mode
10-19 02:07:32.439 0 0 I : [ 10.784368] msm-dwc3 a800000.ssusb: DWC3 in low power mode
10-19 02:07:32.452 1546 1622 I wm_boot_animation_done: 10800
10-19 02:07:32.452 1546 1622 I ActivityManagerTiming: FinishBooting
10-19 02:07:32.453 1546 1622 I ActivityManager: About to commit checkpoint
10-19 02:07:32.453 1546 1622 W ActivityManager: FinishBooting sync begin
10-19 02:07:32.451 1546 1546 I auditd : type=1400 audit(0.0:96): avc: denied { getattr } for comm="ActivityManager" path="/data/tlog/fatal/dropbox" dev="dm-10" ino=289 scontext=u:r:system_server:s0 tcontext=u:object_r:tlog_data_file:s0 tclass=dir permissive=0
10-19 02:07:32.455 1546 1622 W ActivityManager: FinishBooting sync end
10-19 02:07:32.455 1546 1622 I SystemServiceManager: Starting phase 1000
10-19 02:07:32.455 1546 1622 I ActivityManagerTiming: OnBootPhase_1000
10-19 02:07:32.455 1546 1622 I ActivityManagerTiming: OnBootPhase_1000_com.android.server.security.FileIntegrityService
10-19 02:07:32.455 1546 1622 I ActivityManagerTiming: OnBootPhase_1000_com.android.server.pm.Installer
10-19 02:07:32.455 1546 1622 I ActivityManagerTiming: OnBootPhase_1000_com.android.server.os.DeviceIdentifiersPolicyService
10-19 02:07:32.455 1546 1622 I ActivityManagerTiming: OnBootPhase_1000_com.android.server.uri.UriGrantsManagerService$Lifecycle
10-19 02:07:32.455 1546 1622 I ActivityManagerTiming: OnBootPhase_1000_com.android.server.powerstats.PowerStatsService
10-19 02:07:32.455 1546 1622 E PowerStatsService: Failed to start PowerStatsService loggers
10-19 02:07:32.455 1546 1622 I ActivityManagerTiming: OnBootPhase_1000_com.android.server.wm.ActivityTaskManagerService$Lifecycle
10-19 02:07:32.455 1546 1622 I ActivityManagerTiming: OnBootPhase_1000_com.android.server.am.ActivityManagerService$Lifecycle
10-19 02:07:32.455 1546 1622 I ActivityManagerTiming: OnBootPhase_1000_com.android.server.pm.DataLoaderManagerService
10-19 02:07:32.455 1546 1622 I ActivityManagerTiming: OnBootPhase_1000_com.android.server.power.PowerManagerService
10-19 02:07:32.455 1546 1622 D PowerManagerService: userActivityNoUpdateLocked: groupId=0, eventTime=10803, event=0, flags=0x0, uid=1000
10-19 02:07:32.455 1546 1622 D PowerManagerNotifier: onUserActivity: event=0, uid=1000
10-19 02:07:32.455 1546 1622 D PowerManagerService: updateUserActivitySummaryLocked: groupId=0, mWakefulness=Awake, mUserActivitySummary=0x1, nextTimeout=70803 (in 60000 ms)
10-19 02:07:32.455 1546 1622 D PowerManagerNotifier: onScreenPolicyUpdate: newPolicy=3
10-19 02:07:32.455 1546 1622 D PowerManagerService: updateDisplayPowerStateLocked: displayReady=false, groupId=0, policy=BRIGHT, mWakefulness=Awake, mWakeLockSummary=0x0, mUserActivitySummary=0x1, mBootCompleted=true, screenBrightnessOverride=NaN, useAutoBrightness=true, mScreenBrightnessBoostInProgress=false, mIsVrModeEnabled= false, sQuiescent=false
10-19 02:07:32.455 1546 1622 I ActivityManagerTiming: OnBootPhase_1000_com.android.server.power.ThermalManagerService
10-19 02:07:32.455 1546 1622 I ActivityManagerTiming: OnBootPhase_1000_com.android.server.power.hint.HintManagerService
10-19 02:07:32.455 1546 1622 I ActivityManagerTiming: OnBootPhase_1000_com.android.server.recoverysystem.RecoverySystemService$Lifecycle
10-19 02:07:32.455 1546 1622 I ActivityManagerTiming: OnBootPhase_1000_com.android.server.lights.LightsService
10-19 02:07:32.455 1546 1622 I ActivityManagerTiming: OnBootPhase_1000_com.android.server.display.DisplayManagerService
10-19 02:07:32.456 1546 1674 V DisplayPowerController[0]: Brightness [0.3939394] reason changing to: 'manual', previous reason: 'override'.
10-19 02:07:32.456 1546 1674 D PowerManagerNotifier: onScreenPolicyUpdate: newPolicy=3
10-19 02:07:32.456 1546 1674 D PowerManagerService: updateDisplayPowerStateLocked: displayReady=true, groupId=0, policy=BRIGHT, mWakefulness=Awake, mWakeLockSummary=0x0, mUserActivitySummary=0x1, mBootCompleted=true, screenBrightnessOverride=NaN, useAutoBrightness=true, mScreenBrightnessBoostInProgress=false, mIsVrModeEnabled= false, sQuiescent=false
10-19 02:07:32.456 1546 1883 E DisplayDeviceConfig: requesting nits when no mapping exists.
10-19 02:07:32.456 1546 1883 E DisplayDeviceConfig: requesting nits when no mapping exists.
10-19 02:07:32.456 1546 1636 I am_wtf : [0,1546,system_server,-1,DisplayDeviceConfig,requesting nits when no mapping exists.]
10-19 02:07:32.456 1546 1636 I DropBoxManagerService: add tag=system_server_wtf isTagEnabled=true flags=0x2
10-19 02:07:32.457 1546 1636 E DropBoxManagerService: Can't write: system_server_wtf
10-19 02:07:32.457 1546 1636 E DropBoxManagerService: java.io.IOException: Can't mkdir: /data/tlog/fatal/dropbox
10-19 02:07:32.457 1546 1636 E DropBoxManagerService: at com.android.server.DropBoxManagerService.init(DropBoxManagerService.java:1011)
10-19 02:07:32.457 1546 1636 E DropBoxManagerService: at com.android.server.DropBoxManagerService.addEntry(DropBoxManagerService.java:470)
10-19 02:07:32.457 1546 1636 E DropBoxManagerService: at com.android.server.DropBoxManagerService.addEntry(DropBoxManagerService.java:421)
10-19 02:07:32.457 1546 1636 E DropBoxManagerService: at com.android.server.DropBoxManagerService.addData(DropBoxManagerService.java:392)
