01-01 08:00:10.780 1546 1546 W android.permission.PermissionManager: Missing ActivityManager; assuming 1000 holds android.permission.SET_PREFERRED_APPLICATIONS
01-01 08:00:10.780 1546 1546 W android.permission.PermissionManager: Missing ActivityManager; assuming 1000 holds android.permission.SET_PREFERRED_APPLICATIONS
01-01 08:00:10.780 1546 1546 W android.permission.PermissionManager: Missing ActivityManager; assuming 1000 holds android.permission.SET_PREFERRED_APPLICATIONS
01-01 08:00:10.780 1546 1546 W android.permission.PermissionManager: Missing ActivityManager; assuming 1000 holds android.permission.SET_PREFERRED_APPLICATIONS
01-01 08:00:10.780 1546 1546 W android.permission.PermissionManager: Missing ActivityManager; assuming 1000 holds android.permission.SET_PREFERRED_APPLICATIONS
01-01 08:00:10.780 1546 1546 W android.permission.PermissionManager: Missing ActivityManager; assuming 1000 holds android.permission.SET_PREFERRED_APPLICATIONS
01-01 08:00:10.780 1546 1546 W android.permission.PermissionManager: Missing ActivityManager; assuming 1000 holds android.permission.SET_PREFERRED_APPLICATIONS
01-01 08:00:10.780 1546 1546 W android.permission.PermissionManager: Missing ActivityManager; assuming 1000 holds android.permission.SET_PREFERRED_APPLICATIONS
01-01 08:00:10.780 1546 1546 W android.permission.PermissionManager: Missing ActivityManager; assuming 1000 holds android.permission.SET_PREFERRED_APPLICATIONS
01-01 08:00:10.780 1546 1546 W android.permission.PermissionManager: Missing ActivityManager; assuming 1000 holds android.permission.SET_PREFERRED_APPLICATIONS
01-01 08:00:10.780 1546 1546 W android.permission.PermissionManager: Missing ActivityManager; assuming 1000 holds android.permission.SET_PREFERRED_APPLICATIONS
01-01 08:00:10.781 1546 1546 W android.permission.PermissionManager: Missing ActivityManager; assuming 1000 holds android.permission.SET_PREFERRED_APPLICATIONS
01-01 08:00:10.781 1546 1546 W android.permission.PermissionManager: Missing ActivityManager; assuming 1000 holds android.permission.SET_PREFERRED_APPLICATIONS
01-01 08:00:10.781 1546 1546 W android.permission.PermissionManager: Missing ActivityManager; assuming 1000 holds android.permission.SET_PREFERRED_APPLICATIONS
01-01 08:00:10.781 1546 1546 W android.permission.PermissionManager: Missing ActivityManager; assuming 1000 holds android.permission.SET_PREFERRED_APPLICATIONS
01-01 08:00:10.781 1546 1546 W android.permission.PermissionManager: Missing ActivityManager; assuming 1000 holds android.permission.SET_PREFERRED_APPLICATIONS
01-01 08:00:10.781 1546 1546 W android.permission.PermissionManager: Missing ActivityManager; assuming 1000 holds android.permission.SET_PREFERRED_APPLICATIONS
01-01 08:00:10.781 1546 1546 W android.permission.PermissionManager: Missing ActivityManager; assuming 1000 holds android.permission.SET_PREFERRED_APPLICATIONS
01-01 08:00:10.781 1546 1546 W android.permission.PermissionManager: Missing ActivityManager; assuming 1000 holds android.permission.SET_PREFERRED_APPLICATIONS
01-01 08:00:10.781 1546 1546 W android.permission.PermissionManager: Missing ActivityManager; assuming 1000 holds android.permission.SET_PREFERRED_APPLICATIONS
01-01 08:00:10.781 1546 1546 W android.permission.PermissionManager: Missing ActivityManager; assuming 1000 holds android.permission.SET_PREFERRED_APPLICATIONS
01-01 08:00:10.781 1546 1546 W android.permission.PermissionManager: Missing ActivityManager; assuming 1000 holds android.permission.SET_PREFERRED_APPLICATIONS
01-01 08:00:10.781 1546 1546 W android.permission.PermissionManager: Missing ActivityManager; assuming 1000 holds android.permission.SET_PREFERRED_APPLICATIONS
01-01 08:00:10.781 1546 1546 W android.permission.PermissionManager: Missing ActivityManager; assuming 1000 holds android.permission.SET_PREFERRED_APPLICATIONS
01-01 08:00:10.782 1546 1546 W android.permission.PermissionManager: Missing ActivityManager; assuming 1000 holds android.permission.SET_PREFERRED_APPLICATIONS
01-01 08:00:10.782 1546 1546 W android.permission.PermissionManager: Missing ActivityManager; assuming 1000 holds android.permission.SET_PREFERRED_APPLICATIONS
01-01 08:00:10.782 1546 1546 W android.permission.PermissionManager: Missing ActivityManager; assuming 1000 holds android.permission.SET_PREFERRED_APPLICATIONS
01-01 08:00:10.782 1546 1546 W android.permission.PermissionManager: Missing ActivityManager; assuming 1000 holds android.permission.SET_PREFERRED_APPLICATIONS
01-01 08:00:10.782 1546 1546 W android.permission.PermissionManager: Missing ActivityManager; assuming 1000 holds android.permission.SET_PREFERRED_APPLICATIONS
01-01 08:00:10.782 1546 1546 W android.permission.PermissionManager: Missing ActivityManager; assuming 1000 holds android.permission.SET_PREFERRED_APPLICATIONS
01-01 08:00:10.782 1546 1546 W android.permission.PermissionManager: Missing ActivityManager; assuming 1000 holds android.permission.SET_PREFERRED_APPLICATIONS
01-01 08:00:10.782 1546 1546 W android.permission.PermissionManager: Missing ActivityManager; assuming 1000 holds android.permission.SET_PREFERRED_APPLICATIONS
01-01 08:00:10.782 1546 1546 W android.permission.PermissionManager: Missing ActivityManager; assuming 1000 holds android.permission.SET_PREFERRED_APPLICATIONS
01-01 08:00:10.782 1546 1546 W android.permission.PermissionManager: Missing ActivityManager; assuming 1000 holds android.permission.SET_PREFERRED_APPLICATIONS
01-01 08:00:10.782 1546 1546 W android.permission.PermissionManager: Missing ActivityManager; assuming 1000 holds android.permission.SET_PREFERRED_APPLICATIONS
01-01 08:00:10.782 1546 1546 W android.permission.PermissionManager: Missing ActivityManager; assuming 1000 holds android.permission.SET_PREFERRED_APPLICATIONS
01-01 08:00:10.783 1546 1546 W android.permission.PermissionManager: Missing ActivityManager; assuming 1000 holds android.permission.SET_PREFERRED_APPLICATIONS
01-01 08:00:10.783 1546 1546 W android.permission.PermissionManager: Missing ActivityManager; assuming 1000 holds android.permission.SET_PREFERRED_APPLICATIONS
01-01 08:00:10.783 1546 1546 W android.permission.PermissionManager: Missing ActivityManager; assuming 1000 holds android.permission.SET_PREFERRED_APPLICATIONS
01-01 08:00:10.783 1546 1546 W android.permission.PermissionManager: Missing ActivityManager; assuming 1000 holds android.permission.SET_PREFERRED_APPLICATIONS
01-01 08:00:10.783 1546 1546 W android.permission.PermissionManager: Missing ActivityManager; assuming 1000 holds android.permission.SET_PREFERRED_APPLICATIONS
01-01 08:00:10.783 1546 1546 W android.permission.PermissionManager: Missing ActivityManager; assuming 1000 holds android.permission.SET_PREFERRED_APPLICATIONS
01-01 08:00:10.783 1546 1546 W android.permission.PermissionManager: Missing ActivityManager; assuming 1000 holds android.permission.SET_PREFERRED_APPLICATIONS
01-01 08:00:10.783 1546 1546 W android.permission.PermissionManager: Missing ActivityManager; assuming 1000 holds android.permission.SET_PREFERRED_APPLICATIONS
01-01 08:00:10.783 1546 1546 W android.permission.PermissionManager: Missing ActivityManager; assuming 1000 holds android.permission.SET_PREFERRED_APPLICATIONS
01-01 08:00:10.783 1546 1546 W android.permission.PermissionManager: Missing ActivityManager; assuming 1000 holds android.permission.SET_PREFERRED_APPLICATIONS
01-01 08:00:10.783 1546 1546 W android.permission.PermissionManager: Missing ActivityManager; assuming 1000 holds android.permission.SET_PREFERRED_APPLICATIONS
01-01 08:00:10.783 1546 1546 W android.permission.PermissionManager: Missing ActivityManager; assuming 1000 holds android.permission.SET_PREFERRED_APPLICATIONS
01-01 08:00:10.783 1546 1546 W android.permission.PermissionManager: Missing ActivityManager; assuming 1000 holds android.permission.SET_PREFERRED_APPLICATIONS
01-01 08:00:10.784 1546 1546 W android.permission.PermissionManager: Missing ActivityManager; assuming 1000 holds android.permission.SET_PREFERRED_APPLICATIONS
01-01 08:00:10.784 1546 1546 W android.permission.PermissionManager: Missing ActivityManager; assuming 1000 holds android.permission.SET_PREFERRED_APPLICATIONS
01-01 08:00:10.784 1546 1546 W android.permission.PermissionManager: Missing ActivityManager; assuming 1000 holds android.permission.SET_PREFERRED_APPLICATIONS
01-01 08:00:10.784 1546 1546 W android.permission.PermissionManager: Missing ActivityManager; assuming 1000 holds android.permission.SET_PREFERRED_APPLICATIONS
01-01 08:00:10.784 1546 1546 W android.permission.PermissionManager: Missing ActivityManager; assuming 1000 holds android.permission.SET_PREFERRED_APPLICATIONS
01-01 08:00:10.784 1546 1546 W android.permission.PermissionManager: Missing ActivityManager; assuming 1000 holds android.permission.SET_PREFERRED_APPLICATIONS
01-01 08:00:10.784 1546 1546 W android.permission.PermissionManager: Missing ActivityManager; assuming 1000 holds android.permission.SET_PREFERRED_APPLICATIONS
01-01 08:00:10.784 1546 1546 W android.permission.PermissionManager: Missing ActivityManager; assuming 1000 holds android.permission.SET_PREFERRED_APPLICATIONS
01-01 08:00:10.784 1546 1546 W android.permission.PermissionManager: Missing ActivityManager; assuming 1000 holds android.permission.SET_PREFERRED_APPLICATIONS
01-01 08:00:10.784 1546 1546 W android.permission.PermissionManager: Missing ActivityManager; assuming 1000 holds android.permission.SET_PREFERRED_APPLICATIONS
01-01 08:00:10.784 1546 1546 W android.permission.PermissionManager: Missing ActivityManager; assuming 1000 holds android.permission.SET_PREFERRED_APPLICATIONS
01-01 08:00:10.784 1546 1546 W android.permission.PermissionManager: Missing ActivityManager; assuming 1000 holds android.permission.SET_PREFERRED_APPLICATIONS
01-01 08:00:10.785 1546 1546 W android.permission.PermissionManager: Missing ActivityManager; assuming 1000 holds android.permission.SET_PREFERRED_APPLICATIONS
01-01 08:00:10.785 1546 1546 W android.permission.PermissionManager: Missing ActivityManager; assuming 1000 holds android.permission.SET_PREFERRED_APPLICATIONS
01-01 08:00:10.785 1546 1546 W android.permission.PermissionManager: Missing ActivityManager; assuming 1000 holds android.permission.SET_PREFERRED_APPLICATIONS
01-01 08:00:10.785 1546 1546 W android.permission.PermissionManager: Missing ActivityManager; assuming 1000 holds android.permission.SET_PREFERRED_APPLICATIONS
01-01 08:00:10.789 1546 1546 W PackageSettings: Missing permission state for package: android.frameworkres.overlay
01-01 08:00:10.789 1546 1546 W PackageSettings: Missing permission state for package: com.android.cts.priv.ctsshim
01-01 08:00:10.789 1546 1546 W PackageSettings: Missing permission state for package: com.thundercomm.gamemode.provider
01-01 08:00:10.789 1546 1546 W PackageSettings: Missing permission state for package: com.thundercomm.gamecenter
01-01 08:00:10.789 1546 1546 W PackageSettings: Missing permission state for package: com.android.internal.systemui.navbar.gestural_wide_back
01-01 08:00:10.789 1546 1546 W PackageSettings: Missing permission state for package: com.qualcomm.qti.gpudrivers.kona.api30
01-01 08:00:10.789 1546 1546 W PackageSettings: Missing permission state for package: com.android.htmlviewer
01-01 08:00:10.789 1546 1546 W PackageSettings: Missing permission state for package: com.android.internal.systemui.onehanded.gestural
01-01 08:00:10.789 1546 1546 W PackageSettings: Missing permission state for package: android.qvaoverlay.common
01-01 08:00:10.790 1546 1546 W PackageSettings: Missing permission state for package: android.overlay.common
01-01 08:00:10.790 1546 1546 W PackageSettings: Missing permission state for package: com.android.connectivity.resources
01-01 08:00:10.790 1546 1546 W PackageSettings: Missing permission state for package: com.android.modulemetadata
01-01 08:00:10.790 1546 1546 W PackageSettings: Missing permission state for package: android.overlay.target
01-01 08:00:10.790 1546 1546 W PackageSettings: Missing permission state for package: com.android.internal.systemui.navbar.gestural_extra_wide_back
01-01 08:00:10.790 1546 1546 W PackageSettings: Missing permission state for package: com.android.wifi.resources.overlay.common
01-01 08:00:10.790 1546 1546 W PackageSettings: Missing permission state for package: com.android.dreams.basic
01-01 08:00:10.790 1546 1546 W PackageSettings: Missing permission state for package: com.android.settings.overlay.common
01-01 08:00:10.790 1546 1546 W PackageSettings: Missing permission state for package: android.ext.shared
01-01 08:00:10.790 1546 1546 W PackageSettings: Missing permission state for package: com.android.wifi.resources.overlay.target
01-01 08:00:10.790 1546 1546 W PackageSettings: Missing permission state for package: com.android.wifi.resources
01-01 08:00:10.790 1546 1546 W PackageSettings: Missing permission state for package: com.android.systemui.overlay.common
01-01 08:00:10.790 1546 1546 W PackageSettings: Missing permission state for package: com.android.cameraextensions
01-01 08:00:10.790 1546 1546 W PackageSettings: Missing permission state for package: com.android.theme.font.notoserifsource
01-01 08:00:10.790 1546 1546 W PackageSettings: Missing permission state for package: com.android.internal.display.cutout.emulation.waterfall
01-01 08:00:10.790 1546 1546 W PackageSettings: Missing permission state for package: com.android.providers.settings.overlay
01-01 08:00:10.790 1546 1546 W PackageSettings: Missing permission state for package: com.android.bookmarkprovider
01-01 08:00:10.790 1546 1546 W PackageSettings: Missing permission state for package: com.android.cts.ctsshim
01-01 08:00:10.791 1546 1546 W PackageSettings: Missing permission state for package: com.qualcomm.qti.xrcb
01-01 08:00:10.791 1546 1546 W PackageSettings: Missing permission state for package: com.android.internal.systemui.navbar.gestural
01-01 08:00:10.791 1546 1546 W PackageSettings: Missing permission state for package: com.android.internal.systemui.navbar.gestural_narrow_back
01-01 08:00:10.791 1546 1546 W PackageSettings: Missing permission state for package: com.android.cellbroadcastreceiver.overlay.common
01-01 08:00:10.791 1546 1546 W PackageSettings: Missing permission state for shared user: android.uid.log
01-01 08:00:10.791 1546 1546 W PackageSettings: Missing permission state for shared user: android.uid.uwb
01-01 08:00:10.806 1546 1546 I boot_progress_pms_system_scan_start: 7822
01-01 08:00:10.806 1546 1546 D PackageManager: Keeping known cache 8a72e7eafd903794d144ce8e60c7bec8bffdc6be
01-01 08:00:10.809 1546 1546 D CompatibilityChangeReporter: Compat change id reported: 143539591; UID -1; state: ENABLED
01-01 08:00:10.814 1546 1546 D CompatibilityChangeReporter: Compat change id reported: 143539591; UID -1; state: DISABLED
01-01 08:00:10.814 1546 1546 D CompatibilityChangeReporter: Compat change id reported: 168782947; UID -1; state: ENABLED
01-01 08:00:10.815 1546 1546 W PackageManager: Failed to parse /system/framework/oat: Missing base APK in /system/framework/oat
01-01 08:00:10.815 1546 1546 W PackageManager: Failed to parse /system/framework/arm64: Missing base APK in /system/framework/arm64
01-01 08:00:10.815 1546 1546 W PackageManager: Failed to parse /system/framework/arm: Missing base APK in /system/framework/arm
01-01 08:00:10.826 0 0 E : [ 7.841528] swr-wcd tx_swr_ctrl: swrm_runtime_suspend: clk stop mode not supported or SSR entry
01-01 08:00:10.826 1546 1546 D CompatibilityChangeReporter: Compat change id reported: 168782947; UID -1; state: DISABLED
01-01 08:00:10.839 1546 1546 W PackageManager: Skipping provider name com.lizhi.smartlife.lzbk.car.com.lizhifm.sp (in package com.lizhi.smartlife.lzbk.car): name already used by com.lizhi.smartlife.lzbk.car
01-01 08:00:10.845 1546 1546 W PackageManager: Skipping provider name com.netease.allstar.fileprovider (in package com.netease.allstar): name already used by com.netease.allstar
01-01 08:00:10.863 1546 1546 W PackageManager: Failed to parse /vendor/app/CneApp: Missing base APK in /vendor/app/CneApp/lib/arm64
01-01 08:00:10.879 1546 1546 I PackageManager: /system_ext/priv-app/Settings changed; collecting certs
01-01 08:00:10.901 1546 1546 W PackageManager: Skipping provider name com.android.permissioncontroller (in package com.android.permissioncontroller): name already used by com.android.settings
01-01 08:00:10.901 1546 1546 W PackageManager: Skipping provider name com.android.permissioncontroller.role (in package com.android.permissioncontroller): name already used by com.android.settings
01-01 08:00:10.907 1546 1546 I PackageManager: Finished scanning system apps. Time: 102 ms, packageCount: 145 , timePerPackage: 0 , cached: 145
01-01 08:00:10.907 1546 1546 I boot_progress_pms_data_scan_start: 7924
01-01 08:00:10.919 1546 1546 D CompatibilityChangeReporter: Compat change id reported: 133396946; UID -1; state: DISABLED
01-01 08:00:10.921 1546 1546 W PackageManager: Skipping provider name com.tencent.qqmusic.ShareTaskProvider (in package com.tencent.qqmusic): name already used by com.tencent.qqmusic
01-01 08:00:10.938 1546 1546 D CompatibilityChangeReporter: Compat change id reported: 133396946; UID -1; state: ENABLED
01-01 08:00:10.966 1546 1546 I PackageManager: Finished scanning non-system apps. Time: 59 ms, packageCount: 4 , timePerPackage: 14 , cached: 4
01-01 08:00:10.967 1546 1546 E PackageManager: updateAllSharedLibrariesLPw failed: Package com.qualcomm.embms requires unavailable shared library com.qualcomm.qcrilhook; failing!
01-01 08:00:10.967 1546 1546 E PackageManager: updateAllSharedLibrariesLPw failed: Package com.android.systemui requires unavailable shared library com.qti.extphone.extphonelib; failing!
01-01 08:00:10.967 1546 1546 E PackageManager: updateAllSharedLibrariesLPw failed: Package com.android.settings requires unavailable shared library com.qti.extphone.extphonelib; failing!
01-01 08:00:10.968 1546 1546 E PackageManager: updateAllSharedLibrariesLPw failed: Package com.qualcomm.qti.devicestatisticsservice requires unavailable shared library qti-telephony-hidl-wrapper-prd; failing!
01-01 08:00:10.968 1546 1546 E PackageManager: updateAllSharedLibrariesLPw failed: Package com.qti.snapdragon.qdcm_ff requires unavailable shared library vendor.display.color.V1_0.IDisplayColor; failing!
01-01 08:00:10.968 1546 1546 E PackageManager: updateAllSharedLibrariesLPw failed: Package com.qti.pasrservice requires unavailable shared library vendor.qti.power.pasrmanager.V1_0.IPasrManager; failing!
01-01 08:00:10.968 1546 1546 E PackageManager: updateAllSharedLibrariesLPw failed: Package com.qualcomm.wfd.service requires unavailable shared library .WfdService; failing!
01-01 08:00:10.970 1546 1546 I boot_progress_pms_scan_end: 7987
01-01 08:00:10.970 1546 1546 I PackageManager: Time to scan packages: 0.165 seconds
01-01 08:00:10.970 1546 1546 I PackageManager: Permission ownership changed. Updating all permissions.
01-01 08:00:10.981 1546 1546 V PackageManager: reconcileAppsData for null u0 0x1 migrateAppData=true
01-01 08:00:11.015 1546 1546 V PackageManager: reconcileAppsData finished 27 packages
01-01 08:00:11.016 1546 1546 I PackageManagerTiming: write settings
01-01 08:00:11.016 1546 1760 I SystemServerTimingAsync: InitThreadPoolExec:prepareAppData
01-01 08:00:11.024 1546 1546 W PackageManager: /data/system/packages.xml fsync begin
01-01 08:00:11.025 1546 1546 W PackageManager: /data/system/packages.xml fsync end
01-01 08:00:11.040 1546 1546 I commit_sys_config_file: [package-user-0,1]
01-01 08:00:11.040 1546 1546 I commit_sys_config_file: [package,24]
01-01 08:00:11.040 1546 1546 I boot_progress_pms_ready: 8056
01-01 08:00:11.040 1546 1546 W PackageManager: Intent filter verifier not found
01-01 08:00:11.040 1546 1546 W PackageManager: Domain verification agent not found
01-01 08:00:11.044 1546 1546 I PackageManagerTiming: checkActivateState
01-01 08:00:11.044 1546 1546 D PackageManager: checkActivateState: 1
01-01 08:00:11.044 1546 1546 I PackageManagerTiming: GC
01-01 08:00:11.045 1546 1546 I PackageManager: Fix for b/169414761 is applied
01-01 08:00:11.045 1546 1546 V UserManagerService: Checking that all system packages are whitelisted.
01-01 08:00:11.047 1546 1546 W UserManagerService: checkWhitelistedSystemPackages(mode=ENFORCE|IMPLICIT_WHITELIST|IMPLICIT_WHITELIST_SYSTEM) has 68 warnings:
01-01 08:00:11.047 1546 1546 W UserManagerService: com.android.internal.display.cutout.emulation.corner is allowlisted but not present.
01-01 08:00:11.047 1546 1546 W UserManagerService: com.android.internal.display.cutout.emulation.double is allowlisted but not present.
01-01 08:00:11.047 1546 1546 W UserManagerService: com.android.theme.color.amethyst is allowlisted but not present.
01-01 08:00:11.047 1546 1546 W UserManagerService: com.android.theme.icon.pebble is allowlisted but not present.
01-01 08:00:11.047 1546 1546 W UserManagerService: com.android.theme.color.sand is allowlisted but not present.
01-01 08:00:11.047 1546 1546 W UserManagerService: com.android.theme.icon.vessel is allowlisted but not present.
01-01 08:00:11.047 1546 1546 W UserManagerService: com.android.theme.color.cinnamon is allowlisted but not present.
01-01 08:00:11.047 1546 1546 W UserManagerService: com.android.theme.icon_pack.victor.settings is allowlisted but not present.
01-01 08:00:11.047 1546 1546 W UserManagerService: com.android.theme.icon_pack.rounded.systemui is allowlisted but not present.
01-01 08:00:11.047 1546 1546 W UserManagerService: com.android.theme.icon.taperedrect is allowlisted but not present.
01-01 08:00:11.047 1546 1546 W UserManagerService: com.android.theme.icon_pack.rounded.android is allowlisted but not present.
01-01 08:00:11.047 1546 1546 W UserManagerService: com.qualcomm.qti.euiccresource is allowlisted but not present.
01-01 08:00:11.047 1546 1546 W UserManagerService: com.qualcomm.qti.telephonyservice is allowlisted but not present.
01-01 08:00:11.047 1546 1546 W UserManagerService: com.android.theme.icon_pack.victor.systemui is allowlisted but not present.
01-01 08:00:11.047 1546 1546 W UserManagerService: com.android.theme.icon_pack.circular.themepicker is allowlisted but not present.
01-01 08:00:11.047 1546 1546 W UserManagerService: com.android.theme.color.tangerine is allowlisted but not present.
01-01 08:00:11.047 1546 1546 W UserManagerService: com.android.theme.color.aquamarine is allowlisted but not present.
01-01 08:00:11.047 1546 1546 W UserManagerService: com.android.internal.display.cutout.emulation.hole is allowlisted but not present.
01-01 08:00:11.047 1546 1546 W UserManagerService: com.android.internal.display.cutout.emulation.tall is allowlisted but not present.
01-01 08:00:11.047 1546 1546 W UserManagerService: com.android.theme.color.black is allowlisted but not present.
01-01 08:00:11.047 1546 1546 W UserManagerService: com.android.theme.color.green is allowlisted but not present.
01-01 08:00:11.047 1546 1546 W UserManagerService: com.android.theme.color.ocean is allowlisted but not present.
01-01 08:00:11.047 1546 1546 W UserManagerService: com.android.theme.color.space is allowlisted but not present.
01-01 08:00:11.047 1546 1546 W UserManagerService: com.android.internal.systemui.navbar.threebutton is allowlisted but not present.
01-01 08:00:11.047 1546 1546 W UserManagerService: com.qti.qualcomm.datastatusnotification is allowlisted but not present.
01-01 08:00:11.047 1546 1546 W UserManagerService: com.qualcomm.qti.callfeaturessetting is allowlisted but not present.
01-01 08:00:11.047 1546 1546 W UserManagerService: com.android.theme.icon_pack.rounded.launcher is allowlisted but not present.
01-01 08:00:11.047 1546 1546 W UserManagerService: com.qti.qualcomm.deviceinfo is allowlisted but not present.
01-01 08:00:11.047 1546 1546 W UserManagerService: com.android.theme.icon_pack.kai.settings is allowlisted but not present.
01-01 08:00:11.047 1546 1546 W UserManagerService: com.android.internal.systemui.navbar.twobutton is allowlisted but not present.
01-01 08:00:11.047 1546 1546 W UserManagerService: org.codeaurora.ims is allowlisted but not present.
01-01 08:00:11.047 1546 1546 W UserManagerService: com.android.theme.icon_pack.sam.settings is allowlisted but not present.
01-01 08:00:11.047 1546 1546 W UserManagerService: com.android.theme.icon_pack.kai.themepicker is allowlisted but not present.
01-01 08:00:11.047 1546 1546 W UserManagerService: com.qualcomm.qcrilmsgtunnel is allowlisted but not present.
01-01 08:00:11.047 1546 1546 W UserManagerService: com.android.theme.icon_pack.victor.launcher is allowlisted but not present.
01-01 08:00:11.047 1546 1546 W UserManagerService: com.android.theme.icon_pack.filled.settings is allowlisted but not present.
01-01 08:00:11.047 1546 1546 W UserManagerService: com.android.theme.icon_pack.kai.systemui is allowlisted but not present.
01-01 08:00:11.047 1546 1546 W UserManagerService: com.android.theme.icon_pack.circular.settings is allowlisted but not present.
01-01 08:00:11.047 1546 1546 W UserManagerService: com.qti.xdivert is allowlisted but not present.
01-01 08:00:11.047 1546 1546 W UserManagerService: com.android.theme.icon_pack.sam.systemui is allowlisted but not present.
01-01 08:00:11.047 1546 1546 W UserManagerService: com.android.theme.icon.teardrop is allowlisted but not present.
01-01 08:00:11.047 1546 1546 W UserManagerService: com.android.theme.icon_pack.rounded.themepicker is allowlisted but not present.
01-01 08:00:11.047 1546 1546 W UserManagerService: com.android.theme.icon_pack.filled.systemui is allowlisted but not present.
01-01 08:00:11.047 1546 1546 W UserManagerService: com.qualcomm.qti.imsiprivacy.tests is allowlisted but not present.
01-01 08:00:11.047 1546 1546 W UserManagerService: com.android.theme.icon_pack.sam.android is allowlisted but not present.
01-01 08:00:11.047 1546 1546 W UserManagerService: com.android.theme.icon_pack.filled.android is allowlisted but not present.
01-01 08:00:11.047 1546 1546 W UserManagerService: com.android.theme.icon_pack.circular.systemui is allowlisted but not present.
01-01 08:00:11.047 1546 1546 W UserManagerService: com.android.theme.icon_pack.kai.android is allowlisted but not present.
01-01 08:00:11.047 1546 1546 W UserManagerService: com.android.theme.icon_pack.kai.launcher is allowlisted but not present.
01-01 08:00:11.047 1546 1546 W UserManagerService: com.qualcomm.qti.sam.service is allowlisted but not present.
01-01 08:00:11.047 1546 1546 W UserManagerService: com.android.theme.icon_pack.sam.launcher is allowlisted but not present.
01-01 08:00:11.047 1546 1546 W UserManagerService: com.android.theme.icon.squircle is allowlisted but not present.
01-01 08:00:11.047 1546 1546 W UserManagerService: com.android.theme.icon_pack.victor.android is allowlisted but not present.
01-01 08:00:11.047 1546 1546 W UserManagerService: com.android.theme.color.palette is allowlisted but not present.
01-01 08:00:11.047 1546 1546 W UserManagerService: com.android.theme.icon_pack.filled.launcher is allowlisted but not present.
01-01 08:00:11.047 1546 1546 W UserManagerService: com.android.theme.color.carbon is allowlisted but not present.
01-01 08:00:11.047 1546 1546 W UserManagerService: com.android.theme.icon_pack.circular.launcher is allowlisted but not present.
01-01 08:00:11.047 1546 1546 W UserManagerService: com.android.theme.icon_pack.filled.themepicker is allowlisted but not present.
01-01 08:00:11.047 1546 1546 W UserManagerService: com.android.theme.icon_pack.victor.themepicker is allowlisted but not present.
01-01 08:00:11.047 1546 1546 W UserManagerService: com.android.theme.color.orchid is allowlisted but not present.
01-01 08:00:11.047 1546 1546 W UserManagerService: com.android.theme.color.purple is allowlisted but not present.
01-01 08:00:11.048 1546 1546 W UserManagerService: com.qualcomm.qti.confdialer is allowlisted but not present.
01-01 08:00:11.048 1546 1546 W UserManagerService: com.android.theme.icon_pack.sam.themepicker is allowlisted but not present.
01-01 08:00:11.048 1546 1546 W UserManagerService: com.qualcomm.atfwd is allowlisted but not present.
01-01 08:00:11.048 1546 1546 W UserManagerService: com.android.theme.icon.roundedrect is allowlisted but not present.
01-01 08:00:11.048 1546 1546 W UserManagerService: com.android.theme.icon_pack.rounded.settings is allowlisted but not present.
01-01 08:00:11.048 1546 1546 W UserManagerService: org.codeaurora.qti.nrNetworkSettingApp is allowlisted but not present.
01-01 08:00:11.048 1546 1546 W UserManagerService: com.android.theme.icon_pack.circular.android is allowlisted but not present.
01-01 08:00:11.049 1546 1546 I Watchdog: Resuming HandlerChecker: main thread for reason: packagemanagermain. Pause count: 0
01-01 08:00:11.049 1546 1546 I SystemServerDexLoadReporter: Configuring system server dex reporter
01-01 08:00:11.052 1546 1546 I SystemServerTiming: StartOtaDexOptService
01-01 08:00:11.052 1546 1546 I Watchdog: Pausing HandlerChecker: main thread for reason: moveab. Pause count: 1
01-01 08:00:11.052 1546 1546 D OTADexopt: No upgrade, skipping A/B artifacts check.
01-01 08:00:11.052 1546 1546 I Watchdog: Resuming HandlerChecker: main thread for reason: moveab. Pause count: 0
01-01 08:00:11.052 1546 1546 I SystemServerTiming: StartUserManagerService
01-01 08:00:11.053 1546 1546 I SystemServiceManager: Starting com.android.server.pm.UserManagerService$LifeCycle
01-01 08:00:11.053 1546 1546 I SystemServerTiming: InitAttributerCache
01-01 08:00:11.053 1546 1546 I SystemServerTiming: SetSystemProcess
01-01 08:00:11.055 1546 1546 I am_uid_running: 1000
01-01 08:00:11.059 1546 1642 I ActivityManager: Connection with lmkd established
01-01 08:00:11.060 1546 1546 I am_uid_active: 1000
01-01 08:00:11.062 1546 1546 I SystemServerTiming: InitWatchdog
01-01 08:00:11.063 1546 1546 I SystemServerTiming: StartOverlayManagerService
01-01 08:00:11.065 1546 1762 V HistoricalRegistry: Interaction before persistence initialized
01-01 08:00:11.066 0 0 I [ 8.082602] init: Control message: Processed ctl.start for 'idmap2d' from pid: 1546 (system_server)
01-01 08:00:11.072 1546 1762 V HistoricalRegistry: Interaction before persistence initialized
01-01 08:00:11.130 0 0 E [ 8.147299] HL6111R: is_dc_online: DC psy unavailable
01-01 08:00:11.131 1205 1768 I storaged: storaged: Start
01-01 08:00:11.226 1546 1546 I commit_sys_config_file: [overlays,1]
01-01 08:00:11.228 1546 1546 I SystemServerTiming: StartSensorPrivacyService
01-01 08:00:11.230 1546 1546 I SystemServerTiming: StartThunderBoostPerfService
01-01 08:00:11.230 1546 1546 I SystemServerTiming: StartSensorService
01-01 08:00:11.230 1546 1546 I SystemServiceManager: Starting com.android.server.sensors.SensorService
01-01 08:00:11.230 1546 1618 W ActivityTaskManager: Skip updateConfiguration because mWindowManager isn't set
01-01 08:00:11.230 1546 1546 I SystemServerTiming: startCoreServices
01-01 08:00:11.230 1546 1546 I SystemServerTiming: StartSystemConfigService
01-01 08:00:11.231 1546 1546 I SystemServiceManager: Starting com.android.server.SystemConfigService
01-01 08:00:11.231 1546 1776 I SystemServerTimingAsync: InitThreadPoolExec:StartNativeSensorService
01-01 08:00:11.231 1546 1776 I SystemServerTimingAsync: StartNativeSensorService
01-01 08:00:11.231 1546 1546 I SystemServerTiming: StartBatteryService
01-01 08:00:11.231 1546 1546 I SystemServiceManager: Starting com.android.server.BatteryService
01-01 08:00:11.233 0 0 E [ 8.249691] HL6111R: is_dc_online: DC psy unavailable
01-01 08:00:11.233 1546 1632 I battery_status: [1,1,0,0,]
01-01 08:00:11.234 0 0 E [ 8.250631] HL6111R: is_dc_online: DC psy unavailable
01-01 08:00:11.234 0 0 W [ 8.250655] healthd: battery none chg=
01-01 08:00:11.234 0 0 E [ 8.250664] HL6111R: is_dc_online: DC psy unavailable
01-01 08:00:11.237 1546 1546 I HealthServiceWrapper: health: HealthServiceWrapper listening to instance default
01-01 08:00:11.237 1546 1546 I BatteryService: health: Waited 0ms and received the update.
01-01 08:00:11.238 1546 1546 I SystemServerTiming: StartUsageService
01-01 08:00:11.238 1546 1546 I SystemServiceManager: Starting com.android.server.usage.UsageStatsService
01-01 08:00:11.241 1546 1546 I SystemServerTiming: StartWebViewUpdateService
01-01 08:00:11.241 1546 1546 I SystemServiceManager: Starting com.android.server.webkit.WebViewUpdateService
01-01 08:00:11.243 1546 1546 I SystemServerTiming: StartCachedDeviceStateService
01-01 08:00:11.243 1546 1546 I SystemServiceManager: Starting com.android.server.CachedDeviceStateService
01-01 08:00:11.243 1546 1546 I SystemServerTiming: StartBinderCallsStatsService
01-01 08:00:11.243 1546 1546 I SystemServiceManager: Starting com.android.server.BinderCallsStatsService$LifeCycle
01-01 08:00:11.244 1546 1546 I SystemServerTiming: StartLooperStatsService
01-01 08:00:11.244 1546 1546 I SystemServiceManager: Starting com.android.server.LooperStatsService$Lifecycle
01-01 08:00:11.244 1546 1546 I SystemServerTiming: StartRollbackManagerService
01-01 08:00:11.244 1546 1546 I SystemServiceManager: Starting com.android.server.rollback.RollbackManagerService
01-01 08:00:11.247 1546 1546 I PackageWatchdog: Syncing state, reason: added new observer
01-01 08:00:11.247 1546 1546 I PackageWatchdog: Not pruning observers, elapsed time: 0ms
01-01 08:00:11.248 1546 1546 I SystemServerTiming: StartNativeTombstoneManagerService
01-01 08:00:11.248 1546 1546 I SystemServiceManager: Starting com.android.server.os.NativeTombstoneManagerService
01-01 08:00:11.248 1546 1546 I SystemServerTiming: StartBugreportManagerService
01-01 08:00:11.248 1546 1546 I SystemServiceManager: Starting com.android.server.os.BugreportManagerService
01-01 08:00:11.249 1546 1546 I SystemServerTiming: GpuService
01-01 08:00:11.249 1546 1546 I SystemServiceManager: Starting com.android.server.gpu.GpuService
01-01 08:00:11.249 1546 1546 I SystemServerTiming: startOtherServices
01-01 08:00:11.249 1546 1546 I SystemServerTiming: StartKeyAttestationApplicationIdProviderService
01-01 08:00:11.250 1546 1784 I SystemServerTimingAsync: InitThreadPoolExec:SecondaryZygotePreload
01-01 08:00:11.250 1546 1784 I SystemServer: SecondaryZygotePreload
01-01 08:00:11.250 1546 1784 I SystemServerTimingAsync: SecondaryZygotePreload
01-01 08:00:11.250 1546 1546 I SystemServerTiming: StartKeyChainSystemService
01-01 08:00:11.250 1546 1546 I SystemServiceManager: Starting com.android.server.security.KeyChainSystemService
01-01 08:00:11.250 1546 1546 I SystemServerTiming: StartSchedulingPolicyService
01-01 08:00:11.251 1546 1546 I SystemServerTiming: StartTelecomLoaderService
01-01 08:00:11.251 1546 1546 I SystemServiceManager: Starting com.android.server.telecom.TelecomLoaderService
01-01 08:00:11.251 1546 1546 I SystemServerTiming: StartTelephonyRegistry
01-01 08:00:11.252 1546 1546 I SystemServerTiming: StartEntropyMixer
01-01 08:00:11.252 1546 1785 I SystemServerTimingAsync: InitThreadPoolExec:SchedulingPolicyService.
01-01 08:00:11.252 1546 1546 I EntropyMixer: Writing entropy...
01-01 08:00:11.260 1546 1546 I SystemServerTiming: StartAccountManagerService
01-01 08:00:11.260 1546 1546 I SystemServiceManager: Starting com.android.server.accounts.AccountManagerService$Lifecycle
01-01 08:00:11.263 1546 1634 I PackageWatchdog: Saving observer state to file
01-01 08:00:11.269 1546 1546 I SystemServerTiming: StartContentService
01-01 08:00:11.269 1546 1546 I SystemServiceManager: Starting com.android.server.content.ContentService$Lifecycle
01-01 08:00:11.270 1546 1546 I SystemServerTiming: InstallSystemProviders
01-01 08:00:11.271 1546 1760 I PackageManager: Deferred reconcileAppsData finished 122 packages
01-01 08:00:11.312 0 0 I [ 8.328946] binder: 1546:1546 ioctl c00c620f 7fd6807f38 returned -22
01-01 08:00:11.312 1546 1546 W ActivityManager: unable to read freezer info
01-01 08:00:11.312 1546 1636 D ActivityManager: Freezer disabled
01-01 08:00:11.313 1546 1546 I SystemServerTiming: StartDropBoxManager
01-01 08:00:11.313 1546 1546 I SystemServiceManager: Starting com.android.server.DropBoxManagerService
01-01 08:00:11.314 1546 1546 I SystemServerTiming: StartRoleManagerService
01-01 08:00:11.314 1546 1546 I SystemServiceManager: Starting com.android.role.RoleService
01-01 08:00:11.315 1546 1546 I SystemServerTiming: StartVibratorManagerService
01-01 08:00:11.315 1546 1546 I SystemServiceManager: Starting com.android.server.vibrator.VibratorManagerService$Lifecycle
01-01 08:00:11.318 1546 1546 I SystemServerTiming: StartDynamicSystemService
01-01 08:00:11.318 1546 1546 I SystemServerTiming: StartConsumerIrService
01-01 08:00:11.318 1546 1546 I SystemServerTiming: StartAlarmManagerService
01-01 08:00:11.318 1546 1546 I SystemServiceManager: Starting com.android.server.alarm.AlarmManagerService
01-01 08:00:11.331 1546 1546 I AlarmManager: Current time only 11331, advancing to build time 1697652450000
10-19 02:07:30.001 1546 1546 I SystemServerTiming: StartInputManagerService
10-19 02:07:30.002 1546 1546 I InputManager: Initializing input manager, mUseDevInputEventForAudioJack=true
10-19 02:07:30.009 1546 1546 I SystemServerTiming: DeviceStateManagerService
10-19 02:07:30.009 1546 1546 I SystemServiceManager: Starting com.android.server.devicestate.DeviceStateManagerService
10-19 02:07:30.012 1546 1546 I SystemServerTiming: StartWindowManagerService
10-19 02:07:30.012 1546 1546 I SystemServiceManager: Starting phase 200
10-19 02:07:30.012 1546 1546 I SystemServerTiming: OnBootPhase_200
10-19 02:07:30.012 1546 1546 I SystemServerTiming: OnBootPhase_200_com.android.server.security.FileIntegrityService
10-19 02:07:30.012 1546 1546 I SystemServerTiming: OnBootPhase_200_com.android.server.pm.Installer
10-19 02:07:30.012 1546 1546 I SystemServerTiming: OnBootPhase_200_com.android.server.os.DeviceIdentifiersPolicyService
10-19 02:07:30.012 1546 1546 I SystemServerTiming: OnBootPhase_200_com.android.server.uri.UriGrantsManagerService$Lifecycle
10-19 02:07:30.012 1546 1546 I SystemServerTiming: OnBootPhase_200_com.android.server.powerstats.PowerStatsService
10-19 02:07:30.012 1546 1546 I SystemServerTiming: OnBootPhase_200_com.android.server.wm.ActivityTaskManagerService$Lifecycle
10-19 02:07:30.012 1546 1546 I SystemServerTiming: OnBootPhase_200_com.android.server.am.ActivityManagerService$Lifecycle
10-19 02:07:30.012 1546 1546 I SystemServerTiming: OnBootPhase_200_com.android.server.pm.DataLoaderManagerService
10-19 02:07:30.012 1546 1546 I SystemServerTiming: OnBootPhase_200_com.android.server.power.PowerManagerService
10-19 02:07:30.012 1546 1546 I SystemServerTiming: OnBootPhase_200_com.android.server.power.ThermalManagerService
10-19 02:07:30.012 1546 1546 I SystemServerTiming: OnBootPhase_200_com.android.server.power.hint.HintManagerService
10-19 02:07:30.012 1546 1546 I SystemServerTiming: OnBootPhase_200_com.android.server.recoverysystem.RecoverySystemService$Lifecycle
10-19 02:07:30.012 1546 1546 I SystemServerTiming: OnBootPhase_200_com.android.server.lights.LightsService
10-19 02:07:30.012 1546 1546 I SystemServerTiming: OnBootPhase_200_com.android.server.display.DisplayManagerService
10-19 02:07:30.012 1546 1546 I SystemServerTiming: OnBootPhase_200_com.android.server.pm.verify.domain.DomainVerificationService
10-19 02:07:30.012 1546 1546 I SystemServerTiming: OnBootPhase_200_com.android.server.pm.PackageInstallerService$Lifecycle
10-19 02:07:30.012 1546 1546 I SystemServerTiming: OnBootPhase_200_com.android.server.pm.UserManagerService$LifeCycle
10-19 02:07:30.012 1546 1546 I SystemServerTiming: OnBootPhase_200_com.android.server.om.OverlayManagerService
10-19 02:07:30.012 1546 1546 I SystemServerTiming: OnBootPhase_200_com.android.server.SensorPrivacyService
10-19 02:07:30.012 1546 1546 I SystemServerTiming: OnBootPhase_200_com.android.server.thunderperf.ThunderBoostPerfService
10-19 02:07:30.012 1546 1546 I SystemServerTiming: OnBootPhase_200_com.android.server.sensors.SensorService
10-19 02:07:30.012 1546 1546 I SystemServerTiming: OnBootPhase_200_com.android.server.SystemConfigService
10-19 02:07:30.012 1546 1546 I SystemServerTiming: OnBootPhase_200_com.android.server.BatteryService
10-19 02:07:30.012 1546 1546 I SystemServerTiming: OnBootPhase_200_com.android.server.usage.UsageStatsService
10-19 02:07:30.012 1546 1546 I SystemServerTiming: OnBootPhase_200_com.android.server.webkit.WebViewUpdateService
10-19 02:07:30.012 1546 1546 I SystemServerTiming: OnBootPhase_200_com.android.server.CachedDeviceStateService
10-19 02:07:30.012 1546 1546 I SystemServerTiming: OnBootPhase_200_com.android.server.BinderCallsStatsService$LifeCycle
10-19 02:07:30.012 1546 1546 I SystemServerTiming: OnBootPhase_200_com.android.server.LooperStatsService$Lifecycle
10-19 02:07:30.012 1546 1546 I SystemServerTiming: OnBootPhase_200_com.android.server.rollback.RollbackManagerService
10-19 02:07:30.012 1546 1546 I SystemServerTiming: OnBootPhase_200_com.android.server.os.NativeTombstoneManagerService
10-19 02:07:30.012 1546 1546 I SystemServerTiming: OnBootPhase_200_com.android.server.os.BugreportManagerService
10-19 02:07:30.012 1546 1546 I SystemServerTiming: OnBootPhase_200_com.android.server.gpu.GpuService
10-19 02:07:30.012 1546 1546 I SystemServerTiming: OnBootPhase_200_com.android.server.security.KeyChainSystemService
10-19 02:07:30.012 1546 1546 I SystemServerTiming: OnBootPhase_200_com.android.server.telecom.TelecomLoaderService
10-19 02:07:30.012 1546 1546 I SystemServerTiming: OnBootPhase_200_com.android.server.accounts.AccountManagerService$Lifecycle
10-19 02:07:30.012 1546 1546 I SystemServerTiming: OnBootPhase_200_com.android.server.content.ContentService$Lifecycle
10-19 02:07:30.012 1546 1546 I SystemServerTiming: OnBootPhase_200_com.android.server.DropBoxManagerService
10-19 02:07:30.012 1546 1546 I SystemServerTiming: OnBootPhase_200_com.android.role.RoleService
10-19 02:07:30.012 1546 1546 I SystemServerTiming: OnBootPhase_200_com.android.server.vibrator.VibratorManagerService$Lifecycle
10-19 02:07:30.012 1546 1546 I SystemServerTiming: OnBootPhase_200_com.android.server.alarm.AlarmManagerService
10-19 02:07:30.012 1546 1546 I SystemServerTiming: OnBootPhase_200_com.android.server.devicestate.DeviceStateManagerService
10-19 02:07:30.012 1546 1546 I WindowManager: No existing display settings, starting empty
10-19 02:07:30.012 1546 1546 I WindowManager: No existing display settings, starting empty
10-19 02:07:30.018 1546 1546 I SystemServerTiming: SetWindowManagerService
10-19 02:07:30.038 1546 1546 I ActivityTaskManager: Loaded persisted task ids for user 0
10-19 02:07:30.039 1546 1546 I wm_task_created: [1,-1]
10-19 02:07:30.039 1546 1546 I SystemServerTiming: WindowManagerServiceOnInitReady
10-19 02:07:30.042 1546 1622 W DisplayFoldController: Camera service unavailable to toggle folded state.
10-19 02:07:30.042 1546 1622 I sysui_multi_action: [757,1594,758,4,759,0,806,NULL]
10-19 02:07:30.044 1546 1546 I SystemServerTiming: StartInputManager
10-19 02:07:30.044 1546 1546 I InputManager: Starting input manager
10-19 02:07:30.044 1546 1798 I SystemServerTimingAsync: InitThreadPoolExec:StartHidlServices
10-19 02:07:30.044 1546 1798 I SystemServerTimingAsync: StartHidlServices
10-19 02:07:30.045 1546 1546 I SystemServerTiming: DisplayManagerWindowManagerAndInputReady
10-19 02:07:30.046 1546 1546 I SystemServerTiming: StartBluetoothService
10-19 02:07:30.046 1546 1546 I SystemServiceManager: Starting com.android.server.BluetoothService
10-19 02:07:30.046 1546 1622 I LogicalDisplayMapper: Requesting Transition to state: 0
10-19 02:07:30.046 1546 1622 I LogicalDisplayMapper: Applying layout: [{addr: {port=129, model=0x40446d3026322d}, dispId: 0(ON)}], Previous layout: [{addr: {port=129, model=0x40446d3026322d}, dispId: 0(ON)}]
10-19 02:07:30.043 1546 1546 I auditd : type=1400 audit(0.0:87): avc: denied { read } for comm="InputReader" name="virtualkeys.cyttsp7_mt" dev="sysfs" ino=58749 scontext=u:r:system_server:s0 tcontext=u:object_r:sysfs:s0 tclass=file permissive=0
10-19 02:07:30.050 1546 1546 D BluetoothManagerService: Loading stored name and address
10-19 02:07:30.050 1546 1546 D BluetoothManagerService: Stored bluetooth Name=高合娱乐副屏,Address=F0:74:E4:3A:18:95
10-19 02:07:30.050 1546 1546 D BluetoothManagerService: Bluetooth persisted state: 1
10-19 02:07:30.050 1546 1546 D BluetoothManagerService: Startup: Bluetooth persisted state is ON.
10-19 02:07:30.050 1546 1546 D BluetoothManagerService: Detected SystemUiUid: 10084
10-19 02:07:30.050 1546 1546 I SystemServerTiming: IpConnectivityMetrics
10-19 02:07:30.050 1546 1546 I SystemServiceManager: Starting com.android.server.connectivity.IpConnectivityMetrics
10-19 02:07:30.051 1546 1546 I SystemServerTiming: NetworkWatchlistService
10-19 02:07:30.051 1546 1546 I SystemServiceManager: Starting com.android.server.net.watchlist.NetworkWatchlistService$Lifecycle
10-19 02:07:30.056 1546 1546 I WatchlistSettings: Reload watchlist settings done
10-19 02:07:30.056 1546 1807 I WatchlistLoggingHandler: No need to aggregate record yet.
10-19 02:07:30.056 1546 1807 I WatchlistLoggingHandler: Milliseconds spent on tryAggregateRecords(): 0
10-19 02:07:30.057 1546 1546 I SystemServerTiming: PinnerService
10-19 02:07:30.057 1546 1546 I SystemServiceManager: Starting com.android.server.PinnerService
10-19 02:07:30.057 1546 1546 V HistoricalRegistry: Interaction before persistence initialized
10-19 02:07:30.061 1546 1546 I SystemServerTiming: IorapForwardingService
10-19 02:07:30.062 1546 1546 I SystemServiceManager: Starting com.google.android.startop.iorap.IorapForwardingService
10-19 02:07:30.067 1546 1634 D PinnerService: pinRangeStream: null
10-19 02:07:30.069 1546 1546 I SystemServiceManager: Starting com.android.server.ActivityTriggerService
10-19 02:07:30.069 1546 1546 I ActivityTriggerService: Starting ActivityTriggerService
10-19 02:07:30.073 1546 1634 D PinnerService: pinRangeStream: null
10-19 02:07:30.073 1546 1634 D PinnerService: pinRangeStream: null
10-19 02:07:30.073 1546 1546 I SystemServerTiming: SignedConfigService
10-19 02:07:30.073 1546 1634 D PinnerService: pinRangeStream: null
10-19 02:07:30.073 1546 1546 I SystemServerTiming: AppIntegrityService
10-19 02:07:30.073 1546 1546 I SystemServiceManager: Starting com.android.server.integrity.AppIntegrityManagerService
10-19 02:07:30.075 1546 1546 E IntegrityFileManager: Error creating staging and rules directory
10-19 02:07:30.077 1546 1546 I WindowManager: SAFE MODE not enabled
10-19 02:07:30.077 1546 1546 I SystemServerTiming: StartInputMethodManagerLifecycle
10-19 02:07:30.077 1546 1546 I SystemServiceManager: Starting com.android.server.inputmethod.InputMethodManagerService$Lifecycle
10-19 02:07:30.082 1546 1546 I SystemServerTiming: StartAccessibilityManagerService
10-19 02:07:30.082 1546 1546 I SystemServiceManager: Starting com.android.server.accessibility.AccessibilityManagerService$Lifecycle
10-19 02:07:30.086 1546 1546 I SystemServerTiming: MakeDisplayReady
10-19 02:07:30.088 1546 1546 I configuration_changed: 536894968
10-19 02:07:30.088 1546 1546 I ActivityTaskManager: Config changes=20005df8 {1.0 ?mcc?mnc [zh_CN] ldltr sw680dp w1586dp h625dp 240dpi lrg long land ?uimode ?night -touch -keyb/v/h -nav/h winConfig={ mBounds=Rect(0, 0 - 2380, 1020) mAppBounds=Rect(0, 0 - 2380, 974) mMaxBounds=Rect(0, 0 - 2380, 1020) mWindowingMode=fullscreen mDisplayWindowingMode=fullscreen mActivityType=undefined mAlwaysOnTop=undefined mRotation=ROTATION_0} s.2 ?fontWeightAdjustment}
10-19 02:07:30.088 1546 1546 I WindowManager: Override config changes=60007dfc {1.0 ?mcc?mnc [zh_CN] ldltr sw680dp w1586dp h625dp 240dpi lrg long land ?uimode ?night -touch -keyb/v/h -nav/h winConfig={ mBounds=Rect(0, 0 - 2380, 1020) mAppBounds=Rect(0, 0 - 2380, 974) mMaxBounds=Rect(0, 0 - 2380, 1020) mWindowingMode=fullscreen mDisplayWindowingMode=fullscreen mActivityType=undefined mAlwaysOnTop=undefined mRotation=ROTATION_0} s.2 ?fontWeightAdjustment} for displayId=0
10-19 02:07:30.089 1546 1546 I sysui_multi_action: [757,1659,758,4,759,2,1660,0]
10-19 02:07:30.092 0 0 I [ 8.440605] init: processing action (sys.sysctl.extra_free_kbytes=*) from (/system/etc/init/hw/init.rc:1175)
10-19 02:07:30.095 1546 1634 D PinnerService: pinRangeStream: null
10-19 02:07:30.095 1546 1634 D PinnerService: pinRangeStream: null
10-19 02:07:30.095 1546 1634 D PinnerService: pinRangeStream: null
10-19 02:07:30.103 1546 1546 I configuration_changed: 8
10-19 02:07:30.104 1546 1546 I ActivityTaskManager: Config changes=8 {1.0 ?mcc?mnc [zh_CN] ldltr sw680dp w1586dp h625dp 240dpi lrg long land ?uimode ?night finger -keyb/v/h -nav/h winConfig={ mBounds=Rect(0, 0 - 2380, 1020) mAppBounds=Rect(0, 0 - 2380, 974) mMaxBounds=Rect(0, 0 - 2380, 1020) mWindowingMode=fullscreen mDisplayWindowingMode=fullscreen mActivityType=undefined mAlwaysOnTop=undefined mRotation=ROTATION_0} s.4 ?fontWeightAdjustment}
10-19 02:07:30.104 1546 1546 I WindowManager: Override config changes=8 {1.0 ?mcc?mnc [zh_CN] ldltr sw680dp w1586dp h625dp 240dpi lrg long land ?uimode ?night finger -keyb/v/h -nav/h winConfig={ mBounds=Rect(0, 0 - 2380, 1020) mAppBounds=Rect(0, 0 - 2380, 974) mMaxBounds=Rect(0, 0 - 2380, 1020) mWindowingMode=fullscreen mDisplayWindowingMode=fullscreen mActivityType=undefined mAlwaysOnTop=undefined mRotation=ROTATION_0} s.4 ?fontWeightAdjustment} for displayId=0
10-19 02:07:30.104 1546 1634 D PinnerService: pinRangeStream: null
10-19 02:07:30.105 1546 1546 I SystemServerTiming: StartStorageManagerService
10-19 02:07:30.105 1546 1546 I SystemServiceManager: Starting com.android.server.StorageManagerService$Lifecycle
10-19 02:07:30.110 1546 1813 D StorageManagerService: Thinking about init, mBootCompleted=false, mDaemonConnected=true
10-19 02:07:30.110 1546 1813 D StorageManagerService: Thinking about reset, mBootCompleted=false, mDaemonConnected=true
10-19 02:07:30.111 1546 1634 D PinnerService: pinRangeStream: null
10-19 02:07:30.111 1546 1813 D StorageManagerService: Thinking about init, mBootCompleted=false, mDaemonConnected=true
