10-19 02:07:39.476 1546 1752 D PackageManager: packages write end
10-19 02:07:39.476 1546 1752 W PackageManager: /data/system/packages.xml fsync begin
10-19 02:07:39.481 1546 1752 W PackageManager: /data/system/packages.xml fsync end
10-19 02:07:39.504 0 0 I [ 17.850465] logd: start watching /data/system/packages.list ...
10-19 02:07:39.504 0 0 I [ 17.851802] logd: ReadPackageList, total packages: 110
10-19 02:07:39.505 1546 1752 I commit_sys_config_file: [package-user-0,3]
10-19 02:07:39.505 1546 1752 I commit_sys_config_file: [package,59]
10-19 02:07:39.601 651 666 I mpu_uart: [MSG-P:RECV]:No message received in 1000 ms
10-19 02:07:39.727 1546 1634 D RuntimePermissionsPersistenceImpl: /data/misc_de/0/apexdata/com.android.permission/runtime-permissions.xml fsync begin
10-19 02:07:39.731 1546 1634 D RuntimePermissionsPersistenceImpl: /data/misc_de/0/apexdata/com.android.permission/runtime-permissions.xml fsync end
10-19 02:07:39.732 2557 2557 D InsetsController: onStateChanged: InsetsState: {mDisplayFrame=Rect(0, 0 - 2380, 1020), mDisplayCutout=DisplayCutout{insets=Rect(0, 0 - 0, 0) waterfall=Insets{left=0, top=0, right=0, bottom=0} boundingRect={Bounds=[Rect(0, 0 - 0, 0), Rect(0, 0 - 0, 0), Rect(0, 0 - 0, 0), Rect(0, 0 - 0, 0)]} cutoutPathParserInfo={CutoutPathParserInfo{displayWidth=0 displayHeight=0 density={0.0} cutoutSpec={} rotation={0} scale={0.0}}}}, mRoundedCorners=RoundedCorners{[RoundedCorner{position=TopLeft, radius=0, center=Point(0, 0)}, RoundedCorner{position=TopRight, radius=0, center=Point(0, 0)}, RoundedCorner{position=BottomRight, radius=0, center=Point(0, 0)}, RoundedCorner{position=BottomLeft, radius=0, center=Point(0, 0)}]}, mPrivacyIndicatorBounds=PrivacyIndicatorBounds {static bounds=Rect(2236, 0 - 2359, 36) rotation=0}, mSources= { InsetsSource: {mType=ITYPE_STATUS_BAR, mFrame=[0,0][2380,36], mVisible=true}, InsetsSource: {mType=ITYPE_NAVIGATION_BAR, mFrame=[0,974][2380,1020], mVisible=true}, InsetsSource: {mType=ITYPE_LEFT_GESTURES, mFrame=[0,0][0,1020], mVisible=true}, InsetsSource: {mType=ITYPE_RIGHT_GESTURES, mFrame=[2380,0][2380,1020], mVisible=true}, InsetsSource: {mType=ITYPE_TOP_MANDATORY_GESTURES, mFrame=[0,0][2380,36], mVisible=true}, InsetsSource: {mType=ITYPE_BOTTOM_MANDATORY_GESTURES, mFrame=[0,974][2380,1020], mVisible=true}, InsetsSource: {mType=ITYPE_TOP_TAPPABLE_ELEMENT, mFrame=[0,0][2380,36], mVisible=true}, InsetsSource: {mType=ITYPE_BOTTOM_TAPPABLE_ELEMENT, mFrame=[0,974][2380,1020], mVisible=true}, InsetsSource: {mType=ITYPE_IME, mFrame=[0,0][0,0], mVisible=false} }
10-19 02:07:39.732 2557 2557 D InsetsSourceConsumer: applyLocalVisibilityOverride: No control in com.android.launcher3/com.android.launcher3.uioverrides.QuickstepLauncher requestedVisible true
10-19 02:07:39.732 2557 2557 D InsetsSourceConsumer: applyLocalVisibilityOverride: No control in com.android.launcher3/com.android.launcher3.uioverrides.QuickstepLauncher requestedVisible true
10-19 02:07:39.732 2557 2557 D InsetsSourceConsumer: applyLocalVisibilityOverride: No control in com.android.launcher3/com.android.launcher3.uioverrides.QuickstepLauncher requestedVisible true
10-19 02:07:39.732 2557 2557 D InsetsSourceConsumer: applyLocalVisibilityOverride: No control in com.android.launcher3/com.android.launcher3.uioverrides.QuickstepLauncher requestedVisible true
10-19 02:07:39.732 2557 2557 D InsetsSourceConsumer: applyLocalVisibilityOverride: No control in com.android.launcher3/com.android.launcher3.uioverrides.QuickstepLauncher requestedVisible true
10-19 02:07:39.732 2557 2557 D InsetsSourceConsumer: applyLocalVisibilityOverride: No control in com.android.launcher3/com.android.launcher3.uioverrides.QuickstepLauncher requestedVisible true
10-19 02:07:39.898 0 0 I [ 18.245474] init: Sending signal 9 to service 'idmap2d' (pid 1188) process group...
10-19 02:07:39.903 0 0 I [ 18.251503] libprocessgroup: Successfully killed process cgroup uid 1000 pid 1188 in 5ms
10-19 02:07:39.904 1546 3322 W OverlayManager: service 'idmap' died
10-19 02:07:39.908 0 0 I [ 18.252504] init: Control message: Processed ctl.stop for 'idmap2d' from pid: 1546 (system_server)
10-19 02:07:39.908 0 0 I [ 18.253324] init: Service 'idmap2d' (pid 1188) received signal 9
10-19 02:07:40.600 2119 2429 E MicroService: DTC_ETH: BaseMicroSocketClient:createClientSocket()
10-19 02:07:40.600 2119 2429 E MicroService: java.net.NoRouteToHostException: Host unreachable
10-19 02:07:40.600 2119 2429 E MicroService: at libcore.io.IoBridge.connect(IoBridge.java:183)
10-19 02:07:40.600 2119 2429 E MicroService: at java.net.PlainSocketImpl.socketConnect(PlainSocketImpl.java:142)
10-19 02:07:40.600 2119 2429 E MicroService: at java.net.AbstractPlainSocketImpl.doConnect(AbstractPlainSocketImpl.java:390)
10-19 02:07:40.600 2119 2429 E MicroService: at java.net.AbstractPlainSocketImpl.connectToAddress(AbstractPlainSocketImpl.java:230)
10-19 02:07:40.600 2119 2429 E MicroService: at java.net.AbstractPlainSocketImpl.connect(AbstractPlainSocketImpl.java:212)
10-19 02:07:40.600 2119 2429 E MicroService: at java.net.SocksSocketImpl.connect(SocksSocketImpl.java:436)
10-19 02:07:40.600 2119 2429 E MicroService: at java.net.Socket.connect(Socket.java:621)
10-19 02:07:40.600 2119 2429 E MicroService: at java.net.Socket.connect(Socket.java:570)
10-19 02:07:40.600 2119 2429 E MicroService: at java.net.Socket.(Socket.java:450)
10-19 02:07:40.600 2119 2429 E MicroService: at java.net.Socket.(Socket.java:292)
10-19 02:07:40.600 2119 2429 E MicroService: at com.thundercomm.microservice.base.BaseMicroSocketClient.createClientSocket(BaseMicroSocketClient.java:20)
10-19 02:07:40.600 2119 2429 E MicroService: at com.thundercomm.microservice.MicroSocketClient.serialSendMessage(MicroSocketClient.java:100)
10-19 02:07:40.600 2119 2429 E MicroService: at com.thundercomm.microservice.MicroSocketClient.lambda$handShark$2$MicroSocketClient(MicroSocketClient.java:121)
10-19 02:07:40.600 2119 2429 E MicroService: at com.thundercomm.microservice.MicroSocketClient$$ExternalSyntheticLambda0.run(Unknown Source:2)
10-19 02:07:40.600 2119 2429 E MicroService: at java.lang.Thread.run(Thread.java:920)
10-19 02:07:40.601 651 666 I mpu_uart: [MSG-P:RECV]:No message received in 1000 ms
10-19 02:07:40.620 2557 2557 D Launcher: refreshUI: in rebind runnable, size=1 viCount=0
10-19 02:07:40.712 1546 1951 I commit_sys_config_file: [appops,3]
10-19 02:07:40.712 1546 1951 E DiscreteRegistry: Deleting file 1666247992029tl
10-19 02:07:40.712 1546 1951 E DiscreteRegistry: Deleting file 1666251410622tl
10-19 02:07:40.713 1546 1951 E DiscreteRegistry: Deleting file 1666251434981tl
10-19 02:07:41.235 1546 1791 D PowerManagerService: acquireWakeLockInternal: lock=213092954, flags=0x1, tag="*alarm*", ws=WorkSource{10021}, uid=1000, pid=1546
10-19 02:07:41.235 1546 1791 D PowerManagerService: updateWakeLockSummaryLocked: mWakefulness=Awake, mWakeLockSummary=0x1
10-19 02:07:41.235 1546 1791 D PowerManagerService: updateUserActivitySummaryLocked: groupId=0, mWakefulness=Awake, mUserActivitySummary=0x1, nextTimeout=71133 (in 51550 ms)
10-19 02:07:41.236 1546 1636 I am_uid_running: 10021
10-19 02:07:41.236 1546 1791 D PowerManagerNotifier: onScreenPolicyUpdate: newPolicy=3
10-19 02:07:41.236 1546 1791 D PowerManagerService: updateDisplayPowerStateLocked: displayReady=true, groupId=0, policy=BRIGHT, mWakefulness=Awake, mWakeLockSummary=0x1, mUserActivitySummary=0x1, mBootCompleted=true, screenBrightnessOverride=NaN, useAutoBrightness=true, mScreenBrightnessBoostInProgress=false, mIsVrModeEnabled= false, sQuiescent=false
10-19 02:07:41.236 1546 1791 D PowerManagerService: Acquiring suspend blocker "PowerManagerService.WakeLocks".
10-19 02:07:41.236 1546 1791 E power : power acquire_wake_lock enter!
10-19 02:07:41.236 1546 1791 E power : power acquire_wake_lock exit!
10-19 02:07:41.237 573 573 E android.system.suspend@1.0-service: SystemSuspend::acquireWakeLock enter!pid = 1546: Success
10-19 02:07:41.237 573 573 E android.system.suspend@1.0-service: SystemSuspend::acquireWakeLock exit!: Success
10-19 02:07:41.237 1546 1636 D CompatibilityChangeReporter: Compat change id reported: 135634846; UID 10021; state: DISABLED
10-19 02:07:41.237 1546 1636 D CompatibilityChangeReporter: Compat change id reported: 177438394; UID 10021; state: DISABLED
10-19 02:07:41.237 1546 1636 D CompatibilityChangeReporter: Compat change id reported: 135772972; UID 10021; state: DISABLED
10-19 02:07:41.237 1546 1791 D PowerManagerNotifier: onWakeLockAcquired: flags=1, tag="*alarm*", packageName=android, ownerUid=1000, ownerPid=1546, workSource=WorkSource{10021}
10-19 02:07:41.238 1546 1636 D CompatibilityChangeReporter: Compat change id reported: 135754954; UID 10021; state: ENABLED
10-19 02:07:41.239 1546 1637 D CompatibilityChangeReporter: Compat change id reported: 143937733; UID 10021; state: ENABLED
10-19 02:07:41.263 671 671 D Zygote : Forked child process 4153
10-19 02:07:41.264 1546 1637 I am_proc_start: [0,4153,10021,com.android.providers.calendar,broadcast,{com.android.providers.calendar/com.android.providers.calendar.CalendarProviderBroadcastReceiver}]
10-19 02:07:41.264 1546 1637 I ActivityManager: Start proc 4153:com.android.providers.calendar/u0a21 for broadcast {com.android.providers.calendar/com.android.providers.calendar.CalendarProviderBroadcastReceiver}
10-19 02:07:41.289 4153 4153 E viders.calenda: Not starting debugger since process cannot load the jdwp agent.
10-19 02:07:41.292 4153 4153 D ProcessState: Binder ioctl to enable oneway spam detection failed: Invalid argument
10-19 02:07:41.295 0 0 I [ 19.640836] binder: 4153:4153 ioctl 40046210 7fd6808274 returned -22
10-19 02:07:41.299 1546 3322 I am_proc_bound: [0,4153,com.android.providers.calendar]
10-19 02:07:41.302 1546 3322 D CompatibilityChangeReporter: Compat change id reported: 168419799; UID 10021; state: DISABLED
10-19 02:07:41.302 1546 3322 D CompatibilityInfo: mCompatibilityFlags - 4
10-19 02:07:41.302 1546 3322 D CompatibilityInfo: applicationDensity - 240
10-19 02:07:41.302 1546 3322 D CompatibilityInfo: applicationScale - 1.0
10-19 02:07:41.305 1546 3322 I am_uid_active: 10021
10-19 02:07:41.305 1546 3322 D CompatibilityInfo: mCompatibilityFlags - 4
10-19 02:07:41.305 1546 3322 D CompatibilityInfo: applicationDensity - 240
10-19 02:07:41.305 1546 3322 D CompatibilityInfo: applicationScale - 1.0
10-19 02:07:41.306 4153 4153 D CompatibilityChangeReporter: Compat change id reported: 171979766; UID 10021; state: ENABLED
10-19 02:07:41.320 4153 4153 I Perf : Connecting to perf service.
10-19 02:07:41.323 4153 4153 V GraphicsEnvironment: ANGLE Developer option for 'com.android.providers.calendar' set to: 'default'
10-19 02:07:41.324 4153 4153 V GraphicsEnvironment: ANGLE GameManagerService for com.android.providers.calendar: false
10-19 02:07:41.325 4153 4153 D NetworkSecurityConfig: No Network Security Config specified, using platform default
10-19 02:07:41.325 4153 4153 D NetworkSecurityConfig: No Network Security Config specified, using platform default
10-19 02:07:41.339 4153 4153 I CalendarProvider2: Created com.android.providers.calendar.CalendarAlarmManager@8288582(com.android.providers.calendar.CalendarProvider2@67aa493)
10-19 02:07:41.345 1546 3322 D CompatibilityInfo: mCompatibilityFlags - 4
10-19 02:07:41.345 1546 3322 D CompatibilityInfo: applicationDensity - 240
10-19 02:07:41.345 1546 3322 D CompatibilityInfo: applicationScale - 1.0
10-19 02:07:41.345 1546 2872 D CompatibilityChangeReporter: Compat change id reported: 143231523; UID 10021; state: DISABLED
10-19 02:07:41.350 1546 1546 D PowerManagerService: releaseWakeLockInternal: lock=213092954 [*alarm*], flags=0x0
10-19 02:07:41.350 1546 1546 D PowerManagerNotifier: onWakeLockReleased: flags=1, tag="*alarm*", packageName=android, ownerUid=1000, ownerPid=1546, workSource=WorkSource{10021}
10-19 02:07:41.350 1546 1546 D PowerManagerService: updateWakeLockSummaryLocked: mWakefulness=Awake, mWakeLockSummary=0x0
10-19 02:07:41.350 1546 1546 D PowerManagerService: updateUserActivitySummaryLocked: groupId=0, mWakefulness=Awake, mUserActivitySummary=0x1, nextTimeout=71133 (in 51435 ms)
10-19 02:07:41.350 1546 1546 D PowerManagerNotifier: onScreenPolicyUpdate: newPolicy=3
10-19 02:07:41.350 1546 1546 D PowerManagerService: updateDisplayPowerStateLocked: displayReady=true, groupId=0, policy=BRIGHT, mWakefulness=Awake, mWakeLockSummary=0x0, mUserActivitySummary=0x1, mBootCompleted=true, screenBrightnessOverride=NaN, useAutoBrightness=true, mScreenBrightnessBoostInProgress=false, mIsVrModeEnabled= false, sQuiescent=false
10-19 02:07:41.350 1546 1546 D PowerManagerService: Releasing suspend blocker "PowerManagerService.WakeLocks".
10-19 02:07:41.350 1546 1546 D PowerManagerService: acquireWakeLockInternal: lock=173856557, flags=0x1, tag="*job*/com.android.providers.calendar/.CalendarProviderJobService", ws=WorkSource{10021}, uid=1000, pid=1546
10-19 02:07:41.351 1546 1546 D PowerManagerService: updateWakeLockSummaryLocked: mWakefulness=Awake, mWakeLockSummary=0x1
10-19 02:07:41.351 1546 1546 D PowerManagerService: updateUserActivitySummaryLocked: groupId=0, mWakefulness=Awake, mUserActivitySummary=0x1, nextTimeout=71133 (in 51434 ms)
10-19 02:07:41.351 1546 1546 D PowerManagerNotifier: onScreenPolicyUpdate: newPolicy=3
10-19 02:07:41.351 1546 1546 D PowerManagerService: updateDisplayPowerStateLocked: displayReady=true, groupId=0, policy=BRIGHT, mWakefulness=Awake, mWakeLockSummary=0x1, mUserActivitySummary=0x1, mBootCompleted=true, screenBrightnessOverride=NaN, useAutoBrightness=true, mScreenBrightnessBoostInProgress=false, mIsVrModeEnabled= false, sQuiescent=false
10-19 02:07:41.351 1546 1546 D PowerManagerService: Acquiring suspend blocker "PowerManagerService.WakeLocks".
10-19 02:07:41.351 1546 1546 E power : power acquire_wake_lock enter!
10-19 02:07:41.351 1546 1546 E power : power acquire_wake_lock exit!
10-19 02:07:41.351 573 573 E android.system.suspend@1.0-service: SystemSuspend::acquireWakeLock enter!pid = 1546: Success
10-19 02:07:41.351 573 573 E android.system.suspend@1.0-service: SystemSuspend::acquireWakeLock exit!: Success
10-19 02:07:41.352 1546 1546 D PowerManagerNotifier: onWakeLockAcquired: flags=1, tag="*job*/com.android.providers.calendar/.CalendarProviderJobService", packageName=android, ownerUid=1000, ownerPid=1546, workSource=WorkSource{10021}
10-19 02:07:41.365 1546 3322 D PowerManagerService: releaseWakeLockInternal: lock=173856557 [*job*/com.android.providers.calendar/.CalendarProviderJobService], flags=0x0
10-19 02:07:41.365 1546 3322 D PowerManagerNotifier: onWakeLockReleased: flags=1, tag="*job*/com.android.providers.calendar/.CalendarProviderJobService", packageName=android, ownerUid=1000, ownerPid=1546, workSource=WorkSource{10021}
10-19 02:07:41.366 1546 3322 D PowerManagerService: updateWakeLockSummaryLocked: mWakefulness=Awake, mWakeLockSummary=0x0
10-19 02:07:41.366 1546 3322 D PowerManagerService: updateUserActivitySummaryLocked: groupId=0, mWakefulness=Awake, mUserActivitySummary=0x1, nextTimeout=71133 (in 51419 ms)
10-19 02:07:41.366 1546 3322 D PowerManagerNotifier: onScreenPolicyUpdate: newPolicy=3
10-19 02:07:41.366 1546 3322 D PowerManagerService: updateDisplayPowerStateLocked: displayReady=true, groupId=0, policy=BRIGHT, mWakefulness=Awake, mWakeLockSummary=0x0, mUserActivitySummary=0x1, mBootCompleted=true, screenBrightnessOverride=NaN, useAutoBrightness=true, mScreenBrightnessBoostInProgress=false, mIsVrModeEnabled= false, sQuiescent=false
10-19 02:07:41.366 1546 3322 D PowerManagerService: Releasing suspend blocker "PowerManagerService.WakeLocks".
10-19 02:07:41.369 1546 3322 I ActivityManager: Killing 4113:com.android.externalstorage/u0a33 (adj 905): empty #2
10-19 02:07:41.369 1546 3322 I am_kill : [0,4113,com.android.externalstorage,905,empty #2]
10-19 02:07:41.375 1546 1642 I libprocessgroup: Successfully killed process cgroup uid 10033 pid 4113 in 5ms
10-19 02:07:41.390 1546 2872 I am_proc_died: [0,4113,com.android.externalstorage,905,19]
10-19 02:07:41.390 671 671 I Zygote : Process 4113 exited due to signal 9 (Killed)
10-19 02:07:41.391 1546 2872 I am_uid_stopped: 10033
10-19 02:07:41.542 2320 2320 D RemoteControlService: startVlanDispatchThread
10-19 02:07:41.601 651 666 I mpu_uart: [MSG-P:RECV]:No message received in 1000 ms
10-19 02:07:41.601 2119 2429 D MicroService: send handshake message, currentTryAccount=4
10-19 02:07:41.628 651 665 I mpu_uart: [MSG-P:R]:recv sync frame timeout
10-19 02:07:41.700 1546 1836 I GameModeConfig: isGameModeOn = true
10-19 02:07:41.701 1546 1836 I GameModeConfig: isGaming = false
10-19 02:07:41.954 1546 1791 D PowerManagerService: acquireWakeLockInternal: lock=213092954, flags=0x1, tag="*alarm*", ws=WorkSource{10078}, uid=1000, pid=1546
10-19 02:07:41.955 1546 1791 D PowerManagerService: updateWakeLockSummaryLocked: mWakefulness=Awake, mWakeLockSummary=0x1
10-19 02:07:41.955 1546 1791 D PowerManagerService: updateUserActivitySummaryLocked: groupId=0, mWakefulness=Awake, mUserActivitySummary=0x1, nextTimeout=71133 (in 50830 ms)
10-19 02:07:41.955 1546 1791 D PowerManagerNotifier: onScreenPolicyUpdate: newPolicy=3
10-19 02:07:41.955 1546 1791 D PowerManagerService: updateDisplayPowerStateLocked: displayReady=true, groupId=0, policy=BRIGHT, mWakefulness=Awake, mWakeLockSummary=0x1, mUserActivitySummary=0x1, mBootCompleted=true, screenBrightnessOverride=NaN, useAutoBrightness=true, mScreenBrightnessBoostInProgress=false, mIsVrModeEnabled= false, sQuiescent=false
10-19 02:07:41.955 1546 1791 D PowerManagerService: Acquiring suspend blocker "PowerManagerService.WakeLocks".
10-19 02:07:41.955 1546 1791 E power : power acquire_wake_lock enter!
10-19 02:07:41.955 1546 1636 I am_uid_running: 10078
10-19 02:07:41.955 1546 1791 E power : power acquire_wake_lock exit!
10-19 02:07:41.956 573 573 E android.system.suspend@1.0-service: SystemSuspend::acquireWakeLock enter!pid = 1546: Success
10-19 02:07:41.956 573 573 E android.system.suspend@1.0-service: SystemSuspend::acquireWakeLock exit!: Success
10-19 02:07:41.956 1546 1791 D PowerManagerNotifier: onWakeLockAcquired: flags=1, tag="*alarm*", packageName=android, ownerUid=1000, ownerPid=1546, workSource=WorkSource{10078}
10-19 02:07:41.956 1546 1636 D CompatibilityChangeReporter: Compat change id reported: 135634846; UID 10078; state: DISABLED
10-19 02:07:41.957 1546 1636 D CompatibilityChangeReporter: Compat change id reported: 177438394; UID 10078; state: DISABLED
10-19 02:07:41.957 1546 1636 D CompatibilityChangeReporter: Compat change id reported: 135772972; UID 10078; state: DISABLED
10-19 02:07:41.957 1546 1636 D CompatibilityChangeReporter: Compat change id reported: 135754954; UID 10078; state: ENABLED
10-19 02:07:41.958 1546 1637 D CompatibilityChangeReporter: Compat change id reported: 143937733; UID 10078; state: ENABLED
10-19 02:07:41.984 671 671 D Zygote : Forked child process 4172
10-19 02:07:41.985 1546 1637 I am_proc_start: [0,4172,10078,com.qti.ltebc,broadcast,{com.qti.ltebc/com.qualcomm.ltebc.LTEBroadcastAlarmReceiver}]
10-19 02:07:41.985 1546 1637 I ActivityManager: Start proc 4172:com.qti.ltebc/u0a78 for broadcast {com.qti.ltebc/com.qualcomm.ltebc.LTEBroadcastAlarmReceiver}
10-19 02:07:42.015 4172 4172 E com.qti.ltebc: Not starting debugger since process cannot load the jdwp agent.
10-19 02:07:42.018 4172 4172 D ProcessState: Binder ioctl to enable oneway spam detection failed: Invalid argument
10-19 02:07:42.019 0 0 I [ 20.366349] binder: 4172:4172 ioctl 40046210 7fd6808274 returned -22
10-19 02:07:42.026 1546 2872 I am_proc_bound: [0,4172,com.qti.ltebc]
10-19 02:07:42.028 1546 2872 D CompatibilityChangeReporter: Compat change id reported: 168419799; UID 10078; state: DISABLED
10-19 02:07:42.028 1546 2872 D CompatibilityInfo: mCompatibilityFlags - 4
10-19 02:07:42.028 1546 2872 D CompatibilityInfo: applicationDensity - 240
10-19 02:07:42.029 1546 2872 D CompatibilityInfo: applicationScale - 1.0
10-19 02:07:42.033 1546 2872 I am_uid_active: 10078
10-19 02:07:42.033 1546 2872 D CompatibilityInfo: mCompatibilityFlags - 4
10-19 02:07:42.033 1546 2872 D CompatibilityInfo: applicationDensity - 240
10-19 02:07:42.035 1546 2872 D CompatibilityInfo: applicationScale - 1.0
10-19 02:07:42.036 4172 4172 D CompatibilityChangeReporter: Compat change id reported: 171979766; UID 10078; state: ENABLED
10-19 02:07:42.053 4172 4172 I Perf : Connecting to perf service.
10-19 02:07:42.056 4172 4172 V GraphicsEnvironment: ANGLE Developer option for 'com.qti.ltebc' set to: 'default'
10-19 02:07:42.057 4172 4172 V GraphicsEnvironment: ANGLE GameManagerService for com.qti.ltebc: false
10-19 02:07:42.057 4172 4172 D NetworkSecurityConfig: Using Network Security Config from resource network_security_config debugBuild: false
10-19 02:07:42.059 4172 4172 D NetworkSecurityConfig: Using Network Security Config from resource network_security_config debugBuild: false
10-19 02:07:42.059 4172 4172 D LTE Application: getLibraryName = msp
10-19 02:07:42.156 2175 4188 D TlogClient_LogCollectService: === START to package logs ===
10-19 02:07:42.162 2175 4188 D hw-ProcessState: Binder ioctl to enable oneway spam detection failed: Invalid argument
10-19 02:07:42.164 0 0 I [ 20.510604] binder: 2175:4188 ioctl 40046210 6eac7df174 returned -22
10-19 02:07:42.169 2175 4188 I tsnv.hidl.wrapper: TsnvWrapper: tsnv_get:Link to death notification successful!
10-19 02:07:42.173 2175 4188 D TlogClient_LogCollectService: mCommand: [/system/bin/sh, /data/user_de/0/com.tc.logclient/files/package_log.sh, 000089, 0007, 0]
10-19 02:07:42.247 0 0 I [ 20.593637] init: processing action (sys.tlog.pstore.active=1) from (/system/etc/init/tlogd.rc:137)
10-19 02:07:42.248 0 0 I [ 20.594979] init: starting service 'pstore_save'...
10-19 02:07:42.287 0 0 I [ 20.632772] init: Service 'pstore_save' (pid 4198) exited with status 1 oneshot service took 0.035000 seconds in background
10-19 02:07:42.287 0 0 I [ 20.632805] init: Sending signal 9 to service 'pstore_save' (pid 4198) process group...
10-19 02:07:42.287 0 0 I [ 20.632994] libprocessgroup: Successfully killed process cgroup uid 1000 pid 4198 in 0ms
10-19 02:07:42.335 4172 4172 I MSP-JNI : JNI_OnLoad called
10-19 02:07:42.336 4172 4172 E MSP-JNI : Failed to get class in Jload
10-19 02:07:42.336 4172 4172 I MSP-JNI : FindClass - com/qualcomm/ltebc/LTEBroadcastService JNI EXCEPTION CLEARED
10-19 02:07:42.336 4172 4172 I MSP-JNI : JNI_OnLoad: Initializing File Delivery references
10-19 02:07:42.337 4172 4172 I MSP-JNI : FindClass CARRIER_SPECIFIC_CLASS_DEFINITION JNI EXCEPTION CLEARED
10-19 02:07:42.337 4172 4172 I MSP-JNI : JNI_OnLoad: Completed File Delivery initialization
10-19 02:07:42.341 4172 4172 I LTE Application: LTEApplicationCreate
10-19 02:07:42.341 4172 4172 I LTE Application: applicationContext : com.qualcomm.ltebc.LTEQTIApplication@cc7bb2a
10-19 02:07:42.345 4172 4172 I LTE QMI Link: Creating QMI Link
10-19 02:07:42.346 4172 4172 D LTE Application: packageName = com.qti.ltebc versionCode = 5401010 versionName = MSDC_LA_5.4.01.01.0
10-19 02:07:42.346 4172 4172 I LTE Application: LTE Broadcast Library Release Version = MSDC_LA_5.4.01.01.0
10-19 02:07:42.346 4172 4172 D LTE Application: IntentSender : Last intent Status NOT_SENT forcedBroadcast flag = true
10-19 02:07:42.346 4172 4172 D LTE Application: sendBroadcastIntent IntentAction : Sending com.qualcomm.intent.EMBMS_STATUS ACTIVE = false
10-19 02:07:42.348 4172 4172 W SOCKET : ConnectionManager constructor has been initialised
10-19 02:07:42.348 4172 4172 E System : Ignoring attempt to set property "java.net.preferIPv6Addresses" to value "false".
10-19 02:07:42.349 4172 4172 D LTE Application: Android API Version 31
10-19 02:07:42.349 4172 4172 I LTE Application: Package Name : com.qti.ltebc
10-19 02:07:42.350 4172 4172 I LTE Application: app is not whitelisted
10-19 02:07:42.352 4172 4172 I LTEBroadcastAlarmReceiver: onReceive
10-19 02:07:42.352 4172 4172 I LTEBroadcastAlarmReceiver: ACTION_ALARM_WAKEUP_BOOT
10-19 02:07:42.352 4172 4172 I LTE Application: setStartupReason - set to STARTUP_REASON_BOOT
10-19 02:07:42.352 4172 4172 I LTE Application: startRootServiceASync false
10-19 02:07:42.352 4172 4172 I LTEBroadcastAlarmReceiver: onReceive exit
10-19 02:07:42.353 1546 2872 I ActivityManager: Killing 4153:com.android.providers.calendar/u0a21 (adj 905): empty #2
10-19 02:07:42.354 1546 2872 I am_kill : [0,4153,com.android.providers.calendar,905,empty #2]
10-19 02:07:42.356 4172 4201 I LTE Application: startRootServiceSync false
10-19 02:07:42.356 1546 1546 D PowerManagerService: releaseWakeLockInternal: lock=213092954 [*alarm*], flags=0x0
10-19 02:07:42.356 4172 4201 I LTE Application: startRootServiceSync initState LTEBC_MSP_NOT_INITIALIZED
10-19 02:07:42.356 1546 1546 D PowerManagerNotifier: onWakeLockReleased: flags=1, tag="*alarm*", packageName=android, ownerUid=1000, ownerPid=1546, workSource=WorkSource{10078}
10-19 02:07:42.356 4172 4201 I LTE Application: setWakeupMode - mode :WAKEUP_MODE_BG
10-19 02:07:42.356 4172 4201 I LTE Application: startRootServiceSync(): Started from Alarm WAKEUP_MODE_BG
10-19 02:07:42.356 1546 1546 D PowerManagerService: updateWakeLockSummaryLocked: mWakefulness=Awake, mWakeLockSummary=0x0
10-19 02:07:42.356 1546 1546 D PowerManagerService: updateUserActivitySummaryLocked: groupId=0, mWakefulness=Awake, mUserActivitySummary=0x1, nextTimeout=71133 (in 50428 ms)
10-19 02:07:42.356 1546 1546 D PowerManagerNotifier: onScreenPolicyUpdate: newPolicy=3
10-19 02:07:42.356 1546 1546 D PowerManagerService: updateDisplayPowerStateLocked: displayReady=true, groupId=0, policy=BRIGHT, mWakefulness=Awake, mWakeLockSummary=0x0, mUserActivitySummary=0x1, mBootCompleted=true, screenBrightnessOverride=NaN, useAutoBrightness=true, mScreenBrightnessBoostInProgress=false, mIsVrModeEnabled= false, sQuiescent=false
10-19 02:07:42.356 1546 1546 D PowerManagerService: Releasing suspend blocker "PowerManagerService.WakeLocks".
10-19 02:07:42.357 4172 4201 I LTE Application: Starting LTEBC Root Service : launcherIntent = Intent { cmp=com.qti.ltebc/com.qualcomm.ltebc.LTERootService }
10-19 02:07:42.359 1546 2872 D CompatibilityInfo: mCompatibilityFlags - 4
10-19 02:07:42.359 1546 2872 D CompatibilityInfo: applicationDensity - 240
10-19 02:07:42.359 1546 2872 D CompatibilityInfo: applicationScale - 1.0
10-19 02:07:42.360 4172 4172 I LTE Root Service: onCreate()
10-19 02:07:42.360 4172 4201 I LTE Application: shutdownLockOn() Current sKeepAlive: 0, After Incrementing : 1
10-19 02:07:42.360 4172 4201 I LTE Application: cancelShutDownTimer mspShutDownTimer is NULL
10-19 02:07:42.360 4172 4172 I LTE Root Service: onStartCommand()
10-19 02:07:42.360 4172 4201 V LTE Application: initStateChanged - LTEBC_PERMISSIONS_PENDING
10-19 02:07:42.360 4172 4200 I LTEBC Init Manager: handleStartInitialization
10-19 02:07:42.360 4172 4200 I LTE Root Service: [EVENT] row getManifestDeniedPermissionsList invoked
10-19 02:07:42.360 4172 4200 I LTEBC Init Manager: Handled state : 1
10-19 02:07:42.360 4172 4200 I LTEBC Init Manager: handlePermissionResult
10-19 02:07:42.360 4172 4200 V LTE Application: initStateChanged - LTEBC_MSP_INIT_PENDING
10-19 02:07:42.360 4172 4200 I LTE Application: handleInitConfigandConnectEmbmsServiceTask : doInBackground
10-19 02:07:42.361 1546 1642 I libprocessgroup: Successfully killed process cgroup uid 10021 pid 4153 in 6ms
10-19 02:07:42.364 4172 4200 I Ltebc : ConfigurationManager () : LTEApplication.internalDataPath /data/user/0/com.qti.ltebc/files
10-19 02:07:42.365 4172 4200 D LTE_CONFIG: getVendorPath /vendor
10-19 02:07:42.366 4172 4200 I Ltebc : Provisioning directories:[/vendor/embms/qcom, /vendor/embms/oem, /vendor/embms/qti, /vendor/embms/qcom/global, /vendor/embms/oem/global, /vendor/embms/qti/global, /system/embms/qcom, /system/embms/oem, /system/embms/qti, /system/embms/qcom/global, /system/embms/oem/global, /system/embms/qti/global, /vendor/app/embms/oem, /vendor/app/embms/oem/global, /storage/emulated/0/Android/data/com.qti.ltebc/files/embms/qcom, /storage/emulated/0/Android/data/com.qti.ltebc/files/embms/qcom/global]
10-19 02:07:42.366 4172 4200 I Ltebc : Provisioning directories Assets:[/carrierConfig/embms]
10-19 02:07:42.367 4172 4200 D LTE_CONFIG: configurable provisioningLocation: [/vendor/embms/qcom, /vendor/embms/oem, /vendor/embms/qti, /vendor/embms/qcom/global, /vendor/embms/oem/global, /vendor/embms/qti/global, /system/embms/qcom, /system/embms/oem, /system/embms/qti, /system/embms/qcom/global, /system/embms/oem/global, /system/embms/qti/global, /vendor/app/embms/oem, /vendor/app/embms/oem/global, /storage/emulated/0/Android/data/com.qti.ltebc/files/embms/qcom, /storage/emulated/0/Android/data/com.qti.ltebc/files/embms/qcom/global]
10-19 02:07:42.367 4172 4200 D LTE_CONFIG: copyFilesFromAssets
10-19 02:07:42.367 4172 4200 D LTE_CONFIG: copyFilesFromAssets : location = carrierConfig/embms
10-19 02:07:42.369 4172 4200 D LTE_CONFIG: copyFilesFromAssets : list of files in carrierConfig/embms = []
10-19 02:07:42.369 4172 4200 D LTE_CONFIG: copyFilesFromAssets : list of files in carrierConfig/embms is empty
10-19 02:07:42.369 4172 4200 D LTE_CONFIG: files copy operation from Assets folder failed
10-19 02:07:42.369 4172 4200 D LTE_CONFIG: oemProvisioningDirs : [/vendor/embms/qcom, /vendor/embms/oem, /vendor/embms/qti, /vendor/embms/qcom/global, /vendor/embms/oem/global, /vendor/embms/qti/global, /system/embms/qcom, /system/embms/oem, /system/embms/qti, /system/embms/qcom/global, /system/embms/oem/global, /system/embms/qti/global, /vendor/app/embms/oem, /vendor/app/embms/oem/global, /storage/emulated/0/Android/data/com.qti.ltebc/files/embms/qcom, /storage/emulated/0/Android/data/com.qti.ltebc/files/embms/qcom/global]
10-19 02:07:42.369 4172 4200 D LTE_CONFIG: Checking dir: /vendor/embms/qcom
10-19 02:07:42.370 4172 4200 D LTE_CONFIG: provisioning_params.xml not found, copy all other files from dir : /vendor/embms/qcom
10-19 02:07:42.370 4172 4200 D LTE_CONFIG: filesCount = 0
10-19 02:07:42.370 4172 4200 D LTE_CONFIG: Checking dir: /vendor/embms/oem
10-19 02:07:42.371 4172 4200 D LTE_CONFIG: provisioning_params.xml not found, copy all other files from dir : /vendor/embms/oem
10-19 02:07:42.371 4172 4200 D LTE_CONFIG: filesCount = 0
10-19 02:07:42.371 4172 4200 D LTE_CONFIG: Checking dir: /vendor/embms/qti
10-19 02:07:42.371 4172 4200 D LTE_CONFIG: provisioning_params.xml not found, copy all other files from dir : /vendor/embms/qti
10-19 02:07:42.371 4172 4200 D LTE_CONFIG: filesCount = 0
10-19 02:07:42.371 4172 4200 D LTE_CONFIG: Checking dir: /vendor/embms/qcom/global
10-19 02:07:42.371 4172 4200 D LTE_CONFIG: provisioning_params.xml not found, copy all other files from dir : /vendor/embms/qcom/global
10-19 02:07:42.371 4172 4200 D LTE_CONFIG: filesCount = 0
10-19 02:07:42.371 4172 4200 D LTE_CONFIG: Checking dir: /vendor/embms/oem/global
10-19 02:07:42.371 4172 4200 D LTE_CONFIG: provisioning_params.xml not found, copy all other files from dir : /vendor/embms/oem/global
10-19 02:07:42.371 4172 4200 D LTE_CONFIG: filesCount = 0
10-19 02:07:42.371 4172 4200 D LTE_CONFIG: Checking dir: /vendor/embms/qti/global
10-19 02:07:42.371 4172 4200 D LTE_CONFIG: provisioning_params.xml not found, copy all other files from dir : /vendor/embms/qti/global
10-19 02:07:42.371 4172 4200 D LTE_CONFIG: filesCount = 0
10-19 02:07:42.371 4172 4200 D LTE_CONFIG: Checking dir: /system/embms/qcom
10-19 02:07:42.371 4172 4200 D LTE_CONFIG: provisioning_params.xml not found, copy all other files from dir : /system/embms/qcom
10-19 02:07:42.371 4172 4200 D LTE_CONFIG: filesCount = 0
10-19 02:07:42.371 4172 4200 D LTE_CONFIG: Checking dir: /system/embms/oem
10-19 02:07:42.371 4172 4200 D LTE_CONFIG: provisioning_params.xml not found, copy all other files from dir : /system/embms/oem
10-19 02:07:42.371 4172 4200 D LTE_CONFIG: filesCount = 0
10-19 02:07:42.371 4172 4200 D LTE_CONFIG: Checking dir: /system/embms/qti
10-19 02:07:42.372 4172 4200 D LTE_CONFIG: provisioning_params.xml not found, copy all other files from dir : /system/embms/qti
10-19 02:07:42.372 4172 4200 D LTE_CONFIG: filesCount = 0
10-19 02:07:42.372 4172 4200 D LTE_CONFIG: Checking dir: /system/embms/qcom/global
10-19 02:07:42.372 4172 4200 D LTE_CONFIG: provisioning_params.xml not found, copy all other files from dir : /system/embms/qcom/global
10-19 02:07:42.372 4172 4200 D LTE_CONFIG: filesCount = 0
10-19 02:07:42.372 4172 4200 D LTE_CONFIG: Checking dir: /system/embms/oem/global
10-19 02:07:42.372 4172 4200 D LTE_CONFIG: provisioning_params.xml not found, copy all other files from dir : /system/embms/oem/global
10-19 02:07:42.372 4172 4200 D LTE_CONFIG: filesCount = 0
10-19 02:07:42.372 4172 4200 D LTE_CONFIG: Checking dir: /system/embms/qti/global
10-19 02:07:42.372 4172 4200 D LTE_CONFIG: provisioning_params.xml not found, copy all other files from dir : /system/embms/qti/global
10-19 02:07:42.372 4172 4200 D LTE_CONFIG: filesCount = 0
10-19 02:07:42.372 4172 4200 D LTE_CONFIG: Checking dir: /vendor/app/embms/oem
10-19 02:07:42.372 4172 4200 D LTE_CONFIG: provisioning_params.xml not found, copy all other files from dir : /vendor/app/embms/oem
10-19 02:07:42.372 4172 4200 D LTE_CONFIG: filesCount = 0
10-19 02:07:42.372 4172 4200 D LTE_CONFIG: Checking dir: /vendor/app/embms/oem/global
10-19 02:07:42.372 4172 4200 D LTE_CONFIG: provisioning_params.xml not found, copy all other files from dir : /vendor/app/embms/oem/global
10-19 02:07:42.372 4172 4200 D LTE_CONFIG: filesCount = 0
10-19 02:07:42.372 4172 4200 D LTE_CONFIG: Checking dir: /storage/emulated/0/Android/data/com.qti.ltebc/files/embms/qcom
10-19 02:07:42.372 4172 4200 D LTE_CONFIG: provisioning_params.xml not found, copy all other files from dir : /storage/emulated/0/Android/data/com.qti.ltebc/files/embms/qcom
10-19 02:07:42.373 4172 4200 D LTE_CONFIG: filesCount = 0
10-19 02:07:42.373 4172 4200 D LTE_CONFIG: Checking dir: /storage/emulated/0/Android/data/com.qti.ltebc/files/embms/qcom/global
10-19 02:07:42.373 4172 4200 D LTE_CONFIG: provisioning_params.xml not found, copy all other files from dir : /storage/emulated/0/Android/data/com.qti.ltebc/files/embms/qcom/global
10-19 02:07:42.373 4172 4200 D LTE_CONFIG: filesCount = 0
10-19 02:07:42.373 4172 4200 D LTE_CONFIG: copyLogLevelFile: emulatedPath = /storage/emulated/0/Android/data/com.qti.ltebc/files/embms/qcom/global
10-19 02:07:42.373 4172 4200 D LTE_CONFIG: copyLogLevelFile: logLevelFilePath = /storage/emulated/0/Android/data/com.qti.ltebc/files/embms/qcom/global/debug/loglevels.xml
10-19 02:07:42.373 4172 4200 D LTE_CONFIG: copyLogLevelFile: logLevels file copy failed: srcLogLevelFile = /storage/emulated/0/Android/data/com.qti.ltebc/files/embms/qcom/global/debug/loglevels.xml does not exist
10-19 02:07:42.373 4172 4200 I Ltebc : ConfigurationManager () load file from internal directory failed
10-19 02:07:42.374 4172 4200 I LTE Application: Ltebc : loadConfigData()
10-19 02:07:42.374 4172 4200 I Ltebc : ConfigurationManager : getProperties()
10-19 02:07:42.374 4172 4200 E LTE Application: Ltebc : preemption_priority is available in config file () : 5
10-19 02:07:42.374 4172 4200 I LTE Application: Ltebc : loadConfigData() sPreemptionPriority :5
10-19 02:07:42.374 4172 4200 I LTE Application: Ltebc : loadConfigData() sEarFcnList :5230
10-19 02:07:42.374 4172 4200 E LTE Application: Ltebc : enable_embms_sim is available in config file () : false
10-19 02:07:42.374 4172 4200 E LTE Application: Ltebc : loadConfigData() enableEmbmsSim :false
10-19 02:07:42.374 4172 4200 E LTE Application: Ltebc : shutdowntimer is available in config file () : 0
10-19 02:07:42.374 4172 4200 E LTE Application: shutDownTimer : 0.0
10-19 02:07:42.374 4172 4200 E LTE Application: Ltebc : provisioning_timeout_ms is available in config file () : 2592000000
10-19 02:07:42.374 4172 4200 I LTE Application: mProvisioningTMO : 2592000000
10-19 02:07:42.374 4172 4200 E LTE Application: Ltebc : enable_unicast_in_roaming is available in config file ()
10-19 02:07:42.374 4172 4200 I LTE Application: Ltebc : loadConfigData() enableUnicastInRoaming :false
10-19 02:07:42.374 4172 4200 E LTE Application: Ltebc : default_plmn is not available in config file ()
10-19 02:07:42.374 4172 4200 E LTE Application: Ltebc : roaming_check_periodicity_ms is available in config file ()
10-19 02:07:42.374 4172 4200 I LTE Application: Ltebc : loadConfigData() roaming_check_periodicity_ms :5000
10-19 02:07:42.374 4172 4200 E LTE Application: Ltebc : embms_get_e911_state_retry_attempts is available in config file ()
10-19 02:07:42.375 4172 4200 I LTE Application: Ltebc : loadConfigData() EMBMS_GET_E911_STATE_RETRY_ATTEMPTS :600
10-19 02:07:42.375 4172 4200 E LTE Application: provisioningTimerTask: mProvisioningTMO = 2592000000
10-19 02:07:42.375 4172 4200 I LTE Application: getStartupReason - startup_reason: STARTUP_REASON_BOOT
10-19 02:07:42.375 4172 4200 I LTEBC Init Manager: handlePermissionResult STARTUP_REASON_BOOT
10-19 02:07:42.376 4172 4200 I LTELicenseManager: startLicenseCheck requestCode: 3 cb: com.qualcomm.ltebc.LTEBCInitManager@df4a8cd
10-19 02:07:42.376 4172 4200 I LTELicenseManager: processLicenseCheck in progress false
10-19 02:07:42.376 1546 2100 I am_proc_died: [0,4153,com.android.providers.calendar,905,19]
10-19 02:07:42.376 671 671 I Zygote : Process 4153 exited due to signal 9 (Killed)
10-19 02:07:42.377 1546 2100 I am_uid_stopped: 10021
10-19 02:07:42.384 1546 2100 I am_uid_running: 10058
10-19 02:07:42.385 1546 2100 D CompatibilityChangeReporter: Compat change id reported: 135634846; UID 10058; state: DISABLED
10-19 02:07:42.385 1546 2100 D CompatibilityChangeReporter: Compat change id reported: 177438394; UID 10058; state: DISABLED
10-19 02:07:42.385 1546 2100 D CompatibilityChangeReporter: Compat change id reported: 135772972; UID 10058; state: DISABLED
10-19 02:07:42.385 1546 2100 D CompatibilityChangeReporter: Compat change id reported: 135754954; UID 10058; state: DISABLED
10-19 02:07:42.385 1546 1637 D CompatibilityChangeReporter: Compat change id reported: 143937733; UID 10058; state: DISABLED
10-19 02:07:42.386 4172 4200 I LTELicenseManager: MinkSocketFd connect true
10-19 02:07:42.386 4172 4200 I LTELicenseManager: Scheduling mink socket timeout 1000
10-19 02:07:42.386 4172 4200 I LTEBC Init Manager: Handled state : 7
10-19 02:07:42.399 671 671 D Zygote : Forked child process 4205
10-19 02:07:42.399 1546 1637 I am_proc_start: [0,4205,10058,com.qualcomm.qti.qms.service.trustzoneaccess,service,{com.qualcomm.qti.qms.service.trustzoneaccess/com.qualcomm.qti.qms.service.trustzoneaccess.TZAccessService}]
10-19 02:07:42.399 1546 1637 I ActivityManager: Start proc 4205:com.qualcomm.qti.qms.service.trustzoneaccess/u0a58 for service {com.qualcomm.qti.qms.service.trustzoneaccess/com.qualcomm.qti.qms.service.trustzoneaccess.TZAccessService}
10-19 02:07:42.407 4205 4205 I libc : SetHeapTaggingLevel: tag level set to 0
10-19 02:07:42.418 4205 4205 E trustzoneacces: Not starting debugger since process cannot load the jdwp agent.
10-19 02:07:42.425 4205 4205 D ProcessState: Binder ioctl to enable oneway spam detection failed: Invalid argument
10-19 02:07:42.427 0 0 I [ 20.774253] binder: 4205:4205 ioctl 40046210 7fd6808274 returned -22
10-19 02:07:42.430 1546 2100 I am_proc_bound: [0,4205,com.qualcomm.qti.qms.service.trustzoneaccess]
10-19 02:07:42.432 1546 2100 D CompatibilityChangeReporter: Compat change id reported: 168419799; UID 10058; state: DISABLED
10-19 02:07:42.432 1546 2100 D CompatibilityInfo: mCompatibilityFlags - 4
10-19 02:07:42.432 1546 2100 D CompatibilityInfo: applicationDensity - 240
10-19 02:07:42.432 1546 2100 D CompatibilityInfo: applicationScale - 1.0
10-19 02:07:42.435 1546 2100 D CompatibilityInfo: mCompatibilityFlags - 4
10-19 02:07:42.436 1546 2100 D CompatibilityInfo: applicationDensity - 240
10-19 02:07:42.436 1546 2100 D CompatibilityInfo: applicationScale - 1.0
10-19 02:07:42.438 4205 4205 D CompatibilityChangeReporter: Compat change id reported: 171979766; UID 10058; state: DISABLED
10-19 02:07:42.443 4205 4205 D ApplicationLoaders: Returning zygote-cached class loader: /system/framework/android.test.base.jar
10-19 02:07:42.452 4205 4205 D nativeloader: classloader namespace configured for unbundled vendor apk. library_path=/vendor/app/TrustZoneAccessService/lib/arm64:/vendor/lib64
10-19 02:07:42.460 4205 4205 I Perf : Connecting to perf service.
10-19 02:07:42.464 4205 4205 V GraphicsEnvironment: ANGLE Developer option for 'com.qualcomm.qti.qms.service.trustzoneaccess' set to: 'default'
10-19 02:07:42.465 4205 4205 V GraphicsEnvironment: ANGLE GameManagerService for com.qualcomm.qti.qms.service.trustzoneaccess: false
10-19 02:07:42.466 4205 4205 D NetworkSecurityConfig: No Network Security Config specified, using platform default
10-19 02:07:42.466 4205 4205 D NetworkSecurityConfig: No Network Security Config specified, using platform default
10-19 02:07:42.472 4172 4172 I MinkSocketFd: connected
10-19 02:07:42.474 4205 4219 V CredentialHelper: Processing credentials for uid = 10078
10-19 02:07:42.484 783 4222 I minksocket: MinkSocket_recvInvocationRequest: SMCINVOKE_IOCTL_LOG peer gid=10058 uid=10058 invoke=1, o.invoke=0x5e703490d0, o.context=0xb400007b4d83f270
10-19 02:07:42.486 783 4222 I ssgtzd : served new env
10-19 02:07:42.487 4172 4172 I LTELicenseManager: onConnect called
10-19 02:07:42.488 783 4224 I minksocket: MinkSocket_recvInvocationRequest: SMCINVOKE_IOCTL_LOG peer gid=10058 uid=10058 invoke=1, o.invoke=0x5e7034caa0, o.context=0xb400007b0d83e640
10-19 02:07:42.488 783 4224 E minksocket: MinkSocket_recvInvocationRequest: err=-98, SMCINVOKE_IOCTL_LOG, peer gid=10058 uid=10058 invoke=1
10-19 02:07:42.491 4172 4172 I LTELicenseManager: Before calling CheckInstalledLicense
10-19 02:07:42.500 4172 4172 E LTELicenseManager: Error code 29
10-19 02:07:42.500 4172 4172 E LTELicenseManager: Exception InvokeException, err=29
10-19 02:07:42.500 4172 4172 W System.err: com.qualcomm.qti.qms.api.mink.IMinkObject$InvokeException: InvokeException, err=29
10-19 02:07:42.500 4172 4172 W System.err: at com.qualcomm.qti.qms.api.mink.CMinkObject.nativeInvoke(Native Method)
10-19 02:07:42.500 4172 4172 W System.err: at com.qualcomm.qti.qms.api.mink.CMinkObject.invoke(CMinkObject.java:55)
10-19 02:07:42.500 4172 4172 W System.err: at com.qualcomm.qti.mink.IPFM$Proxy.CheckInstalledLicense(IPFM.java:164)
10-19 02:07:42.500 4172 4172 W System.err: at com.qualcomm.ltebc.LTELicenseManager$1.onConnect(LTELicenseManager.java:137)
10-19 02:07:42.500 4172 4172 W System.err: at com.qualcomm.qti.qms.api.minksocket.MinkSocketFdInternals$1.onServiceConnected(MinkSocketFdInternals.java:53)
10-19 02:07:42.500 4172 4172 W System.err: at android.app.LoadedApk$ServiceDispatcher.doConnected(LoadedApk.java:2077)
10-19 02:07:42.500 4172 4172 W System.err: at android.app.LoadedApk$ServiceDispatcher$RunConnection.run(LoadedApk.java:2110)
10-19 02:07:42.500 4172 4172 W System.err: at android.os.Handler.handleCallback(Handler.java:938)
10-19 02:07:42.500 4172 4172 W System.err: at android.os.Handler.dispatchMessage(Handler.java:99)
10-19 02:07:42.500 4172 4172 W System.err: at android.os.Looper.loopOnce(Looper.java:201)
10-19 02:07:42.500 4172 4172 W System.err: at android.os.Looper.loop(Looper.java:288)
10-19 02:07:42.500 4172 4172 W System.err: at android.app.ActivityThread.main(ActivityThread.java:7880)
10-19 02:07:42.500 4172 4172 W System.err: at java.lang.reflect.Method.invoke(Native Method)
10-19 02:07:42.500 4172 4172 W System.err: at com.android.internal.os.RuntimeInit$MethodAndArgsCaller.run(RuntimeInit.java:548)
10-19 02:07:42.500 4172 4172 W System.err: at com.android.internal.os.ZygoteInit.main(ZygoteInit.java:1009)
10-19 02:07:42.505 4172 4172 I LTELicenseManager: onDisconnect called
10-19 02:07:42.505 4172 4172 I LTELicenseManager: saveLicenseInSharedPreferences false
10-19 02:07:42.508 4172 4172 D LTELicenseManager: processLicenseCheck notify caller license validity false
10-19 02:07:42.508 4172 4172 I LTEBC Init Manager: onLicenseCheckComplete 3 isValid false
10-19 02:07:42.509 4172 4172 V LTE Application: initStateChanged - LTEBC_INIT_LICENSE_ERROR
10-19 02:07:42.509 4172 4172 I LTE Application: Error during ltebc initialization
10-19 02:07:42.512 4172 4172 I LTE-FD Service:: LTEFileDeliveryServiceHelper get connection manager : Thread[Thread-2,5,main]
10-19 02:07:42.513 4172 4172 I LTE Application: isAnyAppBindedWithMW : No Application is binded with MW
10-19 02:07:42.513 4172 4172 I LTEBC Init Manager: onLicenseCheckComplete failed, hence calling explicit stop
10-19 02:07:42.513 4172 4172 I LTE Application: explicitStop initState LTEBC_INIT_LICENSE_ERROR
10-19 02:07:42.515 4172 4172 I LTE Root Service: onDestroy
10-19 02:07:42.515 4172 4200 I LTEBC Init Manager: handleStartDeInitialization()
10-19 02:07:42.515 4172 4200 I LTE Application: isAnyAppBindedWithMW : No Application is binded with MW
10-19 02:07:42.515 4172 4200 I LTEBC Init Manager: forceExit() Force Killing MSP as sKeepAlive is not ZERO, sKeepAlive:1
10-19 02:07:42.516 4172 4200 I LTE Application: shutdownApp
10-19 02:07:42.516 4172 4200 I LTE Application: shutdownApp : after jshutdown()
10-19 02:07:42.516 4172 4200 I LTE Application: shutdownApp : calling Disconnect from Ebmbs
10-19 02:07:42.516 4172 4200 D LTE Application: IntentSender : Last intent Status INACTIVE_SENT forcedBroadcast flag = false
10-19 02:07:42.516 4172 4200 I LTE Application: shutdownApp : calling Connection Mgr shutdown()
10-19 02:07:42.516 4172 4200 W SOCEKT : Connection Thread shutdown
10-19 02:07:42.516 4172 4200 W SOCEKT : Recieve thread Pool shutdown
10-19 02:07:42.516 4172 4200 I LTE Application: shutdownApp : calling Ltebc exit
10-19 02:07:42.518 4172 4200 I com.qti.ltebc: System.exit called, status: 0
10-19 02:07:42.518 4172 4200 I AndroidRuntime: VM exiting with result code 0, cleanup skipped.
10-19 02:07:42.540 1546 2100 I ActivityManager: Process com.qti.ltebc (pid 4172) has died: cch+5 CEM
10-19 02:07:42.540 1546 1642 I libprocessgroup: Successfully killed process cgroup uid 10078 pid 4172 in 0ms
10-19 02:07:42.540 1546 2100 I am_proc_died: [0,4172,com.qti.ltebc,905,19]
10-19 02:07:42.541 1546 2100 I am_uid_stopped: 10078
10-19 02:07:42.541 671 671 I Zygote : Process 4172 exited cleanly (0)
10-19 02:07:42.562 2051 4048 D BufferPoolAccessor2.0: bufferpool2 0xb400006fa5bb5ae8 : 0(0 size) total buffers - 0(0 size) used buffers - 3/7 (recycle/alloc) - 4/74 (fetch/transfer)
10-19 02:07:42.563 2051 4048 D BufferPoolAccessor2.0: evictor expired: 1, evicted: 1
10-19 02:07:42.601 651 666 I mpu_uart: [MSG-P:RECV]:No message received in 1000 ms
10-19 02:07:42.827 1546 2639 D BufferPoolAccessor2.0: evictor expired: 6, evicted: 0
10-19 02:07:42.828 1307 2549 D BufferPoolAccessor2.0: bufferpool2 0xb400007ab428ee48 : 0(0 size) total buffers - 0(0 size) used buffers - 33/35 (recycle/alloc) - 2/34 (fetch/transfer)
10-19 02:07:42.828 1307 2549 D BufferPoolAccessor2.0: evictor expired: 1, evicted: 1
10-19 02:07:42.829 1889 2641 D BufferPoolAccessor2.0: evictor expired: 3, evicted: 0
10-19 02:07:43.005 1546 1836 I GameModeConfig: isGameModeOn = true
10-19 02:07:43.005 1546 1836 I GameModeConfig: isGaming = false
10-19 02:07:43.106 1546 1836 I GameModeConfig: isGameModeOn = true
10-19 02:07:43.106 1546 1836 I GameModeConfig: isGaming = false
10-19 02:07:43.110 1546 1836 I GameModeConfig: isGameModeOn = true
10-19 02:07:43.111 1546 1836 I GameModeConfig: isGaming = false
10-19 02:07:43.160 1546 1836 I GameModeConfig: isGameModeOn = true
10-19 02:07:43.160 1546 1836 I GameModeConfig: isGaming = false
10-19 02:07:43.232 1546 1836 I GameModeConfig: isGameModeOn = true
10-19 02:07:43.232 1546 1836 I GameModeConfig: isGaming = false
10-19 02:07:43.275 1546 1634 I am_pss : [2557,10076,com.android.launcher3,155695104,140718080,0,289062912,0,2,19]
10-19 02:07:43.304 0 0 I [ 21.650850] init: processing action (sys.tlog.tlogdsho.active=1) from (/system/etc/init/tlogd.rc:170)
10-19 02:07:43.339 4237 4237 D tlogd : [Main](main) =========tlog start======== u1000, g1000, p4237
10-19 02:07:43.339 4237 4237 D tlogd : [Main](main) current platform word size: 64
10-19 02:07:43.339 4237 4237 W tlogd : [ConfigLoader](ConfigLoader) using default config.xml.
10-19 02:07:43.339 4237 4237 D tlogd : [TlogdBluetooth](bluetoothMain) tlog prepare OK!
10-19 02:07:43.343 4237 4242 W tlogd : [AndroidLogReader](loggersClose) close android log.
10-19 02:07:43.343 4237 4242 W tlogd : [AndroidLogReader](loggersClose) close android log.
10-19 02:07:43.344 4237 4237 D tlogd : [TlogdBluetooth](bluetoothMain) end
10-19 02:07:43.344 4237 4237 E tlogd : [Main](main) =========tlog end========
10-19 02:07:43.350 4240 4240 D tlogd : [Main](main) =========tlog start======== u1000, g1000, p4240
10-19 02:07:43.350 4240 4240 D tlogd : [Main](main) current platform word size: 64
10-19 02:07:43.350 4240 4240 W tlogd : [ConfigLoader](ConfigLoader) using default config.xml.
10-19 02:07:43.351 4240 4240 D tlogd : [TlogdFatal](fatalMain) tlog prepare OK!
10-19 02:07:43.352 4240 4243 W tlogd : [AndroidLogReader](loggersClose) close android log.
10-19 02:07:43.352 4240 4243 W tlogd : [AndroidLogReader](loggersClose) close android log.
10-19 02:07:43.353 4240 4240 D tlogd : [TlogdFatal](fatalMain) end
10-19 02:07:43.353 4240 4240 E tlogd : [Main](main) =========tlog end========
10-19 02:07:43.602 651 666 I mpu_uart: [MSG-P:RECV]:No message received in 1000 ms
10-19 02:07:43.608 1546 1836 I GameModeConfig: isGameModeOn = true
10-19 02:07:43.608 1546 1836 I GameModeConfig: isGaming = false
10-19 02:07:43.645 1546 1836 I GameModeConfig: isGameModeOn = true
10-19 02:07:43.646 1546 1836 I GameModeConfig: isGaming = false
10-19 02:07:43.679 2119 2429 E MicroService: DTC_ETH: BaseMicroSocketClient:createClientSocket()
10-19 02:07:43.679 2119 2429 E MicroService: java.net.NoRouteToHostException: Host unreachable
