10-19 02:08:48.565 1546 3322 I thunderperf: CompatConfig.addOverrideUnsafe: aft-state=0
10-19 02:08:48.570 1546 3322 I ThunderBoostPerfService: Disable downscaling com.tencent.mm to 2380x1020
10-19 02:08:48.571 1546 3322 I ActivityTaskManager: isCallApp = false
10-19 02:08:48.571 1546 3322 I ActivityTaskManager: START u0 {act=android.intent.action.MAIN cat=[android.intent.category.LAUNCHER] flg=0x10200000 cmp=com.tencent.mm/.ui.LauncherUI} from uid 10076
10-19 02:08:48.572 1546 1622 I EventSequenceValidator: inc AccIntentStartedEvents to 2
10-19 02:08:48.578 1546 3322 D ActivityTaskManager: TaskLaunchParamsModifier:task=null activity=ActivityRecord{82721dd u0 com.tencent.mm/.ui.LauncherUI taskAffinity=10100:com.tencent.mm display-area-from-source=DefaultTaskDisplayArea@15489979 display-id=0 display-windowing-mode=1 suggested-display-area=DefaultTaskDisplayArea@15489979
10-19 02:08:48.580 1546 3322 E ANDR-PERF-JNI: com_qualcomm_qtiperformance_native_perf_io_prefetch_start
10-19 02:08:48.581 1546 3322 D ActivityTaskManager: TaskLaunchParamsModifier:task=null activity=ActivityRecord{82721dd u0 com.tencent.mm/.ui.LauncherUI taskAffinity=10100:com.tencent.mm t-1} display-area-from-source=DefaultTaskDisplayArea@15489979 display-id=0 display-windowing-mode=1 suggested-display-area=DefaultTaskDisplayArea@15489979 activity-options-bounds=Rect(12, 12 - 607, 926) non-freeform-display display-area=DefaultTaskDisplayArea@15489979
10-19 02:08:48.581 1546 3322 D FreeFormWindowHelper: recentTask : null
10-19 02:08:48.581 1546 3322 I wm_task_created: [69,-1]
10-19 02:08:48.581 1546 3322 W ActivityTaskManager: Can't find TaskDisplayArea to determine support for multi window. Task id=69 attached=false
10-19 02:08:48.582 1546 3322 D ActivityTaskManager: TaskLaunchParamsModifier:task=Task{766520 #69 type=standard A=10100:com.tencent.mm U=0 visible=true mode=freeform translucent=true sz=0 visible freeform task=true rootAffinity=10100:com.tencent.mm isMini=false} activity=ActivityRecord{82721dd u0 com.tencent.mm/.ui.LauncherUI taskAffinity=10100:com.tencent.mm t-1} display-area-from-source=DefaultTaskDisplayArea@15489979 display-id=0 display-windowing-mode=1 suggested-display-area=DefaultTaskDisplayArea@15489979 activity-options-bounds=Rect(12, 12 - 607, 926) non-freeform-display display-area=DefaultTaskDisplayArea@15489979
10-19 02:08:48.582 836 3399 E ANDR-IOP: io prefetch is disabled
10-19 02:08:48.583 1546 3322 D CompatibilityChangeReporter: Compat change id reported: 174042980; UID 10100; state: DISABLED
10-19 02:08:48.583 1546 3322 D CompatibilityChangeReporter: Compat change id reported: 184838306; UID 10100; state: DISABLED
10-19 02:08:48.583 1546 3322 D CompatibilityChangeReporter: Compat change id reported: 185004937; UID 10100; state: DISABLED
10-19 02:08:48.583 1546 3322 D CompatibilityChangeReporter: Compat change id reported: 181136395; UID 10100; state: DISABLED
10-19 02:08:48.584 1546 3322 D CompatibilityChangeReporter: Compat change id reported: 174042936; UID 10100; state: DISABLED
10-19 02:08:48.584 1546 3322 I wm_task_moved: [69,1,6]
10-19 02:08:48.584 1546 3322 I wm_task_to_front: [0,69]
10-19 02:08:48.584 1546 3322 I wm_create_task: [0,69]
10-19 02:08:48.584 1546 3322 I wm_create_activity: [0,136782301,69,com.tencent.mm/.ui.LauncherUI,android.intent.action.MAIN,NULL,NULL,270532608]
10-19 02:08:48.585 1546 3322 I wm_task_moved: [69,1,6]
10-19 02:08:48.585 1546 3322 D CompatibilityChangeReporter: Compat change id reported: 168419799; UID 10100; state: DISABLED
10-19 02:08:48.585 1546 3322 D CompatibilityInfo: mCompatibilityFlags - 4
10-19 02:08:48.585 1546 3322 D CompatibilityInfo: applicationDensity - 240
10-19 02:08:48.585 1546 3322 D CompatibilityInfo: applicationScale - 1.0
10-19 02:08:48.585 1546 3322 I ActivityTaskManager: FOREGROUND_APPLICATION_CHANGED to com.tencent.mm.ui.LauncherUI
10-19 02:08:48.586 1546 3322 D RecentTaskTest: checkUnusedTasks : 5
10-19 02:08:48.586 1546 3322 D RecentTaskTest: skip to remove task since it is system task : Task{9420002 #62 type=undefined A=10035:com.bilibili.bilithings U=0 visible=false mode=fullscreen translucent=true sz=0 visible freeform task=true rootAffinity=10035:com.bilibili.bilithings isMini=false}
10-19 02:08:48.586 1546 3322 D RecentTaskTest: skip to remove task since it is system task : Task{a6cd13 #66 type=undefined A=1000:com.android.settings.root U=0 visible=false mode=fullscreen translucent=true sz=0 visible freeform task=true rootAffinity=1000:com.android.settings.root isMini=false}
10-19 02:08:48.586 1546 3322 D RecentTaskTest: nonSystemUnusedAppTasks size : 1
10-19 02:08:48.586 1546 3322 D RecentTaskTest: nonSystemUnusedAppTasks task : Task{766520 #69 type=standard A=10100:com.tencent.mm U=0 visible=true mode=freeform translucent=true sz=1 visible freeform task=true rootAffinity=10100:com.tencent.mm isMini=false}
10-19 02:08:48.586 1546 3322 D RecentTaskTest: Inactive Time : 0ms
10-19 02:08:48.586 1546 3322 D RecentTaskTest:
10-19 02:08:48.587 2557 2557 D StateManager: goToState: Normal animated: true
10-19 02:08:48.588 2557 2557 I wm_on_top_resumed_lost_called: [252077482,com.android.launcher3.uioverrides.QuickstepLauncher,topStateChangedWhenResumed]
10-19 02:08:48.589 1546 1622 D CompatibilityChangeReporter: Compat change id reported: 135634846; UID 10100; state: DISABLED
10-19 02:08:48.589 1546 1622 D CompatibilityChangeReporter: Compat change id reported: 177438394; UID 10100; state: DISABLED
10-19 02:08:48.589 1546 1622 D CompatibilityChangeReporter: Compat change id reported: 135772972; UID 10100; state: DISABLED
10-19 02:08:48.589 1546 1637 D CompatibilityChangeReporter: Compat change id reported: 143937733; UID 10100; state: DISABLED
10-19 02:08:48.593 671 671 D Zygote : Forked child process 4385
10-19 02:08:48.593 1546 1637 I am_proc_start: [0,4385,10100,com.tencent.mm,top-activity,{com.tencent.mm/com.tencent.mm.ui.LauncherUI}]
10-19 02:08:48.593 1546 1637 I ActivityManager: Start proc 4385:com.tencent.mm/u0a100 for top-activity {com.tencent.mm/com.tencent.mm.ui.LauncherUI}
10-19 02:08:48.595 4385 4385 I libc : SetHeapTaggingLevel: tag level set to 0
10-19 02:08:48.599 4385 4385 E com.tencent.mm: Not starting debugger since process cannot load the jdwp agent.
10-19 02:08:48.600 4385 4385 D ProcessState: Binder ioctl to enable oneway spam detection failed: Invalid argument
10-19 02:08:48.602 1546 3322 I am_proc_bound: [0,4385,com.tencent.mm]
10-19 02:08:48.602 0 0 I [ 86.948610] binder: 4385:4385 ioctl 40046210 7fd6808274 returned -22
10-19 02:08:48.603 1546 3322 D CompatibilityInfo: mCompatibilityFlags - 4
10-19 02:08:48.603 1546 3322 D CompatibilityInfo: applicationDensity - 240
10-19 02:08:48.603 1546 3322 D CompatibilityInfo: applicationScale - 1.0
10-19 02:08:48.603 1546 3322 I ActivityTaskManager: clear resize flag in freeform mode
10-19 02:08:48.603 1546 3322 I ActivityTaskManager: The Process com.tencent.mm Already Exists in BG. So sending its PID: 4385
10-19 02:08:48.604 1546 3322 I wm_restart_activity: [0,136782301,69,com.tencent.mm/.ui.LauncherUI]
10-19 02:08:48.604 1546 3322 D CompatibilityInfo: mCompatibilityFlags - 4
10-19 02:08:48.604 1546 3322 D CompatibilityInfo: applicationDensity - 240
10-19 02:08:48.604 1546 3322 D CompatibilityInfo: applicationScale - 1.0
10-19 02:08:48.604 1546 3322 I wm_set_resumed_activity: [0,com.tencent.mm/.ui.LauncherUI,minimalResumeActivityLocked]
10-19 02:08:48.604 1546 3322 D FreeFormWindowHelper: handleFreeformTask : Task{766520 #69 type=standard A=10100:com.tencent.mm U=0 visible=true mode=freeform translucent=false sz=1 visible freeform task=true rootAffinity=10100:com.tencent.mm isMini=false}
10-19 02:08:48.604 1546 3322 D FreeFormWindowHelper: mFreeFormTask : null
10-19 02:08:48.604 1546 3322 D FreeFormWindowHelper: mInRecent : false
10-19 02:08:48.604 1546 3322 D FreeFormWindowHelper: add new freeform task : Task{766520 #69 type=standard A=10100:com.tencent.mm U=0 visible=true mode=freeform translucent=false sz=1 visible freeform task=true rootAffinity=10100:com.tencent.mm isMini=false}
10-19 02:08:48.604 1546 3322 D FreeFormWindowHelper:
10-19 02:08:48.606 4385 4385 D CompatibilityChangeReporter: Compat change id reported: 171979766; UID 10100; state: DISABLED
10-19 02:08:48.610 4385 4385 D ApplicationLoaders: Returning zygote-cached class loader: /system/framework/android.test.base.jar
10-19 02:08:48.615 4385 4385 I Perf : Connecting to perf service.
10-19 02:08:48.616 4385 4385 V GraphicsEnvironment: ANGLE Developer option for 'com.tencent.mm' set to: 'default'
10-19 02:08:48.616 4385 4385 V GraphicsEnvironment: ANGLE GameManagerService for com.tencent.mm: false
10-19 02:08:48.616 4385 4385 V GraphicsEnvironment: Updatable production driver is not supported on the device.
10-19 02:08:48.617 4385 4385 D NetworkSecurityConfig: Using Network Security Config from resource be debugBuild: false
10-19 02:08:48.617 4385 4385 D NetworkSecurityConfig: Using Network Security Config from resource be debugBuild: false
10-19 02:08:48.620 893 893 I BpBinder: onLastStrongRef automatically unlinking death recipients:
10-19 02:08:48.638 4385 4385 I MMKV : current API level = 31, libc++_shared=0
10-19 02:08:48.639 4385 4385 I MMKV : version v1.2.12, page size 4096, arch arm64-v8a
10-19 02:08:48.639 4385 4385 I MMKV : armv8 AES instructions is supported
10-19 02:08:48.639 4385 4385 I MMKV : armv8 CRC32 instructions is supported
10-19 02:08:48.639 4385 4385 I MMKV : root dir: /data/user/0/com.tencent.mm/files/mmkv
10-19 02:08:48.651 4385 4385 D CompatibilityChangeReporter: Compat change id reported: 147600208; UID 10100; state: ENABLED
10-19 02:08:48.655 4385 4385 W SQLiteCompatibilityWalFlags: Cannot read global setting sqlite_compatibility_wal_flags - Application state not available
10-19 02:08:48.671 4385 4385 E FirebaseApp: Firebase API initialization failure.
10-19 02:08:48.671 4385 4385 E FirebaseApp: java.lang.reflect.InvocationTargetException
10-19 02:08:48.671 4385 4385 E FirebaseApp: at java.lang.reflect.Method.invoke(Native Method)
10-19 02:08:48.671 4385 4385 E FirebaseApp: at com.google.firebase.FirebaseApp.e(Unknown Source:65)
10-19 02:08:48.671 4385 4385 E FirebaseApp: at com.google.firebase.FirebaseApp.f(SourceFile:149)
10-19 02:08:48.671 4385 4385 E FirebaseApp: at com.google.firebase.FirebaseApp.c(SourceFile:116)
10-19 02:08:48.671 4385 4385 E FirebaseApp: at com.google.firebase.FirebaseApp.b(Unknown Source:30)
10-19 02:08:48.671 4385 4385 E FirebaseApp: at com.google.firebase.provider.FirebaseInitProvider.onCreate(Unknown Source:4)
10-19 02:08:48.671 4385 4385 E FirebaseApp: at android.content.ContentProvider.attachInfo(ContentProvider.java:2404)
10-19 02:08:48.671 4385 4385 E FirebaseApp: at android.content.ContentProvider.attachInfo(ContentProvider.java:2374)
10-19 02:08:48.671 4385 4385 E FirebaseApp: at com.google.firebase.provider.FirebaseInitProvider.attachInfo(Unknown Source:15)
10-19 02:08:48.671 4385 4385 E FirebaseApp: at android.app.ActivityThread.installProvider(ActivityThread.java:7463)
10-19 02:08:48.671 4385 4385 E FirebaseApp: at android.app.ActivityThread.installContentProviders(ActivityThread.java:6980)
10-19 02:08:48.671 4385 4385 E FirebaseApp: at android.app.ActivityThread.handleBindApplication(ActivityThread.java:6729)
10-19 02:08:48.671 4385 4385 E FirebaseApp: at android.app.ActivityThread.access$1500(ActivityThread.java:248)
10-19 02:08:48.671 4385 4385 E FirebaseApp: at android.app.ActivityThread$H.handleMessage(ActivityThread.java:2054)
10-19 02:08:48.671 4385 4385 E FirebaseApp: at android.os.Handler.dispatchMessage(Handler.java:106)
10-19 02:08:48.671 4385 4385 E FirebaseApp: at android.os.Looper.loopOnce(Looper.java:201)
10-19 02:08:48.671 4385 4385 E FirebaseApp: at android.os.Looper.loop(Looper.java:288)
10-19 02:08:48.671 4385 4385 E FirebaseApp: at android.app.ActivityThread.main(ActivityThread.java:7880)
10-19 02:08:48.671 4385 4385 E FirebaseApp: at java.lang.reflect.Method.invoke(Native Method)
10-19 02:08:48.671 4385 4385 E FirebaseApp: at com.android.internal.os.RuntimeInit$MethodAndArgsCaller.run(RuntimeInit.java:548)
10-19 02:08:48.671 4385 4385 E FirebaseApp: at com.android.internal.os.ZygoteInit.main(ZygoteInit.java:1009)
10-19 02:08:48.671 4385 4385 E FirebaseApp: Caused by: java.lang.SecurityException: Failed to find provider com.google.android.gms.phenotype for user 0; expected to find a valid ContentProvider for this authority
10-19 02:08:48.671 4385 4385 E FirebaseApp: at android.os.Parcel.createExceptionOrNull(Parcel.java:2425)
10-19 02:08:48.671 4385 4385 E FirebaseApp: at android.os.Parcel.createException(Parcel.java:2409)
10-19 02:08:48.671 4385 4385 E FirebaseApp: at android.os.Parcel.readException(Parcel.java:2392)
10-19 02:08:48.671 4385 4385 E FirebaseApp: at android.os.Parcel.readException(Parcel.java:2334)
10-19 02:08:48.671 4385 4385 E FirebaseApp: at android.content.IContentService$Stub$Proxy.registerContentObserver(IContentService.java:1235)
10-19 02:08:48.671 4385 4385 E FirebaseApp: at android.content.ContentResolver.registerContentObserver(ContentResolver.java:2675)
10-19 02:08:48.671 4385 4385 E FirebaseApp: at android.content.ContentResolver.registerContentObserver(ContentResolver.java:2663)
10-19 02:08:48.671 4385 4385 E FirebaseApp: at com.google.android.gms.internal.measurement.zzwp.zza(Unknown Source:30)
10-19 02:08:48.671 4385 4385 E FirebaseApp: at com.google.android.gms.internal.measurement.zzws.zzry(Unknown Source:33)
10-19 02:08:48.671 4385 4385 E FirebaseApp: at com.google.android.gms.internal.measurement.zzws.get(Unknown Source:4)
10-19 02:08:48.671 4385 4385 E FirebaseApp: at com.google.android.gms.internal.measurement.zzex.get(Unknown Source:2)
10-19 02:08:48.671 4385 4385 E FirebaseApp: at com.google.android.gms.internal.measurement.zzfg.zziu(Unknown Source:7)
10-19 02:08:48.671 4385 4385 E FirebaseApp: at com.google.android.gms.internal.measurement.zzfg.isLoggable(Unknown Source:0)
10-19 02:08:48.671 4385 4385 E FirebaseApp: at com.google.android.gms.internal.measurement.zzfg.zza(Unknown Source:3)
10-19 02:08:48.671 4385 4385 E FirebaseApp: at com.google.android.gms.internal.measurement.zzfi.log(Unknown Source:12)
10-19 02:08:48.671 4385 4385 E FirebaseApp: at com.google.android.gms.internal.measurement.zzgl.(Unknown Source:220)
10-19 02:08:48.671 4385 4385 E FirebaseApp: at com.google.android.gms.internal.measurement.zzgl.zzg(Unknown Source:28)
10-19 02:08:48.671 4385 4385 E FirebaseApp: at com.google.android.gms.measurement.AppMeasurement.getInstance(Unknown Source:0)
10-19 02:08:48.671 4385 4385 E FirebaseApp: ... 21 more
10-19 02:08:48.671 4385 4385 E FirebaseApp: Caused by: android.os.RemoteException: Remote stack trace:
10-19 02:08:48.671 4385 4385 E FirebaseApp: at com.android.server.content.ContentService.registerContentObserver(ContentService.java:357)
10-19 02:08:48.671 4385 4385 E FirebaseApp: at android.content.IContentService$Stub.onTransact(IContentService.java:484)
10-19 02:08:48.671 4385 4385 E FirebaseApp: at android.os.Binder.execTransactInternal(Binder.java:1179)
10-19 02:08:48.671 4385 4385 E FirebaseApp: at android.os.Binder.execTransact(Binder.java:1143)
10-19 02:08:48.671 4385 4385 E FirebaseApp:
10-19 02:08:48.667 1546 1546 I auditd : type=1400 audit(0.0:106): avc: denied { getattr } for comm=4572726F722064756D703A20646174 path="/data/tlog/fatal/dropbox" dev="dm-10" ino=289 scontext=u:r:system_server:s0 tcontext=u:object_r:tlog_data_file:s0 tclass=dir permissive=0
10-19 02:08:48.671 1546 2566 I am_wtf : [0,4385,com.tencent.mm,949501508,FirebaseApp,Remote stack trace:
10-19 02:08:48.671 1546 2566 I am_wtf : at com.android.server.content.ContentService.registerContentObserver(ContentService.java:357)
10-19 02:08:48.671 1546 2566 I am_wtf : at android.content.IContentService$Stub.onTransact(IContentService.java:484)
10-19 02:08:48.671 1546 2566 I am_wtf : at android.os.Binder.execTransactInternal(Binder.java:1179)
10-19 02:08:48.671 1546 2566 I am_wtf : at android.os.Binder.execTransact(Binder.java:1143)
10-19 02:08:48.671 1546 2566 I am_wtf : ]
10-19 02:08:48.667 1546 1546 W system_server: type=1400 audit(0.0:106): avc: denied { getattr } for comm=4572726F722064756D703A20646174 path="/data/tlog/fatal/dropbox" dev="dm-10" ino=289 scontext=u:r:system_server:s0 tcontext=u:object_r:tlog_data_file:s0 tclass=dir permissive=0
10-19 02:08:48.672 1546 4421 I DropBoxManagerService: add tag=data_app_wtf isTagEnabled=true flags=0x2
10-19 02:08:48.672 1546 4421 E DropBoxManagerService: Can't write: data_app_wtf
10-19 02:08:48.672 1546 4421 E DropBoxManagerService: java.io.IOException: Can't mkdir: /data/tlog/fatal/dropbox
10-19 02:08:48.672 1546 4421 E DropBoxManagerService: at com.android.server.DropBoxManagerService.init(DropBoxManagerService.java:1011)
10-19 02:08:48.672 1546 4421 E DropBoxManagerService: at com.android.server.DropBoxManagerService.addEntry(DropBoxManagerService.java:470)
10-19 02:08:48.672 1546 4421 E DropBoxManagerService: at com.android.server.DropBoxManagerService.addEntry(DropBoxManagerService.java:421)
10-19 02:08:48.672 1546 4421 E DropBoxManagerService: at com.android.server.DropBoxManagerService.addData(DropBoxManagerService.java:392)
10-19 02:08:48.672 1546 4421 E DropBoxManagerService: at com.android.server.DropBoxManagerService$2.addData(DropBoxManagerService.java:161)
10-19 02:08:48.672 1546 4421 E DropBoxManagerService: at android.os.DropBoxManager.addData(DropBoxManager.java:333)
10-19 02:08:48.672 1546 4421 E DropBoxManagerService: at android.os.DropBoxManager.addText(DropBoxManager.java:320)
10-19 02:08:48.672 1546 4421 E DropBoxManagerService: at com.android.server.am.ActivityManagerService$16.run(ActivityManagerService.java:8479)
10-19 02:08:48.681 4385 4422 D CompatibilityChangeReporter: Compat change id reported: 160794467; UID 10100; state: DISABLED
10-19 02:08:48.684 4385 4385 E libprocessgroup: set_timerslack_ns write failed: Operation not permitted
10-19 02:08:48.686 1546 1636 D CompatibilityInfo: mCompatibilityFlags - 4
10-19 02:08:48.686 1546 1636 D CompatibilityInfo: applicationDensity - 240
10-19 02:08:48.686 1546 1636 D CompatibilityInfo: applicationScale - 1.0
10-19 02:08:48.686 4385 4385 V NativeCrash: Alternative stack installed.
10-19 02:08:48.686 4385 4385 V NativeCrash: Signal handler installed.
10-19 02:08:48.689 4385 4385 I com.tencent.mm: Thread[1,tid=4385,Native,Thread*=0xb400007035bac7b0,peer=0x725281d0,"main"] recursive attempt to load library "/data/app/~~EABsENRS9Od99y84zNaHBQ==/com.tencent.mm-Wbigtif81K3If_-PZrwfsQ==/lib/arm64/libtrace-canary.so"
10-19 02:08:48.689 4385 4385 I com.tencent.mm: Thread[1,tid=4385,Native,Thread*=0xb400007035bac7b0,peer=0x725281d0,"main"] recursive attempt to load library "/data/app/~~EABsENRS9Od99y84zNaHBQ==/com.tencent.mm-Wbigtif81K3If_-PZrwfsQ==/lib/arm64/libtrace-canary.so"
10-19 02:08:48.692 4385 4385 I MicroMsg.MatrixLifecycleBoot: [:4385, ]:enableFgServiceMonitor = true
10-19 02:08:48.692 4385 4385 I MicroMsg.MatrixLifecycleBoot: [:4385, ]:overlayWindowMonitorEnable = true
10-19 02:08:48.715 4385 4385 I MicroMsg.UIUtils: [:4385, ]:dancy test, isDarkModeOn!!
10-19 02:08:48.736 4385 4428 I VFS.FileSystemManager: [:4428, ]: tmpl-4 => log(0000) <- migrate(...) ${data}/MicroMsg/${dir}
10-19 02:08:48.736 4385 4428 I VFS.FileSystemManager: <- stat <- migrate(...) ${sdTo}/MicroMsg/${dir}
10-19 02:08:48.736 4385 4428 I VFS.FileSystemManager: <- stat <- ${sdFrom}/MicroMsg/${dir}
10-19 02:08:48.737 4385 4428 I VFS.FileSystemManager: [:4428, ]: tmpl-5 => log(0000) <- migrate(...) ${data}/MicroMsg/${account}/${dir}
10-19 02:08:48.737 4385 4428 I VFS.FileSystemManager: <- stat <- migrate(...) ${sdTo}/MicroMsg/${accountSalt}/${dir}
10-19 02:08:48.737 4385 4428 I VFS.FileSystemManager: <- $:${sdTo}/MicroMsg/${accountSd}/${dir}
10-19 02:08:48.737 4385 4428 I VFS.FileSystemManager: <- $:stat <- ${sdFrom}/MicroMsg/${accountSd}/${dir}
10-19 02:08:48.740 4385 4443 I WCDB : Initialize JNI module (1/12) MMFtsTokenizer...
10-19 02:08:48.740 4385 4443 V WCDB.JNIHelp: Registering com/tencent/wcdb/extension/fts/MMFtsTokenizer natives
10-19 02:08:48.740 4385 4443 I WCDB : Initialize JNI module (2/12) SQLiteDebug...
10-19 02:08:48.740 4385 4443 V WCDB.JNIHelp: Registering com/tencent/wcdb/database/SQLiteDebug natives
10-19 02:08:48.740 4385 4443 I WCDB : Initialize JNI module (3/12) Log...
10-19 02:08:48.740 4385 4443 V WCDB.JNIHelp: Registering com/tencent/wcdb/support/Log natives
10-19 02:08:48.743 4385 4443 I WCDB : Initialize JNI module (4/12) DBBackup...
10-19 02:08:48.743 4385 4443 V WCDB.JNIHelp: Registering com/tencent/wcdb/repair/BackupKit natives
10-19 02:08:48.743 4385 4443 V WCDB.JNIHelp: Registering com/tencent/wcdb/repair/RecoverKit natives
10-19 02:08:48.744 4385 4443 I WCDB : Initialize JNI module (5/12) FileUtils...
10-19 02:08:48.744 4385 4443 V WCDB.JNIHelp: Registering com/tencent/wcdb/FileUtils natives
10-19 02:08:48.744 4385 4443 I WCDB : Initialize JNI module (6/12) SQLiteGlobal...
10-19 02:08:48.744 4385 4443 V WCDB.JNIHelp: Registering com/tencent/wcdb/database/SQLiteGlobal natives
10-19 02:08:48.744 4385 4443 I WCDB : Initialize JNI module (7/12) ChunkedCursorWindow...
10-19 02:08:48.744 4385 4443 V WCDB.JNIHelp: Registering com/tencent/wcdb/database/ChunkedCursorWindow natives
10-19 02:08:48.745 4385 4443 V WCDB.JNIHelp: Registering com/tencent/wcdb/database/SQLiteAsyncQuery natives
10-19 02:08:48.745 4385 4443 I WCDB : Initialize JNI module (8/12) DBDumpUtil...
10-19 02:08:48.745 651 666 I mpu_uart: [MSG-P:RECV]:No message received in 1000 ms
10-19 02:08:48.745 4385 4443 V WCDB.JNIHelp: Registering com/tencent/wcdb/repair/DBDumpUtil natives
10-19 02:08:48.745 4385 4443 I WCDB : Initialize JNI module (9/12) DBRepair...
10-19 02:08:48.745 4385 4443 V WCDB.JNIHelp: Registering com/tencent/wcdb/repair/RepairKit$RepairCursor natives
10-19 02:08:48.746 4385 4443 I WCDB : Initialize JNI module (10/12) CursorWindow...
10-19 02:08:48.746 4385 4443 V WCDB.JNIHelp: Registering com/tencent/wcdb/CursorWindow natives
10-19 02:08:48.746 4385 4443 I WCDB : Initialize JNI module (11/12) SQLiteDirectCursor...
10-19 02:08:48.746 4385 4443 V WCDB.JNIHelp: Registering com/tencent/wcdb/database/SQLiteDirectQuery natives
10-19 02:08:48.746 4385 4443 I WCDB : Initialize JNI module (12/12) SQLiteConnection...
10-19 02:08:48.759 4385 4392 I com.tencent.mm: Method exceeds compiler instruction limit: 20877 in wl.d wl.j.a(java.lang.Class)
10-19 02:08:48.759 651 665 I mpu_uart: [MSG-P:R]:recv sync frame timeout
10-19 02:08:48.777 4385 4392 I com.tencent.mm: Method exceeds compiler instruction limit: 20877 in wl.d wl.j.a(java.lang.Class)
10-19 02:08:48.777 4385 4437 E com.tencent.mm: No implementation found for java.util.ArrayList com.tencent.mars.smc.SmcLogic.getLoadLibraries() (tried Java_com_tencent_mars_smc_SmcLogic_getLoadLibraries and Java_com_tencent_mars_smc_SmcLogic_getLoadLibraries__)
10-19 02:08:48.781 4385 4385 E ActivityThread: Failed to find provider info for com.google.android.gms.phenotype
10-19 02:08:48.786 1546 2100 D CompatibilityChangeReporter: Compat change id reported: 149924527; UID 10100; state: ENABLED
10-19 02:08:48.786 1546 2100 D CompatibilityChangeReporter: Compat change id reported: 132649864; UID 10100; state: DISABLED
10-19 02:08:48.787 1546 2100 I thunderperf: Maybe need boostperf for current app!
10-19 02:08:48.787 2051 2140 D FgBoostPerfService: [FgBoostPerfService.perfBoostAcq]start: stat=true pkgName=com.tencent.mm
10-19 02:08:48.788 2051 2140 I FgBoostPerfService: [FgBoostPerfService.perfBoostAcq] not game-mode or game app!
10-19 02:08:48.788 1546 2100 I ThunderPerfManager: PerfAcq error : state=true pkgName=com.tencent.mm
10-19 02:08:48.788 2051 2093 I FgBoostPerfService: [GetGpuMode] isMode=1 isGame=false mGpuMode=1
10-19 02:08:48.788 2051 4250 I FgBoostPerfService: [GetGpuDpiType] isMode=1 isGame=false mGpuDpiType=0
10-19 02:08:48.788 2051 3321 I FgBoostPerfService: [GetGpuDpiType] isMode=1 isGame=false mGpuStandardValue=0
10-19 02:08:48.788 1546 2100 I thunderperf: Current app pkgName=com.tencent.mm bm:com.thundercomm.perf.BoostPerfManager@720aec6 gpuMode=-1 gpuType=-1 gpuStandardVal=-1
10-19 02:08:48.788 1546 2100 I ThunderBoostPerfService: Resolution: Uid=10100 Pid=4385 gMode=-1 dType=-1 gpuStandardVal=-1
10-19 02:08:48.789 1546 2100 I thunderperf: PlatormCompat.setOverrides: Uid1=10100 Pid1=4385 Uid2=10100 Pid2=4385
10-19 02:08:48.789 1546 2100 I thunderperf: PlatormCompat.setOverrides: needCheck:false
10-19 02:08:48.789 1546 2100 W PackageManager: MATCH_ANY_USER flag requires INTERACT_ACROSS_USERS permission: UID 10100 requires android.permission.INTERACT_ACROSS_USERS_FULL or android.permission.INTERACT_ACROSS_USERS to access user 0.
10-19 02:08:48.789 1546 2100 E BoostPerfManager: UpdateResolution SecurityException : e=java.lang.SecurityException: MATCH_ANY_USER flag requires INTERACT_ACROSS_USERS permission: UID 10100 requires android.permission.INTERACT_ACROSS_USERS_FULL or android.permission.INTERACT_ACROSS_USERS to access user 0.
10-19 02:08:48.789 1546 2100 I ActivityTaskManager: isCallApp = false
10-19 02:08:48.789 1546 2100 I ActivityTaskManager: START u0 {cmp=com.tencent.mm/.app.WeChatSplashActivity (has extras)} from uid 10100
10-19 02:08:48.789 1546 2100 D ActivityTaskManager: TaskLaunchParamsModifier:task=null activity=ActivityRecord{d5bc7ac u0 com.tencent.mm/.app.WeChatSplashActivity taskAffinity=10100:com.tencent.mm display-area-from-source=DefaultTaskDisplayArea@15489979 display-id=0 display-windowing-mode=1 suggested-display-area=DefaultTaskDisplayArea@15489979
10-19 02:08:48.790 1546 2100 D ActivityTaskManager: TaskLaunchParamsModifier:task=Task{766520 #69 type=standard A=10100:com.tencent.mm U=0 visible=true mode=freeform translucent=false sz=1 visible freeform task=true rootAffinity=10100:com.tencent.mm isMini=false} activity=ActivityRecord{d5bc7ac u0 com.tencent.mm/.app.WeChatSplashActivity taskAffinity=10100:com.tencent.mm t-1} display-area-from-source=DefaultTaskDisplayArea@15489979 display-id=0 display-windowing-mode=1 suggested-display-area=DefaultTaskDisplayArea@15489979 non-freeform-display display-area=DefaultTaskDisplayArea@15489979
10-19 02:08:48.790 1546 2100 D FreeFormWindowHelper: recentTask : null
10-19 02:08:48.791 1546 2100 I wm_task_moved: [69,1,6]
10-19 02:08:48.791 1546 2100 I wm_set_resumed_activity: [0,com.tencent.mm/.ui.LauncherUI,positionChildAt]
10-19 02:08:48.791 1546 2100 I wm_create_activity: [0,224118700,69,com.tencent.mm/.app.WeChatSplashActivity,NULL,NULL,NULL,0]
10-19 02:08:48.791 1546 2100 D CompatibilityInfo: mCompatibilityFlags - 4
10-19 02:08:48.791 1546 2100 D CompatibilityInfo: applicationDensity - 240
10-19 02:08:48.791 1546 2100 D CompatibilityInfo: applicationScale - 1.0
10-19 02:08:48.792 1546 2100 D ActivityTrigger: ActivityTrigger activityPauseTrigger
10-19 02:08:48.792 1546 2100 I wm_pause_activity: [0,136782301,com.tencent.mm/.ui.LauncherUI,userLeaving=true,resumeTopActivityInnerLocked]
10-19 02:08:48.792 1546 2100 D PowerManagerService: acquireWakeLockInternal: lock=227281559, flags=0x1, tag="*launch*", ws=WorkSource{10100}, uid=1000, pid=1546
10-19 02:08:48.792 1546 2100 D PowerManagerService: updateWakeLockSummaryLocked: mWakefulness=Awake, mWakeLockSummary=0x1
10-19 02:08:48.792 1546 2100 D PowerManagerService: updateUserActivitySummaryLocked: groupId=0, mWakefulness=Awake, mUserActivitySummary=0x1, nextTimeout=146777 (in 59637 ms)
10-19 02:08:48.792 1546 2100 D PowerManagerNotifier: onScreenPolicyUpdate: newPolicy=3
10-19 02:08:48.792 1546 2100 D PowerManagerService: updateDisplayPowerStateLocked: displayReady=true, groupId=0, policy=BRIGHT, mWakefulness=Awake, mWakeLockSummary=0x1, mUserActivitySummary=0x1, mBootCompleted=true, screenBrightnessOverride=NaN, useAutoBrightness=true, mScreenBrightnessBoostInProgress=false, mIsVrModeEnabled= false, sQuiescent=false
10-19 02:08:48.792 1546 2100 D PowerManagerService: Acquiring suspend blocker "PowerManagerService.WakeLocks".
10-19 02:08:48.792 1546 2100 E power : power acquire_wake_lock enter!
10-19 02:08:48.792 1546 2100 E power : power acquire_wake_lock exit!
10-19 02:08:48.792 573 573 E android.system.suspend@1.0-service: SystemSuspend::acquireWakeLock enter!pid = 1546: Success
10-19 02:08:48.792 573 573 E android.system.suspend@1.0-service: SystemSuspend::acquireWakeLock exit!: Success
10-19 02:08:48.792 1546 2100 D PowerManagerNotifier: onWakeLockAcquired: flags=1, tag="*launch*", packageName=android, ownerUid=1000, ownerPid=1546, workSource=WorkSource{10100}
10-19 02:08:48.794 4385 4385 I wm_on_create_called: [136782301,com.tencent.mm.ui.LauncherUI,performCreate]
10-19 02:08:48.795 4385 4438 D CompatibilityChangeReporter: Compat change id reported: 171228096; UID 10100; state: ENABLED
10-19 02:08:48.803 4385 4392 I com.tencent.mm: Method exceeds compiler instruction limit: 20877 in wl.d wl.j.a(java.lang.Class)
10-19 02:08:48.806 4385 4385 I wm_on_start_called: [136782301,com.tencent.mm.ui.LauncherUI,handleStartActivity]
10-19 02:08:48.808 4385 4392 I com.tencent.mm: Method exceeds compiler instruction limit: 20877 in wl.d wl.j.a(java.lang.Class)
10-19 02:08:48.810 4385 4385 I wm_on_resume_called: [136782301,com.tencent.mm.ui.LauncherUI,RESUME_ACTIVITY]
10-19 02:08:48.812 4385 4479 E FA : Task exception on worker thread: java.lang.IllegalStateException: AppMeasurement is not initialized: com.google.android.gms.internal.measurement.zzgl.zzch(Unknown Source:9)
10-19 02:08:48.813 4385 4479 E FA : Task exception on worker thread: java.lang.IllegalStateException: Not initialized: com.google.android.gms.internal.measurement.zzhh.zzch(Unknown Source:11)
10-19 02:08:48.813 4385 4479 E FA : Persisted config not initialized. Not logging error/warn
10-19 02:08:48.813 4385 4479 E FA : Persisted config not initialized. Not logging error/warn
10-19 02:08:48.816 4385 4385 D InsetsController: onStateChanged: InsetsState: {mDisplayFrame=Rect(0, 0 - 2380, 1020), mDisplayCutout=DisplayCutout{insets=Rect(0, 0 - 0, 0) waterfall=Insets{left=0, top=0, right=0, bottom=0} boundingRect={Bounds=[Rect(0, 0 - 0, 0), Rect(0, 0 - 0, 0), Rect(0, 0 - 0, 0), Rect(0, 0 - 0, 0)]} cutoutPathParserInfo={CutoutPathParserInfo{displayWidth=0 displayHeight=0 density={0.0} cutoutSpec={} rotation={0} scale={0.0}}}}, mRoundedCorners=RoundedCorners{[RoundedCorner{position=TopLeft, radius=0, center=Point(0, 0)}, RoundedCorner{position=TopRight, radius=0, center=Point(0, 0)}, RoundedCorner{position=BottomRight, radius=0, center=Point(0, 0)}, RoundedCorner{position=BottomLeft, radius=0, center=Point(0, 0)}]}, mPrivacyIndicatorBounds=PrivacyIndicatorBounds {static bounds=Rect(2236, 0 - 2359, 36) rotation=0}, mSources= { InsetsSource: {mType=ITYPE_LEFT_GESTURES, mFrame=[0,0][0,1020], mVisible=true}, InsetsSource: {mType=ITYPE_RIGHT_GESTURES, mFrame=[2380,0][2380,1020], mVisible=true}, InsetsSource: {mType=ITYPE_TOP_MANDATORY_GESTURES, mFrame=[0,0][2380,36], mVisible=true}, InsetsSource: {mType=ITYPE_BOTTOM_MANDATORY_GESTURES, mFrame=[0,974][2380,1020], mVisible=true}, InsetsSource: {mType=ITYPE_TOP_TAPPABLE_ELEMENT, mFrame=[0,0][2380,36], mVisible=true}, InsetsSource: {mType=ITYPE_BOTTOM_TAPPABLE_ELEMENT, mFrame=[0,974][2380,1020], mVisible=true}, InsetsSource: {mType=ITYPE_IME, mFrame=[0,0][0,0], mVisible=false} }
10-19 02:08:48.816 4385 4385 D InsetsSourceConsumer: applyLocalVisibilityOverride: No control in com.tencent.mm/com.tencent.mm.ui.LauncherUI requestedVisible false
10-19 02:08:48.816 4385 4385 D InsetsSourceConsumer: applyLocalVisibilityOverride: No control in com.tencent.mm/com.tencent.mm.ui.LauncherUI requestedVisible true
10-19 02:08:48.816 4385 4385 D InsetsSourceConsumer: applyLocalVisibilityOverride: No control in com.tencent.mm/com.tencent.mm.ui.LauncherUI requestedVisible true
10-19 02:08:48.816 4385 4385 D InsetsSourceConsumer: applyLocalVisibilityOverride: No control in com.tencent.mm/com.tencent.mm.ui.LauncherUI requestedVisible true
10-19 02:08:48.816 4385 4385 D InsetsSourceConsumer: applyLocalVisibilityOverride: No control in com.tencent.mm/com.tencent.mm.ui.LauncherUI requestedVisible true
10-19 02:08:48.816 4385 4385 D InsetsSourceConsumer: applyLocalVisibilityOverride: No control in com.tencent.mm/com.tencent.mm.ui.LauncherUI requestedVisible true
10-19 02:08:48.816 4385 4385 D InsetsSourceConsumer: applyLocalVisibilityOverride: No control in com.tencent.mm/com.tencent.mm.ui.LauncherUI requestedVisible true
10-19 02:08:48.816 4385 4385 D InsetsController: onStateChanged, notifyInsetsChanged
10-19 02:08:48.816 4385 4385 D InsetsSourceConsumer: Call hide for ITYPE_IME on com.tencent.mm/com.tencent.mm.ui.LauncherUI
10-19 02:08:48.816 4385 4385 D InsetsSourceConsumer: applyLocalVisibilityOverride: No control in com.tencent.mm/com.tencent.mm.ui.LauncherUI requestedVisible false
10-19 02:08:48.816 4385 4385 I wm_on_top_resumed_gained_called: [136782301,com.tencent.mm.ui.LauncherUI,topStateChangedWhenResumed]
10-19 02:08:48.817 2557 2557 D ActivityChangeReceiver: onReceive
10-19 02:08:48.817 2557 4338 D MCUUtil : saveLastActivity activityName=com.tencent.mm.ui.LauncherUI packageName=com.tencent.mm
10-19 02:08:48.820 1546 1622 V InputMethodMenuController: Hide switching menu
10-19 02:08:48.821 1546 1623 I input_focus: [Focus request 3dd8af1 com.tencent.mm/com.tencent.mm.ui.LauncherUI,reason=UpdateInputWindows]
10-19 02:08:48.822 2557 2557 D InsetsSourceConsumer: applyLocalVisibilityOverride: No control in com.android.launcher3/com.android.launcher3.uioverrides.QuickstepLauncher requestedVisible true
10-19 02:08:48.823 2557 2557 D InsetsSourceConsumer: applyLocalVisibilityOverride: No control in com.android.launcher3/com.android.launcher3.uioverrides.QuickstepLauncher requestedVisible true
10-19 02:08:48.823 893 1075 W ServiceManager: Permission failure: android.permission.ACCESS_SURFACE_FLINGER from uid=10100 pid=4385
10-19 02:08:48.823 893 1075 D PermissionCache: checking android.permission.ACCESS_SURFACE_FLINGER for uid=10100 => denied (706 us)
10-19 02:08:48.823 893 1075 W ServiceManager: Permission failure: android.permission.ROTATE_SURFACE_FLINGER from uid=10100 pid=4385
10-19 02:08:48.823 893 1075 D PermissionCache: checking android.permission.ROTATE_SURFACE_FLINGER for uid=10100 => denied (122 us)
10-19 02:08:48.823 4385 4385 D InsetsController: onStateChanged: InsetsState: {mDisplayFrame=Rect(0, 0 - 2972, 1274), mDisplayCutout=DisplayCutout{insets=Rect(0, 0 - 0, 0) waterfall=Insets{left=0, top=0, right=0, bottom=0} boundingRect={Bounds=[Rect(0, 0 - 0, 0), Rect(0, 0 - 0, 0), Rect(0, 0 - 0, 0), Rect(0, 0 - 0, 0)]} cutoutPathParserInfo={CutoutPathParserInfo{displayWidth=0 displayHeight=0 density={0.0} cutoutSpec={} rotation={0} scale={1.248566}}}}, mRoundedCorners=RoundedCorners{[RoundedCorner{position=TopLeft, radius=0, center=Point(0, 0)}, RoundedCorner{position=TopRight, radius=0, center=Point(0, 0)}, RoundedCorner{position=BottomRight, radius=0, center=Point(0, 0)}, RoundedCorner{position=BottomLeft, radius=0, center=Point(0, 0)}]}, mPrivacyIndicatorBounds=PrivacyIndicatorBounds {static bounds=Rect(2792, 0 - 2945, 45) rotation=0}, mSources= { InsetsSource: {mType=ITYPE_LEFT_GESTURES, mFrame=[0,0][0,1274], mVisible=true}, InsetsSource: {mType=ITYPE_RIGHT_GESTURES, mFrame=[2972,0][2972,1274], mVisible=true}, InsetsSource: {mType=ITYPE_TOP_MANDATORY_GESTURES, mFrame=[0,0][2972,45], mVisible=true}, InsetsSource: {mType=ITYPE_BOTTOM_MANDATORY_GESTURES, mFrame=[0,1216][2972,1274], mVisible=true}, InsetsSource: {mType=ITYPE_TOP_TAPPABLE_ELEMENT, mFrame=[0,0][2972,45], mVisible=true}, InsetsSource: {mType=ITYPE_BOTTOM_TAPPABLE_ELEMENT, mFrame=[0,1216][2972,1274], mVisible=true}, InsetsSource: {mType=ITYPE_IME, mFrame=[0,0][0,0], mVisible=false} }
10-19 02:08:48.823 4385 4385 D InsetsSourceConsumer: applyLocalVisibilityOverride: No control in com.tencent.mm/com.tencent.mm.ui.LauncherUI requestedVisible false
10-19 02:08:48.823 4385 4385 D InsetsSourceConsumer: applyLocalVisibilityOverride: No control in com.tencent.mm/com.tencent.mm.ui.LauncherUI requestedVisible true
10-19 02:08:48.823 4385 4385 D InsetsSourceConsumer: applyLocalVisibilityOverride: No control in com.tencent.mm/com.tencent.mm.ui.LauncherUI requestedVisible true
10-19 02:08:48.823 4385 4385 D InsetsSourceConsumer: applyLocalVisibilityOverride: No control in com.tencent.mm/com.tencent.mm.ui.LauncherUI requestedVisible true
10-19 02:08:48.823 4385 4385 D InsetsSourceConsumer: applyLocalVisibilityOverride: No control in com.tencent.mm/com.tencent.mm.ui.LauncherUI requestedVisible true
10-19 02:08:48.823 4385 4385 D InsetsSourceConsumer: applyLocalVisibilityOverride: No control in com.tencent.mm/com.tencent.mm.ui.LauncherUI requestedVisible true
10-19 02:08:48.823 4385 4385 D InsetsSourceConsumer: applyLocalVisibilityOverride: No control in com.tencent.mm/com.tencent.mm.ui.LauncherUI requestedVisible true
10-19 02:08:48.823 4385 4385 D InsetsSourceConsumer: applyLocalVisibilityOverride: No control in com.tencent.mm/com.tencent.mm.ui.LauncherUI requestedVisible true
10-19 02:08:48.823 4385 4385 D InsetsSourceConsumer: applyLocalVisibilityOverride: No control in com.tencent.mm/com.tencent.mm.ui.LauncherUI requestedVisible true
10-19 02:08:48.823 4385 4385 D InsetsController: onStateChanged, notifyInsetsChanged
10-19 02:08:48.823 4385 4385 D InsetsSourceConsumer: Call hide for ITYPE_IME on com.tencent.mm/com.tencent.mm.ui.LauncherUI
10-19 02:08:48.823 4385 4385 D InsetsSourceConsumer: applyLocalVisibilityOverride: No control in com.tencent.mm/com.tencent.mm.ui.LauncherUI requestedVisible false
10-19 02:08:48.823 4385 4385 D InsetsSourceConsumer: setControl -> ITYPE_NAVIGATION_BAR on com.tencent.mm/com.tencent.mm.ui.LauncherUI
10-19 02:08:48.823 4385 4385 D InsetsSourceConsumer: setControl -> ITYPE_STATUS_BAR on com.tencent.mm/com.tencent.mm.ui.LauncherUI
10-19 02:08:48.824 4385 4435 I AdrenoGLES-0: QUALCOMM build : 47421dbee6, I139f36ad46
10-19 02:08:48.824 4385 4435 I AdrenoGLES-0: Build Date : 02/18/22
10-19 02:08:48.824 4385 4435 I AdrenoGLES-0: OpenGL ES Shader Compiler Version: EV031.32.02.17
10-19 02:08:48.824 4385 4435 I AdrenoGLES-0: Local Branch :
10-19 02:08:48.824 4385 4435 I AdrenoGLES-0: Remote Branch :
10-19 02:08:48.824 4385 4435 I AdrenoGLES-0: Remote Branch :
10-19 02:08:48.824 4385 4435 I AdrenoGLES-0: Reconstruct Branch :
10-19 02:08:48.824 4385 4435 I AdrenoGLES-0: Build Config : S P 10.0.7 AArch64
10-19 02:08:48.824 4385 4435 I AdrenoGLES-0: Driver Path : /vendor/lib64/egl/libGLESv2_adreno.so
10-19 02:08:48.825 512 512 I hwservicemanager: getTransport: Cannot find entry android.hardware.graphics.mapper@4.0::IMapper/default in either framework or device VINTF manifest.
10-19 02:08:48.827 4385 4435 I AdrenoGLES-0: PFP: 0x016dd093, ME: 0x00000000
10-19 02:08:48.832 4385 4435 D libEGL : MSAA-->msaa:2 gamemode:0 4x_msaa:0
10-19 02:08:48.832 4385 4435 D libEGL : MSAA-->msaa:2 gamemode:0 4x_msaa:0
10-19 02:08:48.832 4385 4435 D libEGL : MSAA-->msaa:2 gamemode:0 4x_msaa:0
10-19 02:08:48.836 834 968 I SDM : HWCDisplay::GetColorModeCount: Supported color mode count = 1
10-19 02:08:48.836 834 968 I SDM : HWCDisplay::GetColorModes: Color mode = 0 is supported
10-19 02:08:48.836 893 2688 E HWComposer: getSupportedContentTypes: getSupportedContentTypes failed for display 4630946370410392961: Unsupported (8)
10-19 02:08:48.836 4385 4435 D hw-ProcessState: Binder ioctl to enable oneway spam detection failed: Invalid argument
10-19 02:08:48.837 0 0 I [ 87.185264] binder: 4385:4435 ioctl 40046210 6e28baf1f4 returned -22
10-19 02:08:48.837 512 512 I hwservicemanager: getTransport: Cannot find entry android.hardware.graphics.mapper@4.0::IMapper/default in either framework or device VINTF manifest.
10-19 02:08:48.837 4385 4485 I Gralloc4: mapper 4.x is not supported
10-19 02:08:48.838 1546 1799 I input_focus: [Focus leaving 81c89eb com.android.launcher3/com.android.launcher3.uioverrides.QuickstepLauncher (server),reason=Waiting for window because NOT_VISIBLE]
10-19 02:08:48.838 512 512 I hwservicemanager: getTransport: Cannot find entry android.hardware.graphics.allocator@4.0::IAllocator/default in either framework or device VINTF manifest.
10-19 02:08:48.839 4385 4485 W Gralloc4: allocator 4.x is not supported
10-19 02:08:48.844 4385 4392 I com.tencent.mm: Method exceeds compiler instruction limit: 20877 in wl.d wl.j.a(java.lang.Class)
10-19 02:08:48.846 4385 4443 I chromium: [1019/020848.846241:INFO:com_tencent_mars_cdn_CronetLogic_Java2C.cc(42)] cronet vfs init rv 0
10-19 02:08:48.852 4385 4385 I wm_on_top_resumed_lost_called: [136782301,com.tencent.mm.ui.LauncherUI,topStateChangedWhenResumed]
10-19 02:08:48.855 1546 3322 W ServiceManager: Permission failure: android.permission.HIGH_SAMPLING_RATE_SENSORS from uid=10100 pid=4385
10-19 02:08:48.855 1546 2100 D CompatibilityChangeReporter: Compat change id reported: 171306433; UID 10100; state: DISABLED
10-19 02:08:48.858 4385 4479 E FA : Task exception on worker thread: java.lang.IllegalStateException: Not initialized: com.google.android.gms.internal.measurement.zzhh.zzch(Unknown Source:11)
10-19 02:08:48.858 4385 4479 E FA : Task exception on worker thread: java.lang.IllegalStateException: Not initialized: com.google.android.gms.internal.measurement.zzhh.zzch(Unknown Source:11)
10-19 02:08:48.858 4385 4385 I wm_on_paused_called: [136782301,com.tencent.mm.ui.LauncherUI,performPause]
10-19 02:08:48.858 4385 4479 E FA : Persisted config not initialized. Not logging error/warn
10-19 02:08:48.858 4385 4479 E FA : Persisted config not initialized. Not logging error/warn
10-19 02:08:48.859 1546 2566 I ActivityTaskManager: FOREGROUND_APPLICATION_CHANGED to com.tencent.mm.app.WeChatSplashActivity
10-19 02:08:48.859 1546 2566 I ActivityTaskManager: The Process com.tencent.mm Already Exists in BG. So sending its PID: 4385
10-19 02:08:48.860 1546 2566 W ActivityTaskManager: Tried to set launchTime (0) < mLastActivityLaunchTime (86952)
10-19 02:08:48.860 1546 2566 I wm_restart_activity: [0,224118700,69,com.tencent.mm/.app.WeChatSplashActivity]
10-19 02:08:48.860 1546 2566 D CompatibilityInfo: mCompatibilityFlags - 4
10-19 02:08:48.860 1546 2566 D CompatibilityInfo: applicationDensity - 240
10-19 02:08:48.860 1546 2566 D CompatibilityInfo: applicationScale - 1.0
10-19 02:08:48.861 1546 2566 I wm_set_resumed_activity: [0,com.tencent.mm/.app.WeChatSplashActivity,minimalResumeActivityLocked]
10-19 02:08:48.862 1546 2566 D FreeFormWindowHelper: handleFreeformTask : Task{766520 #69 type=standard A=10100:com.tencent.mm U=0 visible=true mode=freeform translucent=false sz=2 visible freeform task=true rootAffinity=10100:com.tencent.mm isMini=false}
10-19 02:08:48.862 1546 2566 D FreeFormWindowHelper: mFreeFormTask : Task{766520 #69 type=standard A=10100:com.tencent.mm U=0 visible=true mode=freeform translucent=false sz=2 visible freeform task=true rootAffinity=10100:com.tencent.mm isMini=false}
10-19 02:08:48.862 1546 2566 D FreeFormWindowHelper: mInRecent : false
10-19 02:08:48.862 1546 2566 D FreeFormWindowHelper: add new freeform task : Task{766520 #69 type=standard A=10100:com.tencent.mm U=0 visible=true mode=freeform translucent=false sz=2 visible freeform task=true rootAffinity=10100:com.tencent.mm isMini=false}
10-19 02:08:48.862 1546 2566 D FreeFormWindowHelper:
10-19 02:08:48.864 4385 4385 D InsetsController: onStateChanged: InsetsState: {mDisplayFrame=Rect(0, 0 - 2972, 1274), mDisplayCutout=DisplayCutout{insets=Rect(0, 0 - 0, 0) waterfall=Insets{left=0, top=0, right=0, bottom=0} boundingRect={Bounds=[Rect(0, 0 - 0, 0), Rect(0, 0 - 0, 0), Rect(0, 0 - 0, 0), Rect(0, 0 - 0, 0)]} cutoutPathParserInfo={CutoutPathParserInfo{displayWidth=0 displayHeight=0 density={0.0} cutoutSpec={} rotation={0} scale={1.248566}}}}, mRoundedCorners=RoundedCorners{[RoundedCorner{position=TopLeft, radius=0, center=Point(0, 0)}, RoundedCorner{position=TopRight, radius=0, center=Point(0, 0)}, RoundedCorner{position=BottomRight, radius=0, center=Point(0, 0)}, RoundedCorner{position=BottomLeft, radius=0, center=Point(0, 0)}]}, mPrivacyIndicatorBounds=PrivacyIndicatorBounds {static bounds=Rect(2792, 0 - 2945, 45) rotation=0}, mSources= { InsetsSource: {mType=ITYPE_LEFT_GESTURES, mFrame=[0,0][0,1274], mVisible=true}, InsetsSource: {mType=ITYPE_RIGHT_GESTURES, mFrame=[2972,0][2972,1274], mVisible=true}, InsetsSource: {mType=ITYPE_TOP_MANDATORY_GESTURES, mFrame=[0,0][2972,45], mVisible=true}, InsetsSource: {mType=ITYPE_BOTTOM_MANDATORY_GESTURES, mFrame=[0,1216][2972,1274], mVisible=true}, InsetsSource: {mType=ITYPE_TOP_TAPPABLE_ELEMENT, mFrame=[0,0][2972,45], mVisible=true}, InsetsSource: {mType=ITYPE_BOTTOM_TAPPABLE_ELEMENT, mFrame=[0,1216][2972,1274], mVisible=true}, InsetsSource: {mType=ITYPE_IME, mFrame=[0,0][0,0], mVisible=false} }
10-19 02:08:48.864 4385 4385 D InsetsSourceConsumer: applyLocalVisibilityOverride: No control in com.tencent.mm/com.tencent.mm.ui.LauncherUI requestedVisible false
10-19 02:08:48.864 4385 4385 D InsetsSourceConsumer: applyLocalVisibilityOverride: No control in com.tencent.mm/com.tencent.mm.ui.LauncherUI requestedVisible true
10-19 02:08:48.864 4385 4385 D InsetsSourceConsumer: applyLocalVisibilityOverride: No control in com.tencent.mm/com.tencent.mm.ui.LauncherUI requestedVisible true
10-19 02:08:48.864 4385 4385 D InsetsSourceConsumer: applyLocalVisibilityOverride: No control in com.tencent.mm/com.tencent.mm.ui.LauncherUI requestedVisible true
10-19 02:08:48.864 4385 4385 D InsetsSourceConsumer: applyLocalVisibilityOverride: No control in com.tencent.mm/com.tencent.mm.ui.LauncherUI requestedVisible true
10-19 02:08:48.864 4385 4385 D InsetsSourceConsumer: applyLocalVisibilityOverride: No control in com.tencent.mm/com.tencent.mm.ui.LauncherUI requestedVisible true
10-19 02:08:48.864 4385 4385 D InsetsSourceConsumer: applyLocalVisibilityOverride: No control in com.tencent.mm/com.tencent.mm.ui.LauncherUI requestedVisible true
10-19 02:08:48.864 4385 4385 D InsetsController: onStateChanged, notifyInsetsChanged
10-19 02:08:48.864 4385 4385 D InsetsSourceConsumer: Call hide for ITYPE_IME on com.tencent.mm/com.tencent.mm.ui.LauncherUI
10-19 02:08:48.864 4385 4385 D InsetsSourceConsumer: applyLocalVisibilityOverride: No control in com.tencent.mm/com.tencent.mm.ui.LauncherUI requestedVisible false
10-19 02:08:48.864 4385 4385 D InsetsSourceConsumer: setControl -> ITYPE_NAVIGATION_BAR on com.tencent.mm/com.tencent.mm.ui.LauncherUI
10-19 02:08:48.864 4385 4385 D InsetsSourceConsumer: applyHiddenToControl: true
10-19 02:08:48.865 4385 4385 D InsetsSourceConsumer: setControl -> ITYPE_STATUS_BAR on com.tencent.mm/com.tencent.mm.ui.LauncherUI
10-19 02:08:48.865 4385 4385 D InsetsSourceConsumer: applyHiddenToControl: true
10-19 02:08:48.866 2557 2557 D InsetsSourceConsumer: setControl -> ITYPE_NAVIGATION_BAR on com.android.launcher3/com.android.launcher3.uioverrides.QuickstepLauncher
10-19 02:08:48.866 2557 2557 D InsetsSourceConsumer: applyHiddenToControl: true
10-19 02:08:48.866 2557 2557 D InsetsSourceConsumer: setControl -> ITYPE_STATUS_BAR on com.android.launcher3/com.android.launcher3.uioverrides.QuickstepLauncher
10-19 02:08:48.866 2557 2557 D InsetsSourceConsumer: applyHiddenToControl: true
10-19 02:08:48.868 1546 1622 I sysui_multi_action: [757,803,799,window_time_0,802,2]
10-19 02:08:48.870 1546 2100 D CompatibilityInfo: mCompatibilityFlags - 4
10-19 02:08:48.870 1546 2100 D CompatibilityInfo: applicationDensity - 240
10-19 02:08:48.870 1546 2100 D CompatibilityInfo: applicationScale - 1.0
10-19 02:08:48.871 4385 4385 E Instrumentation: Uninitialized ActivityThread, likely app-created Instrumentation, disabling AppComponentFactory
10-19 02:08:48.871 4385 4385 E Instrumentation: java.lang.Throwable
10-19 02:08:48.871 4385 4385 E Instrumentation: at android.app.Instrumentation.getFactory(Instrumentation.java:1283)
10-19 02:08:48.871 4385 4385 E Instrumentation: at android.app.Instrumentation.newActivity(Instrumentation.java:1274)
10-19 02:08:48.871 4385 4385 E Instrumentation: at com.tencent.mm.splash.j.newActivity(SourceFile:122)
10-19 02:08:48.871 4385 4385 E Instrumentation: at com.tencent.mm.pluginguard.ActivityHookInstrumentation.newActivity(SourceFile:8)
10-19 02:08:48.871 4385 4385 E Instrumentation: at android.app.ActivityThread.performLaunchActivity(ActivityThread.java:3533)
10-19 02:08:48.871 4385 4385 E Instrumentation: at android.app.ActivityThread.handleLaunchActivity(ActivityThread.java:3793)
10-19 02:08:48.871 4385 4385 E Instrumentation: at android.app.servertransaction.LaunchActivityItem.execute(LaunchActivityItem.java:103)
10-19 02:08:48.871 4385 4385 E Instrumentation: at android.app.servertransaction.TransactionExecutor.executeCallbacks(TransactionExecutor.java:135)
10-19 02:08:48.871 4385 4385 E Instrumentation: at android.app.servertransaction.TransactionExecutor.execute(TransactionExecutor.java:95)
10-19 02:08:48.871 4385 4385 E Instrumentation: at android.app.ActivityThread$H.handleMessage(ActivityThread.java:2211)
10-19 02:08:48.871 4385 4385 E Instrumentation: at android.os.Handler.dispatchMessage(Handler.java:106)
10-19 02:08:48.871 4385 4385 E Instrumentation: at android.os.Looper.loopOnce(Looper.java:201)
10-19 02:08:48.871 4385 4385 E Instrumentation: at android.os.Looper.loop(Looper.java:288)
10-19 02:08:48.871 4385 4385 E Instrumentation: at android.app.ActivityThread.main(ActivityThread.java:7880)
10-19 02:08:48.871 4385 4385 E Instrumentation: at java.lang.reflect.Method.invoke(Native Method)
10-19 02:08:48.871 4385 4385 E Instrumentation: at com.android.internal.os.RuntimeInit$MethodAndArgsCaller.run(RuntimeInit.java:548)
10-19 02:08:48.871 4385 4385 E Instrumentation: at com.android.internal.os.ZygoteInit.main(ZygoteInit.java:1009)
10-19 02:08:48.871 4385 4392 I com.tencent.mm: Method exceeds compiler instruction limit: 20877 in wl.d wl.j.a(java.lang.Class)
10-19 02:08:48.876 4385 4385 I wm_on_create_called: [224118700,com.tencent.mm.app.WeChatSplashActivity,performCreate]
