10-19 02:09:00.929 1546 4646 D PowerManagerService: updateDisplayPowerStateLocked: displayReady=true, groupId=0, policy=BRIGHT, mWakefulness=Awake, mWakeLockSummary=0x1, mUserActivitySummary=0x1, mBootCompleted=true, screenBrightnessOverride=NaN, useAutoBrightness=true, mScreenBrightnessBoostInProgress=false, mIsVrModeEnabled= false, sQuiescent=false
10-19 02:09:00.930 1546 4646 D PowerManagerService: acquireWakeLockInternal: lock=216376059, flags=0x1, tag="PlatformComm", ws=null, uid=10100, pid=4769
10-19 02:09:00.931 1546 4646 D PowerManagerService: updateWakeLockSummaryLocked: mWakefulness=Awake, mWakeLockSummary=0x1
10-19 02:09:00.931 1546 4646 D PowerManagerService: updateUserActivitySummaryLocked: groupId=0, mWakefulness=Awake, mUserActivitySummary=0x1, nextTimeout=151995 (in 52716 ms)
10-19 02:09:00.931 1546 4646 D PowerManagerNotifier: onScreenPolicyUpdate: newPolicy=3
10-19 02:09:00.931 1546 4646 D PowerManagerService: updateDisplayPowerStateLocked: displayReady=true, groupId=0, policy=BRIGHT, mWakefulness=Awake, mWakeLockSummary=0x1, mUserActivitySummary=0x1, mBootCompleted=true, screenBrightnessOverride=NaN, useAutoBrightness=true, mScreenBrightnessBoostInProgress=false, mIsVrModeEnabled= false, sQuiescent=false
10-19 02:09:00.931 1546 4646 D PowerManagerNotifier: onWakeLockAcquired: flags=1, tag="PlatformComm", packageName=com.tencent.mm, ownerUid=10100, ownerPid=4769, workSource=null
10-19 02:09:00.951 651 666 I mpu_uart: [MSG-P:RECV]:No message received in 1000 ms
10-19 02:09:00.951 0 0 E [ 99.297757] link_delay_work_func: DTC_ETH: SQI=0, link=0
10-19 02:09:01.367 1546 4646 D PowerManagerService: releaseWakeLockInternal: lock=17849482 [PlatformComm], flags=0x0
10-19 02:09:01.368 1546 4646 D PowerManagerNotifier: onWakeLockReleased: flags=1, tag="PlatformComm", packageName=com.tencent.mm, ownerUid=10100, ownerPid=4769, workSource=null
10-19 02:09:01.368 1546 4646 D PowerManagerService: updateWakeLockSummaryLocked: mWakefulness=Awake, mWakeLockSummary=0x1
10-19 02:09:01.368 1546 4646 D PowerManagerService: updateUserActivitySummaryLocked: groupId=0, mWakefulness=Awake, mUserActivitySummary=0x1, nextTimeout=151995 (in 52278 ms)
10-19 02:09:01.368 1546 4646 D PowerManagerNotifier: onScreenPolicyUpdate: newPolicy=3
10-19 02:09:01.369 1546 4646 D PowerManagerService: updateDisplayPowerStateLocked: displayReady=true, groupId=0, policy=BRIGHT, mWakefulness=Awake, mWakeLockSummary=0x1, mUserActivitySummary=0x1, mBootCompleted=true, screenBrightnessOverride=NaN, useAutoBrightness=true, mScreenBrightnessBoostInProgress=false, mIsVrModeEnabled= false, sQuiescent=false
10-19 02:09:01.736 2320 2320 D RemoteControlService: startVlanDispatchThread
10-19 02:09:01.951 651 666 I mpu_uart: [MSG-P:RECV]:No message received in 1000 ms
10-19 02:09:01.985 1546 4646 D PowerManagerService: releaseWakeLockInternal: lock=216376059 [PlatformComm], flags=0x0
10-19 02:09:01.985 1546 4646 D PowerManagerNotifier: onWakeLockReleased: flags=1, tag="PlatformComm", packageName=com.tencent.mm, ownerUid=10100, ownerPid=4769, workSource=null
10-19 02:09:01.985 1546 4646 D PowerManagerService: updateWakeLockSummaryLocked: mWakefulness=Awake, mWakeLockSummary=0x0
10-19 02:09:01.985 1546 4646 D PowerManagerService: updateUserActivitySummaryLocked: groupId=0, mWakefulness=Awake, mUserActivitySummary=0x1, nextTimeout=151995 (in 51662 ms)
10-19 02:09:01.985 1546 4646 D PowerManagerNotifier: onScreenPolicyUpdate: newPolicy=3
10-19 02:09:01.985 1546 4646 D PowerManagerService: updateDisplayPowerStateLocked: displayReady=true, groupId=0, policy=BRIGHT, mWakefulness=Awake, mWakeLockSummary=0x0, mUserActivitySummary=0x1, mBootCompleted=true, screenBrightnessOverride=NaN, useAutoBrightness=true, mScreenBrightnessBoostInProgress=false, mIsVrModeEnabled= false, sQuiescent=false
10-19 02:09:01.985 1546 4646 D PowerManagerService: Releasing suspend blocker "PowerManagerService.WakeLocks".
10-19 02:09:01.987 1546 3681 D PowerManagerService: acquireWakeLockInternal: lock=216376059, flags=0x1, tag="PlatformComm", ws=null, uid=10100, pid=4769
10-19 02:09:01.987 1546 3681 D PowerManagerService: updateWakeLockSummaryLocked: mWakefulness=Awake, mWakeLockSummary=0x1
10-19 02:09:01.987 1546 3681 D PowerManagerService: updateUserActivitySummaryLocked: groupId=0, mWakefulness=Awake, mUserActivitySummary=0x1, nextTimeout=151995 (in 51660 ms)
10-19 02:09:01.987 1546 3681 D PowerManagerNotifier: onScreenPolicyUpdate: newPolicy=3
10-19 02:09:01.987 1546 3681 D PowerManagerService: updateDisplayPowerStateLocked: displayReady=true, groupId=0, policy=BRIGHT, mWakefulness=Awake, mWakeLockSummary=0x1, mUserActivitySummary=0x1, mBootCompleted=true, screenBrightnessOverride=NaN, useAutoBrightness=true, mScreenBrightnessBoostInProgress=false, mIsVrModeEnabled= false, sQuiescent=false
10-19 02:09:01.987 1546 3681 D PowerManagerService: Acquiring suspend blocker "PowerManagerService.WakeLocks".
10-19 02:09:01.987 1546 3681 E power : power acquire_wake_lock enter!
10-19 02:09:01.987 1546 3681 E power : power acquire_wake_lock exit!
10-19 02:09:01.988 573 573 E android.system.suspend@1.0-service: SystemSuspend::acquireWakeLock enter!pid = 1546: Success
10-19 02:09:01.988 4769 4984 W libc : Access denied finding property "net.dns1"
10-19 02:09:01.988 573 573 E android.system.suspend@1.0-service: SystemSuspend::acquireWakeLock exit!: Success
10-19 02:09:01.988 4769 4984 W libc : Access denied finding property "net.dns2"
10-19 02:09:01.988 1546 3681 D PowerManagerNotifier: onWakeLockAcquired: flags=1, tag="PlatformComm", packageName=com.tencent.mm, ownerUid=10100, ownerPid=4769, workSource=null
10-19 02:09:01.993 4769 4991 W libc : Access denied finding property "net.dns1"
10-19 02:09:01.993 4769 4991 W libc : Access denied finding property "net.dns2"
10-19 02:09:01.996 4769 4997 W libc : Access denied finding property "net.dns1"
10-19 02:09:01.996 4769 4997 W libc : Access denied finding property "net.dns2"
10-19 02:09:02.320 1546 1799 I InputDispatcher: Check touch window: [window]=e02bbbe com.tencent.mm/com.tencent.mm.plugin.account.ui.WelcomeActivity , [pause]=0 , [needIntercept]=0
10-19 02:09:02.320 1546 1799 I input_interaction: Interaction with: e02bbbe com.tencent.mm/com.tencent.mm.plugin.account.ui.WelcomeActivity (server), edge-swipe (server), swipe-up (server), PointerEventDispatcher0 (server),
10-19 02:09:02.321 1546 1799 D PowerManagerService: userActivityNoUpdateLocked: groupId=0, eventTime=100666, event=2, flags=0x0, uid=1000
10-19 02:09:02.321 1546 1799 D PowerManagerNotifier: onUserActivity: event=2, uid=1000
10-19 02:09:02.321 1546 1799 D PowerManagerService: updateUserActivitySummaryLocked: groupId=0, mWakefulness=Awake, mUserActivitySummary=0x1, nextTimeout=160666 (in 59996 ms)
10-19 02:09:02.321 1546 1799 D PowerManagerNotifier: onScreenPolicyUpdate: newPolicy=3
10-19 02:09:02.322 1546 1799 D PowerManagerService: updateDisplayPowerStateLocked: displayReady=true, groupId=0, policy=BRIGHT, mWakefulness=Awake, mWakeLockSummary=0x1, mUserActivitySummary=0x1, mBootCompleted=true, screenBrightnessOverride=NaN, useAutoBrightness=true, mScreenBrightnessBoostInProgress=false, mIsVrModeEnabled= false, sQuiescent=false
10-19 02:09:02.323 4632 4632 D ViewTouchDebug: mView : DecorView@476cfce[WelcomeActivity]Receive event : MotionEvent { action=ACTION_DOWN, actionButton=0, id[0]=0, x[0]=596.8146, y[0]=66.17399, toolType[0]=TOOL_TYPE_FINGER, buttonState=0, classification=NONE, metaState=0, flags=0x0, edgeFlags=0x0, pointerCount=1, historySize=0, eventTime=100666, downTime=100666, deviceId=4, source=0x5002, displayId=0, eventId=426800392 }
10-19 02:09:02.324 4632 4632 I DecorCaptionView: Check caption touch event:[E]=MotionEvent { action=ACTION_DOWN, actionButton=0, id[0]=0, x[0]=596.8146, y[0]=66.17399, toolType[0]=TOOL_TYPE_FINGER, buttonState=0, classification=NONE, metaState=0, flags=0x0, edgeFlags=0x0, pointerCount=1, historySize=0, eventTime=100666, downTime=100666, deviceId=4, source=0x5002, displayId=0, eventId=426800392 }
10-19 02:09:02.325 4632 4632 I DecorCaptionView: Check caption touch loc in close.
10-19 02:09:02.325 2557 2557 D TouchInteractionService: onInputEvent mUncheckedConsumer = com.android.quickstep.InputConsumer$$ExternalSyntheticLambda0@4bdfc5d
10-19 02:09:02.326 1889 1889 D ViewTouchDebug: mView : com.android.systemui.navigationbar.NavigationBarFrame{fa2d406 V.E...... ........ 0,0-2380,46 #7f0b03f4 app:id/navigation_bar_frame}Receive event : MotionEvent { action=ACTION_OUTSIDE, actionButton=0, id[0]=0, x[0]=0.0, y[0]=-974.0, toolType[0]=TOOL_TYPE_FINGER, buttonState=0, classification=NONE, metaState=0, flags=0x0, edgeFlags=0x0, pointerCount=1, historySize=0, eventTime=100666, downTime=100666, deviceId=4, source=0x5002, displayId=0, eventId=1732984604 }
10-19 02:09:02.328 1889 1889 D NoBackGesture: Start gesture: MotionEvent { action=ACTION_DOWN, actionButton=0, id[0]=0, x[0]=498.0, y[0]=125.0, toolType[0]=TOOL_TYPE_FINGER, buttonState=0, classification=NONE, metaState=0, flags=0x0, edgeFlags=0x0, pointerCount=1, historySize=0, eventTime=100666, downTime=100666, deviceId=4, source=0x5002, displayId=0, eventId=426800392 } mSysUiFlags=131072 region=Rect(0, 0 - 0, 0)
10-19 02:09:02.332 1889 1889 D NoBackGesture: Gesture [1697652542328,alw=FALSE,FALSE,TRUE,FALSE,disp=Point(2380, 1020),wl=45,il=0,wr=45,ir=0,excl=SkRegion()]
10-19 02:09:02.334 1546 1634 I am_pss : [4632,10100,com.tencent.mm,191836160,141320192,0,370130944,0,2,21]
10-19 02:09:02.475 1546 1799 D PowerManagerService: userActivityNoUpdateLocked: groupId=0, eventTime=100823, event=2, flags=0x0, uid=1000
10-19 02:09:02.475 1546 1799 D PowerManagerNotifier: onUserActivity: event=2, uid=1000
10-19 02:09:02.476 1546 1799 D PowerManagerService: updateUserActivitySummaryLocked: groupId=0, mWakefulness=Awake, mUserActivitySummary=0x1, nextTimeout=160823 (in 59999 ms)
10-19 02:09:02.476 1546 1799 D PowerManagerNotifier: onScreenPolicyUpdate: newPolicy=3
10-19 02:09:02.476 1546 1799 D PowerManagerService: updateDisplayPowerStateLocked: displayReady=true, groupId=0, policy=BRIGHT, mWakefulness=Awake, mWakeLockSummary=0x1, mUserActivitySummary=0x1, mBootCompleted=true, screenBrightnessOverride=NaN, useAutoBrightness=true, mScreenBrightnessBoostInProgress=false, mIsVrModeEnabled= false, sQuiescent=false
10-19 02:09:02.476 4632 4632 D ViewTouchDebug: mView : DecorView@476cfce[WelcomeActivity]Receive event : MotionEvent { action=ACTION_UP, actionButton=0, id[0]=0, x[0]=596.8146, y[0]=66.17399, toolType[0]=TOOL_TYPE_FINGER, buttonState=0, classification=NONE, metaState=0, flags=0x0, edgeFlags=0x0, pointerCount=1, historySize=0, eventTime=100823, downTime=100666, deviceId=4, source=0x5002, displayId=0, eventId=237780385 }
10-19 02:09:02.477 4632 4632 I DecorCaptionView: Check caption single event:[E]=MotionEvent { action=ACTION_UP, actionButton=0, id[0]=0, x[0]=596.8146, y[0]=66.17399, toolType[0]=TOOL_TYPE_FINGER, buttonState=0, classification=NONE, metaState=0, flags=0x0, edgeFlags=0x0, pointerCount=1, historySize=0, eventTime=100823, downTime=100666, deviceId=4, source=0x5002, displayId=0, eventId=237780385 }
10-19 02:09:02.477 4632 4632 I DecorCaptionView: Check caption single event in close.
10-19 02:09:02.478 1546 3681 D ActivityTaskManager: fisishTask and killProcess
10-19 02:09:02.478 1546 3681 I wm_finish_activity: [0,142099656,70,com.tencent.mm/.ui.LauncherUI,finish-activity-kill-process]
10-19 02:09:02.479 1546 3681 D CompatibilityChangeReporter: Compat change id reported: 181136395; UID 10100; state: DISABLED
10-19 02:09:02.480 1546 3681 D CompatibilityChangeReporter: Compat change id reported: 174042936; UID 10100; state: DISABLED
10-19 02:09:02.482 1546 3681 D FreeFormWindowHelper: handleFreeformTask : Task{c37a947 #70 type=standard A=10100:com.tencent.mm U=0 visible=true mode=freeform translucent=false sz=3 visible freeform task=true rootAffinity=10100:com.tencent.mm isMini=false}
10-19 02:09:02.483 1546 3681 D FreeFormWindowHelper: mFreeFormTask : Task{c37a947 #70 type=standard A=10100:com.tencent.mm U=0 visible=true mode=freeform translucent=false sz=3 visible freeform task=true rootAffinity=10100:com.tencent.mm isMini=false}
10-19 02:09:02.483 1546 3681 D FreeFormWindowHelper: mInRecent : false
10-19 02:09:02.483 1546 3681 D FreeFormWindowHelper: add new freeform task : Task{c37a947 #70 type=standard A=10100:com.tencent.mm U=0 visible=true mode=freeform translucent=false sz=3 visible freeform task=true rootAffinity=10100:com.tencent.mm isMini=false}
10-19 02:09:02.483 1546 3681 D FreeFormWindowHelper:
10-19 02:09:02.483 1546 3681 I wm_destroy_activity: [0,142099656,70,com.tencent.mm/.ui.LauncherUI,finish-imm:finishIfPossible]
10-19 02:09:02.484 1546 3681 I wm_finish_activity: [0,158297868,70,com.tencent.mm/.plugin.account.ui.WelcomeActivity,finish-activity-kill-process]
10-19 02:09:02.484 1546 3681 D FreeFormWindowHelper: handleFreeformTask : Task{c37a947 #70 type=standard A=10100:com.tencent.mm U=0 visible=true mode=freeform translucent=false sz=3 visible freeform task=true rootAffinity=10100:com.tencent.mm isMini=false}
10-19 02:09:02.485 1546 3681 D FreeFormWindowHelper: mFreeFormTask : Task{c37a947 #70 type=standard A=10100:com.tencent.mm U=0 visible=true mode=freeform translucent=false sz=3 visible freeform task=true rootAffinity=10100:com.tencent.mm isMini=false}
10-19 02:09:02.485 1546 3681 D FreeFormWindowHelper: mInRecent : false
10-19 02:09:02.485 1546 3681 D FreeFormWindowHelper: add new freeform task : Task{c37a947 #70 type=standard A=10100:com.tencent.mm U=0 visible=true mode=freeform translucent=false sz=3 visible freeform task=true rootAffinity=10100:com.tencent.mm isMini=false}
10-19 02:09:02.485 1546 3681 D FreeFormWindowHelper:
10-19 02:09:02.485 1546 3681 I wm_destroy_activity: [0,158297868,70,com.tencent.mm/.plugin.account.ui.WelcomeActivity,finish-imm:finishIfPossible]
10-19 02:09:02.487 1546 3681 D FreeFormWindowHelper: handleFreeformTask : Task{c37a947 #70 type=standard A=10100:com.tencent.mm U=0 visible=true mode=freeform translucent=false sz=2 visible freeform task=true rootAffinity=10100:com.tencent.mm isMini=false}
10-19 02:09:02.487 1546 3681 D FreeFormWindowHelper: mFreeFormTask : Task{c37a947 #70 type=standard A=10100:com.tencent.mm U=0 visible=true mode=freeform translucent=false sz=2 visible freeform task=true rootAffinity=10100:com.tencent.mm isMini=false}
10-19 02:09:02.487 1546 3681 D FreeFormWindowHelper: mInRecent : false
10-19 02:09:02.487 1546 3681 D FreeFormWindowHelper: add new freeform task : Task{c37a947 #70 type=standard A=10100:com.tencent.mm U=0 visible=true mode=freeform translucent=false sz=2 visible freeform task=true rootAffinity=10100:com.tencent.mm isMini=false}
10-19 02:09:02.487 1546 3681 D FreeFormWindowHelper:
10-19 02:09:02.489 1546 3681 W ActivityTaskManager: ActivityClientController onTransact aborts UID:10100 PID:4632
10-19 02:09:02.489 1546 3681 W ActivityTaskManager: java.lang.IndexOutOfBoundsException: Index: 2, Size: 2
10-19 02:09:02.489 1546 3681 W ActivityTaskManager: at java.util.ArrayList.get(ArrayList.java:437)
10-19 02:09:02.489 1546 3681 W ActivityTaskManager: at com.android.server.wm.WindowContainer.forAllActivities(WindowContainer.java:1462)
10-19 02:09:02.489 1546 3681 W ActivityTaskManager: at com.android.server.wm.Task.performClearTask(Task.java:1869)
10-19 02:09:02.489 1546 3681 W ActivityTaskManager: at com.android.server.wm.ActivityTaskSupervisor.removeTask(ActivityTaskSupervisor.java:1656)
10-19 02:09:02.489 1546 3681 W ActivityTaskManager: at com.android.server.wm.ActivityClientController.finishActivity(ActivityClientController.java:465)
10-19 02:09:02.489 1546 3681 W ActivityTaskManager: at android.app.IActivityClientController$Stub.onTransact(IActivityClientController.java:711)
10-19 02:09:02.489 1546 3681 W ActivityTaskManager: at com.android.server.wm.ActivityClientController.onTransact(ActivityClientController.java:134)
10-19 02:09:02.489 1546 3681 W ActivityTaskManager: at android.os.Binder.execTransactInternal(Binder.java:1179)
10-19 02:09:02.489 1546 3681 W ActivityTaskManager: at android.os.Binder.execTransact(Binder.java:1143)
10-19 02:09:02.489 1546 3681 E JavaBinder: *** Uncaught remote exception! (Exceptions are not yet supported across processes.)
10-19 02:09:02.489 1546 3681 E JavaBinder: java.lang.IndexOutOfBoundsException: Index: 2, Size: 2
10-19 02:09:02.489 1546 3681 E JavaBinder: at java.util.ArrayList.get(ArrayList.java:437)
10-19 02:09:02.489 1546 3681 E JavaBinder: at com.android.server.wm.WindowContainer.forAllActivities(WindowContainer.java:1462)
10-19 02:09:02.489 1546 3681 E JavaBinder: at com.android.server.wm.Task.performClearTask(Task.java:1869)
10-19 02:09:02.489 1546 3681 E JavaBinder: at com.android.server.wm.ActivityTaskSupervisor.removeTask(ActivityTaskSupervisor.java:1656)
10-19 02:09:02.489 1546 3681 E JavaBinder: at com.android.server.wm.ActivityClientController.finishActivity(ActivityClientController.java:465)
10-19 02:09:02.489 1546 3681 E JavaBinder: at android.app.IActivityClientController$Stub.onTransact(IActivityClientController.java:711)
10-19 02:09:02.489 1546 3681 E JavaBinder: at com.android.server.wm.ActivityClientController.onTransact(ActivityClientController.java:134)
10-19 02:09:02.489 1546 3681 E JavaBinder: at android.os.Binder.execTransactInternal(Binder.java:1179)
10-19 02:09:02.489 1546 3681 E JavaBinder: at android.os.Binder.execTransact(Binder.java:1143)
10-19 02:09:02.490 1546 1634 W UsageStatsService: Unexpected activity event reported! (com.tencent.mm/com.tencent.mm.plugin.account.ui.WelcomeActivity event : 23 instanceId : 134904383)
10-19 02:09:02.505 4632 4632 I wm_on_stop_called: [142099656,com.tencent.mm.ui.LauncherUI,LIFECYCLER_STOP_ACTIVITY]
10-19 02:09:02.512 4632 4639 I com.tencent.mm: Method exceeds compiler instruction limit: 20877 in wl.d wl.j.a(java.lang.Class)
10-19 02:09:02.522 4632 4639 I com.tencent.mm: Method exceeds compiler instruction limit: 20877 in wl.d wl.j.a(java.lang.Class)
10-19 02:09:02.524 4632 4632 I wm_on_destroy_called: [142099656,com.tencent.mm.ui.LauncherUI,performDestroy]
10-19 02:09:02.529 4632 4632 I MicroMsg.WindowManagerInvocationHandler: [:4632, ]:removeViewImmediate
10-19 02:09:02.533 1546 4646 W InputManager-JNI: Input channel object '215c728 com.tencent.mm/com.tencent.mm.ui.LauncherUI (client)' was disposed without first being removed with the input manager!
10-19 02:09:02.537 4632 4632 D InsetsSourceConsumer: Call hide for ITYPE_IME on com.tencent.mm/com.tencent.mm.ui.LauncherUI
10-19 02:09:02.537 4632 4632 D InsetsSourceConsumer: applyLocalVisibilityOverride: No control in com.tencent.mm/com.tencent.mm.ui.LauncherUI requestedVisible false
10-19 02:09:02.541 1546 4646 D FreeFormWindowHelper: handleFreeformTask : Task{c37a947 #70 type=standard A=10100:com.tencent.mm U=0 visible=true mode=freeform translucent=false sz=1 visible freeform task=true rootAffinity=10100:com.tencent.mm isMini=false}
10-19 02:09:02.541 1546 4646 D FreeFormWindowHelper: mFreeFormTask : Task{c37a947 #70 type=standard A=10100:com.tencent.mm U=0 visible=true mode=freeform translucent=false sz=1 visible freeform task=true rootAffinity=10100:com.tencent.mm isMini=false}
10-19 02:09:02.541 1546 4646 D FreeFormWindowHelper: mInRecent : false
10-19 02:09:02.541 1546 4646 D FreeFormWindowHelper: add new freeform task : Task{c37a947 #70 type=standard A=10100:com.tencent.mm U=0 visible=true mode=freeform translucent=false sz=1 visible freeform task=true rootAffinity=10100:com.tencent.mm isMini=false}
10-19 02:09:02.541 1546 4646 D FreeFormWindowHelper:
10-19 02:09:02.620 1546 1636 D CompatibilityChangeReporter: Compat change id reported: 168419799; UID 10100; state: DISABLED
10-19 02:09:02.620 1546 1636 D CompatibilityInfo: mCompatibilityFlags - 4
10-19 02:09:02.621 1546 1636 D CompatibilityInfo: applicationDensity - 240
10-19 02:09:02.621 1546 1636 D CompatibilityInfo: applicationScale - 1.0
10-19 02:09:02.952 651 666 I mpu_uart: [MSG-P:RECV]:No message received in 1000 ms
10-19 02:09:02.955 651 665 I mpu_uart: [MSG-P:R]:recv sync frame timeout
10-19 02:09:02.993 1546 4646 D PowerManagerService: releaseWakeLockInternal: lock=216376059 [PlatformComm], flags=0x0
10-19 02:09:02.993 1546 4646 D PowerManagerNotifier: onWakeLockReleased: flags=1, tag="PlatformComm", packageName=com.tencent.mm, ownerUid=10100, ownerPid=4769, workSource=null
10-19 02:09:02.993 1546 4646 D PowerManagerService: updateWakeLockSummaryLocked: mWakefulness=Awake, mWakeLockSummary=0x0
10-19 02:09:02.994 1546 4646 D PowerManagerService: updateUserActivitySummaryLocked: groupId=0, mWakefulness=Awake, mUserActivitySummary=0x1, nextTimeout=160823 (in 59481 ms)
10-19 02:09:02.994 1546 4646 D PowerManagerNotifier: onScreenPolicyUpdate: newPolicy=3
10-19 02:09:02.994 1546 4646 D PowerManagerService: updateDisplayPowerStateLocked: displayReady=true, groupId=0, policy=BRIGHT, mWakefulness=Awake, mWakeLockSummary=0x0, mUserActivitySummary=0x1, mBootCompleted=true, screenBrightnessOverride=NaN, useAutoBrightness=true, mScreenBrightnessBoostInProgress=false, mIsVrModeEnabled= false, sQuiescent=false
10-19 02:09:02.994 1546 4646 D PowerManagerService: Releasing suspend blocker "PowerManagerService.WakeLocks".
10-19 02:09:02.997 1546 4646 D PowerManagerService: acquireWakeLockInternal: lock=216376059, flags=0x1, tag="PlatformComm", ws=null, uid=10100, pid=4769
10-19 02:09:02.997 1546 4646 D PowerManagerService: updateWakeLockSummaryLocked: mWakefulness=Awake, mWakeLockSummary=0x1
10-19 02:09:02.997 1546 4646 D PowerManagerService: updateUserActivitySummaryLocked: groupId=0, mWakefulness=Awake, mUserActivitySummary=0x1, nextTimeout=160823 (in 59478 ms)
10-19 02:09:02.997 1546 4646 D PowerManagerNotifier: onScreenPolicyUpdate: newPolicy=3
10-19 02:09:02.997 1546 4646 D PowerManagerService: updateDisplayPowerStateLocked: displayReady=true, groupId=0, policy=BRIGHT, mWakefulness=Awake, mWakeLockSummary=0x1, mUserActivitySummary=0x1, mBootCompleted=true, screenBrightnessOverride=NaN, useAutoBrightness=true, mScreenBrightnessBoostInProgress=false, mIsVrModeEnabled= false, sQuiescent=false
10-19 02:09:02.997 1546 4646 D PowerManagerService: Acquiring suspend blocker "PowerManagerService.WakeLocks".
10-19 02:09:02.997 1546 4646 E power : power acquire_wake_lock enter!
10-19 02:09:02.997 1546 4646 E power : power acquire_wake_lock exit!
10-19 02:09:02.998 573 573 E android.system.suspend@1.0-service: SystemSuspend::acquireWakeLock enter!pid = 1546: Success
10-19 02:09:02.998 573 573 E android.system.suspend@1.0-service: SystemSuspend::acquireWakeLock exit!: Success
10-19 02:09:02.998 1546 4646 D PowerManagerNotifier: onWakeLockAcquired: flags=1, tag="PlatformComm", packageName=com.tencent.mm, ownerUid=10100, ownerPid=4769, workSource=null
10-19 02:09:03.060 0 0 I : [ 101.405869] boot log copy done
10-19 02:09:03.502 1546 1799 I InputDispatcher: Check touch window: [window]=e02bbbe com.tencent.mm/com.tencent.mm.plugin.account.ui.WelcomeActivity , [pause]=0 , [needIntercept]=0
10-19 02:09:03.503 1546 1799 D PowerManagerService: userActivityNoUpdateLocked: groupId=0, eventTime=101849, event=2, flags=0x0, uid=1000
10-19 02:09:03.503 1546 1799 D PowerManagerNotifier: onUserActivity: event=2, uid=1000
10-19 02:09:03.504 1546 1799 D PowerManagerService: updateUserActivitySummaryLocked: groupId=0, mWakefulness=Awake, mUserActivitySummary=0x1, nextTimeout=161849 (in 59997 ms)
10-19 02:09:03.504 4632 4632 D ViewTouchDebug: mView : DecorView@476cfce[WelcomeActivity]Receive event : MotionEvent { action=ACTION_DOWN, actionButton=0, id[0]=0, x[0]=596.8146, y[0]=56.18548, toolType[0]=TOOL_TYPE_FINGER, buttonState=0, classification=NONE, metaState=0, flags=0x0, edgeFlags=0x0, pointerCount=1, historySize=0, eventTime=101849, downTime=101849, deviceId=4, source=0x5002, displayId=0, eventId=772679727 }
10-19 02:09:03.504 1546 1799 D PowerManagerNotifier: onScreenPolicyUpdate: newPolicy=3
10-19 02:09:03.504 1546 1799 D PowerManagerService: updateDisplayPowerStateLocked: displayReady=true, groupId=0, policy=BRIGHT, mWakefulness=Awake, mWakeLockSummary=0x1, mUserActivitySummary=0x1, mBootCompleted=true, screenBrightnessOverride=NaN, useAutoBrightness=true, mScreenBrightnessBoostInProgress=false, mIsVrModeEnabled= false, sQuiescent=false
10-19 02:09:03.505 1889 1889 D ViewTouchDebug: mView : com.android.systemui.navigationbar.NavigationBarFrame{fa2d406 V.E...... ........ 0,0-2380,46 #7f0b03f4 app:id/navigation_bar_frame}Receive event : MotionEvent { action=ACTION_OUTSIDE, actionButton=0, id[0]=0, x[0]=0.0, y[0]=-974.0, toolType[0]=TOOL_TYPE_FINGER, buttonState=0, classification=NONE, metaState=0, flags=0x0, edgeFlags=0x0, pointerCount=1, historySize=0, eventTime=101849, downTime=101849, deviceId=4, source=0x5002, displayId=0, eventId=1662466231 }
10-19 02:09:03.506 4632 4632 I DecorCaptionView: Check caption touch event:[E]=MotionEvent { action=ACTION_DOWN, actionButton=0, id[0]=0, x[0]=596.8146, y[0]=56.18548, toolType[0]=TOOL_TYPE_FINGER, buttonState=0, classification=NONE, metaState=0, flags=0x0, edgeFlags=0x0, pointerCount=1, historySize=0, eventTime=101849, downTime=101849, deviceId=4, source=0x5002, displayId=0, eventId=772679727 }
10-19 02:09:03.506 4632 4632 I DecorCaptionView: Check caption touch loc in close.
10-19 02:09:03.507 1889 1889 D NoBackGesture: Start gesture: MotionEvent { action=ACTION_DOWN, actionButton=0, id[0]=0, x[0]=498.0, y[0]=117.0, toolType[0]=TOOL_TYPE_FINGER, buttonState=0, classification=NONE, metaState=0, flags=0x0, edgeFlags=0x0, pointerCount=1, historySize=0, eventTime=101849, downTime=101849, deviceId=4, source=0x5002, displayId=0, eventId=772679727 } mSysUiFlags=131072 region=Rect(0, 0 - 0, 0)
10-19 02:09:03.508 2557 2557 D TouchInteractionService: onInputEvent mUncheckedConsumer = com.android.quickstep.InputConsumer$$ExternalSyntheticLambda0@4bdfc5d
10-19 02:09:03.508 1889 1889 D NoBackGesture: Gesture [1697652543507,alw=FALSE,FALSE,TRUE,FALSE,disp=Point(2380, 1020),wl=45,il=0,wr=45,ir=0,excl=SkRegion()]
10-19 02:09:03.608 1546 1799 D PowerManagerService: userActivityNoUpdateLocked: groupId=0, eventTime=101955, event=2, flags=0x0, uid=1000
10-19 02:09:03.608 1546 1799 D PowerManagerNotifier: onUserActivity: event=2, uid=1000
10-19 02:09:03.608 1546 1799 D PowerManagerService: updateUserActivitySummaryLocked: groupId=0, mWakefulness=Awake, mUserActivitySummary=0x1, nextTimeout=161955 (in 59999 ms)
10-19 02:09:03.608 1546 1799 D PowerManagerNotifier: onScreenPolicyUpdate: newPolicy=3
10-19 02:09:03.608 1546 1799 D PowerManagerService: updateDisplayPowerStateLocked: displayReady=true, groupId=0, policy=BRIGHT, mWakefulness=Awake, mWakeLockSummary=0x1, mUserActivitySummary=0x1, mBootCompleted=true, screenBrightnessOverride=NaN, useAutoBrightness=true, mScreenBrightnessBoostInProgress=false, mIsVrModeEnabled= false, sQuiescent=false
10-19 02:09:03.746 1546 1799 D PowerManagerService: userActivityNoUpdateLocked: groupId=0, eventTime=102093, event=2, flags=0x0, uid=1000
10-19 02:09:03.746 4632 4632 D ViewTouchDebug: mView : DecorView@476cfce[WelcomeActivity]Receive event : MotionEvent { action=ACTION_UP, actionButton=0, id[0]=0, x[0]=596.8146, y[0]=58.68261, toolType[0]=TOOL_TYPE_FINGER, buttonState=0, classification=NONE, metaState=0, flags=0x0, edgeFlags=0x0, pointerCount=1, historySize=0, eventTime=102093, downTime=101849, deviceId=4, source=0x5002, displayId=0, eventId=774510330 }
10-19 02:09:03.746 1546 1799 D PowerManagerNotifier: onUserActivity: event=2, uid=1000
10-19 02:09:03.746 1546 1799 D PowerManagerService: updateUserActivitySummaryLocked: groupId=0, mWakefulness=Awake, mUserActivitySummary=0x1, nextTimeout=162093 (in 59998 ms)
10-19 02:09:03.747 1546 1799 D PowerManagerNotifier: onScreenPolicyUpdate: newPolicy=3
10-19 02:09:03.747 1546 1799 D PowerManagerService: updateDisplayPowerStateLocked: displayReady=true, groupId=0, policy=BRIGHT, mWakefulness=Awake, mWakeLockSummary=0x1, mUserActivitySummary=0x1, mBootCompleted=true, screenBrightnessOverride=NaN, useAutoBrightness=true, mScreenBrightnessBoostInProgress=false, mIsVrModeEnabled= false, sQuiescent=false
10-19 02:09:03.747 4632 4632 I DecorCaptionView: Check caption single event:[E]=MotionEvent { action=ACTION_UP, actionButton=0, id[0]=0, x[0]=596.8146, y[0]=58.68261, toolType[0]=TOOL_TYPE_FINGER, buttonState=0, classification=NONE, metaState=0, flags=0x0, edgeFlags=0x0, pointerCount=1, historySize=0, eventTime=102093, downTime=101849, deviceId=4, source=0x5002, displayId=0, eventId=774510330 }
10-19 02:09:03.747 4632 4632 I DecorCaptionView: Check caption single event in close.
10-19 02:09:03.747 1546 3681 D ActivityTaskManager: fisishTask and killProcess
10-19 02:09:03.747 1546 3681 I wm_finish_activity: [0,121439501,70,com.tencent.mm/.plugin.account.ui.WelcomeActivity,finish-activity-kill-process]
10-19 02:09:03.748 1546 3681 I wm_task_moved: [1,1,6]
10-19 02:09:03.751 1546 3681 I wm_set_resumed_activity: [0,com.android.launcher3/.uioverrides.QuickstepLauncher,positionChildAt]
10-19 02:09:03.751 1546 3681 I wm_task_moved: [67,1,2147483647]
10-19 02:09:03.751 1546 3681 I wm_task_to_front: [0,67]
10-19 02:09:03.751 1546 3681 I wm_focused_root_task: [0,0,1,-1,finish-top adjustFocusToNextFocusableTask]
10-19 02:09:03.751 1546 3681 I wm_set_resumed_activity: [0,com.android.launcher3/.uioverrides.QuickstepLauncher,finish-top]
10-19 02:09:03.756 1546 3681 D ActivityTrigger: ActivityTrigger activityPauseTrigger
10-19 02:09:03.757 1546 3681 I wm_pause_activity: [0,121439501,com.tencent.mm/.plugin.account.ui.WelcomeActivity,userLeaving=false,finish]
10-19 02:09:03.757 1546 3681 D PowerManagerService: acquireWakeLockInternal: lock=227281559, flags=0x1, tag="*launch*", ws=WorkSource{10100}, uid=1000, pid=1546
10-19 02:09:03.758 1546 3681 D PowerManagerService: updateWakeLockSummaryLocked: mWakefulness=Awake, mWakeLockSummary=0x1
10-19 02:09:03.758 1546 3681 D PowerManagerService: updateUserActivitySummaryLocked: groupId=0, mWakefulness=Awake, mUserActivitySummary=0x1, nextTimeout=162093 (in 59987 ms)
10-19 02:09:03.758 1546 3681 D PowerManagerNotifier: onScreenPolicyUpdate: newPolicy=3
10-19 02:09:03.758 1546 3681 D PowerManagerService: updateDisplayPowerStateLocked: displayReady=true, groupId=0, policy=BRIGHT, mWakefulness=Awake, mWakeLockSummary=0x1, mUserActivitySummary=0x1, mBootCompleted=true, screenBrightnessOverride=NaN, useAutoBrightness=true, mScreenBrightnessBoostInProgress=false, mIsVrModeEnabled= false, sQuiescent=false
10-19 02:09:03.758 1546 3681 D PowerManagerNotifier: onWakeLockAcquired: flags=1, tag="*launch*", packageName=android, ownerUid=1000, ownerPid=1546, workSource=WorkSource{10100}
10-19 02:09:03.764 2557 2557 D InsetsSourceConsumer: Call hide for ITYPE_IME on com.android.launcher3/com.android.launcher3.uioverrides.QuickstepLauncher
10-19 02:09:03.764 2557 2557 D InsetsSourceConsumer: applyLocalVisibilityOverride: No control in com.android.launcher3/com.android.launcher3.uioverrides.QuickstepLauncher requestedVisible false
10-19 02:09:03.764 2557 2557 D InsetsSourceConsumer: setControl -> ITYPE_NAVIGATION_BAR on com.android.launcher3/com.android.launcher3.uioverrides.QuickstepLauncher
10-19 02:09:03.764 2557 2557 D InsetsSourceConsumer: applyHiddenToControl: true
10-19 02:09:03.767 1546 3681 D FreeFormWindowHelper: performClearTask : Task{c37a947 #70 type=standard A=10100:com.tencent.mm U=0 visible=true mode=freeform translucent=true sz=1 visible freeform task=true rootAffinity=10100:com.tencent.mm isMini=false}
10-19 02:09:03.769 1546 1623 I input_focus: [Focus request 81c89eb com.android.launcher3/com.android.launcher3.uioverrides.QuickstepLauncher,reason=UpdateInputWindows]
10-19 02:09:03.770 1546 1622 V InputMethodMenuController: Hide switching menu
10-19 02:09:03.771 4632 4632 I wm_on_top_resumed_lost_called: [121439501,com.tencent.mm.plugin.account.ui.WelcomeActivity,topStateChangedWhenResumed]
10-19 02:09:03.774 1546 2840 E TaskPersister: File error accessing recents directory (directory doesn't exist?).
10-19 02:09:03.775 2557 2557 I wm_on_top_resumed_gained_called: [252077482,com.android.launcher3.uioverrides.QuickstepLauncher,topStateChangedWhenResumed]
10-19 02:09:03.783 4632 4813 I OpenGLRenderer: Davey! duration=9223371934754ms; Flags=0, FrameTimelineVsyncId=2512, IntendedVsync=102100394142, Vsync=102117060808, InputEventId=774510330, HandleInputStart=102117745376, AnimationStart=102117748240, PerformTraversalsStart=102117749647, DrawStart=102117839751, FrameDeadline=102121727474, FrameInterval=102117735115, FrameStartTime=16666666, SyncQueued=102118877199, SyncStart=102118926157, IssueDrawCommandsStart=102119150324, SwapBuffers=102120697667, FrameCompleted=9223372036854775807, DequeueBufferDuration=39636, QueueBufferDuration=909844, GpuCompleted=9223372036854775807, SwapBuffersCompleted=102122105740, DisplayPresentTime=329200653380455,
10-19 02:09:03.785 4632 4791 E FA : Task exception on worker thread: java.lang.IllegalStateException: Not initialized: com.google.android.gms.internal.measurement.zzhh.zzch(Unknown Source:11)
10-19 02:09:03.785 4632 4791 E FA : Task exception on worker thread: java.lang.IllegalStateException: Not initialized: com.google.android.gms.internal.measurement.zzhh.zzch(Unknown Source:11)
10-19 02:09:03.785 4632 4791 E FA : Persisted config not initialized. Not logging error/warn
10-19 02:09:03.785 4632 4791 E FA : Persisted config not initialized. Not logging error/warn
10-19 02:09:03.787 893 893 I BpBinder: onLastStrongRef automatically unlinking death recipients:
10-19 02:09:03.788 1546 1799 I input_focus: [Focus leaving e02bbbe com.tencent.mm/com.tencent.mm.plugin.account.ui.WelcomeActivity (server),reason=NO_WINDOW]
10-19 02:09:03.789 1546 1799 I input_focus: [Focus entering 81c89eb com.android.launcher3/com.android.launcher3.uioverrides.QuickstepLauncher (server),reason=setFocusedWindow]
10-19 02:09:03.789 1546 1622 I sysui_multi_action: [757,1144,758,8,806,com.tencent.mm,871,com.tencent.mm.plugin.account.ui.WelcomeActivity]
10-19 02:09:03.789 4632 4632 I wm_on_paused_called: [121439501,com.tencent.mm.plugin.account.ui.WelcomeActivity,performPause]
10-19 02:09:03.791 2557 2557 V ImeFocusController: onWindowFocus: DecorView@53a5678[QuickstepLauncher] softInputMode=STATE_UNSPECIFIED|ADJUST_NOTHING
10-19 02:09:03.791 2557 2557 V ImeFocusController: Restarting due to isRestartOnNextWindowFocus as true
10-19 02:09:03.791 2557 2557 D ImeFocusController: onViewFocusChanged, view=DecorView@53a5678[QuickstepLauncher], mServedView=DecorView@53a5678[QuickstepLauncher]
10-19 02:09:03.791 2557 2557 V ImeFocusController: checkFocus: view=DecorView@53a5678[QuickstepLauncher] next=DecorView@53a5678[QuickstepLauncher] force=true package=com.android.launcher3
10-19 02:09:03.791 2557 2557 V InputMethodManager: Starting input: view=DecorView@53a5678[QuickstepLauncher],focus=false,windowFocus=true,autofillUiShowing=false,window=android.view.ViewRootImpl$W@8ff9151,displayId=0,temporaryDetach=false,hasImeFocus=true reason=WINDOW_FOCUS_GAIN
10-19 02:09:03.791 2557 2557 V InputMethodManager: Starting input: tba=android.view.inputmethod.EditorInfo@b234be8 ic=null
10-19 02:09:03.791 2557 2557 V InputMethodManager: START INPUT: view=DecorView@53a5678[QuickstepLauncher],focus=false,windowFocus=true,autofillUiShowing=false,window=android.view.ViewRootImpl$W@8ff9151,displayId=0,temporaryDetach=false,hasImeFocus=true ic=null tba=android.view.inputmethod.EditorInfo@b234be8 startInputFlags=VIEW_HAS_FOCUS|INITIAL_CONNECTION
10-19 02:09:03.792 1546 4311 D FreeFormWindowHelper: handleFreeformTask : Task{63838d8 #1 type=home ?? U=0 visible=true mode=fullscreen translucent=false sz=1 visible freeform task=true rootAffinity=null isMini=false}
10-19 02:09:03.792 1546 4311 D FreeFormWindowHelper: mFreeFormTask : Task{c37a947 #70 type=standard A=10100:com.tencent.mm U=0 visible=false mode=freeform translucent=true sz=1 visible freeform task=false rootAffinity=10100:com.tencent.mm isMini=false}
10-19 02:09:03.792 1546 4311 D FreeFormWindowHelper: mInRecent : false
10-19 02:09:03.792 1546 4311 D FreeFormWindowHelper:
10-19 02:09:03.792 1546 4311 I ActivityTaskManager: FOREGROUND_APPLICATION_CHANGED to com.android.launcher3.uioverrides.QuickstepLauncher
10-19 02:09:03.792 1546 4311 I wm_destroy_activity: [0,121439501,70,com.tencent.mm/.plugin.account.ui.WelcomeActivity,finish-imm:completePausedLocked]
10-19 02:09:03.793 1546 3681 V InputMethodManagerService: startInputOrWindowGainedFocusInternalLocked: reason=WINDOW_FOCUS_GAIN client=android.os.BinderProxy@d2b00b9 inputContext=null missingMethods= attribute=android.view.inputmethod.EditorInfo@dc741bf startInputFlags=VIEW_HAS_FOCUS|INITIAL_CONNECTION softInputMode=STATE_UNSPECIFIED|ADJUST_NOTHING windowFlags=#81910100 unverifiedTargetSdkVersion=31
10-19 02:09:03.793 1546 4311 D FreeFormWindowHelper: handleFreeformTask : Task{63838d8 #1 type=home ?? U=0 visible=true mode=fullscreen translucent=false sz=1 visible freeform task=true rootAffinity=null isMini=false}
10-19 02:09:03.793 1546 4311 D FreeFormWindowHelper: mFreeFormTask : Task{c37a947 #70 type=standard A=10100:com.tencent.mm U=0 visible=true mode=freeform translucent=true sz=1 visible freeform task=true rootAffinity=10100:com.tencent.mm isMini=false}
10-19 02:09:03.793 1546 4311 D FreeFormWindowHelper: mInRecent : false
10-19 02:09:03.793 1546 4311 D FreeFormWindowHelper:
10-19 02:09:03.793 1546 4311 D FreeFormWindowHelper: handleFreeformTask : Task{63838d8 #1 type=home ?? U=0 visible=true mode=fullscreen translucent=false sz=1 visible freeform task=true rootAffinity=null isMini=false}
10-19 02:09:03.794 1546 4311 D FreeFormWindowHelper: mFreeFormTask : Task{c37a947 #70 type=standard A=10100:com.tencent.mm U=0 visible=true mode=freeform translucent=true sz=1 visible freeform task=true rootAffinity=10100:com.tencent.mm isMini=false}
10-19 02:09:03.794 1546 4311 D FreeFormWindowHelper: mInRecent : false
10-19 02:09:03.794 1546 4311 D FreeFormWindowHelper:
10-19 02:09:03.800 1546 1622 I sysui_multi_action: [757,803,799,window_time_2,802,12]
10-19 02:09:03.801 1546 1622 I EventSequenceValidator: dec AccIntentStartedEvents to 1
10-19 02:09:03.801 1546 3681 V InputMethodManagerService: Unspecified window will hide input
10-19 02:09:03.802 1546 3681 V InputMethodManagerService: unbindCurrentInputLocked: client=android.os.BinderProxy@632b33c
10-19 02:09:03.802 1546 3681 V InputMethodMenuController: Hide switching menu
10-19 02:09:03.802 1546 1622 I ActivityManager: Killing 4632:com.tencent.mm/u0a100 (adj 700): remove task
10-19 02:09:03.802 1546 1622 I am_kill : [0,4632,com.tencent.mm,700,remove task]
10-19 02:09:03.803 1546 3681 V InputMethodManagerService: switching to client: client=android.os.BinderProxy@d2b00b9 keyguard=false
10-19 02:09:03.803 3307 3307 V InputMethod: unbindInput(): binding=InputBinding{android.os.BinderProxy@f54c314 / uid 10100 / pid 4632} ic=InputConnectionWrapper{idHash=#fff57bd mMissingMethods=}
10-19 02:09:03.803 1546 1622 I sysui_multi_action: [757,803,799,window_time_0,802,0]
10-19 02:09:03.803 3307 3307 I ImeService: ImeService(com.baidu.input_hryt.ImeService@36fd56e) life called >>> onUnbindInput
10-19 02:09:03.804 3307 3307 D ImeService: onUnbindInput
10-19 02:09:03.805 3307 3307 I ImeService: ImeService(com.baidu.input_hryt.ImeService@36fd56e) life called >>> onUnbindInput false
10-19 02:09:03.806 3307 3307 I ImeService: ImeService(com.baidu.input_hryt.ImeService@36fd56e) life called >>> hideSoft() false
10-19 02:09:03.806 3307 3307 I ImeService: java.lang.Throwable
10-19 02:09:03.806 3307 3307 I ImeService: com.baidu.input_hryt.ImeService.hideSoft(Proguard:4568)
10-19 02:09:03.806 3307 3307 I ImeService: com.baidu.input_hryt.ImeService.onUnbindInput(Proguard:3467)
10-19 02:09:03.806 3307 3307 I ImeService: android.inputmethodservice.InputMethodService$InputMethodImpl.unbindInput(InputMethodService.java:684)
10-19 02:09:03.806 3307 3307 I ImeService: android.inputmethodservice.IInputMethodWrapper.executeMessage(IInputMethodWrapper.java:185)
10-19 02:09:03.806 3307 3307 I ImeService: com.android.internal.os.HandlerCaller$MyHandler.handleMessage(HandlerCaller.java:44)
10-19 02:09:03.806 3307 3307 I ImeService: android.os.Handler.dispatchMessage(Handler.java:106)
10-19 02:09:03.806 3307 3307 I ImeService: android.os.Looper.loopOnce(Looper.java:201)
10-19 02:09:03.806 3307 3307 I ImeService: android.os.Looper.loop(Looper.java:288)
10-19 02:09:03.806 3307 3307 I ImeService: android.app.ActivityThread.main(ActivityThread.java:7880)
10-19 02:09:03.806 3307 3307 I ImeService: java.lang.reflect.Method.invoke(Native Method)
10-19 02:09:03.806 1546 3681 V InputMethodManagerService: Disabling: SessionState{uid 10100 pid 4632 method 48d7e21 session dc0fc3a channel ClientState{80d285c uid=10100 pid=4632 displayId=0} (server)}
10-19 02:09:03.806 1546 3681 V InputMethodManagerService: Enabling: SessionState{uid 10076 pid 2557 method 48d7e21 session b32f246 channel ClientState{d83dced uid=10076 pid=2557 displayId=0} (server)}
10-19 02:09:03.807 2557 2557 V InputMethodManager: Starting input: Bind result=InputBindResult{result=SUCCESS_WITH_IME_SESSION method=com.android.internal.view.IInputMethodSession$Stub$Proxy@c983201 id=com.baidu.input_hryt/.ImeService sequence=8 isInputMethodSuppressingSpellChecker=false}
10-19 02:09:03.807 2557 2557 D InsetsSourceConsumer: Call hide for ITYPE_IME on com.android.launcher3/com.android.launcher3.uioverrides.QuickstepLauncher
10-19 02:09:03.807 2557 2557 D InsetsSourceConsumer: applyLocalVisibilityOverride: No control in com.android.launcher3/com.android.launcher3.uioverrides.QuickstepLauncher requestedVisible false
10-19 02:09:03.808 2557 2557 D InsetsSourceConsumer: setControl -> ITYPE_STATUS_BAR on com.android.launcher3/com.android.launcher3.uioverrides.QuickstepLauncher
10-19 02:09:03.808 2557 2557 D InsetsSourceConsumer: applyHiddenToControl: true
10-19 02:09:03.808 2557 2557 I InputMethodManager: handleMessage: MSG_SET_ACTIVE true, was false
10-19 02:09:03.808 3307 3307 V InputMethodService: CALL: hideWindow
10-19 02:09:03.811 3307 3307 V InputMethod: bindInput(): binding=InputBinding{android.os.BinderProxy@cf4d36c / uid 10076 / pid 2557} ic=InputConnectionWrapper{idHash=#df8c503 mMissingMethods=}
10-19 02:09:03.811 3307 3307 I ImeService: ImeService(com.baidu.input_hryt.ImeService@36fd56e) life called >>> onBindInput
10-19 02:09:03.811 3307 3307 D ImeService: onBindInput
10-19 02:09:03.812 3307 3307 V InputMethod: startInput(): editor=android.view.inputmethod.EditorInfo@244fc80
10-19 02:09:03.812 3307 3307 V InputMethodService: CALL: doFinishInput
10-19 02:09:03.812 3307 3307 D InlineSuggestionSessionController: notifyOnFinishInput
10-19 02:09:03.812 3307 3307 V InputMethodService: CALL: onFinishInput
10-19 02:09:03.812 3307 3307 I ImeService: ImeService(com.baidu.input_hryt.ImeService@36fd56e) life called >>> onFinishInput
10-19 02:09:03.812 3307 3307 D ImeService: onFinishInput
10-19 02:09:03.813 1546 1622 V InputMethodMenuController: Hide switching menu
10-19 02:09:03.815 3307 3307 D InlineSuggestionSessionController: notifyOnStartInput: com.android.launcher3, 0
10-19 02:09:03.815 3307 3307 V InputMethodService: CALL: onStartInput
10-19 02:09:03.815 3307 3307 I ImeService: ImeService(com.baidu.input_hryt.ImeService@36fd56e) life called >>> onStartInput false 10.6.1003.24
10-19 02:09:03.815 2557 2557 D InsetsSourceConsumer: setControl -> ITYPE_IME on com.android.launcher3/com.android.launcher3.uioverrides.QuickstepLauncher
10-19 02:09:03.815 3307 3307 D ImeService: current version:10.6.1003.24
10-19 02:09:03.815 2557 2557 D InsetsSourceConsumer: applyHiddenToControl: false
10-19 02:09:03.815 3307 3307 D ImeService: onStartInput:packageName:com.android.launcher3 inputType:0 restarting:false,fieldId:-1,imeOptions:0
10-19 02:09:03.816 1546 3681 D InputMethodManagerService: --- calledFromForegroundUserOrSystemProcess ? calling uid = 10076 system uid = 1000 calling userId = 0, foreground user id = 0, calling pid = 0com.android.server.inputmethod.InputMethodManagerService.reportPerceptibleAsync(InputMethodManagerService.java:3102)
10-19 02:09:03.816 1546 3681 D InputMethodManagerService: IME window vis: 0 active: 0 inv: 0 displayId: 0
10-19 02:09:03.816 1546 3681 I InputMethodManagerService: shouldShowImeSwitcherLocked: visibility=0
10-19 02:09:03.816 1546 3681 I InputMethodManagerService: Return: no IME_ACTIVE or IME_INVISIBLE.
10-19 02:09:03.816 1546 3681 I InputMethodManagerService: updateSystemUiLocked: needsToShow=false
10-19 02:09:03.821 3307 3547 E CarAuth : check ok
10-19 02:09:03.824 3307 3307 I ColorPicker: invalidatePickedColors: oldFloatColor=fff5f7fa
10-19 02:09:03.867 0 0 I [ 102.215325] binder: undelivered transaction 67955, process died.
10-19 02:09:03.867 1546 1579 D ConnectivityService: ConnectivityService NetworkRequestInfo binderDied(uid/pid:10100/4632, android.os.BinderProxy@8f5a9b7)
10-19 02:09:03.868 1546 1830 D ConnectivityService: releasing NetworkRequest [ REQUEST id=43, [ Capabilities: INTERNET&NOT_RESTRICTED&TRUSTED&NOT_VCN_MANAGED Uid: 10100 RequestorUid: 10100 RequestorPkg: com.tencent.mm] ] (release request)
10-19 02:09:03.868 1546 3681 I am_proc_died: [0,4632,com.tencent.mm,700,15]
10-19 02:09:03.869 671 671 I Zygote : Process 4632 exited due to signal 9 (Killed)
10-19 02:09:03.869 1546 2100 I WindowManager: WIN DEATH: Window{e02bbbe u0 com.tencent.mm/com.tencent.mm.plugin.account.ui.WelcomeActivity}
10-19 02:09:03.869 1546 2100 W InputManager-JNI: Input channel object 'e02bbbe com.tencent.mm/com.tencent.mm.plugin.account.ui.WelcomeActivity (client)' was disposed without first being removed with the input manager!
10-19 02:09:03.871 1546 1642 I libprocessgroup: Successfully killed process cgroup uid 10100 pid 4632 in 68ms
10-19 02:09:03.871 893 893 E BpTransactionCompletedListener: Failed to transact (-32)
10-19 02:09:03.874 1546 3681 I ActivityManager: Killing 4769:com.tencent.mm:push/u0a100 (adj 0): remove task
10-19 02:09:03.874 1546 3681 I am_kill : [0,4769,com.tencent.mm:push,0,remove task]
10-19 02:09:03.878 1546 3681 I wm_task_removed: [70,removeChild:removeChild last r=ActivityRecord{73d050d u0 com.tencent.mm/.plugin.account.ui.WelcomeActivity taskAffinity=10100:com.tencent.mm t-1 f}} in t=Task{c37a947 #70 type=standard A=10100:com.tencent.mm U=0 visible=true mode=freeform translucent=true sz=0 visible freeform task=true rootAffinity=10100:com.tencent.mm isMini=false}]
10-19 02:09:03.878 1546 3681 I wm_task_removed: [70,removeChild]
10-19 02:09:03.878 1546 3681 D FreeFormWindowHelper: removeRootTaskReferenceIfNeeded = Task{c37a947 #70 type=standard A=10100:com.tencent.mm U=0 visible=false mode=freeform translucent=true sz=0 visible freeform task=true rootAffinity=10100:com.tencent.mm isMini=false}
10-19 02:09:03.878 1546 3681 D FreeFormWindowHelper: showAlreadyHideFreeformTask : true
10-19 02:09:03.879 1546 1622 W ActivityManager: setHasOverlayUi called on unknown pid: 4632
10-19 02:09:03.881 1546 1642 I libprocessgroup: Successfully killed process cgroup uid 10100 pid 4769 in 5ms
10-19 02:09:03.882 1546 1622 D CompatibilityChangeReporter: Compat change id reported: 135634846; UID 10100; state: DISABLED
10-19 02:09:03.883 1546 1622 D CompatibilityChangeReporter: Compat change id reported: 177438394; UID 10100; state: DISABLED
10-19 02:09:03.883 1546 1622 D CompatibilityChangeReporter: Compat change id reported: 135772972; UID 10100; state: DISABLED
10-19 02:09:03.883 1546 1637 D CompatibilityChangeReporter: Compat change id reported: 143937733; UID 10100; state: DISABLED
10-19 02:09:03.887 1546 1634 I am_pss : [3617,1000,com.huawei.dmsdpdevice,14382080,10850304,0,111443968,0,0,6]
10-19 02:09:03.887 1546 1623 W Choreographer: Frame time is 0.189846 ms in the future! Check that graphics HAL is generating vsync timestamps using the correct timebase.
10-19 02:09:03.890 671 671 D Zygote : Forked child process 5009
10-19 02:09:03.891 1546 1637 I am_proc_start: [0,5009,10100,com.tencent.mm,NULL,]
10-19 02:09:03.891 1546 1637 I ActivityManager: Start proc 5009:com.tencent.mm/u0a100 for null
10-19 02:09:03.894 1546 1634 I am_pss : [2957,10091,com.hryt.lebotp,34725888,11419648,0,104116224,0,0,6]
10-19 02:09:03.896 5009 5009 I libc : SetHeapTaggingLevel: tag level set to 0
10-19 02:09:03.900 1546 1634 I am_pss : [2951,10089,com.qualcomm.qti.workloadclassifier,8796160,6635520,0,94670848,0,0,5]
10-19 02:09:03.906 5009 5009 E com.tencent.mm: Not starting debugger since process cannot load the jdwp agent.
10-19 02:09:03.906 1546 1634 I am_pss : [2930,10090,com.qualcomm.qti.qccnetstat,6588416,4329472,0,92733440,0,0,5]
10-19 02:09:03.911 5009 5009 D ProcessState: Binder ioctl to enable oneway spam detection failed: Invalid argument
10-19 02:09:03.912 1546 1634 I am_pss : [2925,10079,com.qualcomm.qti.services.systemhelper:systemhelper_service,6763520,4440064,0,95199232,0,0,4]
10-19 02:09:03.915 0 0 I [ 102.260259] binder: 5009:5009 ioctl 40046210 7fd6808274 returned -22
10-19 02:09:03.918 1546 1634 I am_pss : [2897,10061,.pasr,5760000,3604480,0,91066368,0,0,4]
10-19 02:09:03.919 1546 3681 I am_proc_bound: [0,5009,com.tencent.mm]
10-19 02:09:03.920 1546 3681 D CompatibilityInfo: mCompatibilityFlags - 4
10-19 02:09:03.920 1546 3681 D CompatibilityInfo: applicationDensity - 240
10-19 02:09:03.920 1546 3681 D CompatibilityInfo: applicationScale - 1.0
10-19 02:09:03.924 1546 1634 I am_pss : [2864,1000,com.hryt.hiphishowfsecontrol,14864384,12075008,0,108310528,0,0,5]
10-19 02:09:03.925 1546 4311 D ConnectivityService: ConnectivityService NetworkRequestInfo binderDied(uid/pid:10100/4769, android.os.BinderProxy@f9a18af)
10-19 02:09:03.925 1546 4649 D ConnectivityService: ConnectivityService NetworkRequestInfo binderDied(uid/pid:10100/4769, android.os.BinderProxy@e7c04bc)
10-19 02:09:03.925 0 0 I [ 102.273304] binder: undelivered transaction 68052, process died.
10-19 02:09:03.925 0 0 I [ 102.273324] binder: undelivered transaction 68053, process died.
