10-19 02:07:30.720 1546 1546 I SystemServerTiming: OnBootPhase_550_com.android.server.om.OverlayManagerService
10-19 02:07:30.720 1546 1546 I SystemServerTiming: OnBootPhase_550_com.android.server.SensorPrivacyService
10-19 02:07:30.720 1546 1546 I SystemServerTiming: OnBootPhase_550_com.android.server.thunderperf.ThunderBoostPerfService
10-19 02:07:30.720 1546 1546 I SystemServerTiming: OnBootPhase_550_com.android.server.sensors.SensorService
10-19 02:07:30.720 1546 1546 I SystemServerTiming: OnBootPhase_550_com.android.server.SystemConfigService
10-19 02:07:30.720 1546 1546 I SystemServerTiming: OnBootPhase_550_com.android.server.BatteryService
10-19 02:07:30.720 1546 1546 I SystemServerTiming: OnBootPhase_550_com.android.server.usage.UsageStatsService
10-19 02:07:30.720 1546 1546 I SystemServerTiming: OnBootPhase_550_com.android.server.webkit.WebViewUpdateService
10-19 02:07:30.720 1546 1546 I SystemServerTiming: OnBootPhase_550_com.android.server.CachedDeviceStateService
10-19 02:07:30.720 1546 1546 I SystemServerTiming: OnBootPhase_550_com.android.server.BinderCallsStatsService$LifeCycle
10-19 02:07:30.720 1546 1546 I SystemServerTiming: OnBootPhase_550_com.android.server.LooperStatsService$Lifecycle
10-19 02:07:30.720 1546 1546 I SystemServerTiming: OnBootPhase_550_com.android.server.rollback.RollbackManagerService
10-19 02:07:30.720 1546 1546 I SystemServerTiming: OnBootPhase_550_com.android.server.os.NativeTombstoneManagerService
10-19 02:07:30.720 1546 1546 I SystemServerTiming: OnBootPhase_550_com.android.server.os.BugreportManagerService
10-19 02:07:30.720 1546 1546 I SystemServerTiming: OnBootPhase_550_com.android.server.gpu.GpuService
10-19 02:07:30.720 1546 1546 I SystemServerTiming: OnBootPhase_550_com.android.server.security.KeyChainSystemService
10-19 02:07:30.720 1546 1546 I SystemServerTiming: OnBootPhase_550_com.android.server.telecom.TelecomLoaderService
10-19 02:07:30.723 1546 1546 W ActivityManager: Too early to start/bind service in system_server: Phase=550 ComponentInfo{com.android.server.telecom/com.android.server.telecom.components.TelecomService}
10-19 02:07:30.723 1546 1546 D CompatibilityChangeReporter: Compat change id reported: 168419799; UID 1000; state: DISABLED
10-19 02:07:30.723 1546 1546 W ActivityManager: Too early to start/bind service in system_server: Phase=550 ComponentInfo{com.android.server.telecom/com.android.server.telecom.components.TelecomService}
10-19 02:07:30.723 1546 1546 I SystemServerTiming: OnBootPhase_550_com.android.server.accounts.AccountManagerService$Lifecycle
10-19 02:07:30.723 1546 1546 I SystemServerTiming: OnBootPhase_550_com.android.server.content.ContentService$Lifecycle
10-19 02:07:30.725 1546 1546 I SyncManager: No initial accounts
10-19 02:07:30.726 1546 1546 I SystemServerTiming: OnBootPhase_550_com.android.server.DropBoxManagerService
10-19 02:07:30.726 1546 1546 I SystemServerTiming: OnBootPhase_550_com.android.role.RoleService
10-19 02:07:30.726 1546 1546 I SystemServerTiming: OnBootPhase_550_com.android.server.vibrator.VibratorManagerService$Lifecycle
10-19 02:07:30.726 1546 1546 I SystemServerTiming: OnBootPhase_550_com.android.server.alarm.AlarmManagerService
10-19 02:07:30.726 1546 1546 I SystemServerTiming: OnBootPhase_550_com.android.server.devicestate.DeviceStateManagerService
10-19 02:07:30.726 1546 1546 I SystemServerTiming: OnBootPhase_550_com.android.server.BluetoothService
10-19 02:07:30.726 1546 1546 D BluetoothManagerService: Bluetooth boot completed
10-19 02:07:30.726 1546 1546 D BluetoothManagerService: Auto-enabling Bluetooth.
10-19 02:07:30.727 1546 1621 D BluetoothManagerService: MESSAGE_ENABLE(0): mBluetooth = null
10-19 02:07:30.727 1546 1621 D BluetoothManagerService: MESSAGE_ENABLE: handleEnable
10-19 02:07:30.727 1546 1621 D BluetoothManagerService: binding Bluetooth service
10-19 02:07:30.728 1546 1621 I am_uid_running: 1002
10-19 02:07:30.728 1546 1621 D CompatibilityChangeReporter: Compat change id reported: 135634846; UID 1002; state: DISABLED
10-19 02:07:30.728 1546 1621 D CompatibilityChangeReporter: Compat change id reported: 177438394; UID 1002; state: DISABLED
10-19 02:07:30.728 1546 1621 D CompatibilityChangeReporter: Compat change id reported: 135772972; UID 1002; state: DISABLED
10-19 02:07:30.728 1546 1621 D CompatibilityChangeReporter: Compat change id reported: 135754954; UID 1002; state: ENABLED
10-19 02:07:30.728 1546 1621 D BluetoothManagerService: Binding BT service. Current user: 0
10-19 02:07:30.729 1546 1546 I SystemServerTiming: OnBootPhase_550_com.android.server.connectivity.IpConnectivityMetrics
10-19 02:07:30.729 1546 1546 I SystemServerTiming: OnBootPhase_550_com.android.server.net.watchlist.NetworkWatchlistService$Lifecycle
10-19 02:07:30.730 1546 1546 I SystemServerTiming: OnBootPhase_550_com.android.server.PinnerService
10-19 02:07:30.730 1546 1546 I SystemServerTiming: OnBootPhase_550_com.google.android.startop.iorap.IorapForwardingService
10-19 02:07:30.730 1546 1546 I SystemServerTiming: OnBootPhase_550_com.android.server.ActivityTriggerService
10-19 02:07:30.730 1546 1546 I SystemServerTiming: OnBootPhase_550_com.android.server.integrity.AppIntegrityManagerService
10-19 02:07:30.730 1546 1546 I SystemServerTiming: OnBootPhase_550_com.android.server.inputmethod.InputMethodManagerService$Lifecycle
10-19 02:07:30.730 1546 1546 D InputMethodManagerService: --- systemReady
10-19 02:07:30.731 1546 1546 D InputMethodManagerService: --- re-buildInputMethodList reset = false
10-19 02:07:30.731 1546 1546 D InputMethodManagerService: ------ caller=com.android.server.inputmethod.InputMethodManagerService.systemRunning:1810 com.android.server.inputmethod.InputMethodManagerService$Lifecycle.onBootPhase:1542 com.android.server.SystemServiceManager.startBootPhase:235 com.android.server.SystemServer.lambda$startOtherServices$5$SystemServer:2736 com.android.server.SystemServer$$ExternalSyntheticLambda4.run:44 com.android.server.am.ActivityManagerService.systemReady:7716 com.android.server.SystemServer.startOtherServices:2733 com.android.server.SystemServer.run:885 com.android.server.SystemServer.main:616 java.lang.reflect.Method.invoke:-2
10-19 02:07:30.731 1546 1546 W InputMethodManagerService: Skipping input method com.android.inputmethod.latin/.LatinIME: Not Supported.
10-19 02:07:30.731 1546 1546 I InputMethodManagerService: All the enabled IMEs are gone. Reset default enabled IMEs.
10-19 02:07:30.731 1546 1546 W InputMethodUtils: Found no fallback locale. imis=[]
10-19 02:07:30.731 1546 1546 W InputMethodUtils: No software keyboard is found. imis=[] systemLocale=zh_CN fallbackLocale=null
10-19 02:07:30.732 1546 1546 I InputMethodManagerService: Found no valid default Voice IME. If the user is still locked, this may be expected.
10-19 02:07:30.732 1546 1546 I SystemServerTiming: OnBootPhase_550_com.android.server.accessibility.AccessibilityManagerService$Lifecycle
10-19 02:07:30.732 1546 1546 I SystemServerTiming: OnBootPhase_550_com.android.server.StorageManagerService$Lifecycle
10-19 02:07:30.732 1546 1546 I SystemServerTiming: OnBootPhase_550_com.android.server.usage.StorageStatsService$Lifecycle
10-19 02:07:30.732 1546 1546 I SystemServerTiming: OnBootPhase_550_com.android.server.UiModeManagerService
10-19 02:07:30.732 1546 1546 I SystemServerTiming: OnBootPhase_550_com.android.server.locksettings.LockSettingsService$Lifecycle
10-19 02:07:30.732 1546 1546 I RebootEscrowManager: No reboot escrow data found for users, skipping loading escrow data
10-19 02:07:30.733 1546 1546 I SystemServerTiming: OnBootPhase_550_com.android.server.PersistentDataBlockService
10-19 02:07:30.733 1546 1546 I SystemServerTiming: OnBootPhase_550_com.android.server.testharness.TestHarnessModeService
10-19 02:07:30.733 1546 1546 I SystemServerTiming: OnBootPhase_550_com.android.server.oemlock.OemLockService
10-19 02:07:30.733 1546 1546 I SystemServerTiming: OnBootPhase_550_com.android.server.DeviceIdleController
10-19 02:07:30.733 1546 1546 I SystemServerTiming: OnBootPhase_550_com.android.server.devicepolicy.DevicePolicyManagerService$Lifecycle
10-19 02:07:30.733 1546 1546 I SystemServerTiming: OnBootPhase_550_com.android.server.texttospeech.TextToSpeechManagerService
10-19 02:07:30.733 1546 1546 I SystemServerTiming: OnBootPhase_550_com.android.server.speech.SpeechRecognitionManagerService
10-19 02:07:30.733 1546 1546 I SystemServerTiming: OnBootPhase_550_com.android.server.searchui.SearchUiManagerService
10-19 02:07:30.733 1546 1546 I SystemServerTiming: OnBootPhase_550_com.android.server.smartspace.SmartspaceManagerService
10-19 02:07:30.733 1546 1546 I SystemServerTiming: OnBootPhase_550_com.android.server.graphics.fonts.FontManagerService$Lifecycle
10-19 02:07:30.733 1546 1546 I SystemServerTiming: OnBootPhase_550_com.android.server.textservices.TextServicesManagerService$Lifecycle
10-19 02:07:30.733 1546 1546 I SystemServerTiming: OnBootPhase_550_com.android.server.textclassifier.TextClassificationManagerService$Lifecycle
10-19 02:07:30.733 1546 1546 I SystemServerTiming: OnBootPhase_550_com.android.server.NetworkScoreService$Lifecycle
10-19 02:07:30.733 1546 1546 I SystemServerTiming: OnBootPhase_550_com.android.server.wifi.WifiService
10-19 02:07:30.733 1546 1546 I SystemServerTiming: OnBootPhase_550_com.android.server.wifi.scanner.WifiScanningService
10-19 02:07:30.733 1546 1546 I SystemServerTiming: OnBootPhase_550_com.android.server.wifi.rtt.RttService
10-19 02:07:30.733 1546 1546 I SystemServerTiming: OnBootPhase_550_com.android.server.wifi.aware.WifiAwareService
10-19 02:07:30.733 1546 1546 I SystemServerTiming: OnBootPhase_550_com.android.server.wifi.p2p.WifiP2pService
10-19 02:07:30.733 1546 1546 I SystemServerTiming: OnBootPhase_550_com.android.server.ethernet.EthernetService
10-19 02:07:30.733 1546 1546 I SystemServerTiming: OnBootPhase_550_com.android.server.ConnectivityServiceInitializer
10-19 02:07:30.733 1546 1546 I SystemServerTiming: OnBootPhase_550_com.android.server.notification.NotificationManagerService
10-19 02:07:30.733 1546 1546 I SystemServerTiming: OnBootPhase_550_com.android.server.storage.DeviceStorageMonitorService
10-19 02:07:30.733 1546 1546 I SystemServerTiming: OnBootPhase_550_com.android.server.location.LocationManagerService$Lifecycle
10-19 02:07:30.733 1546 1546 I SystemServerTiming: OnBootPhase_550_com.android.server.timedetector.TimeDetectorService$Lifecycle
10-19 02:07:30.733 1546 1546 I SystemServerTiming: OnBootPhase_550_com.android.server.timezonedetector.TimeZoneDetectorService$Lifecycle
10-19 02:07:30.733 1546 1546 I SystemServerTiming: OnBootPhase_550_com.android.server.timezonedetector.location.LocationTimeZoneManagerService$Lifecycle
10-19 02:07:30.733 1546 1546 I SystemServerTiming: OnBootPhase_550_com.android.server.search.SearchManagerService$Lifecycle
10-19 02:07:30.733 1546 1546 I SystemServerTiming: OnBootPhase_550_com.android.server.wallpaper.WallpaperManagerService$Lifecycle
10-19 02:07:30.733 1546 1637 I am_proc_start: [0,1888,1002,com.android.bluetooth,service,{com.android.bluetooth/com.android.bluetooth.btservice.AdapterService}]
10-19 02:07:30.733 1546 1637 I ActivityManager: Start proc 1888:com.android.bluetooth/1002 for service {com.android.bluetooth/com.android.bluetooth.btservice.AdapterService}
10-19 02:07:30.735 1546 1546 I WallpaperManagerService: No static wallpaper imagery; defaults will be shown
10-19 02:07:30.735 1546 1546 V WallpaperManagerService: bindWallpaperComponentLocked: componentName=ComponentInfo{com.android.systemui/com.android.systemui.ImageWallpaper}
10-19 02:07:30.736 1546 1546 I am_uid_running: 10084
10-19 02:07:30.736 1546 1546 D CompatibilityChangeReporter: Compat change id reported: 135634846; UID 10084; state: DISABLED
10-19 02:07:30.737 1546 1546 D CompatibilityChangeReporter: Compat change id reported: 177438394; UID 10084; state: DISABLED
10-19 02:07:30.737 1546 1546 D CompatibilityChangeReporter: Compat change id reported: 135772972; UID 10084; state: DISABLED
10-19 02:07:30.737 1546 1546 D CompatibilityChangeReporter: Compat change id reported: 135754954; UID 10084; state: ENABLED
10-19 02:07:30.737 1546 1637 D CompatibilityChangeReporter: Compat change id reported: 143937733; UID 10084; state: ENABLED
10-19 02:07:30.741 1546 1637 I am_proc_start: [0,1889,10084,com.android.systemui,service,{com.android.systemui/com.android.systemui.ImageWallpaper}]
10-19 02:07:30.741 1546 1637 I ActivityManager: Start proc 1889:com.android.systemui/u0a84 for service {com.android.systemui/com.android.systemui.ImageWallpaper}
10-19 02:07:30.752 0 0 I [ 9.096911] binder: 1888:1888 ioctl 40046210 7fd6808274 returned -22
10-19 02:07:30.752 1546 1844 I am_proc_bound: [0,1888,com.android.bluetooth]
10-19 02:07:30.753 1546 1546 W WallpaperManagerService: Invalid wallpaper data
10-19 02:07:30.753 1546 1546 E WallpaperManagerService: Unable to apply new wallpaper
10-19 02:07:30.758 0 0 I [ 9.106711] binder: 1889:1889 ioctl 40046210 7fd6808274 returned -22
10-19 02:07:30.758 1173 1173 W iorapd : Readahead disabled by system property
10-19 02:07:30.758 1173 1173 W iorapd : Reconnect to package manager service: 1 times
10-19 02:07:30.759 1546 1844 D CompatibilityChangeReporter: Compat change id reported: 168419799; UID 1002; state: DISABLED
10-19 02:07:30.762 1546 1844 I am_uid_active: 1002
10-19 02:07:30.763 1546 1762 I am_proc_bound: [0,1889,com.android.systemui]
10-19 02:07:30.764 1546 1762 D CompatibilityChangeReporter: Compat change id reported: 168419799; UID 10084; state: DISABLED
10-19 02:07:30.765 1546 1762 I am_uid_active: 10084
10-19 02:07:30.766 1546 1546 I SystemServerTiming: OnBootPhase_550_com.android.server.audio.AudioService$Lifecycle
10-19 02:07:30.766 1546 1546 I SystemServerTiming: OnBootPhase_550_com.android.server.soundtrigger_middleware.SoundTriggerMiddlewareService$Lifecycle
10-19 02:07:30.766 1546 1546 I SystemServerTiming: OnBootPhase_550_com.android.server.DockObserver
10-19 02:07:30.766 1546 1546 I SystemServerTiming: OnBootPhase_550_com.android.server.midi.MidiService$Lifecycle
10-19 02:07:30.766 1546 1546 I SystemServerTiming: OnBootPhase_550_com.android.server.adb.AdbService$Lifecycle
10-19 02:07:30.766 1546 1546 I SystemServerTiming: OnBootPhase_550_com.android.server.usb.UsbService$Lifecycle
10-19 02:07:30.766 1546 1546 I SystemServerTiming: OnBootPhase_550_com.android.server.twilight.TwilightService
10-19 02:07:30.766 1546 1546 I SystemServerTiming: OnBootPhase_550_com.android.server.display.color.ColorDisplayService
10-19 02:07:30.766 1546 1546 I SystemServerTiming: OnBootPhase_550_com.android.server.job.JobSchedulerService
10-19 02:07:30.766 1546 1546 I SystemServerTiming: OnBootPhase_550_com.android.server.soundtrigger.SoundTriggerService
10-19 02:07:30.766 1546 1546 D SoundTriggerService: onBootPhase: 550 : false
10-19 02:07:30.766 1546 1546 I SystemServerTiming: OnBootPhase_550_com.android.server.trust.TrustManagerService
10-19 02:07:30.766 1546 1546 I SystemServerTiming: OnBootPhase_550_com.android.server.backup.BackupManagerService$Lifecycle
10-19 02:07:30.766 1546 1546 I SystemServerTiming: OnBootPhase_550_com.android.server.appwidget.AppWidgetService
10-19 02:07:30.766 1546 1546 I SystemServerTiming: OnBootPhase_550_com.android.server.voiceinteraction.VoiceInteractionManagerService
10-19 02:07:30.766 1546 1841 W BluetoothManagerService: bindBluetoothProfileService:Trying to bind to profile: 1, while Bluetooth is disabled
10-19 02:07:30.766 1546 1546 I SystemServerTiming: OnBootPhase_550_com.android.server.apphibernation.AppHibernationService
10-19 02:07:30.766 1546 1546 I SystemServerTiming: OnBootPhase_550_com.android.server.SensorNotificationService
10-19 02:07:30.770 0 0 I : [ 9.117177] msm-dwc3 a600000.ssusb: DWC3 exited from low power mode
10-19 02:07:30.770 0 0 I : [ 9.117767] msm-dwc3 a800000.ssusb: DWC3 exited from low power mode
10-19 02:07:30.766 1546 1546 I SystemServerTiming: OnBootPhase_550_com.android.server.emergency.EmergencyAffordanceService
10-19 02:07:30.766 1546 1546 I SystemServerTiming: OnBootPhase_550_com.android.server.blob.BlobStoreManagerService
10-19 02:07:30.766 1546 1785 I SystemServerTimingAsync: InitThreadPoolExec:UsbService$Lifecycle#onBootPhase
10-19 02:07:30.766 1546 1546 I SystemServerTiming: OnBootPhase_550_com.android.server.dreams.DreamManagerService
10-19 02:07:30.766 1546 1546 I SystemServerTiming: OnBootPhase_550_com.android.server.companion.CompanionDeviceManagerService
10-19 02:07:30.766 1546 1546 I SystemServerTiming: OnBootPhase_550_com.android.server.restrictions.RestrictionsManagerService
10-19 02:07:30.766 1546 1546 I SystemServerTiming: OnBootPhase_550_com.android.server.media.MediaSessionService
10-19 02:07:30.767 1546 1546 I SystemServerTiming: OnBootPhase_550_com.android.server.media.MediaResourceMonitorService
10-19 02:07:30.767 1546 1546 I SystemServerTiming: OnBootPhase_550_com.android.server.biometrics.sensors.fingerprint.FingerprintService
10-19 02:07:30.767 1546 1546 I SystemServerTiming: OnBootPhase_550_com.android.server.biometrics.BiometricService
10-19 02:07:30.767 1546 1546 I SystemServerTiming: OnBootPhase_550_com.android.server.biometrics.AuthService
10-19 02:07:30.767 1546 1546 I SystemServerTiming: OnBootPhase_550_com.android.server.pm.ShortcutService$Lifecycle
10-19 02:07:30.767 1546 1546 I SystemServerTiming: OnBootPhase_550_com.android.server.pm.LauncherAppsService
10-19 02:07:30.767 1546 1546 I SystemServerTiming: OnBootPhase_550_com.android.server.pm.CrossProfileAppsService
10-19 02:07:30.767 1546 1546 I SystemServerTiming: OnBootPhase_550_com.android.server.people.PeopleService
10-19 02:07:30.767 1546 1546 I SystemServerTiming: OnBootPhase_550_com.android.server.media.metrics.MediaMetricsManagerService
10-19 02:07:30.767 1546 1546 I SystemServerTiming: OnBootPhase_550_com.android.server.media.projection.MediaProjectionManagerService
10-19 02:07:30.767 1546 1546 I SystemServerTiming: OnBootPhase_550_com.android.server.slice.SliceManagerService$Lifecycle
10-19 02:07:30.767 1546 1546 I SystemServerTiming: OnBootPhase_550_com.android.server.stats.StatsCompanion$Lifecycle
10-19 02:07:30.767 1546 1546 I SystemServerTiming: OnBootPhase_550_com.android.server.scheduling.RebootReadinessManagerService$Lifecycle
10-19 02:07:30.767 1546 1546 I SystemServerTiming: OnBootPhase_550_com.android.server.stats.pull.StatsPullAtomService
10-19 02:07:30.767 1546 1546 I SystemServerTiming: OnBootPhase_550_com.android.server.incident.IncidentCompanionService
10-19 02:07:30.767 1546 1546 I SystemServerTiming: OnBootPhase_550_com.android.server.MmsServiceBroker
10-19 02:07:30.767 1546 1546 I SystemServerTiming: OnBootPhase_550_com.android.server.autofill.AutofillManagerService
10-19 02:07:30.767 1546 1546 I SystemServerTiming: OnBootPhase_550_com.android.server.clipboard.ClipboardService
10-19 02:07:30.767 1546 1546 I SystemServerTiming: OnBootPhase_550_com.android.server.appbinding.AppBindingService$Lifecycle
10-19 02:07:30.767 1546 1546 I AppBindingService: Updating constants with: null
10-19 02:07:30.767 1546 1546 I SystemServerTiming: OnBootPhase_550_com.android.server.tracing.TracingServiceProxy
10-19 02:07:30.767 1546 1546 I SystemServerTiming: OnBootPhase_550_com.android.server.policy.PermissionPolicyService
10-19 02:07:30.768 1546 1804 I UsbPortManager: ClientCallback V1_2:
10-19 02:07:30.772 1546 1618 I UsbPortManager: USB port added: port=UsbPort{id=, supportedModes=nonesupportedContaminantProtectionModes=0supportsEnableContaminantPresenceProtection=falsesupportsEnableContaminantPresenceDetection=false, status=UsbPortStatus{connected=false, currentMode=none, currentPowerRole=no-power, currentDataRole=no-data, supportedRoleCombinations=[no-power:no-data], contaminantDetectionStatus=0, contaminantProtectionStatus=0}, canChangeMode=false, canChangePowerRole=false, canChangeDataRole=false, connectedAtMillis=0, lastConnectDurationMillis=0
10-19 02:07:30.783 0 0 I : [ 9.128973] mv2112_setup_forced
10-19 02:07:30.783 1914 1914 D iorap.prefetcherd: Installing minijail
10-19 02:07:30.784 1914 1914 W iorap.prefetcherd: No seccomp filter defined for this architecture.
10-19 02:07:30.785 0 0 D : [ 9.133209] mv2112 func:phyinit_store:75 val:1 phyinit(from mcu uart) suc!
10-19 02:07:30.793 1546 1546 I PackageManager: Permission ownership changed. Updating all permissions.
10-19 02:07:30.830 1546 1546 W SystemServiceManager: Service com.android.server.policy.PermissionPolicyService took 62 ms in onBootPhase
10-19 02:07:30.830 1546 1546 I SystemServerTiming: OnBootPhase_550_com.android.server.pm.StagingManager$Lifecycle
10-19 02:07:30.830 1546 1546 I SystemServerTiming: OnBootPhase_550_com.android.server.app.GameManagerService$Lifecycle
10-19 02:07:30.830 1546 1546 I SystemServerTiming: OnBootPhase_550_com.android.server.appsearch.AppSearchManagerService
10-19 02:07:30.830 1546 1546 I SystemServerTiming: OnBootPhase_550_com.android.server.media.MediaCommunicationService
10-19 02:07:30.830 1546 1546 I SystemServerTiming: StartObservingNativeCrashes
10-19 02:07:30.830 1546 1546 I SystemServerTiming: RegisterAppOpsPolicy
10-19 02:07:30.832 1546 1546 I SystemServerTiming: MakeNetworkManagementServiceReady
10-19 02:07:30.832 1546 1816 I SystemServerTimingAsync: InitThreadPoolExec:WebViewFactoryPreparation
10-19 02:07:30.832 1546 1816 I SystemServer: WebViewFactoryPreparation
10-19 02:07:30.832 1546 1816 I SystemServerTimingAsync: WebViewFactoryPreparation
10-19 02:07:30.833 1546 1816 I am_uid_running: 1037
10-19 02:07:30.833 1546 1546 I SystemServerTiming: MakeIpSecServiceReady
10-19 02:07:30.833 1546 1816 D CompatibilityChangeReporter: Compat change id reported: 135634846; UID 1000; state: DISABLED
10-19 02:07:30.833 1546 1816 D CompatibilityChangeReporter: Compat change id reported: 177438394; UID 1000; state: DISABLED
10-19 02:07:30.833 1546 1816 D CompatibilityChangeReporter: Compat change id reported: 135772972; UID 1000; state: DISABLED
10-19 02:07:30.833 1546 1816 D CompatibilityChangeReporter: Compat change id reported: 178038272; UID 1000; state: DISABLED
10-19 02:07:30.834 1546 1546 D IpSecService: IpSecService is ready
10-19 02:07:30.834 1546 1546 I SystemServerTiming: MakeNetworkStatsServiceReady
10-19 02:07:30.841 1546 1819 I commit_sys_config_file: [net-policy,1]
10-19 02:07:30.841 1546 1819 W NetworkPolicy: setRestrictBackgroundUL: already false
10-19 02:07:30.851 1546 1818 D TelephonyRegistry: listen oscl: mHasNotifySubscriptionInfoChangedOccurred==false no callback
10-19 02:07:30.851 1546 1546 I SystemServerTiming: MakeConnectivityServiceReady
10-19 02:07:30.857 1546 1762 W StorageManagerService: No primary storage defined yet; hacking together a stub
10-19 02:07:30.871 1546 1546 I SystemServerTiming: MakeVpnManagerServiceReady
10-19 02:07:30.873 1546 1546 I SystemServerTiming: MakeVcnManagementServiceReady
10-19 02:07:30.875 1546 1546 D TelephonyRegistry: listen oscl: mHasNotifySubscriptionInfoChangedOccurred==false no callback
10-19 02:07:30.875 1546 1546 I SystemServerTiming: MakeNetworkPolicyServiceReady
10-19 02:07:30.876 1546 1819 D TelephonyRegistry: listen oscl: mHasNotifySubscriptionInfoChangedOccurred==false no callback
10-19 02:07:30.877 1546 1546 I SystemServerTiming: PhaseThirdPartyAppsCanStart
10-19 02:07:30.877 1546 1546 I SystemServiceManager: Starting phase 600
10-19 02:07:30.877 1546 1546 I SystemServerTiming: OnBootPhase_600
10-19 02:07:30.878 1546 1546 I SystemServerTiming: OnBootPhase_600_com.android.server.security.FileIntegrityService
10-19 02:07:30.878 1546 1546 I SystemServerTiming: OnBootPhase_600_com.android.server.pm.Installer
10-19 02:07:30.878 1546 1546 I SystemServerTiming: OnBootPhase_600_com.android.server.os.DeviceIdentifiersPolicyService
10-19 02:07:30.878 1546 1546 I SystemServerTiming: OnBootPhase_600_com.android.server.uri.UriGrantsManagerService$Lifecycle
10-19 02:07:30.878 1546 1546 I SystemServerTiming: OnBootPhase_600_com.android.server.powerstats.PowerStatsService
10-19 02:07:30.878 1546 1546 I SystemServerTiming: OnBootPhase_600_com.android.server.wm.ActivityTaskManagerService$Lifecycle
10-19 02:07:30.878 1546 1546 I SystemServerTiming: OnBootPhase_600_com.android.server.am.ActivityManagerService$Lifecycle
10-19 02:07:30.879 1546 1546 I ExplicitHealthCheckController: Explicit health checks enabled.
10-19 02:07:30.879 1546 1546 I PackageWatchdog: Syncing state, reason: health check state enabled
10-19 02:07:30.879 1546 1546 I PackageWatchdog: Discarding observer rollback-observer. All packages expired
10-19 02:07:30.879 1546 1546 I SystemServerTiming: OnBootPhase_600_com.android.server.pm.DataLoaderManagerService
10-19 02:07:30.879 1546 1546 I SystemServerTiming: OnBootPhase_600_com.android.server.power.PowerManagerService
10-19 02:07:30.879 1546 1634 I PackageWatchdog: Saving observer state to file
10-19 02:07:30.881 1546 1546 I SystemServerTiming: OnBootPhase_600_com.android.server.power.ThermalManagerService
10-19 02:07:30.881 1546 1546 I SystemServerTiming: OnBootPhase_600_com.android.server.power.hint.HintManagerService
10-19 02:07:30.881 1546 1546 I SystemServerTiming: OnBootPhase_600_com.android.server.recoverysystem.RecoverySystemService$Lifecycle
10-19 02:07:30.881 1546 1546 I SystemServerTiming: OnBootPhase_600_com.android.server.lights.LightsService
10-19 02:07:30.881 1546 1546 I SystemServerTiming: OnBootPhase_600_com.android.server.display.DisplayManagerService
10-19 02:07:30.881 1546 1546 I SystemServerTiming: OnBootPhase_600_com.android.server.pm.verify.domain.DomainVerificationService
10-19 02:07:30.881 1546 1546 I SystemServerTiming: OnBootPhase_600_com.android.server.pm.PackageInstallerService$Lifecycle
10-19 02:07:30.881 1546 1546 I SystemServerTiming: OnBootPhase_600_com.android.server.pm.UserManagerService$LifeCycle
10-19 02:07:30.881 1546 1546 I SystemServerTiming: OnBootPhase_600_com.android.server.om.OverlayManagerService
10-19 02:07:30.881 1546 1546 I SystemServerTiming: OnBootPhase_600_com.android.server.SensorPrivacyService
10-19 02:07:30.881 1546 1546 I SystemServerTiming: OnBootPhase_600_com.android.server.thunderperf.ThunderBoostPerfService
10-19 02:07:30.881 1546 1546 I SystemServerTiming: OnBootPhase_600_com.android.server.sensors.SensorService
10-19 02:07:30.881 1546 1546 I SystemServerTiming: OnBootPhase_600_com.android.server.SystemConfigService
10-19 02:07:30.881 1546 1546 I SystemServerTiming: OnBootPhase_600_com.android.server.BatteryService
10-19 02:07:30.881 1546 1546 I SystemServerTiming: OnBootPhase_600_com.android.server.usage.UsageStatsService
10-19 02:07:30.881 1546 1546 I SystemServerTiming: OnBootPhase_600_com.android.server.webkit.WebViewUpdateService
10-19 02:07:30.881 1546 1546 I SystemServerTiming: OnBootPhase_600_com.android.server.CachedDeviceStateService
10-19 02:07:30.881 1546 1546 I SystemServerTiming: OnBootPhase_600_com.android.server.BinderCallsStatsService$LifeCycle
10-19 02:07:30.881 1546 1546 I SystemServerTiming: OnBootPhase_600_com.android.server.LooperStatsService$Lifecycle
10-19 02:07:30.881 1546 1546 I SystemServerTiming: OnBootPhase_600_com.android.server.rollback.RollbackManagerService
10-19 02:07:30.881 1546 1546 I SystemServerTiming: OnBootPhase_600_com.android.server.os.NativeTombstoneManagerService
10-19 02:07:30.881 1546 1546 I SystemServerTiming: OnBootPhase_600_com.android.server.os.BugreportManagerService
10-19 02:07:30.881 1546 1546 I SystemServerTiming: OnBootPhase_600_com.android.server.gpu.GpuService
10-19 02:07:30.881 1546 1546 I SystemServerTiming: OnBootPhase_600_com.android.server.security.KeyChainSystemService
10-19 02:07:30.882 1546 1546 I SystemServerTiming: OnBootPhase_600_com.android.server.telecom.TelecomLoaderService
10-19 02:07:30.882 1546 1546 I SystemServerTiming: OnBootPhase_600_com.android.server.accounts.AccountManagerService$Lifecycle
10-19 02:07:30.882 1546 1546 I SystemServerTiming: OnBootPhase_600_com.android.server.content.ContentService$Lifecycle
10-19 02:07:30.882 1546 1546 I SystemServerTiming: OnBootPhase_600_com.android.server.DropBoxManagerService
10-19 02:07:30.882 1546 1546 I SystemServerTiming: OnBootPhase_600_com.android.role.RoleService
10-19 02:07:30.882 1546 1546 I SystemServerTiming: OnBootPhase_600_com.android.server.vibrator.VibratorManagerService$Lifecycle
10-19 02:07:30.882 1546 1546 I SystemServerTiming: OnBootPhase_600_com.android.server.alarm.AlarmManagerService
10-19 02:07:30.882 1546 1546 I SystemServerTiming: OnBootPhase_600_com.android.server.devicestate.DeviceStateManagerService
10-19 02:07:30.882 1546 1546 I SystemServerTiming: OnBootPhase_600_com.android.server.BluetoothService
10-19 02:07:30.882 1546 1546 I SystemServerTiming: OnBootPhase_600_com.android.server.connectivity.IpConnectivityMetrics
10-19 02:07:30.882 1546 1546 I SystemServerTiming: OnBootPhase_600_com.android.server.net.watchlist.NetworkWatchlistService$Lifecycle
10-19 02:07:30.882 1546 1546 I SystemServerTiming: OnBootPhase_600_com.android.server.PinnerService
10-19 02:07:30.882 1546 1546 I SystemServerTiming: OnBootPhase_600_com.google.android.startop.iorap.IorapForwardingService
10-19 02:07:30.882 1546 1546 I SystemServerTiming: OnBootPhase_600_com.android.server.ActivityTriggerService
10-19 02:07:30.882 1546 1546 I SystemServerTiming: OnBootPhase_600_com.android.server.integrity.AppIntegrityManagerService
10-19 02:07:30.882 1546 1546 I SystemServerTiming: OnBootPhase_600_com.android.server.inputmethod.InputMethodManagerService$Lifecycle
10-19 02:07:30.882 1546 1546 I SystemServerTiming: OnBootPhase_600_com.android.server.accessibility.AccessibilityManagerService$Lifecycle
10-19 02:07:30.882 1546 1546 I SystemServerTiming: OnBootPhase_600_com.android.server.StorageManagerService$Lifecycle
10-19 02:07:30.882 1546 1546 I SystemServerTiming: OnBootPhase_600_com.android.server.usage.StorageStatsService$Lifecycle
10-19 02:07:30.882 1546 1546 I SystemServerTiming: OnBootPhase_600_com.android.server.UiModeManagerService
10-19 02:07:30.882 1546 1546 I SystemServerTiming: OnBootPhase_600_com.android.server.locksettings.LockSettingsService$Lifecycle
10-19 02:07:30.882 1546 1546 I SystemServerTiming: OnBootPhase_600_com.android.server.PersistentDataBlockService
10-19 02:07:30.882 1546 1546 I SystemServerTiming: OnBootPhase_600_com.android.server.testharness.TestHarnessModeService
10-19 02:07:30.882 1546 1546 I SystemServerTiming: OnBootPhase_600_com.android.server.oemlock.OemLockService
10-19 02:07:30.882 1546 1546 I SystemServerTiming: OnBootPhase_600_com.android.server.DeviceIdleController
10-19 02:07:30.882 1546 1546 I SystemServerTiming: OnBootPhase_600_com.android.server.devicepolicy.DevicePolicyManagerService$Lifecycle
10-19 02:07:30.882 1546 1546 I SystemServerTiming: OnBootPhase_600_com.android.server.texttospeech.TextToSpeechManagerService
10-19 02:07:30.882 1546 1546 I SystemServerTiming: OnBootPhase_600_com.android.server.speech.SpeechRecognitionManagerService
10-19 02:07:30.882 1546 1546 I SystemServerTiming: OnBootPhase_600_com.android.server.searchui.SearchUiManagerService
10-19 02:07:30.882 1546 1546 I SystemServerTiming: OnBootPhase_600_com.android.server.smartspace.SmartspaceManagerService
10-19 02:07:30.882 1546 1546 I SystemServerTiming: OnBootPhase_600_com.android.server.graphics.fonts.FontManagerService$Lifecycle
10-19 02:07:30.883 1546 1546 I SystemServerTiming: OnBootPhase_600_com.android.server.textservices.TextServicesManagerService$Lifecycle
10-19 02:07:30.883 1546 1546 I SystemServerTiming: OnBootPhase_600_com.android.server.textclassifier.TextClassificationManagerService$Lifecycle
10-19 02:07:30.883 1546 1546 I SystemServerTiming: OnBootPhase_600_com.android.server.NetworkScoreService$Lifecycle
10-19 02:07:30.883 1546 1546 I SystemServerTiming: OnBootPhase_600_com.android.server.wifi.WifiService
10-19 02:07:30.883 1546 1546 I SystemServerTiming: OnBootPhase_600_com.android.server.wifi.scanner.WifiScanningService
10-19 02:07:30.883 1546 1546 I SystemServerTiming: OnBootPhase_600_com.android.server.wifi.rtt.RttService
10-19 02:07:30.883 1546 1546 I SystemServerTiming: OnBootPhase_600_com.android.server.wifi.aware.WifiAwareService
10-19 02:07:30.883 1546 1546 I SystemServerTiming: OnBootPhase_600_com.android.server.wifi.p2p.WifiP2pService
10-19 02:07:30.883 1546 1546 I SystemServerTiming: OnBootPhase_600_com.android.server.ethernet.EthernetService
10-19 02:07:30.883 1546 1546 I SystemServerTiming: OnBootPhase_600_com.android.server.ConnectivityServiceInitializer
10-19 02:07:30.883 1546 1546 I SystemServerTiming: OnBootPhase_600_com.android.server.notification.NotificationManagerService
10-19 02:07:30.891 0 0 I [ 9.239713] binder: 1214:1214 ioctl 40046210 7ffa16e034 returned -22
10-19 02:07:30.890 1546 1546 I SystemServerTiming: OnBootPhase_600_com.android.server.storage.DeviceStorageMonitorService
10-19 02:07:30.890 1546 1546 I SystemServerTiming: OnBootPhase_600_com.android.server.location.LocationManagerService$Lifecycle
10-19 02:07:30.896 0 0 E [ 9.242442] init: Control message: Could not find 'vendor.qti.hardware.iop@2.0::IIop/default' for ctl.interface_start from pid: 512 (/system/bin/hwservicemanager)
10-19 02:07:30.899 0 0 I [ 9.247224] msm_vidc: high: 00000001: ....e: Opening video instance: 0000000000000000, 0
10-19 02:07:30.899 0 0 I [ 9.247319] msm_vidc: err : 00000001: ....e: Failed to create debugfs for msm_vidc
10-19 02:07:30.916 1546 1546 D TelephonyRegistry: listen oscl: mHasNotifySubscriptionInfoChangedOccurred==false no callback
10-19 02:07:30.919 0 0 I [ 9.265777] msm_vidc: high: 00000001: h265e: Closed video instance: 0000000000000000
10-19 02:07:30.919 1546 1637 W ActivityManager: Slow operation: 86ms so far, now at startProcess: returned from zygote!
10-19 02:07:30.919 1546 1637 W ActivityManager: Slow operation: 86ms so far, now at startProcess: done updating battery stats
10-19 02:07:30.919 1546 1637 I am_proc_start: [0,1976,1037,WebViewLoader-armeabi-v7a,NULL,]
10-19 02:07:30.919 1546 1637 W ActivityManager: Slow operation: 86ms so far, now at startProcess: building log message
10-19 02:07:30.919 1546 1637 I ActivityManager: Start proc 1976:WebViewLoader-armeabi-v7a/1037 [android.webkit.WebViewLibraryLoader$RelroFileCreator] for null
10-19 02:07:30.919 1546 1637 W ActivityManager: Slow operation: 86ms so far, now at startProcess: starting to update pids map
10-19 02:07:30.919 1546 1637 W ActivityManager: Slow operation: 86ms so far, now at startProcess: done updating pids map
10-19 02:07:30.919 1546 1637 W ActivityManager: Slow operation: 85ms so far, now at startProcess: asking zygote to start proc
10-19 02:07:30.922 1546 1637 W ActivityManager: Slow operation: 89ms so far, now at startProcess: returned from zygote!
10-19 02:07:30.922 1546 1637 W ActivityManager: Slow operation: 89ms so far, now at startProcess: done updating battery stats
10-19 02:07:30.922 1546 1637 I am_proc_start: [0,1978,1037,WebViewLoader-arm64-v8a,NULL,]
10-19 02:07:30.922 1546 1637 W ActivityManager: Slow operation: 89ms so far, now at startProcess: building log message
10-19 02:07:30.922 1546 1637 I ActivityManager: Start proc 1978:WebViewLoader-arm64-v8a/1037 [android.webkit.WebViewLibraryLoader$RelroFileCreator] for null
10-19 02:07:30.923 1546 1637 W ActivityManager: Slow operation: 89ms so far, now at startProcess: starting to update pids map
10-19 02:07:30.923 1546 1637 W ActivityManager: Slow operation: 89ms so far, now at startProcess: done updating pids map
10-19 02:07:30.925 0 0 I [ 9.272631] init: processing action (vendor.bluetooth.startbtlogger=true) from (/system_ext/etc/init/init.qti.bt.logger.rc:29)
10-19 02:07:30.925 0 0 I [ 9.272906] init: starting service 'vendor.bt_logger'...
10-19 02:07:30.925 1546 1546 I SystemServerTiming: OnBootPhase_600_com.android.server.timedetector.TimeDetectorService$Lifecycle
10-19 02:07:30.925 1546 1546 I SystemServerTiming: OnBootPhase_600_com.android.server.timezonedetector.TimeZoneDetectorService$Lifecycle
10-19 02:07:30.925 1546 1546 I SystemServerTiming: OnBootPhase_600_com.android.server.timezonedetector.location.LocationTimeZoneManagerService$Lifecycle
10-19 02:07:30.925 1546 1546 I SystemServerTiming: OnBootPhase_600_com.android.server.search.SearchManagerService$Lifecycle
10-19 02:07:30.925 1546 1546 I SystemServerTiming: OnBootPhase_600_com.android.server.wallpaper.WallpaperManagerService$Lifecycle
10-19 02:07:30.925 1546 1546 I WallpaperManagerService: switch-user-0
10-19 02:07:30.926 1546 1546 V WallpaperManagerService: bindWallpaperComponentLocked: componentName=ComponentInfo{com.android.systemui/com.android.systemui.ImageWallpaper}
10-19 02:07:30.926 1888 1977 I bt_config_source: 1
10-19 02:07:30.926 1546 1546 I SystemServerTiming: OnBootPhase_600_com.android.server.audio.AudioService$Lifecycle
10-19 02:07:30.926 1888 1977 I bt_config_source: 3
10-19 02:07:30.926 1546 1546 I SystemServerTiming: OnBootPhase_600_com.android.server.soundtrigger_middleware.SoundTriggerMiddlewareService$Lifecycle
10-19 02:07:30.926 1546 1546 I SystemServerTiming: OnBootPhase_600_com.android.server.DockObserver
10-19 02:07:30.926 1546 1546 I SystemServerTiming: OnBootPhase_600_com.android.server.midi.MidiService$Lifecycle
10-19 02:07:30.926 1546 1546 I SystemServerTiming: OnBootPhase_600_com.android.server.adb.AdbService$Lifecycle
10-19 02:07:30.926 1546 1546 I SystemServerTiming: OnBootPhase_600_com.android.server.usb.UsbService$Lifecycle
10-19 02:07:30.926 1546 1546 I SystemServerTiming: OnBootPhase_600_com.android.server.twilight.TwilightService
10-19 02:07:30.927 1546 1546 I SystemServerTiming: OnBootPhase_600_com.android.server.display.color.ColorDisplayService
10-19 02:07:30.927 1546 1546 I SystemServerTiming: OnBootPhase_600_com.android.server.job.JobSchedulerService
10-19 02:07:30.928 1546 1546 I SystemServerTiming: OnBootPhase_600_com.android.server.soundtrigger.SoundTriggerService
10-19 02:07:30.928 1546 1546 D SoundTriggerService: onBootPhase: 600 : false
10-19 02:07:30.928 1546 1546 I SystemServerTiming: OnBootPhase_600_com.android.server.trust.TrustManagerService
10-19 02:07:30.931 1546 1546 D BiometricService: Sensor ID(0), oemStrength: 15, updatedStrength: 15, modality 2, state: 0, cookie: 0, props: ID: 0, Strength: 2, Type: 1, sensorId 0, hasEnrollments: false cannot participate in Keystore operations
10-19 02:07:30.932 1546 1546 I SystemServerTiming: OnBootPhase_600_com.android.server.backup.BackupManagerService$Lifecycle
10-19 02:07:30.932 1546 1546 I SystemServerTiming: OnBootPhase_600_com.android.server.appwidget.AppWidgetService
10-19 02:07:30.932 1546 1546 I SystemServerTiming: OnBootPhase_600_com.android.server.voiceinteraction.VoiceInteractionManagerService
10-19 02:07:30.932 1546 1546 I SystemServerTiming: OnBootPhase_600_com.android.server.apphibernation.AppHibernationService
10-19 02:07:30.932 1546 1546 I SystemServerTiming: OnBootPhase_600_com.android.server.SensorNotificationService
10-19 02:07:30.933 1546 1546 I SystemServerTiming: OnBootPhase_600_com.android.server.emergency.EmergencyAffordanceService
10-19 02:07:30.933 1546 1546 I SystemServerTiming: OnBootPhase_600_com.android.server.blob.BlobStoreManagerService
10-19 02:07:30.934 1546 1546 I SystemServerTiming: OnBootPhase_600_com.android.server.dreams.DreamManagerService
10-19 02:07:30.935 1546 1546 I SystemServerTiming: OnBootPhase_600_com.android.server.companion.CompanionDeviceManagerService
10-19 02:07:30.935 1546 1546 I SystemServerTiming: OnBootPhase_600_com.android.server.restrictions.RestrictionsManagerService
10-19 02:07:30.935 1546 1546 I SystemServerTiming: OnBootPhase_600_com.android.server.media.MediaSessionService
10-19 02:07:30.935 1546 1546 I SystemServerTiming: OnBootPhase_600_com.android.server.media.MediaResourceMonitorService
10-19 02:07:30.935 1546 1546 I SystemServerTiming: OnBootPhase_600_com.android.server.biometrics.sensors.fingerprint.FingerprintService
10-19 02:07:30.935 1546 1546 I SystemServerTiming: OnBootPhase_600_com.android.server.biometrics.BiometricService
10-19 02:07:30.935 1546 1546 I SystemServerTiming: OnBootPhase_600_com.android.server.biometrics.AuthService
10-19 02:07:30.935 1546 1546 I SystemServerTiming: OnBootPhase_600_com.android.server.pm.ShortcutService$Lifecycle
10-19 02:07:30.935 1546 1546 I SystemServerTiming: OnBootPhase_600_com.android.server.pm.LauncherAppsService
10-19 02:07:30.935 1546 1546 I SystemServerTiming: OnBootPhase_600_com.android.server.pm.CrossProfileAppsService
10-19 02:07:30.935 1546 1546 I SystemServerTiming: OnBootPhase_600_com.android.server.people.PeopleService
10-19 02:07:30.935 1546 1546 I SystemServerTiming: OnBootPhase_600_com.android.server.media.metrics.MediaMetricsManagerService
10-19 02:07:30.935 1546 1546 I SystemServerTiming: OnBootPhase_600_com.android.server.media.projection.MediaProjectionManagerService
10-19 02:07:30.935 1546 1546 I SystemServerTiming: OnBootPhase_600_com.android.server.slice.SliceManagerService$Lifecycle
10-19 02:07:30.935 1546 1546 I SystemServerTiming: OnBootPhase_600_com.android.server.stats.StatsCompanion$Lifecycle
10-19 02:07:30.935 1546 1546 I SystemServerTiming: OnBootPhase_600_com.android.server.scheduling.RebootReadinessManagerService$Lifecycle
10-19 02:07:30.935 1546 1546 I SystemServerTiming: OnBootPhase_600_com.android.server.stats.pull.StatsPullAtomService
10-19 02:07:30.935 1546 1546 I SystemServerTiming: OnBootPhase_600_com.android.server.incident.IncidentCompanionService
10-19 02:07:30.935 1546 1546 I SystemServerTiming: OnBootPhase_600_com.android.server.MmsServiceBroker
10-19 02:07:30.935 1546 1546 I SystemServerTiming: OnBootPhase_600_com.android.server.autofill.AutofillManagerService
10-19 02:07:30.936 1546 1634 D StatsPullAtomService: Registering NetworkStats pullers with statsd
10-19 02:07:30.936 1546 1634 D PowerManagerService: acquireWakeLockInternal: lock=96753738, flags=0x1, tag="NetworkStats", ws=null, uid=1000, pid=1546
10-19 02:07:30.936 1546 1634 D PowerManagerService: updateWakeLockSummaryLocked: mWakefulness=Awake, mWakeLockSummary=0x1
10-19 02:07:30.936 1546 1634 D PowerManagerService: updateUserActivitySummaryLocked: groupId=0, mWakefulness=Awake, mUserActivitySummary=0x1, nextTimeout=69002 (in 59718 ms)
10-19 02:07:30.936 1546 1634 D PowerManagerNotifier: onScreenPolicyUpdate: newPolicy=3
10-19 02:07:30.936 1546 1634 D PowerManagerService: updateDisplayPowerStateLocked: displayReady=true, groupId=0, policy=BRIGHT, mWakefulness=Awake, mWakeLockSummary=0x1, mUserActivitySummary=0x1, mBootCompleted=false, screenBrightnessOverride=1.0, useAutoBrightness=false, mScreenBrightnessBoostInProgress=false, mIsVrModeEnabled= false, sQuiescent=false
10-19 02:07:30.936 1546 1634 D PowerManagerService: Acquiring suspend blocker "PowerManagerService.WakeLocks".
10-19 02:07:30.937 1546 1634 D PowerManagerNotifier: onWakeLockAcquired: flags=1, tag="NetworkStats", packageName=android, ownerUid=1000, ownerPid=1546, workSource=null
10-19 02:07:30.938 1546 1546 I SystemServerTiming: OnBootPhase_600_com.android.server.clipboard.ClipboardService
10-19 02:07:30.938 1546 1546 I SystemServerTiming: OnBootPhase_600_com.android.server.appbinding.AppBindingService$Lifecycle
10-19 02:07:30.938 1546 1546 I SystemServerTiming: OnBootPhase_600_com.android.server.tracing.TracingServiceProxy
10-19 02:07:30.938 1546 1546 I SystemServerTiming: OnBootPhase_600_com.android.server.policy.PermissionPolicyService
10-19 02:07:30.938 1546 1546 I SystemServerTiming: OnBootPhase_600_com.android.server.pm.StagingManager$Lifecycle
10-19 02:07:30.938 1546 1546 I SystemServerTiming: OnBootPhase_600_com.android.server.app.GameManagerService$Lifecycle
10-19 02:07:30.938 1546 1546 I SystemServerTiming: OnBootPhase_600_com.android.server.appsearch.AppSearchManagerService
10-19 02:07:30.938 1546 1546 I SystemServerTiming: OnBootPhase_600_com.android.server.media.MediaCommunicationService
10-19 02:07:30.938 1546 1546 I SystemServerTiming: StartNetworkStack
10-19 02:07:30.938 1546 1618 D PowerManagerService: acquireWakeLockInternal: lock=131598790, flags=0x1, tag="GnssVisibilityControl", ws=null, uid=1000, pid=1546
10-19 02:07:30.938 1546 1618 D PowerManagerService: updateWakeLockSummaryLocked: mWakefulness=Awake, mWakeLockSummary=0x1
10-19 02:07:30.938 1546 1546 D ConnectivityModuleConnector: Starting networking module android.net.INetworkStackConnector
10-19 02:07:30.938 1546 1618 D PowerManagerService: updateUserActivitySummaryLocked: groupId=0, mWakefulness=Awake, mUserActivitySummary=0x1, nextTimeout=69002 (in 59715 ms)
10-19 02:07:30.938 1546 1618 D PowerManagerNotifier: onScreenPolicyUpdate: newPolicy=3
10-19 02:07:30.938 1546 1618 D PowerManagerService: updateDisplayPowerStateLocked: displayReady=true, groupId=0, policy=BRIGHT, mWakefulness=Awake, mWakeLockSummary=0x1, mUserActivitySummary=0x1, mBootCompleted=false, screenBrightnessOverride=1.0, useAutoBrightness=false, mScreenBrightnessBoostInProgress=false, mIsVrModeEnabled= false, sQuiescent=false
10-19 02:07:30.938 1546 1618 D PowerManagerNotifier: onWakeLockAcquired: flags=1, tag="GnssVisibilityControl", packageName=android, ownerUid=1000, ownerPid=1546, workSource=null
10-19 02:07:30.939 1546 1546 D ConnectivityModuleConnector: Starting networking module in network_stack process
10-19 02:07:30.940 1546 1618 W CarrierConfigManager: Error getting config for subId -1 ICarrierConfigLoader is null
10-19 02:07:30.941 1546 1546 I am_uid_running: 1073
10-19 02:07:30.942 1546 1546 D CompatibilityChangeReporter: Compat change id reported: 135634846; UID 1073; state: DISABLED
10-19 02:07:30.942 1546 1546 D CompatibilityChangeReporter: Compat change id reported: 177438394; UID 1073; state: DISABLED
10-19 02:07:30.942 1546 1546 D CompatibilityChangeReporter: Compat change id reported: 135772972; UID 1073; state: DISABLED
10-19 02:07:30.942 1546 1546 D CompatibilityChangeReporter: Compat change id reported: 135754954; UID 1073; state: ENABLED
10-19 02:07:30.942 1546 1546 D ConnectivityModuleConnector: Networking module service start requested
10-19 02:07:30.943 1546 1546 I SystemServerTiming: StartTethering
10-19 02:07:30.943 1546 1546 D ConnectivityModuleConnector: Starting networking module android.net.ITetheringConnector
10-19 02:07:30.943 1546 1546 D ConnectivityModuleConnector: Starting networking module in network_stack process
10-19 02:07:30.944 1546 1546 D ConnectivityModuleConnector: Networking module service start requested
10-19 02:07:30.945 1546 1546 I SystemServerTiming: MakeCountryDetectionServiceReady
10-19 02:07:30.945 1546 1546 I SystemServerTiming: MakeNetworkTimeUpdateReady
10-19 02:07:30.945 1546 1634 I netstats_mobile_sample: [0,0,0,0,0,0,0,0,0,0,0,0,1697652450945]
10-19 02:07:30.945 1546 1634 I netstats_wifi_sample: [0,0,0,0,0,0,0,0,0,0,0,0,1697652450945]
10-19 02:07:30.945 1546 1634 D PowerManagerService: releaseWakeLockInternal: lock=96753738 [NetworkStats], flags=0x0
10-19 02:07:30.945 1546 1634 D PowerManagerNotifier: onWakeLockReleased: flags=1, tag="NetworkStats", packageName=android, ownerUid=1000, ownerPid=1546, workSource=null
10-19 02:07:30.947 0 0 I [ 9.295352] binder: 1978:1978 ioctl 40046210 7fd6808274 returned -22
10-19 02:07:30.947 0 0 I [ 9.295526] msm_vidc: high: 00000001: ....d: Opening video instance: 0000000000000000, 1
10-19 02:07:30.947 0 0 I [ 9.295564] msm_vidc: err : 00000001: ....d: Failed to create debugfs for msm_vidc
10-19 02:07:30.946 1546 1634 D PowerManagerService: updateWakeLockSummaryLocked: mWakefulness=Awake, mWakeLockSummary=0x1
10-19 02:07:30.947 1546 1634 D PowerManagerService: updateUserActivitySummaryLocked: groupId=0, mWakefulness=Awake, mUserActivitySummary=0x1, nextTimeout=69002 (in 59707 ms)
10-19 02:07:30.947 1546 1634 D PowerManagerNotifier: onScreenPolicyUpdate: newPolicy=3
10-19 02:07:30.947 1546 1634 D PowerManagerService: updateDisplayPowerStateLocked: displayReady=true, groupId=0, policy=BRIGHT, mWakefulness=Awake, mWakeLockSummary=0x1, mUserActivitySummary=0x1, mBootCompleted=false, screenBrightnessOverride=1.0, useAutoBrightness=false, mScreenBrightnessBoostInProgress=false, mIsVrModeEnabled= false, sQuiescent=false
10-19 02:07:30.947 1546 1637 I am_proc_start: [0,2003,1073,com.android.networkstack.process,service,{com.android.networkstack/com.android.server.NetworkStackService}]
10-19 02:07:30.947 1546 1637 I ActivityManager: Start proc 2003:com.android.networkstack.process/1073 for service {com.android.networkstack/com.android.server.NetworkStackService}
10-19 02:07:30.948 1546 1618 D CompatibilityChangeReporter: Compat change id reported: 168936375; UID 1000; state: DISABLED
10-19 02:07:30.948 1546 1618 D CompatibilityChangeReporter: Compat change id reported: 168936375; UID 1000; state: ENABLED
10-19 02:07:30.948 1546 1762 I am_proc_bound: [0,1978,WebViewLoader-arm64-v8a]
10-19 02:07:30.951 0 0 I [ 9.299176] binder: 1976:1976 ioctl 40046210 fff22a98 returned -22
10-19 02:07:30.954 1546 1762 I am_uid_active: 1037
10-19 02:07:30.956 1546 1546 I SystemServerTiming: MakeInputManagerServiceReady
10-19 02:07:30.956 1546 1546 I configuration_changed: 16384
10-19 02:07:30.956 1546 1546 I ActivityTaskManager: Config changes=4000 {1.0 ?mcc?mnc [zh_CN] ldltr sw680dp w1586dp h625dp 240dpi lrg long hdr land finger -keyb/v/h -nav/h winConfig={ mBounds=Rect(0, 0 - 2380, 1020) mAppBounds=Rect(0, 0 - 2380, 974) mMaxBounds=Rect(0, 0 - 2380, 1020) mWindowingMode=fullscreen mDisplayWindowingMode=fullscreen mActivityType=undefined mAlwaysOnTop=undefined mRotation=ROTATION_0} s.10 fontWeightAdjustment=0}
10-19 02:07:30.957 1546 1546 I WindowManager: Override config changes=4000 {1.0 ?mcc?mnc [zh_CN] ldltr sw680dp w1586dp h625dp 240dpi lrg long hdr land finger -keyb/v/h -nav/h winConfig={ mBounds=Rect(0, 0 - 2380, 1020) mAppBounds=Rect(0, 0 - 2380, 974) mMaxBounds=Rect(0, 0 - 2380, 1020) mWindowingMode=fullscreen mDisplayWindowingMode=fullscreen mActivityType=undefined mAlwaysOnTop=undefined mRotation=ROTATION_0} s.10 fontWeightAdjustment=0} for displayId=0
10-19 02:07:30.958 1546 1546 D PowerManagerService: userActivityNoUpdateLocked: groupId=0, eventTime=9307, event=0, flags=0x0, uid=1000
