10-19 02:07:35.835 3732 3732 I auditd : type=1400 audit(0.0:103): avc: denied { read } for comm="m.huawei.nearby" name="u:object_r:wifi_hal_prop:s0" dev="tmpfs" ino=15522 scontext=u:r:system_app:s0 tcontext=u:object_r:wifi_hal_prop:s0 tclass=file permissive=0
10-19 02:07:35.842 1546 2829 D CompatibilityChangeReporter: Compat change id reported: 135634846; UID 1000; state: DISABLED
10-19 02:07:35.842 1546 2829 D CompatibilityChangeReporter: Compat change id reported: 177438394; UID 1000; state: DISABLED
10-19 02:07:35.842 1546 2829 D CompatibilityChangeReporter: Compat change id reported: 135772972; UID 1000; state: DISABLED
10-19 02:07:35.842 1546 2829 D CompatibilityChangeReporter: Compat change id reported: 135754954; UID 1000; state: ENABLED
10-19 02:07:35.843 1546 2829 I backup_transport_lifecycle: [com.android.localtransport/.LocalTransportService,1]
10-19 02:07:35.844 1546 1637 I am_proc_start: [0,3803,10065,com.android.onetimeinitializer,broadcast,{com.android.onetimeinitializer/com.android.onetimeinitializer.OneTimeInitializerReceiver}]
10-19 02:07:35.844 1546 1637 I ActivityManager: Start proc 3803:com.android.onetimeinitializer/u0a65 for broadcast {com.android.onetimeinitializer/com.android.onetimeinitializer.OneTimeInitializerReceiver}
10-19 02:07:35.850 1546 1637 I am_proc_start: [0,3808,1000,com.android.localtransport,service,{com.android.localtransport/com.android.localtransport.LocalTransportService}]
10-19 02:07:35.850 1546 1637 I ActivityManager: Start proc 3808:com.android.localtransport/1000 for service {com.android.localtransport/com.android.localtransport.LocalTransportService}
10-19 02:07:35.854 3732 3732 W ContextImpl: Calling a method in the system process without a qualified user: android.app.ContextImpl.bindService:1895 android.content.ContextWrapper.bindService:810 com.huawei.hiview.BinderWriter.connect:29 com.huawei.hiview.BinderWriter.writeHiLog:46 com.huawei.hiview.HiView.reportHiLog:43
10-19 02:07:35.856 3732 3732 W ContextImpl: Calling a method in the system process without a qualified user: android.app.ContextImpl.bindService:1895 android.content.ContextWrapper.bindService:810 com.huawei.hiview.BinderWriter.connect:29 com.huawei.hiview.BinderWriter.writeHiLog:46 com.huawei.hiview.HiView.reportHiLog:43
10-19 02:07:35.856 3732 3750 W ContextImpl: Calling a method in the system process without a qualified user: android.app.ContextImpl.bindService:1895 android.content.ContextWrapper.bindService:810 com.huawei.hiview.BinderWriter.connect:29 com.huawei.hiview.BinderWriter.writeHiLog:46 com.huawei.hiview.HiView.reportHiLog:43
10-19 02:07:35.857 3732 3732 W ContextImpl: Calling a method in the system process without a qualified user: android.app.ContextImpl.bindService:1895 android.content.ContextWrapper.bindService:810 com.huawei.hiview.BinderWriter.connect:29 com.huawei.hiview.BinderWriter.writeHiLog:46 com.huawei.hiview.HiView.reportHiLog:43
10-19 02:07:35.859 3732 3750 W ContextImpl: Calling a method in the system process without a qualified user: android.app.ContextImpl.bindService:1895 android.content.ContextWrapper.bindService:810 com.huawei.hiview.BinderWriter.connect:29 com.huawei.hiview.BinderWriter.writeHiLog:46 com.huawei.hiview.HiView.reportHiLog:43
10-19 02:07:35.860 3732 3732 W ContextImpl: Calling a method in the system process without a qualified user: android.app.ContextImpl.bindService:1895 android.content.ContextWrapper.bindService:810 com.huawei.hiview.BinderWriter.connect:29 com.huawei.hiview.BinderWriter.writeHiLog:46 com.huawei.hiview.HiView.reportHiLog:43
10-19 02:07:35.860 3732 3770 W ContextImpl: Calling a method in the system process without a qualified user: android.app.ContextImpl.bindService:1895 android.content.ContextWrapper.bindService:810 com.huawei.hiview.BinderWriter.connect:29 com.huawei.hiview.BinderWriter.writeHiLog:46 com.huawei.hiview.HiView.reportHiLog:43
10-19 02:07:35.863 3732 3732 W ContextImpl: Calling a method in the system process without a qualified user: android.app.ContextImpl.bindService:1895 android.content.ContextWrapper.bindService:810 com.huawei.hiview.BinderWriter.connect:29 com.huawei.hiview.BinderWriter.writeHiLog:46 com.huawei.hiview.HiView.reportHiLog:43
10-19 02:07:35.863 3732 3795 W ContextImpl: Calling a method in the system process without a qualified user: android.app.ContextImpl.bindService:1895 android.content.ContextWrapper.bindService:810 com.huawei.hiview.BinderWriter.connect:29 com.huawei.hiview.BinderWriter.writeHiLog:46 com.huawei.hiview.HiView.reportHiLog:43
10-19 02:07:35.863 1546 2102 I am_proc_bound: [0,3803,com.android.onetimeinitializer]
10-19 02:07:35.863 0 0 I [ 14.208606] binder: 3803:3803 ioctl 40046210 7fd6808274 returned -22
10-19 02:07:35.864 0 0 I [ 14.212303] binder: 3808:3808 ioctl 40046210 7fd6808274 returned -22
10-19 02:07:35.864 1546 2102 D CompatibilityChangeReporter: Compat change id reported: 168419799; UID 10065; state: DISABLED
10-19 02:07:35.869 1546 2102 I am_uid_active: 10065
10-19 02:07:35.873 3732 3732 W ContextImpl: Calling a method in the system process without a qualified user: android.app.ContextImpl.bindService:1895 android.content.ContextWrapper.bindService:810 com.huawei.hiview.BinderWriter.connect:29 com.huawei.hiview.BinderWriter.writeHiLog:46 com.huawei.hiview.HiView.reportHiLog:43
10-19 02:07:35.873 1546 2917 I am_proc_bound: [0,3808,com.android.localtransport]
10-19 02:07:35.873 3732 3795 W ContextImpl: Calling a method in the system process without a qualified user: android.app.ContextImpl.bindService:1895 android.content.ContextWrapper.bindService:810 com.huawei.hiview.BinderWriter.connect:29 com.huawei.hiview.BinderWriter.writeHiLog:46 com.huawei.hiview.HiView.reportHiLog:43
10-19 02:07:35.874 1546 2917 D CompatibilityChangeReporter: Compat change id reported: 168419799; UID 1000; state: DISABLED
10-19 02:07:35.877 1546 3322 I am_proc_died: [0,3655,com.android.keychain,905,19]
10-19 02:07:35.905 1546 3681 I am_uid_running: 10039
10-19 02:07:35.906 1546 3681 I ActivityManager: com.android.packageinstaller is exempt from freezer
10-19 02:07:35.906 1546 3681 D CompatibilityChangeReporter: Compat change id reported: 135634846; UID 10039; state: DISABLED
10-19 02:07:35.906 1546 3681 D CompatibilityChangeReporter: Compat change id reported: 177438394; UID 10039; state: DISABLED
10-19 02:07:35.906 1546 3681 D CompatibilityChangeReporter: Compat change id reported: 135772972; UID 10039; state: DISABLED
10-19 02:07:35.906 1546 3681 D CompatibilityChangeReporter: Compat change id reported: 135754954; UID 10039; state: ENABLED
10-19 02:07:35.907 1546 1637 D CompatibilityChangeReporter: Compat change id reported: 143937733; UID 10039; state: ENABLED
10-19 02:07:35.907 1546 3681 I ActivityManager: Killing 3751:com.android.music/u0a92 (adj 905): empty #2
10-19 02:07:35.907 1546 3681 I am_kill : [0,3751,com.android.music,905,empty #2]
10-19 02:07:35.910 1546 1546 I backup_transport_connection: [com.android.localtransport/.LocalTransportService,1]
10-19 02:07:35.910 1546 1546 I TransportClient: LocalTransportService#0: Notifying [TransportManager.registerTransport()] transport = IBackupTransport
10-19 02:07:35.912 1546 2829 D BackupTransportManager: Transport com.android.localtransport/.LocalTransportService registered
10-19 02:07:35.912 1546 2829 D BackupManagerService: [UserID:0] Transport com.android.localtransport/.LocalTransport registered 3084ms after first request (delay = 3000ms)
10-19 02:07:35.913 1546 2829 I backup_transport_lifecycle: [com.android.localtransport/.LocalTransportService,0]
10-19 02:07:35.913 1546 2829 I backup_transport_connection: [com.android.localtransport/.LocalTransportService,0]
10-19 02:07:35.915 1546 1637 I am_proc_start: [0,3842,10039,com.android.packageinstaller,broadcast,{com.android.packageinstaller/com.android.packageinstaller.TemporaryFileManager}]
10-19 02:07:35.915 1546 2829 I BackupManagerService: [UserID:0] Found 4 stale backup journal(s), scheduling.
10-19 02:07:35.915 1546 1637 I ActivityManager: Start proc 3842:com.android.packageinstaller/u0a39 for broadcast {com.android.packageinstaller/com.android.packageinstaller.TemporaryFileManager}
10-19 02:07:35.916 1546 2829 V BackupManagerConstants: getKeyValueBackupIntervalMilliseconds(...) returns 14400000
10-19 02:07:35.916 1546 2829 V BackupManagerConstants: getKeyValueBackupFuzzMilliseconds(...) returns 600000
10-19 02:07:35.916 1546 2829 V BackupManagerConstants: getKeyValueBackupRequiredNetworkType(...) returns 1
10-19 02:07:35.916 1546 2829 V BackupManagerConstants: getKeyValueBackupRequireCharging(...) returns true
10-19 02:07:35.916 1546 2829 V KeyValueBackupJob: Scheduling k/v pass in 249 minutes
10-19 02:07:35.919 1546 2829 I BackupManagerService: [UserID:0] Stale backup journals: Scheduled 8 package(s) total
10-19 02:07:35.920 1546 2102 I ActivityManager: Killing 3803:com.android.onetimeinitializer/u0a65 (adj 905): empty #2
10-19 02:07:35.921 1546 2102 I am_kill : [0,3803,com.android.onetimeinitializer,905,empty #2]
10-19 02:07:35.927 0 0 I [ 14.274895] binder: 3842:3842 ioctl 40046210 7fd6808274 returned -22
10-19 02:07:35.928 1546 2102 I am_proc_bound: [0,3842,com.android.packageinstaller]
10-19 02:07:35.929 1546 2102 D CompatibilityChangeReporter: Compat change id reported: 168419799; UID 10039; state: DISABLED
10-19 02:07:35.931 1546 2102 I am_uid_active: 10039
10-19 02:07:35.933 1546 2102 I am_proc_died: [0,3751,com.android.music,905,19]
10-19 02:07:35.934 1546 2102 I am_uid_stopped: 10092
10-19 02:07:35.949 1546 2102 I am_proc_died: [0,3803,com.android.onetimeinitializer,905,19]
10-19 02:07:35.949 1546 2102 I am_uid_stopped: 10065
10-19 02:07:35.981 2357 3614 W ContextImpl: Calling a method in the system process without a qualified user: android.app.ContextImpl.bindService:1895 android.content.ContextWrapper.bindService:810 com.huawei.nearbysdk.NearbyAdapter.bindAidlService:247 com.huawei.nearbysdk.NearbyAdapter.getNearbyAdapter:112 com.huawei.nearbysdk.NearbyAdapter.createInstance:135
10-19 02:07:35.982 1546 2102 I am_uid_running: 10096
10-19 02:07:35.983 1546 2102 D CompatibilityChangeReporter: Compat change id reported: 135634846; UID 10096; state: DISABLED
10-19 02:07:35.983 1546 2102 D CompatibilityChangeReporter: Compat change id reported: 177438394; UID 10096; state: DISABLED
10-19 02:07:35.983 1546 2102 D CompatibilityChangeReporter: Compat change id reported: 135772972; UID 10096; state: DISABLED
10-19 02:07:35.983 1546 2102 D CompatibilityChangeReporter: Compat change id reported: 135754954; UID 10096; state: DISABLED
10-19 02:07:35.983 1546 1637 D CompatibilityChangeReporter: Compat change id reported: 143937733; UID 10096; state: DISABLED
10-19 02:07:35.984 1546 2102 I ActivityManager: Killing 3808:com.android.localtransport/1000 (adj 905): empty #2
10-19 02:07:35.984 1546 2102 I am_kill : [0,3808,com.android.localtransport,905,empty #2]
10-19 02:07:35.990 1546 1637 I am_proc_start: [0,3862,10096,com.android.permissioncontroller,broadcast,{com.android.permissioncontroller/com.android.permissioncontroller.permission.service.LocationAccessCheck$SetupPeriodicBackgroundLocationAccessCheck}]
10-19 02:07:35.990 1546 1637 I ActivityManager: Start proc 3862:com.android.permissioncontroller/u0a96 for broadcast {com.android.permissioncontroller/com.android.permissioncontroller.permission.service.LocationAccessCheck$SetupPeriodicBackgroundLocationAccessCheck}
10-19 02:07:36.007 0 0 I [ 14.352397] binder: 3862:3862 ioctl 40046210 7fd6808274 returned -22
10-19 02:07:36.008 1546 2102 I am_proc_bound: [0,3862,com.android.permissioncontroller]
10-19 02:07:36.010 1546 2102 D CompatibilityChangeReporter: Compat change id reported: 168419799; UID 10096; state: DISABLED
10-19 02:07:36.012 1546 2102 I am_uid_active: 10096
10-19 02:07:36.014 1546 2917 I am_proc_died: [0,3808,com.android.localtransport,905,19] --------- beginning of main
10-19 02:07:36.022 2357 3614 E HICARSDK: CarInfoUtils:getPhysicsHeight result:148
10-19 02:07:36.022 2357 3614 I HICARSDK: DmsdpAdapter:add property change :1019 with value:148
10-19 02:07:36.022 2357 3614 I HICARSDK: DmsdpAdapter:add property change :1017 with value:5000000
10-19 02:07:36.022 2357 3614 I HICARSDK: DmsdpAdapter:add property change :1028 with value:8000000
10-19 02:07:36.022 2357 3614 I HICARSDK: DmsdpAdapter:add property change :1029 with value:4000000
10-19 02:07:36.022 2357 3614 I HICARSDK: DmsdpAdapter:add property change :1015 with value:60
10-19 02:07:36.023 2357 3614 I HICARSDK: DmsdpAdapter:setDeviceInfo
10-19 02:07:36.023 2357 3614 I DMSDPSDK: DMSDPServiceJar:setDeviceInfo start
10-19 02:07:36.023 3617 3710 D DMSDP : DMSDPService:collectDeviceInfo device:DeviceInfo{, mDeviceType=4, mDeviceName='null'}
10-19 02:07:36.023 3617 3710 D DMSDP : DMSDPController:getSupport5gChannel,channel:[]
10-19 02:07:36.024 3617 3710 E DMSDP : DMSDPController:wrong format of support 5g channel
10-19 02:07:36.024 3617 3710 D DMSDP : LocalInfoCollector:start setDeviceInfo
10-19 02:07:36.024 3617 3710 D DMSDP : LocalInfoCollector:set device info for local device
10-19 02:07:36.024 3617 3710 D DMSDP : LocalInfoCollector:set deviceInfo properties with key:1028 value:8000000
10-19 02:07:36.024 3617 3710 D DMSDP : LocalInfoCollector:set deviceInfo properties with key:1029 value:4000000
10-19 02:07:36.024 3617 3710 D DMSDP : LocalInfoCollector:set deviceInfo properties with key:2022 value:{"profiles":[],"extendInfo":{}}
10-19 02:07:36.025 3617 3710 D DMSDP : LocalInfoCollector:set deviceInfo properties with key:2023 value:{"extendInfo":{"MultiAudioBusPolicy":"8:4096:1","MultiAudioBusCap":"true"},"profiles":[]}
10-19 02:07:36.025 3617 3710 D DMSDP : LocalInfoCollector:set deviceInfo properties with key:1033 value:-28
10-19 02:07:36.025 3617 3710 D DMSDP : LocalInfoCollector:set deviceInfo properties with key:2027 value:[]
10-19 02:07:36.025 3617 3710 D DMSDP : LocalInfoCollector:set deviceInfo properties with key:2003 value:00040900
10-19 02:07:36.025 3617 3710 D DMSDP : LocalInfoCollector:set deviceInfo properties with key:1012 value:2560
10-19 02:07:36.026 3617 3710 D DMSDP : LocalInfoCollector:set deviceInfo properties with key:1013 value:1080
10-19 02:07:36.026 3617 3710 D DMSDP : LocalInfoCollector:set deviceInfo properties with key:1015 value:60
10-19 02:07:36.026 3617 3710 D DMSDP : LocalInfoCollector:set deviceInfo properties with key:1017 value:5000000
10-19 02:07:36.026 3732 3880 I nearby : MessageManager:{ when=-9ms what=1 arg1=19 arg2=-1 obj=com.huawei.nearby.controller.NearbyController$SocketListenerReceiver@215bff9 target=com.huawei.nearby.transfertype.message.MessageManager$b }
10-19 02:07:36.026 3617 3710 D DMSDP : LocalInfoCollector:set deviceInfo properties with key:1018 value:351
10-19 02:07:36.026 3617 3710 D DMSDP : LocalInfoCollector:set deviceInfo properties with key:1019 value:148
10-19 02:07:36.027 3617 3710 D DMSDP : ProfileManager:putDevice: InnerDMSDPDevice{mDeviceId='82****31', mDeviceType=4, mDeviceName='', mBluetoothMac='', mBtName='', mLocalIp='', mRemoteIp='', mBusinessId=0', mChannelType=0}
10-19 02:07:36.027 3617 3710 D DMSDP : LocalInfoCollector:local device:InnerDMSDPDevice{mDeviceId='82****31', mDeviceType=4, mDeviceName='', mBluetoothMac='', mBtName='', mLocalIp='', mRemoteIp='', mBusinessId=0', mChannelType=0}
10-19 02:07:36.027 3617 3710 D DMSDP : LocalInfoCollector:Set mic capabilities:{"profiles":[],"extendInfo":{}}
10-19 02:07:36.028 3617 3710 D DMSDP : LocalInfoCollector:Set speaker capabilities:{"extendInfo":{"MultiAudioBusPolicy":"8:4096:1","MultiAudioBusCap":"true"},"profiles":[]}
10-19 02:07:36.030 3617 3710 D DMSDP : LocalInfoCollector:setSpeakerCapabilities audioProfilecom.huawei.common.audio.AudioProfile@a70336d
10-19 02:07:36.030 3617 3710 D DMSDP : ProfileManager:putDeviceServiceList
10-19 02:07:36.030 3617 3710 D DMSDP : LocalInfoCollector:collect camera info for hicar
10-19 02:07:36.030 3617 3710 I DMSDPCamera: CameraHandler:Return cached has camera flag: false
10-19 02:07:36.030 3617 3710 D DMSDP : LocalInfoCollector:Init Camera Jni Util
10-19 02:07:36.031 3617 3710 W DMSDP : LocalInfoCollector:Parse custom camera define failed
10-19 02:07:36.031 3617 3710 I DMSDPCamera: CameraHandler:set camera custom define: CameraCustomDefine{androidCamInfos={}, nativeCamInfos='{}'}
10-19 02:07:36.031 3617 3710 I DMSDPCamera: CameraHandler:Collect camera infos on this device
10-19 02:07:36.031 3617 3710 I DMSDPCamera: CameraHandler:Return cached has camera flag: false
10-19 02:07:36.031 3617 3710 W libc : Access denied finding property "vendor.camera.aux.packagelist"
10-19 02:07:36.031 3617 3710 E DMSDPCamera: AndroidCamera2Collector:This device not contains android camera for lens facing: 0
10-19 02:07:36.031 3617 3710 W libc : Access denied finding property "vendor.camera.aux.packagelist"
10-19 02:07:36.031 3617 3710 E DMSDPCamera: AndroidCamera2Collector:This device not contains android camera for lens facing: 1
10-19 02:07:36.031 3617 3710 I DMSDPCamera: AndroidCamera2Collector:collect android camera static info success
10-19 02:07:36.031 3617 3710 I RasterMill: QueryNativeCameraInfos: Query native camera infos
10-19 02:07:36.031 3617 3710 E CamSDK_NativeCameraWrapper: QueryNativeCameraInfos: The Native Camera Handler is null, maybe load camera so faild, or not has native camera
10-19 02:07:36.031 3617 3710 E RasterMill: QueryNativeCameraInfos: query native camera info failed
10-19 02:07:36.032 3617 3710 E DMSDPCamera: NativeCameraCollector:query native camera failed, info string is ERROR
10-19 02:07:36.032 3617 3710 E DMSDPCamera: CameraHandler:Android camera and native camera are empty
10-19 02:07:36.032 3617 3636 I DMSDP : DMSDPService:reportData start
10-19 02:07:36.033 3617 3636 I DMSDP : DMSDPService:reportRecord remoteConnectedDevice is null
10-19 02:07:36.033 2357 3614 V WifiManager: registerSoftApCallback: callback=com.hryt.hicar.hicarlauncher.util.WifiTetherSoftApManager$1@611d1dd, executor=android.os.HandlerExecutor@175e152
10-19 02:07:36.034 2357 3614 I HiCarLauncher: HiCarService: HiCar reg listener success
10-19 02:07:36.034 2357 3614 I HiCarLauncher: HiCarService: First init, start reconnect.
10-19 02:07:36.035 2357 2459 V WifiManager: SoftApCallbackProxy: send InfoChanged, newInfo: SoftApInfo{bandwidth= 0, frequency= 0, wifiStandard= 0, mApInstanceIdentifier= null, mIdleShutdownTimeoutMillis= 0}
10-19 02:07:36.035 2357 2459 V WifiManager: SoftApCallbackProxy: send InfoChanged, changedInfoList: []
10-19 02:07:36.035 2357 2357 D HiCarLauncher: HiCarService: onStateChanged: 11, failureReason: 0
10-19 02:07:36.035 2357 2459 V WifiManager: SoftApCallbackProxy: send onConnectedClientsChanged(clients): []
10-19 02:07:36.035 2357 2357 D HiCarLauncher: HiCarService: onConnectedClientsChanged: 0
10-19 02:07:36.036 2357 3614 D HiCarLauncher: BluetoothUtil: getConnectDeviceMac: No connected bluetooth device
10-19 02:07:36.037 2357 3614 I HiCarLauncher: HiCarService: startReconnect: isManualReconnect:false
10-19 02:07:36.037 2357 3614 D HiCarLauncher: HiCarService: Mac is null, Hava no Connected device.
10-19 02:07:36.066 1546 1634 I sysui_multi_action: [757,1717,758,1,759,0]
10-19 02:07:36.066 1546 1634 I sysui_multi_action: [757,1717,758,2,759,0]
10-19 02:07:36.067 3862 3862 I Perf : Connecting to perf service.
10-19 02:07:36.067 1546 1634 I sysui_multi_action: [757,1717,758,3,759,0]
10-19 02:07:36.071 3862 3862 V GraphicsEnvironment: ANGLE Developer option for 'com.android.permissioncontroller' set to: 'default'
10-19 02:07:36.071 3862 3862 V GraphicsEnvironment: ANGLE GameManagerService for com.android.permissioncontroller: false
10-19 02:07:36.072 3862 3862 D NetworkSecurityConfig: No Network Security Config specified, using platform default
10-19 02:07:36.072 3862 3862 D NetworkSecurityConfig: No Network Security Config specified, using platform default
10-19 02:07:36.082 3862 3862 I CarUiInstaller: CarUiInstaller started for com.android.permissioncontroller
10-19 02:07:36.124 1546 2917 D CompatibilityInfo: mCompatibilityFlags - 4
10-19 02:07:36.124 1546 2917 D CompatibilityInfo: applicationDensity - 240
10-19 02:07:36.124 1546 2917 D CompatibilityInfo: applicationScale - 1.0
10-19 02:07:36.130 3862 3862 I HibernationPolicy: scheduleHibernationJob with frequency 1296000000ms and threshold 7776000000ms
10-19 02:07:36.132 3862 3862 I HibernationPolicy: user 0 is a profileowner. Running hibernation job.
10-19 02:07:36.133 3862 3862 I HibernationPolicy: Job already scheduled.
10-19 02:07:36.134 1546 2917 I am_uid_running: 10021
10-19 02:07:36.134 1546 2917 D CompatibilityChangeReporter: Compat change id reported: 135634846; UID 10021; state: DISABLED
10-19 02:07:36.134 1546 2917 D CompatibilityChangeReporter: Compat change id reported: 177438394; UID 10021; state: DISABLED
10-19 02:07:36.134 1546 2917 D CompatibilityChangeReporter: Compat change id reported: 135772972; UID 10021; state: DISABLED
10-19 02:07:36.135 1546 2917 D CompatibilityChangeReporter: Compat change id reported: 135754954; UID 10021; state: ENABLED
10-19 02:07:36.135 1546 1637 D CompatibilityChangeReporter: Compat change id reported: 143937733; UID 10021; state: ENABLED
10-19 02:07:36.135 1546 2917 I ActivityManager: Killing 3842:com.android.packageinstaller/u0a39 (adj 905): empty #2
10-19 02:07:36.135 1546 2917 I am_kill : [0,3842,com.android.packageinstaller,905,empty #2]
10-19 02:07:36.142 1546 1642 I libprocessgroup: Successfully killed process cgroup uid 10039 pid 3842 in 5ms
10-19 02:07:36.144 671 671 D Zygote : Forked child process 3884
10-19 02:07:36.145 1546 1637 I am_proc_start: [0,3884,10021,com.android.providers.calendar,broadcast,{com.android.providers.calendar/com.android.providers.calendar.CalendarReceiver}]
10-19 02:07:36.145 1546 1637 I ActivityManager: Start proc 3884:com.android.providers.calendar/u0a21 for broadcast {com.android.providers.calendar/com.android.providers.calendar.CalendarReceiver}
10-19 02:07:36.152 671 671 I Zygote : Process 3842 exited due to signal 9 (Killed)
10-19 02:07:36.152 1546 2917 I am_proc_died: [0,3842,com.android.packageinstaller,905,19]
10-19 02:07:36.152 1546 2917 I am_uid_stopped: 10039
10-19 02:07:36.153 1546 2102 D PowerManagerService: releaseWakeLockInternal: lock=166701675 [AudioMix], flags=0x0
10-19 02:07:36.153 1546 2102 D PowerManagerNotifier: onWakeLockReleased: flags=1, tag="AudioMix", packageName=audioserver, ownerUid=1041, ownerPid=0, workSource=null
10-19 02:07:36.153 1546 2917 I am_uid_active: 10021
10-19 02:07:36.154 1546 2102 D PowerManagerService: updateWakeLockSummaryLocked: mWakefulness=Awake, mWakeLockSummary=0x1
10-19 02:07:36.154 1546 2102 D PowerManagerService: updateUserActivitySummaryLocked: groupId=0, mWakefulness=Awake, mUserActivitySummary=0x1, nextTimeout=71133 (in 56631 ms)
10-19 02:07:36.154 1546 2102 D PowerManagerNotifier: onScreenPolicyUpdate: newPolicy=3
10-19 02:07:36.154 1546 2102 D PowerManagerService: updateDisplayPowerStateLocked: displayReady=true, groupId=0, policy=BRIGHT, mWakefulness=Awake, mWakeLockSummary=0x1, mUserActivitySummary=0x1, mBootCompleted=true, screenBrightnessOverride=NaN, useAutoBrightness=true, mScreenBrightnessBoostInProgress=false, mIsVrModeEnabled= false, sQuiescent=false
10-19 02:07:36.155 1546 2917 D PowerManagerService: releaseWakeLockInternal: lock=180951994 [AudioMix], flags=0x0
10-19 02:07:36.155 1546 2917 D PowerManagerNotifier: onWakeLockReleased: flags=1, tag="AudioMix", packageName=audioserver, ownerUid=1041, ownerPid=0, workSource=null
10-19 02:07:36.155 1546 2917 D PowerManagerService: updateWakeLockSummaryLocked: mWakefulness=Awake, mWakeLockSummary=0x1
10-19 02:07:36.156 1546 2917 D PowerManagerService: updateUserActivitySummaryLocked: groupId=0, mWakefulness=Awake, mUserActivitySummary=0x1, nextTimeout=71133 (in 56629 ms)
10-19 02:07:36.156 1546 2917 D PowerManagerNotifier: onScreenPolicyUpdate: newPolicy=3
10-19 02:07:36.156 1546 2917 D PowerManagerService: updateDisplayPowerStateLocked: displayReady=true, groupId=0, policy=BRIGHT, mWakefulness=Awake, mWakeLockSummary=0x1, mUserActivitySummary=0x1, mBootCompleted=true, screenBrightnessOverride=NaN, useAutoBrightness=true, mScreenBrightnessBoostInProgress=false, mIsVrModeEnabled= false, sQuiescent=false
10-19 02:07:36.158 1546 2917 D PowerManagerService: releaseWakeLockInternal: lock=138763228 [AudioMix], flags=0x0
10-19 02:07:36.158 1546 2917 D PowerManagerNotifier: onWakeLockReleased: flags=1, tag="AudioMix", packageName=audioserver, ownerUid=1041, ownerPid=0, workSource=null
10-19 02:07:36.159 1546 2917 D PowerManagerService: updateWakeLockSummaryLocked: mWakefulness=Awake, mWakeLockSummary=0x1
10-19 02:07:36.159 1546 2917 D PowerManagerService: updateUserActivitySummaryLocked: groupId=0, mWakefulness=Awake, mUserActivitySummary=0x1, nextTimeout=71133 (in 56626 ms)
10-19 02:07:36.159 1546 2917 D PowerManagerNotifier: onScreenPolicyUpdate: newPolicy=3
10-19 02:07:36.159 1546 2917 D PowerManagerService: updateDisplayPowerStateLocked: displayReady=true, groupId=0, policy=BRIGHT, mWakefulness=Awake, mWakeLockSummary=0x1, mUserActivitySummary=0x1, mBootCompleted=true, screenBrightnessOverride=NaN, useAutoBrightness=true, mScreenBrightnessBoostInProgress=false, mIsVrModeEnabled= false, sQuiescent=false
10-19 02:07:36.162 3884 3884 E viders.calenda: Not starting debugger since process cannot load the jdwp agent.
10-19 02:07:36.164 1546 2917 D PowerManagerService: releaseWakeLockInternal: lock=263017701 [AudioMix], flags=0x0
10-19 02:07:36.164 1546 2917 D PowerManagerNotifier: onWakeLockReleased: flags=1, tag="AudioMix", packageName=audioserver, ownerUid=1041, ownerPid=0, workSource=null
10-19 02:07:36.164 3884 3884 D ProcessState: Binder ioctl to enable oneway spam detection failed: Invalid argument
10-19 02:07:36.164 1546 2917 D PowerManagerService: updateWakeLockSummaryLocked: mWakefulness=Awake, mWakeLockSummary=0x1
10-19 02:07:36.164 1546 2917 D PowerManagerService: updateUserActivitySummaryLocked: groupId=0, mWakefulness=Awake, mUserActivitySummary=0x1, nextTimeout=71133 (in 56620 ms)
10-19 02:07:36.164 1546 2917 D PowerManagerNotifier: onScreenPolicyUpdate: newPolicy=3
10-19 02:07:36.164 1546 2917 D PowerManagerService: updateDisplayPowerStateLocked: displayReady=true, groupId=0, policy=BRIGHT, mWakefulness=Awake, mWakeLockSummary=0x1, mUserActivitySummary=0x1, mBootCompleted=true, screenBrightnessOverride=NaN, useAutoBrightness=true, mScreenBrightnessBoostInProgress=false, mIsVrModeEnabled= false, sQuiescent=false
10-19 02:07:36.166 1546 2917 D PowerManagerService: releaseWakeLockInternal: lock=86235215 [AudioMix], flags=0x0
10-19 02:07:36.166 1546 2917 D PowerManagerNotifier: onWakeLockReleased: flags=1, tag="AudioMix", packageName=audioserver, ownerUid=1041, ownerPid=0, workSource=null
10-19 02:07:36.166 1546 2917 D PowerManagerService: updateWakeLockSummaryLocked: mWakefulness=Awake, mWakeLockSummary=0x1
10-19 02:07:36.166 1546 2917 D PowerManagerService: updateUserActivitySummaryLocked: groupId=0, mWakefulness=Awake, mUserActivitySummary=0x1, nextTimeout=71133 (in 56619 ms)
10-19 02:07:36.166 1546 2917 D PowerManagerNotifier: onScreenPolicyUpdate: newPolicy=3
10-19 02:07:36.166 1546 2917 D PowerManagerService: updateDisplayPowerStateLocked: displayReady=true, groupId=0, policy=BRIGHT, mWakefulness=Awake, mWakeLockSummary=0x1, mUserActivitySummary=0x1, mBootCompleted=true, screenBrightnessOverride=NaN, useAutoBrightness=true, mScreenBrightnessBoostInProgress=false, mIsVrModeEnabled= false, sQuiescent=false
10-19 02:07:36.166 1546 1844 D PowerManagerService: releaseWakeLockInternal: lock=239305390 [AudioMix], flags=0x0
10-19 02:07:36.166 1546 1844 D PowerManagerNotifier: onWakeLockReleased: flags=1, tag="AudioMix", packageName=audioserver, ownerUid=1041, ownerPid=0, workSource=null
10-19 02:07:36.166 1546 1844 D PowerManagerService: updateWakeLockSummaryLocked: mWakefulness=Awake, mWakeLockSummary=0x1
10-19 02:07:36.166 1546 1844 D PowerManagerService: updateUserActivitySummaryLocked: groupId=0, mWakefulness=Awake, mUserActivitySummary=0x1, nextTimeout=71133 (in 56618 ms)
10-19 02:07:36.166 1546 1844 D PowerManagerNotifier: onScreenPolicyUpdate: newPolicy=3
10-19 02:07:36.166 1546 1844 D PowerManagerService: updateDisplayPowerStateLocked: displayReady=true, groupId=0, policy=BRIGHT, mWakefulness=Awake, mWakeLockSummary=0x1, mUserActivitySummary=0x1, mBootCompleted=true, screenBrightnessOverride=NaN, useAutoBrightness=true, mScreenBrightnessBoostInProgress=false, mIsVrModeEnabled= false, sQuiescent=false
10-19 02:07:36.167 0 0 I [ 14.512887] binder: 3884:3884 ioctl 40046210 7fd6808274 returned -22
10-19 02:07:36.170 1546 1844 I am_proc_bound: [0,3884,com.android.providers.calendar]
10-19 02:07:36.172 1546 1844 D CompatibilityChangeReporter: Compat change id reported: 168419799; UID 10021; state: DISABLED
10-19 02:07:36.172 1546 1844 D CompatibilityInfo: mCompatibilityFlags - 4
10-19 02:07:36.172 1546 1844 D CompatibilityInfo: applicationDensity - 240
10-19 02:07:36.172 1546 1844 D CompatibilityInfo: applicationScale - 1.0
10-19 02:07:36.175 1546 1844 D CompatibilityInfo: mCompatibilityFlags - 4
10-19 02:07:36.175 1546 1844 D CompatibilityInfo: applicationDensity - 240
10-19 02:07:36.175 1546 1844 D CompatibilityInfo: applicationScale - 1.0
10-19 02:07:36.177 3884 3884 D CompatibilityChangeReporter: Compat change id reported: 171979766; UID 10021; state: ENABLED
10-19 02:07:36.197 3884 3884 I Perf : Connecting to perf service.
10-19 02:07:36.201 3884 3884 V GraphicsEnvironment: ANGLE Developer option for 'com.android.providers.calendar' set to: 'default'
10-19 02:07:36.201 3884 3884 V GraphicsEnvironment: ANGLE GameManagerService for com.android.providers.calendar: false
10-19 02:07:36.202 3884 3884 D NetworkSecurityConfig: No Network Security Config specified, using platform default
10-19 02:07:36.202 3884 3884 D NetworkSecurityConfig: No Network Security Config specified, using platform default
10-19 02:07:36.224 3884 3884 I CalendarProvider2: Created com.android.providers.calendar.CalendarAlarmManager@df4a8cd(com.android.providers.calendar.CalendarProvider2@8288582)
10-19 02:07:36.227 1546 1844 D PowerManagerService: acquireWakeLockInternal: lock=57393626, flags=0x1, tag="CalendarReceiver_Provider", ws=null, uid=10021, pid=3884
10-19 02:07:36.227 1546 1844 D PowerManagerService: updateWakeLockSummaryLocked: mWakefulness=Awake, mWakeLockSummary=0x1
10-19 02:07:36.227 1546 1844 D PowerManagerService: updateUserActivitySummaryLocked: groupId=0, mWakefulness=Awake, mUserActivitySummary=0x1, nextTimeout=71133 (in 56558 ms)
10-19 02:07:36.227 1546 1844 D PowerManagerNotifier: onScreenPolicyUpdate: newPolicy=3
10-19 02:07:36.227 1546 1844 D PowerManagerService: updateDisplayPowerStateLocked: displayReady=true, groupId=0, policy=BRIGHT, mWakefulness=Awake, mWakeLockSummary=0x1, mUserActivitySummary=0x1, mBootCompleted=true, screenBrightnessOverride=NaN, useAutoBrightness=true, mScreenBrightnessBoostInProgress=false, mIsVrModeEnabled= false, sQuiescent=false
10-19 02:07:36.227 1546 1844 D PowerManagerNotifier: onWakeLockAcquired: flags=1, tag="CalendarReceiver_Provider", packageName=com.android.providers.calendar, ownerUid=10021, ownerPid=3884, workSource=null
10-19 02:07:36.228 3884 3901 D CompatibilityChangeReporter: Compat change id reported: 160794467; UID 10021; state: ENABLED
10-19 02:07:36.232 1546 2102 D CompatibilityChangeReporter: Compat change id reported: 171306433; UID 10021; state: ENABLED
10-19 02:07:36.233 1546 1844 D PowerManagerService: releaseWakeLockInternal: lock=57393626 [CalendarReceiver_Provider], flags=0x0
10-19 02:07:36.233 1546 1844 D PowerManagerNotifier: onWakeLockReleased: flags=1, tag="CalendarReceiver_Provider", packageName=com.android.providers.calendar, ownerUid=10021, ownerPid=3884, workSource=null
10-19 02:07:36.233 1546 1844 D PowerManagerService: updateWakeLockSummaryLocked: mWakefulness=Awake, mWakeLockSummary=0x1
10-19 02:07:36.233 1546 1844 D PowerManagerService: updateUserActivitySummaryLocked: groupId=0, mWakefulness=Awake, mUserActivitySummary=0x1, nextTimeout=71133 (in 56551 ms)
10-19 02:07:36.233 1546 1844 D PowerManagerNotifier: onScreenPolicyUpdate: newPolicy=3
10-19 02:07:36.233 1546 1844 D PowerManagerService: updateDisplayPowerStateLocked: displayReady=true, groupId=0, policy=BRIGHT, mWakefulness=Awake, mWakeLockSummary=0x1, mUserActivitySummary=0x1, mBootCompleted=true, screenBrightnessOverride=NaN, useAutoBrightness=true, mScreenBrightnessBoostInProgress=false, mIsVrModeEnabled= false, sQuiescent=false
10-19 02:07:36.234 1546 2102 I ActivityManager: Killing 3862:com.android.permissioncontroller/u0a96 (adj 905): empty #2
10-19 02:07:36.234 1546 2102 I am_kill : [0,3862,com.android.permissioncontroller,905,empty #2]
10-19 02:07:36.235 1546 1844 D CompatibilityChangeReporter: Compat change id reported: 143231523; UID 10021; state: DISABLED
10-19 02:07:36.236 1546 2102 D CompatibilityInfo: mCompatibilityFlags - 4
10-19 02:07:36.236 1546 2102 D CompatibilityInfo: applicationDensity - 240
10-19 02:07:36.236 1546 2102 D CompatibilityInfo: applicationScale - 1.0
10-19 02:07:36.240 1546 1642 I libprocessgroup: Successfully killed process cgroup uid 10096 pid 3862 in 5ms
10-19 02:07:36.244 1546 2102 D CompatibilityChangeReporter: Compat change id reported: 168419799; UID 10097; state: DISABLED
10-19 02:07:36.244 1546 2102 D CompatibilityInfo: mCompatibilityFlags - 4
10-19 02:07:36.244 1546 2102 D CompatibilityInfo: applicationDensity - 240
10-19 02:07:36.244 1546 2102 D CompatibilityInfo: applicationScale - 1.0
10-19 02:07:36.248 1546 2102 D CompatibilityChangeReporter: Compat change id reported: 135634846; UID 1000; state: DISABLED
10-19 02:07:36.248 1546 2102 D CompatibilityChangeReporter: Compat change id reported: 177438394; UID 1000; state: DISABLED
10-19 02:07:36.248 1546 2102 D CompatibilityChangeReporter: Compat change id reported: 135772972; UID 1000; state: DISABLED
10-19 02:07:36.248 1546 2102 D CompatibilityChangeReporter: Compat change id reported: 135754954; UID 1000; state: ENABLED
10-19 02:07:36.256 1546 2102 I am_proc_died: [0,3862,com.android.permissioncontroller,905,19]
10-19 02:07:36.256 1546 2102 I am_uid_stopped: 10096
10-19 02:07:36.265 671 671 D Zygote : Forked child process 3903
10-19 02:07:36.265 671 671 I Zygote : Process 3862 exited due to signal 9 (Killed)
10-19 02:07:36.266 1546 1637 I am_proc_start: [0,3903,1000,com.android.settings,broadcast,{com.android.settings/com.android.settings.fuelgauge.batterytip.AnomalyConfigReceiver}]
10-19 02:07:36.266 1546 1637 I ActivityManager: Start proc 3903:com.android.settings/1000 for broadcast {com.android.settings/com.android.settings.fuelgauge.batterytip.AnomalyConfigReceiver}
10-19 02:07:36.292 3903 3903 E ndroid.setting: Not starting debugger since process cannot load the jdwp agent.
10-19 02:07:36.299 3903 3903 D ProcessState: Binder ioctl to enable oneway spam detection failed: Invalid argument
10-19 02:07:36.300 0 0 I [ 14.647845] binder: 3903:3903 ioctl 40046210 7fd6808274 returned -22
10-19 02:07:36.305 1546 2102 I am_proc_bound: [0,3903,com.android.settings]
10-19 02:07:36.307 1546 2102 D CompatibilityChangeReporter: Compat change id reported: 168419799; UID 1000; state: DISABLED
10-19 02:07:36.307 1546 2102 D CompatibilityInfo: mCompatibilityFlags - 4
10-19 02:07:36.307 1546 2102 D CompatibilityInfo: applicationDensity - 240
10-19 02:07:36.307 1546 2102 D CompatibilityInfo: applicationScale - 1.0
10-19 02:07:36.312 1546 2102 D CompatibilityInfo: mCompatibilityFlags - 4
10-19 02:07:36.312 1546 2102 D CompatibilityInfo: applicationDensity - 240
10-19 02:07:36.312 1546 2102 D CompatibilityInfo: applicationScale - 1.0
10-19 02:07:36.313 3903 3903 D CompatibilityChangeReporter: Compat change id reported: 171979766; UID 1000; state: ENABLED
10-19 02:07:36.323 3903 3903 W ndroid.setting: ClassLoaderContext shared library size mismatch. Expected=2, found=0 (PCL[]{PCL[/system/framework/org.apache.http.legacy.jar*2058259660]#PCL[/system_ext/framework/extphonelib.jar*2894378777]} | PCL[])
10-19 02:07:36.338 3903 3903 I Perf : Connecting to perf service.
10-19 02:07:36.342 3903 3903 V GraphicsEnvironment: ANGLE Developer option for 'com.android.settings' set to: 'default'
10-19 02:07:36.342 3903 3903 V GraphicsEnvironment: ANGLE GameManagerService for com.android.settings: false
10-19 02:07:36.343 3903 3903 D NetworkSecurityConfig: No Network Security Config specified, using platform default
10-19 02:07:36.343 3903 3903 D NetworkSecurityConfig: No Network Security Config specified, using platform default
10-19 02:07:36.354 3903 3903 I CarUiInstaller: CarUiInstaller started for com.android.settings
10-19 02:07:36.359 3903 3903 D SettingsSliceProvider: init
10-19 02:07:36.360 3903 3903 D SettingsSliceProvider: onCreateSliceProvider
10-19 02:07:36.392 3903 3903 D CompatibilityChangeReporter: Compat change id reported: 160794467; UID 1000; state: ENABLED
10-19 02:07:36.396 1546 2102 D CompatibilityInfo: mCompatibilityFlags - 4
10-19 02:07:36.396 1546 2102 D CompatibilityInfo: applicationDensity - 240
10-19 02:07:36.396 1546 2102 D CompatibilityInfo: applicationScale - 1.0
10-19 02:07:36.398 1546 2102 D CompatibilityInfo: mCompatibilityFlags - 4
10-19 02:07:36.398 1546 2102 D CompatibilityInfo: applicationDensity - 240
10-19 02:07:36.398 1546 2102 D CompatibilityInfo: applicationScale - 1.0
10-19 02:07:36.400 3903 3903 D DevelopmentDeviceBootCompletedReceiver: Set DEVELOPMENT_ENABLE_ACTIVATED to 0.
10-19 02:07:36.401 1546 2102 D CompatibilityInfo: mCompatibilityFlags - 4
10-19 02:07:36.401 1546 2102 D CompatibilityInfo: applicationDensity - 240
10-19 02:07:36.401 1546 2102 D CompatibilityInfo: applicationScale - 1.0
10-19 02:07:36.409 1546 2102 D CompatibilityInfo: mCompatibilityFlags - 4
10-19 02:07:36.409 1546 2102 D CompatibilityInfo: applicationDensity - 240
10-19 02:07:36.409 1546 2102 D CompatibilityInfo: applicationScale - 1.0
10-19 02:07:36.415 3903 3903 I HibernationPolicy: scheduleHibernationJob with frequency 1296000000ms and threshold 7776000000ms
10-19 02:07:36.417 3903 3903 I HibernationPolicy: user 0 is a profileowner. Running hibernation job.
10-19 02:07:36.418 3903 3903 I HibernationPolicy: Job already scheduled.
10-19 02:07:36.418 1546 2102 I am_uid_running: 2000
10-19 02:07:36.419 1546 2102 I ActivityManager: com.android.shell is exempt from freezer
10-19 02:07:36.419 1546 2102 D CompatibilityChangeReporter: Compat change id reported: 135634846; UID 2000; state: DISABLED
10-19 02:07:36.419 1546 2102 D CompatibilityChangeReporter: Compat change id reported: 177438394; UID 2000; state: DISABLED
10-19 02:07:36.419 1546 2102 D CompatibilityChangeReporter: Compat change id reported: 135772972; UID 2000; state: DISABLED
10-19 02:07:36.419 1546 2102 D CompatibilityChangeReporter: Compat change id reported: 135754954; UID 2000; state: ENABLED
10-19 02:07:36.420 1546 2102 I ActivityManager: Killing 3884:com.android.providers.calendar/u0a21 (adj 905): empty #2
10-19 02:07:36.420 1546 2102 I am_kill : [0,3884,com.android.providers.calendar,905,empty #2]
10-19 02:07:36.426 1546 1642 I libprocessgroup: Successfully killed process cgroup uid 10021 pid 3884 in 5ms
10-19 02:07:36.432 671 671 D Zygote : Forked child process 3920
10-19 02:07:36.434 1546 1637 I am_proc_start: [0,3920,2000,com.android.shell,broadcast,{com.android.shell/com.android.shell.HeapDumpReceiver}]
10-19 02:07:36.434 1546 1637 I ActivityManager: Start proc 3920:com.android.shell/2000 for broadcast {com.android.shell/com.android.shell.HeapDumpReceiver}
10-19 02:07:36.440 1546 2917 I am_proc_died: [0,3884,com.android.providers.calendar,905,19]
10-19 02:07:36.440 671 671 I Zygote : Process 3884 exited due to signal 9 (Killed)
10-19 02:07:36.440 1546 2917 I am_uid_stopped: 10021
10-19 02:07:36.442 1546 2917 I am_uid_active: 2000
10-19 02:07:36.456 801 2762 I vendor.qti.bluetooth@1.0-ibs_handler: DeviceSleep: TX Awake, Sending SLEEP_IND
10-19 02:07:36.456 801 2762 D vendor.qti.bluetooth@1.0-ibs_handler: SerialClockVote: vote for UART CLK OFF
10-19 02:07:36.459 3920 3920 E m.android.shel: Not starting debugger since process cannot load the jdwp agent.
10-19 02:07:36.465 3920 3920 D ProcessState: Binder ioctl to enable oneway spam detection failed: Invalid argument
10-19 02:07:36.465 0 0 I [ 14.813356] binder: 3920:3920 ioctl 40046210 7fd6808274 returned -22
10-19 02:07:36.470 1546 2917 I am_proc_bound: [0,3920,com.android.shell]
10-19 02:07:36.472 1546 2917 D CompatibilityChangeReporter: Compat change id reported: 168419799; UID 2000; state: DISABLED
10-19 02:07:36.472 1546 2917 D CompatibilityInfo: mCompatibilityFlags - 4
10-19 02:07:36.472 1546 2917 D CompatibilityInfo: applicationDensity - 240
10-19 02:07:36.472 1546 2917 D CompatibilityInfo: applicationScale - 1.0
10-19 02:07:36.475 1546 2917 D CompatibilityInfo: mCompatibilityFlags - 4
10-19 02:07:36.475 1546 2917 D CompatibilityInfo: applicationDensity - 240
10-19 02:07:36.475 1546 2917 D CompatibilityInfo: applicationScale - 1.0
10-19 02:07:36.477 3920 3920 D CompatibilityChangeReporter: Compat change id reported: 171979766; UID 2000; state: ENABLED
10-19 02:07:36.498 3920 3920 I Perf : Connecting to perf service.
10-19 02:07:36.502 3920 3920 V GraphicsEnvironment: ANGLE Developer option for 'com.android.shell' set to: 'default'
10-19 02:07:36.503 3920 3920 V GraphicsEnvironment: ANGLE GameManagerService for com.android.shell: false
10-19 02:07:36.504 3920 3920 D NetworkSecurityConfig: No Network Security Config specified, using platform default
10-19 02:07:36.504 3920 3920 D NetworkSecurityConfig: No Network Security Config specified, using platform default
10-19 02:07:36.511 3920 3920 D HeapDumpReceiver: onReceive(): Intent { act=android.intent.action.BOOT_COMPLETED flg=0x89000010 cmp=com.android.shell/.HeapDumpReceiver (has extras) }
10-19 02:07:36.512 3920 3936 D HeapDumpReceiver: Deleting from /data/user_de/0/com.android.shell/files/heapdumps
10-19 02:07:36.513 1546 2917 W BroadcastQueue: Permission Denial: receiving Intent { act=android.intent.action.BOOT_COMPLETED flg=0x89000010 (has extras) } to com.baidu.input_hryt/com.baidu.input.directboot.DirectBootReceiver requires android.permission.RECEIVE_BOOT_COMPLETED due to sender null (uid 1000)
10-19 02:07:36.513 1546 2917 I ActivityManager: Killing 3903:com.android.settings/1000 (adj 905): empty #2
10-19 02:07:36.513 1546 2917 I am_kill : [0,3903,com.android.settings,905,empty #2]
10-19 02:07:36.515 1546 1636 W BroadcastQueue: Permission Denial: receiving Intent { act=android.intent.action.BOOT_COMPLETED flg=0x89000010 (has extras) } to com.baidu.input_hryt/com.baidu.input.switchguide.InputMethodChangedReceiver requires android.permission.RECEIVE_BOOT_COMPLETED due to sender null (uid 1000)
10-19 02:07:36.516 1546 1636 D CompatibilityChangeReporter: Compat change id reported: 168419799; UID 1000; state: DISABLED
10-19 02:07:36.516 1546 1636 D CompatibilityInfo: mCompatibilityFlags - 4
10-19 02:07:36.516 1546 1636 D CompatibilityInfo: applicationDensity - 240
10-19 02:07:36.516 1546 1636 D CompatibilityInfo: applicationScale - 1.0
10-19 02:07:36.519 1546 1642 I libprocessgroup: Successfully killed process cgroup uid 1000 pid 3903 in 5ms
10-19 02:07:36.523 0 0 I [ 14.869204] [schedu][0x143c7254][02: 07:36.520851] wlan: [3491:I:OSIF] vdev 0, scan id 40961 type COMPLETED(1) reason COMPLETED(1) scan found 108 bss
10-19 02:07:36.520 1422 3576 D LOWI-9.0.0.87.a: [LOWI-Scan] wait_event:Wait done with Cmd 34
10-19 02:07:36.520 1422 3576 D LOWI-9.0.0.87.a: [LOWI-Scan] do_listen_events: Rcvd valid Netlink Cmd 34 Err 0
10-19 02:07:36.520 1422 3576 D LOWI-9.0.0.87.a: [LOWI-Scan]
10-19 02:07:36.520 1422 3576 D LOWI-9.0.0.87.a: [LOWI-Scan] print_bss_handler: Report Probe TSF 13740072 as it greater than Beacon TSF 13691925
10-19 02:07:36.520 1422 3576 D LOWI-9.0.0.87.a: [LOWI-Scan] decode_rsn_wpa_ie: LOWI_ENCRYPTION_TYPE_WPA_PSK
10-19 02:07:36.520 1422 3576 D LOWI-9.0.0.87.a: [LOWI-Scan] is_qcom_ie, bss_age: 0
10-19 02:07:36.520 1422 3576 D LOWI-9.0.0.87.a: [LOWI-Scan] BSS 18:6f:2d:81:1e:64 LOWI_PHY_MODE_11NG_HT20(5), Beacon Interval: 100, LOWI_ENCRYPTION_TYPE_WPA_PSK 11mcRanging: No, ANQP: No, LCI: No, Civic: No, capability(0x0531): ESS Privacy ShortPreamble SpectrumMgmt ShortSlotTime
10-19 02:07:36.520 1422 3576 D LOWI-9.0.0.87.a: [LOWI-Scan] BSS 18:6f:2d:81:1e:64 FREQ: 2412, cFreq1[40:80:160] = [2412:0:0] cFreq2 = 0 Country Code = CN
10-19 02:07:36.520 1422 3576 D LOWI-9.0.0.87.a: [LOWI-Scan] BSS 18:6f:2d:81:1e:64 (wlan0) ASSO: NO AddInfo: 0x0, TSF 0, 00:00:13.740, RSSI: -86, CPL: 127, AGE: 1128, SSID Fanya, TSFDelta: 0xa28ee7ff, TXRate: 0
10-19 02:07:36.521 1422 3576 D LOWI-9.0.0.87.a: [LOWI-Scan]
10-19 02:07:36.521 1422 3576 D LOWI-9.0.0.87.a: [LOWI-Scan] print_bss_handler: Report beacon TSF 13696833 as it greater than probe TSF 13696833
10-19 02:07:36.521 1422 3576 D LOWI-9.0.0.87.a: [LOWI-Scan] decode_rsn_wpa_ie: LOWI_ENCRYPTION_TYPE_WPA_PSK
10-19 02:07:36.521 1422 3576 D LOWI-9.0.0.87.a: [LOWI-Scan] is_qcom_ie, bss_age: 0
10-19 02:07:36.521 1422 3576 D LOWI-9.0.0.87.a: [LOWI-Scan] BSS 18:6f:2d:81:16:e0 LOWI_PHY_MODE_11NG_HT20(5), Beacon Interval: 100, LOWI_ENCRYPTION_TYPE_WPA_PSK 11mcRanging: No, ANQP: No, LCI: No, Civic: No, capability(0x0531): ESS Privacy ShortPreamble SpectrumMgmt ShortSlotTime
10-19 02:07:36.521 1422 3576 D LOWI-9.0.0.87.a: [LOWI-Scan] BSS 18:6f:2d:81:16:e0 FREQ: 2412, cFreq1[40:80:160] = [2412:0:0] cFreq2 = 0 Country Code = CN
10-19 02:07:36.521 1422 3576 D LOWI-9.0.0.87.a: [LOWI-Scan] BSS 18:6f:2d:81:16:e0 (wlan0) ASSO: NO AddInfo: 0x1, TSF 0, 00:00:13.696, RSSI: -114, CPL: 127, AGE: 1172, SSID Testing , TSFDelta: 0xe6526667, TXRate: 0
10-19 02:07:36.521 1422 3576 D LOWI-9.0.0.87.a: [LOWI-Scan]
10-19 02:07:36.521 1422 3576 D LOWI-9.0.0.87.a: [LOWI-Scan] print_bss_handler: Report beacon TSF 13698235 as it greater than probe TSF 13698235
10-19 02:07:36.521 1422 3576 D LOWI-9.0.0.87.a: [LOWI-Scan] is_qcom_ie, bss_age: 0
10-19 02:07:36.521 1422 3576 D LOWI-9.0.0.87.a: [LOWI-Scan] BSS 18:6f:2d:81:16:e1 LOWI_PHY_MODE_11NG_HT20(5), Beacon Interval: 100, LOWI_ENCRYPTION_TYPE_OPEN 11mcRanging: No, ANQP: No, LCI: No, Civic: No, capability(0x0521): ESS ShortPreamble SpectrumMgmt ShortSlotTime
10-19 02:07:36.521 1422 3576 D LOWI-9.0.0.87.a: [LOWI-Scan] BSS 18:6f:2d:81:16:e1 FREQ: 2412, cFreq1[40:80:160] = [2412:0:0] cFreq2 = 0 Country Code = CN
10-19 02:07:36.521 1422 3576 D LOWI-9.0.0.87.a: [LOWI-Scan] BSS 18:6f:2d:81:16:e1 (wlan0) ASSO: NO AddInfo: 0x1, TSF 0, 00:00:13.698, RSSI: -126, CPL: 127, AGE: 1172, SSID Guest_2.4G, TSFDelta: 0xe66074b7, TXRate: 0
10-19 02:07:36.521 2864 2864 I hs : FseReceiver-onReceive() -> android.intent.action.BOOT_COMPLETED
10-19 02:07:36.521 1422 3576 D LOWI-9.0.0.87.a: [LOWI-Scan]
10-19 02:07:36.521 1422 3576 D LOWI-9.0.0.87.a: [LOWI-Scan] print_bss_handler: Report Probe TSF 13708728 as it greater than Beacon TSF 13698551
10-19 02:07:36.521 1422 3576 D LOWI-9.0.0.87.a: [LOWI-Scan] decode_rsn_wpa_ie: LOWI_ENCRYPTION_TYPE_WPA_PSK
10-19 02:07:36.521 1422 3576 D LOWI-9.0.0.87.a: [LOWI-Scan] is_qcom_ie, bss_age: 0
10-19 02:07:36.521 1422 3576 D LOWI-9.0.0.87.a: [LOWI-Scan] BSS ec:60:73:e8:b0:00 LOWI_PHY_MODE_11AC_VHT80(10), Beacon Interval: 100, LOWI_ENCRYPTION_TYPE_WPA_PSK 11mcRanging: No, ANQP: No, LCI: No, Civic: No, capability(0x1011): ESS Privacy
10-19 02:07:36.521 1422 3576 D LOWI-9.0.0.87.a: [LOWI-Scan] BSS ec:60:73:e8:b0:00 FREQ: 5180, cFreq1[40:80:160] = [5190:5210:0] cFreq2 = 0 Country Code = CN
10-19 02:07:36.521 1422 3576 D LOWI-9.0.0.87.a: [LOWI-Scan] BSS ec:60:73:e8:b0:00 (wlan0) ASSO: NO AddInfo: 0x0, TSF 0, 00:00:13.708, RSSI: -112, CPL: 127, AGE: 1160, SSID TP-LINK_AFFE, TSFDelta: 0x1c46ec02, TXRate: 0
10-19 02:07:36.521 1422 3576 D LOWI-9.0.0.87.a: [LOWI-Scan]
10-19 02:07:36.521 1422 3576 D LOWI-9.0.0.87.a: [LOWI-Scan] print_bss_handler: Report beacon TSF 13698989 as it greater than probe TSF 13698989
10-19 02:07:36.521 1422 3576 D LOWI-9.0.0.87.a: [LOWI-Scan] decode_rsn_wpa_ie: LOWI_ENCRYPTION_TYPE_WPA_PSK
10-19 02:07:36.521 1422 3576 D LOWI-9.0.0.87.a: [LOWI-Scan] is_qcom_ie, bss_age: 0
10-19 02:07:36.521 1422 3576 D LOWI-9.0.0.87.a: [LOWI-Scan] BSS ee:60:73:e9:b0:00 LOWI_PHY_MODE_11AC_VHT80(10), Beacon Interval: 100, LOWI_ENCRYPTION_TYPE_WPA_PSK 11mcRanging: No, ANQP: No, LCI: No, Civic: No, capability(0x0011): ESS Privacy
10-19 02:07:36.521 1422 3576 D LOWI-9.0.0.87.a: [LOWI-Scan] BSS ee:60:73:e9:b0:00 FREQ: 5180, cFreq1[40:80:160] = [5190:5210:0] cFreq2 = 0 Country Code = CN
10-19 02:07:36.521 1422 3576 D LOWI-9.0.0.87.a: [LOWI-Scan] BSS ee:60:73:e9:b0:00 (wlan0) ASSO: NO AddInfo: 0x1, TSF 0, 00:00:13.698, RSSI: -112, CPL: 127, AGE: 1172, SSID , TSFDelta: 0x1bffbe57, TXRate: 0
10-19 02:07:36.521 1422 3576 D LOWI-9.0.0.87.a: [LOWI-Scan]
10-19 02:07:36.521 1422 3576 D LOWI-9.0.0.87.a: [LOWI-Scan] print_bss_handler: Report beacon TSF 13699724 as it greater than probe TSF 13699724
10-19 02:07:36.521 1422 3576 D LOWI-9.0.0.87.a: [LOWI-Scan] decode_rsn_wpa_ie: LOWI_ENCRYPTION_TYPE_WPA_PSK
10-19 02:07:36.521 1422 3576 D LOWI-9.0.0.87.a: [LOWI-Scan] is_qcom_ie, bss_age: 0
10-19 02:07:36.521 1422 3576 D LOWI-9.0.0.87.a: [LOWI-Scan] BSS 18:6f:2d:81:16:e2 LOWI_PHY_MODE_11NG_HT20(5), Beacon Interval: 100, LOWI_ENCRYPTION_TYPE_WPA_PSK 11mcRanging: No, ANQP: No, LCI: No, Civic: No, capability(0x0531): ESS Privacy ShortPreamble SpectrumMgmt ShortSlotTime
10-19 02:07:36.521 1422 3576 D LOWI-9.0.0.87.a: [LOWI-Scan] BSS 18:6f:2d:81:16:e2 FREQ: 2412, cFreq1[40:80:160] = [2412:0:0] cFreq2 = 0 Country Code = CN
10-19 02:07:36.521 1422 3576 D LOWI-9.0.0.87.a: [LOWI-Scan] BSS 18:6f:2d:81:16:e2 (wlan0) ASSO: NO AddInfo: 0x1, TSF 0, 00:00:13.699, RSSI: -130, CPL: 127, AGE: 1172, SSID ThunderSoft_2.4G, TSFDelta: 0xe66b67b7, TXRate: 0
10-19 02:07:36.521 1422 3576 D LOWI-9.0.0.87.a: [LOWI-Scan]
10-19 02:07:36.521 1422 3576 D LOWI-9.0.0.87.a: [LOWI-Scan] print_bss_handler: Report Probe TSF 13706528 as it greater than Beacon TSF 0
