10-19 02:08:47.349 4310 4310 D InsetsController: consumer.isRequestedVisible() = false | consumer.getType() = 1
10-19 02:08:47.349 4310 4310 D InsetsController: internalTypes = {0, 1, 2, 20, 21} | animationType = -1
10-19 02:08:47.349 4310 4310 D InsetsController: consumer.isRequestedVisible() = false | consumer.getType() = 0
10-19 02:08:47.349 4310 4310 D InsetsController: show typesReady: 7
10-19 02:08:47.349 4310 4310 D InsetsController: controlAnimation types: 7
10-19 02:08:47.349 4310 4310 D InsetsController: collectSourceControls no control for show(). fromIme: false
10-19 02:08:47.350 4310 4310 D InsetsSourceConsumer: Call show() for type: ITYPE_EXTRA_NAVIGATION_BAR fromIme: false
10-19 02:08:47.350 4310 4310 D InsetsSourceConsumer: setRequestedVisible: true
10-19 02:08:47.350 4310 4310 D InsetsSourceConsumer: applyLocalVisibilityOverride: No control in com.thundercomm.screensaver/android.service.dreams.DreamActivity requestedVisible true
10-19 02:08:47.350 4310 4310 D InsetsController: collectSourceControls no control for show(). fromIme: false
10-19 02:08:47.350 1889 1889 D NoBackGesture: Gesture [1697652527349,alw=FALSE,FALSE,TRUE,TRUE,disp=Point(2380, 1020),wl=45,il=0,wr=45,ir=0,excl=SkRegion()]
10-19 02:08:47.350 4310 4310 D InsetsSourceConsumer: Call show() for type: ITYPE_CLIMATE_BAR fromIme: false
10-19 02:08:47.350 4310 4310 D InsetsSourceConsumer: setRequestedVisible: true
10-19 02:08:47.350 4310 4310 D InsetsSourceConsumer: applyLocalVisibilityOverride: No control in com.thundercomm.screensaver/android.service.dreams.DreamActivity requestedVisible true
10-19 02:08:47.350 4310 4310 D InsetsController: collectSourceControls no control for show(). fromIme: false
10-19 02:08:47.350 4310 4310 D InsetsSourceConsumer: Call show() for type: ITYPE_CAPTION_BAR fromIme: false
10-19 02:08:47.350 4310 4310 D InsetsSourceConsumer: setRequestedVisible: true
10-19 02:08:47.350 4310 4310 D InsetsSourceConsumer: applyLocalVisibilityOverride: No control in com.thundercomm.screensaver/android.service.dreams.DreamActivity requestedVisible true
10-19 02:08:47.350 4310 4310 D InsetsController: controlAnimationUnchecked, typesReady: 3 imeReady: true
10-19 02:08:47.350 1546 1799 D PowerManagerService: updateUserActivitySummaryLocked: groupId=0, mWakefulness=Dreaming, mUserActivitySummary=0x1, nextTimeout=145692 (in 59993 ms)
10-19 02:08:47.350 1546 1799 D PowerManagerNotifier: onScreenPolicyUpdate: newPolicy=3
10-19 02:08:47.350 4310 4310 D InsetsController: Animation added to runner. useInsetsAnimationThread: true
10-19 02:08:47.350 1546 1799 D PowerManagerService: updateDisplayPowerStateLocked: displayReady=true, groupId=0, policy=BRIGHT, mWakefulness=Dreaming, mWakeLockSummary=0x3, mUserActivitySummary=0x1, mBootCompleted=true, screenBrightnessOverride=NaN, useAutoBrightness=true, mScreenBrightnessBoostInProgress=false, mIsVrModeEnabled= false, sQuiescent=false
10-19 02:08:47.351 4310 4310 V InsetsController: showDirectly: consumer=android.view.InsetsSourceConsumer@3c6b239
10-19 02:08:47.351 4310 4361 D InsetsController: default animation onReady types: 3 mDisable=false
10-19 02:08:47.351 4310 4310 D InsetsSourceConsumer: Call show() for type: ITYPE_EXTRA_NAVIGATION_BAR fromIme: false
10-19 02:08:47.351 4310 4310 D InsetsSourceConsumer: applyLocalVisibilityOverride: No control in com.thundercomm.screensaver/android.service.dreams.DreamActivity requestedVisible true
10-19 02:08:47.351 4310 4310 V InsetsController: showDirectly: consumer=android.view.InsetsSourceConsumer@6fd707e
10-19 02:08:47.351 4310 4310 D InsetsSourceConsumer: Call show() for type: ITYPE_CLIMATE_BAR fromIme: false
10-19 02:08:47.351 4310 4310 D InsetsSourceConsumer: applyLocalVisibilityOverride: No control in com.thundercomm.screensaver/android.service.dreams.DreamActivity requestedVisible true
10-19 02:08:47.351 4310 4310 V InsetsController: showDirectly: consumer=android.view.InsetsSourceConsumer@1a379df
10-19 02:08:47.351 4310 4310 D InsetsSourceConsumer: Call show() for type: ITYPE_CAPTION_BAR fromIme: false
10-19 02:08:47.351 4310 4310 D InsetsSourceConsumer: applyLocalVisibilityOverride: No control in com.thundercomm.screensaver/android.service.dreams.DreamActivity requestedVisible true
10-19 02:08:47.351 4310 4310 V InsetsController: showDirectly: consumer=android.view.InsetsSourceConsumer@337062c
10-19 02:08:47.351 4310 4310 D InsetsSourceConsumer: Call show() for type: ITYPE_NAVIGATION_BAR fromIme: false
10-19 02:08:47.351 4310 4310 D InsetsSourceConsumer: setRequestedVisible: true
10-19 02:08:47.351 4310 4310 D InsetsSourceConsumer: applyLocalVisibilityOverride: com.thundercomm.screensaver/android.service.dreams.DreamActivity requestedVisible: true
10-19 02:08:47.352 4310 4310 V InsetsController: showDirectly: consumer=android.view.InsetsSourceConsumer@45738f5
10-19 02:08:47.352 4310 4310 D InsetsSourceConsumer: Call show() for type: ITYPE_STATUS_BAR fromIme: false
10-19 02:08:47.352 4310 4310 D InsetsSourceConsumer: setRequestedVisible: true
10-19 02:08:47.352 4310 4361 D InsetsAnimationCtrlImpl: Animation finished abruptly.
10-19 02:08:47.352 4310 4361 D InsetsController: Default animation setInsetsAndAlpha fraction: 0.0
10-19 02:08:47.352 4310 4310 D InsetsSourceConsumer: applyLocalVisibilityOverride: com.thundercomm.screensaver/android.service.dreams.DreamActivity requestedVisible: true
10-19 02:08:47.353 4310 4310 V DreamService[SystemDream]: finish(): mFinished=false
10-19 02:08:47.355 1889 2893 D CommandQueue: onSystemBarAttributesChanged
10-19 02:08:47.356 1889 1889 D StatusBar: disable disable2
10-19 02:08:47.358 4310 4361 D InsetsAnimationCtrlImpl: Animation finished abruptly.
10-19 02:08:47.358 4310 4361 D InsetsController: Default animation setInsetsAndAlpha fraction: 0.0
10-19 02:08:47.360 1546 4311 I wm_finish_activity: [0,69521399,68,com.thundercomm.screensaver/android.service.dreams.DreamActivity,finish-activity]
10-19 02:08:47.361 1546 4311 I wm_task_moved: [1,1,5]
10-19 02:08:47.361 1546 4311 I wm_task_moved: [67,1,2147483647]
10-19 02:08:47.361 1546 4311 I wm_task_to_front: [0,67]
10-19 02:08:47.361 1546 4311 I wm_focused_root_task: [0,0,1,68,finish-top adjustFocusToNextFocusableTask]
10-19 02:08:47.362 1546 4311 I wm_set_resumed_activity: [0,com.android.launcher3/.uioverrides.QuickstepLauncher,finish-top adjustFocusToNextFocusableTask]
10-19 02:08:47.362 1546 4311 D ActivityTrigger: ActivityTrigger activityPauseTrigger
10-19 02:08:47.363 1546 4311 I wm_pause_activity: [0,69521399,com.thundercomm.screensaver/android.service.dreams.DreamActivity,userLeaving=false,finish]
10-19 02:08:47.363 1546 4311 D PowerManagerService: acquireWakeLockInternal: lock=227281559, flags=0x1, tag="*launch*", ws=WorkSource{1000}, uid=1000, pid=1546
10-19 02:08:47.363 1546 4311 D PowerManagerService: updateWakeLockSummaryLocked: mWakefulness=Dreaming, mWakeLockSummary=0x3
10-19 02:08:47.363 1546 4311 D PowerManagerService: updateUserActivitySummaryLocked: groupId=0, mWakefulness=Dreaming, mUserActivitySummary=0x1, nextTimeout=145692 (in 59980 ms)
10-19 02:08:47.363 1546 4311 D PowerManagerNotifier: onScreenPolicyUpdate: newPolicy=3
10-19 02:08:47.363 1546 4311 D PowerManagerService: updateDisplayPowerStateLocked: displayReady=true, groupId=0, policy=BRIGHT, mWakefulness=Dreaming, mWakeLockSummary=0x3, mUserActivitySummary=0x1, mBootCompleted=true, screenBrightnessOverride=NaN, useAutoBrightness=true, mScreenBrightnessBoostInProgress=false, mIsVrModeEnabled= false, sQuiescent=false
10-19 02:08:47.363 1546 4311 D PowerManagerNotifier: onWakeLockAcquired: flags=1, tag="*launch*", packageName=android, ownerUid=1000, ownerPid=1546, workSource=WorkSource{1000}
10-19 02:08:47.369 2557 2557 D TouchInteractionService: onInputEvent mUncheckedConsumer = com.android.quickstep.InputConsumer$$ExternalSyntheticLambda0@4bdfc5d
10-19 02:08:47.370 1546 4311 D DreamManagerService: Dream finished: android.os.Binder@350e9c1, immediate=false
10-19 02:08:47.370 1546 4311 I DreamManagerService: Gently waking up from dream.
10-19 02:08:47.372 4310 4361 D InsetsAnimationCtrlImpl: Animation finished abruptly.
10-19 02:08:47.372 4310 4361 D InsetsController: Default animation setInsetsAndAlpha fraction: 0.00955104
10-19 02:08:47.372 4310 4310 V DreamService[SystemDream]: Waking up on touchEvent [E]=MotionEvent { action=ACTION_MOVE, actionButton=0, id[0]=0, x[0]=1341.0, y[0]=580.0, toolType[0]=TOOL_TYPE_FINGER, buttonState=0, classification=NONE, metaState=0, flags=0x0, edgeFlags=0x0, pointerCount=1, historySize=1, eventTime=85713, downTime=85692, deviceId=4, source=0x5002, displayId=0, eventId=25915772 }
10-19 02:08:47.372 4310 4310 V DreamService[SystemDream]: wakeUp(): fromSystem=false, mWaking=true, mFinished=false
10-19 02:08:47.374 4310 4310 D InsetsController: show types = 1 | internalTypes = {0, 20}
10-19 02:08:47.374 4310 4310 D InsetsController: internalTypes = {0, 20} | animationType = 0
10-19 02:08:47.374 4310 4310 D InsetsController: consumer.isRequestedVisible() = true | consumer.getType() = 20
10-19 02:08:47.374 4310 4310 D InsetsController: show ignored for type: 20 animType: 0 requestedVisible: true
10-19 02:08:47.374 4310 4310 D InsetsController: internalTypes = {0, 20} | animationType = 0
10-19 02:08:47.374 4310 4310 D InsetsController: consumer.isRequestedVisible() = true | consumer.getType() = 0
10-19 02:08:47.374 4310 4310 D InsetsController: show ignored for type: 0 animType: 0 requestedVisible: true
10-19 02:08:47.374 4310 4310 D InsetsController: show typesReady: 0
10-19 02:08:47.374 4310 4310 D InsetsController: applyAnimation, nothing to animate
10-19 02:08:47.375 1546 1618 I DreamManagerService: Performing gentle wake from dream.
10-19 02:08:47.375 1546 1618 I DreamController: stopDream: immediate=false reason=finished self mCurrentDream=com.android.server.dreams.DreamController$DreamRecord@b473daa
10-19 02:08:47.376 1889 1922 D CommandQueue: onSystemBarAttributesChanged
10-19 02:08:47.377 1546 1622 I sysui_multi_action: [757,803,799,window_time_0,802,14]
10-19 02:08:47.377 1546 1622 V InputMethodMenuController: Hide switching menu
10-19 02:08:47.378 4310 4310 D InsetsController: onStateChanged: InsetsState: {mDisplayFrame=Rect(0, 0 - 2380, 1020), mDisplayCutout=DisplayCutout{insets=Rect(0, 0 - 0, 0) waterfall=Insets{left=0, top=0, right=0, bottom=0} boundingRect={Bounds=[Rect(0, 0 - 0, 0), Rect(0, 0 - 0, 0), Rect(0, 0 - 0, 0), Rect(0, 0 - 0, 0)]} cutoutPathParserInfo={CutoutPathParserInfo{displayWidth=0 displayHeight=0 density={0.0} cutoutSpec={} rotation={0} scale={0.0}}}}, mRoundedCorners=RoundedCorners{[RoundedCorner{position=TopLeft, radius=0, center=Point(0, 0)}, RoundedCorner{position=TopRight, radius=0, center=Point(0, 0)}, RoundedCorner{position=BottomRight, radius=0, center=Point(0, 0)}, RoundedCorner{position=BottomLeft, radius=0, center=Point(0, 0)}]}, mPrivacyIndicatorBounds=PrivacyIndicatorBounds {static bounds=Rect(2236, 0 - 2359, 36) rotation=0}, mSources= { InsetsSource: {mType=ITYPE_STATUS_BAR, mFrame=[0,0][2380,36], mVisible=true}, InsetsSource: {mType=ITYPE_NAVIGATION_BAR, mFrame=[0,974][2380,1020], mVisible=true}, InsetsSource: {mType=ITYPE_LEFT_GESTURES, mFrame=[0,0][0,1020], mVisible=true}, InsetsSource: {mType=ITYPE_RIGHT_GESTURES, mFrame=[2380,0][2380,1020], mVisible=true}, InsetsSource: {mType=ITYPE_TOP_MANDATORY_GESTURES, mFrame=[0,0][2380,36], mVisible=true}, InsetsSource: {mType=ITYPE_BOTTOM_MANDATORY_GESTURES, mFrame=[0,974][2380,1020], mVisible=true}, InsetsSource: {mType=ITYPE_TOP_TAPPABLE_ELEMENT, mFrame=[0,0][2380,36], mVisible=true}, InsetsSource: {mType=ITYPE_BOTTOM_TAPPABLE_ELEMENT, mFrame=[0,974][2380,1020], mVisible=true}, InsetsSource: {mType=ITYPE_IME, mFrame=[0,0][0,0], mVisible=false} }
10-19 02:08:47.378 4310 4310 D InsetsSourceConsumer: applyLocalVisibilityOverride: No control in com.thundercomm.screensaver/android.service.dreams.DreamActivity requestedVisible true
10-19 02:08:47.378 4310 4310 D InsetsSourceConsumer: applyLocalVisibilityOverride: No control in com.thundercomm.screensaver/android.service.dreams.DreamActivity requestedVisible true
10-19 02:08:47.378 4310 4310 D InsetsSourceConsumer: applyLocalVisibilityOverride: No control in com.thundercomm.screensaver/android.service.dreams.DreamActivity requestedVisible true
10-19 02:08:47.378 4310 4310 D InsetsSourceConsumer: applyLocalVisibilityOverride: No control in com.thundercomm.screensaver/android.service.dreams.DreamActivity requestedVisible true
10-19 02:08:47.378 4310 4310 D InsetsSourceConsumer: applyLocalVisibilityOverride: No control in com.thundercomm.screensaver/android.service.dreams.DreamActivity requestedVisible true
10-19 02:08:47.378 4310 4310 D InsetsSourceConsumer: applyLocalVisibilityOverride: No control in com.thundercomm.screensaver/android.service.dreams.DreamActivity requestedVisible true
10-19 02:08:47.378 4310 4310 D InsetsSourceConsumer: applyLocalVisibilityOverride: No control in com.thundercomm.screensaver/android.service.dreams.DreamActivity requestedVisible true
10-19 02:08:47.378 4310 4310 D InsetsSourceConsumer: applyLocalVisibilityOverride: No control in com.thundercomm.screensaver/android.service.dreams.DreamActivity requestedVisible true
10-19 02:08:47.378 4310 4310 D InsetsSourceConsumer: applyLocalVisibilityOverride: No control in com.thundercomm.screensaver/android.service.dreams.DreamActivity requestedVisible true
10-19 02:08:47.378 4310 4310 I wm_on_top_resumed_lost_called: [69521399,android.service.dreams.DreamActivity,topStateChangedWhenResumed]
10-19 02:08:47.379 4310 4310 I wm_on_paused_called: [69521399,android.service.dreams.DreamActivity,performPause]
10-19 02:08:47.379 1546 2100 I wm_add_to_stopping: [0,69521399,com.thundercomm.screensaver/android.service.dreams.DreamActivity,completeFinishing]
10-19 02:08:47.380 1546 2100 D PowerManagerService: updateWakeLockWorkSourceInternal: lock=227281559 [*launch*], ws=WorkSource{10076}
10-19 02:08:47.380 1546 2100 D PowerManagerNotifier: onWakeLockChanging: flags=1, tag="*launch*", packageName=android, ownerUid=1000, ownerPid=1546, workSource=WorkSource{10076}
10-19 02:08:47.380 1546 2100 I ActivityTaskManager: FOREGROUND_APPLICATION_CHANGED to com.android.launcher3.uioverrides.QuickstepLauncher
10-19 02:08:47.383 1546 2100 I wm_set_resumed_activity: [0,com.android.launcher3/.uioverrides.QuickstepLauncher,resumeTopActivityInnerLocked]
10-19 02:08:47.384 1889 1922 D KeyguardViewMediator: setOccluded false
10-19 02:08:47.386 1546 2100 I wm_resume_activity: [0,252077482,67,com.android.launcher3/.uioverrides.QuickstepLauncher]
10-19 02:08:47.386 1546 2100 D FreeFormWindowHelper: handleFreeformTask : Task{63838d8 #1 type=home ?? U=0 visible=true mode=fullscreen translucent=false sz=1 visible freeform task=true rootAffinity=null isMini=false}
10-19 02:08:47.386 1546 2100 D FreeFormWindowHelper: mFreeFormTask : null
10-19 02:08:47.386 1546 2100 D FreeFormWindowHelper: mInRecent : false
10-19 02:08:47.386 1546 2100 D FreeFormWindowHelper:
10-19 02:08:47.387 1889 1889 D KeyguardViewMediator: adjustStatusBarLocked: mShowing=false mOccluded=false isSecure=false force=false --> flags=0x0
10-19 02:08:47.388 4310 4361 D InsetsAnimationCtrlImpl: Animation finished abruptly.
10-19 02:08:47.389 4310 4361 D InsetsController: Default animation setInsetsAndAlpha fraction: 0.042047124
10-19 02:08:47.389 4310 4310 D ViewTouchDebug: mView : DecorView@611d1dd[DreamActivity]Receive event : MotionEvent { action=ACTION_CANCEL, actionButton=0, id[0]=0, x[0]=1341.0, y[0]=580.0, toolType[0]=TOOL_TYPE_FINGER, buttonState=0, classification=NONE, metaState=0, flags=0x0, edgeFlags=0x0, pointerCount=1, historySize=0, eventTime=85737, downTime=85692, deviceId=4, source=0x5002, displayId=0, eventId=2019975928 }
10-19 02:08:47.389 4310 4310 I view_enqueue_input_event: [Motion - Cancel,com.thundercomm.screensaver/android.service.dreams.DreamActivity]
10-19 02:08:47.389 4310 4310 V DreamService[SystemDream]: Waking up on touchEvent [E]=MotionEvent { action=ACTION_CANCEL, actionButton=0, id[0]=0, x[0]=1341.0, y[0]=580.0, toolType[0]=TOOL_TYPE_FINGER, buttonState=0, classification=NONE, metaState=0, flags=0x0, edgeFlags=0x0, pointerCount=1, historySize=0, eventTime=85737, downTime=85692, deviceId=4, source=0x5002, displayId=0, eventId=2019975928 }
10-19 02:08:47.389 4310 4310 V DreamService[SystemDream]: wakeUp(): fromSystem=false, mWaking=true, mFinished=false
10-19 02:08:47.389 1546 1799 I input_focus: [Focus leaving a69268a com.thundercomm.screensaver/android.service.dreams.DreamActivity (server),reason=NO_WINDOW]
10-19 02:08:47.390 1546 1622 I ActivityManager: Killing 4205:com.qualcomm.qti.qms.service.trustzoneaccess/u0a58 (adj 905): empty #2
10-19 02:08:47.390 1546 1622 I am_kill : [0,4205,com.qualcomm.qti.qms.service.trustzoneaccess,905,empty #2]
10-19 02:08:47.391 1546 1622 I sysui_multi_action: [757,803,799,window_time_0,802,0]
10-19 02:08:47.394 2557 2557 D InsetsSourceConsumer: Call hide for ITYPE_IME on com.android.launcher3/com.android.launcher3.uioverrides.QuickstepLauncher
10-19 02:08:47.394 2557 2557 D InsetsSourceConsumer: applyLocalVisibilityOverride: No control in com.android.launcher3/com.android.launcher3.uioverrides.QuickstepLauncher requestedVisible false
10-19 02:08:47.394 2557 2557 I wm_on_restart_called: [252077482,com.android.launcher3.uioverrides.QuickstepLauncher,performRestartActivity]
10-19 02:08:47.394 2557 2557 I wm_on_start_called: [252077482,com.android.launcher3.uioverrides.QuickstepLauncher,handleStartActivity]
10-19 02:08:47.395 2557 2557 D Launcher: onResume start
10-19 02:08:47.395 2557 2557 D Launcher: onResume finish
10-19 02:08:47.395 2557 2557 I wm_on_resume_called: [252077482,com.android.launcher3.uioverrides.QuickstepLauncher,RESUME_ACTIVITY]
10-19 02:08:47.395 2557 2557 I wm_on_top_resumed_gained_called: [252077482,com.android.launcher3.uioverrides.QuickstepLauncher,topWhenResuming]
10-19 02:08:47.397 1546 1642 I libprocessgroup: Successfully killed process cgroup uid 10058 pid 4205 in 5ms
10-19 02:08:47.397 2051 4010 I GameMode_ActivityMonitoringService: onActivityLaunch: com.android.launcher3, isGameApp: false
10-19 02:08:47.397 1546 1799 I input_interaction: Interaction with: edge-swipe (server), swipe-up (server), PointerEventDispatcher0 (server),
10-19 02:08:47.398 2051 4010 D GameModeIF_GameModeSettings: getUriFor setting_content_uri_root = content://com.thundercomm.gamemode.api/gamemode_settings , name = gamemode_enable
10-19 02:08:47.402 1546 1634 I am_pss : [2986,10097,com.android.providers.media.module,16704512,12537856,0,122294272,0,0,6]
10-19 02:08:47.404 893 893 I BpBinder: onLastStrongRef automatically unlinking death recipients:
10-19 02:08:47.404 4310 4361 D InsetsAnimationCtrlImpl: Animation finished abruptly.
10-19 02:08:47.404 4310 4361 D InsetsController: Default animation setInsetsAndAlpha fraction: 0.11325297
10-19 02:08:47.407 1546 1622 V InputMethodMenuController: Hide switching menu
10-19 02:08:47.408 1546 1623 I input_focus: [Focus request 81c89eb com.android.launcher3/com.android.launcher3.uioverrides.QuickstepLauncher,reason=UpdateInputWindows]
10-19 02:08:47.408 1546 1634 I am_pss : [2726,10082,com.qualcomm.location,10519552,7532544,0,105414656,0,0,5]
10-19 02:08:47.409 2557 2557 D InsetsSourceConsumer: Call hide for ITYPE_IME on com.android.launcher3/com.android.launcher3.uioverrides.QuickstepLauncher
10-19 02:08:47.409 2557 2557 D InsetsSourceConsumer: applyLocalVisibilityOverride: No control in com.android.launcher3/com.android.launcher3.uioverrides.QuickstepLauncher requestedVisible false
10-19 02:08:47.410 2557 2557 D InsetsSourceConsumer: setControl -> ITYPE_NAVIGATION_BAR on com.android.launcher3/com.android.launcher3.uioverrides.QuickstepLauncher
10-19 02:08:47.410 2557 2557 D InsetsSourceConsumer: setControl -> ITYPE_STATUS_BAR on com.android.launcher3/com.android.launcher3.uioverrides.QuickstepLauncher
10-19 02:08:47.410 2557 2557 D CellLayout: CellLayout.onDraw:
10-19 02:08:47.411 2557 2557 D CellLayout: CellLayout.onDraw:
10-19 02:08:47.414 2557 2557 D ActivityChangeReceiver: onReceive
10-19 02:08:47.414 2557 3297 D MCUUtil : saveLastActivity activityName=com.android.launcher3.uioverrides.QuickstepLauncher packageName=com.android.launcher3
10-19 02:08:47.416 4310 4310 D InsetsSourceConsumer: applyLocalVisibilityOverride: No control in com.thundercomm.screensaver/android.service.dreams.DreamActivity requestedVisible true
10-19 02:08:47.416 4310 4310 D InsetsController: cancelAnimation of types: 3, animType: 0
10-19 02:08:47.416 4310 4310 D VRInsetsControllerHost: windowInsetsAnimation ended
10-19 02:08:47.416 4310 4310 D InsetsSourceConsumer: applyLocalVisibilityOverride: No control in com.thundercomm.screensaver/android.service.dreams.DreamActivity requestedVisible true
10-19 02:08:47.416 4310 4361 D InsetsAnimationCtrlImpl: Animation finished abruptly.
10-19 02:08:47.416 4310 4361 D InsetsAnimationCtrlImpl: Animation already canceled or finished, not notifying.
10-19 02:08:47.416 4310 4361 D InsetsController: onAnimationFinish showOnFinish: true
10-19 02:08:47.416 4310 4361 D InsetsController: InternalAnimationControlListener onCancelled types:7
10-19 02:08:47.416 4310 4361 D InsetsAnimationCtrlImpl: notify Control request cancelled for types: 3
10-19 02:08:47.416 4310 4361 D InsetsAnimThreadRunner: releaseSurfaceControlFromRt
10-19 02:08:47.416 4310 4361 D InsetsAnimThreadRunner: releaseSurfaceControlFromRt
10-19 02:08:47.417 2557 2557 D InsetsSourceConsumer: Call hide for ITYPE_IME on com.android.launcher3/com.android.launcher3.uioverrides.QuickstepLauncher
10-19 02:08:47.417 2557 2557 D InsetsSourceConsumer: applyLocalVisibilityOverride: No control in com.android.launcher3/com.android.launcher3.uioverrides.QuickstepLauncher requestedVisible false
10-19 02:08:47.417 2557 2557 D InsetsSourceConsumer: setControl -> ITYPE_NAVIGATION_BAR on com.android.launcher3/com.android.launcher3.uioverrides.QuickstepLauncher
10-19 02:08:47.417 2557 2557 D InsetsSourceConsumer: applyHiddenToControl: true
10-19 02:08:47.417 2557 2557 D InsetsSourceConsumer: setControl -> ITYPE_STATUS_BAR on com.android.launcher3/com.android.launcher3.uioverrides.QuickstepLauncher
10-19 02:08:47.417 2557 2557 D InsetsSourceConsumer: applyHiddenToControl: true
10-19 02:08:47.418 1546 1578 D PowerManagerService: releaseWakeLockInternal: lock=227281559 [*launch*], flags=0x0
10-19 02:08:47.418 1546 1578 D PowerManagerNotifier: onWakeLockReleased: flags=1, tag="*launch*", packageName=android, ownerUid=1000, ownerPid=1546, workSource=WorkSource{10076}
10-19 02:08:47.418 1546 1578 D PowerManagerService: updateWakeLockSummaryLocked: mWakefulness=Dreaming, mWakeLockSummary=0x3
10-19 02:08:47.419 1546 1578 D PowerManagerService: updateUserActivitySummaryLocked: groupId=0, mWakefulness=Dreaming, mUserActivitySummary=0x1, nextTimeout=145692 (in 59925 ms)
10-19 02:08:47.419 1546 1578 D PowerManagerNotifier: onScreenPolicyUpdate: newPolicy=3
10-19 02:08:47.419 1546 1578 D PowerManagerService: updateDisplayPowerStateLocked: displayReady=true, groupId=0, policy=BRIGHT, mWakefulness=Dreaming, mWakeLockSummary=0x3, mUserActivitySummary=0x1, mBootCompleted=true, screenBrightnessOverride=NaN, useAutoBrightness=true, mScreenBrightnessBoostInProgress=false, mIsVrModeEnabled= false, sQuiescent=false
10-19 02:08:47.419 1546 1674 D PowerManagerService: wakeDisplayGroupNoUpdateLocked: eventTime=85767, groupId=0, uid=1000
10-19 02:08:47.419 1546 1674 I PowerManagerService: Powering on display group fromDreaming (groupId=0, uid=1000, reason=WAKE_REASON_UNKNOWN, details=android.server.power:DREAM_FINISHED)...
10-19 02:08:47.419 1546 1674 D PowerManagerService: setGlobalWakefulnessLocked
10-19 02:08:47.419 1546 1674 I PowerManagerService: Waking up from Dreaming (uid=1000, reason=WAKE_REASON_UNKNOWN, details=android.server.power:DREAM_FINISHED)...
10-19 02:08:47.420 1546 4311 I am_proc_died: [0,4205,com.qualcomm.qti.qms.service.trustzoneaccess,905,19]
10-19 02:08:47.420 1546 1674 D PowerManagerNotifier: onWakefulnessChangeStarted
10-19 02:08:47.420 1546 1674 D PowerManagerNotifier: onWakefulnessChangeStarted: wakefulness=1, reason=0, interactive=true
10-19 02:08:47.420 1546 1674 D PowerManagerNotifier: onWakefulnessChangeStarted:mInteractive == interactive, so have no handleEarlyInteractiveChange
10-19 02:08:47.420 1546 1674 D PowerManagerNotifier: onWakeUp: reason=WAKE_REASON_UNKNOWN, details=android.server.power:DREAM_FINISHED, reasonUid=1000 opPackageName=android opUid=1000
10-19 02:08:47.421 1546 1674 D PowerManagerService: userActivityNoUpdateLocked: groupId=0, eventTime=85767, event=0, flags=0x0, uid=1000
10-19 02:08:47.421 1546 1674 D PowerManagerNotifier: onUserActivity: event=0, uid=1000
10-19 02:08:47.421 1546 1674 D PowerManagerService: updateWakeLockSummaryLocked: mWakefulness=Awake, mWakeLockSummary=0x23
10-19 02:08:47.421 1546 1674 D PowerManagerService: updateUserActivitySummaryLocked: groupId=0, mWakefulness=Awake, mUserActivitySummary=0x1, nextTimeout=145767 (in 59998 ms)
10-19 02:08:47.421 1546 1674 D PowerManagerNotifier: onScreenPolicyUpdate: newPolicy=3
10-19 02:08:47.421 1546 1674 D PowerManagerService: updateDisplayPowerStateLocked: displayReady=true, groupId=0, policy=BRIGHT, mWakefulness=Awake, mWakeLockSummary=0x23, mUserActivitySummary=0x1, mBootCompleted=true, screenBrightnessOverride=NaN, useAutoBrightness=true, mScreenBrightnessBoostInProgress=false, mIsVrModeEnabled= false, sQuiescent=false
10-19 02:08:47.421 1546 1674 D PowerManagerNotifier: onWakefulnessChangeFinished
10-19 02:08:47.422 1546 1799 I input_focus: [Focus entering 81c89eb com.android.launcher3/com.android.launcher3.uioverrides.QuickstepLauncher (server),reason=setFocusedWindow]
10-19 02:08:47.423 671 671 I Zygote : Process 4205 exited due to signal 9 (Killed)
10-19 02:08:47.424 2557 2557 V ImeFocusController: onWindowFocus: DecorView@53a5678[QuickstepLauncher] softInputMode=STATE_UNSPECIFIED|ADJUST_NOTHING
10-19 02:08:47.424 1546 4311 I am_uid_stopped: 10058
10-19 02:08:47.424 2557 2557 V ImeFocusController: Restarting due to isRestartOnNextWindowFocus as true
10-19 02:08:47.424 2557 2557 D ImeFocusController: onViewFocusChanged, view=DecorView@53a5678[QuickstepLauncher], mServedView=DecorView@53a5678[QuickstepLauncher]
10-19 02:08:47.424 2557 2557 V ImeFocusController: checkFocus: view=DecorView@53a5678[QuickstepLauncher] next=DecorView@53a5678[QuickstepLauncher] force=true package=com.android.launcher3
10-19 02:08:47.424 2557 2557 V InputMethodManager: Starting input: view=DecorView@53a5678[QuickstepLauncher],focus=false,windowFocus=true,autofillUiShowing=false,window=android.view.ViewRootImpl$W@8ff9151,displayId=0,temporaryDetach=false,hasImeFocus=true reason=WINDOW_FOCUS_GAIN
10-19 02:08:47.424 2557 2557 V InputMethodManager: Starting input: tba=android.view.inputmethod.EditorInfo@d7677cc ic=null
10-19 02:08:47.424 2557 2557 V InputMethodManager: START INPUT: view=DecorView@53a5678[QuickstepLauncher],focus=false,windowFocus=true,autofillUiShowing=false,window=android.view.ViewRootImpl$W@8ff9151,displayId=0,temporaryDetach=false,hasImeFocus=true ic=null tba=android.view.inputmethod.EditorInfo@d7677cc startInputFlags=VIEW_HAS_FOCUS|INITIAL_CONNECTION
10-19 02:08:47.425 1546 4311 V InputMethodManagerService: startInputOrWindowGainedFocusInternalLocked: reason=WINDOW_FOCUS_GAIN client=android.os.BinderProxy@d2b00b9 inputContext=null missingMethods= attribute=android.view.inputmethod.EditorInfo@1506dd8 startInputFlags=VIEW_HAS_FOCUS|INITIAL_CONNECTION softInputMode=STATE_UNSPECIFIED|ADJUST_NOTHING windowFlags=#81910100 unverifiedTargetSdkVersion=31
10-19 02:08:47.425 1546 4311 V InputMethodManagerService: Unspecified window will hide input
10-19 02:08:47.425 1546 4311 V InputMethodManagerService: unbindCurrentInputLocked: client=android.os.BinderProxy@4ee7485
10-19 02:08:47.425 1546 4311 V InputMethodMenuController: Hide switching menu
10-19 02:08:47.425 1546 4311 V InputMethodManagerService: switching to client: client=android.os.BinderProxy@d2b00b9 keyguard=false
10-19 02:08:47.425 4310 4310 I InputMethodManager: handleMessage: MSG_SET_ACTIVE false, was true
10-19 02:08:47.425 1546 4311 V InputMethodManagerService: Disabling: SessionState{uid 1000 pid 4310 method 48d7e21 session 5c01119 channel ClientState{87fa463 uid=1000 pid=4310 displayId=0} (server)}
10-19 02:08:47.425 4310 4310 I InputMethodManager: handleMessage: MSG_UNBIND 2 reason=SWITCH_CLIENT
10-19 02:08:47.425 1546 4311 V InputMethodManagerService: Enabling: SessionState{uid 10076 pid 2557 method 48d7e21 session b32f246 channel ClientState{d83dced uid=10076 pid=2557 displayId=0} (server)}
10-19 02:08:47.425 4310 4310 V InputMethodManager: Clearing binding!
10-19 02:08:47.425 2557 2557 V InputMethodManager: Starting input: Bind result=InputBindResult{result=SUCCESS_WITH_IME_SESSION method=com.android.internal.view.IInputMethodSession$Stub$Proxy@7b95a15 id=com.baidu.input_hryt/.ImeService sequence=3 isInputMethodSuppressingSpellChecker=false}
10-19 02:08:47.425 3307 3307 V InputMethod: unbindInput(): binding=InputBinding{android.os.BinderProxy@3817113 / uid 1000 / pid 4310} ic=InputConnectionWrapper{idHash=#6431f50 mMissingMethods=}
10-19 02:08:47.425 2557 2557 I InputMethodManager: handleMessage: MSG_SET_ACTIVE true, was false
10-19 02:08:47.425 3307 3307 I ImeService: ImeService(com.baidu.input_hryt.ImeService@36fd56e) life called >>> onUnbindInput
10-19 02:08:47.425 3307 3307 D ImeService: onUnbindInput
10-19 02:08:47.426 3307 3307 I ImeService: ImeService(com.baidu.input_hryt.ImeService@36fd56e) life called >>> onUnbindInput false
10-19 02:08:47.426 3307 3307 I ImeService: ImeService(com.baidu.input_hryt.ImeService@36fd56e) life called >>> hideSoft() false
10-19 02:08:47.426 3307 3307 I ImeService: java.lang.Throwable
10-19 02:08:47.426 3307 3307 I ImeService: com.baidu.input_hryt.ImeService.hideSoft(Proguard:4568)
10-19 02:08:47.426 3307 3307 I ImeService: com.baidu.input_hryt.ImeService.onUnbindInput(Proguard:3467)
10-19 02:08:47.426 3307 3307 I ImeService: android.inputmethodservice.InputMethodService$InputMethodImpl.unbindInput(InputMethodService.java:684)
10-19 02:08:47.426 3307 3307 I ImeService: android.inputmethodservice.IInputMethodWrapper.executeMessage(IInputMethodWrapper.java:185)
10-19 02:08:47.426 3307 3307 I ImeService: com.android.internal.os.HandlerCaller$MyHandler.handleMessage(HandlerCaller.java:44)
10-19 02:08:47.426 3307 3307 I ImeService: android.os.Handler.dispatchMessage(Handler.java:106)
10-19 02:08:47.426 3307 3307 I ImeService: android.os.Looper.loopOnce(Looper.java:201)
10-19 02:08:47.426 3307 3307 I ImeService: android.os.Looper.loop(Looper.java:288)
10-19 02:08:47.426 3307 3307 I ImeService: android.app.ActivityThread.main(ActivityThread.java:7880)
10-19 02:08:47.426 3307 3307 I ImeService: java.lang.reflect.Method.invoke(Native Method)
10-19 02:08:47.427 3307 3307 V InputMethodService: CALL: hideWindow
10-19 02:08:47.427 3307 3307 V InputMethod: bindInput(): binding=InputBinding{android.os.BinderProxy@cf4d36c / uid 10076 / pid 2557} ic=InputConnectionWrapper{idHash=#942e07c mMissingMethods=}
10-19 02:08:47.427 3307 3307 I ImeService: ImeService(com.baidu.input_hryt.ImeService@36fd56e) life called >>> onBindInput
10-19 02:08:47.427 3307 3307 D ImeService: onBindInput
10-19 02:08:47.428 3307 3307 V InputMethod: startInput(): editor=android.view.inputmethod.EditorInfo@dc78d05
10-19 02:08:47.428 3307 3307 V InputMethodService: CALL: doFinishInput
10-19 02:08:47.428 3307 3307 D InlineSuggestionSessionController: notifyOnFinishInput
10-19 02:08:47.428 3307 3307 V InputMethodService: CALL: onFinishInput
10-19 02:08:47.428 3307 3307 I ImeService: ImeService(com.baidu.input_hryt.ImeService@36fd56e) life called >>> onFinishInput
10-19 02:08:47.428 3307 3307 D ImeService: onFinishInput
10-19 02:08:47.429 1546 1622 V InputMethodMenuController: Hide switching menu
10-19 02:08:47.430 4310 4310 D InsetsSourceConsumer: applyLocalVisibilityOverride: No control in com.thundercomm.screensaver/android.service.dreams.DreamActivity requestedVisible false
10-19 02:08:47.430 2557 2557 D InsetsSourceConsumer: setControl -> ITYPE_IME on com.android.launcher3/com.android.launcher3.uioverrides.QuickstepLauncher
10-19 02:08:47.430 2557 2557 D InsetsSourceConsumer: applyHiddenToControl: false
10-19 02:08:47.430 4310 4310 D InsetsSourceConsumer: Call hide for ITYPE_IME on com.thundercomm.screensaver/android.service.dreams.DreamActivity
10-19 02:08:47.430 4310 4310 D InsetsSourceConsumer: applyLocalVisibilityOverride: No control in com.thundercomm.screensaver/android.service.dreams.DreamActivity requestedVisible false
10-19 02:08:47.431 1546 2100 D InputMethodManagerService: --- calledFromForegroundUserOrSystemProcess ? calling uid = 10076 system uid = 1000 calling userId = 0, foreground user id = 0, calling pid = 0com.android.server.inputmethod.InputMethodManagerService.reportPerceptibleAsync(InputMethodManagerService.java:3102)
10-19 02:08:47.431 1546 2100 D InputMethodManagerService: IME window vis: 0 active: 0 inv: 0 displayId: 0
10-19 02:08:47.431 1546 2100 I InputMethodManagerService: shouldShowImeSwitcherLocked: visibility=0
10-19 02:08:47.431 1546 2100 I InputMethodManagerService: Return: no IME_ACTIVE or IME_INVISIBLE.
10-19 02:08:47.431 1546 2100 I InputMethodManagerService: updateSystemUiLocked: needsToShow=false
10-19 02:08:47.432 3307 3307 D InlineSuggestionSessionController: notifyOnStartInput: com.android.launcher3, 0
10-19 02:08:47.432 3307 3307 V InputMethodService: CALL: onStartInput
10-19 02:08:47.432 3307 3307 I ImeService: ImeService(com.baidu.input_hryt.ImeService@36fd56e) life called >>> onStartInput false 10.6.1003.24
10-19 02:08:47.432 3307 3307 D ImeService: current version:10.6.1003.24
10-19 02:08:47.432 3307 3307 D ImeService: onStartInput:packageName:com.android.launcher3 inputType:0 restarting:false,fieldId:-1,imeOptions:0
10-19 02:08:47.435 3307 3471 E CarAuth : check ok
10-19 02:08:47.438 3307 3307 I ColorPicker: invalidatePickedColors: oldFloatColor=fff5f7fa
10-19 02:08:47.451 1546 1799 D PowerManagerService: userActivityNoUpdateLocked: groupId=0, eventTime=85799, event=2, flags=0x0, uid=1000
10-19 02:08:47.451 1546 1799 D PowerManagerNotifier: onUserActivity: event=2, uid=1000
10-19 02:08:47.451 1546 1799 D PowerManagerService: updateUserActivitySummaryLocked: groupId=0, mWakefulness=Awake, mUserActivitySummary=0x1, nextTimeout=145799 (in 60000 ms)
10-19 02:08:47.451 1546 1799 D PowerManagerNotifier: onScreenPolicyUpdate: newPolicy=3
10-19 02:08:47.451 1546 1799 D PowerManagerService: updateDisplayPowerStateLocked: displayReady=true, groupId=0, policy=BRIGHT, mWakefulness=Awake, mWakeLockSummary=0x23, mUserActivitySummary=0x1, mBootCompleted=true, screenBrightnessOverride=NaN, useAutoBrightness=true, mScreenBrightnessBoostInProgress=false, mIsVrModeEnabled= false, sQuiescent=false
10-19 02:08:47.465 1889 1889 D RegionSamplingHelper: medianLuma:0.11052587 mLuminanceThreshold0.5
10-19 02:08:47.465 1889 1889 D NavBarView: onRegionDarknessChanged:isRegionDark = true
10-19 02:08:47.465 1889 1889 D LightBarTransitionsController: setIconsDark: dark = false animate = true
10-19 02:08:47.466 1889 1889 D LightBarTransitionsController: animateIconTint:targetDarkIntensity = 0.0 delay = 0 duration = 1700
10-19 02:08:47.565 1889 1889 D RegionSamplingHelper: medianLuma:0.47639072 mLuminanceThreshold0.5
10-19 02:08:47.565 1889 1889 D NavBarView: onRegionDarknessChanged:isRegionDark = true
10-19 02:08:47.565 1889 1889 D LightBarTransitionsController: setIconsDark: dark = false animate = true
10-19 02:08:47.565 1889 1889 D LightBarTransitionsController: animateIconTint:targetDarkIntensity = 0.0 delay = 0 duration = 1700
10-19 02:08:47.659 1546 1623 D PowerManagerService: releaseWakeLockInternal: lock=75271174 [WindowManager], flags=0x0
10-19 02:08:47.659 1546 1623 D PowerManagerNotifier: onWakeLockReleased: flags=536870922, tag="WindowManager", packageName=android, ownerUid=1000, ownerPid=1546, workSource=WorkSource{1000}
10-19 02:08:47.659 1546 1623 D PowerManagerService: userActivityNoUpdateLocked: groupId=0, eventTime=86007, event=0, flags=0x1, uid=1000
10-19 02:08:47.659 1546 1623 D PowerManagerNotifier: onUserActivity: event=0, uid=1000
10-19 02:08:47.659 1546 1623 D PowerManagerService: updateWakeLockSummaryLocked: mWakefulness=Awake, mWakeLockSummary=0x0
10-19 02:08:47.659 1546 1623 D PowerManagerService: updateUserActivitySummaryLocked: groupId=0, mWakefulness=Awake, mUserActivitySummary=0x1, nextTimeout=145799 (in 59791 ms)
10-19 02:08:47.660 1546 1623 D PowerManagerNotifier: onScreenPolicyUpdate: newPolicy=3
10-19 02:08:47.660 1546 1623 D PowerManagerService: updateDisplayPowerStateLocked: displayReady=true, groupId=0, policy=BRIGHT, mWakefulness=Awake, mWakeLockSummary=0x0, mUserActivitySummary=0x1, mBootCompleted=true, screenBrightnessOverride=NaN, useAutoBrightness=true, mScreenBrightnessBoostInProgress=false, mIsVrModeEnabled= false, sQuiescent=false
10-19 02:08:47.660 1546 1623 D PowerManagerService: Releasing suspend blocker "PowerManagerService.WakeLocks".
10-19 02:08:47.661 1546 1622 I wm_destroy_activity: [0,69521399,68,com.thundercomm.screensaver/android.service.dreams.DreamActivity,finish-imm:idle]
10-19 02:08:47.665 1889 1889 D RegionSamplingHelper: medianLuma:0.016043434 mLuminanceThreshold0.5
10-19 02:08:47.665 1889 1889 D NavBarView: onRegionDarknessChanged:isRegionDark = true
10-19 02:08:47.665 1889 1889 D LightBarTransitionsController: setIconsDark: dark = false animate = true
10-19 02:08:47.665 1889 1889 D LightBarTransitionsController: animateIconTint:targetDarkIntensity = 0.0 delay = 0 duration = 1700
10-19 02:08:47.675 4310 4310 D InsetsSourceConsumer: Call hide for ITYPE_IME on com.thundercomm.screensaver/android.service.dreams.DreamActivity
10-19 02:08:47.675 4310 4310 D InsetsSourceConsumer: applyLocalVisibilityOverride: No control in com.thundercomm.screensaver/android.service.dreams.DreamActivity requestedVisible false
10-19 02:08:47.678 4310 4310 I wm_on_stop_called: [69521399,android.service.dreams.DreamActivity,LIFECYCLER_STOP_ACTIVITY]
10-19 02:08:47.681 4310 4310 I wm_on_destroy_called: [69521399,android.service.dreams.DreamActivity,performDestroy]
10-19 02:08:47.681 4310 4310 V InputMethodManager: FINISH INPUT: mServedView=DecorView@611d1dd[DreamActivity],focus=false,windowFocus=false,autofillUiShowing=false,window=android.view.ViewRootImpl$W@175e152,displayId=0,temporaryDetach=false,hasImeFocus=true
10-19 02:08:47.682 4310 4310 V DreamService[SystemDream]: finish(): mFinished=false
10-19 02:08:47.682 1546 2100 D DreamManagerService: Dream finished: android.os.Binder@350e9c1, immediate=true
10-19 02:08:47.682 1546 2100 I DreamManagerService: Leaving dreamland.
10-19 02:08:47.683 1546 2100 W InputManager-JNI: Input channel object 'a69268a com.thundercomm.screensaver/android.service.dreams.DreamActivity (client)' was disposed without first being removed with the input manager!
10-19 02:08:47.684 1546 1618 I DreamManagerService: Performing gentle wake from dream.
10-19 02:08:47.684 1546 1618 I DreamController: stopDream: immediate=true reason=finished self mCurrentDream=com.android.server.dreams.DreamController$DreamRecord@b473daa
10-19 02:08:47.684 1546 1618 I DreamController: Stopping dream: name=ComponentInfo{com.thundercomm.screensaver/com.thundercomm.screensaver.service.SystemDream}, isTest=false, canDoze=false, userId=0, reason='finished self'(from 'finished self')
10-19 02:08:47.684 1546 1618 I sysui_multi_action: [757,222,758,2]
10-19 02:08:47.684 1546 1618 I sysui_multi_action: [757,804,799,dreaming_minutes,801,0,802,1]
10-19 02:08:47.689 4310 4310 D InsetsSourceConsumer: Call hide for ITYPE_IME on com.thundercomm.screensaver/android.service.dreams.DreamActivity
10-19 02:08:47.689 4310 4310 D InsetsSourceConsumer: applyLocalVisibilityOverride: No control in com.thundercomm.screensaver/android.service.dreams.DreamActivity requestedVisible false
10-19 02:08:47.690 4310 4310 V DreamService[SystemDream]: detach():
10-19 02:08:47.690 4310 4310 V DreamService[SystemDream]: detach(): Calling onDreamingStopped()
10-19 02:08:47.690 4310 4310 V DreamService[SystemDream]: onDreamingStopped()
10-19 02:08:47.690 4310 4310 V DreamService[SystemDream]: finish(): mFinished=true
10-19 02:08:47.690 4310 4310 V DreamService[SystemDream]: onDestroy()
10-19 02:08:47.690 4310 4310 V DreamService[SystemDream]: detach():
10-19 02:08:47.690 4310 4310 V DreamService[SystemDream]: finish(): mFinished=true
10-19 02:08:47.691 1546 3322 I ActivityManager: Killing 4287:com.android.permissioncontroller/u0a96 (adj 905): empty #2
10-19 02:08:47.691 1546 3322 I am_kill : [0,4287,com.android.permissioncontroller,905,empty #2]
10-19 02:08:47.692 1546 2100 I wm_task_removed: [68,removeChild:removeChild last r=ActivityRecord{424cff7 u0 com.thundercomm.screensaver/android.service.dreams.DreamActivity taskAffinity=1000:android:com.thundercomm.screensaver/dream t-1 f}} in t=Task{b13fe64 #68 type=dream A=1000:android:com.thundercomm.screensaver/dream U=0 visible=false mode=fullscreen translucent=true sz=0 visible freeform task=true rootAffinity=1000:android:com.thundercomm.screensaver/dream isMini=false}]
10-19 02:08:47.692 1546 2100 I wm_task_removed: [68,removeChild]
10-19 02:08:47.693 1546 2100 D FreeFormWindowHelper: handleFreeformTask : Task{63838d8 #1 type=home ?? U=0 visible=true mode=fullscreen translucent=false sz=1 visible freeform task=true rootAffinity=null isMini=false}
10-19 02:08:47.693 1546 2100 D FreeFormWindowHelper: mFreeFormTask : null
10-19 02:08:47.693 1546 2100 D FreeFormWindowHelper: mInRecent : false
10-19 02:08:47.693 1546 2100 D FreeFormWindowHelper:
10-19 02:08:47.694 1546 1623 W ActivityTaskManager: Can't find TaskDisplayArea to determine support for multi window. Task id=68 attached=false
10-19 02:08:47.696 1546 1642 I libprocessgroup: Successfully killed process cgroup uid 10096 pid 4287 in 5ms
10-19 02:08:47.711 671 671 I Zygote : Process 4287 exited due to signal 9 (Killed)
10-19 02:08:47.711 1546 3322 I am_proc_died: [0,4287,com.android.permissioncontroller,905,19]
10-19 02:08:47.712 1546 3322 I am_uid_stopped: 10096
10-19 02:08:47.720 1546 1623 W Choreographer: Frame time is 0.066004 ms in the future! Check that graphics HAL is generating vsync timestamps using the correct timebase.
10-19 02:08:47.745 651 666 I mpu_uart: [MSG-P:RECV]:No message received in 1000 ms
10-19 02:08:47.898 2051 4010 V GameMode_GpuUtils: fps:60
10-19 02:08:47.908 4310 4310 V DreamService[SystemDream]: wakeUp(): fromSystem=true, mWaking=true, mFinished=true
10-19 02:08:47.908 4310 4310 V DreamService[SystemDream]: Dream not started
10-19 02:08:48.430 1546 1799 I InputDispatcher: Check touch window: [window]=81c89eb com.android.launcher3/com.android.launcher3.uioverrides.QuickstepLauncher , [pause]=0 , [needIntercept]=0
10-19 02:08:48.430 1546 1799 I input_interaction: Interaction with: 81c89eb com.android.launcher3/com.android.launcher3.uioverrides.QuickstepLauncher (server), f79917f com.android.systemui.ImageWallpaper (server), edge-swipe (server), swipe-up (server), PointerEventDispatcher0 (server),
10-19 02:08:48.431 1546 1799 D PowerManagerService: userActivityNoUpdateLocked: groupId=0, eventTime=86777, event=2, flags=0x0, uid=1000
10-19 02:08:48.431 1546 1799 D PowerManagerNotifier: onUserActivity: event=2, uid=1000
10-19 02:08:48.431 1546 1799 D PowerManagerService: updateUserActivitySummaryLocked: groupId=0, mWakefulness=Awake, mUserActivitySummary=0x1, nextTimeout=146777 (in 59997 ms)
10-19 02:08:48.431 1546 1799 D PowerManagerNotifier: onScreenPolicyUpdate: newPolicy=3
10-19 02:08:48.431 1889 1889 D ViewTouchDebug: mView : com.android.systemui.navigationbar.NavigationBarFrame{fa2d406 V.E...... ........ 0,0-2380,46 #7f0b03f4 app:id/navigation_bar_frame}Receive event : MotionEvent { action=ACTION_OUTSIDE, actionButton=0, id[0]=0, x[0]=0.0, y[0]=-974.0, toolType[0]=TOOL_TYPE_FINGER, buttonState=0, classification=NONE, metaState=0, flags=0x0, edgeFlags=0x0, pointerCount=1, historySize=0, eventTime=86777, downTime=86777, deviceId=4, source=0x5002, displayId=0, eventId=1737190458 }
10-19 02:08:48.432 1546 1799 D PowerManagerService: updateDisplayPowerStateLocked: displayReady=true, groupId=0, policy=BRIGHT, mWakefulness=Awake, mWakeLockSummary=0x0, mUserActivitySummary=0x1, mBootCompleted=true, screenBrightnessOverride=NaN, useAutoBrightness=true, mScreenBrightnessBoostInProgress=false, mIsVrModeEnabled= false, sQuiescent=false
10-19 02:08:48.432 2557 2557 D ViewTouchDebug: mView : DecorView@53a5678[QuickstepLauncher]Receive event : MotionEvent { action=ACTION_DOWN, actionButton=0, id[0]=0, x[0]=1352.0, y[0]=533.0, toolType[0]=TOOL_TYPE_FINGER, buttonState=0, classification=NONE, metaState=0, flags=0x0, edgeFlags=0x0, pointerCount=1, historySize=0, eventTime=86777, downTime=86777, deviceId=4, source=0x5002, displayId=0, eventId=962237438 }
10-19 02:08:48.433 1889 1889 D NoBackGesture: Start gesture: MotionEvent { action=ACTION_DOWN, actionButton=0, id[0]=0, x[0]=1352.0, y[0]=533.0, toolType[0]=TOOL_TYPE_FINGER, buttonState=0, classification=NONE, metaState=0, flags=0x0, edgeFlags=0x0, pointerCount=1, historySize=0, eventTime=86777, downTime=86777, deviceId=4, source=0x5002, displayId=0, eventId=962237438 } mSysUiFlags=131072 region=Rect(0, 36 - 2380, 1020)
10-19 02:08:48.434 1889 1889 D NoBackGesture: Gesture [1697652528434,alw=FALSE,FALSE,TRUE,FALSE,disp=Point(2380, 1020),wl=45,il=0,wr=45,ir=0,excl=SkRegion((0,36,2380,1020))]
10-19 02:08:48.438 2557 2557 D TouchInteractionService: onInputEvent mUncheckedConsumer = com.android.quickstep.InputConsumer$$ExternalSyntheticLambda0@4bdfc5d
10-19 02:08:48.524 2557 2557 D ViewTouchDebug: mView : DecorView@53a5678[QuickstepLauncher]Receive event : MotionEvent { action=ACTION_UP, actionButton=0, id[0]=0, x[0]=1352.0, y[0]=533.0, toolType[0]=TOOL_TYPE_FINGER, buttonState=0, classification=NONE, metaState=0, flags=0x0, edgeFlags=0x0, pointerCount=1, historySize=0, eventTime=86870, downTime=86777, deviceId=4, source=0x5002, displayId=0, eventId=496823221 }
10-19 02:08:48.544 2557 2557 D FreeWindowHelper: setExitFlag: old=0,new=1
10-19 02:08:48.545 1546 3322 I thunderperf: Maybe need boostperf for current app!
10-19 02:08:48.547 1546 3322 I ThunderPerfManager: Start bindService: PERF_SERVICE=com.thundercomm.gamemode.perfservice service=android.os.BinderProxy@de25ca1
10-19 02:08:48.548 2051 2140 D FgBoostPerfService: [FgBoostPerfService.perfBoostAcq]start: stat=true pkgName=com.tencent.mm
10-19 02:08:48.550 2051 2140 I FgBoostPerfService: [FgBoostPerfService.perfBoostAcq] not game-mode or game app!
10-19 02:08:48.550 1546 3322 I ThunderPerfManager: PerfAcq error : state=true pkgName=com.tencent.mm
10-19 02:08:48.551 2051 2140 I FgBoostPerfService: [GetGpuMode] isMode=1 isGame=false mGpuMode=1
10-19 02:08:48.552 2051 2140 I FgBoostPerfService: [GetGpuDpiType] isMode=1 isGame=false mGpuDpiType=0
10-19 02:08:48.552 2051 2140 I FgBoostPerfService: [GetGpuDpiType] isMode=1 isGame=false mGpuStandardValue=0
10-19 02:08:48.553 1546 3322 I thunderperf: Current app pkgName=com.tencent.mm bm:com.thundercomm.perf.BoostPerfManager@720aec6 gpuMode=-1 gpuType=-1 gpuStandardVal=-1
10-19 02:08:48.554 1546 3322 I ThunderBoostPerfService: Resolution: Uid=10076 Pid=2557 gMode=-1 dType=-1 gpuStandardVal=-1
10-19 02:08:48.554 1546 3322 I thunderperf: PlatormCompat.setOverrides: Uid1=10076 Pid1=2557 Uid2=10076 Pid2=2557
10-19 02:08:48.554 1546 3322 I thunderperf: PlatormCompat.setOverrides: needCheck:false
10-19 02:08:48.554 1546 3322 I thunderperf: CompatConfig.addOverrideUnsafe: bef-state=1
10-19 02:08:48.555 1546 3322 I thunderperf: CompatConfig.addOverrideUnsafe: aft-state=0
10-19 02:08:48.556 1546 3322 I thunderperf: CompatConfig.addOverrideUnsafe: bef-state=1
10-19 02:08:48.556 1546 3322 I thunderperf: CompatConfig.addOverrideUnsafe: aft-state=0
10-19 02:08:48.556 1546 3322 I thunderperf: CompatConfig.addOverrideUnsafe: bef-state=1
10-19 02:08:48.557 1546 3322 I thunderperf: CompatConfig.addOverrideUnsafe: aft-state=0
10-19 02:08:48.557 1546 3322 I thunderperf: CompatConfig.addOverrideUnsafe: bef-state=1
10-19 02:08:48.557 1546 3322 I thunderperf: CompatConfig.addOverrideUnsafe: aft-state=0
10-19 02:08:48.558 1546 3322 I thunderperf: CompatConfig.addOverrideUnsafe: bef-state=1
10-19 02:08:48.558 1546 3322 I thunderperf: CompatConfig.addOverrideUnsafe: aft-state=0
10-19 02:08:48.559 1546 3322 I thunderperf: CompatConfig.addOverrideUnsafe: bef-state=1
10-19 02:08:48.559 1546 3322 I thunderperf: CompatConfig.addOverrideUnsafe: aft-state=0
10-19 02:08:48.559 1546 3322 I thunderperf: CompatConfig.addOverrideUnsafe: bef-state=1
10-19 02:08:48.560 1546 3322 I thunderperf: CompatConfig.addOverrideUnsafe: aft-state=0
10-19 02:08:48.560 1546 3322 I thunderperf: CompatConfig.addOverrideUnsafe: bef-state=1
10-19 02:08:48.560 1546 3322 I thunderperf: CompatConfig.addOverrideUnsafe: aft-state=0
10-19 02:08:48.561 1546 3322 I thunderperf: CompatConfig.addOverrideUnsafe: bef-state=1
10-19 02:08:48.561 1546 3322 I thunderperf: CompatConfig.addOverrideUnsafe: aft-state=0
10-19 02:08:48.562 1546 3322 I thunderperf: CompatConfig.addOverrideUnsafe: bef-state=1
10-19 02:08:48.562 1546 3322 I thunderperf: CompatConfig.addOverrideUnsafe: aft-state=0
10-19 02:08:48.563 1546 3322 I thunderperf: CompatConfig.addOverrideUnsafe: bef-state=1
10-19 02:08:48.563 1546 3322 I thunderperf: CompatConfig.addOverrideUnsafe: aft-state=0
10-19 02:08:48.564 1546 3322 I thunderperf: CompatConfig.addOverrideUnsafe: bef-state=1
10-19 02:08:48.564 1546 3322 I thunderperf: CompatConfig.addOverrideUnsafe: aft-state=0
10-19 02:08:48.564 1546 3322 I thunderperf: CompatConfig.addOverrideUnsafe: bef-state=1
10-19 02:08:48.565 1546 3322 I thunderperf: CompatConfig.addOverrideUnsafe: aft-state=0
10-19 02:08:48.565 1546 3322 I thunderperf: CompatConfig.addOverrideUnsafe: bef-state=1
